Apr 26 08:50:08 ICTM1612S02H1 kernel: sd 21:0:0:141: Attached scsi generic sg131 type 0
Apr 26 08:50:08 ICTM1612S02H1 kernel: sd 18:0:0:17: [sddr] Write cache: enabled, read cache: enabled, supports DPO and FUA
Apr 26 08:50:08 ICTM1612S02H1 kernel: sd 23:0:0:143: [sddq] Write cache: enabled, read cache: enabled, supports DPO and FUA
Apr 26 08:50:08 ICTM1612S02H1 kernel: scsi 17:0:0:17: Direct-Access NETAPP INF-01-00 9820 PQ: 0 ANSI: 5
Apr 26 08:50:08 ICTM1612S02H1 kernel: sd 19:0:0:15: [sddp] Write cache: enabled, read cache: enabled, supports DPO and FUA
Apr 26 08:50:08 ICTM1612S02H1 kernel: sd 17:0:0:16: [sddv] Write Protect is off
Apr 26 08:50:08 ICTM1612S02H1 kernel: sd 17:0:0:16: [sddv] Mode Sense: 83 00 10 08
Apr 26 08:50:08 ICTM1612S02H1 kernel: sd 16:0:0:18: [sddw] 4194304 512-byte logical blocks: (2.15 GB/2.00 GiB)
Apr 26 08:50:08 ICTM1612S02H1 kernel: scsi 20:0:0:144: Direct-Access NETAPP INF-01-00 9825 PQ: 0 ANSI: 5
Apr 26 08:50:08 ICTM1612S02H1 kernel: sd 18:0:0:18: [sddx] 4194304 512-byte logical blocks: (2.15 GB/2.00 GiB)
Apr 26 08:50:08 ICTM1612S02H1 kernel: scsi 21:0:0:142: Direct-Access NETAPP INF-01-00 9825 PQ: 0 ANSI: 5
Apr 26 08:50:08 ICTM1612S02H1 kernel: sd 20:0:0:143: [sddu] Write Protect is off
Apr 26 08:50:08 ICTM1612S02H1 kernel: sd 20:0:0:143: [sddu] Mode Sense: 83 00 10 08
Apr 26 08:50:08 ICTM1612S02H1 kernel: sd 22:0:0:146: [sddy] 4194304 512-byte logical blocks: (2.15 GB/2.00 GiB)
Apr 26 08:50:08 ICTM1612S02H1 kernel: sd 16:0:0:15: [sddc] Attached SCSI disk
Apr 26 08:50:08 ICTM1612S02H1 kernel: sd 18:0:0:15: [sddd] Attached SCSI disk
Apr 26 08:50:08 ICTM1612S02H1 kernel: sd 16:0:0:18: rdac: LUN 18 (IOSHIP) (owned)
Apr 26 08:50:08 ICTM1612S02H1 kernel: sd 17:0:0:16: [sddv] Write cache: enabled, read cache: enabled, supports DPO and FUA
Apr 26 08:50:08 ICTM1612S02H1 kernel: sd 16:0:0:18: Attached scsi generic sg132 type 0
Apr 26 08:50:08 ICTM1612S02H1 kernel: sd 18:0:0:18: rdac: LUN 18 (IOSHIP) (unowned)
Apr 26 08:50:08 ICTM1612S02H1 kernel: sd 19:0:0:16: [sddz] 4194304 512-byte logical blocks: (2.15 GB/2.00 GiB)
Apr 26 08:50:08 ICTM1612S02H1 kernel: sd 18:0:0:18: Attached scsi generic sg133 type 0
Apr 26 08:50:08 ICTM1612S02H1 kernel: sd 21:0:0:141: [sddt] Write Protect is off
Apr 26 08:50:08 ICTM1612S02H1 kernel: sd 21:0:0:141: [sddt] Mode Sense: 83 00 10 08
Apr 26 08:50:08 ICTM1612S02H1 kernel: sd 23:0:0:144: [sdea] 4194304 512-byte logical blocks: (2.15 GB/2.00 GiB)
Apr 26 08:50:08 ICTM1612S02H1 kernel: sd 22:0:0:146: rdac: LUN 146 (IOSHIP) (owned)
Apr 26 08:50:08 ICTM1612S02H1 kernel: sd 22:0:0:146: Attached scsi generic sg134 type 0
Apr 26 08:50:08 ICTM1612S02H1 kernel: sd 20:0:0:143: [sddu] Write cache: enabled, read cache: enabled, supports DPO and FUA
Apr 26 08:50:08 ICTM1612S02H1 kernel: sd 19:0:0:16: rdac: LUN 16 (IOSHIP) (owned)
Apr 26 08:50:08 ICTM1612S02H1 kernel: sd 19:0:0:16: Attached scsi generic sg135 type 0
Apr 26 08:50:08 ICTM1612S02H1 kernel: sd 20:0:0:140: [sdcx] Attached SCSI disk
Apr 26 08:50:08 ICTM1612S02H1 kernel: scsi 16:0:0:19: Direct-Access NETAPP INF-01-00 9820 PQ: 0 ANSI: 5
Apr 26 08:50:08 ICTM1612S02H1 kernel: scsi 18:0:0:19: Direct-Access NETAPP INF-01-00 9820 PQ: 0 ANSI: 5
Apr 26 08:50:08 ICTM1612S02H1 kernel: sd 23:0:0:144: rdac: LUN 144 (IOSHIP) (owned)
Apr 26 08:50:08 ICTM1612S02H1 kernel: sd 23:0:0:144: Attached scsi generic sg136 type 0
Apr 26 08:50:08 ICTM1612S02H1 kernel: sd 16:0:0:18: [sddw] Write Protect is off
Apr 26 08:50:08 ICTM1612S02H1 kernel: sd 18:0:0:18: [sddx] Write Protect is off
Apr 26 08:50:08 ICTM1612S02H1 kernel: sd 16:0:0:18: [sddw] Mode Sense: 83 00 10 08
Apr 26 08:50:08 ICTM1612S02H1 kernel: sd 18:0:0:18: [sddx] Mode Sense: 83 00 10 08
Apr 26 08:50:08 ICTM1612S02H1 kernel: scsi 22:0:0:147: Direct-Access NETAPP INF-01-00 9825 PQ: 0 ANSI: 5
Apr 26 08:50:08 ICTM1612S02H1 kernel: sd 21:0:0:141: [sddt] Write cache: enabled, read cache: enabled, supports DPO and FUA
Apr 26 08:50:08 ICTM1612S02H1 kernel: sd 17:0:0:17: [sdeb] 4194304 512-byte logical blocks: (2.15 GB/2.00 GiB)
Apr 26 08:50:08 ICTM1612S02H1 kernel: sd 22:0:0:146: [sddy] Write Protect is off
Apr 26 08:50:08 ICTM1612S02H1 kernel: sd 22:0:0:146: [sddy] Mode Sense: 83 00 10 08
Apr 26 08:50:08 ICTM1612S02H1 kernel: sd 19:0:0:13: [sdcz] Attached SCSI disk
Apr 26 08:50:08 ICTM1612S02H1 kernel: sd 21:0:0:138: [sdcs] Attached SCSI disk
Apr 26 08:50:08 ICTM1612S02H1 kernel: scsi 19:0:0:17: Direct-Access NETAPP INF-01-00 9820 PQ: 0 ANSI: 5
Apr 26 08:50:08 ICTM1612S02H1 kernel: sd 20:0:0:144: [sdec] 4194304 512-byte logical blocks: (2.15 GB/2.00 GiB)
Apr 26 08:50:08 ICTM1612S02H1 kernel: sd 16:0:0:18: [sddw] Write cache: enabled, read cache: enabled, supports DPO and FUA
Apr 26 08:50:08 ICTM1612S02H1 kernel: sd 18:0:0:18: [sddx] Write cache: enabled, read cache: enabled, supports DPO and FUA
Apr 26 08:50:08 ICTM1612S02H1 kernel: sd 20:0:0:141: [sddf] Attached SCSI disk
Apr 26 08:50:08 ICTM1612S02H1 kernel: sd 17:0:0:17: rdac: LUN 17 (IOSHIP) (owned)
Apr 26 08:50:08 ICTM1612S02H1 kernel: scsi 23:0:0:145: Direct-Access NETAPP INF-01-00 9825 PQ: 0 ANSI: 5
Apr 26 08:50:08 ICTM1612S02H1 kernel: sd 17:0:0:17: Attached scsi generic sg137 type 0
Apr 26 08:50:08 ICTM1612S02H1 kernel: sd 22:0:0:146: [sddy] Write cache: enabled, read cache: enabled, supports DPO and FUA
Apr 26 08:50:08 ICTM1612S02H1 kernel: sd 20:0:0:144: rdac: LUN 144 (IOSHIP) (unowned)
Apr 26 08:50:08 ICTM1612S02H1 kernel: sd 21:0:0:142: [sded] 4194304 512-byte logical blocks: (2.15 GB/2.00 GiB)
Apr 26 08:50:08 ICTM1612S02H1 kernel: sd 19:0:0:16: [sddz] Write Protect is off
Apr 26 08:50:08 ICTM1612S02H1 kernel: sd 19:0:0:16: [sddz] Mode Sense: 83 00 10 08
Apr 26 08:50:08 ICTM1612S02H1 kernel: sd 21:0:0:139: [sddb] Attached SCSI disk
Apr 26 08:50:08 ICTM1612S02H1 kernel: sd 20:0:0:144: Attached scsi generic sg138 type 0
Apr 26 08:50:08 ICTM1612S02H1 kernel: sd 17:0:0:14: [sdde] Attached SCSI disk
Apr 26 08:50:08 ICTM1612S02H1 kernel: sd 23:0:0:144: [sdea] Write Protect is off
Apr 26 08:50:08 ICTM1612S02H1 kernel: sd 23:0:0:144: [sdea] Mode Sense: 83 00 10 08
Apr 26 08:50:08 ICTM1612S02H1 kernel: sd 16:0:0:16: [sddj] Attached SCSI disk
Apr 26 08:50:08 ICTM1612S02H1 kernel: sd 21:0:0:142: rdac: LUN 142 (IOSHIP) (unowned)
Apr 26 08:50:08 ICTM1612S02H1 kernel: sd 21:0:0:142: Attached scsi generic sg139 type 0
Apr 26 08:50:08 ICTM1612S02H1 kernel: sd 18:0:0:19: [sdef] 4194304 512-byte logical blocks: (2.15 GB/2.00 GiB)
Apr 26 08:50:08 ICTM1612S02H1 kernel: sd 16:0:0:19: [sdee] 4194304 512-byte logical blocks: (2.15 GB/2.00 GiB)
Apr 26 08:50:08 ICTM1612S02H1 kernel: scsi 20:0:0:145: Direct-Access NETAPP INF-01-00 9825 PQ: 0 ANSI: 5
Apr 26 08:50:08 ICTM1612S02H1 kernel: sd 19:0:0:16: [sddz] Write cache: enabled, read cache: enabled, supports DPO and FUA
Apr 26 08:50:08 ICTM1612S02H1 kernel: sd 20:0:0:144: [sdec] Write Protect is off
Apr 26 08:50:08 ICTM1612S02H1 kernel: sd 20:0:0:144: [sdec] Mode Sense: 83 00 10 08
Apr 26 08:50:08 ICTM1612S02H1 kernel: scsi 17:0:0:18: Direct-Access NETAPP INF-01-00 9820 PQ: 0 ANSI: 5
Apr 26 08:50:08 ICTM1612S02H1 kernel: sd 23:0:0:144: [sdea] Write cache: enabled, read cache: enabled, supports DPO and FUA
Apr 26 08:50:08 ICTM1612S02H1 kernel: sd 16:0:0:19: rdac: LUN 19 (IOSHIP) (unowned)
Apr 26 08:50:08 ICTM1612S02H1 kernel: sd 16:0:0:19: Attached scsi generic sg140 type 0
Apr 26 08:50:08 ICTM1612S02H1 kernel: sd 17:0:0:17: [sdeb] Write Protect is off
Apr 26 08:50:08 ICTM1612S02H1 kernel: sd 17:0:0:17: [sdeb] Mode Sense: 83 00 10 08
Apr 26 08:50:08 ICTM1612S02H1 kernel: sd 18:0:0:19: rdac: LUN 19 (IOSHIP) (owned)
Apr 26 08:50:08 ICTM1612S02H1 kernel: sd 22:0:0:143: [sdda] Attached SCSI disk
Apr 26 08:50:08 ICTM1612S02H1 kernel: sd 18:0:0:19: Attached scsi generic sg141 type 0
Apr 26 08:50:08 ICTM1612S02H1 kernel: scsi 21:0:0:143: Direct-Access NETAPP INF-01-00 9825 PQ: 0 ANSI: 5
Apr 26 08:50:08 ICTM1612S02H1 kernel: sd 20:0:0:144: [sdec] Write cache: enabled, read cache: enabled, supports DPO and FUA
Apr 26 08:50:08 ICTM1612S02H1 kernel: sd 22:0:0:147: [sdeg] 4194304 512-byte logical blocks: (2.15 GB/2.00 GiB)
Apr 26 08:50:08 ICTM1612S02H1 kernel: sd 18:0:0:16: [sddk] Attached SCSI disk
Apr 26 08:50:08 ICTM1612S02H1 kernel: sd 22:0:0:144: [sddi] Attached SCSI disk
Apr 26 08:50:08 ICTM1612S02H1 kernel: sd 21:0:0:142: [sded] Write Protect is off
Apr 26 08:50:08 ICTM1612S02H1 kernel: sd 21:0:0:142: [sded] Mode Sense: 83 00 10 08
Apr 26 08:50:08 ICTM1612S02H1 kernel: sd 23:0:0:141: [sdcy] Attached SCSI disk
Apr 26 08:50:08 ICTM1612S02H1 kernel: sd 19:0:0:17: [sdeh] 4194304 512-byte logical blocks: (2.15 GB/2.00 GiB)
Apr 26 08:50:08 ICTM1612S02H1 kernel: scsi 16:0:0:20: Direct-Access NETAPP INF-01-00 9820 PQ: 0 ANSI: 5
Apr 26 08:50:08 ICTM1612S02H1 kernel: sd 17:0:0:17: [sdeb] Write cache: enabled, read cache: enabled, supports DPO and FUA
Apr 26 08:50:08 ICTM1612S02H1 kernel: sd 22:0:0:147: rdac: LUN 147 (IOSHIP) (unowned)
Apr 26 08:50:08 ICTM1612S02H1 kernel: scsi 18:0:0:20: Direct-Access NETAPP INF-01-00 9820 PQ: 0 ANSI: 5
Apr 26 08:50:08 ICTM1612S02H1 kernel: sd 22:0:0:147: Attached scsi generic sg142 type 0
Apr 26 08:50:08 ICTM1612S02H1 kernel: sd 16:0:0:19: [sdee] Write Protect is off
Apr 26 08:50:08 ICTM1612S02H1 kernel: sd 16:0:0:19: [sdee] Mode Sense: 83 00 10 08
Apr 26 08:50:08 ICTM1612S02H1 kernel: sd 19:0:0:14: [sddh] Attached SCSI disk
Apr 26 08:50:08 ICTM1612S02H1 kernel: sd 19:0:0:17: rdac: LUN 17 (IOSHIP) (unowned)
Apr 26 08:50:08 ICTM1612S02H1 kernel: sd 19:0:0:17: Attached scsi generic sg143 type 0
Apr 26 08:50:08 ICTM1612S02H1 kernel: sd 23:0:0:145: [sdei] 4194304 512-byte logical blocks: (2.15 GB/2.00 GiB)
Apr 26 08:50:08 ICTM1612S02H1 kernel: sd 21:0:0:142: [sded] Write cache: enabled, read cache: enabled, supports DPO and FUA
Apr 26 08:50:08 ICTM1612S02H1 kernel: sd 23:0:0:142: [sddg] Attached SCSI disk
Apr 26 08:50:08 ICTM1612S02H1 kernel: sd 18:0:0:19: [sdef] Write Protect is off
Apr 26 08:50:08 ICTM1612S02H1 kernel: sd 18:0:0:19: [sdef] Mode Sense: 83 00 10 08
Apr 26 08:50:08 ICTM1612S02H1 kernel: sd 23:0:0:145: rdac: LUN 145 (IOSHIP) (unowned)
Apr 26 08:50:08 ICTM1612S02H1 kernel: sd 20:0:0:145: [sdej] 4194304 512-byte logical blocks: (2.15 GB/2.00 GiB)
Apr 26 08:50:08 ICTM1612S02H1 kernel: scsi 22:0:0:148: Direct-Access NETAPP INF-01-00 9825 PQ: 0 ANSI: 5
Apr 26 08:50:08 ICTM1612S02H1 kernel: sd 16:0:0:19: [sdee] Write cache: enabled, read cache: enabled, supports DPO and FUA
Apr 26 08:50:08 ICTM1612S02H1 kernel: sd 23:0:0:145: Attached scsi generic sg144 type 0
Apr 26 08:50:08 ICTM1612S02H1 kernel: sd 17:0:0:18: [sdek] 4194304 512-byte logical blocks: (2.15 GB/2.00 GiB)
Apr 26 08:50:08 ICTM1612S02H1 kernel: sd 22:0:0:147: [sdeg] Write Protect is off
Apr 26 08:50:08 ICTM1612S02H1 kernel: sd 22:0:0:147: [sdeg] Mode Sense: 83 00 10 08
Apr 26 08:50:08 ICTM1612S02H1 kernel: sd 18:0:0:19: [sdef] Write cache: enabled, read cache: enabled, supports DPO and FUA
Apr 26 08:50:08 ICTM1612S02H1 kernel: scsi 19:0:0:18: Direct-Access NETAPP INF-01-00 9820 PQ: 0 ANSI: 5
Apr 26 08:50:08 ICTM1612S02H1 kernel: sd 20:0:0:145: rdac: LUN 145 (IOSHIP) (owned)
Apr 26 08:50:08 ICTM1612S02H1 kernel: sd 20:0:0:145: Attached scsi generic sg145 type 0
Apr 26 08:50:08 ICTM1612S02H1 kernel: sd 17:0:0:18: rdac: LUN 18 (IOSHIP) (unowned)
Apr 26 08:50:08 ICTM1612S02H1 kernel: scsi 23:0:0:146: Direct-Access NETAPP INF-01-00 9825 PQ: 0 ANSI: 5
Apr 26 08:50:08 ICTM1612S02H1 kernel: sd 22:0:0:147: [sdeg] Write cache: enabled, read cache: enabled, supports DPO and FUA
Apr 26 08:50:08 ICTM1612S02H1 kernel: sd 19:0:0:17: [sdeh] Write Protect is off
Apr 26 08:50:08 ICTM1612S02H1 kernel: sd 19:0:0:17: [sdeh] Mode Sense: 83 00 10 08
Apr 26 08:50:08 ICTM1612S02H1 kernel: sd 17:0:0:18: Attached scsi generic sg146 type 0
Apr 26 08:50:08 ICTM1612S02H1 kernel: sd 16:0:0:20: [sdem] 4194304 512-byte logical blocks: (2.15 GB/2.00 GiB)
Apr 26 08:50:08 ICTM1612S02H1 kernel: sd 17:0:0:15: [sddm] Attached SCSI disk
Apr 26 08:50:08 ICTM1612S02H1 kernel: sd 18:0:0:20: [sden] 4194304 512-byte logical blocks: (2.15 GB/2.00 GiB)
Apr 26 08:50:08 ICTM1612S02H1 kernel: sd 21:0:0:143: [sdel] 4194304 512-byte logical blocks: (2.15 GB/2.00 GiB)
Apr 26 08:50:08 ICTM1612S02H1 kernel: sd 23:0:0:145: [sdei] Write Protect is off
Apr 26 08:50:08 ICTM1612S02H1 kernel: sd 23:0:0:145: [sdei] Mode Sense: 83 00 10 08
Apr 26 08:50:08 ICTM1612S02H1 kernel: sd 18:0:0:17: [sddr] Attached SCSI disk
Apr 26 08:50:08 ICTM1612S02H1 kernel: scsi 20:0:0:146: Direct-Access NETAPP INF-01-00 9825 PQ: 0 ANSI: 5
Apr 26 08:50:08 ICTM1612S02H1 kernel: sd 21:0:0:143: rdac: LUN 143 (IOSHIP) (owned)
Apr 26 08:50:08 ICTM1612S02H1 kernel: sd 21:0:0:143: Attached scsi generic sg147 type 0
Apr 26 08:50:08 ICTM1612S02H1 kernel: sd 20:0:0:145: [sdej] Write Protect is off
Apr 26 08:50:08 ICTM1612S02H1 kernel: sd 20:0:0:145: [sdej] Mode Sense: 83 00 10 08
Apr 26 08:50:08 ICTM1612S02H1 kernel: sd 22:0:0:148: [sdeo] 4194304 512-byte logical blocks: (2.15 GB/2.00 GiB)
Apr 26 08:50:08 ICTM1612S02H1 kernel: sd 23:0:0:145: [sdei] Write cache: enabled, read cache: enabled, supports DPO and FUA
Apr 26 08:50:08 ICTM1612S02H1 kernel: sd 22:0:0:148: rdac: LUN 148 (IOSHIP) (owned)
Apr 26 08:50:08 ICTM1612S02H1 kernel: sd 22:0:0:148: Attached scsi generic sg148 type 0
Apr 26 08:50:08 ICTM1612S02H1 kernel: sd 20:0:0:145: [sdej] Write cache: enabled, read cache: enabled, supports DPO and FUA
Apr 26 08:50:08 ICTM1612S02H1 kernel: sd 19:0:0:17: [sdeh] Write cache: enabled, read cache: enabled, supports DPO and FUA
Apr 26 08:50:08 ICTM1612S02H1 kernel: sd 16:0:0:20: rdac: LUN 20 (IOSHIP) (owned)
Apr 26 08:50:08 ICTM1612S02H1 kernel: scsi 21:0:0:144: Direct-Access NETAPP INF-01-00 9825 PQ: 0 ANSI: 5
Apr 26 08:50:08 ICTM1612S02H1 kernel: sd 16:0:0:20: Attached scsi generic sg149 type 0
Apr 26 08:50:08 ICTM1612S02H1 kernel: sd 18:0:0:20: rdac: LUN 20 (IOSHIP) (unowned)
Apr 26 08:50:08 ICTM1612S02H1 kernel: sd 18:0:0:20: Attached scsi generic sg150 type 0
Apr 26 08:50:08 ICTM1612S02H1 kernel: sd 23:0:0:146: [sdep] 4194304 512-byte logical blocks: (2.15 GB/2.00 GiB)
Apr 26 08:50:08 ICTM1612S02H1 kernel: scsi 17:0:0:19: Direct-Access NETAPP INF-01-00 9820 PQ: 0 ANSI: 5
Apr 26 08:50:08 ICTM1612S02H1 kernel: sd 16:0:0:17: [sddo] Attached SCSI disk
Apr 26 08:50:08 ICTM1612S02H1 kernel: sd 20:0:0:142: [sddn] Attached SCSI disk
Apr 26 08:50:08 ICTM1612S02H1 kernel: scsi 22:0:0:149: Direct-Access NETAPP INF-01-00 9825 PQ: 0 ANSI: 5
Apr 26 08:50:08 ICTM1612S02H1 systemd-udevd[3327]: value '[dmi/id]sys_vendor' is 'Dell Inc.'
Apr 26 08:50:08 ICTM1612S02H1 systemd-udevd[3332]: value '[dmi/id]sys_vendor' is 'Dell Inc.'
Apr 26 08:50:08 ICTM1612S02H1 systemd-udevd[3337]: value '[dmi/id]sys_vendor' is 'Dell Inc.'
Apr 26 08:50:08 ICTM1612S02H1 systemd-udevd[3331]: value '[dmi/id]sys_vendor' is 'Dell Inc.'
Apr 26 08:50:08 ICTM1612S02H1 systemd-udevd[3328]: value '[dmi/id]sys_vendor' is 'Dell Inc.'
Apr 26 08:50:08 ICTM1612S02H1 systemd-udevd[3330]: value '[dmi/id]sys_vendor' is 'Dell Inc.'
Apr 26 08:50:08 ICTM1612S02H1 systemd-udevd[1562]: seq 4533 forked new worker [3355]
Apr 26 08:50:08 ICTM1612S02H1 systemd-udevd[3319]: value '[dmi/id]sys_vendor' is 'Dell Inc.'
Apr 26 08:50:08 ICTM1612S02H1 systemd-udevd[3344]: value '[dmi/id]sys_vendor' is 'Dell Inc.'
Apr 26 08:50:08 ICTM1612S02H1 systemd-udevd[3337]: value '[dmi/id]sys_vendor' is 'Dell Inc.'
Apr 26 08:50:08 ICTM1612S02H1 systemd-udevd[3332]: value '[dmi/id]sys_vendor' is 'Dell Inc.'
Apr 26 08:50:08 ICTM1612S02H1 systemd-udevd[1562]: seq 4536 forked new worker [3356]
Apr 26 08:50:08 ICTM1612S02H1 systemd-udevd[3319]: value '[dmi/id]sys_vendor' is 'Dell Inc.'
Apr 26 08:50:08 ICTM1612S02H1 systemd-udevd[3355]: seq 4533 running
Apr 26 08:50:08 ICTM1612S02H1 systemd-udevd[1562]: seq 4541 queued, 'add' 'scsi'
Apr 26 08:50:08 ICTM1612S02H1 systemd-udevd[3328]: value '[dmi/id]sys_vendor' is 'Dell Inc.'
Apr 26 08:50:08 ICTM1612S02H1 systemd-udevd[3344]: value '[dmi/id]sys_vendor' is 'Dell Inc.'
Apr 26 08:50:08 ICTM1612S02H1 systemd-udevd[3331]: value '[dmi/id]sys_vendor' is 'Dell Inc.'
Apr 26 08:50:08 ICTM1612S02H1 systemd-udevd[3356]: seq 4536 running
Apr 26 08:50:08 ICTM1612S02H1 systemd-udevd[1562]: seq 4541 forked new worker [3357]
Apr 26 08:50:08 ICTM1612S02H1 systemd-udevd[3330]: value '[dmi/id]sys_vendor' is 'Dell Inc.'
Apr 26 08:50:08 ICTM1612S02H1 systemd-udevd[1562]: passed 193 byte device to netlink monitor 0x55efe9ce9f20
Apr 26 08:50:08 ICTM1612S02H1 systemd-udevd[3326]: seq 4534 running
Apr 26 08:50:08 ICTM1612S02H1 systemd-udevd[1562]: seq 4542 queued, 'add' 'scsi_disk'
Apr 26 08:50:08 ICTM1612S02H1 systemd-udevd[1562]: seq 4543 queued, 'add' 'scsi'
Apr 26 08:50:08 ICTM1612S02H1 systemd-udevd[1562]: passed 210 byte device to netlink monitor 0x55efe9ce9f20
Apr 26 08:50:08 ICTM1612S02H1 systemd-udevd[3334]: seq 4543 running
Apr 26 08:50:08 ICTM1612S02H1 systemd-udevd[1562]: seq 4544 queued, 'add' 'scsi_disk'
Apr 26 08:50:08 ICTM1612S02H1 systemd-udevd[1562]: seq 4545 queued, 'add' 'scsi'
Apr 26 08:50:08 ICTM1612S02H1 systemd-udevd[1562]: passed 212 byte device to netlink monitor 0x55efe9ce9f20
Apr 26 08:50:08 ICTM1612S02H1 systemd-udevd[3321]: seq 4545 running
Apr 26 08:50:08 ICTM1612S02H1 systemd-udevd[1562]: seq 4546 queued, 'add' 'scsi_disk'
Apr 26 08:50:08 ICTM1612S02H1 systemd-udevd[1562]: seq 4547 queued, 'add' 'scsi_device'
Apr 26 08:50:08 ICTM1612S02H1 systemd-udevd[3328]: passed device to netlink monitor 0x55efe9d14240
Apr 26 08:50:08 ICTM1612S02H1 systemd-udevd[3328]: seq 4540 processed
Apr 26 08:50:08 ICTM1612S02H1 systemd-udevd[3355]: value '[dmi/id]sys_vendor' is 'Dell Inc.'
Apr 26 08:50:08 ICTM1612S02H1 systemd-udevd[1562]: seq 4547 forked new worker [3359]
Apr 26 08:50:08 ICTM1612S02H1 systemd-udevd[1562]: seq 4548 queued, 'add' 'scsi_generic'
Apr 26 08:50:08 ICTM1612S02H1 systemd-udevd[1562]: passed 231 byte device to netlink monitor 0x55efe9ce9f20
Apr 26 08:50:08 ICTM1612S02H1 systemd-udevd[3326]: value '[dmi/id]sys_vendor' is 'Dell Inc.'
Apr 26 08:50:08 ICTM1612S02H1 systemd-udevd[3328]: seq 4548 running
Apr 26 08:50:08 ICTM1612S02H1 systemd-udevd[1562]: seq 4549 queued, 'add' 'scsi_device'
Apr 26 08:50:08 ICTM1612S02H1 systemd-udevd[3356]: value '[dmi/id]sys_vendor' is 'Dell Inc.'
Apr 26 08:50:08 ICTM1612S02H1 systemd-udevd[3359]: seq 4547 running
Apr 26 08:50:08 ICTM1612S02H1 systemd-udevd[1562]: seq 4549 forked new worker [3360]
Apr 26 08:50:08 ICTM1612S02H1 systemd-udevd[1562]: seq 4550 queued, 'add' 'bsg'
Apr 26 08:50:08 ICTM1612S02H1 systemd-udevd[3329]: seq 4528 running
Apr 26 08:50:08 ICTM1612S02H1 systemd-udevd[3339]: '/usr/bin/sg_inq --export /dev/sdb'(out) 'SCSI_TPGS=0'
Apr 26 08:50:08 ICTM1612S02H1 systemd-udevd[3339]: '/usr/bin/sg_inq --export /dev/sdb'(out) 'SCSI_TYPE=disk'
Apr 26 08:50:08 ICTM1612S02H1 systemd-udevd[3339]: '/usr/bin/sg_inq --export /dev/sdb'(out) 'SCSI_VENDOR=NETAPP'
Apr 26 08:50:08 ICTM1612S02H1 systemd-udevd[3339]: '/usr/bin/sg_inq --export /dev/sdb'(out) 'SCSI_VENDOR_ENC=NETAPP\x20\x20'
Apr 26 08:50:08 ICTM1612S02H1 systemd-udevd[3339]: '/usr/bin/sg_inq --export /dev/sdb'(out) 'SCSI_MODEL=INF-01-00'
Apr 26 08:50:08 ICTM1612S02H1 systemd-udevd[3339]: '/usr/bin/sg_inq --export /dev/sdb'(out) 'SCSI_MODEL_ENC=INF-01-00\x20\x20\x20\x20\x20\x20\x20'
Apr 26 08:50:08 ICTM1612S02H1 systemd-udevd[3334]: value '[dmi/id]sys_vendor' is 'Dell Inc.'
Apr 26 08:50:08 ICTM1612S02H1 systemd-udevd[3339]: '/usr/bin/sg_inq --export /dev/sdb'(out) 'SCSI_REVISION=9820'
Apr 26 08:50:08 ICTM1612S02H1 systemd-udevd[3326]: value '[dmi/id]sys_vendor' is 'Dell Inc.'
Apr 26 08:50:08 ICTM1612S02H1 systemd-udevd[3339]: Process '/usr/bin/sg_inq --export /dev/sdb' succeeded.
Apr 26 08:50:08 ICTM1612S02H1 systemd-udevd[3339]: IMPORT '/usr/bin/sg_inq --export --page=sn /dev/sdb' /lib/udev/rules.d/55-scsi-sg3_id.rules:19
Apr 26 08:50:08 ICTM1612S02H1 systemd-udevd[3360]: seq 4549 running
Apr 26 08:50:08 ICTM1612S02H1 systemd-udevd[3359]: value '[dmi/id]sys_vendor' is 'Dell Inc.'
Apr 26 08:50:08 ICTM1612S02H1 systemd-udevd[3356]: value '[dmi/id]sys_vendor' is 'Dell Inc.'
Apr 26 08:50:08 ICTM1612S02H1 systemd-udevd[3328]: value '[dmi/id]sys_vendor' is 'Dell Inc.'
Apr 26 08:50:08 ICTM1612S02H1 systemd-udevd[3334]: value '[dmi/id]sys_vendor' is 'Dell Inc.'
Apr 26 08:50:08 ICTM1612S02H1 systemd-udevd[3329]: value '[dmi/id]sys_vendor' is 'Dell Inc.'
Apr 26 08:50:08 ICTM1612S02H1 systemd-udevd[3334]: IMPORT builtin 'hwdb' /lib/udev/rules.d/50-udev-default.rules:15
Apr 26 08:50:08 ICTM1612S02H1 systemd-udevd[3360]: value '[dmi/id]sys_vendor' is 'Dell Inc.'
Apr 26 08:50:08 ICTM1612S02H1 systemd-udevd[3329]: value '[dmi/id]sys_vendor' is 'Dell Inc.'
Apr 26 08:50:08 ICTM1612S02H1 systemd-udevd[3328]: value '[dmi/id]sys_vendor' is 'Dell Inc.'
Apr 26 08:50:08 ICTM1612S02H1 systemd-udevd[3359]: value '[dmi/id]sys_vendor' is 'Dell Inc.'
Apr 26 08:50:08 ICTM1612S02H1 systemd-udevd[3332]: passed device to netlink monitor 0x55efe9cf7970
Apr 26 08:50:08 ICTM1612S02H1 systemd-udevd[3332]: seq 4512 processed
Apr 26 08:50:08 ICTM1612S02H1 systemd-udevd[3319]: GROUP 6 /lib/udev/rules.d/50-udev-default.rules:63
Apr 26 08:50:08 ICTM1612S02H1 systemd-udevd[3360]: value '[dmi/id]sys_vendor' is 'Dell Inc.'
Apr 26 08:50:08 ICTM1612S02H1 systemd-udevd[3344]: passed device to netlink monitor 0x55efe9d53b20
Apr 26 08:50:08 ICTM1612S02H1 systemd-udevd[3344]: seq 4523 processed
Apr 26 08:50:08 ICTM1612S02H1 systemd-udevd[3319]: handling device node '/dev/sg9', devnum=c21:9, mode=0660, uid=0, gid=6
Apr 26 08:50:08 ICTM1612S02H1 systemd-udevd[3319]: set permissions /dev/sg9, 020660, uid=0, gid=6
Apr 26 08:50:08 ICTM1612S02H1 systemd-udevd[3319]: creating symlink '/dev/char/21:9' to '../sg9'
Apr 26 08:50:08 ICTM1612S02H1 systemd-udevd[3319]: created empty file '/run/udev/data/c21:9' for '/devices/platform/host22/session7/target22:0:0/22:0:0:0/scsi_generic/sg9'
Apr 26 08:50:08 ICTM1612S02H1 systemd-udevd[3319]: passed device to netlink monitor 0x55efe9ce9790
Apr 26 08:50:08 ICTM1612S02H1 systemd-udevd[3319]: seq 4524 processed
Apr 26 08:50:08 ICTM1612S02H1 systemd-udevd[3362]: starting '/usr/bin/sg_inq --export --page=sn /dev/sdb'
Apr 26 08:50:08 ICTM1612S02H1 systemd-udevd[3334]: IMPORT builtin 'hwdb' returned non-zero
Apr 26 08:50:08 ICTM1612S02H1 systemd-udevd[3334]: path '[module/sg](null)' is '/sys/module/sg'
Apr 26 08:50:08 ICTM1612S02H1 systemd-udevd[3334]: RUN 'kmod load $env{MODALIAS}' /lib/udev/rules.d/80-drivers.rules:5
Apr 26 08:50:08 ICTM1612S02H1 systemd-udevd[3334]: Execute 'load' 'scsi:t-0x00'
Apr 26 08:50:08 ICTM1612S02H1 systemd-udevd[3334]: No module matches 'scsi:t-0x00'
Apr 26 08:50:08 ICTM1612S02H1 systemd-udevd[3334]: passed device to netlink monitor 0x55efe9d00500
Apr 26 08:50:08 ICTM1612S02H1 systemd-udevd[3334]: seq 4543 processed
Apr 26 08:50:08 ICTM1612S02H1 systemd-udevd[3357]: seq 4541 running
Apr 26 08:50:08 ICTM1612S02H1 systemd-udevd[3356]: passed device to netlink monitor 0x55efe9ceb400
Apr 26 08:50:08 ICTM1612S02H1 systemd-udevd[3356]: seq 4536 processed
Apr 26 08:50:08 ICTM1612S02H1 systemd-udevd[3326]: passed device to netlink monitor 0x55efe9cf9830
Apr 26 08:50:08 ICTM1612S02H1 systemd-udevd[3326]: seq 4534 processed
Apr 26 08:50:08 ICTM1612S02H1 systemd-udevd[3355]: value '[dmi/id]sys_vendor' is 'Dell Inc.'
Apr 26 08:50:08 ICTM1612S02H1 systemd-udevd[3339]: '/usr/bin/sg_inq --export --page=sn /dev/sdb'(out) 'SCSI_IDENT_SERIAL=SR21500247'
Apr 26 08:50:08 ICTM1612S02H1 systemd-udevd[3339]: Process '/usr/bin/sg_inq --export --page=sn /dev/sdb' succeeded.
Apr 26 08:50:08 ICTM1612S02H1 systemd-udevd[3321]: value '[dmi/id]sys_vendor' is 'Dell Inc.'
Apr 26 08:50:08 ICTM1612S02H1 systemd-udevd[3339]: IMPORT '/usr/bin/sg_inq --export --page=di /dev/sdb' /lib/udev/rules.d/55-scsi-sg3_id.rules:21
Apr 26 08:50:08 ICTM1612S02H1 systemd-udevd[3357]: value '[dmi/id]sys_vendor' is 'Dell Inc.'
Apr 26 08:50:08 ICTM1612S02H1 systemd-udevd[3370]: starting '/usr/bin/sg_inq --export --page=di /dev/sdb'
Apr 26 08:50:08 ICTM1612S02H1 systemd-udevd[3337]: GROUP 6 /lib/udev/rules.d/50-udev-default.rules:63
Apr 26 08:50:08 ICTM1612S02H1 systemd-udevd[3357]: value '[dmi/id]sys_vendor' is 'Dell Inc.'
Apr 26 08:50:08 ICTM1612S02H1 systemd-udevd[3357]: IMPORT builtin 'hwdb' /lib/udev/rules.d/50-udev-default.rules:15
Apr 26 08:50:08 ICTM1612S02H1 systemd-udevd[1562]: seq 4550 forked new worker [3372]
Apr 26 08:50:08 ICTM1612S02H1 systemd-udevd[3328]: GROUP 6 /lib/udev/rules.d/50-udev-default.rules:63
Apr 26 08:50:08 ICTM1612S02H1 systemd-udevd[1562]: passed 193 byte device to netlink monitor 0x55efe9ce9f20
Apr 26 08:50:08 ICTM1612S02H1 systemd-udevd[3332]: seq 4544 running
Apr 26 08:50:08 ICTM1612S02H1 systemd-udevd[3327]: value '[dmi/id]sys_vendor' is 'Dell Inc.'
Apr 26 08:50:08 ICTM1612S02H1 systemd-udevd[1562]: seq 4551 queued, 'add' 'scsi'
Apr 26 08:50:08 ICTM1612S02H1 systemd-udevd[1562]: passed 212 byte device to netlink monitor 0x55efe9ce9f20
Apr 26 08:50:08 ICTM1612S02H1 systemd-udevd[3344]: seq 4551 running
Apr 26 08:50:08 ICTM1612S02H1 systemd-udevd[1562]: seq 4552 queued, 'add' 'scsi'
Apr 26 08:50:08 ICTM1612S02H1 systemd-udevd[1562]: passed 212 byte device to netlink monitor 0x55efe9ce9f20
Apr 26 08:50:08 ICTM1612S02H1 systemd-udevd[3319]: seq 4552 running
Apr 26 08:50:08 ICTM1612S02H1 systemd-udevd[1562]: seq 4553 queued, 'add' 'scsi_generic'
Apr 26 08:50:08 ICTM1612S02H1 systemd-udevd[1562]: passed 231 byte device to netlink monitor 0x55efe9ce9f20
Apr 26 08:50:08 ICTM1612S02H1 systemd-udevd[3372]: seq 4550 running
Apr 26 08:50:08 ICTM1612S02H1 systemd-udevd[3326]: seq 4553 running
Apr 26 08:50:08 ICTM1612S02H1 systemd-udevd[1562]: seq 4554 queued, 'add' 'scsi_disk'
Apr 26 08:50:08 ICTM1612S02H1 systemd-udevd[3359]: passed device to netlink monitor 0x55efe9d4fca0
Apr 26 08:50:08 ICTM1612S02H1 systemd-udevd[1562]: seq 4555 queued, 'add' 'bsg'
Apr 26 08:50:08 ICTM1612S02H1 systemd-udevd[3359]: seq 4547 processed
Apr 26 08:50:08 ICTM1612S02H1 systemd-udevd[1562]: passed 226 byte device to netlink monitor 0x55efe9ce9f20
Apr 26 08:50:08 ICTM1612S02H1 systemd-udevd[3356]: seq 4555 running
Apr 26 08:50:08 ICTM1612S02H1 systemd-udevd[1562]: seq 4556 queued, 'add' 'scsi_disk'
Apr 26 08:50:08 ICTM1612S02H1 systemd-udevd[3337]: handling device node '/dev/sg7', devnum=c21:7, mode=0660, uid=0, gid=6
Apr 26 08:50:08 ICTM1612S02H1 systemd-udevd[3337]: set permissions /dev/sg7, 020660, uid=0, gid=6
Apr 26 08:50:08 ICTM1612S02H1 systemd-udevd[1562]: seq 4557 queued, 'add' 'scsi_device'
Apr 26 08:50:08 ICTM1612S02H1 systemd-udevd[1562]: passed 197 byte device to netlink monitor 0x55efe9ce9f20
Apr 26 08:50:08 ICTM1612S02H1 systemd-udevd[3337]: creating symlink '/dev/char/21:7' to '../sg7'
Apr 26 08:50:08 ICTM1612S02H1 systemd-udevd[1562]: seq 4558 queued, 'add' 'scsi_device'
Apr 26 08:50:08 ICTM1612S02H1 systemd-udevd[3359]: seq 4557 running
Apr 26 08:50:08 ICTM1612S02H1 systemd-udevd[3337]: created empty file '/run/udev/data/c21:7' for '/devices/platform/host20/session5/target20:0:0/20:0:0:0/scsi_generic/sg7'
Apr 26 08:50:08 ICTM1612S02H1 systemd-udevd[3328]: handling device node '/dev/sg12', devnum=c21:12, mode=0660, uid=0, gid=6
Apr 26 08:50:08 ICTM1612S02H1 systemd-udevd[3328]: set permissions /dev/sg12, 020660, uid=0, gid=6
Apr 26 08:50:08 ICTM1612S02H1 systemd-udevd[3337]: passed device to netlink monitor 0x55efe9d4ad60
Apr 26 08:50:08 ICTM1612S02H1 systemd-udevd[3328]: creating symlink '/dev/char/21:12' to '../sg12'
Apr 26 08:50:08 ICTM1612S02H1 systemd-udevd[3337]: seq 4514 processed
Apr 26 08:50:08 ICTM1612S02H1 systemd-udevd[1562]: seq 4559 queued, 'add' 'scsi_generic'
Apr 26 08:50:08 ICTM1612S02H1 systemd-udevd[3328]: created empty file '/run/udev/data/c21:12' for '/devices/platform/host17/session2/target17:0:0/17:0:0:1/scsi_generic/sg12'
Apr 26 08:50:08 ICTM1612S02H1 systemd-udevd[1562]: passed 231 byte device to netlink monitor 0x55efe9ce9f20
Apr 26 08:50:08 ICTM1612S02H1 systemd-udevd[3328]: passed device to netlink monitor 0x55efe9d14240
Apr 26 08:50:08 ICTM1612S02H1 systemd-udevd[3328]: seq 4548 processed
Apr 26 08:50:08 ICTM1612S02H1 systemd-udevd[1562]: seq 4560 queued, 'add' 'bsg'
Apr 26 08:50:08 ICTM1612S02H1 systemd-udevd[1562]: passed 226 byte device to netlink monitor 0x55efe9ce9f20
Apr 26 08:50:08 ICTM1612S02H1 systemd-udevd[3331]: GROUP 6 /lib/udev/rules.d/50-udev-default.rules:63
Apr 26 08:50:08 ICTM1612S02H1 systemd-udevd[3337]: seq 4560 running
Apr 26 08:50:08 ICTM1612S02H1 systemd-udevd[1562]: seq 4561 queued, 'add' 'scsi_generic'
Apr 26 08:50:08 ICTM1612S02H1 systemd-udevd[1562]: seq 4562 queued, 'add' 'bsg'
Apr 26 08:50:08 ICTM1612S02H1 systemd-udevd[1562]: seq 4563 queued, 'add' 'scsi_device'
Apr 26 08:50:08 ICTM1612S02H1 systemd-udevd[3339]: '/usr/bin/sg_inq --export --page=di /dev/sdb'(out) 'SCSI_IDENT_LUN_NAA=60080e5000290b5400008a2d5605fd7e'
Apr 26 08:50:08 ICTM1612S02H1 systemd-udevd[3339]: '/usr/bin/sg_inq --export --page=di /dev/sdb'(out) 'SCSI_IDENT_PORT_RELATIVE=1'
Apr 26 08:50:08 ICTM1612S02H1 systemd-udevd[1562]: seq 4564 queued, 'add' 'scsi_device'
Apr 26 08:50:08 ICTM1612S02H1 systemd-udevd[3330]: handling device node '/dev/bsg/20:0:0:0', devnum=c249:11, mode=0600, uid=0, gid=0
Apr 26 08:50:08 ICTM1612S02H1 systemd-udevd[3330]: preserve permissions /dev/bsg/20:0:0:0, 020600, uid=0, gid=0
Apr 26 08:50:08 ICTM1612S02H1 systemd-udevd[3330]: creating symlink '/dev/char/249:11' to '../bsg/20:0:0:0'
Apr 26 08:50:08 ICTM1612S02H1 systemd-udevd[3329]: passed device to netlink monitor 0x55efe9d14f90
Apr 26 08:50:08 ICTM1612S02H1 systemd-udevd[3329]: seq 4528 processed
Apr 26 08:50:08 ICTM1612S02H1 systemd-udevd[3339]: Process '/usr/bin/sg_inq --export --page=di /dev/sdb' succeeded.
Apr 26 08:50:08 ICTM1612S02H1 systemd-udevd[1562]: seq 4565 queued, 'add' 'scsi_generic'
Apr 26 08:50:08 ICTM1612S02H1 systemd-udevd[3330]: created empty file '/run/udev/data/c249:11' for '/devices/platform/host20/session5/target20:0:0/20:0:0:0/bsg/20:0:0:0'
Apr 26 08:50:08 ICTM1612S02H1 systemd-udevd[3330]: passed device to netlink monitor 0x55efe9cfafc0
Apr 26 08:50:08 ICTM1612S02H1 systemd-udevd[3330]: seq 4517 processed
Apr 26 08:50:08 ICTM1612S02H1 systemd-udevd[3339]: PROGRAM '/sbin/multipath -u /dev/sdb' /lib/udev/rules.d/56-dm-mpath-lvm.rules:21
Apr 26 08:50:08 ICTM1612S02H1 systemd-udevd[3360]: passed device to netlink monitor 0x55efe9d54f00
Apr 26 08:50:08 ICTM1612S02H1 systemd-udevd[1562]: seq 4566 queued, 'add' 'scsi'
Apr 26 08:50:08 ICTM1612S02H1 systemd-udevd[3360]: seq 4549 processed
Apr 26 08:50:08 ICTM1612S02H1 systemd-udevd[1562]: passed 212 byte device to netlink monitor 0x55efe9ce9f20
Apr 26 08:50:08 ICTM1612S02H1 systemd-udevd[3332]: value '[dmi/id]sys_vendor' is 'Dell Inc.'
Apr 26 08:50:08 ICTM1612S02H1 systemd-udevd[3329]: seq 4566 running
Apr 26 08:50:08 ICTM1612S02H1 systemd-udevd[1562]: seq 4567 queued, 'add' 'bsg'
Apr 26 08:50:08 ICTM1612S02H1 systemd-udevd[1562]: seq 4568 queued, 'add' 'scsi_generic'
Apr 26 08:50:08 ICTM1612S02H1 systemd-udevd[3344]: value '[dmi/id]sys_vendor' is 'Dell Inc.'
Apr 26 08:50:08 ICTM1612S02H1 systemd-udevd[1562]: seq 4569 queued, 'add' 'bsg'
Apr 26 08:50:08 ICTM1612S02H1 systemd-udevd[3331]: handling device node '/dev/sg10', devnum=c21:10, mode=0660, uid=0, gid=6
Apr 26 08:50:08 ICTM1612S02H1 systemd-udevd[3331]: set permissions /dev/sg10, 020660, uid=0, gid=6
Apr 26 08:50:08 ICTM1612S02H1 systemd-udevd[3374]: starting '/sbin/multipath -u /dev/sdb'
Apr 26 08:50:08 ICTM1612S02H1 systemd-udevd[3372]: value '[dmi/id]sys_vendor' is 'Dell Inc.'
Apr 26 08:50:08 ICTM1612S02H1 systemd-udevd[3331]: creating symlink '/dev/char/21:10' to '../sg10'
Apr 26 08:50:08 ICTM1612S02H1 systemd-udevd[1562]: seq 4570 queued, 'add' 'scsi_disk'
Apr 26 08:50:08 ICTM1612S02H1 systemd-udevd[3331]: created empty file '/run/udev/data/c21:10' for '/devices/platform/host23/session8/target23:0:0/23:0:0:0/scsi_generic/sg10'
Apr 26 08:50:08 ICTM1612S02H1 systemd-udevd[3319]: value '[dmi/id]sys_vendor' is 'Dell Inc.'
Apr 26 08:50:08 ICTM1612S02H1 systemd-udevd[1562]: seq 4571 queued, 'add' 'scsi_device'
Apr 26 08:50:08 ICTM1612S02H1 systemd-udevd[3331]: passed device to netlink monitor 0x55efe9cf6720
Apr 26 08:50:08 ICTM1612S02H1 systemd-udevd[3331]: seq 4532 processed
Apr 26 08:50:08 ICTM1612S02H1 systemd-udevd[1562]: seq 4572 queued, 'add' 'scsi_generic'
Apr 26 08:50:08 ICTM1612S02H1 systemd-udevd[3326]: value '[dmi/id]sys_vendor' is 'Dell Inc.'
Apr 26 08:50:08 ICTM1612S02H1 systemd-udevd[1562]: seq 4573 queued, 'add' 'bsg'
Apr 26 08:50:08 ICTM1612S02H1 systemd-udevd[1562]: seq 4574 queued, 'add' 'bdi'
Apr 26 08:50:08 ICTM1612S02H1 systemd-udevd[1562]: passed 138 byte device to netlink monitor 0x55efe9ce9f20
Apr 26 08:50:08 ICTM1612S02H1 systemd-udevd[3360]: seq 4574 running
Apr 26 08:50:08 ICTM1612S02H1 systemd-udevd[3359]: value '[dmi/id]sys_vendor' is 'Dell Inc.'
Apr 26 08:50:08 ICTM1612S02H1 systemd-udevd[1562]: seq 4575 queued, 'add' 'scsi'
Apr 26 08:50:08 ICTM1612S02H1 systemd-udevd[1562]: passed 210 byte device to netlink monitor 0x55efe9ce9f20
Apr 26 08:50:08 ICTM1612S02H1 systemd-udevd[1562]: seq 4576 queued, 'add' 'bdi'
Apr 26 08:50:08 ICTM1612S02H1 systemd-udevd[3332]: value '[dmi/id]sys_vendor' is 'Dell Inc.'
Apr 26 08:50:08 ICTM1612S02H1 systemd-udevd[3330]: seq 4575 running
Apr 26 08:50:08 ICTM1612S02H1 systemd-udevd[1562]: passed 139 byte device to netlink monitor 0x55efe9ce9f20
Apr 26 08:50:08 ICTM1612S02H1 systemd-udevd[3331]: seq 4576 running
Apr 26 08:50:08 ICTM1612S02H1 systemd-udevd[3344]: value '[dmi/id]sys_vendor' is 'Dell Inc.'
Apr 26 08:50:08 ICTM1612S02H1 systemd-udevd[3321]: value '[dmi/id]sys_vendor' is 'Dell Inc.'
Apr 26 08:50:08 ICTM1612S02H1 systemd-udevd[3337]: value '[dmi/id]sys_vendor' is 'Dell Inc.'
Apr 26 08:50:08 ICTM1612S02H1 systemd-udevd[3334]: seq 4559 running
Apr 26 08:50:08 ICTM1612S02H1 systemd-udevd[3372]: value '[dmi/id]sys_vendor' is 'Dell Inc.'
Apr 26 08:50:08 ICTM1612S02H1 systemd-udevd[3329]: value '[dmi/id]sys_vendor' is 'Dell Inc.'
Apr 26 08:50:08 ICTM1612S02H1 systemd-udevd[3357]: IMPORT builtin 'hwdb' returned non-zero
Apr 26 08:50:08 ICTM1612S02H1 systemd-udevd[3356]: value '[dmi/id]sys_vendor' is 'Dell Inc.'
Apr 26 08:50:08 ICTM1612S02H1 systemd-udevd[1562]: seq 4577 queued, 'add' 'block'
Apr 26 08:50:08 ICTM1612S02H1 systemd-udevd[3336]: IMPORT builtin 'hwdb' returned non-zero
Apr 26 08:50:08 ICTM1612S02H1 systemd-udevd[3355]: handling device node '/dev/bsg/23:0:0:0', devnum=c249:14, mode=0600, uid=0, gid=0
Apr 26 08:50:08 ICTM1612S02H1 systemd-udevd[3319]: value '[dmi/id]sys_vendor' is 'Dell Inc.'
Apr 26 08:50:08 ICTM1612S02H1 systemd-udevd[3326]: value '[dmi/id]sys_vendor' is 'Dell Inc.'
Apr 26 08:50:08 ICTM1612S02H1 systemd-udevd[3326]: GROUP 6 /lib/udev/rules.d/50-udev-default.rules:63
Apr 26 08:50:08 ICTM1612S02H1 systemd-udevd[3360]: value '[dmi/id]sys_vendor' is 'Dell Inc.'
Apr 26 08:50:08 ICTM1612S02H1 systemd-udevd[3330]: value '[dmi/id]sys_vendor' is 'Dell Inc.'
Apr 26 08:50:08 ICTM1612S02H1 systemd-udevd[3344]: IMPORT builtin 'hwdb' /lib/udev/rules.d/50-udev-default.rules:15
Apr 26 08:50:08 ICTM1612S02H1 systemd-udevd[3331]: value '[dmi/id]sys_vendor' is 'Dell Inc.'
Apr 26 08:50:08 ICTM1612S02H1 systemd-udevd[3327]: handling device node '/dev/bsg/22:0:0:0', devnum=c249:13, mode=0600, uid=0, gid=0
Apr 26 08:50:08 ICTM1612S02H1 systemd-udevd[3321]: IMPORT builtin 'hwdb' /lib/udev/rules.d/50-udev-default.rules:15
Apr 26 08:50:08 ICTM1612S02H1 systemd-udevd[3332]: passed device to netlink monitor 0x55efe9cf7970
Apr 26 08:50:08 ICTM1612S02H1 systemd-udevd[3337]: value '[dmi/id]sys_vendor' is 'Dell Inc.'
Apr 26 08:50:08 ICTM1612S02H1 systemd-udevd[3334]: value '[dmi/id]sys_vendor' is 'Dell Inc.'
Apr 26 08:50:08 ICTM1612S02H1 systemd-udevd[3339]: '/sbin/multipath -u /dev/sdb'(out) '/dev/sdb is not a valid multipath device path'
Apr 26 08:50:08 ICTM1612S02H1 systemd-udevd[3329]: value '[dmi/id]sys_vendor' is 'Dell Inc.'
Apr 26 08:50:08 ICTM1612S02H1 systemd-udevd[3372]: handling device node '/dev/bsg/17:0:0:1', devnum=c249:16, mode=0600, uid=0, gid=0
Apr 26 08:50:08 ICTM1612S02H1 systemd-udevd[3357]: path '[module/sg](null)' is '/sys/module/sg'
Apr 26 08:50:08 ICTM1612S02H1 systemd-udevd[3356]: value '[dmi/id]sys_vendor' is 'Dell Inc.'
Apr 26 08:50:08 ICTM1612S02H1 systemd-udevd[1562]: passed 227 byte device to netlink monitor 0x55efe9ce9f20
Apr 26 08:50:08 ICTM1612S02H1 systemd-udevd[3328]: seq 4577 running
Apr 26 08:50:08 ICTM1612S02H1 systemd-udevd[3336]: path '[module/sg](null)' is '/sys/module/sg'
Apr 26 08:50:08 ICTM1612S02H1 systemd-udevd[3355]: preserve permissions /dev/bsg/23:0:0:0, 020600, uid=0, gid=0
Apr 26 08:50:08 ICTM1612S02H1 systemd-udevd[3319]: IMPORT builtin 'hwdb' /lib/udev/rules.d/50-udev-default.rules:15
Apr 26 08:50:08 ICTM1612S02H1 systemd-udevd[3359]: value '[dmi/id]sys_vendor' is 'Dell Inc.'
Apr 26 08:50:08 ICTM1612S02H1 systemd-udevd[3326]: handling device node '/dev/sg13', devnum=c21:13, mode=0660, uid=0, gid=6
Apr 26 08:50:08 ICTM1612S02H1 systemd-udevd[3360]: value '[dmi/id]sys_vendor' is 'Dell Inc.'
Apr 26 08:50:08 ICTM1612S02H1 systemd-udevd[3330]: value '[dmi/id]sys_vendor' is 'Dell Inc.'
Apr 26 08:50:08 ICTM1612S02H1 systemd-udevd[3344]: IMPORT builtin 'hwdb' returned non-zero
Apr 26 08:50:08 ICTM1612S02H1 systemd-udevd[3331]: value '[dmi/id]sys_vendor' is 'Dell Inc.'
Apr 26 08:50:08 ICTM1612S02H1 systemd-udevd[3327]: preserve permissions /dev/bsg/22:0:0:0, 020600, uid=0, gid=0
Apr 26 08:50:08 ICTM1612S02H1 systemd-udevd[3321]: IMPORT builtin 'hwdb' returned non-zero
Apr 26 08:50:08 ICTM1612S02H1 systemd-udevd[3332]: seq 4544 processed
Apr 26 08:50:08 ICTM1612S02H1 systemd-udevd[3334]: value '[dmi/id]sys_vendor' is 'Dell Inc.'
Apr 26 08:50:08 ICTM1612S02H1 systemd-udevd[3337]: handling device node '/dev/bsg/19:0:0:1', devnum=c249:18, mode=0600, uid=0, gid=0
Apr 26 08:50:08 ICTM1612S02H1 systemd-udevd[3339]: Process '/sbin/multipath -u /dev/sdb' failed with exit code 1.
Apr 26 08:50:08 ICTM1612S02H1 systemd-udevd[3329]: IMPORT builtin 'hwdb' /lib/udev/rules.d/50-udev-default.rules:15
Apr 26 08:50:08 ICTM1612S02H1 systemd-udevd[3372]: preserve permissions /dev/bsg/17:0:0:1, 020600, uid=0, gid=0
Apr 26 08:50:08 ICTM1612S02H1 systemd-udevd[3357]: RUN 'kmod load $env{MODALIAS}' /lib/udev/rules.d/80-drivers.rules:5
Apr 26 08:50:08 ICTM1612S02H1 systemd-udevd[1562]: seq 4578 queued, 'add' 'scsi_disk'
Apr 26 08:50:08 ICTM1612S02H1 systemd-udevd[3356]: handling device node '/dev/bsg/18:0:0:1', devnum=c249:17, mode=0600, uid=0, gid=0
Apr 26 08:50:08 ICTM1612S02H1 systemd-udevd[3328]: value '[dmi/id]sys_vendor' is 'Dell Inc.'
Apr 26 08:50:08 ICTM1612S02H1 systemd-udevd[3336]: RUN 'kmod load $env{MODALIAS}' /lib/udev/rules.d/80-drivers.rules:5
Apr 26 08:50:08 ICTM1612S02H1 systemd-udevd[3355]: creating symlink '/dev/char/249:14' to '../bsg/23:0:0:0'
Apr 26 08:50:08 ICTM1612S02H1 systemd-udevd[3319]: IMPORT builtin 'hwdb' returned non-zero
Apr 26 08:50:08 ICTM1612S02H1 systemd-udevd[3326]: set permissions /dev/sg13, 020660, uid=0, gid=6
Apr 26 08:50:08 ICTM1612S02H1 systemd-udevd[3359]: passed device to netlink monitor 0x55efe9d4fca0
Apr 26 08:50:08 ICTM1612S02H1 systemd-udevd[3360]: passed device to netlink monitor 0x55efe9d54f00
Apr 26 08:50:08 ICTM1612S02H1 systemd-udevd[3330]: IMPORT builtin 'hwdb' /lib/udev/rules.d/50-udev-default.rules:15
Apr 26 08:50:08 ICTM1612S02H1 systemd-udevd[3330]: IMPORT builtin 'hwdb' returned non-zero
Apr 26 08:50:08 ICTM1612S02H1 systemd-udevd[3331]: passed device to netlink monitor 0x55efe9cf6720
Apr 26 08:50:08 ICTM1612S02H1 systemd-udevd[3327]: creating symlink '/dev/char/249:13' to '../bsg/22:0:0:0'
Apr 26 08:50:08 ICTM1612S02H1 systemd-udevd[3321]: path '[module/sg](null)' is '/sys/module/sg'
Apr 26 08:50:08 ICTM1612S02H1 systemd-udevd[3334]: GROUP 6 /lib/udev/rules.d/50-udev-default.rules:63
Apr 26 08:50:08 ICTM1612S02H1 systemd-udevd[3337]: preserve permissions /dev/bsg/19:0:0:1, 020600, uid=0, gid=0
Apr 26 08:50:08 ICTM1612S02H1 systemd-udevd[3339]: LINK 'disk/by-id/scsi-SNETAPP_INF-01-00_SR21500247' /lib/udev/rules.d/58-scsi-sg3_symlink.rules:12
Apr 26 08:50:08 ICTM1612S02H1 systemd-udevd[3329]: IMPORT builtin 'hwdb' returned non-zero
Apr 26 08:50:08 ICTM1612S02H1 systemd-udevd[3372]: creating symlink '/dev/char/249:16' to '../bsg/17:0:0:1'
Apr 26 08:50:08 ICTM1612S02H1 systemd-udevd[3357]: Execute 'load' 'scsi:t-0x00'
Apr 26 08:50:08 ICTM1612S02H1 systemd-udevd[1562]: seq 4579 queued, 'add' 'scsi_device'
Apr 26 08:50:08 ICTM1612S02H1 systemd-udevd[3356]: preserve permissions /dev/bsg/18:0:0:1, 020600, uid=0, gid=0
Apr 26 08:50:08 ICTM1612S02H1 systemd-udevd[3328]: value '[dmi/id]sys_vendor' is 'Dell Inc.'
Apr 26 08:50:08 ICTM1612S02H1 systemd-udevd[3336]: Execute 'load' 'scsi:t-0x00'
Apr 26 08:50:08 ICTM1612S02H1 systemd-udevd[3355]: created empty file '/run/udev/data/c249:14' for '/devices/platform/host23/session8/target23:0:0/23:0:0:0/bsg/23:0:0:0'
Apr 26 08:50:08 ICTM1612S02H1 systemd-udevd[3319]: path '[module/sg](null)' is '/sys/module/sg'
Apr 26 08:50:08 ICTM1612S02H1 systemd-udevd[3326]: creating symlink '/dev/char/21:13' to '../sg13'
Apr 26 08:50:08 ICTM1612S02H1 systemd-udevd[3359]: seq 4557 processed
Apr 26 08:50:08 ICTM1612S02H1 systemd-udevd[3360]: seq 4574 processed
Apr 26 08:50:08 ICTM1612S02H1 systemd-udevd[3344]: path '[module/sg](null)' is '/sys/module/sg'
Apr 26 08:50:08 ICTM1612S02H1 systemd-udevd[3330]: path '[module/sg](null)' is '/sys/module/sg'
Apr 26 08:50:08 ICTM1612S02H1 systemd-udevd[3331]: seq 4576 processed
Apr 26 08:50:08 ICTM1612S02H1 systemd-udevd[3327]: created empty file '/run/udev/data/c249:13' for '/devices/platform/host22/session7/target22:0:0/22:0:0:0/bsg/22:0:0:0'
Apr 26 08:50:08 ICTM1612S02H1 systemd-udevd[3321]: RUN 'kmod load $env{MODALIAS}' /lib/udev/rules.d/80-drivers.rules:5
Apr 26 08:50:08 ICTM1612S02H1 systemd-udevd[3334]: handling device node '/dev/sg14', devnum=c21:14, mode=0660, uid=0, gid=6
Apr 26 08:50:08 ICTM1612S02H1 systemd-udevd[3337]: creating symlink '/dev/char/249:18' to '../bsg/19:0:0:1'
Apr 26 08:50:08 ICTM1612S02H1 systemd-udevd[3339]: LINK 'disk/by-id/scsi-360080e5000290b5400008a2d5605fd7e' /lib/udev/rules.d/58-scsi-sg3_symlink.rules:15
Apr 26 08:50:08 ICTM1612S02H1 systemd-udevd[3329]: path '[module/sg](null)' is '/sys/module/sg'
Apr 26 08:50:08 ICTM1612S02H1 systemd-udevd[3372]: created empty file '/run/udev/data/c249:16' for '/devices/platform/host17/session2/target17:0:0/17:0:0:1/bsg/17:0:0:1'
Apr 26 08:50:08 ICTM1612S02H1 systemd-udevd[3357]: No module matches 'scsi:t-0x00'
Apr 26 08:50:08 ICTM1612S02H1 systemd-udevd[1562]: seq 4580 queued, 'add' 'bdi'
Apr 26 08:50:08 ICTM1612S02H1 systemd-udevd[3356]: creating symlink '/dev/char/249:17' to '../bsg/18:0:0:1'
Apr 26 08:50:08 ICTM1612S02H1 systemd-udevd[3328]: GROUP 6 /lib/udev/rules.d/50-udev-default.rules:55
Apr 26 08:50:08 ICTM1612S02H1 systemd-udevd[3336]: No module matches 'scsi:t-0x00'
Apr 26 08:50:08 ICTM1612S02H1 systemd-udevd[3355]: passed device to netlink monitor 0x55efe9d037b0
Apr 26 08:50:08 ICTM1612S02H1 systemd-udevd[3319]: RUN 'kmod load $env{MODALIAS}' /lib/udev/rules.d/80-drivers.rules:5
Apr 26 08:50:08 ICTM1612S02H1 systemd-udevd[3326]: created empty file '/run/udev/data/c21:13' for '/devices/platform/host18/session3/target18:0:0/18:0:0:1/scsi_generic/sg13'
Apr 26 08:50:08 ICTM1612S02H1 systemd-udevd[3344]: RUN 'kmod load $env{MODALIAS}' /lib/udev/rules.d/80-drivers.rules:5
Apr 26 08:50:08 ICTM1612S02H1 systemd-udevd[3330]: RUN 'kmod load $env{MODALIAS}' /lib/udev/rules.d/80-drivers.rules:5
Apr 26 08:50:08 ICTM1612S02H1 systemd-udevd[3327]: passed device to netlink monitor 0x55efe9cf31c0
Apr 26 08:50:08 ICTM1612S02H1 systemd-udevd[3321]: Execute 'load' 'scsi:t-0x00'
Apr 26 08:50:08 ICTM1612S02H1 systemd-udevd[3334]: set permissions /dev/sg14, 020660, uid=0, gid=6
Apr 26 08:50:08 ICTM1612S02H1 systemd-udevd[3337]: created empty file '/run/udev/data/c249:18' for '/devices/platform/host19/session4/target19:0:0/19:0:0:1/bsg/19:0:0:1'
Apr 26 08:50:08 ICTM1612S02H1 systemd-udevd[3339]: LINK 'disk/by-id/scsi-360080e5000290b5400008a2d5605fd7e' /lib/udev/rules.d/60-persistent-storage.rules:36
Apr 26 08:50:08 ICTM1612S02H1 systemd-udevd[3329]: RUN 'kmod load $env{MODALIAS}' /lib/udev/rules.d/80-drivers.rules:5
Apr 26 08:50:08 ICTM1612S02H1 systemd-udevd[3372]: passed device to netlink monitor 0x55efe9d55d30
Apr 26 08:50:08 ICTM1612S02H1 systemd-udevd[3357]: passed device to netlink monitor 0x55efe9cfa330
Apr 26 08:50:08 ICTM1612S02H1 systemd-udevd[1562]: passed 139 byte device to netlink monitor 0x55efe9ce9f20
Apr 26 08:50:08 ICTM1612S02H1 systemd-udevd[3332]: seq 4580 running
Apr 26 08:50:08 ICTM1612S02H1 systemd-udevd[3356]: created empty file '/run/udev/data/c249:17' for '/devices/platform/host18/session3/target18:0:0/18:0:0:1/bsg/18:0:0:1'
Apr 26 08:50:08 ICTM1612S02H1 systemd-udevd[3328]: IMPORT '/usr/bin/sg_inq --export /dev/sdc' /lib/udev/rules.d/55-scsi-sg3_id.rules:10
Apr 26 08:50:08 ICTM1612S02H1 systemd-udevd[3336]: passed device to netlink monitor 0x55efe9d02680
Apr 26 08:50:08 ICTM1612S02H1 systemd-udevd[3355]: seq 4533 processed
Apr 26 08:50:08 ICTM1612S02H1 systemd-udevd[3319]: Execute 'load' 'scsi:t-0x00'
Apr 26 08:50:08 ICTM1612S02H1 systemd-udevd[3326]: passed device to netlink monitor 0x55efe9cf9830
Apr 26 08:50:08 ICTM1612S02H1 systemd-udevd[3344]: Execute 'load' 'scsi:t-0x00'
Apr 26 08:50:08 ICTM1612S02H1 systemd-udevd[3330]: Execute 'load' 'scsi:t-0x00'
Apr 26 08:50:08 ICTM1612S02H1 systemd-udevd[3327]: seq 4525 processed
Apr 26 08:50:08 ICTM1612S02H1 systemd-udevd[3321]: No module matches 'scsi:t-0x00'
Apr 26 08:50:08 ICTM1612S02H1 systemd-udevd[3334]: creating symlink '/dev/char/21:14' to '../sg14'
Apr 26 08:50:08 ICTM1612S02H1 systemd-udevd[3337]: passed device to netlink monitor 0x55efe9d4ad60
Apr 26 08:50:08 ICTM1612S02H1 systemd-udevd[3339]: IMPORT builtin 'path_id' /lib/udev/rules.d/60-persistent-storage.rules:54
Apr 26 08:50:08 ICTM1612S02H1 systemd-udevd[3329]: Execute 'load' 'scsi:t-0x00'
Apr 26 08:50:08 ICTM1612S02H1 systemd-udevd[3372]: seq 4550 processed
Apr 26 08:50:08 ICTM1612S02H1 systemd-udevd[3357]: seq 4541 processed
Apr 26 08:50:08 ICTM1612S02H1 systemd-udevd[1562]: seq 4581 queued, 'add' 'scsi_generic'
Apr 26 08:50:08 ICTM1612S02H1 systemd-udevd[3332]: value '[dmi/id]sys_vendor' is 'Dell Inc.'
Apr 26 08:50:08 ICTM1612S02H1 systemd-udevd[3356]: passed device to netlink monitor 0x55efe9ceb400
Apr 26 08:50:08 ICTM1612S02H1 systemd-udevd[3336]: seq 4522 processed
Apr 26 08:50:08 ICTM1612S02H1 systemd-udevd[3408]: starting '/usr/bin/sg_inq --export /dev/sdc'
Apr 26 08:50:08 ICTM1612S02H1 systemd-udevd[3319]: No module matches 'scsi:t-0x00'
Apr 26 08:50:08 ICTM1612S02H1 systemd-udevd[3326]: seq 4553 processed
Apr 26 08:50:08 ICTM1612S02H1 systemd-udevd[3344]: No module matches 'scsi:t-0x00'
Apr 26 08:50:08 ICTM1612S02H1 systemd-udevd[3330]: No module matches 'scsi:t-0x00'
Apr 26 08:50:08 ICTM1612S02H1 systemd-udevd[3321]: passed device to netlink monitor 0x55efe9cf28b0
Apr 26 08:50:08 ICTM1612S02H1 systemd-udevd[3334]: created empty file '/run/udev/data/c21:14' for '/devices/platform/host19/session4/target19:0:0/19:0:0:1/scsi_generic/sg14'
Apr 26 08:50:08 ICTM1612S02H1 systemd-udevd[3337]: seq 4560 processed
Apr 26 08:50:08 ICTM1612S02H1 systemd-udevd[3329]: No module matches 'scsi:t-0x00'
Apr 26 08:50:08 ICTM1612S02H1 systemd-udevd[3339]: LINK 'disk/by-path/ip-fe80:0000:0000:0000:0192:0012:0021:0111:3260-iscsi-iqn.1992-08.com.netapp:5504.60080e5000290924000000005525f5de-lun-0' /lib/udev/rules.d/60-persistent-storage.rules:55
Apr 26 08:50:08 ICTM1612S02H1 systemd-udevd[1562]: passed 193 byte device to netlink monitor 0x55efe9ce9f20
Apr 26 08:50:08 ICTM1612S02H1 systemd-udevd[3360]: seq 4542 running
Apr 26 08:50:08 ICTM1612S02H1 systemd-udevd[3332]: value '[dmi/id]sys_vendor' is 'Dell Inc.'
Apr 26 08:50:08 ICTM1612S02H1 systemd-udevd[3356]: seq 4555 processed
Apr 26 08:50:08 ICTM1612S02H1 systemd-udevd[3319]: passed device to netlink monitor 0x55efe9ce9790
Apr 26 08:50:08 ICTM1612S02H1 systemd-udevd[3344]: passed device to netlink monitor 0x55efe9d53b20
Apr 26 08:50:08 ICTM1612S02H1 systemd-udevd[3330]: passed device to netlink monitor 0x55efe9cfafc0
Apr 26 08:50:08 ICTM1612S02H1 systemd-udevd[3321]: seq 4545 processed
Apr 26 08:50:08 ICTM1612S02H1 systemd-udevd[3334]: passed device to netlink monitor 0x55efe9d00500
Apr 26 08:50:08 ICTM1612S02H1 systemd-udevd[3329]: passed device to netlink monitor 0x55efe9d14f90
Apr 26 08:50:08 ICTM1612S02H1 systemd-udevd[3339]: IMPORT builtin 'blkid' /lib/udev/rules.d/60-persistent-storage.rules:66
Apr 26 08:50:08 ICTM1612S02H1 systemd-udevd[1562]: passed 197 byte device to netlink monitor 0x55efe9ce9f20
Apr 26 08:50:08 ICTM1612S02H1 systemd-udevd[3357]: seq 4558 running
Apr 26 08:50:08 ICTM1612S02H1 systemd-udevd[3360]: value '[dmi/id]sys_vendor' is 'Dell Inc.'
Apr 26 08:50:08 ICTM1612S02H1 systemd-udevd[3332]: passed device to netlink monitor 0x55efe9cf7970
Apr 26 08:50:08 ICTM1612S02H1 systemd-udevd[3319]: seq 4552 processed
Apr 26 08:50:08 ICTM1612S02H1 systemd-udevd[3344]: seq 4551 processed
Apr 26 08:50:08 ICTM1612S02H1 systemd-udevd[3328]: '/usr/bin/sg_inq --export /dev/sdc'(out) 'SCSI_TPGS=0'
Apr 26 08:50:08 ICTM1612S02H1 systemd-udevd[3330]: seq 4575 processed
Apr 26 08:50:08 ICTM1612S02H1 systemd-udevd[3334]: seq 4559 processed
Apr 26 08:50:08 ICTM1612S02H1 systemd-udevd[3329]: seq 4566 processed
Apr 26 08:50:08 ICTM1612S02H1 systemd-udevd[3339]: probe /dev/sdb raid offset=0
Apr 26 08:50:08 ICTM1612S02H1 systemd-udevd[1562]: passed 231 byte device to netlink monitor 0x55efe9ce9f20
Apr 26 08:50:08 ICTM1612S02H1 systemd-udevd[3355]: seq 4561 running
Apr 26 08:50:08 ICTM1612S02H1 systemd-udevd[3357]: value '[dmi/id]sys_vendor' is 'Dell Inc.'
Apr 26 08:50:08 ICTM1612S02H1 systemd-udevd[3360]: value '[dmi/id]sys_vendor' is 'Dell Inc.'
Apr 26 08:50:08 ICTM1612S02H1 systemd-udevd[3332]: seq 4580 processed
Apr 26 08:50:08 ICTM1612S02H1 systemd-udevd[3328]: '/usr/bin/sg_inq --export /dev/sdc'(out) 'SCSI_TYPE=disk'
