Apr 26 08:48:39 ICTM1612S02H1 systemd-udevd[1562]: seq 2900 queued, 'add' 'drivers'
Apr 26 08:48:39 ICTM1612S02H1 systemd-udevd[1589]: value '[dmi/id]sys_vendor' is 'Dell Inc.'
Apr 26 08:48:39 ICTM1612S02H1 systemd-udevd[1590]: seq 2897 processed
Apr 26 08:48:39 ICTM1612S02H1 systemd-udevd[1601]: seq 2898 processed
Apr 26 08:48:39 ICTM1612S02H1 systemd-udevd[1562]: seq 2901 queued, 'add' 'drivers'
Apr 26 08:48:39 ICTM1612S02H1 systemd-udevd[1589]: value '[dmi/id]sys_vendor' is 'Dell Inc.'
Apr 26 08:48:39 ICTM1612S02H1 systemd-udevd[1562]: seq 2902 queued, 'add' 'drivers'
Apr 26 08:48:39 ICTM1612S02H1 systemd-udevd[1589]: passed device to netlink monitor 0x55efe9cfb560
Apr 26 08:48:39 ICTM1612S02H1 systemd-udevd[1562]: seq 2903 queued, 'add' 'drivers'
Apr 26 08:48:39 ICTM1612S02H1 systemd-udevd[1589]: seq 2899 processed
Apr 26 08:48:39 ICTM1612S02H1 systemd-udevd[1562]: seq 2904 queued, 'add' 'bus'
Apr 26 08:48:39 ICTM1612S02H1 systemd-udevd[1562]: passed 125 byte device to netlink monitor 0x55efe9ce9f20
Apr 26 08:48:39 ICTM1612S02H1 systemd-udevd[1590]: seq 2904 running
Apr 26 08:48:39 ICTM1612S02H1 systemd-udevd[1562]: passed 142 byte device to netlink monitor 0x55efe9ce9f20
Apr 26 08:48:39 ICTM1612S02H1 systemd-udevd[1601]: seq 2900 running
Apr 26 08:48:39 ICTM1612S02H1 systemd-udevd[1601]: value '[dmi/id]sys_vendor' is 'Dell Inc.'
Apr 26 08:48:39 ICTM1612S02H1 systemd-udevd[1562]: passed 140 byte device to netlink monitor 0x55efe9ce9f20
Apr 26 08:48:39 ICTM1612S02H1 systemd-udevd[1589]: seq 2901 running
Apr 26 08:48:39 ICTM1612S02H1 systemd-udevd[1590]: value '[dmi/id]sys_vendor' is 'Dell Inc.'
Apr 26 08:48:39 ICTM1612S02H1 systemd-udevd[1601]: value '[dmi/id]sys_vendor' is 'Dell Inc.'
Apr 26 08:48:39 ICTM1612S02H1 systemd-udevd[1601]: passed device to netlink monitor 0x55efe9d22e90
Apr 26 08:48:39 ICTM1612S02H1 systemd-udevd[1609]: seq 2902 running
Apr 26 08:48:39 ICTM1612S02H1 systemd-udevd[1589]: value '[dmi/id]sys_vendor' is 'Dell Inc.'
Apr 26 08:48:39 ICTM1612S02H1 systemd-udevd[1590]: value '[dmi/id]sys_vendor' is 'Dell Inc.'
Apr 26 08:48:39 ICTM1612S02H1 systemd-udevd[1601]: seq 2900 processed
Apr 26 08:48:39 ICTM1612S02H1 systemd-udevd[1562]: passed 140 byte device to netlink monitor 0x55efe9ce9f20
Apr 26 08:48:39 ICTM1612S02H1 systemd-udevd[1609]: value '[dmi/id]sys_vendor' is 'Dell Inc.'
Apr 26 08:48:39 ICTM1612S02H1 systemd-udevd[1589]: value '[dmi/id]sys_vendor' is 'Dell Inc.'
Apr 26 08:48:39 ICTM1612S02H1 systemd-udevd[1589]: passed device to netlink monitor 0x55efe9cfb560
Apr 26 08:48:39 ICTM1612S02H1 systemd-udevd[1562]: passed 141 byte device to netlink monitor 0x55efe9ce9f20
Apr 26 08:48:39 ICTM1612S02H1 systemd-udevd[1585]: seq 2903 running
Apr 26 08:48:39 ICTM1612S02H1 systemd-udevd[1609]: value '[dmi/id]sys_vendor' is 'Dell Inc.'
Apr 26 08:48:39 ICTM1612S02H1 systemd-udevd[1589]: seq 2901 processed
Apr 26 08:48:39 ICTM1612S02H1 systemd-udevd[1590]: passed device to netlink monitor 0x55efe9d20030
Apr 26 08:48:39 ICTM1612S02H1 systemd-udevd[1562]: seq 2905 queued, 'add' 'bus'
Apr 26 08:48:39 ICTM1612S02H1 systemd-udevd[1604]: seq 2905 running
Apr 26 08:48:39 ICTM1612S02H1 systemd-udevd[1609]: passed device to netlink monitor 0x55efe9d25950
Apr 26 08:48:39 ICTM1612S02H1 systemd-udevd[1590]: seq 2904 processed
Apr 26 08:48:39 ICTM1612S02H1 systemd-udevd[1562]: passed 122 byte device to netlink monitor 0x55efe9ce9f20
Apr 26 08:48:39 ICTM1612S02H1 systemd-udevd[1585]: value '[dmi/id]sys_vendor' is 'Dell Inc.'
Apr 26 08:48:39 ICTM1612S02H1 systemd-udevd[1604]: value '[dmi/id]sys_vendor' is 'Dell Inc.'
Apr 26 08:48:39 ICTM1612S02H1 systemd-udevd[1609]: seq 2902 processed
Apr 26 08:48:39 ICTM1612S02H1 systemd-udevd[1562]: seq 2906 queued, 'add' 'drivers'
Apr 26 08:48:39 ICTM1612S02H1 systemd-udevd[1585]: value '[dmi/id]sys_vendor' is 'Dell Inc.'
Apr 26 08:48:39 ICTM1612S02H1 systemd-udevd[1604]: value '[dmi/id]sys_vendor' is 'Dell Inc.'
Apr 26 08:48:39 ICTM1612S02H1 systemd-udevd[1604]: passed device to netlink monitor 0x55efe9d23c90
Apr 26 08:48:39 ICTM1612S02H1 systemd-udevd[1585]: passed device to netlink monitor 0x55efe9cff540
Apr 26 08:48:39 ICTM1612S02H1 systemd-udevd[1604]: seq 2905 processed
Apr 26 08:48:39 ICTM1612S02H1 systemd-udevd[1562]: seq 2907 queued, 'add' 'drivers'
Apr 26 08:48:39 ICTM1612S02H1 systemd-udevd[1590]: seq 2906 running
Apr 26 08:48:39 ICTM1612S02H1 systemd-udevd[1562]: passed 137 byte device to netlink monitor 0x55efe9ce9f20
Apr 26 08:48:39 ICTM1612S02H1 systemd-udevd[1601]: seq 2907 running
Apr 26 08:48:39 ICTM1612S02H1 systemd-udevd[1590]: value '[dmi/id]sys_vendor' is 'Dell Inc.'
Apr 26 08:48:39 ICTM1612S02H1 systemd-udevd[1562]: passed 137 byte device to netlink monitor 0x55efe9ce9f20
Apr 26 08:48:39 ICTM1612S02H1 systemd-udevd[1585]: seq 2903 processed
Apr 26 08:48:39 ICTM1612S02H1 systemd-udevd[1601]: value '[dmi/id]sys_vendor' is 'Dell Inc.'
Apr 26 08:48:39 ICTM1612S02H1 systemd-udevd[1601]: value '[dmi/id]sys_vendor' is 'Dell Inc.'
Apr 26 08:48:39 ICTM1612S02H1 systemd-udevd[1562]: seq 2908 queued, 'add' 'bus'
Apr 26 08:48:39 ICTM1612S02H1 systemd-udevd[1590]: value '[dmi/id]sys_vendor' is 'Dell Inc.'
Apr 26 08:48:39 ICTM1612S02H1 systemd-udevd[1601]: passed device to netlink monitor 0x55efe9d22e90
Apr 26 08:48:39 ICTM1612S02H1 systemd-udevd[1562]: passed 122 byte device to netlink monitor 0x55efe9ce9f20
Apr 26 08:48:39 ICTM1612S02H1 systemd-udevd[1589]: seq 2908 running
Apr 26 08:48:39 ICTM1612S02H1 systemd-udevd[1590]: passed device to netlink monitor 0x55efe9d20030
Apr 26 08:48:39 ICTM1612S02H1 systemd-udevd[1601]: seq 2907 processed
Apr 26 08:48:39 ICTM1612S02H1 systemd-udevd[1562]: seq 2909 queued, 'add' 'bus'
Apr 26 08:48:39 ICTM1612S02H1 systemd-udevd[1589]: value '[dmi/id]sys_vendor' is 'Dell Inc.'
Apr 26 08:48:39 ICTM1612S02H1 systemd-udevd[1590]: seq 2906 processed
Apr 26 08:48:39 ICTM1612S02H1 systemd-udevd[1562]: passed 123 byte device to netlink monitor 0x55efe9ce9f20
Apr 26 08:48:39 ICTM1612S02H1 systemd-udevd[1609]: seq 2909 running
Apr 26 08:48:39 ICTM1612S02H1 systemd-udevd[1589]: value '[dmi/id]sys_vendor' is 'Dell Inc.'
Apr 26 08:48:39 ICTM1612S02H1 systemd-udevd[1562]: seq 2910 queued, 'add' 'drivers'
Apr 26 08:48:39 ICTM1612S02H1 systemd-udevd[1609]: value '[dmi/id]sys_vendor' is 'Dell Inc.'
Apr 26 08:48:39 ICTM1612S02H1 systemd-udevd[1589]: passed device to netlink monitor 0x55efe9cfb560
Apr 26 08:48:39 ICTM1612S02H1 systemd-udevd[1562]: seq 2911 queued, 'add' 'bus'
Apr 26 08:48:39 ICTM1612S02H1 systemd-udevd[1609]: value '[dmi/id]sys_vendor' is 'Dell Inc.'
Apr 26 08:48:39 ICTM1612S02H1 systemd-udevd[1589]: seq 2908 processed
Apr 26 08:48:39 ICTM1612S02H1 systemd-udevd[1562]: passed 121 byte device to netlink monitor 0x55efe9ce9f20
Apr 26 08:48:39 ICTM1612S02H1 systemd-udevd[1590]: seq 2911 running
Apr 26 08:48:39 ICTM1612S02H1 systemd-udevd[1609]: passed device to netlink monitor 0x55efe9d25950
Apr 26 08:48:39 ICTM1612S02H1 systemd-udevd[1562]: seq 2912 queued, 'add' 'drivers'
Apr 26 08:48:39 ICTM1612S02H1 systemd-udevd[1590]: value '[dmi/id]sys_vendor' is 'Dell Inc.'
Apr 26 08:48:39 ICTM1612S02H1 systemd-udevd[1609]: seq 2909 processed
Apr 26 08:48:39 ICTM1612S02H1 systemd-udevd[1562]: seq 2913 queued, 'add' 'drivers'
Apr 26 08:48:39 ICTM1612S02H1 systemd-udevd[1590]: value '[dmi/id]sys_vendor' is 'Dell Inc.'
Apr 26 08:48:39 ICTM1612S02H1 systemd-udevd[1562]: passed 141 byte device to netlink monitor 0x55efe9ce9f20
Apr 26 08:48:39 ICTM1612S02H1 systemd-udevd[1601]: seq 2910 running
Apr 26 08:48:39 ICTM1612S02H1 systemd-udevd[1601]: value '[dmi/id]sys_vendor' is 'Dell Inc.'
Apr 26 08:48:39 ICTM1612S02H1 systemd-udevd[1562]: seq 2914 queued, 'add' 'drivers'
Apr 26 08:48:39 ICTM1612S02H1 systemd-udevd[1590]: passed device to netlink monitor 0x55efe9d20030
Apr 26 08:48:39 ICTM1612S02H1 systemd-udevd[1601]: value '[dmi/id]sys_vendor' is 'Dell Inc.'
Apr 26 08:48:39 ICTM1612S02H1 systemd-udevd[1562]: seq 2915 queued, 'add' 'drivers'
Apr 26 08:48:39 ICTM1612S02H1 systemd-udevd[1590]: seq 2911 processed
Apr 26 08:48:39 ICTM1612S02H1 systemd-udevd[1601]: passed device to netlink monitor 0x55efe9d22e90
Apr 26 08:48:39 ICTM1612S02H1 systemd-udevd[1562]: seq 2916 queued, 'add' 'drivers'
Apr 26 08:48:39 ICTM1612S02H1 systemd-udevd[1601]: seq 2910 processed
Apr 26 08:48:39 ICTM1612S02H1 systemd-udevd[1562]: passed 140 byte device to netlink monitor 0x55efe9ce9f20
Apr 26 08:48:39 ICTM1612S02H1 systemd-udevd[1590]: seq 2912 running
Apr 26 08:48:39 ICTM1612S02H1 systemd-udevd[1590]: value '[dmi/id]sys_vendor' is 'Dell Inc.'
Apr 26 08:48:39 ICTM1612S02H1 systemd-udevd[1589]: seq 2913 running
Apr 26 08:48:39 ICTM1612S02H1 systemd-udevd[1589]: value '[dmi/id]sys_vendor' is 'Dell Inc.'
Apr 26 08:48:39 ICTM1612S02H1 systemd-udevd[1590]: value '[dmi/id]sys_vendor' is 'Dell Inc.'
Apr 26 08:48:39 ICTM1612S02H1 systemd-udevd[1590]: passed device to netlink monitor 0x55efe9d20030
Apr 26 08:48:39 ICTM1612S02H1 systemd-udevd[1589]: value '[dmi/id]sys_vendor' is 'Dell Inc.'
Apr 26 08:48:39 ICTM1612S02H1 systemd-udevd[1589]: passed device to netlink monitor 0x55efe9cfb560
Apr 26 08:48:39 ICTM1612S02H1 systemd-udevd[1562]: passed 142 byte device to netlink monitor 0x55efe9ce9f20
Apr 26 08:48:39 ICTM1612S02H1 systemd-udevd[1609]: seq 2914 running
Apr 26 08:48:39 ICTM1612S02H1 systemd-udevd[1590]: seq 2912 processed
Apr 26 08:48:39 ICTM1612S02H1 systemd-udevd[1562]: passed 141 byte device to netlink monitor 0x55efe9ce9f20
Apr 26 08:48:39 ICTM1612S02H1 systemd-udevd[1589]: seq 2913 processed
Apr 26 08:48:39 ICTM1612S02H1 systemd-udevd[1609]: value '[dmi/id]sys_vendor' is 'Dell Inc.'
Apr 26 08:48:39 ICTM1612S02H1 systemd-udevd[1562]: passed 142 byte device to netlink monitor 0x55efe9ce9f20
Apr 26 08:48:39 ICTM1612S02H1 systemd-udevd[1585]: seq 2915 running
Apr 26 08:48:39 ICTM1612S02H1 systemd-udevd[1585]: value '[dmi/id]sys_vendor' is 'Dell Inc.'
Apr 26 08:48:39 ICTM1612S02H1 systemd-udevd[1562]: passed 140 byte device to netlink monitor 0x55efe9ce9f20
Apr 26 08:48:39 ICTM1612S02H1 systemd-udevd[1604]: seq 2916 running
Apr 26 08:48:39 ICTM1612S02H1 systemd-udevd[1604]: value '[dmi/id]sys_vendor' is 'Dell Inc.'
Apr 26 08:48:39 ICTM1612S02H1 systemd-udevd[1585]: value '[dmi/id]sys_vendor' is 'Dell Inc.'
Apr 26 08:48:39 ICTM1612S02H1 systemd-udevd[1562]: seq 2917 queued, 'add' 'bus'
Apr 26 08:48:39 ICTM1612S02H1 systemd-udevd[1609]: value '[dmi/id]sys_vendor' is 'Dell Inc.'
Apr 26 08:48:39 ICTM1612S02H1 systemd-udevd[1609]: passed device to netlink monitor 0x55efe9d25950
Apr 26 08:48:39 ICTM1612S02H1 systemd-udevd[1562]: passed 121 byte device to netlink monitor 0x55efe9ce9f20
Apr 26 08:48:39 ICTM1612S02H1 systemd-udevd[1585]: passed device to netlink monitor 0x55efe9cff540
Apr 26 08:48:39 ICTM1612S02H1 systemd-udevd[1583]: seq 2917 running
Apr 26 08:48:39 ICTM1612S02H1 systemd-udevd[1604]: value '[dmi/id]sys_vendor' is 'Dell Inc.'
Apr 26 08:48:39 ICTM1612S02H1 systemd-udevd[1609]: seq 2914 processed
Apr 26 08:48:39 ICTM1612S02H1 systemd-udevd[1562]: seq 2918 queued, 'add' 'drivers'
Apr 26 08:48:39 ICTM1612S02H1 systemd-udevd[1585]: seq 2915 processed
Apr 26 08:48:39 ICTM1612S02H1 systemd-udevd[1583]: value '[dmi/id]sys_vendor' is 'Dell Inc.'
Apr 26 08:48:39 ICTM1612S02H1 systemd-udevd[1604]: passed device to netlink monitor 0x55efe9d23c90
Apr 26 08:48:39 ICTM1612S02H1 systemd-udevd[1562]: seq 2919 queued, 'add' 'drivers'
Apr 26 08:48:39 ICTM1612S02H1 systemd-udevd[1583]: value '[dmi/id]sys_vendor' is 'Dell Inc.'
Apr 26 08:48:39 ICTM1612S02H1 systemd-udevd[1604]: seq 2916 processed
Apr 26 08:48:39 ICTM1612S02H1 systemd-udevd[1562]: seq 2920 queued, 'add' 'drivers'
Apr 26 08:48:39 ICTM1612S02H1 systemd-udevd[1583]: passed device to netlink monitor 0x55efe9cf8f80
Apr 26 08:48:39 ICTM1612S02H1 systemd-udevd[1562]: seq 2921 queued, 'add' 'bus'
Apr 26 08:48:39 ICTM1612S02H1 systemd-udevd[1583]: seq 2917 processed
Apr 26 08:48:39 ICTM1612S02H1 systemd-udevd[1562]: passed 124 byte device to netlink monitor 0x55efe9ce9f20
Apr 26 08:48:39 ICTM1612S02H1 systemd-udevd[1590]: seq 2921 running
Apr 26 08:48:39 ICTM1612S02H1 systemd-udevd[1562]: passed 137 byte device to netlink monitor 0x55efe9ce9f20
Apr 26 08:48:39 ICTM1612S02H1 systemd-udevd[1601]: seq 2918 running
Apr 26 08:48:39 ICTM1612S02H1 systemd-udevd[1601]: value '[dmi/id]sys_vendor' is 'Dell Inc.'
Apr 26 08:48:39 ICTM1612S02H1 systemd-udevd[1562]: passed 137 byte device to netlink monitor 0x55efe9ce9f20
Apr 26 08:48:39 ICTM1612S02H1 systemd-udevd[1589]: seq 2919 running
Apr 26 08:48:39 ICTM1612S02H1 systemd-udevd[1590]: value '[dmi/id]sys_vendor' is 'Dell Inc.'
Apr 26 08:48:39 ICTM1612S02H1 systemd-udevd[1601]: value '[dmi/id]sys_vendor' is 'Dell Inc.'
Apr 26 08:48:39 ICTM1612S02H1 systemd-udevd[1601]: passed device to netlink monitor 0x55efe9d22e90
Apr 26 08:48:39 ICTM1612S02H1 systemd-udevd[1609]: seq 2920 running
Apr 26 08:48:39 ICTM1612S02H1 systemd-udevd[1589]: value '[dmi/id]sys_vendor' is 'Dell Inc.'
Apr 26 08:48:39 ICTM1612S02H1 systemd-udevd[1590]: value '[dmi/id]sys_vendor' is 'Dell Inc.'
Apr 26 08:48:39 ICTM1612S02H1 systemd-udevd[1562]: passed 139 byte device to netlink monitor 0x55efe9ce9f20
Apr 26 08:48:39 ICTM1612S02H1 systemd-udevd[1601]: seq 2918 processed
Apr 26 08:48:39 ICTM1612S02H1 systemd-udevd[1609]: value '[dmi/id]sys_vendor' is 'Dell Inc.'
Apr 26 08:48:39 ICTM1612S02H1 systemd-udevd[1589]: value '[dmi/id]sys_vendor' is 'Dell Inc.'
Apr 26 08:48:39 ICTM1612S02H1 systemd-udevd[1590]: passed device to netlink monitor 0x55efe9d20030
Apr 26 08:48:39 ICTM1612S02H1 systemd-udevd[1562]: seq 2922 queued, 'add' 'drivers'
Apr 26 08:48:39 ICTM1612S02H1 systemd-udevd[1609]: value '[dmi/id]sys_vendor' is 'Dell Inc.'
Apr 26 08:48:39 ICTM1612S02H1 systemd-udevd[1589]: passed device to netlink monitor 0x55efe9cfb560
Apr 26 08:48:39 ICTM1612S02H1 systemd-udevd[1590]: seq 2921 processed
Apr 26 08:48:39 ICTM1612S02H1 systemd-udevd[1562]: seq 2923 queued, 'add' 'drivers'
Apr 26 08:48:39 ICTM1612S02H1 systemd-udevd[1609]: passed device to netlink monitor 0x55efe9d25950
Apr 26 08:48:39 ICTM1612S02H1 systemd-udevd[1589]: seq 2919 processed
Apr 26 08:48:39 ICTM1612S02H1 systemd-udevd[1562]: passed 151 byte device to netlink monitor 0x55efe9ce9f20
Apr 26 08:48:39 ICTM1612S02H1 systemd-udevd[1601]: seq 2923 running
Apr 26 08:48:39 ICTM1612S02H1 systemd-udevd[1609]: seq 2920 processed
Apr 26 08:48:39 ICTM1612S02H1 systemd-udevd[1562]: passed 147 byte device to netlink monitor 0x55efe9ce9f20
Apr 26 08:48:39 ICTM1612S02H1 systemd-udevd[1590]: seq 2922 running
Apr 26 08:48:39 ICTM1612S02H1 systemd-udevd[1590]: value '[dmi/id]sys_vendor' is 'Dell Inc.'
Apr 26 08:48:39 ICTM1612S02H1 systemd-udevd[1562]: seq 2924 queued, 'add' 'drivers'
Apr 26 08:48:39 ICTM1612S02H1 systemd-udevd[1601]: value '[dmi/id]sys_vendor' is 'Dell Inc.'
Apr 26 08:48:39 ICTM1612S02H1 systemd-udevd[1590]: value '[dmi/id]sys_vendor' is 'Dell Inc.'
Apr 26 08:48:39 ICTM1612S02H1 systemd-udevd[1590]: passed device to netlink monitor 0x55efe9d20030
Apr 26 08:48:39 ICTM1612S02H1 systemd-udevd[1585]: seq 2924 running
Apr 26 08:48:39 ICTM1612S02H1 systemd-udevd[1585]: value '[dmi/id]sys_vendor' is 'Dell Inc.'
Apr 26 08:48:39 ICTM1612S02H1 systemd-udevd[1590]: seq 2922 processed
Apr 26 08:48:39 ICTM1612S02H1 systemd-udevd[1562]: passed 151 byte device to netlink monitor 0x55efe9ce9f20
Apr 26 08:48:39 ICTM1612S02H1 systemd-udevd[1601]: value '[dmi/id]sys_vendor' is 'Dell Inc.'
Apr 26 08:48:39 ICTM1612S02H1 systemd-udevd[1585]: value '[dmi/id]sys_vendor' is 'Dell Inc.'
Apr 26 08:48:39 ICTM1612S02H1 systemd-udevd[1562]: seq 2925 queued, 'add' 'drivers'
Apr 26 08:48:39 ICTM1612S02H1 systemd-udevd[1601]: passed device to netlink monitor 0x55efe9d22e90
Apr 26 08:48:39 ICTM1612S02H1 systemd-udevd[1585]: passed device to netlink monitor 0x55efe9cff540
Apr 26 08:48:39 ICTM1612S02H1 systemd-udevd[1562]: passed 147 byte device to netlink monitor 0x55efe9ce9f20
Apr 26 08:48:39 ICTM1612S02H1 systemd-udevd[1590]: seq 2925 running
Apr 26 08:48:39 ICTM1612S02H1 systemd-udevd[1601]: seq 2923 processed
Apr 26 08:48:39 ICTM1612S02H1 systemd-udevd[1585]: seq 2924 processed
Apr 26 08:48:39 ICTM1612S02H1 systemd-udevd[1562]: seq 2926 queued, 'add' 'drivers'
Apr 26 08:48:39 ICTM1612S02H1 systemd-udevd[1590]: value '[dmi/id]sys_vendor' is 'Dell Inc.'
Apr 26 08:48:39 ICTM1612S02H1 systemd-udevd[1562]: passed 156 byte device to netlink monitor 0x55efe9ce9f20
Apr 26 08:48:39 ICTM1612S02H1 systemd-udevd[1589]: seq 2926 running
Apr 26 08:48:39 ICTM1612S02H1 systemd-udevd[1590]: value '[dmi/id]sys_vendor' is 'Dell Inc.'
Apr 26 08:48:39 ICTM1612S02H1 systemd-udevd[1562]: seq 2927 queued, 'add' 'bus'
Apr 26 08:48:39 ICTM1612S02H1 systemd-udevd[1589]: value '[dmi/id]sys_vendor' is 'Dell Inc.'
Apr 26 08:48:39 ICTM1612S02H1 systemd-udevd[1590]: passed device to netlink monitor 0x55efe9d20030
Apr 26 08:48:39 ICTM1612S02H1 systemd-udevd[1562]: passed 121 byte device to netlink monitor 0x55efe9ce9f20
Apr 26 08:48:39 ICTM1612S02H1 systemd-udevd[1601]: seq 2927 running
Apr 26 08:48:39 ICTM1612S02H1 systemd-udevd[1601]: value '[dmi/id]sys_vendor' is 'Dell Inc.'
Apr 26 08:48:39 ICTM1612S02H1 systemd-udevd[1590]: seq 2925 processed
Apr 26 08:48:39 ICTM1612S02H1 systemd-udevd[1562]: seq 2928 queued, 'add' 'bus'
Apr 26 08:48:39 ICTM1612S02H1 systemd-udevd[1589]: value '[dmi/id]sys_vendor' is 'Dell Inc.'
Apr 26 08:48:39 ICTM1612S02H1 systemd-udevd[1601]: value '[dmi/id]sys_vendor' is 'Dell Inc.'
Apr 26 08:48:39 ICTM1612S02H1 systemd-udevd[1562]: passed 127 byte device to netlink monitor 0x55efe9ce9f20
Apr 26 08:48:39 ICTM1612S02H1 systemd-udevd[1609]: seq 2928 running
Apr 26 08:48:39 ICTM1612S02H1 systemd-udevd[1589]: passed device to netlink monitor 0x55efe9cfb560
Apr 26 08:48:39 ICTM1612S02H1 systemd-udevd[1601]: passed device to netlink monitor 0x55efe9d22e90
Apr 26 08:48:39 ICTM1612S02H1 systemd-udevd[1562]: seq 2929 queued, 'add' 'bus'
Apr 26 08:48:39 ICTM1612S02H1 systemd-udevd[1590]: seq 2929 running
Apr 26 08:48:39 ICTM1612S02H1 systemd-udevd[1589]: seq 2926 processed
Apr 26 08:48:39 ICTM1612S02H1 systemd-udevd[1601]: seq 2927 processed
Apr 26 08:48:39 ICTM1612S02H1 systemd-udevd[1562]: passed 121 byte device to netlink monitor 0x55efe9ce9f20
Apr 26 08:48:39 ICTM1612S02H1 systemd-udevd[1609]: value '[dmi/id]sys_vendor' is 'Dell Inc.'
Apr 26 08:48:39 ICTM1612S02H1 systemd-udevd[1590]: value '[dmi/id]sys_vendor' is 'Dell Inc.'
Apr 26 08:48:39 ICTM1612S02H1 systemd-udevd[1562]: seq 2930 queued, 'add' 'bus'
Apr 26 08:48:39 ICTM1612S02H1 systemd-udevd[1609]: value '[dmi/id]sys_vendor' is 'Dell Inc.'
Apr 26 08:48:39 ICTM1612S02H1 systemd-udevd[1590]: value '[dmi/id]sys_vendor' is 'Dell Inc.'
Apr 26 08:48:39 ICTM1612S02H1 systemd-udevd[1562]: passed 129 byte device to netlink monitor 0x55efe9ce9f20
Apr 26 08:48:39 ICTM1612S02H1 systemd-udevd[1601]: seq 2930 running
Apr 26 08:48:39 ICTM1612S02H1 systemd-udevd[1601]: value '[dmi/id]sys_vendor' is 'Dell Inc.'
Apr 26 08:48:39 ICTM1612S02H1 systemd-udevd[1590]: passed device to netlink monitor 0x55efe9d20030
Apr 26 08:48:39 ICTM1612S02H1 systemd-udevd[1562]: seq 2931 queued, 'add' 'module'
Apr 26 08:48:39 ICTM1612S02H1 systemd-udevd[1609]: passed device to netlink monitor 0x55efe9d25950
Apr 26 08:48:39 ICTM1612S02H1 systemd-udevd[1601]: value '[dmi/id]sys_vendor' is 'Dell Inc.'
Apr 26 08:48:39 ICTM1612S02H1 systemd-udevd[1601]: passed device to netlink monitor 0x55efe9d22e90
Apr 26 08:48:39 ICTM1612S02H1 systemd-udevd[1562]: passed 128 byte device to netlink monitor 0x55efe9ce9f20
Apr 26 08:48:39 ICTM1612S02H1 systemd-udevd[1589]: seq 2931 running
Apr 26 08:48:39 ICTM1612S02H1 systemd-udevd[1609]: seq 2928 processed
Apr 26 08:48:39 ICTM1612S02H1 systemd-udevd[1601]: seq 2930 processed
Apr 26 08:48:39 ICTM1612S02H1 systemd-udevd[1590]: seq 2929 processed
Apr 26 08:48:39 ICTM1612S02H1 systemd-udevd[1562]: seq 2932 queued, 'add' 'module'
Apr 26 08:48:39 ICTM1612S02H1 systemd-udevd[1585]: seq 2932 running
Apr 26 08:48:39 ICTM1612S02H1 systemd-udevd[1562]: passed 128 byte device to netlink monitor 0x55efe9ce9f20
Apr 26 08:48:39 ICTM1612S02H1 systemd-udevd[1589]: value '[dmi/id]sys_vendor' is 'Dell Inc.'
Apr 26 08:48:39 ICTM1612S02H1 systemd-udevd[1585]: value '[dmi/id]sys_vendor' is 'Dell Inc.'
Apr 26 08:48:39 ICTM1612S02H1 systemd-udevd[1562]: seq 2933 queued, 'add' 'module'
Apr 26 08:48:39 ICTM1612S02H1 systemd-udevd[1589]: value '[dmi/id]sys_vendor' is 'Dell Inc.'
Apr 26 08:48:39 ICTM1612S02H1 systemd-udevd[1585]: value '[dmi/id]sys_vendor' is 'Dell Inc.'
Apr 26 08:48:39 ICTM1612S02H1 systemd-udevd[1585]: passed device to netlink monitor 0x55efe9cff540
Apr 26 08:48:39 ICTM1612S02H1 systemd-udevd[1590]: seq 2933 running
Apr 26 08:48:39 ICTM1612S02H1 systemd-udevd[1589]: passed device to netlink monitor 0x55efe9cfb560
Apr 26 08:48:39 ICTM1612S02H1 systemd-udevd[1585]: seq 2932 processed
Apr 26 08:48:39 ICTM1612S02H1 systemd-udevd[1562]: passed 136 byte device to netlink monitor 0x55efe9ce9f20
Apr 26 08:48:39 ICTM1612S02H1 systemd-udevd[1590]: value '[dmi/id]sys_vendor' is 'Dell Inc.'
Apr 26 08:48:39 ICTM1612S02H1 systemd-udevd[1589]: seq 2931 processed
Apr 26 08:48:39 ICTM1612S02H1 systemd-udevd[1562]: seq 2934 queued, 'add' 'module'
Apr 26 08:48:39 ICTM1612S02H1 systemd-udevd[1590]: value '[dmi/id]sys_vendor' is 'Dell Inc.'
Apr 26 08:48:39 ICTM1612S02H1 systemd-udevd[1562]: passed 131 byte device to netlink monitor 0x55efe9ce9f20
Apr 26 08:48:39 ICTM1612S02H1 systemd-udevd[1601]: seq 2934 running
Apr 26 08:48:39 ICTM1612S02H1 systemd-udevd[1590]: passed device to netlink monitor 0x55efe9d20030
Apr 26 08:48:39 ICTM1612S02H1 systemd-udevd[1562]: seq 2935 queued, 'add' 'module'
Apr 26 08:48:39 ICTM1612S02H1 systemd-udevd[1601]: value '[dmi/id]sys_vendor' is 'Dell Inc.'
Apr 26 08:48:39 ICTM1612S02H1 systemd-udevd[1590]: seq 2933 processed
Apr 26 08:48:39 ICTM1612S02H1 systemd-udevd[1562]: passed 132 byte device to netlink monitor 0x55efe9ce9f20
Apr 26 08:48:39 ICTM1612S02H1 systemd-udevd[1589]: seq 2935 running
Apr 26 08:48:39 ICTM1612S02H1 systemd-udevd[1601]: value '[dmi/id]sys_vendor' is 'Dell Inc.'
Apr 26 08:48:39 ICTM1612S02H1 systemd-udevd[1601]: passed device to netlink monitor 0x55efe9d22e90
Apr 26 08:48:39 ICTM1612S02H1 systemd-udevd[1589]: value '[dmi/id]sys_vendor' is 'Dell Inc.'
Apr 26 08:48:39 ICTM1612S02H1 systemd-udevd[1601]: seq 2934 processed
Apr 26 08:48:39 ICTM1612S02H1 systemd-udevd[1562]: seq 2936 queued, 'add' 'module'
Apr 26 08:48:39 ICTM1612S02H1 systemd-udevd[1589]: value '[dmi/id]sys_vendor' is 'Dell Inc.'
Apr 26 08:48:39 ICTM1612S02H1 systemd-udevd[1562]: passed 136 byte device to netlink monitor 0x55efe9ce9f20
Apr 26 08:48:39 ICTM1612S02H1 systemd-udevd[1590]: seq 2936 running
Apr 26 08:48:39 ICTM1612S02H1 systemd-udevd[1589]: passed device to netlink monitor 0x55efe9cfb560
Apr 26 08:48:39 ICTM1612S02H1 systemd-udevd[1562]: seq 2937 queued, 'add' 'module'
Apr 26 08:48:39 ICTM1612S02H1 systemd-udevd[1590]: value '[dmi/id]sys_vendor' is 'Dell Inc.'
Apr 26 08:48:39 ICTM1612S02H1 systemd-udevd[1589]: seq 2935 processed
Apr 26 08:48:39 ICTM1612S02H1 systemd-udevd[1562]: passed 132 byte device to netlink monitor 0x55efe9ce9f20
Apr 26 08:48:39 ICTM1612S02H1 systemd-udevd[1601]: seq 2937 running
Apr 26 08:48:39 ICTM1612S02H1 systemd-udevd[1601]: value '[dmi/id]sys_vendor' is 'Dell Inc.'
Apr 26 08:48:39 ICTM1612S02H1 systemd-udevd[1562]: seq 2938 queued, 'add' 'module'
Apr 26 08:48:39 ICTM1612S02H1 systemd-udevd[1590]: value '[dmi/id]sys_vendor' is 'Dell Inc.'
Apr 26 08:48:39 ICTM1612S02H1 systemd-udevd[1590]: passed device to netlink monitor 0x55efe9d20030
Apr 26 08:48:39 ICTM1612S02H1 systemd-udevd[1562]: passed 141 byte device to netlink monitor 0x55efe9ce9f20
Apr 26 08:48:39 ICTM1612S02H1 systemd-udevd[1589]: seq 2938 running
Apr 26 08:48:39 ICTM1612S02H1 systemd-udevd[1590]: seq 2936 processed
Apr 26 08:48:39 ICTM1612S02H1 systemd-udevd[1601]: value '[dmi/id]sys_vendor' is 'Dell Inc.'
Apr 26 08:48:39 ICTM1612S02H1 systemd-udevd[1562]: seq 2939 queued, 'add' 'module'
Apr 26 08:48:39 ICTM1612S02H1 systemd-udevd[1589]: value '[dmi/id]sys_vendor' is 'Dell Inc.'
Apr 26 08:48:39 ICTM1612S02H1 systemd-udevd[1601]: passed device to netlink monitor 0x55efe9d22e90
Apr 26 08:48:39 ICTM1612S02H1 systemd-udevd[1562]: passed 132 byte device to netlink monitor 0x55efe9ce9f20
Apr 26 08:48:39 ICTM1612S02H1 systemd-udevd[1609]: seq 2939 running
Apr 26 08:48:39 ICTM1612S02H1 systemd-udevd[1589]: value '[dmi/id]sys_vendor' is 'Dell Inc.'
Apr 26 08:48:39 ICTM1612S02H1 systemd-udevd[1601]: seq 2937 processed
Apr 26 08:48:39 ICTM1612S02H1 systemd-udevd[1562]: seq 2940 queued, 'add' 'module'
Apr 26 08:48:39 ICTM1612S02H1 systemd-udevd[1609]: value '[dmi/id]sys_vendor' is 'Dell Inc.'
Apr 26 08:48:39 ICTM1612S02H1 systemd-udevd[1589]: passed device to netlink monitor 0x55efe9cfb560
Apr 26 08:48:39 ICTM1612S02H1 systemd-udevd[1562]: passed 133 byte device to netlink monitor 0x55efe9ce9f20
Apr 26 08:48:39 ICTM1612S02H1 systemd-udevd[1590]: seq 2940 running
Apr 26 08:48:39 ICTM1612S02H1 systemd-udevd[1609]: value '[dmi/id]sys_vendor' is 'Dell Inc.'
Apr 26 08:48:39 ICTM1612S02H1 systemd-udevd[1589]: seq 2938 processed
Apr 26 08:48:39 ICTM1612S02H1 systemd-udevd[1562]: seq 2941 queued, 'add' 'module'
Apr 26 08:48:39 ICTM1612S02H1 systemd-udevd[1590]: value '[dmi/id]sys_vendor' is 'Dell Inc.'
Apr 26 08:48:39 ICTM1612S02H1 systemd-udevd[1609]: passed device to netlink monitor 0x55efe9d25950
Apr 26 08:48:39 ICTM1612S02H1 systemd-udevd[1562]: passed 135 byte device to netlink monitor 0x55efe9ce9f20
Apr 26 08:48:39 ICTM1612S02H1 systemd-udevd[1601]: seq 2941 running
Apr 26 08:48:39 ICTM1612S02H1 systemd-udevd[1590]: value '[dmi/id]sys_vendor' is 'Dell Inc.'
Apr 26 08:48:39 ICTM1612S02H1 systemd-udevd[1609]: seq 2939 processed
Apr 26 08:48:39 ICTM1612S02H1 systemd-udevd[1562]: seq 2942 queued, 'add' 'module'
Apr 26 08:48:39 ICTM1612S02H1 systemd-udevd[1601]: value '[dmi/id]sys_vendor' is 'Dell Inc.'
Apr 26 08:48:39 ICTM1612S02H1 systemd-udevd[1590]: passed device to netlink monitor 0x55efe9d20030
Apr 26 08:48:39 ICTM1612S02H1 systemd-udevd[1562]: passed 132 byte device to netlink monitor 0x55efe9ce9f20
Apr 26 08:48:39 ICTM1612S02H1 systemd-udevd[1589]: seq 2942 running
Apr 26 08:48:39 ICTM1612S02H1 systemd-udevd[1601]: value '[dmi/id]sys_vendor' is 'Dell Inc.'
Apr 26 08:48:39 ICTM1612S02H1 systemd-udevd[1590]: seq 2940 processed
Apr 26 08:48:39 ICTM1612S02H1 systemd-udevd[1562]: seq 2943 queued, 'add' 'module'
Apr 26 08:48:39 ICTM1612S02H1 systemd-udevd[1589]: value '[dmi/id]sys_vendor' is 'Dell Inc.'
Apr 26 08:48:39 ICTM1612S02H1 systemd-udevd[1601]: passed device to netlink monitor 0x55efe9d22e90
Apr 26 08:48:39 ICTM1612S02H1 systemd-udevd[1562]: passed 131 byte device to netlink monitor 0x55efe9ce9f20
Apr 26 08:48:39 ICTM1612S02H1 systemd-udevd[1609]: seq 2943 running
Apr 26 08:48:39 ICTM1612S02H1 systemd-udevd[1589]: value '[dmi/id]sys_vendor' is 'Dell Inc.'
Apr 26 08:48:39 ICTM1612S02H1 systemd-udevd[1601]: seq 2941 processed
Apr 26 08:48:39 ICTM1612S02H1 systemd-udevd[1562]: seq 2944 queued, 'add' 'module'
Apr 26 08:48:39 ICTM1612S02H1 systemd-udevd[1609]: value '[dmi/id]sys_vendor' is 'Dell Inc.'
Apr 26 08:48:39 ICTM1612S02H1 systemd-udevd[1589]: passed device to netlink monitor 0x55efe9cfb560
Apr 26 08:48:39 ICTM1612S02H1 systemd-udevd[1562]: passed 131 byte device to netlink monitor 0x55efe9ce9f20
Apr 26 08:48:39 ICTM1612S02H1 systemd-udevd[1590]: seq 2944 running
Apr 26 08:48:39 ICTM1612S02H1 systemd-udevd[1609]: value '[dmi/id]sys_vendor' is 'Dell Inc.'
Apr 26 08:48:39 ICTM1612S02H1 systemd-udevd[1589]: seq 2942 processed
Apr 26 08:48:39 ICTM1612S02H1 systemd-udevd[1562]: seq 2945 queued, 'add' 'module'
Apr 26 08:48:39 ICTM1612S02H1 systemd-udevd[1590]: value '[dmi/id]sys_vendor' is 'Dell Inc.'
Apr 26 08:48:39 ICTM1612S02H1 systemd-udevd[1590]: value '[dmi/id]sys_vendor' is 'Dell Inc.'
Apr 26 08:48:39 ICTM1612S02H1 systemd-udevd[1562]: passed 129 byte device to netlink monitor 0x55efe9ce9f20
Apr 26 08:48:39 ICTM1612S02H1 systemd-udevd[1601]: seq 2945 running
Apr 26 08:48:39 ICTM1612S02H1 systemd-udevd[1601]: value '[dmi/id]sys_vendor' is 'Dell Inc.'
Apr 26 08:48:39 ICTM1612S02H1 systemd-udevd[1590]: passed device to netlink monitor 0x55efe9d20030
Apr 26 08:48:39 ICTM1612S02H1 systemd-udevd[1562]: seq 2946 queued, 'add' 'module'
Apr 26 08:48:39 ICTM1612S02H1 systemd-udevd[1609]: passed device to netlink monitor 0x55efe9d25950
Apr 26 08:48:39 ICTM1612S02H1 systemd-udevd[1601]: value '[dmi/id]sys_vendor' is 'Dell Inc.'
Apr 26 08:48:39 ICTM1612S02H1 systemd-udevd[1590]: seq 2944 processed
Apr 26 08:48:39 ICTM1612S02H1 systemd-udevd[1562]: passed 127 byte device to netlink monitor 0x55efe9ce9f20
Apr 26 08:48:39 ICTM1612S02H1 systemd-udevd[1589]: seq 2946 running
Apr 26 08:48:39 ICTM1612S02H1 systemd-udevd[1609]: seq 2943 processed
Apr 26 08:48:39 ICTM1612S02H1 systemd-udevd[1601]: ATTR '/sys/module/block/parameters/events_dfl_poll_msecs' writing '2000' /lib/udev/rules.d/60-block.rules:5
Apr 26 08:48:39 ICTM1612S02H1 systemd-udevd[1601]: passed device to netlink monitor 0x55efe9d22e90
Apr 26 08:48:39 ICTM1612S02H1 systemd-udevd[1589]: value '[dmi/id]sys_vendor' is 'Dell Inc.'
Apr 26 08:48:39 ICTM1612S02H1 systemd-udevd[1601]: seq 2945 processed
Apr 26 08:48:39 ICTM1612S02H1 systemd-udevd[1562]: seq 2947 queued, 'add' 'module'
Apr 26 08:48:39 ICTM1612S02H1 systemd-udevd[1589]: value '[dmi/id]sys_vendor' is 'Dell Inc.'
Apr 26 08:48:39 ICTM1612S02H1 systemd-udevd[1562]: passed 129 byte device to netlink monitor 0x55efe9ce9f20
Apr 26 08:48:39 ICTM1612S02H1 systemd-udevd[1590]: seq 2947 running
Apr 26 08:48:39 ICTM1612S02H1 systemd-udevd[1589]: passed device to netlink monitor 0x55efe9cfb560
Apr 26 08:48:39 ICTM1612S02H1 systemd-udevd[1562]: seq 2948 queued, 'add' 'module'
Apr 26 08:48:39 ICTM1612S02H1 systemd-udevd[1590]: value '[dmi/id]sys_vendor' is 'Dell Inc.'
Apr 26 08:48:39 ICTM1612S02H1 systemd-udevd[1589]: seq 2946 processed
Apr 26 08:48:39 ICTM1612S02H1 systemd-udevd[1562]: passed 128 byte device to netlink monitor 0x55efe9ce9f20
Apr 26 08:48:39 ICTM1612S02H1 systemd-udevd[1601]: seq 2948 running
Apr 26 08:48:39 ICTM1612S02H1 systemd-udevd[1590]: value '[dmi/id]sys_vendor' is 'Dell Inc.'
Apr 26 08:48:39 ICTM1612S02H1 systemd-udevd[1562]: seq 2949 queued, 'add' 'module'
Apr 26 08:48:39 ICTM1612S02H1 systemd-udevd[1601]: value '[dmi/id]sys_vendor' is 'Dell Inc.'
Apr 26 08:48:39 ICTM1612S02H1 systemd-udevd[1590]: passed device to netlink monitor 0x55efe9d20030
Apr 26 08:48:39 ICTM1612S02H1 systemd-udevd[1562]: passed 131 byte device to netlink monitor 0x55efe9ce9f20
Apr 26 08:48:39 ICTM1612S02H1 systemd-udevd[1589]: seq 2949 running
Apr 26 08:48:39 ICTM1612S02H1 systemd-udevd[1601]: value '[dmi/id]sys_vendor' is 'Dell Inc.'
Apr 26 08:48:39 ICTM1612S02H1 systemd-udevd[1590]: seq 2947 processed
Apr 26 08:48:39 ICTM1612S02H1 systemd-udevd[1562]: seq 2950 queued, 'add' 'module'
Apr 26 08:48:39 ICTM1612S02H1 systemd-udevd[1589]: value '[dmi/id]sys_vendor' is 'Dell Inc.'
Apr 26 08:48:39 ICTM1612S02H1 systemd-udevd[1601]: passed device to netlink monitor 0x55efe9d22e90
Apr 26 08:48:39 ICTM1612S02H1 systemd-udevd[1562]: passed 134 byte device to netlink monitor 0x55efe9ce9f20
Apr 26 08:48:39 ICTM1612S02H1 systemd-udevd[1609]: seq 2950 running
Apr 26 08:48:39 ICTM1612S02H1 systemd-udevd[1589]: value '[dmi/id]sys_vendor' is 'Dell Inc.'
Apr 26 08:48:39 ICTM1612S02H1 systemd-udevd[1601]: seq 2948 processed
Apr 26 08:48:39 ICTM1612S02H1 systemd-udevd[1562]: seq 2951 queued, 'add' 'module'
Apr 26 08:48:39 ICTM1612S02H1 systemd-udevd[1609]: value '[dmi/id]sys_vendor' is 'Dell Inc.'
Apr 26 08:48:39 ICTM1612S02H1 systemd-udevd[1589]: passed device to netlink monitor 0x55efe9cfb560
Apr 26 08:48:39 ICTM1612S02H1 systemd-udevd[1562]: passed 130 byte device to netlink monitor 0x55efe9ce9f20
Apr 26 08:48:39 ICTM1612S02H1 systemd-udevd[1590]: seq 2951 running
Apr 26 08:48:39 ICTM1612S02H1 systemd-udevd[1609]: value '[dmi/id]sys_vendor' is 'Dell Inc.'
Apr 26 08:48:39 ICTM1612S02H1 systemd-udevd[1589]: seq 2949 processed
Apr 26 08:48:39 ICTM1612S02H1 systemd-udevd[1562]: seq 2952 queued, 'add' 'module'
Apr 26 08:48:39 ICTM1612S02H1 systemd-udevd[1590]: value '[dmi/id]sys_vendor' is 'Dell Inc.'
Apr 26 08:48:39 ICTM1612S02H1 systemd-udevd[1609]: passed device to netlink monitor 0x55efe9d25950
Apr 26 08:48:39 ICTM1612S02H1 systemd-udevd[1562]: passed 136 byte device to netlink monitor 0x55efe9ce9f20
Apr 26 08:48:39 ICTM1612S02H1 systemd-udevd[1601]: seq 2952 running
Apr 26 08:48:39 ICTM1612S02H1 systemd-udevd[1590]: value '[dmi/id]sys_vendor' is 'Dell Inc.'
Apr 26 08:48:39 ICTM1612S02H1 systemd-udevd[1590]: passed device to netlink monitor 0x55efe9d20030
Apr 26 08:48:39 ICTM1612S02H1 systemd-udevd[1562]: seq 2953 queued, 'add' 'module'
Apr 26 08:48:39 ICTM1612S02H1 systemd-udevd[1601]: value '[dmi/id]sys_vendor' is 'Dell Inc.'
Apr 26 08:48:39 ICTM1612S02H1 systemd-udevd[1590]: seq 2951 processed
Apr 26 08:48:39 ICTM1612S02H1 systemd-udevd[1609]: seq 2950 processed
Apr 26 08:48:39 ICTM1612S02H1 systemd-udevd[1562]: passed 136 byte device to netlink monitor 0x55efe9ce9f20
Apr 26 08:48:39 ICTM1612S02H1 systemd-udevd[1589]: seq 2953 running
Apr 26 08:48:39 ICTM1612S02H1 systemd-udevd[1601]: value '[dmi/id]sys_vendor' is 'Dell Inc.'
Apr 26 08:48:39 ICTM1612S02H1 systemd-udevd[1601]: passed device to netlink monitor 0x55efe9d22e90
Apr 26 08:48:39 ICTM1612S02H1 systemd-udevd[1589]: value '[dmi/id]sys_vendor' is 'Dell Inc.'
Apr 26 08:48:39 ICTM1612S02H1 systemd-udevd[1601]: seq 2952 processed
Apr 26 08:48:39 ICTM1612S02H1 systemd-udevd[1562]: seq 2954 queued, 'add' 'module'
Apr 26 08:48:39 ICTM1612S02H1 systemd-udevd[1589]: value '[dmi/id]sys_vendor' is 'Dell Inc.'
Apr 26 08:48:39 ICTM1612S02H1 systemd-udevd[1562]: passed 137 byte device to netlink monitor 0x55efe9ce9f20
Apr 26 08:48:39 ICTM1612S02H1 systemd-udevd[1590]: seq 2954 running
Apr 26 08:48:39 ICTM1612S02H1 systemd-udevd[1590]: value '[dmi/id]sys_vendor' is 'Dell Inc.'
Apr 26 08:48:39 ICTM1612S02H1 systemd-udevd[1562]: seq 2955 queued, 'add' 'module'
Apr 26 08:48:39 ICTM1612S02H1 systemd-udevd[1589]: passed device to netlink monitor 0x55efe9cfb560
Apr 26 08:48:39 ICTM1612S02H1 systemd-udevd[1590]: value '[dmi/id]sys_vendor' is 'Dell Inc.'
Apr 26 08:48:39 ICTM1612S02H1 systemd-udevd[1562]: passed 127 byte device to netlink monitor 0x55efe9ce9f20
Apr 26 08:48:39 ICTM1612S02H1 systemd-udevd[1601]: seq 2955 running
Apr 26 08:48:39 ICTM1612S02H1 systemd-udevd[1589]: seq 2953 processed
Apr 26 08:48:39 ICTM1612S02H1 systemd-udevd[1590]: passed device to netlink monitor 0x55efe9d20030
Apr 26 08:48:39 ICTM1612S02H1 systemd-udevd[1562]: seq 2956 queued, 'add' 'module'
Apr 26 08:48:39 ICTM1612S02H1 systemd-udevd[1601]: value '[dmi/id]sys_vendor' is 'Dell Inc.'
Apr 26 08:48:39 ICTM1612S02H1 systemd-udevd[1590]: seq 2954 processed
Apr 26 08:48:39 ICTM1612S02H1 systemd-udevd[1562]: passed 131 byte device to netlink monitor 0x55efe9ce9f20
Apr 26 08:48:39 ICTM1612S02H1 systemd-udevd[1609]: seq 2956 running
Apr 26 08:48:39 ICTM1612S02H1 systemd-udevd[1601]: value '[dmi/id]sys_vendor' is 'Dell Inc.'
Apr 26 08:48:39 ICTM1612S02H1 systemd-udevd[1562]: seq 2957 queued, 'add' 'module'
Apr 26 08:48:39 ICTM1612S02H1 systemd-udevd[1609]: value '[dmi/id]sys_vendor' is 'Dell Inc.'
Apr 26 08:48:39 ICTM1612S02H1 systemd-udevd[1601]: passed device to netlink monitor 0x55efe9d22e90
Apr 26 08:48:39 ICTM1612S02H1 systemd-udevd[1562]: passed 132 byte device to netlink monitor 0x55efe9ce9f20
Apr 26 08:48:39 ICTM1612S02H1 systemd-udevd[1590]: seq 2957 running
Apr 26 08:48:39 ICTM1612S02H1 systemd-udevd[1609]: value '[dmi/id]sys_vendor' is 'Dell Inc.'
Apr 26 08:48:39 ICTM1612S02H1 systemd-udevd[1601]: seq 2955 processed
Apr 26 08:48:39 ICTM1612S02H1 systemd-udevd[1562]: seq 2958 queued, 'add' 'module'
Apr 26 08:48:39 ICTM1612S02H1 systemd-udevd[1590]: value '[dmi/id]sys_vendor' is 'Dell Inc.'
Apr 26 08:48:39 ICTM1612S02H1 systemd-udevd[1609]: passed device to netlink monitor 0x55efe9d25950
Apr 26 08:48:39 ICTM1612S02H1 systemd-udevd[1562]: passed 128 byte device to netlink monitor 0x55efe9ce9f20
Apr 26 08:48:39 ICTM1612S02H1 systemd-udevd[1589]: seq 2958 running
Apr 26 08:48:39 ICTM1612S02H1 systemd-udevd[1590]: value '[dmi/id]sys_vendor' is 'Dell Inc.'
Apr 26 08:48:39 ICTM1612S02H1 systemd-udevd[1609]: seq 2956 processed
Apr 26 08:48:39 ICTM1612S02H1 systemd-udevd[1562]: seq 2959 queued, 'add' 'module'
Apr 26 08:48:39 ICTM1612S02H1 systemd-udevd[1589]: value '[dmi/id]sys_vendor' is 'Dell Inc.'
Apr 26 08:48:39 ICTM1612S02H1 systemd-udevd[1590]: passed device to netlink monitor 0x55efe9d20030
Apr 26 08:48:39 ICTM1612S02H1 systemd-udevd[1562]: passed 138 byte device to netlink monitor 0x55efe9ce9f20
Apr 26 08:48:39 ICTM1612S02H1 systemd-udevd[1601]: seq 2959 running
Apr 26 08:48:39 ICTM1612S02H1 systemd-udevd[1601]: value '[dmi/id]sys_vendor' is 'Dell Inc.'
Apr 26 08:48:39 ICTM1612S02H1 systemd-udevd[1590]: seq 2957 processed
Apr 26 08:48:39 ICTM1612S02H1 systemd-udevd[1562]: seq 2960 queued, 'add' 'module'
Apr 26 08:48:39 ICTM1612S02H1 systemd-udevd[1589]: value '[dmi/id]sys_vendor' is 'Dell Inc.'
Apr 26 08:48:39 ICTM1612S02H1 systemd-udevd[1601]: value '[dmi/id]sys_vendor' is 'Dell Inc.'
Apr 26 08:48:39 ICTM1612S02H1 systemd-udevd[1562]: passed 128 byte device to netlink monitor 0x55efe9ce9f20
Apr 26 08:48:39 ICTM1612S02H1 systemd-udevd[1609]: seq 2960 running
Apr 26 08:48:39 ICTM1612S02H1 systemd-udevd[1589]: passed device to netlink monitor 0x55efe9cfb560
Apr 26 08:48:39 ICTM1612S02H1 systemd-udevd[1601]: passed device to netlink monitor 0x55efe9d22e90
Apr 26 08:48:39 ICTM1612S02H1 systemd-udevd[1562]: seq 2961 queued, 'add' 'module'
Apr 26 08:48:39 ICTM1612S02H1 systemd-udevd[1609]: value '[dmi/id]sys_vendor' is 'Dell Inc.'
Apr 26 08:48:39 ICTM1612S02H1 systemd-udevd[1589]: seq 2958 processed
Apr 26 08:48:39 ICTM1612S02H1 systemd-udevd[1601]: seq 2959 processed
Apr 26 08:48:39 ICTM1612S02H1 systemd-udevd[1562]: passed 128 byte device to netlink monitor 0x55efe9ce9f20
Apr 26 08:48:39 ICTM1612S02H1 systemd-udevd[1590]: seq 2961 running
Apr 26 08:48:39 ICTM1612S02H1 systemd-udevd[1590]: value '[dmi/id]sys_vendor' is 'Dell Inc.'
Apr 26 08:48:39 ICTM1612S02H1 systemd-udevd[1562]: seq 2962 queued, 'add' 'module'
Apr 26 08:48:39 ICTM1612S02H1 systemd-udevd[1609]: value '[dmi/id]sys_vendor' is 'Dell Inc.'
Apr 26 08:48:39 ICTM1612S02H1 systemd-udevd[1590]: value '[dmi/id]sys_vendor' is 'Dell Inc.'
Apr 26 08:48:39 ICTM1612S02H1 systemd-udevd[1562]: passed 129 byte device to netlink monitor 0x55efe9ce9f20
Apr 26 08:48:39 ICTM1612S02H1 systemd-udevd[1601]: seq 2962 running
Apr 26 08:48:39 ICTM1612S02H1 systemd-udevd[1601]: value '[dmi/id]sys_vendor' is 'Dell Inc.'
Apr 26 08:48:39 ICTM1612S02H1 systemd-udevd[1590]: created db file '/run/udev/data/+module:fuse' for '/module/fuse'
Apr 26 08:48:39 ICTM1612S02H1 systemd-udevd[1562]: seq 2963 queued, 'add' 'module'
Apr 26 08:48:39 ICTM1612S02H1 systemd-udevd[1609]: passed device to netlink monitor 0x55efe9d25950
Apr 26 08:48:39 ICTM1612S02H1 systemd-udevd[1601]: value '[dmi/id]sys_vendor' is 'Dell Inc.'
Apr 26 08:48:39 ICTM1612S02H1 systemd-udevd[1601]: passed device to netlink monitor 0x55efe9d22e90
Apr 26 08:48:39 ICTM1612S02H1 systemd-udevd[1562]: passed 131 byte device to netlink monitor 0x55efe9ce9f20
Apr 26 08:48:39 ICTM1612S02H1 systemd-udevd[1589]: seq 2963 running
Apr 26 08:48:39 ICTM1612S02H1 systemd-udevd[1609]: seq 2960 processed
Apr 26 08:48:39 ICTM1612S02H1 systemd-udevd[1601]: seq 2962 processed
Apr 26 08:48:39 ICTM1612S02H1 systemd-udevd[1590]: passed device to netlink monitor 0x55efe9d20030
Apr 26 08:48:39 ICTM1612S02H1 systemd-udevd[1562]: seq 2964 queued, 'add' 'module'
Apr 26 08:48:39 ICTM1612S02H1 systemd-udevd[1589]: value '[dmi/id]sys_vendor' is 'Dell Inc.'
Apr 26 08:48:39 ICTM1612S02H1 systemd-udevd[1590]: seq 2961 processed
Apr 26 08:48:39 ICTM1612S02H1 systemd-udevd[1562]: passed 129 byte device to netlink monitor 0x55efe9ce9f20
Apr 26 08:48:39 ICTM1612S02H1 systemd-udevd[1585]: seq 2964 running
Apr 26 08:48:39 ICTM1612S02H1 systemd-udevd[1585]: value '[dmi/id]sys_vendor' is 'Dell Inc.'
Apr 26 08:48:39 ICTM1612S02H1 systemd-udevd[1562]: seq 2965 queued, 'add' 'module'
Apr 26 08:48:39 ICTM1612S02H1 systemd-udevd[1589]: value '[dmi/id]sys_vendor' is 'Dell Inc.'
Apr 26 08:48:39 ICTM1612S02H1 systemd-udevd[1585]: value '[dmi/id]sys_vendor' is 'Dell Inc.'
Apr 26 08:48:39 ICTM1612S02H1 systemd-udevd[1562]: passed 131 byte device to netlink monitor 0x55efe9ce9f20
Apr 26 08:48:39 ICTM1612S02H1 systemd-udevd[1590]: seq 2965 running
Apr 26 08:48:39 ICTM1612S02H1 systemd-udevd[1589]: passed device to netlink monitor 0x55efe9cfb560
Apr 26 08:48:39 ICTM1612S02H1 systemd-udevd[1585]: passed device to netlink monitor 0x55efe9cff540
Apr 26 08:48:39 ICTM1612S02H1 systemd-udevd[1562]: seq 2966 queued, 'add' 'module'
Apr 26 08:48:39 ICTM1612S02H1 systemd-udevd[1590]: value '[dmi/id]sys_vendor' is 'Dell Inc.'
Apr 26 08:48:39 ICTM1612S02H1 systemd-udevd[1589]: seq 2963 processed
Apr 26 08:48:39 ICTM1612S02H1 systemd-udevd[1585]: seq 2964 processed
Apr 26 08:48:39 ICTM1612S02H1 systemd-udevd[1562]: passed 131 byte device to netlink monitor 0x55efe9ce9f20
Apr 26 08:48:39 ICTM1612S02H1 systemd-udevd[1601]: seq 2966 running
Apr 26 08:48:39 ICTM1612S02H1 systemd-udevd[1590]: value '[dmi/id]sys_vendor' is 'Dell Inc.'
Apr 26 08:48:39 ICTM1612S02H1 systemd-udevd[1562]: seq 2967 queued, 'add' 'module'
Apr 26 08:48:39 ICTM1612S02H1 systemd-udevd[1601]: value '[dmi/id]sys_vendor' is 'Dell Inc.'
Apr 26 08:48:39 ICTM1612S02H1 systemd-udevd[1601]: value '[dmi/id]sys_vendor' is 'Dell Inc.'
Apr 26 08:48:39 ICTM1612S02H1 systemd-udevd[1562]: passed 130 byte device to netlink monitor 0x55efe9ce9f20
Apr 26 08:48:39 ICTM1612S02H1 systemd-udevd[1589]: seq 2967 running
Apr 26 08:48:39 ICTM1612S02H1 systemd-udevd[1590]: passed device to netlink monitor 0x55efe9d20030
Apr 26 08:48:39 ICTM1612S02H1 systemd-udevd[1601]: passed device to netlink monitor 0x55efe9d22e90
Apr 26 08:48:39 ICTM1612S02H1 systemd-udevd[1562]: seq 2968 queued, 'add' 'module'
Apr 26 08:48:39 ICTM1612S02H1 systemd-udevd[1589]: value '[dmi/id]sys_vendor' is 'Dell Inc.'
Apr 26 08:48:39 ICTM1612S02H1 systemd-udevd[1590]: seq 2965 processed
Apr 26 08:48:39 ICTM1612S02H1 systemd-udevd[1601]: seq 2966 processed
Apr 26 08:48:39 ICTM1612S02H1 systemd-udevd[1562]: passed 129 byte device to netlink monitor 0x55efe9ce9f20
Apr 26 08:48:39 ICTM1612S02H1 systemd-udevd[1609]: seq 2968 running
Apr 26 08:48:39 ICTM1612S02H1 systemd-udevd[1589]: value '[dmi/id]sys_vendor' is 'Dell Inc.'
Apr 26 08:48:39 ICTM1612S02H1 systemd-udevd[1562]: seq 2969 queued, 'add' 'module'
Apr 26 08:48:39 ICTM1612S02H1 systemd-udevd[1609]: value '[dmi/id]sys_vendor' is 'Dell Inc.'
Apr 26 08:48:39 ICTM1612S02H1 systemd-udevd[1589]: passed device to netlink monitor 0x55efe9cfb560
Apr 26 08:48:39 ICTM1612S02H1 systemd-udevd[1562]: passed 127 byte device to netlink monitor 0x55efe9ce9f20
Apr 26 08:48:39 ICTM1612S02H1 systemd-udevd[1590]: seq 2969 running
Apr 26 08:48:39 ICTM1612S02H1 systemd-udevd[1609]: value '[dmi/id]sys_vendor' is 'Dell Inc.'
Apr 26 08:48:39 ICTM1612S02H1 systemd-udevd[1589]: seq 2967 processed
Apr 26 08:48:39 ICTM1612S02H1 systemd-udevd[1562]: seq 2970 queued, 'add' 'module'
Apr 26 08:48:39 ICTM1612S02H1 systemd-udevd[1601]: seq 2970 running
Apr 26 08:48:39 ICTM1612S02H1 systemd-udevd[1609]: passed device to netlink monitor 0x55efe9d25950
Apr 26 08:48:39 ICTM1612S02H1 systemd-udevd[1562]: passed 134 byte device to netlink monitor 0x55efe9ce9f20
Apr 26 08:48:39 ICTM1612S02H1 systemd-udevd[1590]: value '[dmi/id]sys_vendor' is 'Dell Inc.'
Apr 26 08:48:39 ICTM1612S02H1 systemd-udevd[1601]: value '[dmi/id]sys_vendor' is 'Dell Inc.'
Apr 26 08:48:39 ICTM1612S02H1 systemd-udevd[1609]: seq 2968 processed
Apr 26 08:48:39 ICTM1612S02H1 systemd-udevd[1562]: seq 2971 queued, 'add' 'module'
Apr 26 08:48:39 ICTM1612S02H1 systemd-udevd[1590]: value '[dmi/id]sys_vendor' is 'Dell Inc.'
Apr 26 08:48:39 ICTM1612S02H1 systemd-udevd[1601]: value '[dmi/id]sys_vendor' is 'Dell Inc.'
Apr 26 08:48:39 ICTM1612S02H1 systemd-udevd[1562]: passed 138 byte device to netlink monitor 0x55efe9ce9f20
Apr 26 08:48:39 ICTM1612S02H1 systemd-udevd[1589]: seq 2971 running
Apr 26 08:48:39 ICTM1612S02H1 systemd-udevd[1590]: passed device to netlink monitor 0x55efe9d20030
Apr 26 08:48:39 ICTM1612S02H1 systemd-udevd[1601]: passed device to netlink monitor 0x55efe9d22e90
Apr 26 08:48:39 ICTM1612S02H1 systemd-udevd[1562]: seq 2972 queued, 'add' 'module'
Apr 26 08:48:39 ICTM1612S02H1 systemd-udevd[1589]: value '[dmi/id]sys_vendor' is 'Dell Inc.'
Apr 26 08:48:39 ICTM1612S02H1 systemd-udevd[1590]: seq 2969 processed
Apr 26 08:48:39 ICTM1612S02H1 systemd-udevd[1601]: seq 2970 processed
Apr 26 08:48:39 ICTM1612S02H1 systemd-udevd[1562]: passed 128 byte device to netlink monitor 0x55efe9ce9f20
Apr 26 08:48:39 ICTM1612S02H1 systemd-udevd[1609]: seq 2972 running
Apr 26 08:48:39 ICTM1612S02H1 systemd-udevd[1589]: value '[dmi/id]sys_vendor' is 'Dell Inc.'
Apr 26 08:48:39 ICTM1612S02H1 systemd-udevd[1562]: seq 2973 queued, 'add' 'module'
Apr 26 08:48:39 ICTM1612S02H1 systemd-udevd[1609]: value '[dmi/id]sys_vendor' is 'Dell Inc.'
Apr 26 08:48:39 ICTM1612S02H1 systemd-udevd[1589]: passed device to netlink monitor 0x55efe9cfb560
Apr 26 08:48:39 ICTM1612S02H1 systemd-udevd[1562]: passed 140 byte device to netlink monitor 0x55efe9ce9f20
Apr 26 08:48:39 ICTM1612S02H1 systemd-udevd[1590]: seq 2973 running
Apr 26 08:48:39 ICTM1612S02H1 systemd-udevd[1609]: value '[dmi/id]sys_vendor' is 'Dell Inc.'
Apr 26 08:48:39 ICTM1612S02H1 systemd-udevd[1589]: seq 2971 processed
Apr 26 08:48:39 ICTM1612S02H1 systemd-udevd[1562]: seq 2974 queued, 'add' 'module'
Apr 26 08:48:39 ICTM1612S02H1 systemd-udevd[1590]: value '[dmi/id]sys_vendor' is 'Dell Inc.'
Apr 26 08:48:39 ICTM1612S02H1 systemd-udevd[1609]: passed device to netlink monitor 0x55efe9d25950
Apr 26 08:48:39 ICTM1612S02H1 systemd-udevd[1562]: passed 133 byte device to netlink monitor 0x55efe9ce9f20
Apr 26 08:48:39 ICTM1612S02H1 systemd-udevd[1601]: seq 2974 running
Apr 26 08:48:39 ICTM1612S02H1 systemd-udevd[1590]: value '[dmi/id]sys_vendor' is 'Dell Inc.'
Apr 26 08:48:39 ICTM1612S02H1 systemd-udevd[1609]: seq 2972 processed
Apr 26 08:48:39 ICTM1612S02H1 systemd-udevd[1562]: seq 2975 queued, 'add' 'module'
Apr 26 08:48:39 ICTM1612S02H1 systemd-udevd[1601]: value '[dmi/id]sys_vendor' is 'Dell Inc.'
Apr 26 08:48:39 ICTM1612S02H1 systemd-udevd[1601]: value '[dmi/id]sys_vendor' is 'Dell Inc.'
Apr 26 08:48:39 ICTM1612S02H1 systemd-udevd[1562]: passed 129 byte device to netlink monitor 0x55efe9ce9f20
Apr 26 08:48:39 ICTM1612S02H1 systemd-udevd[1589]: seq 2975 running
Apr 26 08:48:39 ICTM1612S02H1 systemd-udevd[1590]: passed device to netlink monitor 0x55efe9d20030
Apr 26 08:48:39 ICTM1612S02H1 systemd-udevd[1601]: passed device to netlink monitor 0x55efe9d22e90
Apr 26 08:48:39 ICTM1612S02H1 systemd-udevd[1562]: seq 2976 queued, 'add' 'module'
Apr 26 08:48:39 ICTM1612S02H1 systemd-udevd[1589]: value '[dmi/id]sys_vendor' is 'Dell Inc.'
Apr 26 08:48:39 ICTM1612S02H1 systemd-udevd[1590]: seq 2973 processed
Apr 26 08:48:39 ICTM1612S02H1 systemd-udevd[1601]: seq 2974 processed
Apr 26 08:48:39 ICTM1612S02H1 systemd-udevd[1562]: passed 127 byte device to netlink monitor 0x55efe9ce9f20
Apr 26 08:48:39 ICTM1612S02H1 systemd-udevd[1609]: seq 2976 running
Apr 26 08:48:39 ICTM1612S02H1 systemd-udevd[1589]: value '[dmi/id]sys_vendor' is 'Dell Inc.'
Apr 26 08:48:39 ICTM1612S02H1 systemd-udevd[1562]: seq 2977 queued, 'add' 'module'
Apr 26 08:48:39 ICTM1612S02H1 systemd-udevd[1609]: value '[dmi/id]sys_vendor' is 'Dell Inc.'
Apr 26 08:48:39 ICTM1612S02H1 systemd-udevd[1589]: passed device to netlink monitor 0x55efe9cfb560
Apr 26 08:48:39 ICTM1612S02H1 systemd-udevd[1562]: passed 130 byte device to netlink monitor 0x55efe9ce9f20
Apr 26 08:48:39 ICTM1612S02H1 systemd-udevd[1590]: seq 2977 running
Apr 26 08:48:39 ICTM1612S02H1 systemd-udevd[1609]: value '[dmi/id]sys_vendor' is 'Dell Inc.'
Apr 26 08:48:39 ICTM1612S02H1 systemd-udevd[1589]: seq 2975 processed
Apr 26 08:48:39 ICTM1612S02H1 systemd-udevd[1562]: seq 2978 queued, 'add' 'module'
Apr 26 08:48:39 ICTM1612S02H1 systemd-udevd[1590]: value '[dmi/id]sys_vendor' is 'Dell Inc.'
Apr 26 08:48:39 ICTM1612S02H1 systemd-udevd[1609]: passed device to netlink monitor 0x55efe9d25950
Apr 26 08:48:39 ICTM1612S02H1 systemd-udevd[1562]: passed 132 byte device to netlink monitor 0x55efe9ce9f20
Apr 26 08:48:39 ICTM1612S02H1 systemd-udevd[1601]: seq 2978 running
Apr 26 08:48:39 ICTM1612S02H1 systemd-udevd[1601]: value '[dmi/id]sys_vendor' is 'Dell Inc.'
Apr 26 08:48:39 ICTM1612S02H1 systemd-udevd[1609]: seq 2976 processed
Apr 26 08:48:39 ICTM1612S02H1 systemd-udevd[1562]: seq 2979 queued, 'add' 'module'
Apr 26 08:48:39 ICTM1612S02H1 systemd-udevd[1590]: value '[dmi/id]sys_vendor' is 'Dell Inc.'
Apr 26 08:48:39 ICTM1612S02H1 systemd-udevd[1601]: value '[dmi/id]sys_vendor' is 'Dell Inc.'
Apr 26 08:48:39 ICTM1612S02H1 systemd-udevd[1562]: passed 132 byte device to netlink monitor 0x55efe9ce9f20
Apr 26 08:48:39 ICTM1612S02H1 systemd-udevd[1589]: seq 2979 running
Apr 26 08:48:39 ICTM1612S02H1 systemd-udevd[1590]: passed device to netlink monitor 0x55efe9d20030
Apr 26 08:48:39 ICTM1612S02H1 systemd-udevd[1601]: passed device to netlink monitor 0x55efe9d22e90
Apr 26 08:48:39 ICTM1612S02H1 systemd-udevd[1562]: seq 2980 queued, 'add' 'module'
Apr 26 08:48:39 ICTM1612S02H1 systemd-udevd[1589]: value '[dmi/id]sys_vendor' is 'Dell Inc.'
Apr 26 08:48:39 ICTM1612S02H1 systemd-udevd[1590]: seq 2977 processed
Apr 26 08:48:39 ICTM1612S02H1 systemd-udevd[1601]: seq 2978 processed
Apr 26 08:48:39 ICTM1612S02H1 systemd-udevd[1562]: passed 130 byte device to netlink monitor 0x55efe9ce9f20
Apr 26 08:48:39 ICTM1612S02H1 systemd-udevd[1609]: seq 2980 running
Apr 26 08:48:39 ICTM1612S02H1 systemd-udevd[1589]: value '[dmi/id]sys_vendor' is 'Dell Inc.'
