Apr 26 08:48:39 ICTM1612S02H1 systemd-udevd[1562]: seq 2981 queued, 'add' 'module'
Apr 26 08:48:39 ICTM1612S02H1 systemd-udevd[1609]: value '[dmi/id]sys_vendor' is 'Dell Inc.'
Apr 26 08:48:39 ICTM1612S02H1 systemd-udevd[1589]: passed device to netlink monitor 0x55efe9cfb560
Apr 26 08:48:39 ICTM1612S02H1 systemd-udevd[1562]: passed 130 byte device to netlink monitor 0x55efe9ce9f20
Apr 26 08:48:39 ICTM1612S02H1 systemd-udevd[1590]: seq 2981 running
Apr 26 08:48:39 ICTM1612S02H1 systemd-udevd[1609]: value '[dmi/id]sys_vendor' is 'Dell Inc.'
Apr 26 08:48:39 ICTM1612S02H1 systemd-udevd[1589]: seq 2979 processed
Apr 26 08:48:39 ICTM1612S02H1 systemd-udevd[1562]: seq 2982 queued, 'add' 'module'
Apr 26 08:48:39 ICTM1612S02H1 systemd-udevd[1590]: value '[dmi/id]sys_vendor' is 'Dell Inc.'
Apr 26 08:48:39 ICTM1612S02H1 systemd-udevd[1609]: passed device to netlink monitor 0x55efe9d25950
Apr 26 08:48:39 ICTM1612S02H1 systemd-udevd[1562]: passed 133 byte device to netlink monitor 0x55efe9ce9f20
Apr 26 08:48:39 ICTM1612S02H1 systemd-udevd[1601]: seq 2982 running
Apr 26 08:48:39 ICTM1612S02H1 systemd-udevd[1590]: value '[dmi/id]sys_vendor' is 'Dell Inc.'
Apr 26 08:48:39 ICTM1612S02H1 systemd-udevd[1609]: seq 2980 processed
Apr 26 08:48:39 ICTM1612S02H1 systemd-udevd[1562]: seq 2983 queued, 'add' 'module'
Apr 26 08:48:39 ICTM1612S02H1 systemd-udevd[1601]: value '[dmi/id]sys_vendor' is 'Dell Inc.'
Apr 26 08:48:39 ICTM1612S02H1 systemd-udevd[1590]: passed device to netlink monitor 0x55efe9d20030
Apr 26 08:48:39 ICTM1612S02H1 systemd-udevd[1562]: passed 132 byte device to netlink monitor 0x55efe9ce9f20
Apr 26 08:48:39 ICTM1612S02H1 systemd-udevd[1589]: seq 2983 running
Apr 26 08:48:39 ICTM1612S02H1 systemd-udevd[1601]: value '[dmi/id]sys_vendor' is 'Dell Inc.'
Apr 26 08:48:39 ICTM1612S02H1 systemd-udevd[1590]: seq 2981 processed
Apr 26 08:48:39 ICTM1612S02H1 systemd-udevd[1562]: seq 2984 queued, 'add' 'module'
Apr 26 08:48:39 ICTM1612S02H1 systemd-udevd[1589]: value '[dmi/id]sys_vendor' is 'Dell Inc.'
Apr 26 08:48:39 ICTM1612S02H1 systemd-udevd[1601]: passed device to netlink monitor 0x55efe9d22e90
Apr 26 08:48:39 ICTM1612S02H1 systemd-udevd[1562]: passed 136 byte device to netlink monitor 0x55efe9ce9f20
Apr 26 08:48:39 ICTM1612S02H1 systemd-udevd[1609]: seq 2984 running
Apr 26 08:48:39 ICTM1612S02H1 systemd-udevd[1589]: value '[dmi/id]sys_vendor' is 'Dell Inc.'
Apr 26 08:48:39 ICTM1612S02H1 systemd-udevd[1601]: seq 2982 processed
Apr 26 08:48:39 ICTM1612S02H1 systemd-udevd[1562]: seq 2985 queued, 'add' 'module'
Apr 26 08:48:39 ICTM1612S02H1 systemd-udevd[1609]: value '[dmi/id]sys_vendor' is 'Dell Inc.'
Apr 26 08:48:39 ICTM1612S02H1 systemd-udevd[1589]: passed device to netlink monitor 0x55efe9cfb560
Apr 26 08:48:39 ICTM1612S02H1 systemd-udevd[1562]: passed 130 byte device to netlink monitor 0x55efe9ce9f20
Apr 26 08:48:39 ICTM1612S02H1 systemd-udevd[1590]: seq 2985 running
Apr 26 08:48:39 ICTM1612S02H1 systemd-udevd[1609]: value '[dmi/id]sys_vendor' is 'Dell Inc.'
Apr 26 08:48:39 ICTM1612S02H1 systemd-udevd[1589]: seq 2983 processed
Apr 26 08:48:39 ICTM1612S02H1 systemd-udevd[1562]: seq 2986 queued, 'add' 'module'
Apr 26 08:48:39 ICTM1612S02H1 systemd-udevd[1590]: value '[dmi/id]sys_vendor' is 'Dell Inc.'
Apr 26 08:48:39 ICTM1612S02H1 systemd-udevd[1609]: passed device to netlink monitor 0x55efe9d25950
Apr 26 08:48:39 ICTM1612S02H1 systemd-udevd[1562]: passed 128 byte device to netlink monitor 0x55efe9ce9f20
Apr 26 08:48:39 ICTM1612S02H1 systemd-udevd[1601]: seq 2986 running
Apr 26 08:48:39 ICTM1612S02H1 systemd-udevd[1601]: value '[dmi/id]sys_vendor' is 'Dell Inc.'
Apr 26 08:48:39 ICTM1612S02H1 systemd-udevd[1609]: seq 2984 processed
Apr 26 08:48:39 ICTM1612S02H1 systemd-udevd[1562]: seq 2987 queued, 'add' 'module'
Apr 26 08:48:39 ICTM1612S02H1 systemd-udevd[1590]: value '[dmi/id]sys_vendor' is 'Dell Inc.'
Apr 26 08:48:39 ICTM1612S02H1 systemd-udevd[1601]: value '[dmi/id]sys_vendor' is 'Dell Inc.'
Apr 26 08:48:39 ICTM1612S02H1 systemd-udevd[1562]: passed 130 byte device to netlink monitor 0x55efe9ce9f20
Apr 26 08:48:39 ICTM1612S02H1 systemd-udevd[1589]: seq 2987 running
Apr 26 08:48:39 ICTM1612S02H1 systemd-udevd[1590]: passed device to netlink monitor 0x55efe9d20030
Apr 26 08:48:39 ICTM1612S02H1 systemd-udevd[1601]: passed device to netlink monitor 0x55efe9d22e90
Apr 26 08:48:39 ICTM1612S02H1 systemd-udevd[1562]: seq 2988 queued, 'add' 'module'
Apr 26 08:48:39 ICTM1612S02H1 systemd-udevd[1589]: value '[dmi/id]sys_vendor' is 'Dell Inc.'
Apr 26 08:48:39 ICTM1612S02H1 systemd-udevd[1590]: seq 2985 processed
Apr 26 08:48:39 ICTM1612S02H1 systemd-udevd[1601]: seq 2986 processed
Apr 26 08:48:39 ICTM1612S02H1 systemd-udevd[1562]: passed 136 byte device to netlink monitor 0x55efe9ce9f20
Apr 26 08:48:39 ICTM1612S02H1 systemd-udevd[1609]: seq 2988 running
Apr 26 08:48:39 ICTM1612S02H1 systemd-udevd[1589]: value '[dmi/id]sys_vendor' is 'Dell Inc.'
Apr 26 08:48:39 ICTM1612S02H1 systemd-udevd[1562]: seq 2989 queued, 'add' 'module'
Apr 26 08:48:39 ICTM1612S02H1 systemd-udevd[1609]: value '[dmi/id]sys_vendor' is 'Dell Inc.'
Apr 26 08:48:39 ICTM1612S02H1 systemd-udevd[1589]: passed device to netlink monitor 0x55efe9cfb560
Apr 26 08:48:39 ICTM1612S02H1 systemd-udevd[1562]: passed 130 byte device to netlink monitor 0x55efe9ce9f20
Apr 26 08:48:39 ICTM1612S02H1 systemd-udevd[1590]: seq 2989 running
Apr 26 08:48:39 ICTM1612S02H1 systemd-udevd[1609]: value '[dmi/id]sys_vendor' is 'Dell Inc.'
Apr 26 08:48:39 ICTM1612S02H1 systemd-udevd[1589]: seq 2987 processed
Apr 26 08:48:39 ICTM1612S02H1 systemd-udevd[1562]: seq 2990 queued, 'add' 'module'
Apr 26 08:48:39 ICTM1612S02H1 systemd-udevd[1590]: value '[dmi/id]sys_vendor' is 'Dell Inc.'
Apr 26 08:48:39 ICTM1612S02H1 systemd-udevd[1609]: passed device to netlink monitor 0x55efe9d25950
Apr 26 08:48:39 ICTM1612S02H1 systemd-udevd[1562]: passed 132 byte device to netlink monitor 0x55efe9ce9f20
Apr 26 08:48:39 ICTM1612S02H1 systemd-udevd[1601]: seq 2990 running
Apr 26 08:48:39 ICTM1612S02H1 systemd-udevd[1590]: value '[dmi/id]sys_vendor' is 'Dell Inc.'
Apr 26 08:48:39 ICTM1612S02H1 systemd-udevd[1609]: seq 2988 processed
Apr 26 08:48:39 ICTM1612S02H1 systemd-udevd[1562]: seq 2991 queued, 'add' 'module'
Apr 26 08:48:39 ICTM1612S02H1 systemd-udevd[1601]: value '[dmi/id]sys_vendor' is 'Dell Inc.'
Apr 26 08:48:39 ICTM1612S02H1 systemd-udevd[1601]: value '[dmi/id]sys_vendor' is 'Dell Inc.'
Apr 26 08:48:39 ICTM1612S02H1 systemd-udevd[1562]: passed 133 byte device to netlink monitor 0x55efe9ce9f20
Apr 26 08:48:39 ICTM1612S02H1 systemd-udevd[1589]: seq 2991 running
Apr 26 08:48:39 ICTM1612S02H1 systemd-udevd[1590]: passed device to netlink monitor 0x55efe9d20030
Apr 26 08:48:39 ICTM1612S02H1 systemd-udevd[1601]: passed device to netlink monitor 0x55efe9d22e90
Apr 26 08:48:39 ICTM1612S02H1 systemd-udevd[1562]: seq 2992 queued, 'add' 'module'
Apr 26 08:48:39 ICTM1612S02H1 systemd-udevd[1589]: value '[dmi/id]sys_vendor' is 'Dell Inc.'
Apr 26 08:48:39 ICTM1612S02H1 systemd-udevd[1590]: seq 2989 processed
Apr 26 08:48:39 ICTM1612S02H1 systemd-udevd[1601]: seq 2990 processed
Apr 26 08:48:39 ICTM1612S02H1 systemd-udevd[1562]: passed 131 byte device to netlink monitor 0x55efe9ce9f20
Apr 26 08:48:39 ICTM1612S02H1 systemd-udevd[1609]: seq 2992 running
Apr 26 08:48:39 ICTM1612S02H1 systemd-udevd[1589]: value '[dmi/id]sys_vendor' is 'Dell Inc.'
Apr 26 08:48:39 ICTM1612S02H1 systemd-udevd[1562]: seq 2993 queued, 'add' 'module'
Apr 26 08:48:39 ICTM1612S02H1 systemd-udevd[1609]: value '[dmi/id]sys_vendor' is 'Dell Inc.'
Apr 26 08:48:39 ICTM1612S02H1 systemd-udevd[1589]: passed device to netlink monitor 0x55efe9cfb560
Apr 26 08:48:39 ICTM1612S02H1 systemd-udevd[1562]: passed 132 byte device to netlink monitor 0x55efe9ce9f20
Apr 26 08:48:39 ICTM1612S02H1 systemd-udevd[1590]: seq 2993 running
Apr 26 08:48:39 ICTM1612S02H1 systemd-udevd[1609]: value '[dmi/id]sys_vendor' is 'Dell Inc.'
Apr 26 08:48:39 ICTM1612S02H1 systemd-udevd[1589]: seq 2991 processed
Apr 26 08:48:39 ICTM1612S02H1 systemd-udevd[1562]: seq 2994 queued, 'add' 'module'
Apr 26 08:48:39 ICTM1612S02H1 systemd-udevd[1590]: value '[dmi/id]sys_vendor' is 'Dell Inc.'
Apr 26 08:48:39 ICTM1612S02H1 systemd-udevd[1609]: passed device to netlink monitor 0x55efe9d25950
Apr 26 08:48:39 ICTM1612S02H1 systemd-udevd[1562]: passed 135 byte device to netlink monitor 0x55efe9ce9f20
Apr 26 08:48:39 ICTM1612S02H1 systemd-udevd[1601]: seq 2994 running
Apr 26 08:48:39 ICTM1612S02H1 systemd-udevd[1601]: value '[dmi/id]sys_vendor' is 'Dell Inc.'
Apr 26 08:48:39 ICTM1612S02H1 systemd-udevd[1609]: seq 2992 processed
Apr 26 08:48:39 ICTM1612S02H1 systemd-udevd[1562]: seq 2995 queued, 'add' 'module'
Apr 26 08:48:39 ICTM1612S02H1 systemd-udevd[1590]: value '[dmi/id]sys_vendor' is 'Dell Inc.'
Apr 26 08:48:39 ICTM1612S02H1 systemd-udevd[1601]: value '[dmi/id]sys_vendor' is 'Dell Inc.'
Apr 26 08:48:39 ICTM1612S02H1 systemd-udevd[1562]: passed 135 byte device to netlink monitor 0x55efe9ce9f20
Apr 26 08:48:39 ICTM1612S02H1 systemd-udevd[1589]: seq 2995 running
Apr 26 08:48:39 ICTM1612S02H1 systemd-udevd[1590]: passed device to netlink monitor 0x55efe9d20030
Apr 26 08:48:39 ICTM1612S02H1 systemd-udevd[1601]: passed device to netlink monitor 0x55efe9d22e90
Apr 26 08:48:39 ICTM1612S02H1 systemd-udevd[1562]: seq 2996 queued, 'add' 'module'
Apr 26 08:48:39 ICTM1612S02H1 systemd-udevd[1589]: value '[dmi/id]sys_vendor' is 'Dell Inc.'
Apr 26 08:48:39 ICTM1612S02H1 systemd-udevd[1590]: seq 2993 processed
Apr 26 08:48:39 ICTM1612S02H1 systemd-udevd[1601]: seq 2994 processed
Apr 26 08:48:39 ICTM1612S02H1 systemd-udevd[1562]: passed 132 byte device to netlink monitor 0x55efe9ce9f20
Apr 26 08:48:39 ICTM1612S02H1 systemd-udevd[1609]: seq 2996 running
Apr 26 08:48:39 ICTM1612S02H1 systemd-udevd[1589]: value '[dmi/id]sys_vendor' is 'Dell Inc.'
Apr 26 08:48:39 ICTM1612S02H1 systemd-udevd[1562]: seq 2997 queued, 'add' 'module'
Apr 26 08:48:39 ICTM1612S02H1 systemd-udevd[1609]: value '[dmi/id]sys_vendor' is 'Dell Inc.'
Apr 26 08:48:39 ICTM1612S02H1 systemd-udevd[1589]: passed device to netlink monitor 0x55efe9cfb560
Apr 26 08:48:39 ICTM1612S02H1 systemd-udevd[1562]: passed 133 byte device to netlink monitor 0x55efe9ce9f20
Apr 26 08:48:39 ICTM1612S02H1 systemd-udevd[1590]: seq 2997 running
Apr 26 08:48:39 ICTM1612S02H1 systemd-udevd[1609]: value '[dmi/id]sys_vendor' is 'Dell Inc.'
Apr 26 08:48:39 ICTM1612S02H1 systemd-udevd[1589]: seq 2995 processed
Apr 26 08:48:39 ICTM1612S02H1 systemd-udevd[1562]: seq 2998 queued, 'add' 'module'
Apr 26 08:48:39 ICTM1612S02H1 systemd-udevd[1590]: value '[dmi/id]sys_vendor' is 'Dell Inc.'
Apr 26 08:48:39 ICTM1612S02H1 systemd-udevd[1609]: passed device to netlink monitor 0x55efe9d25950
Apr 26 08:48:39 ICTM1612S02H1 systemd-udevd[1562]: passed 130 byte device to netlink monitor 0x55efe9ce9f20
Apr 26 08:48:39 ICTM1612S02H1 systemd-udevd[1601]: seq 2998 running
Apr 26 08:48:39 ICTM1612S02H1 systemd-udevd[1590]: value '[dmi/id]sys_vendor' is 'Dell Inc.'
Apr 26 08:48:39 ICTM1612S02H1 systemd-udevd[1609]: seq 2996 processed
Apr 26 08:48:39 ICTM1612S02H1 systemd-udevd[1562]: seq 2999 queued, 'add' 'module'
Apr 26 08:48:39 ICTM1612S02H1 systemd-udevd[1601]: value '[dmi/id]sys_vendor' is 'Dell Inc.'
Apr 26 08:48:39 ICTM1612S02H1 systemd-udevd[1590]: passed device to netlink monitor 0x55efe9d20030
Apr 26 08:48:39 ICTM1612S02H1 systemd-udevd[1562]: passed 135 byte device to netlink monitor 0x55efe9ce9f20
Apr 26 08:48:39 ICTM1612S02H1 systemd-udevd[1589]: seq 2999 running
Apr 26 08:48:39 ICTM1612S02H1 systemd-udevd[1601]: value '[dmi/id]sys_vendor' is 'Dell Inc.'
Apr 26 08:48:39 ICTM1612S02H1 systemd-udevd[1590]: seq 2997 processed
Apr 26 08:48:39 ICTM1612S02H1 systemd-udevd[1562]: seq 3000 queued, 'add' 'module'
Apr 26 08:48:39 ICTM1612S02H1 systemd-udevd[1589]: value '[dmi/id]sys_vendor' is 'Dell Inc.'
Apr 26 08:48:39 ICTM1612S02H1 systemd-udevd[1601]: passed device to netlink monitor 0x55efe9d22e90
Apr 26 08:48:39 ICTM1612S02H1 systemd-udevd[1562]: passed 130 byte device to netlink monitor 0x55efe9ce9f20
Apr 26 08:48:39 ICTM1612S02H1 systemd-udevd[1609]: seq 3000 running
Apr 26 08:48:39 ICTM1612S02H1 systemd-udevd[1589]: value '[dmi/id]sys_vendor' is 'Dell Inc.'
Apr 26 08:48:39 ICTM1612S02H1 systemd-udevd[1601]: seq 2998 processed
Apr 26 08:48:39 ICTM1612S02H1 systemd-udevd[1562]: seq 3001 queued, 'add' 'module'
Apr 26 08:48:39 ICTM1612S02H1 systemd-udevd[1609]: value '[dmi/id]sys_vendor' is 'Dell Inc.'
Apr 26 08:48:39 ICTM1612S02H1 systemd-udevd[1589]: passed device to netlink monitor 0x55efe9cfb560
Apr 26 08:48:39 ICTM1612S02H1 systemd-udevd[1562]: passed 133 byte device to netlink monitor 0x55efe9ce9f20
Apr 26 08:48:39 ICTM1612S02H1 systemd-udevd[1590]: seq 3001 running
Apr 26 08:48:39 ICTM1612S02H1 systemd-udevd[1609]: value '[dmi/id]sys_vendor' is 'Dell Inc.'
Apr 26 08:48:39 ICTM1612S02H1 systemd-udevd[1589]: seq 2999 processed
Apr 26 08:48:39 ICTM1612S02H1 systemd-udevd[1562]: seq 3002 queued, 'add' 'module'
Apr 26 08:48:39 ICTM1612S02H1 systemd-udevd[1590]: value '[dmi/id]sys_vendor' is 'Dell Inc.'
Apr 26 08:48:39 ICTM1612S02H1 systemd-udevd[1609]: passed device to netlink monitor 0x55efe9d25950
Apr 26 08:48:39 ICTM1612S02H1 systemd-udevd[1562]: passed 130 byte device to netlink monitor 0x55efe9ce9f20
Apr 26 08:48:39 ICTM1612S02H1 systemd-udevd[1601]: seq 3002 running
Apr 26 08:48:39 ICTM1612S02H1 systemd-udevd[1590]: value '[dmi/id]sys_vendor' is 'Dell Inc.'
Apr 26 08:48:39 ICTM1612S02H1 systemd-udevd[1609]: seq 3000 processed
Apr 26 08:48:39 ICTM1612S02H1 systemd-udevd[1562]: seq 3003 queued, 'add' 'module'
Apr 26 08:48:39 ICTM1612S02H1 systemd-udevd[1601]: value '[dmi/id]sys_vendor' is 'Dell Inc.'
Apr 26 08:48:39 ICTM1612S02H1 systemd-udevd[1590]: passed device to netlink monitor 0x55efe9d20030
Apr 26 08:48:39 ICTM1612S02H1 systemd-udevd[1562]: passed 131 byte device to netlink monitor 0x55efe9ce9f20
Apr 26 08:48:39 ICTM1612S02H1 systemd-udevd[1589]: seq 3003 running
Apr 26 08:48:39 ICTM1612S02H1 systemd-udevd[1601]: value '[dmi/id]sys_vendor' is 'Dell Inc.'
Apr 26 08:48:39 ICTM1612S02H1 systemd-udevd[1590]: seq 3001 processed
Apr 26 08:48:39 ICTM1612S02H1 systemd-udevd[1562]: seq 3004 queued, 'add' 'module'
Apr 26 08:48:39 ICTM1612S02H1 systemd-udevd[1589]: value '[dmi/id]sys_vendor' is 'Dell Inc.'
Apr 26 08:48:39 ICTM1612S02H1 systemd-udevd[1601]: passed device to netlink monitor 0x55efe9d22e90
Apr 26 08:48:39 ICTM1612S02H1 systemd-udevd[1562]: passed 131 byte device to netlink monitor 0x55efe9ce9f20
Apr 26 08:48:39 ICTM1612S02H1 systemd-udevd[1609]: seq 3004 running
Apr 26 08:48:39 ICTM1612S02H1 systemd-udevd[1589]: value '[dmi/id]sys_vendor' is 'Dell Inc.'
Apr 26 08:48:39 ICTM1612S02H1 systemd-udevd[1601]: seq 3002 processed
Apr 26 08:48:39 ICTM1612S02H1 systemd-udevd[1562]: seq 3005 queued, 'add' 'module'
Apr 26 08:48:39 ICTM1612S02H1 systemd-udevd[1609]: value '[dmi/id]sys_vendor' is 'Dell Inc.'
Apr 26 08:48:39 ICTM1612S02H1 systemd-udevd[1589]: passed device to netlink monitor 0x55efe9cfb560
Apr 26 08:48:39 ICTM1612S02H1 systemd-udevd[1562]: passed 130 byte device to netlink monitor 0x55efe9ce9f20
Apr 26 08:48:39 ICTM1612S02H1 systemd-udevd[1590]: seq 3005 running
Apr 26 08:48:39 ICTM1612S02H1 systemd-udevd[1609]: value '[dmi/id]sys_vendor' is 'Dell Inc.'
Apr 26 08:48:39 ICTM1612S02H1 systemd-udevd[1589]: seq 3003 processed
Apr 26 08:48:39 ICTM1612S02H1 systemd-udevd[1562]: seq 3006 queued, 'add' 'module'
Apr 26 08:48:39 ICTM1612S02H1 systemd-udevd[1590]: value '[dmi/id]sys_vendor' is 'Dell Inc.'
Apr 26 08:48:39 ICTM1612S02H1 systemd-udevd[1609]: passed device to netlink monitor 0x55efe9d25950
Apr 26 08:48:39 ICTM1612S02H1 systemd-udevd[1562]: passed 129 byte device to netlink monitor 0x55efe9ce9f20
Apr 26 08:48:39 ICTM1612S02H1 systemd-udevd[1601]: seq 3006 running
Apr 26 08:48:39 ICTM1612S02H1 systemd-udevd[1601]: value '[dmi/id]sys_vendor' is 'Dell Inc.'
Apr 26 08:48:39 ICTM1612S02H1 systemd-udevd[1609]: seq 3004 processed
Apr 26 08:48:39 ICTM1612S02H1 systemd-udevd[1562]: seq 3007 queued, 'add' 'module'
Apr 26 08:48:39 ICTM1612S02H1 systemd-udevd[1590]: value '[dmi/id]sys_vendor' is 'Dell Inc.'
Apr 26 08:48:39 ICTM1612S02H1 systemd-udevd[1601]: value '[dmi/id]sys_vendor' is 'Dell Inc.'
Apr 26 08:48:39 ICTM1612S02H1 systemd-udevd[1562]: passed 129 byte device to netlink monitor 0x55efe9ce9f20
Apr 26 08:48:39 ICTM1612S02H1 systemd-udevd[1589]: seq 3007 running
Apr 26 08:48:39 ICTM1612S02H1 systemd-udevd[1590]: passed device to netlink monitor 0x55efe9d20030
Apr 26 08:48:39 ICTM1612S02H1 systemd-udevd[1601]: passed device to netlink monitor 0x55efe9d22e90
Apr 26 08:48:39 ICTM1612S02H1 systemd-udevd[1562]: seq 3008 queued, 'add' 'module'
Apr 26 08:48:39 ICTM1612S02H1 systemd-udevd[1589]: value '[dmi/id]sys_vendor' is 'Dell Inc.'
Apr 26 08:48:39 ICTM1612S02H1 systemd-udevd[1590]: seq 3005 processed
Apr 26 08:48:39 ICTM1612S02H1 systemd-udevd[1601]: seq 3006 processed
Apr 26 08:48:39 ICTM1612S02H1 systemd-udevd[1562]: passed 130 byte device to netlink monitor 0x55efe9ce9f20
Apr 26 08:48:39 ICTM1612S02H1 systemd-udevd[1609]: seq 3008 running
Apr 26 08:48:39 ICTM1612S02H1 systemd-udevd[1589]: value '[dmi/id]sys_vendor' is 'Dell Inc.'
Apr 26 08:48:39 ICTM1612S02H1 systemd-udevd[1562]: seq 3009 queued, 'add' 'module'
Apr 26 08:48:39 ICTM1612S02H1 systemd-udevd[1609]: value '[dmi/id]sys_vendor' is 'Dell Inc.'
Apr 26 08:48:39 ICTM1612S02H1 systemd-udevd[1589]: passed device to netlink monitor 0x55efe9cfb560
Apr 26 08:48:39 ICTM1612S02H1 systemd-udevd[1562]: passed 131 byte device to netlink monitor 0x55efe9ce9f20
Apr 26 08:48:39 ICTM1612S02H1 systemd-udevd[1590]: seq 3009 running
Apr 26 08:48:39 ICTM1612S02H1 systemd-udevd[1590]: value '[dmi/id]sys_vendor' is 'Dell Inc.'
Apr 26 08:48:39 ICTM1612S02H1 systemd-udevd[1589]: seq 3007 processed
Apr 26 08:48:39 ICTM1612S02H1 systemd-udevd[1562]: seq 3010 queued, 'add' 'module'
Apr 26 08:48:39 ICTM1612S02H1 systemd-udevd[1609]: value '[dmi/id]sys_vendor' is 'Dell Inc.'
Apr 26 08:48:39 ICTM1612S02H1 systemd-udevd[1590]: value '[dmi/id]sys_vendor' is 'Dell Inc.'
Apr 26 08:48:39 ICTM1612S02H1 systemd-udevd[1562]: passed 132 byte device to netlink monitor 0x55efe9ce9f20
Apr 26 08:48:39 ICTM1612S02H1 systemd-udevd[1601]: seq 3010 running
Apr 26 08:48:39 ICTM1612S02H1 systemd-udevd[1601]: value '[dmi/id]sys_vendor' is 'Dell Inc.'
Apr 26 08:48:39 ICTM1612S02H1 systemd-udevd[1590]: passed device to netlink monitor 0x55efe9d20030
Apr 26 08:48:39 ICTM1612S02H1 systemd-udevd[1562]: seq 3011 queued, 'add' 'module'
Apr 26 08:48:39 ICTM1612S02H1 systemd-udevd[1609]: passed device to netlink monitor 0x55efe9d25950
Apr 26 08:48:39 ICTM1612S02H1 systemd-udevd[1601]: value '[dmi/id]sys_vendor' is 'Dell Inc.'
Apr 26 08:48:39 ICTM1612S02H1 systemd-udevd[1590]: seq 3009 processed
Apr 26 08:48:39 ICTM1612S02H1 systemd-udevd[1562]: passed 132 byte device to netlink monitor 0x55efe9ce9f20
Apr 26 08:48:39 ICTM1612S02H1 systemd-udevd[1589]: seq 3011 running
Apr 26 08:48:39 ICTM1612S02H1 systemd-udevd[1609]: seq 3008 processed
Apr 26 08:48:39 ICTM1612S02H1 systemd-udevd[1601]: passed device to netlink monitor 0x55efe9d22e90
Apr 26 08:48:39 ICTM1612S02H1 systemd-udevd[1562]: seq 3012 queued, 'add' 'module'
Apr 26 08:48:39 ICTM1612S02H1 systemd-udevd[1589]: value '[dmi/id]sys_vendor' is 'Dell Inc.'
Apr 26 08:48:39 ICTM1612S02H1 systemd-udevd[1601]: seq 3010 processed
Apr 26 08:48:39 ICTM1612S02H1 systemd-udevd[1562]: passed 131 byte device to netlink monitor 0x55efe9ce9f20
Apr 26 08:48:39 ICTM1612S02H1 systemd-udevd[1590]: seq 3012 running
Apr 26 08:48:39 ICTM1612S02H1 systemd-udevd[1589]: value '[dmi/id]sys_vendor' is 'Dell Inc.'
Apr 26 08:48:39 ICTM1612S02H1 systemd-udevd[1562]: seq 3013 queued, 'add' 'module'
Apr 26 08:48:39 ICTM1612S02H1 systemd-udevd[1590]: value '[dmi/id]sys_vendor' is 'Dell Inc.'
Apr 26 08:48:39 ICTM1612S02H1 systemd-udevd[1589]: passed device to netlink monitor 0x55efe9cfb560
Apr 26 08:48:39 ICTM1612S02H1 systemd-udevd[1562]: passed 131 byte device to netlink monitor 0x55efe9ce9f20
Apr 26 08:48:39 ICTM1612S02H1 systemd-udevd[1601]: seq 3013 running
Apr 26 08:48:39 ICTM1612S02H1 systemd-udevd[1590]: value '[dmi/id]sys_vendor' is 'Dell Inc.'
Apr 26 08:48:39 ICTM1612S02H1 systemd-udevd[1589]: seq 3011 processed
Apr 26 08:48:39 ICTM1612S02H1 systemd-udevd[1562]: seq 3014 queued, 'add' 'module'
Apr 26 08:48:39 ICTM1612S02H1 systemd-udevd[1601]: value '[dmi/id]sys_vendor' is 'Dell Inc.'
Apr 26 08:48:39 ICTM1612S02H1 systemd-udevd[1590]: passed device to netlink monitor 0x55efe9d20030
Apr 26 08:48:39 ICTM1612S02H1 systemd-udevd[1562]: passed 130 byte device to netlink monitor 0x55efe9ce9f20
Apr 26 08:48:39 ICTM1612S02H1 systemd-udevd[1609]: seq 3014 running
Apr 26 08:48:39 ICTM1612S02H1 systemd-udevd[1601]: value '[dmi/id]sys_vendor' is 'Dell Inc.'
Apr 26 08:48:39 ICTM1612S02H1 systemd-udevd[1590]: seq 3012 processed
Apr 26 08:48:39 ICTM1612S02H1 systemd-udevd[1562]: seq 3015 queued, 'add' 'module'
Apr 26 08:48:39 ICTM1612S02H1 systemd-udevd[1609]: value '[dmi/id]sys_vendor' is 'Dell Inc.'
Apr 26 08:48:39 ICTM1612S02H1 systemd-udevd[1601]: passed device to netlink monitor 0x55efe9d22e90
Apr 26 08:48:39 ICTM1612S02H1 systemd-udevd[1562]: passed 132 byte device to netlink monitor 0x55efe9ce9f20
Apr 26 08:48:39 ICTM1612S02H1 systemd-udevd[1589]: seq 3015 running
Apr 26 08:48:39 ICTM1612S02H1 systemd-udevd[1609]: value '[dmi/id]sys_vendor' is 'Dell Inc.'
Apr 26 08:48:39 ICTM1612S02H1 systemd-udevd[1601]: seq 3013 processed
Apr 26 08:48:39 ICTM1612S02H1 systemd-udevd[1562]: seq 3016 queued, 'add' 'module'
Apr 26 08:48:39 ICTM1612S02H1 systemd-udevd[1589]: value '[dmi/id]sys_vendor' is 'Dell Inc.'
Apr 26 08:48:39 ICTM1612S02H1 systemd-udevd[1609]: passed device to netlink monitor 0x55efe9d25950
Apr 26 08:48:39 ICTM1612S02H1 systemd-udevd[1562]: passed 136 byte device to netlink monitor 0x55efe9ce9f20
Apr 26 08:48:39 ICTM1612S02H1 systemd-udevd[1590]: seq 3016 running
Apr 26 08:48:39 ICTM1612S02H1 systemd-udevd[1589]: value '[dmi/id]sys_vendor' is 'Dell Inc.'
Apr 26 08:48:39 ICTM1612S02H1 systemd-udevd[1609]: seq 3014 processed
Apr 26 08:48:39 ICTM1612S02H1 systemd-udevd[1562]: seq 3017 queued, 'add' 'module'
Apr 26 08:48:39 ICTM1612S02H1 systemd-udevd[1590]: value '[dmi/id]sys_vendor' is 'Dell Inc.'
Apr 26 08:48:39 ICTM1612S02H1 systemd-udevd[1589]: passed device to netlink monitor 0x55efe9cfb560
Apr 26 08:48:39 ICTM1612S02H1 systemd-udevd[1562]: passed 135 byte device to netlink monitor 0x55efe9ce9f20
Apr 26 08:48:39 ICTM1612S02H1 systemd-udevd[1601]: seq 3017 running
Apr 26 08:48:39 ICTM1612S02H1 systemd-udevd[1590]: value '[dmi/id]sys_vendor' is 'Dell Inc.'
Apr 26 08:48:39 ICTM1612S02H1 systemd-udevd[1589]: seq 3015 processed
Apr 26 08:48:39 ICTM1612S02H1 systemd-udevd[1562]: seq 3018 queued, 'add' 'module'
Apr 26 08:48:39 ICTM1612S02H1 systemd-udevd[1601]: value '[dmi/id]sys_vendor' is 'Dell Inc.'
Apr 26 08:48:39 ICTM1612S02H1 systemd-udevd[1590]: passed device to netlink monitor 0x55efe9d20030
Apr 26 08:48:39 ICTM1612S02H1 systemd-udevd[1562]: passed 136 byte device to netlink monitor 0x55efe9ce9f20
Apr 26 08:48:39 ICTM1612S02H1 systemd-udevd[1609]: seq 3018 running
Apr 26 08:48:39 ICTM1612S02H1 systemd-udevd[1601]: value '[dmi/id]sys_vendor' is 'Dell Inc.'
Apr 26 08:48:39 ICTM1612S02H1 systemd-udevd[1590]: seq 3016 processed
Apr 26 08:48:39 ICTM1612S02H1 systemd-udevd[1562]: seq 3019 queued, 'add' 'module'
Apr 26 08:48:39 ICTM1612S02H1 systemd-udevd[1609]: value '[dmi/id]sys_vendor' is 'Dell Inc.'
Apr 26 08:48:39 ICTM1612S02H1 systemd-udevd[1601]: passed device to netlink monitor 0x55efe9d22e90
Apr 26 08:48:39 ICTM1612S02H1 systemd-udevd[1562]: passed 132 byte device to netlink monitor 0x55efe9ce9f20
Apr 26 08:48:39 ICTM1612S02H1 systemd-udevd[1589]: seq 3019 running
Apr 26 08:48:39 ICTM1612S02H1 systemd-udevd[1609]: value '[dmi/id]sys_vendor' is 'Dell Inc.'
Apr 26 08:48:39 ICTM1612S02H1 systemd-udevd[1601]: seq 3017 processed
Apr 26 08:48:39 ICTM1612S02H1 systemd-udevd[1562]: seq 3020 queued, 'add' 'module'
Apr 26 08:48:39 ICTM1612S02H1 systemd-udevd[1589]: value '[dmi/id]sys_vendor' is 'Dell Inc.'
Apr 26 08:48:39 ICTM1612S02H1 systemd-udevd[1609]: passed device to netlink monitor 0x55efe9d25950
Apr 26 08:48:39 ICTM1612S02H1 systemd-udevd[1562]: passed 141 byte device to netlink monitor 0x55efe9ce9f20
Apr 26 08:48:39 ICTM1612S02H1 systemd-udevd[1590]: seq 3020 running
Apr 26 08:48:39 ICTM1612S02H1 systemd-udevd[1589]: value '[dmi/id]sys_vendor' is 'Dell Inc.'
Apr 26 08:48:39 ICTM1612S02H1 systemd-udevd[1609]: seq 3018 processed
Apr 26 08:48:39 ICTM1612S02H1 systemd-udevd[1562]: seq 3021 queued, 'add' 'module'
Apr 26 08:48:39 ICTM1612S02H1 systemd-udevd[1590]: value '[dmi/id]sys_vendor' is 'Dell Inc.'
Apr 26 08:48:39 ICTM1612S02H1 systemd-udevd[1589]: passed device to netlink monitor 0x55efe9cfb560
Apr 26 08:48:39 ICTM1612S02H1 systemd-udevd[1562]: passed 144 byte device to netlink monitor 0x55efe9ce9f20
Apr 26 08:48:39 ICTM1612S02H1 systemd-udevd[1601]: seq 3021 running
Apr 26 08:48:39 ICTM1612S02H1 systemd-udevd[1590]: value '[dmi/id]sys_vendor' is 'Dell Inc.'
Apr 26 08:48:39 ICTM1612S02H1 systemd-udevd[1589]: seq 3019 processed
Apr 26 08:48:39 ICTM1612S02H1 systemd-udevd[1562]: seq 3022 queued, 'add' 'module'
Apr 26 08:48:39 ICTM1612S02H1 systemd-udevd[1601]: value '[dmi/id]sys_vendor' is 'Dell Inc.'
Apr 26 08:48:39 ICTM1612S02H1 systemd-udevd[1590]: passed device to netlink monitor 0x55efe9d20030
Apr 26 08:48:39 ICTM1612S02H1 systemd-udevd[1562]: passed 126 byte device to netlink monitor 0x55efe9ce9f20
Apr 26 08:48:39 ICTM1612S02H1 systemd-udevd[1609]: seq 3022 running
Apr 26 08:48:39 ICTM1612S02H1 systemd-udevd[1601]: value '[dmi/id]sys_vendor' is 'Dell Inc.'
Apr 26 08:48:39 ICTM1612S02H1 systemd-udevd[1590]: seq 3020 processed
Apr 26 08:48:39 ICTM1612S02H1 systemd-udevd[1562]: seq 3023 queued, 'add' 'module'
Apr 26 08:48:39 ICTM1612S02H1 systemd-udevd[1609]: value '[dmi/id]sys_vendor' is 'Dell Inc.'
Apr 26 08:48:39 ICTM1612S02H1 systemd-udevd[1601]: passed device to netlink monitor 0x55efe9d22e90
Apr 26 08:48:39 ICTM1612S02H1 systemd-udevd[1562]: passed 132 byte device to netlink monitor 0x55efe9ce9f20
Apr 26 08:48:39 ICTM1612S02H1 systemd-udevd[1589]: seq 3023 running
Apr 26 08:48:39 ICTM1612S02H1 systemd-udevd[1609]: value '[dmi/id]sys_vendor' is 'Dell Inc.'
Apr 26 08:48:39 ICTM1612S02H1 systemd-udevd[1601]: seq 3021 processed
Apr 26 08:48:39 ICTM1612S02H1 systemd-udevd[1562]: seq 3024 queued, 'add' 'module'
Apr 26 08:48:39 ICTM1612S02H1 systemd-udevd[1589]: value '[dmi/id]sys_vendor' is 'Dell Inc.'
Apr 26 08:48:39 ICTM1612S02H1 systemd-udevd[1609]: passed device to netlink monitor 0x55efe9d25950
Apr 26 08:48:39 ICTM1612S02H1 systemd-udevd[1562]: passed 130 byte device to netlink monitor 0x55efe9ce9f20
Apr 26 08:48:39 ICTM1612S02H1 systemd-udevd[1590]: seq 3024 running
Apr 26 08:48:39 ICTM1612S02H1 systemd-udevd[1589]: value '[dmi/id]sys_vendor' is 'Dell Inc.'
Apr 26 08:48:39 ICTM1612S02H1 systemd-udevd[1609]: seq 3022 processed
Apr 26 08:48:39 ICTM1612S02H1 systemd-udevd[1562]: seq 3025 queued, 'add' 'module'
Apr 26 08:48:39 ICTM1612S02H1 systemd-udevd[1590]: value '[dmi/id]sys_vendor' is 'Dell Inc.'
Apr 26 08:48:39 ICTM1612S02H1 systemd-udevd[1589]: passed device to netlink monitor 0x55efe9cfb560
Apr 26 08:48:39 ICTM1612S02H1 systemd-udevd[1562]: passed 130 byte device to netlink monitor 0x55efe9ce9f20
Apr 26 08:48:39 ICTM1612S02H1 systemd-udevd[1601]: seq 3025 running
Apr 26 08:48:39 ICTM1612S02H1 systemd-udevd[1601]: value '[dmi/id]sys_vendor' is 'Dell Inc.'
Apr 26 08:48:39 ICTM1612S02H1 systemd-udevd[1589]: seq 3023 processed
Apr 26 08:48:39 ICTM1612S02H1 systemd-udevd[1562]: seq 3026 queued, 'add' 'module'
Apr 26 08:48:39 ICTM1612S02H1 systemd-udevd[1590]: value '[dmi/id]sys_vendor' is 'Dell Inc.'
Apr 26 08:48:39 ICTM1612S02H1 systemd-udevd[1601]: value '[dmi/id]sys_vendor' is 'Dell Inc.'
Apr 26 08:48:39 ICTM1612S02H1 systemd-udevd[1562]: passed 131 byte device to netlink monitor 0x55efe9ce9f20
Apr 26 08:48:39 ICTM1612S02H1 systemd-udevd[1609]: seq 3026 running
Apr 26 08:48:39 ICTM1612S02H1 systemd-udevd[1590]: passed device to netlink monitor 0x55efe9d20030
Apr 26 08:48:39 ICTM1612S02H1 systemd-udevd[1601]: passed device to netlink monitor 0x55efe9d22e90
Apr 26 08:48:39 ICTM1612S02H1 systemd-udevd[1562]: seq 3027 queued, 'add' 'module'
Apr 26 08:48:39 ICTM1612S02H1 systemd-udevd[1609]: value '[dmi/id]sys_vendor' is 'Dell Inc.'
Apr 26 08:48:39 ICTM1612S02H1 systemd-udevd[1590]: seq 3024 processed
Apr 26 08:48:39 ICTM1612S02H1 systemd-udevd[1601]: seq 3025 processed
Apr 26 08:48:39 ICTM1612S02H1 systemd-udevd[1562]: passed 129 byte device to netlink monitor 0x55efe9ce9f20
Apr 26 08:48:39 ICTM1612S02H1 systemd-udevd[1589]: seq 3027 running
Apr 26 08:48:39 ICTM1612S02H1 systemd-udevd[1609]: value '[dmi/id]sys_vendor' is 'Dell Inc.'
Apr 26 08:48:39 ICTM1612S02H1 systemd-udevd[1562]: seq 3028 queued, 'add' 'module'
Apr 26 08:48:39 ICTM1612S02H1 systemd-udevd[1589]: value '[dmi/id]sys_vendor' is 'Dell Inc.'
Apr 26 08:48:39 ICTM1612S02H1 systemd-udevd[1609]: passed device to netlink monitor 0x55efe9d25950
Apr 26 08:48:39 ICTM1612S02H1 systemd-udevd[1562]: passed 133 byte device to netlink monitor 0x55efe9ce9f20
Apr 26 08:48:39 ICTM1612S02H1 systemd-udevd[1590]: seq 3028 running
Apr 26 08:48:39 ICTM1612S02H1 systemd-udevd[1589]: value '[dmi/id]sys_vendor' is 'Dell Inc.'
Apr 26 08:48:39 ICTM1612S02H1 systemd-udevd[1609]: seq 3026 processed
Apr 26 08:48:39 ICTM1612S02H1 systemd-udevd[1562]: seq 3029 queued, 'add' 'module'
Apr 26 08:48:39 ICTM1612S02H1 systemd-udevd[1590]: value '[dmi/id]sys_vendor' is 'Dell Inc.'
Apr 26 08:48:39 ICTM1612S02H1 systemd-udevd[1589]: passed device to netlink monitor 0x55efe9cfb560
Apr 26 08:48:39 ICTM1612S02H1 systemd-udevd[1562]: passed 131 byte device to netlink monitor 0x55efe9ce9f20
Apr 26 08:48:39 ICTM1612S02H1 systemd-udevd[1601]: seq 3029 running
Apr 26 08:48:39 ICTM1612S02H1 systemd-udevd[1590]: value '[dmi/id]sys_vendor' is 'Dell Inc.'
Apr 26 08:48:39 ICTM1612S02H1 systemd-udevd[1589]: seq 3027 processed
Apr 26 08:48:39 ICTM1612S02H1 systemd-udevd[1562]: seq 3030 queued, 'add' 'module'
Apr 26 08:48:39 ICTM1612S02H1 systemd-udevd[1601]: value '[dmi/id]sys_vendor' is 'Dell Inc.'
Apr 26 08:48:39 ICTM1612S02H1 systemd-udevd[1590]: passed device to netlink monitor 0x55efe9d20030
Apr 26 08:48:39 ICTM1612S02H1 systemd-udevd[1562]: passed 127 byte device to netlink monitor 0x55efe9ce9f20
Apr 26 08:48:39 ICTM1612S02H1 systemd-udevd[1609]: seq 3030 running
Apr 26 08:48:39 ICTM1612S02H1 systemd-udevd[1601]: value '[dmi/id]sys_vendor' is 'Dell Inc.'
Apr 26 08:48:39 ICTM1612S02H1 systemd-udevd[1590]: seq 3028 processed
Apr 26 08:48:39 ICTM1612S02H1 systemd-udevd[1562]: seq 3031 queued, 'add' 'module'
Apr 26 08:48:39 ICTM1612S02H1 systemd-udevd[1609]: value '[dmi/id]sys_vendor' is 'Dell Inc.'
Apr 26 08:48:39 ICTM1612S02H1 systemd-udevd[1601]: passed device to netlink monitor 0x55efe9d22e90
Apr 26 08:48:39 ICTM1612S02H1 systemd-udevd[1562]: passed 131 byte device to netlink monitor 0x55efe9ce9f20
Apr 26 08:48:39 ICTM1612S02H1 systemd-udevd[1589]: seq 3031 running
Apr 26 08:48:39 ICTM1612S02H1 systemd-udevd[1609]: value '[dmi/id]sys_vendor' is 'Dell Inc.'
Apr 26 08:48:39 ICTM1612S02H1 systemd-udevd[1601]: seq 3029 processed
Apr 26 08:48:39 ICTM1612S02H1 systemd-udevd[1562]: seq 3032 queued, 'add' 'module'
Apr 26 08:48:39 ICTM1612S02H1 systemd-udevd[1589]: value '[dmi/id]sys_vendor' is 'Dell Inc.'
Apr 26 08:48:39 ICTM1612S02H1 systemd-udevd[1609]: passed device to netlink monitor 0x55efe9d25950
Apr 26 08:48:39 ICTM1612S02H1 systemd-udevd[1562]: passed 134 byte device to netlink monitor 0x55efe9ce9f20
Apr 26 08:48:39 ICTM1612S02H1 systemd-udevd[1590]: seq 3032 running
Apr 26 08:48:39 ICTM1612S02H1 systemd-udevd[1590]: value '[dmi/id]sys_vendor' is 'Dell Inc.'
Apr 26 08:48:39 ICTM1612S02H1 systemd-udevd[1609]: seq 3030 processed
Apr 26 08:48:39 ICTM1612S02H1 systemd-udevd[1562]: seq 3033 queued, 'add' 'module'
Apr 26 08:48:39 ICTM1612S02H1 systemd-udevd[1589]: value '[dmi/id]sys_vendor' is 'Dell Inc.'
Apr 26 08:48:39 ICTM1612S02H1 systemd-udevd[1590]: value '[dmi/id]sys_vendor' is 'Dell Inc.'
Apr 26 08:48:39 ICTM1612S02H1 systemd-udevd[1562]: passed 132 byte device to netlink monitor 0x55efe9ce9f20
Apr 26 08:48:39 ICTM1612S02H1 systemd-udevd[1601]: seq 3033 running
Apr 26 08:48:39 ICTM1612S02H1 systemd-udevd[1601]: value '[dmi/id]sys_vendor' is 'Dell Inc.'
Apr 26 08:48:39 ICTM1612S02H1 systemd-udevd[1590]: passed device to netlink monitor 0x55efe9d20030
Apr 26 08:48:39 ICTM1612S02H1 systemd-udevd[1562]: seq 3034 queued, 'add' 'module'
Apr 26 08:48:39 ICTM1612S02H1 systemd-udevd[1589]: passed device to netlink monitor 0x55efe9cfb560
Apr 26 08:48:39 ICTM1612S02H1 systemd-udevd[1601]: value '[dmi/id]sys_vendor' is 'Dell Inc.'
Apr 26 08:48:39 ICTM1612S02H1 systemd-udevd[1590]: seq 3032 processed
Apr 26 08:48:39 ICTM1612S02H1 systemd-udevd[1562]: passed 130 byte device to netlink monitor 0x55efe9ce9f20
Apr 26 08:48:39 ICTM1612S02H1 systemd-udevd[1609]: seq 3034 running
Apr 26 08:48:39 ICTM1612S02H1 systemd-udevd[1589]: seq 3031 processed
Apr 26 08:48:39 ICTM1612S02H1 systemd-udevd[1601]: passed device to netlink monitor 0x55efe9d22e90
Apr 26 08:48:39 ICTM1612S02H1 systemd-udevd[1562]: seq 3035 queued, 'add' 'module'
Apr 26 08:48:39 ICTM1612S02H1 systemd-udevd[1609]: value '[dmi/id]sys_vendor' is 'Dell Inc.'
Apr 26 08:48:39 ICTM1612S02H1 systemd-udevd[1601]: seq 3033 processed
Apr 26 08:48:39 ICTM1612S02H1 systemd-udevd[1562]: passed 131 byte device to netlink monitor 0x55efe9ce9f20
Apr 26 08:48:39 ICTM1612S02H1 systemd-udevd[1590]: seq 3035 running
Apr 26 08:48:39 ICTM1612S02H1 systemd-udevd[1609]: value '[dmi/id]sys_vendor' is 'Dell Inc.'
Apr 26 08:48:39 ICTM1612S02H1 systemd-udevd[1562]: seq 3036 queued, 'add' 'module'
Apr 26 08:48:39 ICTM1612S02H1 systemd-udevd[1590]: value '[dmi/id]sys_vendor' is 'Dell Inc.'
Apr 26 08:48:39 ICTM1612S02H1 systemd-udevd[1609]: passed device to netlink monitor 0x55efe9d25950
Apr 26 08:48:39 ICTM1612S02H1 systemd-udevd[1562]: passed 138 byte device to netlink monitor 0x55efe9ce9f20
Apr 26 08:48:39 ICTM1612S02H1 systemd-udevd[1601]: seq 3036 running
Apr 26 08:48:39 ICTM1612S02H1 systemd-udevd[1590]: value '[dmi/id]sys_vendor' is 'Dell Inc.'
Apr 26 08:48:39 ICTM1612S02H1 systemd-udevd[1609]: seq 3034 processed
Apr 26 08:48:39 ICTM1612S02H1 systemd-udevd[1562]: seq 3037 queued, 'add' 'module'
Apr 26 08:48:39 ICTM1612S02H1 systemd-udevd[1601]: value '[dmi/id]sys_vendor' is 'Dell Inc.'
Apr 26 08:48:39 ICTM1612S02H1 systemd-udevd[1590]: passed device to netlink monitor 0x55efe9d20030
Apr 26 08:48:39 ICTM1612S02H1 systemd-udevd[1562]: passed 134 byte device to netlink monitor 0x55efe9ce9f20
Apr 26 08:48:39 ICTM1612S02H1 systemd-udevd[1589]: seq 3037 running
Apr 26 08:48:39 ICTM1612S02H1 systemd-udevd[1601]: value '[dmi/id]sys_vendor' is 'Dell Inc.'
Apr 26 08:48:39 ICTM1612S02H1 systemd-udevd[1590]: seq 3035 processed
Apr 26 08:48:39 ICTM1612S02H1 systemd-udevd[1562]: seq 3038 queued, 'add' 'module'
Apr 26 08:48:39 ICTM1612S02H1 systemd-udevd[1589]: value '[dmi/id]sys_vendor' is 'Dell Inc.'
Apr 26 08:48:39 ICTM1612S02H1 systemd-udevd[1601]: passed device to netlink monitor 0x55efe9d22e90
Apr 26 08:48:39 ICTM1612S02H1 systemd-udevd[1562]: passed 135 byte device to netlink monitor 0x55efe9ce9f20
Apr 26 08:48:39 ICTM1612S02H1 systemd-udevd[1609]: seq 3038 running
Apr 26 08:48:39 ICTM1612S02H1 systemd-udevd[1589]: value '[dmi/id]sys_vendor' is 'Dell Inc.'
Apr 26 08:48:39 ICTM1612S02H1 systemd-udevd[1601]: seq 3036 processed
Apr 26 08:48:39 ICTM1612S02H1 systemd-udevd[1562]: seq 3039 queued, 'add' 'module'
Apr 26 08:48:39 ICTM1612S02H1 systemd-udevd[1609]: value '[dmi/id]sys_vendor' is 'Dell Inc.'
Apr 26 08:48:39 ICTM1612S02H1 systemd-udevd[1589]: passed device to netlink monitor 0x55efe9cfb560
Apr 26 08:48:39 ICTM1612S02H1 systemd-udevd[1562]: passed 134 byte device to netlink monitor 0x55efe9ce9f20
Apr 26 08:48:39 ICTM1612S02H1 systemd-udevd[1590]: seq 3039 running
Apr 26 08:48:39 ICTM1612S02H1 systemd-udevd[1590]: value '[dmi/id]sys_vendor' is 'Dell Inc.'
Apr 26 08:48:39 ICTM1612S02H1 systemd-udevd[1589]: seq 3037 processed
Apr 26 08:48:39 ICTM1612S02H1 systemd-udevd[1562]: seq 3040 queued, 'add' 'module'
Apr 26 08:48:39 ICTM1612S02H1 systemd-udevd[1609]: value '[dmi/id]sys_vendor' is 'Dell Inc.'
Apr 26 08:48:39 ICTM1612S02H1 systemd-udevd[1590]: value '[dmi/id]sys_vendor' is 'Dell Inc.'
Apr 26 08:48:39 ICTM1612S02H1 systemd-udevd[1562]: passed 134 byte device to netlink monitor 0x55efe9ce9f20
Apr 26 08:48:39 ICTM1612S02H1 systemd-udevd[1601]: seq 3040 running
Apr 26 08:48:39 ICTM1612S02H1 systemd-udevd[1609]: passed device to netlink monitor 0x55efe9d25950
Apr 26 08:48:39 ICTM1612S02H1 systemd-udevd[1590]: passed device to netlink monitor 0x55efe9d20030
Apr 26 08:48:39 ICTM1612S02H1 systemd-udevd[1562]: seq 3041 queued, 'add' 'module'
Apr 26 08:48:39 ICTM1612S02H1 systemd-udevd[1601]: value '[dmi/id]sys_vendor' is 'Dell Inc.'
Apr 26 08:48:39 ICTM1612S02H1 systemd-udevd[1609]: seq 3038 processed
Apr 26 08:48:39 ICTM1612S02H1 systemd-udevd[1590]: seq 3039 processed
Apr 26 08:48:39 ICTM1612S02H1 systemd-udevd[1562]: passed 126 byte device to netlink monitor 0x55efe9ce9f20
Apr 26 08:48:39 ICTM1612S02H1 systemd-udevd[1589]: seq 3041 running
Apr 26 08:48:39 ICTM1612S02H1 systemd-udevd[1601]: value '[dmi/id]sys_vendor' is 'Dell Inc.'
Apr 26 08:48:39 ICTM1612S02H1 systemd-udevd[1562]: seq 3042 queued, 'add' 'module'
Apr 26 08:48:39 ICTM1612S02H1 systemd-udevd[1589]: value '[dmi/id]sys_vendor' is 'Dell Inc.'
Apr 26 08:48:39 ICTM1612S02H1 systemd-udevd[1601]: passed device to netlink monitor 0x55efe9d22e90
Apr 26 08:48:39 ICTM1612S02H1 systemd-udevd[1562]: passed 129 byte device to netlink monitor 0x55efe9ce9f20
Apr 26 08:48:39 ICTM1612S02H1 systemd-udevd[1590]: seq 3042 running
Apr 26 08:48:39 ICTM1612S02H1 systemd-udevd[1589]: value '[dmi/id]sys_vendor' is 'Dell Inc.'
Apr 26 08:48:39 ICTM1612S02H1 systemd-udevd[1601]: seq 3040 processed
Apr 26 08:48:39 ICTM1612S02H1 systemd-udevd[1562]: seq 3043 queued, 'add' 'module'
Apr 26 08:48:39 ICTM1612S02H1 systemd-udevd[1590]: value '[dmi/id]sys_vendor' is 'Dell Inc.'
Apr 26 08:48:39 ICTM1612S02H1 systemd-udevd[1589]: passed device to netlink monitor 0x55efe9cfb560
Apr 26 08:48:39 ICTM1612S02H1 systemd-udevd[1562]: passed 127 byte device to netlink monitor 0x55efe9ce9f20
Apr 26 08:48:39 ICTM1612S02H1 systemd-udevd[1609]: seq 3043 running
Apr 26 08:48:39 ICTM1612S02H1 systemd-udevd[1590]: value '[dmi/id]sys_vendor' is 'Dell Inc.'
Apr 26 08:48:39 ICTM1612S02H1 systemd-udevd[1589]: seq 3041 processed
Apr 26 08:48:39 ICTM1612S02H1 systemd-udevd[1562]: seq 3044 queued, 'add' 'module'
Apr 26 08:48:39 ICTM1612S02H1 systemd-udevd[1609]: value '[dmi/id]sys_vendor' is 'Dell Inc.'
Apr 26 08:48:39 ICTM1612S02H1 systemd-udevd[1590]: passed device to netlink monitor 0x55efe9d20030
Apr 26 08:48:39 ICTM1612S02H1 systemd-udevd[1562]: passed 133 byte device to netlink monitor 0x55efe9ce9f20
Apr 26 08:48:39 ICTM1612S02H1 systemd-udevd[1601]: seq 3044 running
Apr 26 08:48:39 ICTM1612S02H1 systemd-udevd[1601]: value '[dmi/id]sys_vendor' is 'Dell Inc.'
Apr 26 08:48:39 ICTM1612S02H1 systemd-udevd[1590]: seq 3042 processed
Apr 26 08:48:39 ICTM1612S02H1 systemd-udevd[1562]: seq 3045 queued, 'add' 'module'
Apr 26 08:48:39 ICTM1612S02H1 systemd-udevd[1609]: value '[dmi/id]sys_vendor' is 'Dell Inc.'
Apr 26 08:48:39 ICTM1612S02H1 systemd-udevd[1601]: value '[dmi/id]sys_vendor' is 'Dell Inc.'
Apr 26 08:48:39 ICTM1612S02H1 systemd-udevd[1562]: passed 142 byte device to netlink monitor 0x55efe9ce9f20
Apr 26 08:48:39 ICTM1612S02H1 systemd-udevd[1589]: seq 3045 running
Apr 26 08:48:39 ICTM1612S02H1 systemd-udevd[1609]: passed device to netlink monitor 0x55efe9d25950
Apr 26 08:48:39 ICTM1612S02H1 systemd-udevd[1601]: passed device to netlink monitor 0x55efe9d22e90
Apr 26 08:48:39 ICTM1612S02H1 systemd-udevd[1562]: seq 3046 queued, 'add' 'module'
Apr 26 08:48:39 ICTM1612S02H1 systemd-udevd[1589]: value '[dmi/id]sys_vendor' is 'Dell Inc.'
Apr 26 08:48:39 ICTM1612S02H1 systemd-udevd[1609]: seq 3043 processed
Apr 26 08:48:39 ICTM1612S02H1 systemd-udevd[1601]: seq 3044 processed
Apr 26 08:48:39 ICTM1612S02H1 systemd-udevd[1562]: passed 136 byte device to netlink monitor 0x55efe9ce9f20
Apr 26 08:48:39 ICTM1612S02H1 systemd-udevd[1590]: seq 3046 running
Apr 26 08:48:39 ICTM1612S02H1 systemd-udevd[1590]: value '[dmi/id]sys_vendor' is 'Dell Inc.'
Apr 26 08:48:39 ICTM1612S02H1 systemd-udevd[1562]: seq 3047 queued, 'add' 'module'
Apr 26 08:48:39 ICTM1612S02H1 systemd-udevd[1589]: value '[dmi/id]sys_vendor' is 'Dell Inc.'
Apr 26 08:48:39 ICTM1612S02H1 systemd-udevd[1590]: value '[dmi/id]sys_vendor' is 'Dell Inc.'
Apr 26 08:48:39 ICTM1612S02H1 systemd-udevd[1562]: passed 136 byte device to netlink monitor 0x55efe9ce9f20
Apr 26 08:48:39 ICTM1612S02H1 systemd-udevd[1601]: seq 3047 running
Apr 26 08:48:39 ICTM1612S02H1 systemd-udevd[1601]: value '[dmi/id]sys_vendor' is 'Dell Inc.'
Apr 26 08:48:39 ICTM1612S02H1 systemd-udevd[1590]: passed device to netlink monitor 0x55efe9d20030
Apr 26 08:48:39 ICTM1612S02H1 systemd-udevd[1562]: seq 3048 queued, 'add' 'module'
Apr 26 08:48:39 ICTM1612S02H1 systemd-udevd[1589]: passed device to netlink monitor 0x55efe9cfb560
Apr 26 08:48:39 ICTM1612S02H1 systemd-udevd[1601]: value '[dmi/id]sys_vendor' is 'Dell Inc.'
Apr 26 08:48:39 ICTM1612S02H1 systemd-udevd[1590]: seq 3046 processed
Apr 26 08:48:39 ICTM1612S02H1 systemd-udevd[1562]: passed 132 byte device to netlink monitor 0x55efe9ce9f20
Apr 26 08:48:39 ICTM1612S02H1 systemd-udevd[1609]: seq 3048 running
Apr 26 08:48:39 ICTM1612S02H1 systemd-udevd[1589]: seq 3045 processed
Apr 26 08:48:39 ICTM1612S02H1 systemd-udevd[1601]: passed device to netlink monitor 0x55efe9d22e90
Apr 26 08:48:39 ICTM1612S02H1 systemd-udevd[1562]: seq 3049 queued, 'add' 'module'
Apr 26 08:48:39 ICTM1612S02H1 systemd-udevd[1609]: value '[dmi/id]sys_vendor' is 'Dell Inc.'
Apr 26 08:48:39 ICTM1612S02H1 systemd-udevd[1601]: seq 3047 processed
Apr 26 08:48:39 ICTM1612S02H1 systemd-udevd[1562]: passed 127 byte device to netlink monitor 0x55efe9ce9f20
Apr 26 08:48:39 ICTM1612S02H1 systemd-udevd[1590]: seq 3049 running
Apr 26 08:48:39 ICTM1612S02H1 systemd-udevd[1609]: value '[dmi/id]sys_vendor' is 'Dell Inc.'
Apr 26 08:48:39 ICTM1612S02H1 systemd-udevd[1562]: seq 3050 queued, 'add' 'module'
Apr 26 08:48:39 ICTM1612S02H1 systemd-udevd[1590]: value '[dmi/id]sys_vendor' is 'Dell Inc.'
Apr 26 08:48:39 ICTM1612S02H1 systemd-udevd[1609]: passed device to netlink monitor 0x55efe9d25950
Apr 26 08:48:39 ICTM1612S02H1 systemd-udevd[1562]: passed 130 byte device to netlink monitor 0x55efe9ce9f20
Apr 26 08:48:39 ICTM1612S02H1 systemd-udevd[1601]: seq 3050 running
Apr 26 08:48:39 ICTM1612S02H1 systemd-udevd[1590]: value '[dmi/id]sys_vendor' is 'Dell Inc.'
Apr 26 08:48:39 ICTM1612S02H1 systemd-udevd[1609]: seq 3048 processed
Apr 26 08:48:39 ICTM1612S02H1 systemd-udevd[1562]: seq 3051 queued, 'add' 'module'
Apr 26 08:48:39 ICTM1612S02H1 systemd-udevd[1601]: value '[dmi/id]sys_vendor' is 'Dell Inc.'
Apr 26 08:48:39 ICTM1612S02H1 systemd-udevd[1590]: passed device to netlink monitor 0x55efe9d20030
Apr 26 08:48:39 ICTM1612S02H1 systemd-udevd[1562]: passed 129 byte device to netlink monitor 0x55efe9ce9f20
Apr 26 08:48:39 ICTM1612S02H1 systemd-udevd[1589]: seq 3051 running
Apr 26 08:48:39 ICTM1612S02H1 systemd-udevd[1601]: value '[dmi/id]sys_vendor' is 'Dell Inc.'
Apr 26 08:48:39 ICTM1612S02H1 systemd-udevd[1590]: seq 3049 processed
Apr 26 08:48:39 ICTM1612S02H1 systemd-udevd[1589]: value '[dmi/id]sys_vendor' is 'Dell Inc.'
Apr 26 08:48:39 ICTM1612S02H1 systemd-udevd[1601]: passed device to netlink monitor 0x55efe9d22e90
Apr 26 08:48:39 ICTM1612S02H1 systemd-udevd[1589]: value '[dmi/id]sys_vendor' is 'Dell Inc.'
Apr 26 08:48:39 ICTM1612S02H1 systemd-udevd[1601]: seq 3050 processed
Apr 26 08:48:39 ICTM1612S02H1 systemd-udevd[1589]: passed device to netlink monitor 0x55efe9cfb560
Apr 26 08:48:39 ICTM1612S02H1 systemd-udevd[1589]: seq 3051 processed
Apr 26 08:48:39 ICTM1612S02H1 systemd-udevd[1562]: cleanup idle workers
Apr 26 08:48:39 ICTM1612S02H1 systemd-udevd[1589]: Unload module index
Apr 26 08:48:39 ICTM1612S02H1 systemd-udevd[1590]: Unload module index
Apr 26 08:48:39 ICTM1612S02H1 systemd-udevd[1590]: Unloaded link configuration context.
Apr 26 08:48:39 ICTM1612S02H1 systemd-udevd[1599]: Unload module index
Apr 26 08:48:39 ICTM1612S02H1 systemd-udevd[1604]: Unload module index
Apr 26 08:48:39 ICTM1612S02H1 systemd-udevd[1609]: Unload module index
Apr 26 08:48:39 ICTM1612S02H1 systemd-udevd[1609]: Unloaded link configuration context.
Apr 26 08:48:39 ICTM1612S02H1 systemd-udevd[1583]: Unload module index
Apr 26 08:48:39 ICTM1612S02H1 systemd-udevd[1602]: Unload module index
Apr 26 08:48:39 ICTM1612S02H1 systemd-udevd[1602]: Unloaded link configuration context.
Apr 26 08:48:39 ICTM1612S02H1 systemd-udevd[1600]: Unload module index
Apr 26 08:48:39 ICTM1612S02H1 systemd-udevd[1582]: Unload module index
Apr 26 08:48:39 ICTM1612S02H1 systemd-udevd[1579]: Unload module index
Apr 26 08:48:39 ICTM1612S02H1 systemd-udevd[1598]: Unload module index
Apr 26 08:48:39 ICTM1612S02H1 systemd-udevd[1576]: Unload module index
Apr 26 08:48:39 ICTM1612S02H1 systemd-udevd[1594]: Unload module index
Apr 26 08:48:39 ICTM1612S02H1 systemd-udevd[1588]: Unload module index
Apr 26 08:48:39 ICTM1612S02H1 systemd-udevd[1588]: Unloaded link configuration context.
Apr 26 08:48:39 ICTM1612S02H1 systemd-udevd[1607]: Unload module index
Apr 26 08:48:39 ICTM1612S02H1 systemd-udevd[1607]: Unloaded link configuration context.
Apr 26 08:48:39 ICTM1612S02H1 systemd-udevd[1595]: Unload module index
Apr 26 08:48:39 ICTM1612S02H1 systemd-udevd[1595]: Unloaded link configuration context.
Apr 26 08:48:39 ICTM1612S02H1 systemd-udevd[1591]: Unload module index
Apr 26 08:48:39 ICTM1612S02H1 systemd-udevd[1593]: Unload module index
Apr 26 08:48:39 ICTM1612S02H1 systemd-udevd[1593]: Unloaded link configuration context.
Apr 26 08:48:39 ICTM1612S02H1 systemd-udevd[1606]: Unload module index
Apr 26 08:48:39 ICTM1612S02H1 systemd-udevd[1581]: Unload module index
Apr 26 08:48:39 ICTM1612S02H1 systemd-udevd[1581]: Unloaded link configuration context.
Apr 26 08:48:39 ICTM1612S02H1 systemd-udevd[1580]: Unload module index
Apr 26 08:48:39 ICTM1612S02H1 systemd-udevd[1578]: Unload module index
Apr 26 08:48:39 ICTM1612S02H1 systemd-udevd[1577]: Unload module index
Apr 26 08:48:39 ICTM1612S02H1 systemd-udevd[1608]: Unload module index
Apr 26 08:48:39 ICTM1612S02H1 systemd-udevd[1592]: Unload module index
Apr 26 08:48:39 ICTM1612S02H1 systemd-udevd[1589]: Unloaded link configuration context.
Apr 26 08:48:39 ICTM1612S02H1 systemd-udevd[1601]: Unload module index
Apr 26 08:48:39 ICTM1612S02H1 systemd-udevd[1562]: worker [1590] exited
Apr 26 08:48:39 ICTM1612S02H1 systemd-udevd[1599]: Unloaded link configuration context.
Apr 26 08:48:39 ICTM1612S02H1 systemd-udevd[1604]: Unloaded link configuration context.
Apr 26 08:48:39 ICTM1612S02H1 systemd-udevd[1585]: Unload module index
Apr 26 08:48:39 ICTM1612S02H1 systemd-udevd[1583]: Unloaded link configuration context.
Apr 26 08:48:39 ICTM1612S02H1 systemd-udevd[1597]: Unload module index
Apr 26 08:48:39 ICTM1612S02H1 systemd-udevd[1597]: Unloaded link configuration context.
Apr 26 08:48:39 ICTM1612S02H1 systemd-udevd[1582]: Unloaded link configuration context.
Apr 26 08:48:39 ICTM1612S02H1 systemd-udevd[1579]: Unloaded link configuration context.
Apr 26 08:48:39 ICTM1612S02H1 systemd-udevd[1598]: Unloaded link configuration context.
Apr 26 08:48:39 ICTM1612S02H1 systemd-udevd[1576]: Unloaded link configuration context.
Apr 26 08:48:39 ICTM1612S02H1 systemd-udevd[1594]: Unloaded link configuration context.
Apr 26 08:48:39 ICTM1612S02H1 systemd-udevd[1586]: Unload module index
Apr 26 08:48:39 ICTM1612S02H1 systemd-udevd[1596]: Unload module index
Apr 26 08:48:39 ICTM1612S02H1 systemd-udevd[1596]: Unloaded link configuration context.
Apr 26 08:48:39 ICTM1612S02H1 systemd-udevd[1591]: Unloaded link configuration context.
Apr 26 08:48:39 ICTM1612S02H1 systemd-udevd[1587]: Unload module index
Apr 26 08:48:39 ICTM1612S02H1 systemd-udevd[1606]: Unloaded link configuration context.
Apr 26 08:48:39 ICTM1612S02H1 systemd-udevd[1603]: Unload module index
Apr 26 08:48:39 ICTM1612S02H1 systemd-udevd[1603]: Unloaded link configuration context.
Apr 26 08:48:39 ICTM1612S02H1 systemd-udevd[1578]: Unloaded link configuration context.
Apr 26 08:48:39 ICTM1612S02H1 systemd-udevd[1577]: Unloaded link configuration context.
Apr 26 08:48:39 ICTM1612S02H1 systemd-udevd[1608]: Unloaded link configuration context.
Apr 26 08:48:39 ICTM1612S02H1 systemd-udevd[1592]: Unloaded link configuration context.
Apr 26 08:48:39 ICTM1612S02H1 systemd-udevd[1601]: Unloaded link configuration context.
Apr 26 08:48:39 ICTM1612S02H1 systemd-udevd[1562]: worker [1581] exited
Apr 26 08:48:39 ICTM1612S02H1 systemd-udevd[1585]: Unloaded link configuration context.
Apr 26 08:48:39 ICTM1612S02H1 systemd-udevd[1600]: Unloaded link configuration context.
Apr 26 08:48:39 ICTM1612S02H1 systemd-udevd[1586]: Unloaded link configuration context.
Apr 26 08:48:39 ICTM1612S02H1 systemd-udevd[1605]: Unload module index
Apr 26 08:48:39 ICTM1612S02H1 systemd-udevd[1587]: Unloaded link configuration context.
Apr 26 08:48:39 ICTM1612S02H1 systemd-udevd[1580]: Unloaded link configuration context.
Apr 26 08:48:39 ICTM1612S02H1 systemd-udevd[1562]: worker [1576] exited
Apr 26 08:48:39 ICTM1612S02H1 systemd-udevd[1605]: Unloaded link configuration context.
Apr 26 08:48:39 ICTM1612S02H1 systemd-udevd[1562]: worker [1577] exited
Apr 26 08:48:39 ICTM1612S02H1 systemd-udevd[1562]: worker [1578] exited
Apr 26 08:48:39 ICTM1612S02H1 systemd-udevd[1562]: worker [1579] exited
Apr 26 08:48:39 ICTM1612S02H1 systemd-udevd[1562]: worker [1580] exited
