Apr 26 08:52:13 ICTM1612S02H1 systemd-udevd[5117]: RUN '/sbin/dmsetup udevcomplete $env{DM_COOKIE}' /lib/udev/rules.d/55-dm.rules:23
Apr 26 08:52:13 ICTM1612S02H1 systemd-udevd[5123]: starting '/sbin/dmsetup udevcomplete 6291456'
Apr 26 08:52:13 ICTM1612S02H1 systemd-udevd[5117]: Process '/sbin/dmsetup udevcomplete 6291456' succeeded.
Apr 26 08:52:13 ICTM1612S02H1 systemd-udevd[5117]: passed device to netlink monitor 0x55efe9ce28e0
Apr 26 08:52:13 ICTM1612S02H1 systemd-udevd[5117]: seq 6077 processed
Apr 26 08:52:13 ICTM1612S02H1 systemd-udevd[1562]: passed 194 byte device to netlink monitor 0x55efe9ce9f20
Apr 26 08:52:13 ICTM1612S02H1 systemd-udevd[5117]: seq 6078 running
Apr 26 08:52:13 ICTM1612S02H1 systemd-udevd[5117]: value '[dmi/id]sys_vendor' is 'Dell Inc.'
Apr 26 08:52:13 ICTM1612S02H1 systemd-udevd[5117]: value '[dmi/id]sys_vendor' is 'Dell Inc.'
Apr 26 08:52:13 ICTM1612S02H1 systemd-udevd[5117]: Assertion 'udev_device && key' failed at ../src/libudev/libudev-device.c:203, function udev_device_get_property_value(). Ignoring.
Apr 26 08:52:13 ICTM1612S02H1 systemd-udevd[5117]: passed device to netlink monitor 0x55efe9ce28e0
Apr 26 08:52:13 ICTM1612S02H1 systemd-udevd[5117]: seq 6078 processed
Apr 26 08:52:13 ICTM1612S02H1 systemd-udevd[1562]: cleanup idle workers
Apr 26 08:52:13 ICTM1612S02H1 systemd-udevd[5117]: Unload module index
Apr 26 08:52:13 ICTM1612S02H1 systemd-udevd[5115]: Unload module index
Apr 26 08:52:13 ICTM1612S02H1 systemd-udevd[5117]: Unloaded link configuration context.
Apr 26 08:52:13 ICTM1612S02H1 systemd-udevd[5115]: Unloaded link configuration context.
Apr 26 08:52:13 ICTM1612S02H1 systemd-udevd[1562]: worker [5117] exited
Apr 26 08:52:13 ICTM1612S02H1 systemd-udevd[1562]: cleanup idle workers
Apr 26 08:52:13 ICTM1612S02H1 systemd-udevd[1562]: worker [5115] exited
Apr 26 08:52:14 ICTM1612S02H1 kernel: device-mapper: multipath round-robin: version 1.0.0 loaded
Apr 26 08:52:14 ICTM1612S02H1 kernel: device-mapper: table: 252:0: multipath: error getting device
Apr 26 08:52:14 ICTM1612S02H1 kernel: device-mapper: ioctl: error adding target to table
Apr 26 08:52:14 ICTM1612S02H1 systemd-udevd[1562]: seq 6079 queued, 'remove' 'bdi'
Apr 26 08:52:14 ICTM1612S02H1 systemd-udevd[1562]: seq 6079 forked new worker [5124]
Apr 26 08:52:14 ICTM1612S02H1 systemd-udevd[5124]: seq 6079 running
Apr 26 08:52:14 ICTM1612S02H1 systemd-udevd[5124]: value '[dmi/id]sys_vendor' is 'Dell Inc.'
Apr 26 08:52:14 ICTM1612S02H1 systemd-udevd[5124]: value '[dmi/id]sys_vendor' is 'Dell Inc.'
Apr 26 08:52:14 ICTM1612S02H1 systemd-udevd[5124]: passed device to netlink monitor 0x55efe9ce9790
Apr 26 08:52:14 ICTM1612S02H1 systemd-udevd[5124]: seq 6079 processed
Apr 26 08:52:14 ICTM1612S02H1 systemd-udevd[1562]: cleanup idle workers
Apr 26 08:52:14 ICTM1612S02H1 systemd-udevd[5124]: Unload module index
Apr 26 08:52:14 ICTM1612S02H1 systemd-udevd[5124]: Unloaded link configuration context.
Apr 26 08:52:14 ICTM1612S02H1 systemd-udevd[1562]: worker [5124] exited
Apr 26 08:52:14 ICTM1612S02H1 multipathd[5095]: 3614187702c5ea0001dd4bd1502a5bab3: ignoring map
Apr 26 08:52:14 ICTM1612S02H1 systemd-udevd[1562]: seq 6080 queued, 'add' 'bdi'
Apr 26 08:52:14 ICTM1612S02H1 systemd-udevd[1562]: seq 6080 forked new worker [5127]
Apr 26 08:52:14 ICTM1612S02H1 systemd-udevd[1562]: seq 6081 queued, 'add' 'block'
Apr 26 08:52:14 ICTM1612S02H1 multipathd[5095]: 360080e5000290b5400008a2d5605fd7e: load table [0 4194304 multipath 4 pg_init_retries 50 queue_if_no_path retain_attached_hw_handler 1 rdac 2 1 round-robin 0 2 1 8:16 1 8:80 1 round-robin 0 2 1 8:48 1 8:32 1]
Apr 26 08:52:14 ICTM1612S02H1 systemd-udevd[5127]: seq 6080 running
Apr 26 08:52:14 ICTM1612S02H1 systemd-udevd[5127]: value '[dmi/id]sys_vendor' is 'Dell Inc.'
Apr 26 08:52:14 ICTM1612S02H1 systemd-udevd[5127]: value '[dmi/id]sys_vendor' is 'Dell Inc.'
Apr 26 08:52:14 ICTM1612S02H1 systemd-udevd[5127]: passed device to netlink monitor 0x55efe9ce9790
Apr 26 08:52:14 ICTM1612S02H1 systemd-udevd[5127]: seq 6080 processed
Apr 26 08:52:14 ICTM1612S02H1 systemd-udevd[1562]: seq 6081 forked new worker [5130]
Apr 26 08:52:14 ICTM1612S02H1 systemd-udevd[5130]: seq 6081 running
Apr 26 08:52:14 ICTM1612S02H1 systemd-udevd[5130]: value '[dmi/id]sys_vendor' is 'Dell Inc.'
Apr 26 08:52:14 ICTM1612S02H1 systemd-udevd[5130]: value '[dmi/id]sys_vendor' is 'Dell Inc.'
Apr 26 08:52:14 ICTM1612S02H1 systemd-udevd[1562]: seq 6082 queued, 'change' 'block'
Apr 26 08:52:14 ICTM1612S02H1 systemd-udevd[5130]: GROUP 6 /lib/udev/rules.d/50-udev-default.rules:55
Apr 26 08:52:14 ICTM1612S02H1 systemd-udevd[5130]: PROGRAM '/sbin/multipath -u /dev/dm-0' /lib/udev/rules.d/56-dm-mpath-lvm.rules:21
Apr 26 08:52:14 ICTM1612S02H1 systemd-udevd[5131]: starting '/sbin/multipath -u /dev/dm-0'
Apr 26 08:52:14 ICTM1612S02H1 multipath[5131]: dm-0: failed to get udev uid: Invalid argument
Apr 26 08:52:14 ICTM1612S02H1 multipath[5131]: dm-0: failed to get sysfs uid: Invalid argument
Apr 26 08:52:14 ICTM1612S02H1 systemd-udevd[1562]: seq 6083 queued, 'add' 'bdi'
Apr 26 08:52:14 ICTM1612S02H1 systemd-udevd[1562]: passed 139 byte device to netlink monitor 0x55efe9ce9f20
Apr 26 08:52:14 ICTM1612S02H1 systemd-udevd[5127]: seq 6083 running
Apr 26 08:52:14 ICTM1612S02H1 systemd-udevd[1562]: seq 6084 queued, 'add' 'block'
Apr 26 08:52:14 ICTM1612S02H1 systemd-udevd[5127]: value '[dmi/id]sys_vendor' is 'Dell Inc.'
Apr 26 08:52:14 ICTM1612S02H1 systemd-udevd[5127]: value '[dmi/id]sys_vendor' is 'Dell Inc.'
Apr 26 08:52:14 ICTM1612S02H1 systemd-udevd[1562]: seq 6084 forked new worker [5135]
Apr 26 08:52:14 ICTM1612S02H1 systemd-udevd[5127]: passed device to netlink monitor 0x55efe9ce9790
Apr 26 08:52:14 ICTM1612S02H1 systemd-udevd[5127]: seq 6083 processed
Apr 26 08:52:14 ICTM1612S02H1 systemd-udevd[5135]: seq 6084 running
Apr 26 08:52:14 ICTM1612S02H1 multipathd[5095]: 360080e500029092400008d505605f98b: load table [0 4194304 multipath 4 pg_init_retries 50 queue_if_no_path retain_attached_hw_handler 1 rdac 2 1 round-robin 0 2 1 8:112 1 8:96 1 round-robin 0 2 1 8:64 1 8:144 1]
Apr 26 08:52:14 ICTM1612S02H1 systemd-udevd[5135]: value '[dmi/id]sys_vendor' is 'Dell Inc.'
Apr 26 08:52:14 ICTM1612S02H1 systemd-udevd[5135]: value '[dmi/id]sys_vendor' is 'Dell Inc.'
Apr 26 08:52:14 ICTM1612S02H1 systemd-udevd[5135]: GROUP 6 /lib/udev/rules.d/50-udev-default.rules:55
Apr 26 08:52:14 ICTM1612S02H1 systemd-udevd[5135]: PROGRAM '/sbin/multipath -u /dev/dm-1' /lib/udev/rules.d/56-dm-mpath-lvm.rules:21
Apr 26 08:52:14 ICTM1612S02H1 systemd-udevd[5137]: starting '/sbin/multipath -u /dev/dm-1'
Apr 26 08:52:14 ICTM1612S02H1 systemd-udevd[1562]: seq 6085 queued, 'change' 'block'
Apr 26 08:52:14 ICTM1612S02H1 multipath[5137]: dm-1: failed to get udev uid: Invalid argument
Apr 26 08:52:14 ICTM1612S02H1 multipath[5137]: dm-1: failed to get sysfs uid: Invalid argument
Apr 26 08:52:14 ICTM1612S02H1 systemd-udevd[1562]: seq 6086 queued, 'add' 'bdi'
Apr 26 08:52:14 ICTM1612S02H1 systemd-udevd[1562]: passed 139 byte device to netlink monitor 0x55efe9ce9f20
Apr 26 08:52:14 ICTM1612S02H1 systemd-udevd[1562]: seq 6087 queued, 'add' 'block'
Apr 26 08:52:14 ICTM1612S02H1 systemd-udevd[5127]: seq 6086 running
Apr 26 08:52:14 ICTM1612S02H1 systemd-udevd[5127]: value '[dmi/id]sys_vendor' is 'Dell Inc.'
Apr 26 08:52:14 ICTM1612S02H1 systemd-udevd[5127]: value '[dmi/id]sys_vendor' is 'Dell Inc.'
Apr 26 08:52:14 ICTM1612S02H1 systemd-udevd[1562]: seq 6087 forked new worker [5141]
Apr 26 08:52:14 ICTM1612S02H1 systemd-udevd[5127]: passed device to netlink monitor 0x55efe9ce9790
Apr 26 08:52:14 ICTM1612S02H1 multipathd[5095]: 360080e5000290b5400008a375605fdb4: load table [0 4194304 multipath 4 pg_init_retries 50 queue_if_no_path retain_attached_hw_handler 1 rdac 2 1 round-robin 0 2 1 68:96 1 69:0 1 round-robin 0 2 1 68:208 1 68:112 1]
Apr 26 08:52:14 ICTM1612S02H1 systemd-udevd[5127]: seq 6086 processed
Apr 26 08:52:14 ICTM1612S02H1 systemd-udevd[5141]: seq 6087 running
Apr 26 08:52:14 ICTM1612S02H1 systemd-udevd[5141]: value '[dmi/id]sys_vendor' is 'Dell Inc.'
Apr 26 08:52:14 ICTM1612S02H1 systemd-udevd[5141]: value '[dmi/id]sys_vendor' is 'Dell Inc.'
Apr 26 08:52:14 ICTM1612S02H1 systemd-udevd[5141]: GROUP 6 /lib/udev/rules.d/50-udev-default.rules:55
Apr 26 08:52:14 ICTM1612S02H1 systemd-udevd[5141]: PROGRAM '/sbin/multipath -u /dev/dm-2' /lib/udev/rules.d/56-dm-mpath-lvm.rules:21
Apr 26 08:52:14 ICTM1612S02H1 systemd-udevd[5144]: starting '/sbin/multipath -u /dev/dm-2'
Apr 26 08:52:14 ICTM1612S02H1 systemd-udevd[1562]: seq 6088 queued, 'change' 'block'
Apr 26 08:52:14 ICTM1612S02H1 multipath[5144]: dm-2: failed to get udev uid: Invalid argument
Apr 26 08:52:14 ICTM1612S02H1 multipath[5144]: dm-2: failed to get sysfs uid: Invalid argument
Apr 26 08:52:14 ICTM1612S02H1 systemd-udevd[1562]: seq 6089 queued, 'add' 'bdi'
Apr 26 08:52:14 ICTM1612S02H1 systemd-udevd[1562]: passed 139 byte device to netlink monitor 0x55efe9ce9f20
Apr 26 08:52:14 ICTM1612S02H1 systemd-udevd[5127]: seq 6089 running
Apr 26 08:52:14 ICTM1612S02H1 systemd-udevd[1562]: seq 6090 queued, 'add' 'block'
Apr 26 08:52:14 ICTM1612S02H1 systemd-udevd[5127]: value '[dmi/id]sys_vendor' is 'Dell Inc.'
Apr 26 08:52:14 ICTM1612S02H1 multipathd[5095]: 360080e500029092400008d5a5605f9c1: load table [0 4194304 multipath 4 pg_init_retries 50 queue_if_no_path retain_attached_hw_handler 1 rdac 2 1 round-robin 0 2 1 69:48 1 68:240 1 round-robin 0 2 1 68:224 1 69:128 1]
Apr 26 08:52:14 ICTM1612S02H1 systemd-udevd[5127]: value '[dmi/id]sys_vendor' is 'Dell Inc.'
Apr 26 08:52:14 ICTM1612S02H1 systemd-udevd[5127]: passed device to netlink monitor 0x55efe9ce9790
Apr 26 08:52:14 ICTM1612S02H1 systemd-udevd[5127]: seq 6089 processed
Apr 26 08:52:14 ICTM1612S02H1 systemd-udevd[1562]: seq 6090 forked new worker [5149]
Apr 26 08:52:14 ICTM1612S02H1 systemd-udevd[5149]: seq 6090 running
Apr 26 08:52:14 ICTM1612S02H1 systemd-udevd[5149]: value '[dmi/id]sys_vendor' is 'Dell Inc.'
Apr 26 08:52:14 ICTM1612S02H1 systemd-udevd[5149]: value '[dmi/id]sys_vendor' is 'Dell Inc.'
Apr 26 08:52:14 ICTM1612S02H1 systemd-udevd[5149]: GROUP 6 /lib/udev/rules.d/50-udev-default.rules:55
Apr 26 08:52:14 ICTM1612S02H1 systemd-udevd[5149]: PROGRAM '/sbin/multipath -u /dev/dm-3' /lib/udev/rules.d/56-dm-mpath-lvm.rules:21
Apr 26 08:52:14 ICTM1612S02H1 systemd-udevd[5151]: starting '/sbin/multipath -u /dev/dm-3'
Apr 26 08:52:14 ICTM1612S02H1 systemd-udevd[1562]: seq 6091 queued, 'change' 'block'
Apr 26 08:52:14 ICTM1612S02H1 multipath[5151]: dm-3: failed to get udev uid: Invalid argument
Apr 26 08:52:14 ICTM1612S02H1 multipath[5151]: dm-3: failed to get sysfs uid: Invalid argument
Apr 26 08:52:14 ICTM1612S02H1 systemd-udevd[1562]: seq 6092 queued, 'add' 'bdi'
Apr 26 08:52:14 ICTM1612S02H1 systemd-udevd[1562]: passed 139 byte device to netlink monitor 0x55efe9ce9f20
Apr 26 08:52:14 ICTM1612S02H1 systemd-udevd[5127]: seq 6092 running
Apr 26 08:52:14 ICTM1612S02H1 systemd-udevd[1562]: seq 6093 queued, 'add' 'block'
Apr 26 08:52:14 ICTM1612S02H1 multipathd[5095]: 360080e5000290b5400008a395605fdc0: load table [0 4194304 multipath 4 pg_init_retries 50 queue_if_no_path retain_attached_hw_handler 1 rdac 2 1 round-robin 0 2 1 69:64 1 69:240 1 round-robin 0 2 1 69:160 1 69:96 1]
Apr 26 08:52:14 ICTM1612S02H1 systemd-udevd[5127]: value '[dmi/id]sys_vendor' is 'Dell Inc.'
Apr 26 08:52:14 ICTM1612S02H1 systemd-udevd[5127]: value '[dmi/id]sys_vendor' is 'Dell Inc.'
Apr 26 08:52:14 ICTM1612S02H1 systemd-udevd[5127]: passed device to netlink monitor 0x55efe9ce9790
Apr 26 08:52:14 ICTM1612S02H1 multipath[5131]: dm-0: failed to get sgio uid: No such file or directory
Apr 26 08:52:14 ICTM1612S02H1 systemd-udevd[1562]: seq 6093 forked new worker [5155]
Apr 26 08:52:14 ICTM1612S02H1 systemd-udevd[5127]: seq 6092 processed
Apr 26 08:52:14 ICTM1612S02H1 systemd-udevd[1562]: seq 6094 queued, 'change' 'block'
Apr 26 08:52:14 ICTM1612S02H1 systemd-udevd[5155]: seq 6093 running
Apr 26 08:52:14 ICTM1612S02H1 systemd-udevd[5155]: value '[dmi/id]sys_vendor' is 'Dell Inc.'
Apr 26 08:52:14 ICTM1612S02H1 systemd-udevd[5155]: value '[dmi/id]sys_vendor' is 'Dell Inc.'
Apr 26 08:52:14 ICTM1612S02H1 systemd-udevd[5155]: GROUP 6 /lib/udev/rules.d/50-udev-default.rules:55
Apr 26 08:52:14 ICTM1612S02H1 systemd-udevd[5155]: PROGRAM '/sbin/multipath -u /dev/dm-4' /lib/udev/rules.d/56-dm-mpath-lvm.rules:21
Apr 26 08:52:14 ICTM1612S02H1 systemd-udevd[5130]: '/sbin/multipath -u /dev/dm-0'(out) '/dev/dm-0 is not a valid multipath device path'
Apr 26 08:52:14 ICTM1612S02H1 systemd-udevd[5158]: starting '/sbin/multipath -u /dev/dm-4'
Apr 26 08:52:14 ICTM1612S02H1 systemd-udevd[5130]: Process '/sbin/multipath -u /dev/dm-0' failed with exit code 1.
Apr 26 08:52:14 ICTM1612S02H1 systemd-udevd[5130]: IMPORT 'dmsetup_env 252 0' /lib/udev/rules.d/95-kpartx.rules:12
Apr 26 08:52:14 ICTM1612S02H1 systemd-udevd[5159]: starting 'dmsetup_env 252 0'
Apr 26 08:52:14 ICTM1612S02H1 systemd-udevd[1562]: seq 6095 queued, 'add' 'bdi'
Apr 26 08:52:14 ICTM1612S02H1 systemd-udevd[1562]: passed 139 byte device to netlink monitor 0x55efe9ce9f20
Apr 26 08:52:14 ICTM1612S02H1 systemd-udevd[5127]: seq 6095 running
Apr 26 08:52:14 ICTM1612S02H1 systemd-udevd[1562]: seq 6096 queued, 'add' 'block'
Apr 26 08:52:14 ICTM1612S02H1 multipathd[5095]: 360080e5000290b540000969b56f4a64c: load table [0 4194304 multipath 4 pg_init_retries 50 queue_if_no_path retain_attached_hw_handler 1 rdac 2 1 round-robin 0 2 1 129:128 1 130:160 1 round-robin 0 2 1 130:128 1 129:112 1]
Apr 26 08:52:14 ICTM1612S02H1 systemd-udevd[5127]: value '[dmi/id]sys_vendor' is 'Dell Inc.'
Apr 26 08:52:14 ICTM1612S02H1 multipath[5158]: dm-4: failed to get udev uid: Invalid argument
Apr 26 08:52:14 ICTM1612S02H1 systemd-udevd[5127]: value '[dmi/id]sys_vendor' is 'Dell Inc.'
Apr 26 08:52:14 ICTM1612S02H1 multipath[5158]: dm-4: failed to get sysfs uid: Invalid argument
Apr 26 08:52:14 ICTM1612S02H1 systemd-udevd[5127]: passed device to netlink monitor 0x55efe9ce9790
Apr 26 08:52:14 ICTM1612S02H1 systemd-udevd[5127]: seq 6095 processed
Apr 26 08:52:14 ICTM1612S02H1 systemd-udevd[1562]: seq 6096 forked new worker [5165]
Apr 26 08:52:14 ICTM1612S02H1 systemd-udevd[1562]: seq 6097 queued, 'change' 'block'
Apr 26 08:52:14 ICTM1612S02H1 multipath[5137]: dm-1: failed to get sgio uid: No such file or directory
Apr 26 08:52:14 ICTM1612S02H1 systemd-udevd[5165]: seq 6096 running
Apr 26 08:52:14 ICTM1612S02H1 systemd-udevd[5165]: value '[dmi/id]sys_vendor' is 'Dell Inc.'
Apr 26 08:52:14 ICTM1612S02H1 systemd-udevd[5130]: 'dmsetup_env 252 0'(out) 'DM_UUID=mpath-360080e5000290b5400008a2d5605fd7e'
Apr 26 08:52:14 ICTM1612S02H1 systemd-udevd[5165]: value '[dmi/id]sys_vendor' is 'Dell Inc.'
Apr 26 08:52:14 ICTM1612S02H1 systemd-udevd[5165]: GROUP 6 /lib/udev/rules.d/50-udev-default.rules:55
Apr 26 08:52:14 ICTM1612S02H1 systemd-udevd[5165]: PROGRAM '/sbin/multipath -u /dev/dm-5' /lib/udev/rules.d/56-dm-mpath-lvm.rules:21
Apr 26 08:52:14 ICTM1612S02H1 systemd-udevd[5167]: starting '/sbin/multipath -u /dev/dm-5'
Apr 26 08:52:14 ICTM1612S02H1 systemd-udevd[5135]: '/sbin/multipath -u /dev/dm-1'(out) '/dev/dm-1 is not a valid multipath device path'
Apr 26 08:52:14 ICTM1612S02H1 systemd-udevd[5135]: Process '/sbin/multipath -u /dev/dm-1' failed with exit code 1.
Apr 26 08:52:14 ICTM1612S02H1 systemd-udevd[5135]: IMPORT 'dmsetup_env 252 1' /lib/udev/rules.d/95-kpartx.rules:12
Apr 26 08:52:14 ICTM1612S02H1 systemd-udevd[5168]: starting 'dmsetup_env 252 1'
Apr 26 08:52:14 ICTM1612S02H1 systemd-udevd[5130]: 'dmsetup_env 252 0'(out) 'DM_TABLE_STATE=LIVE'
Apr 26 08:52:14 ICTM1612S02H1 systemd-udevd[5130]: 'dmsetup_env 252 0'(out) 'DM_STATE=ACTIVE'
Apr 26 08:52:14 ICTM1612S02H1 multipath[5167]: dm-5: failed to get udev uid: Invalid argument
Apr 26 08:52:14 ICTM1612S02H1 systemd-udevd[1562]: seq 6098 queued, 'add' 'bdi'
Apr 26 08:52:14 ICTM1612S02H1 multipath[5167]: dm-5: failed to get sysfs uid: Invalid argument
Apr 26 08:52:14 ICTM1612S02H1 systemd-udevd[1562]: passed 139 byte device to netlink monitor 0x55efe9ce9f20
Apr 26 08:52:14 ICTM1612S02H1 systemd-udevd[5127]: seq 6098 running
Apr 26 08:52:14 ICTM1612S02H1 systemd-udevd[1562]: seq 6099 queued, 'add' 'block'
Apr 26 08:52:14 ICTM1612S02H1 systemd-udevd[5127]: value '[dmi/id]sys_vendor' is 'Dell Inc.'
Apr 26 08:52:14 ICTM1612S02H1 systemd-udevd[5127]: value '[dmi/id]sys_vendor' is 'Dell Inc.'
Apr 26 08:52:14 ICTM1612S02H1 systemd-udevd[5127]: passed device to netlink monitor 0x55efe9ce9790
Apr 26 08:52:14 ICTM1612S02H1 systemd-udevd[5127]: seq 6098 processed
Apr 26 08:52:14 ICTM1612S02H1 systemd-udevd[1562]: seq 6099 forked new worker [5172]
Apr 26 08:52:14 ICTM1612S02H1 systemd-udevd[5130]: 'dmsetup_env 252 0'(out) 'DM_NAME=360080e5000290b5400008a2d5605fd7e'
Apr 26 08:52:14 ICTM1612S02H1 systemd-udevd[5130]: Process 'dmsetup_env 252 0' succeeded.
Apr 26 08:52:14 ICTM1612S02H1 systemd-udevd[5172]: seq 6099 running
Apr 26 08:52:14 ICTM1612S02H1 multipathd[5095]: 360080e50002909240000993056f4a1a7: load table [0 37748736 multipath 4 pg_init_retries 50 queue_if_no_path retain_attached_hw_handler 1 rdac 2 1 round-robin 0 2 1 130:240 1 130:0 1 round-robin 0 2 1 129:192 1 131:32 1]
Apr 26 08:52:14 ICTM1612S02H1 systemd-udevd[5130]: IMPORT 'kpartx_id 252 0 mpath-360080e5000290b5400008a2d5605fd7e' /lib/udev/rules.d/95-kpartx.rules:17
Apr 26 08:52:14 ICTM1612S02H1 systemd-udevd[5172]: value '[dmi/id]sys_vendor' is 'Dell Inc.'
Apr 26 08:52:14 ICTM1612S02H1 systemd-udevd[5172]: value '[dmi/id]sys_vendor' is 'Dell Inc.'
Apr 26 08:52:14 ICTM1612S02H1 multipath[5144]: dm-2: failed to get sgio uid: No such file or directory
Apr 26 08:52:14 ICTM1612S02H1 systemd-udevd[5172]: GROUP 6 /lib/udev/rules.d/50-udev-default.rules:55
Apr 26 08:52:14 ICTM1612S02H1 systemd-udevd[5172]: PROGRAM '/sbin/multipath -u /dev/dm-6' /lib/udev/rules.d/56-dm-mpath-lvm.rules:21
Apr 26 08:52:14 ICTM1612S02H1 systemd-udevd[5175]: starting 'kpartx_id 252 0 mpath-360080e5000290b5400008a2d5605fd7e'
Apr 26 08:52:14 ICTM1612S02H1 systemd-udevd[5176]: starting '/sbin/multipath -u /dev/dm-6'
Apr 26 08:52:14 ICTM1612S02H1 systemd-udevd[1562]: seq 6100 queued, 'change' 'block'
Apr 26 08:52:14 ICTM1612S02H1 systemd-udevd[5135]: 'dmsetup_env 252 1'(out) 'DM_UUID=mpath-360080e500029092400008d505605f98b'
Apr 26 08:52:14 ICTM1612S02H1 systemd-udevd[5141]: '/sbin/multipath -u /dev/dm-2'(out) '/dev/dm-2 is not a valid multipath device path'
Apr 26 08:52:14 ICTM1612S02H1 systemd-udevd[5141]: Process '/sbin/multipath -u /dev/dm-2' failed with exit code 1.
Apr 26 08:52:14 ICTM1612S02H1 systemd-udevd[5141]: IMPORT 'dmsetup_env 252 2' /lib/udev/rules.d/95-kpartx.rules:12
Apr 26 08:52:14 ICTM1612S02H1 systemd-udevd[5181]: starting 'dmsetup_env 252 2'
Apr 26 08:52:14 ICTM1612S02H1 systemd-udevd[5130]: 'kpartx_id 252 0 mpath-360080e5000290b5400008a2d5605fd7e'(out) 'DM_TYPE=scsi'
Apr 26 08:52:14 ICTM1612S02H1 systemd-udevd[5130]: 'kpartx_id 252 0 mpath-360080e5000290b5400008a2d5605fd7e'(out) 'DM_WWN=0x60080e5000290b5400008a2d5605fd7e'
Apr 26 08:52:14 ICTM1612S02H1 systemd-udevd[5135]: 'dmsetup_env 252 1'(out) 'DM_TABLE_STATE=LIVE'
Apr 26 08:52:14 ICTM1612S02H1 systemd-udevd[5135]: 'dmsetup_env 252 1'(out) 'DM_STATE=ACTIVE'
Apr 26 08:52:14 ICTM1612S02H1 systemd-udevd[5130]: Process 'kpartx_id 252 0 mpath-360080e5000290b5400008a2d5605fd7e' succeeded.
Apr 26 08:52:14 ICTM1612S02H1 multipath[5176]: dm-6: failed to get udev uid: Invalid argument
Apr 26 08:52:14 ICTM1612S02H1 systemd-udevd[5130]: LINK 'disk/by-id/scsi-360080e5000290b5400008a2d5605fd7e' /lib/udev/rules.d/95-kpartx.rules:23
Apr 26 08:52:14 ICTM1612S02H1 multipath[5176]: dm-6: failed to get sysfs uid: Invalid argument
Apr 26 08:52:14 ICTM1612S02H1 systemd-udevd[5130]: LINK 'disk/by-id/wwn-0x60080e5000290b5400008a2d5605fd7e' /lib/udev/rules.d/95-kpartx.rules:27
Apr 26 08:52:14 ICTM1612S02H1 multipathd[5095]: 360080e5000290b540000969f56f4a659: load table [0 37748736 multipath 4 pg_init_retries 50 queue_if_no_path retain_attached_hw_handler 1 rdac 2 1 round-robin 0 2 1 130:64 1 131:144 1 round-robin 0 2 1 131:112 1 130:112 1]
Apr 26 08:52:14 ICTM1612S02H1 systemd-udevd[5130]: RUN '/sbin/kpartx -u -p -part /dev/$name' /lib/udev/rules.d/95-kpartx.rules:50
Apr 26 08:52:14 ICTM1612S02H1 systemd-udevd[5130]: ATTR '/sys/devices/virtual/block/dm-0/queue/max_sectors_kb' writing '32767' /etc/udev/rules.d/99-largeio-udev.rules:1
Apr 26 08:52:14 ICTM1612S02H1 systemd-udevd[5130]: handling device node '/dev/dm-0', devnum=b252:0, mode=0660, uid=0, gid=6
Apr 26 08:52:14 ICTM1612S02H1 systemd-udevd[5130]: set permissions /dev/dm-0, 060660, uid=0, gid=6
Apr 26 08:52:14 ICTM1612S02H1 systemd-udevd[5130]: creating symlink '/dev/block/252:0' to '../dm-0'
Apr 26 08:52:14 ICTM1612S02H1 systemd-udevd[1562]: seq 6101 queued, 'add' 'bdi'
Apr 26 08:52:14 ICTM1612S02H1 systemd-udevd[1562]: passed 139 byte device to netlink monitor 0x55efe9ce9f20
Apr 26 08:52:14 ICTM1612S02H1 systemd-udevd[5130]: found 'b8:48' claiming '/run/udev/links/\x2fdisk\x2fby-id\x2fscsi-360080e5000290b5400008a2d5605fd7e'
Apr 26 08:52:14 ICTM1612S02H1 systemd-udevd[1562]: seq 6102 queued, 'add' 'block'
Apr 26 08:52:14 ICTM1612S02H1 multipath[5151]: dm-3: failed to get sgio uid: No such file or directory
Apr 26 08:52:14 ICTM1612S02H1 systemd-udevd[5127]: seq 6101 running
Apr 26 08:52:14 ICTM1612S02H1 systemd-udevd[1562]: seq 6102 forked new worker [5187]
Apr 26 08:52:14 ICTM1612S02H1 systemd-udevd[5127]: value '[dmi/id]sys_vendor' is 'Dell Inc.'
Apr 26 08:52:14 ICTM1612S02H1 systemd-udevd[5127]: value '[dmi/id]sys_vendor' is 'Dell Inc.'
Apr 26 08:52:14 ICTM1612S02H1 systemd-udevd[5130]: found 'b8:80' claiming '/run/udev/links/\x2fdisk\x2fby-id\x2fscsi-360080e5000290b5400008a2d5605fd7e'
Apr 26 08:52:14 ICTM1612S02H1 systemd-udevd[1562]: seq 6103 queued, 'change' 'block'
Apr 26 08:52:14 ICTM1612S02H1 systemd-udevd[5127]: passed device to netlink monitor 0x55efe9ce9790
Apr 26 08:52:14 ICTM1612S02H1 systemd-udevd[5127]: seq 6101 processed
Apr 26 08:52:14 ICTM1612S02H1 systemd-udevd[5135]: 'dmsetup_env 252 1'(out) 'DM_NAME=360080e500029092400008d505605f98b'
Apr 26 08:52:14 ICTM1612S02H1 systemd-udevd[5187]: seq 6102 running
Apr 26 08:52:14 ICTM1612S02H1 systemd-udevd[5130]: found 'b8:32' claiming '/run/udev/links/\x2fdisk\x2fby-id\x2fscsi-360080e5000290b5400008a2d5605fd7e'
Apr 26 08:52:14 ICTM1612S02H1 systemd-udevd[5135]: Process 'dmsetup_env 252 1' succeeded.
Apr 26 08:52:14 ICTM1612S02H1 multipathd[5095]: 360080e50002909240000993456f4a1b2: load table [0 37748736 multipath 4 pg_init_retries 50 queue_if_no_path retain_attached_hw_handler 1 rdac 2 1 round-robin 0 2 1 131:224 1 130:224 1 round-robin 0 2 1 130:192 1 132:16 1]
Apr 26 08:52:14 ICTM1612S02H1 systemd-udevd[5135]: IMPORT 'kpartx_id 252 1 mpath-360080e500029092400008d505605f98b' /lib/udev/rules.d/95-kpartx.rules:17
Apr 26 08:52:14 ICTM1612S02H1 systemd-udevd[5187]: value '[dmi/id]sys_vendor' is 'Dell Inc.'
Apr 26 08:52:14 ICTM1612S02H1 systemd-udevd[5187]: value '[dmi/id]sys_vendor' is 'Dell Inc.'
Apr 26 08:52:14 ICTM1612S02H1 systemd-udevd[5187]: GROUP 6 /lib/udev/rules.d/50-udev-default.rules:55
Apr 26 08:52:14 ICTM1612S02H1 systemd-udevd[5187]: PROGRAM '/sbin/multipath -u /dev/dm-7' /lib/udev/rules.d/56-dm-mpath-lvm.rules:21
Apr 26 08:52:14 ICTM1612S02H1 systemd-udevd[5130]: found 'b8:16' claiming '/run/udev/links/\x2fdisk\x2fby-id\x2fscsi-360080e5000290b5400008a2d5605fd7e'
Apr 26 08:52:14 ICTM1612S02H1 systemd-udevd[5190]: starting 'kpartx_id 252 1 mpath-360080e500029092400008d505605f98b'
Apr 26 08:52:14 ICTM1612S02H1 systemd-udevd[5141]: 'dmsetup_env 252 2'(out) 'DM_UUID=mpath-360080e5000290b5400008a375605fdb4'
Apr 26 08:52:14 ICTM1612S02H1 systemd-udevd[5130]: creating link '/dev/disk/by-id/scsi-360080e5000290b5400008a2d5605fd7e' to '/dev/dm-0'
Apr 26 08:52:14 ICTM1612S02H1 multipath[5191]: dm-7: failed to get udev uid: Invalid argument
Apr 26 08:52:14 ICTM1612S02H1 systemd-udevd[5130]: atomically replace '/dev/disk/by-id/scsi-360080e5000290b5400008a2d5605fd7e'
Apr 26 08:52:14 ICTM1612S02H1 multipath[5191]: dm-7: failed to get sysfs uid: Invalid argument
Apr 26 08:52:14 ICTM1612S02H1 systemd-udevd[5130]: found 'b8:48' claiming '/run/udev/links/\x2fdisk\x2fby-id\x2fwwn-0x60080e5000290b5400008a2d5605fd7e'
Apr 26 08:52:14 ICTM1612S02H1 systemd-udevd[5130]: found 'b8:80' claiming '/run/udev/links/\x2fdisk\x2fby-id\x2fwwn-0x60080e5000290b5400008a2d5605fd7e'
Apr 26 08:52:14 ICTM1612S02H1 multipath[5158]: dm-4: failed to get sgio uid: No such file or directory
Apr 26 08:52:14 ICTM1612S02H1 systemd-udevd[5130]: found 'b8:32' claiming '/run/udev/links/\x2fdisk\x2fby-id\x2fwwn-0x60080e5000290b5400008a2d5605fd7e'
Apr 26 08:52:14 ICTM1612S02H1 multipath[5202]: dm-8: failed to get udev uid: Invalid argument
Apr 26 08:52:14 ICTM1612S02H1 systemd-udevd[5130]: found 'b8:16' claiming '/run/udev/links/\x2fdisk\x2fby-id\x2fwwn-0x60080e5000290b5400008a2d5605fd7e'
Apr 26 08:52:14 ICTM1612S02H1 multipath[5202]: dm-8: failed to get sysfs uid: Invalid argument
Apr 26 08:52:14 ICTM1612S02H1 systemd-udevd[5149]: '/sbin/multipath -u /dev/dm-3'(out) '/dev/dm-3 is not a valid multipath device path'
Apr 26 08:52:14 ICTM1612S02H1 systemd-udevd[5130]: creating link '/dev/disk/by-id/wwn-0x60080e5000290b5400008a2d5605fd7e' to '/dev/dm-0'
Apr 26 08:52:14 ICTM1612S02H1 systemd-udevd[5130]: atomically replace '/dev/disk/by-id/wwn-0x60080e5000290b5400008a2d5605fd7e'
Apr 26 08:52:14 ICTM1612S02H1 systemd-udevd[5191]: starting '/sbin/multipath -u /dev/dm-7'
Apr 26 08:52:14 ICTM1612S02H1 systemd-udevd[5130]: created db file '/run/udev/data/b252:0' for '/devices/virtual/block/dm-0'
Apr 26 08:52:14 ICTM1612S02H1 systemd-udevd[5149]: Process '/sbin/multipath -u /dev/dm-3' failed with exit code 1.
Apr 26 08:52:14 ICTM1612S02H1 systemd-udevd[5149]: IMPORT 'dmsetup_env 252 3' /lib/udev/rules.d/95-kpartx.rules:12
Apr 26 08:52:14 ICTM1612S02H1 systemd-udevd[5194]: starting '/sbin/kpartx -u -p -part /dev/dm-0'
Apr 26 08:52:14 ICTM1612S02H1 systemd-udevd[1562]: seq 6104 queued, 'add' 'bdi'
Apr 26 08:52:14 ICTM1612S02H1 systemd-udevd[5141]: 'dmsetup_env 252 2'(out) 'DM_TABLE_STATE=LIVE'
Apr 26 08:52:14 ICTM1612S02H1 systemd-udevd[5141]: 'dmsetup_env 252 2'(out) 'DM_STATE=ACTIVE'
Apr 26 08:52:14 ICTM1612S02H1 systemd-udevd[1562]: passed 139 byte device to netlink monitor 0x55efe9ce9f20
Apr 26 08:52:14 ICTM1612S02H1 systemd-udevd[5127]: seq 6104 running
Apr 26 08:52:14 ICTM1612S02H1 systemd-udevd[1562]: seq 6105 queued, 'add' 'block'
Apr 26 08:52:14 ICTM1612S02H1 multipathd[5095]: 360080e5000290b54000096a356f4a665: load table [0 37748736 multipath 4 pg_init_retries 50 queue_if_no_path retain_attached_hw_handler 1 rdac 2 1 round-robin 0 2 1 131:48 1 132:112 1 round-robin 0 2 1 132:64 1 131:80 1]
Apr 26 08:52:14 ICTM1612S02H1 systemd-udevd[5127]: value '[dmi/id]sys_vendor' is 'Dell Inc.'
Apr 26 08:52:14 ICTM1612S02H1 systemd-udevd[5127]: value '[dmi/id]sys_vendor' is 'Dell Inc.'
Apr 26 08:52:14 ICTM1612S02H1 systemd-udevd[1562]: seq 6105 forked new worker [5201]
Apr 26 08:52:14 ICTM1612S02H1 systemd-udevd[5195]: starting 'dmsetup_env 252 3'
Apr 26 08:52:14 ICTM1612S02H1 systemd-udevd[1562]: seq 6106 queued, 'change' 'block'
Apr 26 08:52:14 ICTM1612S02H1 systemd-udevd[5127]: passed device to netlink monitor 0x55efe9ce9790
Apr 26 08:52:14 ICTM1612S02H1 systemd-udevd[5127]: seq 6104 processed
Apr 26 08:52:14 ICTM1612S02H1 systemd-udevd[5201]: seq 6105 running
Apr 26 08:52:14 ICTM1612S02H1 systemd-udevd[5201]: value '[dmi/id]sys_vendor' is 'Dell Inc.'
Apr 26 08:52:14 ICTM1612S02H1 systemd-udevd[5201]: value '[dmi/id]sys_vendor' is 'Dell Inc.'
Apr 26 08:52:14 ICTM1612S02H1 systemd-udevd[5201]: GROUP 6 /lib/udev/rules.d/50-udev-default.rules:55
Apr 26 08:52:14 ICTM1612S02H1 systemd-udevd[5201]: PROGRAM '/sbin/multipath -u /dev/dm-8' /lib/udev/rules.d/56-dm-mpath-lvm.rules:21
Apr 26 08:52:14 ICTM1612S02H1 systemd-udevd[5135]: 'kpartx_id 252 1 mpath-360080e500029092400008d505605f98b'(out) 'DM_TYPE=scsi'
Apr 26 08:52:14 ICTM1612S02H1 systemd-udevd[5135]: 'kpartx_id 252 1 mpath-360080e500029092400008d505605f98b'(out) 'DM_WWN=0x60080e500029092400008d505605f98b'
Apr 26 08:52:14 ICTM1612S02H1 systemd-udevd[5135]: Process 'kpartx_id 252 1 mpath-360080e500029092400008d505605f98b' succeeded.
Apr 26 08:52:14 ICTM1612S02H1 multipath[5167]: dm-5: failed to get sgio uid: No such file or directory
Apr 26 08:52:14 ICTM1612S02H1 systemd-udevd[5135]: LINK 'disk/by-id/scsi-360080e500029092400008d505605f98b' /lib/udev/rules.d/95-kpartx.rules:23
Apr 26 08:52:14 ICTM1612S02H1 systemd-udevd[5135]: LINK 'disk/by-id/wwn-0x60080e500029092400008d505605f98b' /lib/udev/rules.d/95-kpartx.rules:27
Apr 26 08:52:14 ICTM1612S02H1 systemd-udevd[5135]: RUN '/sbin/kpartx -u -p -part /dev/$name' /lib/udev/rules.d/95-kpartx.rules:50
Apr 26 08:52:14 ICTM1612S02H1 systemd-udevd[5202]: starting '/sbin/multipath -u /dev/dm-8'
Apr 26 08:52:14 ICTM1612S02H1 systemd-udevd[5135]: ATTR '/sys/devices/virtual/block/dm-1/queue/max_sectors_kb' writing '32767' /etc/udev/rules.d/99-largeio-udev.rules:1
Apr 26 08:52:14 ICTM1612S02H1 systemd-udevd[5135]: handling device node '/dev/dm-1', devnum=b252:1, mode=0660, uid=0, gid=6
Apr 26 08:52:14 ICTM1612S02H1 systemd-udevd[5135]: set permissions /dev/dm-1, 060660, uid=0, gid=6
Apr 26 08:52:14 ICTM1612S02H1 systemd-udevd[5135]: creating symlink '/dev/block/252:1' to '../dm-1'
Apr 26 08:52:14 ICTM1612S02H1 systemd-udevd[5135]: found 'b8:144' claiming '/run/udev/links/\x2fdisk\x2fby-id\x2fscsi-360080e500029092400008d505605f98b'
Apr 26 08:52:14 ICTM1612S02H1 systemd-udevd[5135]: found 'b8:112' claiming '/run/udev/links/\x2fdisk\x2fby-id\x2fscsi-360080e500029092400008d505605f98b'
Apr 26 08:52:14 ICTM1612S02H1 multipath[5220]: dm-0: failed to get udev uid: Invalid argument
Apr 26 08:52:14 ICTM1612S02H1 systemd-udevd[5135]: found 'b8:96' claiming '/run/udev/links/\x2fdisk\x2fby-id\x2fscsi-360080e500029092400008d505605f98b'
Apr 26 08:52:14 ICTM1612S02H1 multipath[5220]: dm-0: failed to get sysfs uid: Invalid argument
Apr 26 08:52:14 ICTM1612S02H1 systemd-udevd[5141]: 'dmsetup_env 252 2'(out) 'DM_NAME=360080e5000290b5400008a375605fdb4'
Apr 26 08:52:14 ICTM1612S02H1 multipath[5220]: dm-0: failed to get sgio uid: No such file or directory
Apr 26 08:52:14 ICTM1612S02H1 systemd-udevd[5141]: Process 'dmsetup_env 252 2' succeeded.
Apr 26 08:52:14 ICTM1612S02H1 multipathd[5095]: 360080e50002909240000993856f4a1bf: load table [0 37748736 multipath 4 pg_init_retries 50 queue_if_no_path retain_attached_hw_handler 1 rdac 2 1 round-robin 0 2 1 132:144 1 131:160 1 round-robin 0 2 1 131:128 1 132:208 1]
Apr 26 08:52:14 ICTM1612S02H1 systemd-udevd[5135]: found 'b8:64' claiming '/run/udev/links/\x2fdisk\x2fby-id\x2fscsi-360080e500029092400008d505605f98b'
Apr 26 08:52:14 ICTM1612S02H1 multipath[5221]: dm-9: failed to get udev uid: Invalid argument
Apr 26 08:52:14 ICTM1612S02H1 systemd-udevd[5141]: IMPORT 'kpartx_id 252 2 mpath-360080e5000290b5400008a375605fdb4' /lib/udev/rules.d/95-kpartx.rules:17
Apr 26 08:52:14 ICTM1612S02H1 multipath[5221]: dm-9: failed to get sysfs uid: Invalid argument
Apr 26 08:52:14 ICTM1612S02H1 systemd-udevd[5135]: creating link '/dev/disk/by-id/scsi-360080e500029092400008d505605f98b' to '/dev/dm-1'
Apr 26 08:52:14 ICTM1612S02H1 systemd-udevd[5135]: atomically replace '/dev/disk/by-id/scsi-360080e500029092400008d505605f98b'
Apr 26 08:52:14 ICTM1612S02H1 systemd-udevd[5135]: found 'b8:144' claiming '/run/udev/links/\x2fdisk\x2fby-id\x2fwwn-0x60080e500029092400008d505605f98b'
Apr 26 08:52:14 ICTM1612S02H1 systemd-udevd[5205]: starting 'kpartx_id 252 2 mpath-360080e5000290b5400008a375605fdb4'
Apr 26 08:52:14 ICTM1612S02H1 systemd-udevd[5130]: Process '/sbin/kpartx -u -p -part /dev/dm-0' succeeded.
Apr 26 08:52:14 ICTM1612S02H1 systemd-udevd[5135]: found 'b8:112' claiming '/run/udev/links/\x2fdisk\x2fby-id\x2fwwn-0x60080e500029092400008d505605f98b'
Apr 26 08:52:14 ICTM1612S02H1 systemd-udevd[5130]: passed device to netlink monitor 0x55efe9ce28e0
Apr 26 08:52:14 ICTM1612S02H1 systemd-udevd[5130]: seq 6081 processed
Apr 26 08:52:14 ICTM1612S02H1 systemd-udevd[1562]: passed 212 byte device to netlink monitor 0x55efe9ce9f20
Apr 26 08:52:14 ICTM1612S02H1 systemd-udevd[5127]: seq 6082 running
Apr 26 08:52:14 ICTM1612S02H1 systemd-udevd[5149]: 'dmsetup_env 252 3'(out) 'DM_UUID=mpath-360080e500029092400008d5a5605f9c1'
Apr 26 08:52:14 ICTM1612S02H1 systemd-udevd[5135]: found 'b8:96' claiming '/run/udev/links/\x2fdisk\x2fby-id\x2fwwn-0x60080e500029092400008d505605f98b'
Apr 26 08:52:14 ICTM1612S02H1 systemd-udevd[5135]: found 'b8:64' claiming '/run/udev/links/\x2fdisk\x2fby-id\x2fwwn-0x60080e500029092400008d505605f98b'
Apr 26 08:52:14 ICTM1612S02H1 systemd-udevd[5127]: value '[dmi/id]sys_vendor' is 'Dell Inc.'
Apr 26 08:52:14 ICTM1612S02H1 multipath[5176]: dm-6: failed to get sgio uid: No such file or directory
Apr 26 08:52:14 ICTM1612S02H1 systemd-udevd[5127]: value '[dmi/id]sys_vendor' is 'Dell Inc.'
Apr 26 08:52:14 ICTM1612S02H1 systemd-udevd[5127]: IMPORT '/sbin/dmsetup udevflags 6291456' /lib/udev/rules.d/55-dm.rules:22
Apr 26 08:52:14 ICTM1612S02H1 systemd-udevd[5135]: creating link '/dev/disk/by-id/wwn-0x60080e500029092400008d505605f98b' to '/dev/dm-1'
Apr 26 08:52:14 ICTM1612S02H1 systemd-udevd[5135]: atomically replace '/dev/disk/by-id/wwn-0x60080e500029092400008d505605f98b'
Apr 26 08:52:14 ICTM1612S02H1 multipathd[5095]: 360080e5000290b54000096a756f4a672: load table [0 37748736 multipath 4 pg_init_retries 50 queue_if_no_path retain_attached_hw_handler 1 rdac 2 1 round-robin 0 2 1 132:0 1 133:16 1 round-robin 0 2 1 132:224 1 132:32 1]
Apr 26 08:52:14 ICTM1612S02H1 systemd-udevd[5135]: created db file '/run/udev/data/b252:1' for '/devices/virtual/block/dm-1'
Apr 26 08:52:14 ICTM1612S02H1 multipath[5237]: dm-10: failed to get udev uid: Invalid argument
Apr 26 08:52:14 ICTM1612S02H1 systemd-udevd[5155]: '/sbin/multipath -u /dev/dm-4'(out) '/dev/dm-4 is not a valid multipath device path'
Apr 26 08:52:14 ICTM1612S02H1 multipath[5237]: dm-10: failed to get sysfs uid: Invalid argument
Apr 26 08:52:14 ICTM1612S02H1 systemd-udevd[5208]: starting '/sbin/dmsetup udevflags 6291456'
Apr 26 08:52:14 ICTM1612S02H1 multipath[5241]: dm-2: failed to get udev uid: Invalid argument
Apr 26 08:52:14 ICTM1612S02H1 systemd-udevd[5210]: starting '/sbin/kpartx -u -p -part /dev/dm-1'
Apr 26 08:52:14 ICTM1612S02H1 multipath[5241]: dm-2: failed to get sysfs uid: Invalid argument
Apr 26 08:52:14 ICTM1612S02H1 systemd-udevd[5155]: Process '/sbin/multipath -u /dev/dm-4' failed with exit code 1.
Apr 26 08:52:14 ICTM1612S02H1 multipath[5238]: dm-1: failed to get udev uid: Invalid argument
Apr 26 08:52:14 ICTM1612S02H1 systemd-udevd[5155]: IMPORT 'dmsetup_env 252 4' /lib/udev/rules.d/95-kpartx.rules:12
Apr 26 08:52:14 ICTM1612S02H1 multipath[5241]: dm-2: failed to get sgio uid: No such file or directory
Apr 26 08:52:14 ICTM1612S02H1 systemd-udevd[5149]: 'dmsetup_env 252 3'(out) 'DM_TABLE_STATE=LIVE'
Apr 26 08:52:14 ICTM1612S02H1 multipath[5238]: dm-1: failed to get sysfs uid: Invalid argument
Apr 26 08:52:14 ICTM1612S02H1 systemd-udevd[5149]: 'dmsetup_env 252 3'(out) 'DM_STATE=ACTIVE'
Apr 26 08:52:14 ICTM1612S02H1 multipath[5238]: dm-1: failed to get sgio uid: No such file or directory
Apr 26 08:52:14 ICTM1612S02H1 systemd-udevd[5213]: starting 'dmsetup_env 252 4'
Apr 26 08:52:14 ICTM1612S02H1 systemd-udevd[5141]: 'kpartx_id 252 2 mpath-360080e5000290b5400008a375605fdb4'(out) 'DM_TYPE=scsi'
Apr 26 08:52:14 ICTM1612S02H1 systemd-udevd[5141]: 'kpartx_id 252 2 mpath-360080e5000290b5400008a375605fdb4'(out) 'DM_WWN=0x60080e5000290b5400008a375605fdb4'
Apr 26 08:52:14 ICTM1612S02H1 systemd-udevd[5141]: Process 'kpartx_id 252 2 mpath-360080e5000290b5400008a375605fdb4' succeeded.
Apr 26 08:52:14 ICTM1612S02H1 systemd-udevd[5141]: LINK 'disk/by-id/scsi-360080e5000290b5400008a375605fdb4' /lib/udev/rules.d/95-kpartx.rules:23
Apr 26 08:52:14 ICTM1612S02H1 systemd-udevd[5141]: LINK 'disk/by-id/wwn-0x60080e5000290b5400008a375605fdb4' /lib/udev/rules.d/95-kpartx.rules:27
Apr 26 08:52:14 ICTM1612S02H1 systemd-udevd[1562]: seq 6107 queued, 'add' 'bdi'
Apr 26 08:52:14 ICTM1612S02H1 systemd-udevd[5141]: RUN '/sbin/kpartx -u -p -part /dev/$name' /lib/udev/rules.d/95-kpartx.rules:50
Apr 26 08:52:14 ICTM1612S02H1 systemd-udevd[1562]: passed 139 byte device to netlink monitor 0x55efe9ce9f20
Apr 26 08:52:14 ICTM1612S02H1 systemd-udevd[5141]: ATTR '/sys/devices/virtual/block/dm-2/queue/max_sectors_kb' writing '32767' /etc/udev/rules.d/99-largeio-udev.rules:1
Apr 26 08:52:14 ICTM1612S02H1 systemd-udevd[5130]: seq 6107 running
Apr 26 08:52:14 ICTM1612S02H1 systemd-udevd[1562]: seq 6108 queued, 'add' 'block'
Apr 26 08:52:14 ICTM1612S02H1 systemd-udevd[5141]: handling device node '/dev/dm-2', devnum=b252:2, mode=0660, uid=0, gid=6
Apr 26 08:52:14 ICTM1612S02H1 multipathd[5095]: 360080e500029092400008d5c5605f9cc: load table [0 4194304 multipath 4 pg_init_retries 50 queue_if_no_path retain_attached_hw_handler 1 rdac 2 1 round-robin 0 2 1 70:48 1 69:192 1 round-robin 0 2 1 69:176 1 70:112 1]
Apr 26 08:52:14 ICTM1612S02H1 systemd-udevd[5141]: set permissions /dev/dm-2, 060660, uid=0, gid=6
Apr 26 08:52:14 ICTM1612S02H1 multipath[5251]: dm-11: failed to get udev uid: Invalid argument
Apr 26 08:52:14 ICTM1612S02H1 systemd-udevd[5141]: creating symlink '/dev/block/252:2' to '../dm-2'
Apr 26 08:52:14 ICTM1612S02H1 multipath[5251]: dm-11: failed to get sysfs uid: Invalid argument
Apr 26 08:52:14 ICTM1612S02H1 systemd-udevd[5141]: found 'b69:0' claiming '/run/udev/links/\x2fdisk\x2fby-id\x2fscsi-360080e5000290b5400008a375605fdb4'
Apr 26 08:52:14 ICTM1612S02H1 multipath[5191]: dm-7: failed to get sgio uid: No such file or directory
Apr 26 08:52:14 ICTM1612S02H1 systemd-udevd[1562]: seq 6108 forked new worker [5217]
Apr 26 08:52:14 ICTM1612S02H1 systemd-udevd[5130]: value '[dmi/id]sys_vendor' is 'Dell Inc.'
Apr 26 08:52:14 ICTM1612S02H1 multipath[5258]: dm-3: failed to get udev uid: Invalid argument
Apr 26 08:52:14 ICTM1612S02H1 systemd-udevd[5127]: '/sbin/dmsetup udevflags 6291456'(out) 'DM_UDEV_DISABLE_LIBRARY_FALLBACK_FLAG='1''
Apr 26 08:52:14 ICTM1612S02H1 multipath[5258]: dm-3: failed to get sysfs uid: Invalid argument
Apr 26 08:52:14 ICTM1612S02H1 systemd-udevd[5127]: '/sbin/dmsetup udevflags 6291456'(out) 'DM_UDEV_PRIMARY_SOURCE_FLAG='1''
Apr 26 08:52:14 ICTM1612S02H1 multipath[5258]: dm-3: failed to get sgio uid: No such file or directory
Apr 26 08:52:14 ICTM1612S02H1 systemd-udevd[5130]: value '[dmi/id]sys_vendor' is 'Dell Inc.'
Apr 26 08:52:14 ICTM1612S02H1 multipath[5267]: dm-12: failed to get udev uid: Invalid argument
Apr 26 08:52:14 ICTM1612S02H1 systemd-udevd[5141]: found 'b68:208' claiming '/run/udev/links/\x2fdisk\x2fby-id\x2fscsi-360080e5000290b5400008a375605fdb4'
Apr 26 08:52:14 ICTM1612S02H1 multipath[5267]: dm-12: failed to get sysfs uid: Invalid argument
Apr 26 08:52:14 ICTM1612S02H1 systemd-udevd[5130]: passed device to netlink monitor 0x55efe9ce28e0
Apr 26 08:52:14 ICTM1612S02H1 multipathd[5095]: 360080e5000290b5400008a3b5605fdca: load table [0 4194304 multipath 4 pg_init_retries 50 queue_if_no_path retain_attached_hw_handler 1 rdac 2 1 round-robin 0 2 1 70:32 1 70:240 1 round-robin 0 2 1 70:192 1 70:64 1]
Apr 26 08:52:14 ICTM1612S02H1 systemd-udevd[5130]: seq 6107 processed
Apr 26 08:52:14 ICTM1612S02H1 systemd-udevd[1562]: seq 6109 queued, 'change' 'block'
Apr 26 08:52:14 ICTM1612S02H1 multipath[5202]: dm-8: failed to get sgio uid: No such file or directory
Apr 26 08:52:14 ICTM1612S02H1 systemd-udevd[5141]: found 'b68:112' claiming '/run/udev/links/\x2fdisk\x2fby-id\x2fscsi-360080e5000290b5400008a375605fdb4'
Apr 26 08:52:14 ICTM1612S02H1 systemd-udevd[5127]: Process '/sbin/dmsetup udevflags 6291456' succeeded.
Apr 26 08:52:14 ICTM1612S02H1 systemd-udevd[5127]: RUN '/sbin/dmsetup udevcomplete $env{DM_COOKIE}' /lib/udev/rules.d/55-dm.rules:23
Apr 26 08:52:14 ICTM1612S02H1 systemd-udevd[5217]: seq 6108 running
Apr 26 08:52:14 ICTM1612S02H1 multipath[5280]: dm-13: failed to get udev uid: Invalid argument
Apr 26 08:52:14 ICTM1612S02H1 systemd-udevd[5141]: found 'b68:96' claiming '/run/udev/links/\x2fdisk\x2fby-id\x2fscsi-360080e5000290b5400008a375605fdb4'
Apr 26 08:52:14 ICTM1612S02H1 multipath[5280]: dm-13: failed to get sysfs uid: Invalid argument
Apr 26 08:52:14 ICTM1612S02H1 systemd-udevd[5127]: LINK 'mapper/360080e5000290b5400008a2d5605fd7e' /lib/udev/rules.d/55-dm.rules:115
Apr 26 08:52:14 ICTM1612S02H1 multipathd[5095]: 360080e500029092400008d5e5605f9d7: load table [0 4194304 multipath 4 pg_init_retries 50 queue_if_no_path retain_attached_hw_handler 1 rdac 2 1 round-robin 0 2 1 71:64 1 70:176 1 round-robin 0 2 1 70:160 1 71:112 1]
Apr 26 08:52:14 ICTM1612S02H1 systemd-udevd[5127]: PROGRAM '/sbin/multipath -u /dev/dm-0' /lib/udev/rules.d/56-dm-mpath-lvm.rules:21
Apr 26 08:52:14 ICTM1612S02H1 multipath[5284]: dm-4: failed to get udev uid: Invalid argument
Apr 26 08:52:14 ICTM1612S02H1 systemd-udevd[5217]: value '[dmi/id]sys_vendor' is 'Dell Inc.'
Apr 26 08:52:14 ICTM1612S02H1 multipath[5284]: dm-4: failed to get sysfs uid: Invalid argument
Apr 26 08:52:14 ICTM1612S02H1 systemd-udevd[5141]: creating link '/dev/disk/by-id/scsi-360080e5000290b5400008a375605fdb4' to '/dev/dm-2'
Apr 26 08:52:14 ICTM1612S02H1 multipath[5284]: dm-4: failed to get sgio uid: No such file or directory
Apr 26 08:52:14 ICTM1612S02H1 systemd-udevd[5141]: atomically replace '/dev/disk/by-id/scsi-360080e5000290b5400008a375605fdb4'
Apr 26 08:52:14 ICTM1612S02H1 multipath[5221]: dm-9: failed to get sgio uid: No such file or directory
Apr 26 08:52:14 ICTM1612S02H1 systemd-udevd[5217]: value '[dmi/id]sys_vendor' is 'Dell Inc.'
Apr 26 08:52:14 ICTM1612S02H1 systemd-udevd[5141]: found 'b69:0' claiming '/run/udev/links/\x2fdisk\x2fby-id\x2fwwn-0x60080e5000290b5400008a375605fdb4'
Apr 26 08:52:14 ICTM1612S02H1 systemd-udevd[5217]: GROUP 6 /lib/udev/rules.d/50-udev-default.rules:55
Apr 26 08:52:14 ICTM1612S02H1 systemd-udevd[5217]: PROGRAM '/sbin/multipath -u /dev/dm-9' /lib/udev/rules.d/56-dm-mpath-lvm.rules:21
Apr 26 08:52:14 ICTM1612S02H1 multipath[5295]: dm-14: failed to get udev uid: Invalid argument
Apr 26 08:52:14 ICTM1612S02H1 systemd-udevd[5220]: starting '/sbin/multipath -u /dev/dm-0'
Apr 26 08:52:14 ICTM1612S02H1 multipath[5295]: dm-14: failed to get sysfs uid: Invalid argument
Apr 26 08:52:14 ICTM1612S02H1 systemd-udevd[5141]: found 'b68:208' claiming '/run/udev/links/\x2fdisk\x2fby-id\x2fwwn-0x60080e5000290b5400008a375605fdb4'
Apr 26 08:52:14 ICTM1612S02H1 systemd-udevd[5149]: 'dmsetup_env 252 3'(out) 'DM_NAME=360080e500029092400008d5a5605f9c1'
Apr 26 08:52:14 ICTM1612S02H1 multipath[5297]: dm-5: failed to get udev uid: Invalid argument
Apr 26 08:52:14 ICTM1612S02H1 systemd-udevd[5141]: found 'b68:112' claiming '/run/udev/links/\x2fdisk\x2fby-id\x2fwwn-0x60080e5000290b5400008a375605fdb4'
Apr 26 08:52:14 ICTM1612S02H1 multipath[5297]: dm-5: failed to get sysfs uid: Invalid argument
Apr 26 08:52:14 ICTM1612S02H1 systemd-udevd[5155]: 'dmsetup_env 252 4'(out) 'DM_UUID=mpath-360080e5000290b5400008a395605fdc0'
Apr 26 08:52:14 ICTM1612S02H1 multipathd[5095]: 360080e5000290b5400008a3d5605fdd6: load table [0 4194304 multipath 4 pg_init_retries 50 queue_if_no_path retain_attached_hw_handler 1 rdac 2 1 round-robin 0 2 1 71:16 1 128:16 1 round-robin 0 2 1 71:208 1 71:32 1]
Apr 26 08:52:14 ICTM1612S02H1 systemd-udevd[5149]: Process 'dmsetup_env 252 3' succeeded.
Apr 26 08:52:14 ICTM1612S02H1 multipath[5297]: dm-5: failed to get sgio uid: No such file or directory
Apr 26 08:52:14 ICTM1612S02H1 systemd-udevd[5149]: IMPORT 'kpartx_id 252 3 mpath-360080e500029092400008d5a5605f9c1' /lib/udev/rules.d/95-kpartx.rules:17
Apr 26 08:52:14 ICTM1612S02H1 systemd-udevd[5141]: found 'b68:96' claiming '/run/udev/links/\x2fdisk\x2fby-id\x2fwwn-0x60080e5000290b5400008a375605fdb4'
Apr 26 08:52:14 ICTM1612S02H1 systemd-udevd[5221]: starting '/sbin/multipath -u /dev/dm-9'
Apr 26 08:52:14 ICTM1612S02H1 systemd-udevd[5141]: creating link '/dev/disk/by-id/wwn-0x60080e5000290b5400008a375605fdb4' to '/dev/dm-2'
Apr 26 08:52:14 ICTM1612S02H1 systemd-udevd[5141]: atomically replace '/dev/disk/by-id/wwn-0x60080e5000290b5400008a375605fdb4'
Apr 26 08:52:14 ICTM1612S02H1 systemd-udevd[5141]: created db file '/run/udev/data/b252:2' for '/devices/virtual/block/dm-2'
Apr 26 08:52:14 ICTM1612S02H1 systemd-udevd[5223]: starting 'kpartx_id 252 3 mpath-360080e500029092400008d5a5605f9c1'
Apr 26 08:52:14 ICTM1612S02H1 multipath[5237]: dm-10: failed to get sgio uid: No such file or directory
Apr 26 08:52:14 ICTM1612S02H1 systemd-udevd[5135]: Process '/sbin/kpartx -u -p -part /dev/dm-1' succeeded.
Apr 26 08:52:14 ICTM1612S02H1 systemd-udevd[5135]: passed device to netlink monitor 0x55efe9cf3640
Apr 26 08:52:14 ICTM1612S02H1 systemd-udevd[5135]: seq 6084 processed
Apr 26 08:52:14 ICTM1612S02H1 multipath[5312]: dm-15: failed to get udev uid: Invalid argument
Apr 26 08:52:14 ICTM1612S02H1 systemd-udevd[5224]: starting '/sbin/kpartx -u -p -part /dev/dm-2'
Apr 26 08:52:14 ICTM1612S02H1 multipath[5312]: dm-15: failed to get sysfs uid: Invalid argument
Apr 26 08:52:14 ICTM1612S02H1 systemd-udevd[1562]: passed 212 byte device to netlink monitor 0x55efe9ce9f20
Apr 26 08:52:14 ICTM1612S02H1 systemd-udevd[5130]: seq 6085 running
Apr 26 08:52:14 ICTM1612S02H1 multipathd[5095]: 360080e500029092400008d605605f9e3: load table [0 4194304 multipath 4 pg_init_retries 50 queue_if_no_path retain_attached_hw_handler 1 rdac 2 1 round-robin 0 2 1 128:48 1 71:144 1 round-robin 0 2 1 71:96 1 128:144 1]
Apr 26 08:52:14 ICTM1612S02H1 systemd-udevd[5130]: value '[dmi/id]sys_vendor' is 'Dell Inc.'
Apr 26 08:52:14 ICTM1612S02H1 systemd-udevd[5130]: value '[dmi/id]sys_vendor' is 'Dell Inc.'
Apr 26 08:52:14 ICTM1612S02H1 systemd-udevd[5130]: IMPORT '/sbin/dmsetup udevflags 6291456' /lib/udev/rules.d/55-dm.rules:22
Apr 26 08:52:14 ICTM1612S02H1 multipath[5317]: dm-6: failed to get udev uid: Invalid argument
Apr 26 08:52:14 ICTM1612S02H1 systemd-udevd[5226]: starting '/sbin/dmsetup udevflags 6291456'
Apr 26 08:52:14 ICTM1612S02H1 multipath[5317]: dm-6: failed to get sysfs uid: Invalid argument
Apr 26 08:52:14 ICTM1612S02H1 systemd-udevd[5165]: '/sbin/multipath -u /dev/dm-5'(out) '/dev/dm-5 is not a valid multipath device path'
Apr 26 08:52:14 ICTM1612S02H1 multipath[5317]: dm-6: failed to get sgio uid: No such file or directory
Apr 26 08:52:14 ICTM1612S02H1 systemd-udevd[5155]: 'dmsetup_env 252 4'(out) 'DM_TABLE_STATE=LIVE'
Apr 26 08:52:14 ICTM1612S02H1 systemd-udevd[5155]: 'dmsetup_env 252 4'(out) 'DM_STATE=ACTIVE'
Apr 26 08:52:14 ICTM1612S02H1 systemd-udevd[5165]: Process '/sbin/multipath -u /dev/dm-5' failed with exit code 1.
Apr 26 08:52:14 ICTM1612S02H1 multipath[5327]: dm-16: failed to get udev uid: Invalid argument
Apr 26 08:52:14 ICTM1612S02H1 systemd-udevd[5165]: IMPORT 'dmsetup_env 252 5' /lib/udev/rules.d/95-kpartx.rules:12
Apr 26 08:52:14 ICTM1612S02H1 multipath[5327]: dm-16: failed to get sysfs uid: Invalid argument
Apr 26 08:52:14 ICTM1612S02H1 systemd-udevd[5228]: starting 'dmsetup_env 252 5'
Apr 26 08:52:14 ICTM1612S02H1 multipath[5251]: dm-11: failed to get sgio uid: No such file or directory
Apr 26 08:52:14 ICTM1612S02H1 systemd-udevd[1562]: seq 6110 queued, 'add' 'bdi'
Apr 26 08:52:14 ICTM1612S02H1 multipath[5267]: dm-12: failed to get sgio uid: No such file or directory
Apr 26 08:52:14 ICTM1612S02H1 systemd-udevd[1562]: passed 140 byte device to netlink monitor 0x55efe9ce9f20
Apr 26 08:52:14 ICTM1612S02H1 systemd-udevd[5135]: seq 6110 running
Apr 26 08:52:14 ICTM1612S02H1 systemd-udevd[1562]: seq 6111 queued, 'add' 'block'
Apr 26 08:52:14 ICTM1612S02H1 systemd-udevd[5130]: '/sbin/dmsetup udevflags 6291456'(out) 'DM_UDEV_DISABLE_LIBRARY_FALLBACK_FLAG='1''
Apr 26 08:52:14 ICTM1612S02H1 systemd-udevd[5130]: '/sbin/dmsetup udevflags 6291456'(out) 'DM_UDEV_PRIMARY_SOURCE_FLAG='1''
Apr 26 08:52:14 ICTM1612S02H1 multipathd[5095]: 360080e5000290b5400008a3f5605fde1: load table [0 4194304 multipath 4 pg_init_retries 50 queue_if_no_path retain_attached_hw_handler 1 rdac 2 1 round-robin 0 2 1 71:224 1 129:48 1 round-robin 0 2 1 128:192 1 71:240 1]
Apr 26 08:52:14 ICTM1612S02H1 systemd-udevd[5141]: Process '/sbin/kpartx -u -p -part /dev/dm-2' succeeded.
Apr 26 08:52:14 ICTM1612S02H1 systemd-udevd[1562]: seq 6111 forked new worker [5231]
Apr 26 08:52:14 ICTM1612S02H1 systemd-udevd[5135]: value '[dmi/id]sys_vendor' is 'Dell Inc.'
Apr 26 08:52:14 ICTM1612S02H1 systemd-udevd[5141]: passed device to netlink monitor 0x55efe9d15140
Apr 26 08:52:14 ICTM1612S02H1 systemd-udevd[5141]: seq 6087 processed
Apr 26 08:52:14 ICTM1612S02H1 systemd-udevd[5135]: value '[dmi/id]sys_vendor' is 'Dell Inc.'
Apr 26 08:52:14 ICTM1612S02H1 systemd-udevd[1562]: passed 212 byte device to netlink monitor 0x55efe9ce9f20
Apr 26 08:52:14 ICTM1612S02H1 systemd-udevd[5141]: seq 6088 running
Apr 26 08:52:14 ICTM1612S02H1 systemd-udevd[5130]: Process '/sbin/dmsetup udevflags 6291456' succeeded.
Apr 26 08:52:14 ICTM1612S02H1 systemd-udevd[5155]: 'dmsetup_env 252 4'(out) 'DM_NAME=360080e5000290b5400008a395605fdc0'
Apr 26 08:52:14 ICTM1612S02H1 systemd-udevd[5135]: passed device to netlink monitor 0x55efe9cf3640
Apr 26 08:52:14 ICTM1612S02H1 systemd-udevd[5130]: RUN '/sbin/dmsetup udevcomplete $env{DM_COOKIE}' /lib/udev/rules.d/55-dm.rules:23
Apr 26 08:52:14 ICTM1612S02H1 systemd-udevd[5135]: seq 6110 processed
Apr 26 08:52:14 ICTM1612S02H1 systemd-udevd[5155]: Process 'dmsetup_env 252 4' succeeded.
Apr 26 08:52:14 ICTM1612S02H1 systemd-udevd[5231]: seq 6111 running
Apr 26 08:52:14 ICTM1612S02H1 systemd-udevd[1562]: seq 6112 queued, 'change' 'block'
Apr 26 08:52:14 ICTM1612S02H1 multipath[5345]: dm-8: failed to get udev uid: Invalid argument
Apr 26 08:52:14 ICTM1612S02H1 systemd-udevd[5155]: IMPORT 'kpartx_id 252 4 mpath-360080e5000290b5400008a395605fdc0' /lib/udev/rules.d/95-kpartx.rules:17
Apr 26 08:52:14 ICTM1612S02H1 multipath[5345]: dm-8: failed to get sysfs uid: Invalid argument
