Apr 26 08:50:09 ICTM1612S02H1 systemd-udevd[3330]: creating symlink '/dev/block/8:128' to '../sdi'
Apr 26 08:50:09 ICTM1612S02H1 systemd-udevd[3339]: seq 4649 processed
Apr 26 08:50:09 ICTM1612S02H1 systemd-udevd[3344]: passed device to netlink monitor 0x55efe9d53b20
Apr 26 08:50:09 ICTM1612S02H1 systemd-udevd[3332]: atomically replace '/dev/disk/by-id/scsi-360080e500029092400008d505605f98b'
Apr 26 08:50:09 ICTM1612S02H1 systemd-udevd[1562]: passed 226 byte device to netlink monitor 0x55efe9ce9f20
Apr 26 08:50:09 ICTM1612S02H1 systemd-udevd[3528]: seq 4651 running
Apr 26 08:50:09 ICTM1612S02H1 systemd-udevd[3337]: GROUP 6 /lib/udev/rules.d/50-udev-default.rules:63
Apr 26 08:50:09 ICTM1612S02H1 systemd-udevd[3337]: handling device node '/dev/sg29', devnum=c21:29, mode=0660, uid=0, gid=6
Apr 26 08:50:09 ICTM1612S02H1 systemd-udevd[3330]: creating link '/dev/disk/by-id/scsi-360080e5000290b5400008a2f5605fd8a' to '/dev/sdi'
Apr 26 08:50:09 ICTM1612S02H1 systemd-udevd[3360]: '/usr/bin/sg_inq --export --page=di /dev/sdk'(out) 'SCSI_IDENT_LUN_NAA=60080e50003415e60000146d5605f79a'
Apr 26 08:50:09 ICTM1612S02H1 systemd-udevd[1562]: seq 4652 queued, 'add' 'bdi'
Apr 26 08:50:09 ICTM1612S02H1 systemd-udevd[3528]: value '[dmi/id]sys_vendor' is 'Dell Inc.'
Apr 26 08:50:09 ICTM1612S02H1 systemd-udevd[3337]: set permissions /dev/sg29, 020660, uid=0, gid=6
Apr 26 08:50:09 ICTM1612S02H1 systemd-udevd[3344]: seq 4646 processed
Apr 26 08:50:09 ICTM1612S02H1 systemd-udevd[3330]: creating symlink '/dev/disk/by-id/scsi-360080e5000290b5400008a2f5605fd8a' to '../../sdi'
Apr 26 08:50:09 ICTM1612S02H1 systemd-udevd[3360]: '/usr/bin/sg_inq --export --page=di /dev/sdk'(out) 'SCSI_IDENT_PORT_RELATIVE=3'
Apr 26 08:50:09 ICTM1612S02H1 systemd-udevd[3332]: found 'b8:48' claiming '/run/udev/links/\x2fdisk\x2fby-id\x2fscsi-SNETAPP_INF-01-00_SR21500107'
Apr 26 08:50:09 ICTM1612S02H1 systemd-udevd[1562]: passed 139 byte device to netlink monitor 0x55efe9ce9f20
Apr 26 08:50:09 ICTM1612S02H1 systemd-udevd[3344]: seq 4647 running
Apr 26 08:50:09 ICTM1612S02H1 systemd-udevd[3344]: value '[dmi/id]sys_vendor' is 'Dell Inc.'
Apr 26 08:50:09 ICTM1612S02H1 systemd-udevd[3337]: creating symlink '/dev/char/21:29' to '../sg29'
Apr 26 08:50:09 ICTM1612S02H1 systemd-udevd[3330]: found 'b8:80' claiming '/run/udev/links/\x2fdisk\x2fby-id\x2fscsi-SNETAPP_INF-01-00_SR21500247'
Apr 26 08:50:09 ICTM1612S02H1 systemd-udevd[3360]: Process '/usr/bin/sg_inq --export --page=di /dev/sdk' succeeded.
Apr 26 08:50:09 ICTM1612S02H1 systemd-udevd[1562]: passed 197 byte device to netlink monitor 0x55efe9ce9f20
Apr 26 08:50:09 ICTM1612S02H1 systemd-udevd[3332]: found 'b8:32' claiming '/run/udev/links/\x2fdisk\x2fby-id\x2fscsi-SNETAPP_INF-01-00_SR21500107'
Apr 26 08:50:09 ICTM1612S02H1 systemd-udevd[3326]: seq 4652 running
Apr 26 08:50:09 ICTM1612S02H1 systemd-udevd[3528]: value '[dmi/id]sys_vendor' is 'Dell Inc.'
Apr 26 08:50:09 ICTM1612S02H1 systemd-udevd[3326]: value '[dmi/id]sys_vendor' is 'Dell Inc.'
Apr 26 08:50:09 ICTM1612S02H1 systemd-udevd[3337]: created empty file '/run/udev/data/c21:29' for '/devices/platform/host19/session4/target19:0:0/19:0:0:3/scsi_generic/sg29'
Apr 26 08:50:09 ICTM1612S02H1 systemd-udevd[3330]: found 'b8:64' claiming '/run/udev/links/\x2fdisk\x2fby-id\x2fscsi-SNETAPP_INF-01-00_SR21500247'
Apr 26 08:50:09 ICTM1612S02H1 systemd-udevd[3360]: PROGRAM '/sbin/multipath -u /dev/sdk' /lib/udev/rules.d/56-dm-mpath-lvm.rules:21
Apr 26 08:50:09 ICTM1612S02H1 systemd-udevd[1562]: seq 4653 queued, 'add' 'scsi'
Apr 26 08:50:09 ICTM1612S02H1 systemd-udevd[3332]: creating link '/dev/disk/by-id/scsi-SNETAPP_INF-01-00_SR21500107' to '/dev/sdg'
Apr 26 08:50:09 ICTM1612S02H1 systemd-udevd[3344]: value '[dmi/id]sys_vendor' is 'Dell Inc.'
Apr 26 08:50:09 ICTM1612S02H1 systemd-udevd[3326]: value '[dmi/id]sys_vendor' is 'Dell Inc.'
Apr 26 08:50:09 ICTM1612S02H1 systemd-udevd[3528]: handling device node '/dev/bsg/19:0:0:3', devnum=c249:33, mode=0600, uid=0, gid=0
Apr 26 08:50:09 ICTM1612S02H1 systemd-udevd[3326]: passed device to netlink monitor 0x55efe9cf9830
Apr 26 08:50:09 ICTM1612S02H1 systemd-udevd[3330]: found 'b8:16' claiming '/run/udev/links/\x2fdisk\x2fby-id\x2fscsi-SNETAPP_INF-01-00_SR21500247'
Apr 26 08:50:09 ICTM1612S02H1 systemd-udevd[1562]: passed 212 byte device to netlink monitor 0x55efe9ce9f20
Apr 26 08:50:09 ICTM1612S02H1 systemd-udevd[3357]: seq 4653 running
Apr 26 08:50:09 ICTM1612S02H1 systemd-udevd[3332]: atomically replace '/dev/disk/by-id/scsi-SNETAPP_INF-01-00_SR21500107'
Apr 26 08:50:09 ICTM1612S02H1 systemd-udevd[3685]: starting '/sbin/multipath -u /dev/sdk'
Apr 26 08:50:09 ICTM1612S02H1 systemd-udevd[3344]: passed device to netlink monitor 0x55efe9d53b20
Apr 26 08:50:09 ICTM1612S02H1 systemd-udevd[3528]: preserve permissions /dev/bsg/19:0:0:3, 020600, uid=0, gid=0
Apr 26 08:50:09 ICTM1612S02H1 systemd-udevd[3326]: seq 4652 processed
Apr 26 08:50:09 ICTM1612S02H1 systemd-udevd[3337]: passed device to netlink monitor 0x55efe9d4ad60
Apr 26 08:50:09 ICTM1612S02H1 systemd-udevd[1562]: seq 4654 queued, 'add' 'scsi_device'
Apr 26 08:50:09 ICTM1612S02H1 systemd-udevd[3330]: creating link '/dev/disk/by-id/scsi-SNETAPP_INF-01-00_SR21500247' to '/dev/sdi'
Apr 26 08:50:09 ICTM1612S02H1 systemd-udevd[3332]: found 'b8:64' claiming '/run/udev/links/\x2fdisk\x2fby-id\x2fwwn-0x60080e500029092400008d505605f98b'
Apr 26 08:50:09 ICTM1612S02H1 systemd-udevd[3357]: value '[dmi/id]sys_vendor' is 'Dell Inc.'
Apr 26 08:50:09 ICTM1612S02H1 systemd-udevd[3344]: seq 4647 processed
Apr 26 08:50:09 ICTM1612S02H1 systemd-udevd[3528]: creating symlink '/dev/char/249:33' to '../bsg/19:0:0:3'
Apr 26 08:50:09 ICTM1612S02H1 systemd-udevd[3337]: seq 4650 processed
Apr 26 08:50:09 ICTM1612S02H1 systemd-udevd[1562]: passed 201 byte device to netlink monitor 0x55efe9ce9f20
Apr 26 08:50:09 ICTM1612S02H1 systemd-udevd[3339]: seq 4654 running
Apr 26 08:50:09 ICTM1612S02H1 systemd-udevd[3330]: atomically replace '/dev/disk/by-id/scsi-SNETAPP_INF-01-00_SR21500247'
Apr 26 08:50:09 ICTM1612S02H1 systemd-udevd[3357]: value '[dmi/id]sys_vendor' is 'Dell Inc.'
Apr 26 08:50:09 ICTM1612S02H1 systemd-udevd[3332]: creating link '/dev/disk/by-id/wwn-0x60080e500029092400008d505605f98b' to '/dev/sdg'
Apr 26 08:50:09 ICTM1612S02H1 systemd-udevd[3528]: created empty file '/run/udev/data/c249:33' for '/devices/platform/host19/session4/target19:0:0/19:0:0:3/bsg/19:0:0:3'
Apr 26 08:50:09 ICTM1612S02H1 systemd-udevd[1562]: seq 4655 queued, 'add' 'scsi_disk'
Apr 26 08:50:09 ICTM1612S02H1 systemd-udevd[3339]: value '[dmi/id]sys_vendor' is 'Dell Inc.'
Apr 26 08:50:09 ICTM1612S02H1 systemd-udevd[3330]: creating link '/dev/disk/by-id/wwn-0x60080e5000290b5400008a2f5605fd8a' to '/dev/sdi'
Apr 26 08:50:09 ICTM1612S02H1 systemd-udevd[3357]: IMPORT builtin 'hwdb' /lib/udev/rules.d/50-udev-default.rules:15
Apr 26 08:50:09 ICTM1612S02H1 systemd-udevd[3332]: atomically replace '/dev/disk/by-id/wwn-0x60080e500029092400008d505605f98b'
Apr 26 08:50:09 ICTM1612S02H1 systemd-udevd[3528]: passed device to netlink monitor 0x55efe9d14020
Apr 26 08:50:09 ICTM1612S02H1 systemd-udevd[3360]: '/sbin/multipath -u /dev/sdk'(out) '/dev/sdk is not a valid multipath device path'
Apr 26 08:50:09 ICTM1612S02H1 systemd-udevd[1562]: seq 4656 queued, 'add' 'bdi'
Apr 26 08:50:09 ICTM1612S02H1 systemd-udevd[3339]: value '[dmi/id]sys_vendor' is 'Dell Inc.'
Apr 26 08:50:09 ICTM1612S02H1 systemd-udevd[3330]: creating symlink '/dev/disk/by-id/wwn-0x60080e5000290b5400008a2f5605fd8a' to '../../sdi'
Apr 26 08:50:09 ICTM1612S02H1 systemd-udevd[3339]: passed device to netlink monitor 0x55efe9d4e080
Apr 26 08:50:09 ICTM1612S02H1 systemd-udevd[3357]: IMPORT builtin 'hwdb' returned non-zero
Apr 26 08:50:09 ICTM1612S02H1 systemd-udevd[3528]: seq 4651 processed
Apr 26 08:50:09 ICTM1612S02H1 systemd-udevd[3360]: Process '/sbin/multipath -u /dev/sdk' failed with exit code 1.
Apr 26 08:50:09 ICTM1612S02H1 systemd-udevd[1562]: passed 139 byte device to netlink monitor 0x55efe9ce9f20
Apr 26 08:50:09 ICTM1612S02H1 systemd-udevd[3337]: seq 4656 running
Apr 26 08:50:09 ICTM1612S02H1 systemd-udevd[3337]: value '[dmi/id]sys_vendor' is 'Dell Inc.'
Apr 26 08:50:09 ICTM1612S02H1 systemd-udevd[3330]: creating link '/dev/disk/by-path/ip-fe80:0000:0000:0000:0192:0012:0021:0111:3260-iscsi-iqn.1992-08.com.netapp:5504.60080e5000290924000000005525f5de-lun-2' to '/dev/sdi'
Apr 26 08:50:09 ICTM1612S02H1 systemd-udevd[3339]: seq 4654 processed
Apr 26 08:50:09 ICTM1612S02H1 systemd-udevd[3332]: creating link '/dev/disk/by-path/ip-fe80:0000:0000:0000:0192:0012:0021:0112:3260-iscsi-iqn.1992-08.com.netapp:5504.60080e5000290924000000005525f5de-lun-1' to '/dev/sdg'
Apr 26 08:50:09 ICTM1612S02H1 systemd-udevd[3357]: path '[module/sg](null)' is '/sys/module/sg'
Apr 26 08:50:09 ICTM1612S02H1 systemd-udevd[3360]: LINK 'disk/by-id/scsi-SNETAPP_INF-01-00_021414003152' /lib/udev/rules.d/58-scsi-sg3_symlink.rules:12
Apr 26 08:50:09 ICTM1612S02H1 systemd-udevd[1562]: seq 4657 queued, 'add' 'scsi'
Apr 26 08:50:09 ICTM1612S02H1 systemd-udevd[3337]: value '[dmi/id]sys_vendor' is 'Dell Inc.'
Apr 26 08:50:09 ICTM1612S02H1 systemd-udevd[3337]: passed device to netlink monitor 0x55efe9d4ad60
Apr 26 08:50:09 ICTM1612S02H1 systemd-udevd[3330]: creating symlink '/dev/disk/by-path/ip-fe80:0000:0000:0000:0192:0012:0021:0111:3260-iscsi-iqn.1992-08.com.netapp:5504.60080e5000290924000000005525f5de-lun-2' to '../../sdi'
Apr 26 08:50:09 ICTM1612S02H1 systemd-udevd[3330]: created db file '/run/udev/data/b8:128' for '/devices/platform/host16/session1/target16:0:0/16:0:0:2/block/sdi'
Apr 26 08:50:09 ICTM1612S02H1 systemd-udevd[3357]: RUN 'kmod load $env{MODALIAS}' /lib/udev/rules.d/80-drivers.rules:5
Apr 26 08:50:09 ICTM1612S02H1 systemd-udevd[3360]: LINK 'disk/by-id/scsi-360080e50003415e60000146d5605f79a' /lib/udev/rules.d/58-scsi-sg3_symlink.rules:15
Apr 26 08:50:09 ICTM1612S02H1 systemd-udevd[1562]: passed 212 byte device to netlink monitor 0x55efe9ce9f20
Apr 26 08:50:09 ICTM1612S02H1 systemd-udevd[3528]: seq 4657 running
Apr 26 08:50:09 ICTM1612S02H1 systemd-udevd[3528]: value '[dmi/id]sys_vendor' is 'Dell Inc.'
Apr 26 08:50:09 ICTM1612S02H1 systemd-udevd[3319]: LINK 'disk/by-id/wwn-0x60080e500029092400008d505605f98b' /lib/udev/rules.d/60-persistent-storage.rules:73
Apr 26 08:50:09 ICTM1612S02H1 systemd-udevd[3332]: creating symlink '/dev/disk/by-path/ip-fe80:0000:0000:0000:0192:0012:0021:0112:3260-iscsi-iqn.1992-08.com.netapp:5504.60080e5000290924000000005525f5de-lun-1' to '../../sdg'
Apr 26 08:50:09 ICTM1612S02H1 systemd-udevd[3332]: created db file '/run/udev/data/b8:96' for '/devices/platform/host18/session3/target18:0:0/18:0:0:1/block/sdg'
Apr 26 08:50:09 ICTM1612S02H1 systemd-udevd[3686]: starting '/lib/udev/hdparm'
Apr 26 08:50:09 ICTM1612S02H1 systemd-udevd[1562]: seq 4658 queued, 'add' 'scsi_disk'
Apr 26 08:50:09 ICTM1612S02H1 systemd-udevd[3360]: LINK 'disk/by-id/scsi-360080e50003415e60000146d5605f79a' /lib/udev/rules.d/60-persistent-storage.rules:36
Apr 26 08:50:09 ICTM1612S02H1 systemd-udevd[3337]: seq 4656 processed
Apr 26 08:50:09 ICTM1612S02H1 systemd-udevd[3528]: value '[dmi/id]sys_vendor' is 'Dell Inc.'
Apr 26 08:50:09 ICTM1612S02H1 systemd-udevd[3319]: IMPORT 'probe-bcache -o udev /dev/sdh' /lib/udev/rules.d/69-bcache.rules:16
Apr 26 08:50:09 ICTM1612S02H1 systemd-udevd[3357]: Execute 'load' 'scsi:t-0x00'
Apr 26 08:50:09 ICTM1612S02H1 systemd-udevd[1562]: seq 4659 queued, 'add' 'scsi_generic'
Apr 26 08:50:09 ICTM1612S02H1 systemd-udevd[3687]: starting '/lib/udev/hdparm'
Apr 26 08:50:09 ICTM1612S02H1 systemd-udevd[3360]: IMPORT builtin 'path_id' /lib/udev/rules.d/60-persistent-storage.rules:54
Apr 26 08:50:09 ICTM1612S02H1 systemd-udevd[3528]: IMPORT builtin 'hwdb' /lib/udev/rules.d/50-udev-default.rules:15
Apr 26 08:50:09 ICTM1612S02H1 systemd-udevd[3357]: No module matches 'scsi:t-0x00'
Apr 26 08:50:09 ICTM1612S02H1 systemd-udevd[1562]: passed 233 byte device to netlink monitor 0x55efe9ce9f20
Apr 26 08:50:09 ICTM1612S02H1 systemd-udevd[3688]: starting 'probe-bcache -o udev /dev/sdh'
Apr 26 08:50:09 ICTM1612S02H1 systemd-udevd[3344]: seq 4659 running
Apr 26 08:50:09 ICTM1612S02H1 systemd-udevd[3344]: value '[dmi/id]sys_vendor' is 'Dell Inc.'
Apr 26 08:50:09 ICTM1612S02H1 systemd-udevd[3528]: IMPORT builtin 'hwdb' returned non-zero
Apr 26 08:50:09 ICTM1612S02H1 systemd-udevd[3528]: path '[module/sg](null)' is '/sys/module/sg'
Apr 26 08:50:09 ICTM1612S02H1 systemd-udevd[1562]: seq 4660 queued, 'add' 'bsg'
Apr 26 08:50:09 ICTM1612S02H1 systemd-udevd[3357]: passed device to netlink monitor 0x55efe9cfa330
Apr 26 08:50:09 ICTM1612S02H1 systemd-udevd[3344]: value '[dmi/id]sys_vendor' is 'Dell Inc.'
Apr 26 08:50:09 ICTM1612S02H1 systemd-udevd[3528]: RUN 'kmod load $env{MODALIAS}' /lib/udev/rules.d/80-drivers.rules:5
Apr 26 08:50:09 ICTM1612S02H1 systemd-udevd[3360]: LINK 'disk/by-path/ip-fe80:0000:0000:0000:0192:0012:0021:0113:3260-iscsi-iqn.1992-08.com.netapp:2752.60080e500034153e0000000054dd6c63-lun-130' /lib/udev/rules.d/60-persistent-storage.rules:55
Apr 26 08:50:09 ICTM1612S02H1 systemd-udevd[1562]: passed 232 byte device to netlink monitor 0x55efe9ce9f20
Apr 26 08:50:09 ICTM1612S02H1 systemd-udevd[3337]: seq 4660 running
Apr 26 08:50:09 ICTM1612S02H1 systemd-udevd[3357]: seq 4653 processed
Apr 26 08:50:09 ICTM1612S02H1 systemd-udevd[3528]: Execute 'load' 'scsi:t-0x00'
Apr 26 08:50:09 ICTM1612S02H1 systemd-udevd[3344]: GROUP 6 /lib/udev/rules.d/50-udev-default.rules:63
Apr 26 08:50:09 ICTM1612S02H1 systemd-udevd[3319]: Process 'probe-bcache -o udev /dev/sdh' succeeded.
Apr 26 08:50:09 ICTM1612S02H1 systemd-udevd[1562]: seq 4661 queued, 'add' 'block'
Apr 26 08:50:09 ICTM1612S02H1 systemd-udevd[3337]: value '[dmi/id]sys_vendor' is 'Dell Inc.'
Apr 26 08:50:09 ICTM1612S02H1 systemd-udevd[3528]: No module matches 'scsi:t-0x00'
Apr 26 08:50:09 ICTM1612S02H1 systemd-udevd[3360]: IMPORT builtin 'blkid' /lib/udev/rules.d/60-persistent-storage.rules:66
Apr 26 08:50:09 ICTM1612S02H1 systemd-udevd[3344]: handling device node '/dev/sg30', devnum=c21:30, mode=0660, uid=0, gid=6
Apr 26 08:50:09 ICTM1612S02H1 systemd-udevd[3319]: RUN '/lib/udev/hdparm' /lib/udev/rules.d/85-hdparm.rules:1
Apr 26 08:50:09 ICTM1612S02H1 systemd-udevd[1562]: passed 228 byte device to netlink monitor 0x55efe9ce9f20
Apr 26 08:50:09 ICTM1612S02H1 systemd-udevd[3337]: value '[dmi/id]sys_vendor' is 'Dell Inc.'
Apr 26 08:50:09 ICTM1612S02H1 systemd-udevd[3326]: seq 4661 running
Apr 26 08:50:09 ICTM1612S02H1 systemd-udevd[3528]: passed device to netlink monitor 0x55efe9d14020
Apr 26 08:50:09 ICTM1612S02H1 systemd-udevd[3360]: probe /dev/sdk raid offset=0
Apr 26 08:50:09 ICTM1612S02H1 systemd-udevd[3344]: set permissions /dev/sg30, 020660, uid=0, gid=6
Apr 26 08:50:09 ICTM1612S02H1 systemd-udevd[1562]: passed 197 byte device to netlink monitor 0x55efe9ce9f20
Apr 26 08:50:09 ICTM1612S02H1 systemd-udevd[3319]: ATTR '/sys/devices/platform/host17/session2/target17:0:0/17:0:0:1/block/sdh/queue/max_sectors_kb' writing '32767' /etc/udev/rules.d/99-largeio-udev.rules:1
Apr 26 08:50:09 ICTM1612S02H1 systemd-udevd[3319]: handling device node '/dev/sdh', devnum=b8:112, mode=0660, uid=0, gid=6
Apr 26 08:50:09 ICTM1612S02H1 systemd-udevd[3337]: handling device node '/dev/bsg/21:0:0:131', devnum=c249:34, mode=0600, uid=0, gid=0
Apr 26 08:50:09 ICTM1612S02H1 systemd-udevd[3528]: seq 4657 processed
Apr 26 08:50:09 ICTM1612S02H1 systemd-udevd[3326]: value '[dmi/id]sys_vendor' is 'Dell Inc.'
Apr 26 08:50:09 ICTM1612S02H1 systemd-udevd[3344]: creating symlink '/dev/char/21:30' to '../sg30'
Apr 26 08:50:09 ICTM1612S02H1 systemd-udevd[1562]: seq 4662 queued, 'add' 'bdi'
Apr 26 08:50:09 ICTM1612S02H1 systemd-udevd[3319]: set permissions /dev/sdh, 060660, uid=0, gid=6
Apr 26 08:50:09 ICTM1612S02H1 systemd-udevd[3357]: seq 4655 running
Apr 26 08:50:09 ICTM1612S02H1 systemd-udevd[3337]: preserve permissions /dev/bsg/21:0:0:131, 020600, uid=0, gid=0
Apr 26 08:50:09 ICTM1612S02H1 systemd-udevd[3326]: value '[dmi/id]sys_vendor' is 'Dell Inc.'
Apr 26 08:50:09 ICTM1612S02H1 systemd-udevd[3344]: created empty file '/run/udev/data/c21:30' for '/devices/platform/host21/session6/target21:0:0/21:0:0:131/scsi_generic/sg30'
Apr 26 08:50:09 ICTM1612S02H1 systemd-udevd[1562]: passed 139 byte device to netlink monitor 0x55efe9ce9f20
Apr 26 08:50:09 ICTM1612S02H1 systemd-udevd[3339]: seq 4662 running
Apr 26 08:50:09 ICTM1612S02H1 systemd-udevd[3319]: creating symlink '/dev/block/8:112' to '../sdh'
Apr 26 08:50:09 ICTM1612S02H1 systemd-udevd[3357]: value '[dmi/id]sys_vendor' is 'Dell Inc.'
Apr 26 08:50:09 ICTM1612S02H1 systemd-udevd[3319]: found 'b8:96' claiming '/run/udev/links/\x2fdisk\x2fby-id\x2fscsi-360080e500029092400008d505605f98b'
Apr 26 08:50:09 ICTM1612S02H1 systemd-udevd[3326]: GROUP 6 /lib/udev/rules.d/50-udev-default.rules:55
Apr 26 08:50:09 ICTM1612S02H1 systemd-udevd[3344]: passed device to netlink monitor 0x55efe9d53b20
Apr 26 08:50:09 ICTM1612S02H1 systemd-udevd[1562]: passed 197 byte device to netlink monitor 0x55efe9ce9f20
Apr 26 08:50:09 ICTM1612S02H1 systemd-udevd[3528]: seq 4658 running
Apr 26 08:50:09 ICTM1612S02H1 systemd-udevd[3528]: value '[dmi/id]sys_vendor' is 'Dell Inc.'
Apr 26 08:50:09 ICTM1612S02H1 systemd-udevd[3357]: value '[dmi/id]sys_vendor' is 'Dell Inc.'
Apr 26 08:50:09 ICTM1612S02H1 systemd-udevd[3337]: creating symlink '/dev/char/249:34' to '../bsg/21:0:0:131'
Apr 26 08:50:09 ICTM1612S02H1 systemd-udevd[3357]: passed device to netlink monitor 0x55efe9cfa330
Apr 26 08:50:09 ICTM1612S02H1 systemd-udevd[3344]: seq 4659 processed
Apr 26 08:50:09 ICTM1612S02H1 systemd-udevd[3319]: found 'b8:64' claiming '/run/udev/links/\x2fdisk\x2fby-id\x2fscsi-360080e500029092400008d505605f98b'
Apr 26 08:50:09 ICTM1612S02H1 systemd-udevd[1562]: seq 4663 queued, 'add' 'scsi_device'
Apr 26 08:50:09 ICTM1612S02H1 systemd-udevd[3339]: value '[dmi/id]sys_vendor' is 'Dell Inc.'
Apr 26 08:50:09 ICTM1612S02H1 systemd-udevd[3528]: value '[dmi/id]sys_vendor' is 'Dell Inc.'
Apr 26 08:50:09 ICTM1612S02H1 systemd-udevd[3337]: created empty file '/run/udev/data/c249:34' for '/devices/platform/host21/session6/target21:0:0/21:0:0:131/bsg/21:0:0:131'
Apr 26 08:50:09 ICTM1612S02H1 systemd-udevd[3326]: IMPORT '/usr/bin/sg_inq --export /dev/sdj' /lib/udev/rules.d/55-scsi-sg3_id.rules:10
Apr 26 08:50:09 ICTM1612S02H1 systemd-udevd[3704]: starting '/usr/bin/sg_inq --export /dev/sdj'
Apr 26 08:50:09 ICTM1612S02H1 systemd-udevd[1562]: passed 197 byte device to netlink monitor 0x55efe9ce9f20
Apr 26 08:50:09 ICTM1612S02H1 systemd-udevd[3355]: seq 4663 running
Apr 26 08:50:09 ICTM1612S02H1 systemd-udevd[3339]: value '[dmi/id]sys_vendor' is 'Dell Inc.'
Apr 26 08:50:09 ICTM1612S02H1 systemd-udevd[3319]: creating link '/dev/disk/by-id/scsi-360080e500029092400008d505605f98b' to '/dev/sdh'
Apr 26 08:50:09 ICTM1612S02H1 systemd-udevd[3337]: passed device to netlink monitor 0x55efe9d4ad60
Apr 26 08:50:09 ICTM1612S02H1 systemd-udevd[3528]: passed device to netlink monitor 0x55efe9d14020
Apr 26 08:50:09 ICTM1612S02H1 systemd-udevd[3357]: seq 4655 processed
Apr 26 08:50:09 ICTM1612S02H1 systemd-udevd[1562]: seq 4664 queued, 'add' 'scsi_generic'
Apr 26 08:50:09 ICTM1612S02H1 systemd-udevd[3355]: value '[dmi/id]sys_vendor' is 'Dell Inc.'
Apr 26 08:50:09 ICTM1612S02H1 systemd-udevd[3339]: passed device to netlink monitor 0x55efe9d4e080
Apr 26 08:50:09 ICTM1612S02H1 systemd-udevd[3330]: '/lib/udev/hdparm'(out) ''
Apr 26 08:50:09 ICTM1612S02H1 systemd-udevd[3337]: seq 4660 processed
Apr 26 08:50:09 ICTM1612S02H1 systemd-udevd[3528]: seq 4658 processed
Apr 26 08:50:09 ICTM1612S02H1 systemd-udevd[1562]: passed 231 byte device to netlink monitor 0x55efe9ce9f20
Apr 26 08:50:09 ICTM1612S02H1 systemd-udevd[3344]: seq 4664 running
Apr 26 08:50:09 ICTM1612S02H1 systemd-udevd[3355]: value '[dmi/id]sys_vendor' is 'Dell Inc.'
Apr 26 08:50:09 ICTM1612S02H1 systemd-udevd[3339]: seq 4662 processed
Apr 26 08:50:09 ICTM1612S02H1 systemd-udevd[3330]: '/lib/udev/hdparm'(out) '/dev/sdi:'
Apr 26 08:50:09 ICTM1612S02H1 systemd-udevd[3319]: atomically replace '/dev/disk/by-id/scsi-360080e500029092400008d505605f98b'
Apr 26 08:50:09 ICTM1612S02H1 systemd-udevd[3319]: found 'b8:96' claiming '/run/udev/links/\x2fdisk\x2fby-id\x2fscsi-SNETAPP_INF-01-00_SR21500107'
Apr 26 08:50:09 ICTM1612S02H1 systemd-udevd[1562]: seq 4665 queued, 'add' 'bsg'
Apr 26 08:50:09 ICTM1612S02H1 systemd-udevd[3344]: value '[dmi/id]sys_vendor' is 'Dell Inc.'
Apr 26 08:50:09 ICTM1612S02H1 systemd-udevd[3355]: passed device to netlink monitor 0x55efe9d037b0
Apr 26 08:50:09 ICTM1612S02H1 systemd-udevd[3330]: '/lib/udev/hdparm'(out) ' setting Advanced Power Management level to 0xfe (254)'
Apr 26 08:50:09 ICTM1612S02H1 systemd-udevd[3326]: '/usr/bin/sg_inq --export /dev/sdj'(out) 'SCSI_TPGS=0'
Apr 26 08:50:09 ICTM1612S02H1 systemd-udevd[3319]: found 'b8:48' claiming '/run/udev/links/\x2fdisk\x2fby-id\x2fscsi-SNETAPP_INF-01-00_SR21500107'
Apr 26 08:50:09 ICTM1612S02H1 systemd-udevd[1562]: passed 226 byte device to netlink monitor 0x55efe9ce9f20
Apr 26 08:50:09 ICTM1612S02H1 systemd-udevd[3337]: seq 4665 running
Apr 26 08:50:09 ICTM1612S02H1 systemd-udevd[3344]: value '[dmi/id]sys_vendor' is 'Dell Inc.'
Apr 26 08:50:09 ICTM1612S02H1 systemd-udevd[3344]: GROUP 6 /lib/udev/rules.d/50-udev-default.rules:63
Apr 26 08:50:09 ICTM1612S02H1 systemd-udevd[3344]: handling device node '/dev/sg31', devnum=c21:31, mode=0660, uid=0, gid=6
Apr 26 08:50:09 ICTM1612S02H1 systemd-udevd[3330]: '/lib/udev/hdparm'(out) ' APM_level = not supported'
Apr 26 08:50:09 ICTM1612S02H1 systemd-udevd[3326]: '/usr/bin/sg_inq --export /dev/sdj'(out) 'SCSI_TYPE=disk'
Apr 26 08:50:09 ICTM1612S02H1 systemd-udevd[1562]: seq 4666 queued, 'add' 'block'
Apr 26 08:50:09 ICTM1612S02H1 systemd-udevd[3319]: found 'b8:32' claiming '/run/udev/links/\x2fdisk\x2fby-id\x2fscsi-SNETAPP_INF-01-00_SR21500107'
Apr 26 08:50:09 ICTM1612S02H1 systemd-udevd[3337]: value '[dmi/id]sys_vendor' is 'Dell Inc.'
Apr 26 08:50:09 ICTM1612S02H1 systemd-udevd[3332]: '/lib/udev/hdparm'(out) ''
Apr 26 08:50:09 ICTM1612S02H1 systemd-udevd[3344]: set permissions /dev/sg31, 020660, uid=0, gid=6
Apr 26 08:50:09 ICTM1612S02H1 systemd-udevd[3355]: seq 4663 processed
Apr 26 08:50:09 ICTM1612S02H1 systemd-udevd[3330]: Process '/lib/udev/hdparm' succeeded.
Apr 26 08:50:09 ICTM1612S02H1 systemd-udevd[3326]: '/usr/bin/sg_inq --export /dev/sdj'(out) 'SCSI_VENDOR=NETAPP'
Apr 26 08:50:09 ICTM1612S02H1 systemd-udevd[1562]: passed 230 byte device to netlink monitor 0x55efe9ce9f20
Apr 26 08:50:09 ICTM1612S02H1 systemd-udevd[3528]: seq 4666 running
Apr 26 08:50:09 ICTM1612S02H1 systemd-udevd[3337]: value '[dmi/id]sys_vendor' is 'Dell Inc.'
Apr 26 08:50:09 ICTM1612S02H1 systemd-udevd[3319]: creating link '/dev/disk/by-id/scsi-SNETAPP_INF-01-00_SR21500107' to '/dev/sdh'
Apr 26 08:50:09 ICTM1612S02H1 systemd-udevd[3332]: '/lib/udev/hdparm'(out) '/dev/sdg:'
Apr 26 08:50:09 ICTM1612S02H1 systemd-udevd[3344]: creating symlink '/dev/char/21:31' to '../sg31'
Apr 26 08:50:09 ICTM1612S02H1 systemd-udevd[3330]: adding watch on '/dev/sdi'
Apr 26 08:50:09 ICTM1612S02H1 systemd-udevd[3326]: '/usr/bin/sg_inq --export /dev/sdj'(out) 'SCSI_VENDOR_ENC=NETAPP\x20\x20'
Apr 26 08:50:09 ICTM1612S02H1 systemd-udevd[1562]: seq 4667 queued, 'add' 'bdi'
Apr 26 08:50:09 ICTM1612S02H1 systemd-udevd[3528]: value '[dmi/id]sys_vendor' is 'Dell Inc.'
Apr 26 08:50:09 ICTM1612S02H1 systemd-udevd[3319]: atomically replace '/dev/disk/by-id/scsi-SNETAPP_INF-01-00_SR21500107'
Apr 26 08:50:09 ICTM1612S02H1 systemd-udevd[3337]: handling device node '/dev/bsg/16:0:0:4', devnum=c249:35, mode=0600, uid=0, gid=0
Apr 26 08:50:09 ICTM1612S02H1 systemd-udevd[3332]: '/lib/udev/hdparm'(out) ' setting Advanced Power Management level to 0xfe (254)'
Apr 26 08:50:09 ICTM1612S02H1 systemd-udevd[3344]: created empty file '/run/udev/data/c21:31' for '/devices/platform/host16/session1/target16:0:0/16:0:0:4/scsi_generic/sg31'
Apr 26 08:50:09 ICTM1612S02H1 systemd-udevd[3330]: created db file '/run/udev/data/b8:128' for '/devices/platform/host16/session1/target16:0:0/16:0:0:2/block/sdi'
Apr 26 08:50:09 ICTM1612S02H1 systemd-udevd[3326]: '/usr/bin/sg_inq --export /dev/sdj'(out) 'SCSI_MODEL=INF-01-00'
Apr 26 08:50:09 ICTM1612S02H1 systemd-udevd[1562]: passed 139 byte device to netlink monitor 0x55efe9ce9f20
Apr 26 08:50:09 ICTM1612S02H1 systemd-udevd[3357]: seq 4667 running
Apr 26 08:50:09 ICTM1612S02H1 systemd-udevd[3528]: value '[dmi/id]sys_vendor' is 'Dell Inc.'
Apr 26 08:50:09 ICTM1612S02H1 systemd-udevd[3319]: found 'b8:96' claiming '/run/udev/links/\x2fdisk\x2fby-id\x2fwwn-0x60080e500029092400008d505605f98b'
Apr 26 08:50:09 ICTM1612S02H1 systemd-udevd[3337]: preserve permissions /dev/bsg/16:0:0:4, 020600, uid=0, gid=0
Apr 26 08:50:09 ICTM1612S02H1 systemd-udevd[3332]: '/lib/udev/hdparm'(out) ' APM_level = not supported'
Apr 26 08:50:09 ICTM1612S02H1 systemd-udevd[3344]: passed device to netlink monitor 0x55efe9d53b20
Apr 26 08:50:09 ICTM1612S02H1 systemd-udevd[3326]: '/usr/bin/sg_inq --export /dev/sdj'(out) 'SCSI_MODEL_ENC=INF-01-00\x20\x20\x20\x20\x20\x20\x20'
Apr 26 08:50:09 ICTM1612S02H1 systemd-udevd[3330]: passed device to netlink monitor 0x55efe9cfafc0
Apr 26 08:50:09 ICTM1612S02H1 systemd-udevd[1562]: seq 4668 queued, 'add' 'scsi_device'
Apr 26 08:50:09 ICTM1612S02H1 systemd[1]: dev-disk-by\x2did-scsi\x2dSNETAPP_INF\x2d01\x2d00_SR21500247.device: Dev dev-disk-by\x2did-scsi\x2dSNETAPP_INF\x2d01\x2d00_SR21500247.device appeared twice with different sysfs paths /sys/devices/platform/host16/session1/target16:0:0/16:0:0:0/block/sdb and /sys/devices/platform/host16/session1/target16:0:0/16:0:0:2/block/sdi
Apr 26 08:50:09 ICTM1612S02H1 systemd-udevd[3357]: value '[dmi/id]sys_vendor' is 'Dell Inc.'
Apr 26 08:50:09 ICTM1612S02H1 systemd-udevd[3528]: GROUP 6 /lib/udev/rules.d/50-udev-default.rules:55
Apr 26 08:50:09 ICTM1612S02H1 systemd-udevd[3337]: creating symlink '/dev/char/249:35' to '../bsg/16:0:0:4'
Apr 26 08:50:09 ICTM1612S02H1 systemd-udevd[3319]: found 'b8:64' claiming '/run/udev/links/\x2fdisk\x2fby-id\x2fwwn-0x60080e500029092400008d505605f98b'
Apr 26 08:50:09 ICTM1612S02H1 systemd-udevd[3332]: Process '/lib/udev/hdparm' succeeded.
Apr 26 08:50:09 ICTM1612S02H1 systemd-udevd[3344]: seq 4664 processed
Apr 26 08:50:09 ICTM1612S02H1 systemd-udevd[3326]: '/usr/bin/sg_inq --export /dev/sdj'(out) 'SCSI_REVISION=9820'
Apr 26 08:50:09 ICTM1612S02H1 systemd-udevd[3330]: seq 4615 processed
Apr 26 08:50:09 ICTM1612S02H1 systemd-udevd[1562]: passed 201 byte device to netlink monitor 0x55efe9ce9f20
Apr 26 08:50:09 ICTM1612S02H1 systemd-udevd[3339]: seq 4668 running
Apr 26 08:50:09 ICTM1612S02H1 systemd-udevd[3339]: value '[dmi/id]sys_vendor' is 'Dell Inc.'
Apr 26 08:50:09 ICTM1612S02H1 systemd-udevd[3528]: IMPORT '/usr/bin/sg_inq --export /dev/sdm' /lib/udev/rules.d/55-scsi-sg3_id.rules:10
Apr 26 08:50:09 ICTM1612S02H1 systemd-udevd[3337]: created empty file '/run/udev/data/c249:35' for '/devices/platform/host16/session1/target16:0:0/16:0:0:4/bsg/16:0:0:4'
Apr 26 08:50:09 ICTM1612S02H1 systemd-udevd[3319]: creating link '/dev/disk/by-id/wwn-0x60080e500029092400008d505605f98b' to '/dev/sdh'
Apr 26 08:50:09 ICTM1612S02H1 systemd-udevd[3332]: adding watch on '/dev/sdg'
Apr 26 08:50:09 ICTM1612S02H1 systemd[1]: dev-disk-by\x2dpath-ip\x2dfe80:0000:0000:0000:0192:0012:0021:0111:3260\x2discsi\x2diqn.1992\x2d08.com.netapp:5504.60080e5000290924000000005525f5de\x2dlun\x2d2.device: Changed dead -> plugged
Apr 26 08:50:09 ICTM1612S02H1 systemd-udevd[3326]: Process '/usr/bin/sg_inq --export /dev/sdj' succeeded.
Apr 26 08:50:09 ICTM1612S02H1 systemd-udevd[3360]: LINK 'disk/by-id/wwn-0x60080e50003415e60000146d5605f79a' /lib/udev/rules.d/60-persistent-storage.rules:73
Apr 26 08:50:09 ICTM1612S02H1 systemd-udevd[1562]: seq 4669 queued, 'add' 'scsi_device'
Apr 26 08:50:09 ICTM1612S02H1 systemd-udevd[3357]: value '[dmi/id]sys_vendor' is 'Dell Inc.'
Apr 26 08:50:09 ICTM1612S02H1 systemd-udevd[3357]: passed device to netlink monitor 0x55efe9cfa330
Apr 26 08:50:09 ICTM1612S02H1 systemd-udevd[3337]: passed device to netlink monitor 0x55efe9d4ad60
Apr 26 08:50:09 ICTM1612S02H1 systemd-udevd[3319]: atomically replace '/dev/disk/by-id/wwn-0x60080e500029092400008d505605f98b'
Apr 26 08:50:09 ICTM1612S02H1 systemd-udevd[3706]: starting '/usr/bin/sg_inq --export /dev/sdm'
Apr 26 08:50:09 ICTM1612S02H1 systemd-udevd[3332]: created db file '/run/udev/data/b8:96' for '/devices/platform/host18/session3/target18:0:0/18:0:0:1/block/sdg'
Apr 26 08:50:09 ICTM1612S02H1 systemd[1]: dev-disk-by\x2did-wwn\x2d0x60080e5000290b5400008a2f5605fd8a.device: Changed dead -> plugged
Apr 26 08:50:09 ICTM1612S02H1 systemd-udevd[3332]: passed device to netlink monitor 0x55efe9cf7970
Apr 26 08:50:09 ICTM1612S02H1 systemd-udevd[3360]: IMPORT 'probe-bcache -o udev /dev/sdk' /lib/udev/rules.d/69-bcache.rules:16
Apr 26 08:50:09 ICTM1612S02H1 systemd-udevd[1562]: passed 201 byte device to netlink monitor 0x55efe9ce9f20
Apr 26 08:50:09 ICTM1612S02H1 systemd-udevd[3330]: seq 4669 running
Apr 26 08:50:09 ICTM1612S02H1 systemd-udevd[3357]: seq 4667 processed
Apr 26 08:50:09 ICTM1612S02H1 systemd-udevd[3339]: value '[dmi/id]sys_vendor' is 'Dell Inc.'
Apr 26 08:50:09 ICTM1612S02H1 systemd-udevd[3337]: seq 4665 processed
Apr 26 08:50:09 ICTM1612S02H1 systemd-udevd[3319]: creating link '/dev/disk/by-path/ip-fe80:0000:0000:0000:0192:0012:0022:0112:3260-iscsi-iqn.1992-08.com.netapp:5504.60080e5000290924000000005525f5de-lun-1' to '/dev/sdh'
Apr 26 08:50:09 ICTM1612S02H1 systemd[1]: dev-disk-by\x2did-scsi\x2d360080e5000290b5400008a2f5605fd8a.device: Changed dead -> plugged
Apr 26 08:50:09 ICTM1612S02H1 systemd-udevd[3326]: IMPORT '/usr/bin/sg_inq --export --page=sn /dev/sdj' /lib/udev/rules.d/55-scsi-sg3_id.rules:19
Apr 26 08:50:09 ICTM1612S02H1 systemd-udevd[3332]: seq 4616 processed
Apr 26 08:50:09 ICTM1612S02H1 systemd-udevd[1562]: seq 4670 queued, 'add' 'block'
Apr 26 08:50:09 ICTM1612S02H1 systemd-udevd[3528]: '/usr/bin/sg_inq --export /dev/sdm'(out) 'SCSI_TPGS=0'
Apr 26 08:50:09 ICTM1612S02H1 systemd-udevd[3330]: value '[dmi/id]sys_vendor' is 'Dell Inc.'
Apr 26 08:50:09 ICTM1612S02H1 systemd-udevd[3319]: creating symlink '/dev/disk/by-path/ip-fe80:0000:0000:0000:0192:0012:0022:0112:3260-iscsi-iqn.1992-08.com.netapp:5504.60080e5000290924000000005525f5de-lun-1' to '../../sdh'
Apr 26 08:50:09 ICTM1612S02H1 systemd-udevd[3319]: created db file '/run/udev/data/b8:112' for '/devices/platform/host17/session2/target17:0:0/17:0:0:1/block/sdh'
Apr 26 08:50:09 ICTM1612S02H1 systemd[1]: dev-sdi.device: Changed dead -> plugged
Apr 26 08:50:09 ICTM1612S02H1 systemd-udevd[3708]: starting '/usr/bin/sg_inq --export --page=sn /dev/sdj'
Apr 26 08:50:09 ICTM1612S02H1 systemd-udevd[1562]: passed 230 byte device to netlink monitor 0x55efe9ce9f20
Apr 26 08:50:09 ICTM1612S02H1 systemd-udevd[3344]: seq 4670 running
Apr 26 08:50:09 ICTM1612S02H1 systemd-udevd[3344]: value '[dmi/id]sys_vendor' is 'Dell Inc.'
Apr 26 08:50:09 ICTM1612S02H1 systemd-udevd[3528]: '/usr/bin/sg_inq --export /dev/sdm'(out) 'SCSI_TYPE=disk'
Apr 26 08:50:09 ICTM1612S02H1 systemd-udevd[3330]: value '[dmi/id]sys_vendor' is 'Dell Inc.'
Apr 26 08:50:09 ICTM1612S02H1 systemd-udevd[3339]: passed device to netlink monitor 0x55efe9d4e080
Apr 26 08:50:09 ICTM1612S02H1 systemd-udevd[3330]: passed device to netlink monitor 0x55efe9cfafc0
Apr 26 08:50:09 ICTM1612S02H1 systemd-udevd[3709]: starting '/lib/udev/hdparm'
Apr 26 08:50:09 ICTM1612S02H1 systemd-udevd[1562]: seq 4671 queued, 'add' 'scsi'
Apr 26 08:50:09 ICTM1612S02H1 systemd-udevd[3707]: starting 'probe-bcache -o udev /dev/sdk'
Apr 26 08:50:09 ICTM1612S02H1 systemd-udevd[3344]: value '[dmi/id]sys_vendor' is 'Dell Inc.'
Apr 26 08:50:09 ICTM1612S02H1 systemd-udevd[3528]: '/usr/bin/sg_inq --export /dev/sdm'(out) 'SCSI_VENDOR=NETAPP'
Apr 26 08:50:09 ICTM1612S02H1 systemd-udevd[3339]: seq 4668 processed
Apr 26 08:50:09 ICTM1612S02H1 systemd[1]: sys-devices-platform-host16-session1-target16:0:0-16:0:0:2-block-sdi.device: Changed dead -> plugged
Apr 26 08:50:09 ICTM1612S02H1 systemd-udevd[3330]: seq 4669 processed
Apr 26 08:50:09 ICTM1612S02H1 systemd-udevd[3326]: '/usr/bin/sg_inq --export --page=sn /dev/sdj'(out) 'SCSI_IDENT_SERIAL=SR21500247'
Apr 26 08:50:09 ICTM1612S02H1 systemd-udevd[3326]: Process '/usr/bin/sg_inq --export --page=sn /dev/sdj' succeeded.
Apr 26 08:50:09 ICTM1612S02H1 systemd-udevd[3332]: seq 4671 running
Apr 26 08:50:09 ICTM1612S02H1 systemd-udevd[3344]: GROUP 6 /lib/udev/rules.d/50-udev-default.rules:55
Apr 26 08:50:09 ICTM1612S02H1 systemd-udevd[3528]: '/usr/bin/sg_inq --export /dev/sdm'(out) 'SCSI_VENDOR_ENC=NETAPP\x20\x20'
Apr 26 08:50:09 ICTM1612S02H1 systemd[1]: Sent message type=signal sender=n/a destination=n/a object=/org/freedesktop/systemd1 interface=org.freedesktop.systemd1.Manager member=UnitNew cookie=161 reply_cookie=0 error=n/a
Apr 26 08:50:09 ICTM1612S02H1 systemd-udevd[1562]: passed 210 byte device to netlink monitor 0x55efe9ce9f20
Apr 26 08:50:09 ICTM1612S02H1 systemd-udevd[1562]: seq 4672 queued, 'add' 'scsi_generic'
Apr 26 08:50:09 ICTM1612S02H1 systemd-udevd[3332]: value '[dmi/id]sys_vendor' is 'Dell Inc.'
Apr 26 08:50:09 ICTM1612S02H1 systemd-udevd[3344]: IMPORT '/usr/bin/sg_inq --export /dev/sdl' /lib/udev/rules.d/55-scsi-sg3_id.rules:10
Apr 26 08:50:09 ICTM1612S02H1 systemd-udevd[3528]: '/usr/bin/sg_inq --export /dev/sdm'(out) 'SCSI_MODEL=INF-01-00'
Apr 26 08:50:09 ICTM1612S02H1 systemd[1]: Sent message type=signal sender=n/a destination=n/a object=/org/freedesktop/systemd1 interface=org.freedesktop.systemd1.Manager member=UnitNew cookie=162 reply_cookie=0 error=n/a
Apr 26 08:50:09 ICTM1612S02H1 systemd-udevd[1562]: passed 233 byte device to netlink monitor 0x55efe9ce9f20
Apr 26 08:50:09 ICTM1612S02H1 systemd-udevd[3326]: IMPORT '/usr/bin/sg_inq --export --page=di /dev/sdj' /lib/udev/rules.d/55-scsi-sg3_id.rules:21
Apr 26 08:50:09 ICTM1612S02H1 systemd-udevd[3337]: seq 4672 running
Apr 26 08:50:09 ICTM1612S02H1 systemd-udevd[3337]: value '[dmi/id]sys_vendor' is 'Dell Inc.'
Apr 26 08:50:09 ICTM1612S02H1 systemd-udevd[3360]: Process 'probe-bcache -o udev /dev/sdk' succeeded.
Apr 26 08:50:09 ICTM1612S02H1 systemd-udevd[3528]: '/usr/bin/sg_inq --export /dev/sdm'(out) 'SCSI_MODEL_ENC=INF-01-00\x20\x20\x20\x20\x20\x20\x20'
Apr 26 08:50:09 ICTM1612S02H1 systemd[1]: Sent message type=signal sender=n/a destination=n/a object=/org/freedesktop/systemd1 interface=org.freedesktop.systemd1.Manager member=UnitNew cookie=163 reply_cookie=0 error=n/a
Apr 26 08:50:09 ICTM1612S02H1 systemd-udevd[3712]: starting '/usr/bin/sg_inq --export /dev/sdl'
Apr 26 08:50:09 ICTM1612S02H1 systemd-udevd[1562]: seq 4673 queued, 'add' 'scsi_disk'
Apr 26 08:50:09 ICTM1612S02H1 systemd-udevd[3332]: value '[dmi/id]sys_vendor' is 'Dell Inc.'
Apr 26 08:50:09 ICTM1612S02H1 systemd-udevd[3713]: starting '/usr/bin/sg_inq --export --page=di /dev/sdj'
Apr 26 08:50:09 ICTM1612S02H1 systemd-udevd[3337]: value '[dmi/id]sys_vendor' is 'Dell Inc.'
Apr 26 08:50:09 ICTM1612S02H1 systemd-udevd[3360]: RUN '/lib/udev/hdparm' /lib/udev/rules.d/85-hdparm.rules:1
Apr 26 08:50:09 ICTM1612S02H1 systemd-udevd[3337]: GROUP 6 /lib/udev/rules.d/50-udev-default.rules:63
Apr 26 08:50:09 ICTM1612S02H1 systemd[1]: Sent message type=signal sender=n/a destination=n/a object=/org/freedesktop/systemd1 interface=org.freedesktop.systemd1.Manager member=UnitNew cookie=164 reply_cookie=0 error=n/a
Apr 26 08:50:09 ICTM1612S02H1 systemd-udevd[1562]: seq 4674 queued, 'add' 'scsi_generic'
Apr 26 08:50:09 ICTM1612S02H1 systemd-udevd[3332]: IMPORT builtin 'hwdb' /lib/udev/rules.d/50-udev-default.rules:15
Apr 26 08:50:09 ICTM1612S02H1 systemd-udevd[3360]: ATTR '/sys/devices/platform/host22/session7/target22:0:0/22:0:0:130/block/sdk/queue/max_sectors_kb' writing '32767' /etc/udev/rules.d/99-largeio-udev.rules:1
Apr 26 08:50:09 ICTM1612S02H1 systemd-udevd[3528]: '/usr/bin/sg_inq --export /dev/sdm'(out) 'SCSI_REVISION=9825'
Apr 26 08:50:09 ICTM1612S02H1 systemd-udevd[3528]: Process '/usr/bin/sg_inq --export /dev/sdm' succeeded.
Apr 26 08:50:09 ICTM1612S02H1 systemd-udevd[3528]: IMPORT '/usr/bin/sg_inq --export --page=sn /dev/sdm' /lib/udev/rules.d/55-scsi-sg3_id.rules:19
Apr 26 08:50:09 ICTM1612S02H1 systemd-udevd[1562]: passed 233 byte device to netlink monitor 0x55efe9ce9f20
Apr 26 08:50:09 ICTM1612S02H1 systemd-udevd[3330]: seq 4674 running
Apr 26 08:50:09 ICTM1612S02H1 systemd-udevd[3332]: IMPORT builtin 'hwdb' returned non-zero
Apr 26 08:50:09 ICTM1612S02H1 systemd-udevd[3719]: starting '/usr/bin/sg_inq --export --page=sn /dev/sdm'
Apr 26 08:50:09 ICTM1612S02H1 systemd-udevd[3337]: handling device node '/dev/sg32', devnum=c21:32, mode=0660, uid=0, gid=6
Apr 26 08:50:09 ICTM1612S02H1 systemd[1]: Sent message type=signal sender=n/a destination=n/a object=/org/freedesktop/systemd1 interface=org.freedesktop.systemd1.Manager member=UnitNew cookie=165 reply_cookie=0 error=n/a
Apr 26 08:50:09 ICTM1612S02H1 systemd-udevd[3326]: '/usr/bin/sg_inq --export --page=di /dev/sdj'(out) 'SCSI_IDENT_LUN_NAA=60080e500029092400008d505605f98b'
Apr 26 08:50:09 ICTM1612S02H1 systemd-udevd[1562]: seq 4675 queued, 'add' 'scsi'
Apr 26 08:50:09 ICTM1612S02H1 systemd-udevd[3330]: value '[dmi/id]sys_vendor' is 'Dell Inc.'
Apr 26 08:50:09 ICTM1612S02H1 systemd-udevd[3344]: '/usr/bin/sg_inq --export /dev/sdl'(out) 'SCSI_TPGS=0'
Apr 26 08:50:09 ICTM1612S02H1 systemd-udevd[3332]: path '[module/sg](null)' is '/sys/module/sg'
Apr 26 08:50:09 ICTM1612S02H1 systemd-udevd[3360]: handling device node '/dev/sdk', devnum=b8:160, mode=0660, uid=0, gid=6
Apr 26 08:50:09 ICTM1612S02H1 systemd-udevd[3337]: set permissions /dev/sg32, 020660, uid=0, gid=6
Apr 26 08:50:09 ICTM1612S02H1 systemd-udevd[3326]: '/usr/bin/sg_inq --export --page=di /dev/sdj'(out) 'SCSI_IDENT_PORT_RELATIVE=2'
Apr 26 08:50:09 ICTM1612S02H1 systemd[1]: dev-disk-by\x2dpath-ip\x2dfe80:0000:0000:0000:0192:0012:0021:0112:3260\x2discsi\x2diqn.1992\x2d08.com.netapp:5504.60080e5000290924000000005525f5de\x2dlun\x2d1.device: Changed dead -> plugged
Apr 26 08:50:09 ICTM1612S02H1 systemd-udevd[1562]: passed 210 byte device to netlink monitor 0x55efe9ce9f20
Apr 26 08:50:09 ICTM1612S02H1 systemd-udevd[3357]: seq 4675 running
Apr 26 08:50:09 ICTM1612S02H1 systemd-udevd[3330]: value '[dmi/id]sys_vendor' is 'Dell Inc.'
Apr 26 08:50:09 ICTM1612S02H1 systemd-udevd[3344]: '/usr/bin/sg_inq --export /dev/sdl'(out) 'SCSI_TYPE=disk'
Apr 26 08:50:09 ICTM1612S02H1 systemd-udevd[3332]: RUN 'kmod load $env{MODALIAS}' /lib/udev/rules.d/80-drivers.rules:5
Apr 26 08:50:09 ICTM1612S02H1 systemd-udevd[3360]: set permissions /dev/sdk, 060660, uid=0, gid=6
Apr 26 08:50:09 ICTM1612S02H1 systemd-udevd[3337]: creating symlink '/dev/char/21:32' to '../sg32'
Apr 26 08:50:09 ICTM1612S02H1 systemd-udevd[3528]: '/usr/bin/sg_inq --export --page=sn /dev/sdm'(out) 'SCSI_IDENT_SERIAL=021414003152'
Apr 26 08:50:09 ICTM1612S02H1 systemd-udevd[3326]: Process '/usr/bin/sg_inq --export --page=di /dev/sdj' succeeded.
Apr 26 08:50:09 ICTM1612S02H1 systemd[1]: dev-sdg.device: Changed dead -> plugged
Apr 26 08:50:09 ICTM1612S02H1 systemd-udevd[1562]: seq 4676 queued, 'add' 'bsg'
Apr 26 08:50:09 ICTM1612S02H1 systemd-udevd[3319]: '/lib/udev/hdparm'(out) ''
Apr 26 08:50:09 ICTM1612S02H1 systemd-udevd[3357]: value '[dmi/id]sys_vendor' is 'Dell Inc.'
Apr 26 08:50:09 ICTM1612S02H1 systemd-udevd[3344]: '/usr/bin/sg_inq --export /dev/sdl'(out) 'SCSI_VENDOR=NETAPP'
Apr 26 08:50:09 ICTM1612S02H1 systemd-udevd[3330]: GROUP 6 /lib/udev/rules.d/50-udev-default.rules:63
Apr 26 08:50:09 ICTM1612S02H1 systemd-udevd[3332]: Execute 'load' 'scsi:t-0x00'
Apr 26 08:50:09 ICTM1612S02H1 systemd-udevd[3360]: creating symlink '/dev/block/8:160' to '../sdk'
Apr 26 08:50:09 ICTM1612S02H1 systemd-udevd[3337]: created empty file '/run/udev/data/c21:32' for '/devices/platform/host22/session7/target22:0:0/22:0:0:132/scsi_generic/sg32'
Apr 26 08:50:09 ICTM1612S02H1 systemd-udevd[3528]: Process '/usr/bin/sg_inq --export --page=sn /dev/sdm' succeeded.
Apr 26 08:50:09 ICTM1612S02H1 systemd-udevd[3326]: PROGRAM '/sbin/multipath -u /dev/sdj' /lib/udev/rules.d/56-dm-mpath-lvm.rules:21
Apr 26 08:50:09 ICTM1612S02H1 systemd[1]: sys-devices-platform-host18-session3-target18:0:0-18:0:0:1-block-sdg.device: Changed dead -> plugged
Apr 26 08:50:09 ICTM1612S02H1 systemd-udevd[1562]: passed 232 byte device to netlink monitor 0x55efe9ce9f20
Apr 26 08:50:09 ICTM1612S02H1 systemd-udevd[3339]: seq 4676 running
Apr 26 08:50:09 ICTM1612S02H1 systemd-udevd[3339]: value '[dmi/id]sys_vendor' is 'Dell Inc.'
Apr 26 08:50:09 ICTM1612S02H1 systemd-udevd[3357]: value '[dmi/id]sys_vendor' is 'Dell Inc.'
Apr 26 08:50:09 ICTM1612S02H1 systemd-udevd[3344]: '/usr/bin/sg_inq --export /dev/sdl'(out) 'SCSI_VENDOR_ENC=NETAPP\x20\x20'
Apr 26 08:50:09 ICTM1612S02H1 systemd-udevd[3330]: handling device node '/dev/sg33', devnum=c21:33, mode=0660, uid=0, gid=6
Apr 26 08:50:09 ICTM1612S02H1 systemd-udevd[3332]: No module matches 'scsi:t-0x00'
Apr 26 08:50:09 ICTM1612S02H1 systemd-udevd[3360]: creating link '/dev/disk/by-id/scsi-360080e50003415e60000146d5605f79a' to '/dev/sdk'
Apr 26 08:50:09 ICTM1612S02H1 systemd-udevd[3337]: passed device to netlink monitor 0x55efe9d4ad60
Apr 26 08:50:09 ICTM1612S02H1 systemd-udevd[3528]: IMPORT '/usr/bin/sg_inq --export --page=di /dev/sdm' /lib/udev/rules.d/55-scsi-sg3_id.rules:21
Apr 26 08:50:09 ICTM1612S02H1 systemd[1]: Sent message type=signal sender=n/a destination=n/a object=/org/freedesktop/systemd1 interface=org.freedesktop.systemd1.Manager member=UnitNew cookie=166 reply_cookie=0 error=n/a
Apr 26 08:50:09 ICTM1612S02H1 systemd-udevd[3721]: starting '/sbin/multipath -u /dev/sdj'
Apr 26 08:50:09 ICTM1612S02H1 systemd-udevd[1562]: seq 4677 queued, 'add' 'bsg'
Apr 26 08:50:09 ICTM1612S02H1 systemd-udevd[3319]: '/lib/udev/hdparm'(out) '/dev/sdh:'
Apr 26 08:50:09 ICTM1612S02H1 systemd-udevd[3339]: value '[dmi/id]sys_vendor' is 'Dell Inc.'
Apr 26 08:50:09 ICTM1612S02H1 systemd-udevd[3357]: IMPORT builtin 'hwdb' /lib/udev/rules.d/50-udev-default.rules:15
Apr 26 08:50:09 ICTM1612S02H1 systemd-udevd[3344]: '/usr/bin/sg_inq --export /dev/sdl'(out) 'SCSI_MODEL=INF-01-00'
Apr 26 08:50:09 ICTM1612S02H1 systemd-udevd[3330]: set permissions /dev/sg33, 020660, uid=0, gid=6
Apr 26 08:50:09 ICTM1612S02H1 systemd-udevd[3332]: passed device to netlink monitor 0x55efe9cf7970
Apr 26 08:50:09 ICTM1612S02H1 systemd-udevd[3360]: creating symlink '/dev/disk/by-id/scsi-360080e50003415e60000146d5605f79a' to '../../sdk'
Apr 26 08:50:09 ICTM1612S02H1 systemd-udevd[3337]: seq 4672 processed
Apr 26 08:50:09 ICTM1612S02H1 systemd[1]: Sent message type=signal sender=n/a destination=n/a object=/org/freedesktop/systemd1 interface=org.freedesktop.systemd1.Manager member=UnitNew cookie=167 reply_cookie=0 error=n/a
Apr 26 08:50:09 ICTM1612S02H1 systemd-udevd[3722]: starting '/usr/bin/sg_inq --export --page=di /dev/sdm'
Apr 26 08:50:09 ICTM1612S02H1 systemd-udevd[1562]: passed 232 byte device to netlink monitor 0x55efe9ce9f20
Apr 26 08:50:09 ICTM1612S02H1 systemd-udevd[3355]: seq 4677 running
Apr 26 08:50:09 ICTM1612S02H1 systemd-udevd[3319]: '/lib/udev/hdparm'(out) ' setting Advanced Power Management level to 0xfe (254)'
Apr 26 08:50:09 ICTM1612S02H1 systemd-udevd[3339]: handling device node '/dev/bsg/22:0:0:132', devnum=c249:36, mode=0600, uid=0, gid=0
Apr 26 08:50:09 ICTM1612S02H1 systemd-udevd[3326]: '/sbin/multipath -u /dev/sdj'(out) '/dev/sdj is not a valid multipath device path'
Apr 26 08:50:09 ICTM1612S02H1 systemd-udevd[3344]: '/usr/bin/sg_inq --export /dev/sdl'(out) 'SCSI_MODEL_ENC=INF-01-00\x20\x20\x20\x20\x20\x20\x20'
Apr 26 08:50:09 ICTM1612S02H1 systemd-udevd[3330]: creating symlink '/dev/char/21:33' to '../sg33'
Apr 26 08:50:09 ICTM1612S02H1 systemd-udevd[3332]: seq 4671 processed
Apr 26 08:50:09 ICTM1612S02H1 systemd-udevd[3360]: creating link '/dev/disk/by-id/scsi-SNETAPP_INF-01-00_021414003152' to '/dev/sdk'
Apr 26 08:50:09 ICTM1612S02H1 systemd[1]: Sent message type=signal sender=n/a destination=n/a object=/org/freedesktop/systemd1 interface=org.freedesktop.systemd1.Manager member=UnitNew cookie=168 reply_cookie=0 error=n/a
Apr 26 08:50:09 ICTM1612S02H1 systemd-udevd[1562]: seq 4678 queued, 'add' 'scsi_disk'
Apr 26 08:50:09 ICTM1612S02H1 systemd-udevd[3355]: value '[dmi/id]sys_vendor' is 'Dell Inc.'
Apr 26 08:50:09 ICTM1612S02H1 systemd-udevd[3319]: '/lib/udev/hdparm'(out) ' APM_level = not supported'
Apr 26 08:50:09 ICTM1612S02H1 systemd-udevd[3339]: preserve permissions /dev/bsg/22:0:0:132, 020600, uid=0, gid=0
Apr 26 08:50:09 ICTM1612S02H1 systemd-udevd[3357]: IMPORT builtin 'hwdb' returned non-zero
Apr 26 08:50:09 ICTM1612S02H1 systemd-udevd[3344]: '/usr/bin/sg_inq --export /dev/sdl'(out) 'SCSI_REVISION=9825'
Apr 26 08:50:09 ICTM1612S02H1 systemd-udevd[3326]: Process '/sbin/multipath -u /dev/sdj' failed with exit code 1.
Apr 26 08:50:09 ICTM1612S02H1 systemd-udevd[3330]: created empty file '/run/udev/data/c21:33' for '/devices/platform/host20/session5/target20:0:0/20:0:0:132/scsi_generic/sg33'
Apr 26 08:50:09 ICTM1612S02H1 systemd-udevd[3360]: creating symlink '/dev/disk/by-id/scsi-SNETAPP_INF-01-00_021414003152' to '../../sdk'
Apr 26 08:50:09 ICTM1612S02H1 systemd-udevd[1562]: passed 193 byte device to netlink monitor 0x55efe9ce9f20
Apr 26 08:50:09 ICTM1612S02H1 systemd-udevd[3528]: '/usr/bin/sg_inq --export --page=di /dev/sdm'(out) 'SCSI_IDENT_LUN_NAA=60080e50003415e60000146d5605f79a'
Apr 26 08:50:09 ICTM1612S02H1 systemd-udevd[3332]: seq 4673 running
Apr 26 08:50:09 ICTM1612S02H1 systemd-udevd[3332]: value '[dmi/id]sys_vendor' is 'Dell Inc.'
Apr 26 08:50:09 ICTM1612S02H1 systemd-udevd[3319]: Process '/lib/udev/hdparm' succeeded.
Apr 26 08:50:09 ICTM1612S02H1 systemd-udevd[3339]: creating symlink '/dev/char/249:36' to '../bsg/22:0:0:132'
Apr 26 08:50:09 ICTM1612S02H1 systemd-udevd[3357]: path '[module/sg](null)' is '/sys/module/sg'
Apr 26 08:50:09 ICTM1612S02H1 systemd-udevd[3344]: Process '/usr/bin/sg_inq --export /dev/sdl' succeeded.
Apr 26 08:50:09 ICTM1612S02H1 systemd-udevd[3344]: IMPORT '/usr/bin/sg_inq --export --page=sn /dev/sdl' /lib/udev/rules.d/55-scsi-sg3_id.rules:19
Apr 26 08:50:09 ICTM1612S02H1 systemd-udevd[3330]: passed device to netlink monitor 0x55efe9cfafc0
Apr 26 08:50:09 ICTM1612S02H1 systemd-udevd[3723]: starting '/usr/bin/sg_inq --export --page=sn /dev/sdl'
Apr 26 08:50:09 ICTM1612S02H1 systemd-udevd[1562]: seq 4679 queued, 'add' 'bdi'
Apr 26 08:50:09 ICTM1612S02H1 systemd-udevd[3528]: '/usr/bin/sg_inq --export --page=di /dev/sdm'(out) 'SCSI_IDENT_PORT_RELATIVE=4'
Apr 26 08:50:09 ICTM1612S02H1 systemd-udevd[3355]: value '[dmi/id]sys_vendor' is 'Dell Inc.'
Apr 26 08:50:09 ICTM1612S02H1 systemd-udevd[3332]: value '[dmi/id]sys_vendor' is 'Dell Inc.'
Apr 26 08:50:09 ICTM1612S02H1 systemd-udevd[3319]: adding watch on '/dev/sdh'
Apr 26 08:50:09 ICTM1612S02H1 systemd-udevd[3332]: passed device to netlink monitor 0x55efe9cf7970
Apr 26 08:50:09 ICTM1612S02H1 systemd-udevd[3357]: RUN 'kmod load $env{MODALIAS}' /lib/udev/rules.d/80-drivers.rules:5
Apr 26 08:50:09 ICTM1612S02H1 systemd-udevd[3326]: LINK 'disk/by-id/scsi-SNETAPP_INF-01-00_SR21500247' /lib/udev/rules.d/58-scsi-sg3_symlink.rules:12
Apr 26 08:50:09 ICTM1612S02H1 systemd-udevd[3330]: seq 4674 processed
Apr 26 08:50:09 ICTM1612S02H1 systemd-udevd[3360]: creating link '/dev/disk/by-id/wwn-0x60080e50003415e60000146d5605f79a' to '/dev/sdk'
Apr 26 08:50:09 ICTM1612S02H1 systemd-udevd[1562]: passed 140 byte device to netlink monitor 0x55efe9ce9f20
Apr 26 08:50:09 ICTM1612S02H1 systemd-udevd[3337]: seq 4679 running
Apr 26 08:50:09 ICTM1612S02H1 systemd-udevd[3528]: Process '/usr/bin/sg_inq --export --page=di /dev/sdm' succeeded.
Apr 26 08:50:09 ICTM1612S02H1 systemd-udevd[3355]: handling device node '/dev/bsg/20:0:0:132', devnum=c249:37, mode=0600, uid=0, gid=0
Apr 26 08:50:09 ICTM1612S02H1 systemd-udevd[3319]: created db file '/run/udev/data/b8:112' for '/devices/platform/host17/session2/target17:0:0/17:0:0:1/block/sdh'
Apr 26 08:50:09 ICTM1612S02H1 systemd-udevd[3339]: created empty file '/run/udev/data/c249:36' for '/devices/platform/host22/session7/target22:0:0/22:0:0:132/bsg/22:0:0:132'
Apr 26 08:50:09 ICTM1612S02H1 systemd-udevd[3332]: seq 4673 processed
Apr 26 08:50:09 ICTM1612S02H1 systemd-udevd[3344]: '/usr/bin/sg_inq --export --page=sn /dev/sdl'(out) 'SCSI_IDENT_SERIAL=021414003089'
Apr 26 08:50:09 ICTM1612S02H1 systemd-udevd[3357]: Execute 'load' 'scsi:t-0x00'
Apr 26 08:50:09 ICTM1612S02H1 systemd-udevd[3326]: LINK 'disk/by-id/scsi-360080e500029092400008d505605f98b' /lib/udev/rules.d/58-scsi-sg3_symlink.rules:15
Apr 26 08:50:09 ICTM1612S02H1 systemd-udevd[3360]: creating symlink '/dev/disk/by-id/wwn-0x60080e50003415e60000146d5605f79a' to '../../sdk'
Apr 26 08:50:09 ICTM1612S02H1 systemd-udevd[3326]: LINK 'disk/by-id/scsi-360080e500029092400008d505605f98b' /lib/udev/rules.d/60-persistent-storage.rules:36
Apr 26 08:50:09 ICTM1612S02H1 systemd-udevd[3337]: value '[dmi/id]sys_vendor' is 'Dell Inc.'
Apr 26 08:50:09 ICTM1612S02H1 systemd-udevd[3528]: PROGRAM '/sbin/multipath -u /dev/sdm' /lib/udev/rules.d/56-dm-mpath-lvm.rules:21
Apr 26 08:50:09 ICTM1612S02H1 systemd-udevd[3355]: preserve permissions /dev/bsg/20:0:0:132, 020600, uid=0, gid=0
Apr 26 08:50:09 ICTM1612S02H1 systemd-udevd[3339]: passed device to netlink monitor 0x55efe9d4e080
Apr 26 08:50:09 ICTM1612S02H1 systemd-udevd[3319]: passed device to netlink monitor 0x55efe9ce9790
Apr 26 08:50:09 ICTM1612S02H1 systemd[1]: dev-disk-by\x2did-scsi\x2d360080e500029092400008d505605f98b.device: Dev dev-disk-by\x2did-scsi\x2d360080e500029092400008d505605f98b.device appeared twice with different sysfs paths /sys/devices/platform/host16/session1/target16:0:0/16:0:0:1/block/sde and /sys/devices/platform/host17/session2/target17:0:0/17:0:0:1/block/sdh
Apr 26 08:50:09 ICTM1612S02H1 systemd-udevd[3344]: Process '/usr/bin/sg_inq --export --page=sn /dev/sdl' succeeded.
Apr 26 08:50:09 ICTM1612S02H1 systemd-udevd[3357]: No module matches 'scsi:t-0x00'
