Apr 26 08:50:08 ICTM1612S02H1 systemd-udevd[3332]: '/usr/bin/sg_inq --export /dev/sdg'(out) 'SCSI_REVISION=9820'
Apr 26 08:50:08 ICTM1612S02H1 systemd-udevd[3360]: found 'b8:32' claiming '/run/udev/links/\x2fdisk\x2fby-id\x2fwwn-0x60080e5000290b5400008a2d5605fd7e'
Apr 26 08:50:08 ICTM1612S02H1 systemd-udevd[3360]: found 'b8:16' claiming '/run/udev/links/\x2fdisk\x2fby-id\x2fwwn-0x60080e5000290b5400008a2d5605fd7e'
Apr 26 08:50:08 ICTM1612S02H1 systemd-udevd[3643]: starting '/usr/bin/sg_inq --export --page=sn /dev/sdi'
Apr 26 08:50:08 ICTM1612S02H1 systemd-udevd[1562]: seq 4624 queued, 'add' 'scsi_generic'
Apr 26 08:50:08 ICTM1612S02H1 systemd-udevd[3339]: value '[dmi/id]sys_vendor' is 'Dell Inc.'
Apr 26 08:50:08 ICTM1612S02H1 systemd-udevd[3337]: creating symlink '/dev/disk/by-id/wwn-0x60080e500029092400008d505605f98b' to '../../sde'
Apr 26 08:50:08 ICTM1612S02H1 systemd-udevd[3326]: passed device to netlink monitor 0x55efe9cf9830
Apr 26 08:50:08 ICTM1612S02H1 systemd-udevd[3357]: handling device node '/dev/bsg/20:0:0:131', devnum=c249:28, mode=0600, uid=0, gid=0
Apr 26 08:50:08 ICTM1612S02H1 systemd-udevd[3332]: Process '/usr/bin/sg_inq --export /dev/sdg' succeeded.
Apr 26 08:50:08 ICTM1612S02H1 systemd-udevd[3543]: atomically replace '/dev/disk/by-id/scsi-SNETAPP_INF-01-00_SR21500107'
Apr 26 08:50:08 ICTM1612S02H1 systemd-udevd[3360]: creating link '/dev/disk/by-id/wwn-0x60080e5000290b5400008a2d5605fd7e' to '/dev/sdf'
Apr 26 08:50:08 ICTM1612S02H1 systemd-udevd[1562]: passed 233 byte device to netlink monitor 0x55efe9ce9f20
Apr 26 08:50:08 ICTM1612S02H1 systemd-udevd[3528]: seq 4624 running
Apr 26 08:50:08 ICTM1612S02H1 systemd-udevd[3339]: value '[dmi/id]sys_vendor' is 'Dell Inc.'
Apr 26 08:50:08 ICTM1612S02H1 systemd-udevd[3337]: creating link '/dev/disk/by-path/ip-fe80:0000:0000:0000:0192:0012:0021:0111:3260-iscsi-iqn.1992-08.com.netapp:5504.60080e5000290924000000005525f5de-lun-1' to '/dev/sde'
Apr 26 08:50:08 ICTM1612S02H1 systemd-udevd[3326]: seq 4620 processed
Apr 26 08:50:08 ICTM1612S02H1 systemd-udevd[3357]: preserve permissions /dev/bsg/20:0:0:131, 020600, uid=0, gid=0
Apr 26 08:50:08 ICTM1612S02H1 systemd-udevd[3332]: IMPORT '/usr/bin/sg_inq --export --page=sn /dev/sdg' /lib/udev/rules.d/55-scsi-sg3_id.rules:19
Apr 26 08:50:08 ICTM1612S02H1 systemd-udevd[3543]: found 'b8:32' claiming '/run/udev/links/\x2fdisk\x2fby-id\x2fwwn-0x60080e5000290b5400008a2d5605fd7e'
Apr 26 08:50:08 ICTM1612S02H1 systemd-udevd[3543]: found 'b8:16' claiming '/run/udev/links/\x2fdisk\x2fby-id\x2fwwn-0x60080e5000290b5400008a2d5605fd7e'
Apr 26 08:50:08 ICTM1612S02H1 systemd-udevd[3360]: atomically replace '/dev/disk/by-id/wwn-0x60080e5000290b5400008a2d5605fd7e'
Apr 26 08:50:08 ICTM1612S02H1 systemd-udevd[1562]: seq 4625 queued, 'add' 'bsg'
Apr 26 08:50:08 ICTM1612S02H1 systemd-udevd[3528]: value '[dmi/id]sys_vendor' is 'Dell Inc.'
Apr 26 08:50:08 ICTM1612S02H1 systemd-udevd[3339]: IMPORT builtin 'hwdb' /lib/udev/rules.d/50-udev-default.rules:15
Apr 26 08:50:08 ICTM1612S02H1 systemd-udevd[3337]: creating symlink '/dev/disk/by-path/ip-fe80:0000:0000:0000:0192:0012:0021:0111:3260-iscsi-iqn.1992-08.com.netapp:5504.60080e5000290924000000005525f5de-lun-1' to '../../sde'
Apr 26 08:50:08 ICTM1612S02H1 systemd-udevd[3357]: creating symlink '/dev/char/249:28' to '../bsg/20:0:0:131'
Apr 26 08:50:08 ICTM1612S02H1 systemd-udevd[3644]: starting '/usr/bin/sg_inq --export --page=sn /dev/sdg'
Apr 26 08:50:08 ICTM1612S02H1 systemd-udevd[3330]: '/usr/bin/sg_inq --export --page=sn /dev/sdi'(out) 'SCSI_IDENT_SERIAL=SR21500247'
Apr 26 08:50:08 ICTM1612S02H1 systemd-udevd[3360]: creating link '/dev/disk/by-path/ip-fe80:0000:0000:0000:0192:0012:0022:0111:3260-iscsi-iqn.1992-08.com.netapp:5504.60080e5000290924000000005525f5de-lun-0' to '/dev/sdf'
Apr 26 08:50:08 ICTM1612S02H1 systemd-udevd[3543]: creating link '/dev/disk/by-id/wwn-0x60080e5000290b5400008a2d5605fd7e' to '/dev/sdd'
Apr 26 08:50:08 ICTM1612S02H1 systemd-udevd[1562]: passed 232 byte device to netlink monitor 0x55efe9ce9f20
Apr 26 08:50:08 ICTM1612S02H1 systemd-udevd[3344]: seq 4625 running
Apr 26 08:50:08 ICTM1612S02H1 systemd-udevd[3528]: value '[dmi/id]sys_vendor' is 'Dell Inc.'
Apr 26 08:50:08 ICTM1612S02H1 systemd-udevd[3339]: IMPORT builtin 'hwdb' returned non-zero
Apr 26 08:50:08 ICTM1612S02H1 systemd-udevd[3337]: created db file '/run/udev/data/b8:64' for '/devices/platform/host16/session1/target16:0:0/16:0:0:1/block/sde'
Apr 26 08:50:08 ICTM1612S02H1 systemd-udevd[3357]: created empty file '/run/udev/data/c249:28' for '/devices/platform/host20/session5/target20:0:0/20:0:0:131/bsg/20:0:0:131'
Apr 26 08:50:08 ICTM1612S02H1 systemd-udevd[3330]: Process '/usr/bin/sg_inq --export --page=sn /dev/sdi' succeeded.
Apr 26 08:50:08 ICTM1612S02H1 systemd-udevd[3360]: creating symlink '/dev/disk/by-path/ip-fe80:0000:0000:0000:0192:0012:0022:0111:3260-iscsi-iqn.1992-08.com.netapp:5504.60080e5000290924000000005525f5de-lun-0' to '../../sdf'
Apr 26 08:50:08 ICTM1612S02H1 systemd-udevd[3543]: atomically replace '/dev/disk/by-id/wwn-0x60080e5000290b5400008a2d5605fd7e'
Apr 26 08:50:08 ICTM1612S02H1 systemd-udevd[1562]: seq 4626 queued, 'add' 'scsi_disk'
Apr 26 08:50:08 ICTM1612S02H1 systemd-udevd[3344]: value '[dmi/id]sys_vendor' is 'Dell Inc.'
Apr 26 08:50:08 ICTM1612S02H1 systemd-udevd[3528]: GROUP 6 /lib/udev/rules.d/50-udev-default.rules:63
Apr 26 08:50:08 ICTM1612S02H1 systemd-udevd[3339]: path '[module/sg](null)' is '/sys/module/sg'
Apr 26 08:50:08 ICTM1612S02H1 systemd-udevd[3332]: '/usr/bin/sg_inq --export --page=sn /dev/sdg'(out) 'SCSI_IDENT_SERIAL=SR21500107'
Apr 26 08:50:08 ICTM1612S02H1 systemd-udevd[3357]: passed device to netlink monitor 0x55efe9cfa330
Apr 26 08:50:08 ICTM1612S02H1 systemd-udevd[3645]: starting '/lib/udev/hdparm'
Apr 26 08:50:08 ICTM1612S02H1 systemd-udevd[3330]: IMPORT '/usr/bin/sg_inq --export --page=di /dev/sdi' /lib/udev/rules.d/55-scsi-sg3_id.rules:21
Apr 26 08:50:08 ICTM1612S02H1 systemd-udevd[3360]: created db file '/run/udev/data/b8:80' for '/devices/platform/host19/session4/target19:0:0/19:0:0:0/block/sdf'
Apr 26 08:50:08 ICTM1612S02H1 systemd-udevd[3543]: creating link '/dev/disk/by-path/ip-fe80:0000:0000:0000:0192:0012:0022:0112:3260-iscsi-iqn.1992-08.com.netapp:5504.60080e5000290924000000005525f5de-lun-0' to '/dev/sdd'
Apr 26 08:50:08 ICTM1612S02H1 systemd-udevd[1562]: seq 4627 queued, 'add' 'block'
Apr 26 08:50:08 ICTM1612S02H1 systemd-udevd[3344]: value '[dmi/id]sys_vendor' is 'Dell Inc.'
Apr 26 08:50:08 ICTM1612S02H1 systemd-udevd[3339]: RUN 'kmod load $env{MODALIAS}' /lib/udev/rules.d/80-drivers.rules:5
Apr 26 08:50:08 ICTM1612S02H1 systemd-udevd[3528]: handling device node '/dev/sg25', devnum=c21:25, mode=0660, uid=0, gid=6
Apr 26 08:50:08 ICTM1612S02H1 systemd-udevd[3332]: Process '/usr/bin/sg_inq --export --page=sn /dev/sdg' succeeded.
Apr 26 08:50:08 ICTM1612S02H1 systemd-udevd[3357]: seq 4622 processed
Apr 26 08:50:08 ICTM1612S02H1 systemd-udevd[3543]: creating symlink '/dev/disk/by-path/ip-fe80:0000:0000:0000:0192:0012:0022:0112:3260-iscsi-iqn.1992-08.com.netapp:5504.60080e5000290924000000005525f5de-lun-0' to '../../sdd'
Apr 26 08:50:08 ICTM1612S02H1 systemd-udevd[1562]: passed 228 byte device to netlink monitor 0x55efe9ce9f20
Apr 26 08:50:08 ICTM1612S02H1 systemd-udevd[3319]: seq 4627 running
Apr 26 08:50:08 ICTM1612S02H1 systemd-udevd[3319]: value '[dmi/id]sys_vendor' is 'Dell Inc.'
Apr 26 08:50:08 ICTM1612S02H1 systemd-udevd[3647]: starting '/lib/udev/hdparm'
Apr 26 08:50:08 ICTM1612S02H1 systemd-udevd[3339]: Execute 'load' 'scsi:t-0x00'
Apr 26 08:50:08 ICTM1612S02H1 systemd-udevd[3344]: handling device node '/dev/bsg/23:0:0:131', devnum=c249:29, mode=0600, uid=0, gid=0
Apr 26 08:50:08 ICTM1612S02H1 systemd-udevd[3528]: set permissions /dev/sg25, 020660, uid=0, gid=6
Apr 26 08:50:08 ICTM1612S02H1 systemd-udevd[3332]: IMPORT '/usr/bin/sg_inq --export --page=di /dev/sdg' /lib/udev/rules.d/55-scsi-sg3_id.rules:21
Apr 26 08:50:08 ICTM1612S02H1 systemd-udevd[3543]: created db file '/run/udev/data/b8:48' for '/devices/platform/host17/session2/target17:0:0/17:0:0:0/block/sdd'
Apr 26 08:50:08 ICTM1612S02H1 systemd-udevd[1562]: seq 4628 queued, 'add' 'scsi_device'
Apr 26 08:50:08 ICTM1612S02H1 systemd-udevd[3319]: value '[dmi/id]sys_vendor' is 'Dell Inc.'
Apr 26 08:50:08 ICTM1612S02H1 systemd-udevd[3646]: starting '/usr/bin/sg_inq --export --page=di /dev/sdi'
Apr 26 08:50:08 ICTM1612S02H1 systemd-udevd[3339]: No module matches 'scsi:t-0x00'
Apr 26 08:50:08 ICTM1612S02H1 systemd-udevd[3344]: preserve permissions /dev/bsg/23:0:0:131, 020600, uid=0, gid=0
Apr 26 08:50:08 ICTM1612S02H1 systemd-udevd[3528]: creating symlink '/dev/char/21:25' to '../sg25'
Apr 26 08:50:08 ICTM1612S02H1 systemd-udevd[1562]: passed 197 byte device to netlink monitor 0x55efe9ce9f20
Apr 26 08:50:08 ICTM1612S02H1 systemd-udevd[3650]: starting '/usr/bin/sg_inq --export --page=di /dev/sdg'
Apr 26 08:50:08 ICTM1612S02H1 systemd-udevd[3326]: seq 4628 running
Apr 26 08:50:08 ICTM1612S02H1 systemd-udevd[3319]: GROUP 6 /lib/udev/rules.d/50-udev-default.rules:55
Apr 26 08:50:08 ICTM1612S02H1 systemd-udevd[3651]: starting '/lib/udev/hdparm'
Apr 26 08:50:08 ICTM1612S02H1 systemd-udevd[3339]: passed device to netlink monitor 0x55efe9d4e080
Apr 26 08:50:08 ICTM1612S02H1 systemd-udevd[3344]: creating symlink '/dev/char/249:29' to '../bsg/23:0:0:131'
Apr 26 08:50:08 ICTM1612S02H1 systemd-udevd[3528]: created empty file '/run/udev/data/c21:25' for '/devices/platform/host23/session8/target23:0:0/23:0:0:131/scsi_generic/sg25'
Apr 26 08:50:08 ICTM1612S02H1 systemd-udevd[1562]: seq 4629 queued, 'add' 'scsi_generic'
Apr 26 08:50:08 ICTM1612S02H1 systemd-udevd[3326]: value '[dmi/id]sys_vendor' is 'Dell Inc.'
Apr 26 08:50:08 ICTM1612S02H1 systemd-udevd[3319]: IMPORT '/usr/bin/sg_inq --export /dev/sdh' /lib/udev/rules.d/55-scsi-sg3_id.rules:10
Apr 26 08:50:08 ICTM1612S02H1 systemd-udevd[3339]: seq 4623 processed
Apr 26 08:50:08 ICTM1612S02H1 systemd-udevd[3344]: created empty file '/run/udev/data/c249:29' for '/devices/platform/host23/session8/target23:0:0/23:0:0:131/bsg/23:0:0:131'
Apr 26 08:50:08 ICTM1612S02H1 systemd-udevd[3330]: '/usr/bin/sg_inq --export --page=di /dev/sdi'(out) 'SCSI_IDENT_LUN_NAA=60080e5000290b5400008a2f5605fd8a'
Apr 26 08:50:08 ICTM1612S02H1 systemd-udevd[3332]: '/usr/bin/sg_inq --export --page=di /dev/sdg'(out) 'SCSI_IDENT_LUN_NAA=60080e500029092400008d505605f98b'
Apr 26 08:50:08 ICTM1612S02H1 systemd-udevd[3528]: passed device to netlink monitor 0x55efe9d14020
Apr 26 08:50:08 ICTM1612S02H1 systemd-udevd[1562]: passed 231 byte device to netlink monitor 0x55efe9ce9f20
Apr 26 08:50:08 ICTM1612S02H1 systemd-udevd[3357]: seq 4629 running
Apr 26 08:50:08 ICTM1612S02H1 systemd-udevd[3326]: value '[dmi/id]sys_vendor' is 'Dell Inc.'
Apr 26 08:50:08 ICTM1612S02H1 systemd-udevd[3344]: passed device to netlink monitor 0x55efe9d53b20
Apr 26 08:50:08 ICTM1612S02H1 systemd-udevd[3664]: starting '/usr/bin/sg_inq --export /dev/sdh'
Apr 26 08:50:08 ICTM1612S02H1 systemd-udevd[3330]: '/usr/bin/sg_inq --export --page=di /dev/sdi'(out) 'SCSI_IDENT_PORT_RELATIVE=1'
Apr 26 08:50:08 ICTM1612S02H1 systemd-udevd[3332]: '/usr/bin/sg_inq --export --page=di /dev/sdg'(out) 'SCSI_IDENT_PORT_RELATIVE=32769'
Apr 26 08:50:08 ICTM1612S02H1 systemd-udevd[3528]: seq 4624 processed
Apr 26 08:50:08 ICTM1612S02H1 systemd-udevd[1562]: passed 193 byte device to netlink monitor 0x55efe9ce9f20
Apr 26 08:50:08 ICTM1612S02H1 systemd-udevd[3339]: seq 4626 running
Apr 26 08:50:08 ICTM1612S02H1 systemd-udevd[3357]: value '[dmi/id]sys_vendor' is 'Dell Inc.'
Apr 26 08:50:08 ICTM1612S02H1 systemd-udevd[3344]: seq 4625 processed
Apr 26 08:50:08 ICTM1612S02H1 systemd-udevd[3326]: passed device to netlink monitor 0x55efe9cf9830
Apr 26 08:50:08 ICTM1612S02H1 systemd-udevd[3330]: Process '/usr/bin/sg_inq --export --page=di /dev/sdi' succeeded.
Apr 26 08:50:08 ICTM1612S02H1 systemd-udevd[3332]: Process '/usr/bin/sg_inq --export --page=di /dev/sdg' succeeded.
Apr 26 08:50:08 ICTM1612S02H1 systemd-udevd[1562]: seq 4630 queued, 'add' 'bdi'
Apr 26 08:50:08 ICTM1612S02H1 systemd-udevd[3339]: value '[dmi/id]sys_vendor' is 'Dell Inc.'
Apr 26 08:50:08 ICTM1612S02H1 systemd-udevd[3337]: '/lib/udev/hdparm'(out) ''
Apr 26 08:50:08 ICTM1612S02H1 systemd-udevd[3357]: value '[dmi/id]sys_vendor' is 'Dell Inc.'
Apr 26 08:50:08 ICTM1612S02H1 systemd-udevd[3326]: seq 4628 processed
Apr 26 08:50:08 ICTM1612S02H1 systemd-udevd[3330]: PROGRAM '/sbin/multipath -u /dev/sdi' /lib/udev/rules.d/56-dm-mpath-lvm.rules:21
Apr 26 08:50:08 ICTM1612S02H1 systemd-udevd[3319]: '/usr/bin/sg_inq --export /dev/sdh'(out) 'SCSI_TPGS=0'
Apr 26 08:50:08 ICTM1612S02H1 systemd-udevd[3332]: PROGRAM '/sbin/multipath -u /dev/sdg' /lib/udev/rules.d/56-dm-mpath-lvm.rules:21
Apr 26 08:50:08 ICTM1612S02H1 systemd-udevd[1562]: passed 139 byte device to netlink monitor 0x55efe9ce9f20
Apr 26 08:50:08 ICTM1612S02H1 systemd-udevd[3355]: seq 4630 running
Apr 26 08:50:08 ICTM1612S02H1 systemd-udevd[3339]: value '[dmi/id]sys_vendor' is 'Dell Inc.'
Apr 26 08:50:08 ICTM1612S02H1 systemd-udevd[3337]: '/lib/udev/hdparm'(out) '/dev/sde:'
Apr 26 08:50:08 ICTM1612S02H1 systemd-udevd[3357]: GROUP 6 /lib/udev/rules.d/50-udev-default.rules:63
Apr 26 08:50:08 ICTM1612S02H1 systemd-udevd[3319]: '/usr/bin/sg_inq --export /dev/sdh'(out) 'SCSI_TYPE=disk'
Apr 26 08:50:08 ICTM1612S02H1 systemd-udevd[3675]: starting '/sbin/multipath -u /dev/sdi'
Apr 26 08:50:08 ICTM1612S02H1 systemd-udevd[1562]: seq 4631 queued, 'add' 'bsg'
Apr 26 08:50:08 ICTM1612S02H1 systemd-udevd[3676]: starting '/sbin/multipath -u /dev/sdg'
Apr 26 08:50:08 ICTM1612S02H1 systemd-udevd[3355]: value '[dmi/id]sys_vendor' is 'Dell Inc.'
Apr 26 08:50:08 ICTM1612S02H1 systemd-udevd[3355]: value '[dmi/id]sys_vendor' is 'Dell Inc.'
Apr 26 08:50:08 ICTM1612S02H1 systemd-udevd[3355]: passed device to netlink monitor 0x55efe9d037b0
Apr 26 08:50:08 ICTM1612S02H1 systemd-udevd[3339]: passed device to netlink monitor 0x55efe9d4e080
Apr 26 08:50:08 ICTM1612S02H1 systemd-udevd[3357]: handling device node '/dev/sg26', devnum=c21:26, mode=0660, uid=0, gid=6
Apr 26 08:50:08 ICTM1612S02H1 systemd-udevd[3319]: '/usr/bin/sg_inq --export /dev/sdh'(out) 'SCSI_VENDOR=NETAPP'
Apr 26 08:50:08 ICTM1612S02H1 systemd-udevd[3360]: '/lib/udev/hdparm'(out) ''
Apr 26 08:50:08 ICTM1612S02H1 systemd-udevd[3360]: '/lib/udev/hdparm'(out) '/dev/sdf:'
Apr 26 08:50:08 ICTM1612S02H1 systemd-udevd[3528]: seq 4631 running
Apr 26 08:50:08 ICTM1612S02H1 systemd-udevd[3355]: seq 4630 processed
Apr 26 08:50:08 ICTM1612S02H1 systemd-udevd[3337]: '/lib/udev/hdparm'(out) ' setting Advanced Power Management level to 0xfe (254)'
Apr 26 08:50:08 ICTM1612S02H1 systemd-udevd[3339]: seq 4626 processed
Apr 26 08:50:08 ICTM1612S02H1 systemd-udevd[3357]: set permissions /dev/sg26, 020660, uid=0, gid=6
Apr 26 08:50:08 ICTM1612S02H1 systemd-udevd[3319]: '/usr/bin/sg_inq --export /dev/sdh'(out) 'SCSI_VENDOR_ENC=NETAPP\x20\x20'
Apr 26 08:50:08 ICTM1612S02H1 systemd-udevd[3360]: '/lib/udev/hdparm'(out) ' setting Advanced Power Management level to 0xfe (254)'
Apr 26 08:50:08 ICTM1612S02H1 systemd-udevd[1562]: passed 226 byte device to netlink monitor 0x55efe9ce9f20
Apr 26 08:50:08 ICTM1612S02H1 systemd-udevd[3528]: value '[dmi/id]sys_vendor' is 'Dell Inc.'
Apr 26 08:50:08 ICTM1612S02H1 systemd-udevd[3543]: '/lib/udev/hdparm'(out) ''
Apr 26 08:50:08 ICTM1612S02H1 systemd-udevd[3337]: '/lib/udev/hdparm'(out) ' APM_level = not supported'
Apr 26 08:50:08 ICTM1612S02H1 systemd-udevd[3357]: creating symlink '/dev/char/21:26' to '../sg26'
Apr 26 08:50:08 ICTM1612S02H1 systemd-udevd[3319]: '/usr/bin/sg_inq --export /dev/sdh'(out) 'SCSI_MODEL=INF-01-00'
Apr 26 08:50:08 ICTM1612S02H1 systemd-udevd[3360]: '/lib/udev/hdparm'(out) ' APM_level = not supported'
Apr 26 08:50:08 ICTM1612S02H1 systemd-udevd[1562]: seq 4632 queued, 'add' 'bdi'
Apr 26 08:50:08 ICTM1612S02H1 systemd-udevd[3528]: value '[dmi/id]sys_vendor' is 'Dell Inc.'
Apr 26 08:50:08 ICTM1612S02H1 systemd-udevd[3543]: '/lib/udev/hdparm'(out) '/dev/sdd:'
Apr 26 08:50:08 ICTM1612S02H1 systemd-udevd[3337]: Process '/lib/udev/hdparm' succeeded.
Apr 26 08:50:08 ICTM1612S02H1 systemd-udevd[3330]: '/sbin/multipath -u /dev/sdi'(out) '/dev/sdi is not a valid multipath device path'
Apr 26 08:50:08 ICTM1612S02H1 systemd-udevd[3357]: created empty file '/run/udev/data/c21:26' for '/devices/platform/host16/session1/target16:0:0/16:0:0:3/scsi_generic/sg26'
Apr 26 08:50:08 ICTM1612S02H1 systemd-udevd[3332]: '/sbin/multipath -u /dev/sdg'(out) '/dev/sdg is not a valid multipath device path'
Apr 26 08:50:08 ICTM1612S02H1 systemd-udevd[3319]: '/usr/bin/sg_inq --export /dev/sdh'(out) 'SCSI_MODEL_ENC=INF-01-00\x20\x20\x20\x20\x20\x20\x20'
Apr 26 08:50:08 ICTM1612S02H1 systemd-udevd[3360]: Process '/lib/udev/hdparm' succeeded.
Apr 26 08:50:08 ICTM1612S02H1 systemd-udevd[1562]: passed 139 byte device to netlink monitor 0x55efe9ce9f20
Apr 26 08:50:08 ICTM1612S02H1 systemd-udevd[3344]: seq 4632 running
Apr 26 08:50:08 ICTM1612S02H1 systemd-udevd[3543]: '/lib/udev/hdparm'(out) ' setting Advanced Power Management level to 0xfe (254)'
Apr 26 08:50:08 ICTM1612S02H1 systemd-udevd[3528]: handling device node '/dev/bsg/16:0:0:3', devnum=c249:30, mode=0600, uid=0, gid=0
Apr 26 08:50:08 ICTM1612S02H1 systemd-udevd[3337]: adding watch on '/dev/sde'
Apr 26 08:50:08 ICTM1612S02H1 systemd-udevd[3337]: created db file '/run/udev/data/b8:64' for '/devices/platform/host16/session1/target16:0:0/16:0:0:1/block/sde'
Apr 26 08:50:08 ICTM1612S02H1 systemd-udevd[3357]: passed device to netlink monitor 0x55efe9cfa330
Apr 26 08:50:08 ICTM1612S02H1 systemd-udevd[3332]: Process '/sbin/multipath -u /dev/sdg' failed with exit code 1.
Apr 26 08:50:08 ICTM1612S02H1 systemd-udevd[3319]: '/usr/bin/sg_inq --export /dev/sdh'(out) 'SCSI_REVISION=9820'
Apr 26 08:50:08 ICTM1612S02H1 systemd-udevd[3360]: adding watch on '/dev/sdf'
Apr 26 08:50:08 ICTM1612S02H1 systemd-udevd[1562]: seq 4633 queued, 'add' 'scsi'
Apr 26 08:50:08 ICTM1612S02H1 systemd-udevd[3344]: value '[dmi/id]sys_vendor' is 'Dell Inc.'
Apr 26 08:50:08 ICTM1612S02H1 systemd-udevd[3543]: '/lib/udev/hdparm'(out) ' APM_level = not supported'
Apr 26 08:50:08 ICTM1612S02H1 systemd-udevd[3528]: preserve permissions /dev/bsg/16:0:0:3, 020600, uid=0, gid=0
Apr 26 08:50:08 ICTM1612S02H1 systemd-udevd[3330]: Process '/sbin/multipath -u /dev/sdi' failed with exit code 1.
Apr 26 08:50:08 ICTM1612S02H1 systemd-udevd[3357]: seq 4629 processed
Apr 26 08:50:08 ICTM1612S02H1 systemd-udevd[3337]: passed device to netlink monitor 0x55efe9d4ad60
Apr 26 08:50:08 ICTM1612S02H1 systemd-udevd[3332]: LINK 'disk/by-id/scsi-SNETAPP_INF-01-00_SR21500107' /lib/udev/rules.d/58-scsi-sg3_symlink.rules:12
Apr 26 08:50:08 ICTM1612S02H1 systemd-udevd[3332]: LINK 'disk/by-id/scsi-360080e500029092400008d505605f98b' /lib/udev/rules.d/58-scsi-sg3_symlink.rules:15
Apr 26 08:50:08 ICTM1612S02H1 systemd-udevd[3360]: created db file '/run/udev/data/b8:80' for '/devices/platform/host19/session4/target19:0:0/19:0:0:0/block/sdf'
Apr 26 08:50:08 ICTM1612S02H1 systemd-udevd[1562]: passed 210 byte device to netlink monitor 0x55efe9ce9f20
Apr 26 08:50:08 ICTM1612S02H1 systemd-udevd[3326]: seq 4633 running
Apr 26 08:50:08 ICTM1612S02H1 systemd-udevd[3344]: value '[dmi/id]sys_vendor' is 'Dell Inc.'
Apr 26 08:50:08 ICTM1612S02H1 systemd-udevd[3543]: Process '/lib/udev/hdparm' succeeded.
Apr 26 08:50:08 ICTM1612S02H1 systemd-udevd[3528]: creating symlink '/dev/char/249:30' to '../bsg/16:0:0:3'
Apr 26 08:50:08 ICTM1612S02H1 systemd[1]: dev-disk-by\x2dpath-ip\x2dfe80:0000:0000:0000:0192:0012:0021:0111:3260\x2discsi\x2diqn.1992\x2d08.com.netapp:5504.60080e5000290924000000005525f5de\x2dlun\x2d1.device: Changed dead -> plugged
Apr 26 08:50:08 ICTM1612S02H1 systemd-udevd[3330]: LINK 'disk/by-id/scsi-SNETAPP_INF-01-00_SR21500247' /lib/udev/rules.d/58-scsi-sg3_symlink.rules:12
Apr 26 08:50:08 ICTM1612S02H1 systemd-udevd[3337]: seq 4589 processed
Apr 26 08:50:08 ICTM1612S02H1 systemd-udevd[3319]: Process '/usr/bin/sg_inq --export /dev/sdh' succeeded.
Apr 26 08:50:08 ICTM1612S02H1 systemd-udevd[3319]: IMPORT '/usr/bin/sg_inq --export --page=sn /dev/sdh' /lib/udev/rules.d/55-scsi-sg3_id.rules:19
Apr 26 08:50:08 ICTM1612S02H1 systemd-udevd[1562]: seq 4634 queued, 'add' 'scsi_disk'
Apr 26 08:50:08 ICTM1612S02H1 systemd-udevd[3360]: passed device to netlink monitor 0x55efe9d54f00
Apr 26 08:50:08 ICTM1612S02H1 systemd-udevd[3326]: value '[dmi/id]sys_vendor' is 'Dell Inc.'
Apr 26 08:50:08 ICTM1612S02H1 systemd-udevd[3344]: passed device to netlink monitor 0x55efe9d53b20
Apr 26 08:50:08 ICTM1612S02H1 systemd-udevd[3543]: adding watch on '/dev/sdd'
Apr 26 08:50:08 ICTM1612S02H1 systemd-udevd[3528]: created empty file '/run/udev/data/c249:30' for '/devices/platform/host16/session1/target16:0:0/16:0:0:3/bsg/16:0:0:3'
Apr 26 08:50:08 ICTM1612S02H1 systemd[1]: dev-disk-by\x2did-wwn\x2d0x60080e500029092400008d505605f98b.device: Changed dead -> plugged
Apr 26 08:50:08 ICTM1612S02H1 systemd-udevd[3330]: LINK 'disk/by-id/scsi-360080e5000290b5400008a2f5605fd8a' /lib/udev/rules.d/58-scsi-sg3_symlink.rules:15
Apr 26 08:50:08 ICTM1612S02H1 systemd-udevd[3332]: LINK 'disk/by-id/scsi-360080e500029092400008d505605f98b' /lib/udev/rules.d/60-persistent-storage.rules:36
Apr 26 08:50:08 ICTM1612S02H1 systemd-udevd[1562]: seq 4635 queued, 'add' 'scsi'
Apr 26 08:50:08 ICTM1612S02H1 systemd-udevd[3360]: seq 4586 processed
Apr 26 08:50:08 ICTM1612S02H1 systemd-udevd[3677]: starting '/usr/bin/sg_inq --export --page=sn /dev/sdh'
Apr 26 08:50:08 ICTM1612S02H1 systemd-udevd[3326]: value '[dmi/id]sys_vendor' is 'Dell Inc.'
Apr 26 08:50:08 ICTM1612S02H1 systemd-udevd[3344]: seq 4632 processed
Apr 26 08:50:08 ICTM1612S02H1 systemd-udevd[3528]: passed device to netlink monitor 0x55efe9d14020
Apr 26 08:50:08 ICTM1612S02H1 systemd-udevd[3543]: created db file '/run/udev/data/b8:48' for '/devices/platform/host17/session2/target17:0:0/17:0:0:0/block/sdd'
Apr 26 08:50:08 ICTM1612S02H1 systemd[1]: dev-disk-by\x2did-scsi\x2d360080e500029092400008d505605f98b.device: Changed dead -> plugged
Apr 26 08:50:08 ICTM1612S02H1 systemd-udevd[3330]: LINK 'disk/by-id/scsi-360080e5000290b5400008a2f5605fd8a' /lib/udev/rules.d/60-persistent-storage.rules:36
Apr 26 08:50:08 ICTM1612S02H1 systemd-udevd[3330]: IMPORT builtin 'path_id' /lib/udev/rules.d/60-persistent-storage.rules:54
Apr 26 08:50:08 ICTM1612S02H1 systemd-udevd[1562]: passed 210 byte device to netlink monitor 0x55efe9ce9f20
Apr 26 08:50:08 ICTM1612S02H1 systemd-udevd[3337]: seq 4635 running
Apr 26 08:50:08 ICTM1612S02H1 systemd-udevd[3326]: IMPORT builtin 'hwdb' /lib/udev/rules.d/50-udev-default.rules:15
Apr 26 08:50:08 ICTM1612S02H1 systemd-udevd[3528]: seq 4631 processed
Apr 26 08:50:08 ICTM1612S02H1 systemd[1]: dev-sde.device: Changed dead -> plugged
Apr 26 08:50:08 ICTM1612S02H1 systemd-udevd[3543]: passed device to netlink monitor 0x55efe9cf9290
Apr 26 08:50:08 ICTM1612S02H1 systemd-udevd[3332]: IMPORT builtin 'path_id' /lib/udev/rules.d/60-persistent-storage.rules:54
Apr 26 08:50:08 ICTM1612S02H1 systemd-udevd[1562]: seq 4636 queued, 'add' 'block'
Apr 26 08:50:08 ICTM1612S02H1 systemd-udevd[3332]: LINK 'disk/by-path/ip-fe80:0000:0000:0000:0192:0012:0021:0112:3260-iscsi-iqn.1992-08.com.netapp:5504.60080e5000290924000000005525f5de-lun-1' /lib/udev/rules.d/60-persistent-storage.rules:55
Apr 26 08:50:08 ICTM1612S02H1 systemd-udevd[3337]: value '[dmi/id]sys_vendor' is 'Dell Inc.'
Apr 26 08:50:08 ICTM1612S02H1 systemd-udevd[3319]: '/usr/bin/sg_inq --export --page=sn /dev/sdh'(out) 'SCSI_IDENT_SERIAL=SR21500107'
Apr 26 08:50:08 ICTM1612S02H1 systemd-udevd[3326]: IMPORT builtin 'hwdb' returned non-zero
Apr 26 08:50:08 ICTM1612S02H1 systemd[1]: sys-devices-platform-host16-session1-target16:0:0-16:0:0:1-block-sde.device: Changed dead -> plugged
Apr 26 08:50:08 ICTM1612S02H1 systemd-udevd[3543]: seq 4583 processed
Apr 26 08:50:08 ICTM1612S02H1 systemd-udevd[1562]: passed 230 byte device to netlink monitor 0x55efe9ce9f20
Apr 26 08:50:08 ICTM1612S02H1 systemd-udevd[3360]: seq 4636 running
Apr 26 08:50:08 ICTM1612S02H1 systemd-udevd[3360]: value '[dmi/id]sys_vendor' is 'Dell Inc.'
Apr 26 08:50:08 ICTM1612S02H1 systemd-udevd[3332]: IMPORT builtin 'blkid' /lib/udev/rules.d/60-persistent-storage.rules:66
Apr 26 08:50:08 ICTM1612S02H1 systemd-udevd[3337]: value '[dmi/id]sys_vendor' is 'Dell Inc.'
Apr 26 08:50:08 ICTM1612S02H1 systemd-udevd[3319]: Process '/usr/bin/sg_inq --export --page=sn /dev/sdh' succeeded.
Apr 26 08:50:08 ICTM1612S02H1 systemd-udevd[3326]: path '[module/sg](null)' is '/sys/module/sg'
Apr 26 08:50:08 ICTM1612S02H1 systemd[1]: Sent message type=signal sender=n/a destination=n/a object=/org/freedesktop/systemd1 interface=org.freedesktop.systemd1.Manager member=UnitNew cookie=150 reply_cookie=0 error=n/a
Apr 26 08:50:08 ICTM1612S02H1 systemd-udevd[1562]: seq 4637 queued, 'add' 'scsi_disk'
Apr 26 08:50:08 ICTM1612S02H1 systemd-udevd[3330]: LINK 'disk/by-path/ip-fe80:0000:0000:0000:0192:0012:0021:0111:3260-iscsi-iqn.1992-08.com.netapp:5504.60080e5000290924000000005525f5de-lun-2' /lib/udev/rules.d/60-persistent-storage.rules:55
Apr 26 08:50:08 ICTM1612S02H1 systemd-udevd[3360]: value '[dmi/id]sys_vendor' is 'Dell Inc.'
Apr 26 08:50:08 ICTM1612S02H1 systemd-udevd[3332]: probe /dev/sdg raid offset=0
Apr 26 08:50:08 ICTM1612S02H1 systemd-udevd[3337]: IMPORT builtin 'hwdb' /lib/udev/rules.d/50-udev-default.rules:15
Apr 26 08:50:08 ICTM1612S02H1 systemd-udevd[3337]: IMPORT builtin 'hwdb' returned non-zero
Apr 26 08:50:08 ICTM1612S02H1 systemd-udevd[3326]: RUN 'kmod load $env{MODALIAS}' /lib/udev/rules.d/80-drivers.rules:5
Apr 26 08:50:08 ICTM1612S02H1 systemd[1]: Sent message type=signal sender=n/a destination=n/a object=/org/freedesktop/systemd1 interface=org.freedesktop.systemd1.Manager member=UnitNew cookie=151 reply_cookie=0 error=n/a
Apr 26 08:50:08 ICTM1612S02H1 systemd-udevd[1562]: seq 4638 queued, 'add' 'scsi_device'
Apr 26 08:50:08 ICTM1612S02H1 systemd-udevd[3330]: IMPORT builtin 'blkid' /lib/udev/rules.d/60-persistent-storage.rules:66
Apr 26 08:50:08 ICTM1612S02H1 systemd-udevd[3360]: GROUP 6 /lib/udev/rules.d/50-udev-default.rules:55
Apr 26 08:50:08 ICTM1612S02H1 systemd-udevd[3319]: IMPORT '/usr/bin/sg_inq --export --page=di /dev/sdh' /lib/udev/rules.d/55-scsi-sg3_id.rules:21
Apr 26 08:50:08 ICTM1612S02H1 systemd-udevd[3337]: path '[module/sg](null)' is '/sys/module/sg'
Apr 26 08:50:08 ICTM1612S02H1 systemd-udevd[3326]: Execute 'load' 'scsi:t-0x00'
Apr 26 08:50:08 ICTM1612S02H1 systemd[1]: Sent message type=signal sender=n/a destination=n/a object=/org/freedesktop/systemd1 interface=org.freedesktop.systemd1.Manager member=UnitNew cookie=152 reply_cookie=0 error=n/a
Apr 26 08:50:08 ICTM1612S02H1 systemd-udevd[1562]: passed 197 byte device to netlink monitor 0x55efe9ce9f20
Apr 26 08:50:08 ICTM1612S02H1 systemd-udevd[3528]: seq 4638 running
Apr 26 08:50:08 ICTM1612S02H1 systemd-udevd[3528]: value '[dmi/id]sys_vendor' is 'Dell Inc.'
Apr 26 08:50:08 ICTM1612S02H1 systemd-udevd[3330]: probe /dev/sdi raid offset=0
Apr 26 08:50:08 ICTM1612S02H1 systemd-udevd[3337]: RUN 'kmod load $env{MODALIAS}' /lib/udev/rules.d/80-drivers.rules:5
Apr 26 08:50:08 ICTM1612S02H1 systemd-udevd[3678]: starting '/usr/bin/sg_inq --export --page=di /dev/sdh'
Apr 26 08:50:08 ICTM1612S02H1 systemd-udevd[3326]: No module matches 'scsi:t-0x00'
Apr 26 08:50:08 ICTM1612S02H1 systemd[1]: Sent message type=signal sender=n/a destination=n/a object=/org/freedesktop/systemd1 interface=org.freedesktop.systemd1.Manager member=UnitNew cookie=153 reply_cookie=0 error=n/a
Apr 26 08:50:08 ICTM1612S02H1 systemd-udevd[1562]: seq 4639 queued, 'add' 'scsi_generic'
Apr 26 08:50:08 ICTM1612S02H1 systemd-udevd[3360]: IMPORT '/usr/bin/sg_inq --export /dev/sdk' /lib/udev/rules.d/55-scsi-sg3_id.rules:10
Apr 26 08:50:08 ICTM1612S02H1 systemd-udevd[3528]: value '[dmi/id]sys_vendor' is 'Dell Inc.'
Apr 26 08:50:08 ICTM1612S02H1 systemd-udevd[3337]: Execute 'load' 'scsi:t-0x00'
Apr 26 08:50:08 ICTM1612S02H1 systemd-udevd[3326]: passed device to netlink monitor 0x55efe9cf9830
Apr 26 08:50:08 ICTM1612S02H1 systemd[1]: Sent message type=signal sender=n/a destination=n/a object=/org/freedesktop/systemd1 interface=org.freedesktop.systemd1.Manager member=UnitNew cookie=154 reply_cookie=0 error=n/a
Apr 26 08:50:08 ICTM1612S02H1 systemd-udevd[1562]: passed 231 byte device to netlink monitor 0x55efe9ce9f20
Apr 26 08:50:08 ICTM1612S02H1 systemd-udevd[3344]: seq 4639 running
Apr 26 08:50:08 ICTM1612S02H1 systemd-udevd[3337]: No module matches 'scsi:t-0x00'
Apr 26 08:50:08 ICTM1612S02H1 systemd-udevd[3679]: starting '/usr/bin/sg_inq --export /dev/sdk'
Apr 26 08:50:08 ICTM1612S02H1 systemd-udevd[3528]: passed device to netlink monitor 0x55efe9d14020
Apr 26 08:50:08 ICTM1612S02H1 systemd-udevd[3326]: seq 4633 processed
Apr 26 08:50:08 ICTM1612S02H1 systemd-udevd[3319]: '/usr/bin/sg_inq --export --page=di /dev/sdh'(out) 'SCSI_IDENT_LUN_NAA=60080e500029092400008d505605f98b'
Apr 26 08:50:08 ICTM1612S02H1 systemd[1]: dev-disk-by\x2did-scsi\x2dSNETAPP_INF\x2d01\x2d00_SR21500247.device: Dev dev-disk-by\x2did-scsi\x2dSNETAPP_INF\x2d01\x2d00_SR21500247.device appeared twice with different sysfs paths /sys/devices/platform/host16/session1/target16:0:0/16:0:0:0/block/sdb and /sys/devices/platform/host19/session4/target19:0:0/19:0:0:0/block/sdf
Apr 26 08:50:09 ICTM1612S02H1 kernel: sd 21:0:0:155: [sdho] Attached SCSI disk
Apr 26 08:50:09 ICTM1612S02H1 kernel: sd 21:0:0:157: [sdhq] Attached SCSI disk
Apr 26 08:50:09 ICTM1612S02H1 kernel: sd 20:0:0:155: [sdhf] Attached SCSI disk
Apr 26 08:50:09 ICTM1612S02H1 kernel: sd 23:0:0:155: [sdhg] Attached SCSI disk
Apr 26 08:50:09 ICTM1612S02H1 kernel: sd 21:0:0:156: [sdhp] Attached SCSI disk
Apr 26 08:50:08 ICTM1612S02H1 systemd-udevd[1562]: seq 4640 queued, 'add' 'bsg'
Apr 26 08:50:08 ICTM1612S02H1 systemd-udevd[3344]: value '[dmi/id]sys_vendor' is 'Dell Inc.'
Apr 26 08:50:08 ICTM1612S02H1 systemd-udevd[3337]: passed device to netlink monitor 0x55efe9d4ad60
Apr 26 08:50:08 ICTM1612S02H1 systemd-udevd[3528]: seq 4638 processed
Apr 26 08:50:08 ICTM1612S02H1 systemd-udevd[3319]: '/usr/bin/sg_inq --export --page=di /dev/sdh'(out) 'SCSI_IDENT_PORT_RELATIVE=32770'
Apr 26 08:50:08 ICTM1612S02H1 systemd-udevd[1562]: passed 226 byte device to netlink monitor 0x55efe9ce9f20
Apr 26 08:50:08 ICTM1612S02H1 systemd-udevd[3357]: seq 4640 running
Apr 26 08:50:08 ICTM1612S02H1 systemd-udevd[3344]: value '[dmi/id]sys_vendor' is 'Dell Inc.'
Apr 26 08:50:08 ICTM1612S02H1 systemd-udevd[3337]: seq 4635 processed
Apr 26 08:50:08 ICTM1612S02H1 systemd[1]: dev-disk-by\x2dpath-ip\x2dfe80:0000:0000:0000:0192:0012:0022:0111:3260\x2discsi\x2diqn.1992\x2d08.com.netapp:5504.60080e5000290924000000005525f5de\x2dlun\x2d0.device: Changed dead -> plugged
Apr 26 08:50:08 ICTM1612S02H1 systemd-udevd[3319]: Process '/usr/bin/sg_inq --export --page=di /dev/sdh' succeeded.
Apr 26 08:50:08 ICTM1612S02H1 systemd-udevd[1562]: passed 193 byte device to netlink monitor 0x55efe9ce9f20
Apr 26 08:50:08 ICTM1612S02H1 systemd-udevd[3528]: seq 4634 running
Apr 26 08:50:08 ICTM1612S02H1 systemd-udevd[3528]: value '[dmi/id]sys_vendor' is 'Dell Inc.'
Apr 26 08:50:08 ICTM1612S02H1 systemd-udevd[3344]: GROUP 6 /lib/udev/rules.d/50-udev-default.rules:63
Apr 26 08:50:08 ICTM1612S02H1 systemd[1]: dev-sdf.device: Changed dead -> plugged
Apr 26 08:50:08 ICTM1612S02H1 systemd-udevd[1562]: seq 4641 queued, 'add' 'scsi_device'
Apr 26 08:50:08 ICTM1612S02H1 systemd-udevd[3319]: PROGRAM '/sbin/multipath -u /dev/sdh' /lib/udev/rules.d/56-dm-mpath-lvm.rules:21
Apr 26 08:50:08 ICTM1612S02H1 systemd-udevd[3357]: value '[dmi/id]sys_vendor' is 'Dell Inc.'
Apr 26 08:50:08 ICTM1612S02H1 systemd-udevd[3528]: value '[dmi/id]sys_vendor' is 'Dell Inc.'
Apr 26 08:50:08 ICTM1612S02H1 systemd-udevd[3344]: handling device node '/dev/sg27', devnum=c21:27, mode=0660, uid=0, gid=6
Apr 26 08:50:08 ICTM1612S02H1 systemd[1]: sys-devices-platform-host19-session4-target19:0:0-19:0:0:0-block-sdf.device: Changed dead -> plugged
Apr 26 08:50:08 ICTM1612S02H1 systemd-udevd[1562]: passed 197 byte device to netlink monitor 0x55efe9ce9f20
Apr 26 08:50:08 ICTM1612S02H1 systemd-udevd[3326]: seq 4641 running
Apr 26 08:50:08 ICTM1612S02H1 systemd-udevd[3360]: '/usr/bin/sg_inq --export /dev/sdk'(out) 'SCSI_TPGS=0'
Apr 26 08:50:08 ICTM1612S02H1 systemd-udevd[3357]: value '[dmi/id]sys_vendor' is 'Dell Inc.'
Apr 26 08:50:08 ICTM1612S02H1 systemd-udevd[3680]: starting '/sbin/multipath -u /dev/sdh'
Apr 26 08:50:08 ICTM1612S02H1 systemd-udevd[3344]: set permissions /dev/sg27, 020660, uid=0, gid=6
Apr 26 08:50:08 ICTM1612S02H1 systemd-udevd[3528]: passed device to netlink monitor 0x55efe9d14020
Apr 26 08:50:08 ICTM1612S02H1 systemd[1]: Sent message type=signal sender=n/a destination=n/a object=/org/freedesktop/systemd1 interface=org.freedesktop.systemd1.Manager member=UnitNew cookie=155 reply_cookie=0 error=n/a
Apr 26 08:50:08 ICTM1612S02H1 systemd-udevd[1562]: passed 193 byte device to netlink monitor 0x55efe9ce9f20
Apr 26 08:50:08 ICTM1612S02H1 systemd-udevd[3337]: seq 4637 running
Apr 26 08:50:08 ICTM1612S02H1 systemd-udevd[3337]: value '[dmi/id]sys_vendor' is 'Dell Inc.'
Apr 26 08:50:08 ICTM1612S02H1 systemd-udevd[3360]: '/usr/bin/sg_inq --export /dev/sdk'(out) 'SCSI_TYPE=disk'
Apr 26 08:50:08 ICTM1612S02H1 systemd-udevd[3357]: handling device node '/dev/bsg/17:0:0:3', devnum=c249:31, mode=0600, uid=0, gid=0
Apr 26 08:50:08 ICTM1612S02H1 systemd-udevd[3344]: creating symlink '/dev/char/21:27' to '../sg27'
Apr 26 08:50:08 ICTM1612S02H1 systemd-udevd[3528]: seq 4634 processed
Apr 26 08:50:08 ICTM1612S02H1 systemd[1]: Sent message type=signal sender=n/a destination=n/a object=/org/freedesktop/systemd1 interface=org.freedesktop.systemd1.Manager member=UnitNew cookie=156 reply_cookie=0 error=n/a
Apr 26 08:50:08 ICTM1612S02H1 systemd-udevd[1562]: seq 4642 queued, 'add' 'scsi'
Apr 26 08:50:08 ICTM1612S02H1 systemd-udevd[3326]: value '[dmi/id]sys_vendor' is 'Dell Inc.'
Apr 26 08:50:08 ICTM1612S02H1 systemd-udevd[3337]: value '[dmi/id]sys_vendor' is 'Dell Inc.'
Apr 26 08:50:08 ICTM1612S02H1 systemd-udevd[3360]: '/usr/bin/sg_inq --export /dev/sdk'(out) 'SCSI_VENDOR=NETAPP'
Apr 26 08:50:08 ICTM1612S02H1 systemd-udevd[3337]: passed device to netlink monitor 0x55efe9d4ad60
Apr 26 08:50:08 ICTM1612S02H1 systemd-udevd[3344]: created empty file '/run/udev/data/c21:27' for '/devices/platform/host17/session2/target17:0:0/17:0:0:3/scsi_generic/sg27'
Apr 26 08:50:08 ICTM1612S02H1 systemd[1]: Sent message type=signal sender=n/a destination=n/a object=/org/freedesktop/systemd1 interface=org.freedesktop.systemd1.Manager member=UnitNew cookie=157 reply_cookie=0 error=n/a
Apr 26 08:50:08 ICTM1612S02H1 systemd-udevd[1562]: passed 210 byte device to netlink monitor 0x55efe9ce9f20
Apr 26 08:50:08 ICTM1612S02H1 systemd-udevd[3339]: seq 4642 running
Apr 26 08:50:08 ICTM1612S02H1 systemd-udevd[3339]: value '[dmi/id]sys_vendor' is 'Dell Inc.'
Apr 26 08:50:08 ICTM1612S02H1 systemd-udevd[3360]: '/usr/bin/sg_inq --export /dev/sdk'(out) 'SCSI_VENDOR_ENC=NETAPP\x20\x20'
Apr 26 08:50:08 ICTM1612S02H1 systemd-udevd[3337]: seq 4637 processed
Apr 26 08:50:08 ICTM1612S02H1 systemd-udevd[3357]: preserve permissions /dev/bsg/17:0:0:3, 020600, uid=0, gid=0
Apr 26 08:50:08 ICTM1612S02H1 systemd-udevd[3344]: passed device to netlink monitor 0x55efe9d53b20
Apr 26 08:50:08 ICTM1612S02H1 systemd[1]: dev-disk-by\x2did-scsi\x2d360080e5000290b5400008a2d5605fd7e.device: Dev dev-disk-by\x2did-scsi\x2d360080e5000290b5400008a2d5605fd7e.device appeared twice with different sysfs paths /sys/devices/platform/host16/session1/target16:0:0/16:0:0:0/block/sdb and /sys/devices/platform/host17/session2/target17:0:0/17:0:0:0/block/sdd
Apr 26 08:50:08 ICTM1612S02H1 systemd-udevd[1562]: seq 4643 queued, 'add' 'scsi_generic'
Apr 26 08:50:08 ICTM1612S02H1 systemd-udevd[3319]: '/sbin/multipath -u /dev/sdh'(out) '/dev/sdh is not a valid multipath device path'
Apr 26 08:50:08 ICTM1612S02H1 systemd-udevd[3326]: value '[dmi/id]sys_vendor' is 'Dell Inc.'
Apr 26 08:50:08 ICTM1612S02H1 systemd-udevd[3339]: value '[dmi/id]sys_vendor' is 'Dell Inc.'
Apr 26 08:50:08 ICTM1612S02H1 systemd-udevd[3326]: passed device to netlink monitor 0x55efe9cf9830
Apr 26 08:50:08 ICTM1612S02H1 systemd-udevd[3357]: creating symlink '/dev/char/249:31' to '../bsg/17:0:0:3'
Apr 26 08:50:08 ICTM1612S02H1 systemd-udevd[3344]: seq 4639 processed
Apr 26 08:50:08 ICTM1612S02H1 systemd[1]: dev-disk-by\x2did-scsi\x2dSNETAPP_INF\x2d01\x2d00_SR21500107.device: Dev dev-disk-by\x2did-scsi\x2dSNETAPP_INF\x2d01\x2d00_SR21500107.device appeared twice with different sysfs paths /sys/devices/platform/host18/session3/target18:0:0/18:0:0:0/block/sdc and /sys/devices/platform/host17/session2/target17:0:0/17:0:0:0/block/sdd
Apr 26 08:50:08 ICTM1612S02H1 systemd-udevd[1562]: passed 231 byte device to netlink monitor 0x55efe9ce9f20
Apr 26 08:50:08 ICTM1612S02H1 systemd-udevd[3528]: seq 4643 running
Apr 26 08:50:08 ICTM1612S02H1 systemd-udevd[3319]: Process '/sbin/multipath -u /dev/sdh' failed with exit code 1.
Apr 26 08:50:08 ICTM1612S02H1 systemd-udevd[3339]: IMPORT builtin 'hwdb' /lib/udev/rules.d/50-udev-default.rules:15
Apr 26 08:50:08 ICTM1612S02H1 systemd-udevd[3326]: seq 4641 processed
Apr 26 08:50:08 ICTM1612S02H1 systemd-udevd[3360]: '/usr/bin/sg_inq --export /dev/sdk'(out) 'SCSI_MODEL=INF-01-00'
Apr 26 08:50:08 ICTM1612S02H1 systemd-udevd[3357]: created empty file '/run/udev/data/c249:31' for '/devices/platform/host17/session2/target17:0:0/17:0:0:3/bsg/17:0:0:3'
Apr 26 08:50:08 ICTM1612S02H1 systemd[1]: dev-disk-by\x2did-wwn\x2d0x60080e5000290b5400008a2d5605fd7e.device: Dev dev-disk-by\x2did-wwn\x2d0x60080e5000290b5400008a2d5605fd7e.device appeared twice with different sysfs paths /sys/devices/platform/host16/session1/target16:0:0/16:0:0:0/block/sdb and /sys/devices/platform/host17/session2/target17:0:0/17:0:0:0/block/sdd
Apr 26 08:50:08 ICTM1612S02H1 systemd-udevd[1562]: seq 4644 queued, 'add' 'bsg'
Apr 26 08:50:08 ICTM1612S02H1 systemd-udevd[3332]: LINK 'disk/by-id/wwn-0x60080e500029092400008d505605f98b' /lib/udev/rules.d/60-persistent-storage.rules:73
Apr 26 08:50:08 ICTM1612S02H1 systemd-udevd[3528]: value '[dmi/id]sys_vendor' is 'Dell Inc.'
Apr 26 08:50:08 ICTM1612S02H1 systemd-udevd[3319]: LINK 'disk/by-id/scsi-SNETAPP_INF-01-00_SR21500107' /lib/udev/rules.d/58-scsi-sg3_symlink.rules:12
Apr 26 08:50:08 ICTM1612S02H1 systemd-udevd[3339]: IMPORT builtin 'hwdb' returned non-zero
Apr 26 08:50:08 ICTM1612S02H1 systemd-udevd[3339]: path '[module/sg](null)' is '/sys/module/sg'
Apr 26 08:50:08 ICTM1612S02H1 systemd-udevd[3357]: passed device to netlink monitor 0x55efe9cfa330
Apr 26 08:50:08 ICTM1612S02H1 systemd-udevd[1562]: passed 226 byte device to netlink monitor 0x55efe9ce9f20
Apr 26 08:50:08 ICTM1612S02H1 systemd-udevd[3337]: seq 4644 running
Apr 26 08:50:08 ICTM1612S02H1 systemd-udevd[3337]: value '[dmi/id]sys_vendor' is 'Dell Inc.'
Apr 26 08:50:08 ICTM1612S02H1 systemd-udevd[3528]: value '[dmi/id]sys_vendor' is 'Dell Inc.'
Apr 26 08:50:08 ICTM1612S02H1 systemd[1]: dev-disk-by\x2dpath-ip\x2dfe80:0000:0000:0000:0192:0012:0022:0112:3260\x2discsi\x2diqn.1992\x2d08.com.netapp:5504.60080e5000290924000000005525f5de\x2dlun\x2d0.device: Changed dead -> plugged
Apr 26 08:50:08 ICTM1612S02H1 systemd-udevd[3319]: LINK 'disk/by-id/scsi-360080e500029092400008d505605f98b' /lib/udev/rules.d/58-scsi-sg3_symlink.rules:15
Apr 26 08:50:08 ICTM1612S02H1 systemd-udevd[3360]: '/usr/bin/sg_inq --export /dev/sdk'(out) 'SCSI_MODEL_ENC=INF-01-00\x20\x20\x20\x20\x20\x20\x20'
Apr 26 08:50:08 ICTM1612S02H1 systemd-udevd[3339]: RUN 'kmod load $env{MODALIAS}' /lib/udev/rules.d/80-drivers.rules:5
Apr 26 08:50:08 ICTM1612S02H1 systemd-udevd[3357]: seq 4640 processed
Apr 26 08:50:08 ICTM1612S02H1 systemd-udevd[3330]: LINK 'disk/by-id/wwn-0x60080e5000290b5400008a2f5605fd8a' /lib/udev/rules.d/60-persistent-storage.rules:73
Apr 26 08:50:08 ICTM1612S02H1 systemd-udevd[1562]: seq 4645 queued, 'add' 'scsi_disk'
Apr 26 08:50:08 ICTM1612S02H1 systemd-udevd[3332]: IMPORT 'probe-bcache -o udev /dev/sdg' /lib/udev/rules.d/69-bcache.rules:16
Apr 26 08:50:08 ICTM1612S02H1 systemd-udevd[3337]: value '[dmi/id]sys_vendor' is 'Dell Inc.'
Apr 26 08:50:08 ICTM1612S02H1 systemd[1]: dev-sdd.device: Changed dead -> plugged
Apr 26 08:50:08 ICTM1612S02H1 systemd-udevd[3528]: GROUP 6 /lib/udev/rules.d/50-udev-default.rules:63
Apr 26 08:50:08 ICTM1612S02H1 systemd-udevd[3360]: '/usr/bin/sg_inq --export /dev/sdk'(out) 'SCSI_REVISION=9825'
Apr 26 08:50:08 ICTM1612S02H1 systemd-udevd[3319]: LINK 'disk/by-id/scsi-360080e500029092400008d505605f98b' /lib/udev/rules.d/60-persistent-storage.rules:36
Apr 26 08:50:08 ICTM1612S02H1 systemd-udevd[3339]: Execute 'load' 'scsi:t-0x00'
Apr 26 08:50:08 ICTM1612S02H1 systemd-udevd[3330]: IMPORT 'probe-bcache -o udev /dev/sdi' /lib/udev/rules.d/69-bcache.rules:16
Apr 26 08:50:08 ICTM1612S02H1 systemd-udevd[1562]: seq 4646 queued, 'add' 'scsi'
Apr 26 08:50:08 ICTM1612S02H1 systemd-udevd[3681]: starting 'probe-bcache -o udev /dev/sdg'
Apr 26 08:50:08 ICTM1612S02H1 systemd[1]: sys-devices-platform-host17-session2-target17:0:0-17:0:0:0-block-sdd.device: Changed dead -> plugged
Apr 26 08:50:08 ICTM1612S02H1 systemd-udevd[3337]: handling device node '/dev/bsg/18:0:0:3', devnum=c249:32, mode=0600, uid=0, gid=0
Apr 26 08:50:08 ICTM1612S02H1 systemd-udevd[3528]: handling device node '/dev/sg28', devnum=c21:28, mode=0660, uid=0, gid=6
Apr 26 08:50:08 ICTM1612S02H1 systemd-udevd[3360]: Process '/usr/bin/sg_inq --export /dev/sdk' succeeded.
Apr 26 08:50:08 ICTM1612S02H1 systemd-udevd[3360]: IMPORT '/usr/bin/sg_inq --export --page=sn /dev/sdk' /lib/udev/rules.d/55-scsi-sg3_id.rules:19
Apr 26 08:50:08 ICTM1612S02H1 systemd-udevd[3339]: No module matches 'scsi:t-0x00'
Apr 26 08:50:08 ICTM1612S02H1 systemd-udevd[1562]: passed 212 byte device to netlink monitor 0x55efe9ce9f20
Apr 26 08:50:08 ICTM1612S02H1 systemd-udevd[3344]: seq 4646 running
Apr 26 08:50:08 ICTM1612S02H1 systemd-udevd[3682]: starting 'probe-bcache -o udev /dev/sdi'
Apr 26 08:50:08 ICTM1612S02H1 systemd[1]: Sent message type=signal sender=n/a destination=n/a object=/org/freedesktop/systemd1 interface=org.freedesktop.systemd1.Manager member=UnitNew cookie=158 reply_cookie=0 error=n/a
Apr 26 08:50:08 ICTM1612S02H1 systemd-udevd[3337]: preserve permissions /dev/bsg/18:0:0:3, 020600, uid=0, gid=0
Apr 26 08:50:08 ICTM1612S02H1 systemd-udevd[3528]: set permissions /dev/sg28, 020660, uid=0, gid=6
Apr 26 08:50:08 ICTM1612S02H1 systemd-udevd[3319]: IMPORT builtin 'path_id' /lib/udev/rules.d/60-persistent-storage.rules:54
Apr 26 08:50:08 ICTM1612S02H1 systemd-udevd[3339]: passed device to netlink monitor 0x55efe9d4e080
Apr 26 08:50:08 ICTM1612S02H1 systemd-udevd[3683]: starting '/usr/bin/sg_inq --export --page=sn /dev/sdk'
Apr 26 08:50:08 ICTM1612S02H1 systemd-udevd[1562]: seq 4647 queued, 'add' 'scsi_disk'
Apr 26 08:50:08 ICTM1612S02H1 systemd-udevd[3344]: value '[dmi/id]sys_vendor' is 'Dell Inc.'
Apr 26 08:50:08 ICTM1612S02H1 systemd[1]: Sent message type=signal sender=n/a destination=n/a object=/org/freedesktop/systemd1 interface=org.freedesktop.systemd1.Manager member=UnitNew cookie=159 reply_cookie=0 error=n/a
Apr 26 08:50:08 ICTM1612S02H1 systemd-udevd[3337]: creating symlink '/dev/char/249:32' to '../bsg/18:0:0:3'
Apr 26 08:50:08 ICTM1612S02H1 systemd-udevd[3528]: creating symlink '/dev/char/21:28' to '../sg28'
Apr 26 08:50:08 ICTM1612S02H1 systemd-udevd[3332]: Process 'probe-bcache -o udev /dev/sdg' succeeded.
Apr 26 08:50:08 ICTM1612S02H1 systemd-udevd[3339]: seq 4642 processed
Apr 26 08:50:08 ICTM1612S02H1 systemd-udevd[1562]: seq 4648 queued, 'add' 'bdi'
Apr 26 08:50:08 ICTM1612S02H1 systemd-udevd[3319]: LINK 'disk/by-path/ip-fe80:0000:0000:0000:0192:0012:0022:0112:3260-iscsi-iqn.1992-08.com.netapp:5504.60080e5000290924000000005525f5de-lun-1' /lib/udev/rules.d/60-persistent-storage.rules:55
Apr 26 08:50:08 ICTM1612S02H1 systemd-udevd[3344]: value '[dmi/id]sys_vendor' is 'Dell Inc.'
Apr 26 08:50:08 ICTM1612S02H1 systemd[1]: Sent message type=signal sender=n/a destination=n/a object=/org/freedesktop/systemd1 interface=org.freedesktop.systemd1.Manager member=UnitNew cookie=160 reply_cookie=0 error=n/a
Apr 26 08:50:08 ICTM1612S02H1 systemd-udevd[3337]: created empty file '/run/udev/data/c249:32' for '/devices/platform/host18/session3/target18:0:0/18:0:0:3/bsg/18:0:0:3'
Apr 26 08:50:08 ICTM1612S02H1 systemd-udevd[3528]: created empty file '/run/udev/data/c21:28' for '/devices/platform/host18/session3/target18:0:0/18:0:0:3/scsi_generic/sg28'
Apr 26 08:50:08 ICTM1612S02H1 systemd-udevd[3332]: RUN '/lib/udev/hdparm' /lib/udev/rules.d/85-hdparm.rules:1
Apr 26 08:50:08 ICTM1612S02H1 systemd-udevd[1562]: passed 138 byte device to netlink monitor 0x55efe9ce9f20
Apr 26 08:50:08 ICTM1612S02H1 systemd-udevd[3326]: seq 4648 running
Apr 26 08:50:08 ICTM1612S02H1 systemd-udevd[3319]: IMPORT builtin 'blkid' /lib/udev/rules.d/60-persistent-storage.rules:66
Apr 26 08:50:08 ICTM1612S02H1 systemd-udevd[3330]: Process 'probe-bcache -o udev /dev/sdi' succeeded.
Apr 26 08:50:08 ICTM1612S02H1 systemd-udevd[3344]: IMPORT builtin 'hwdb' /lib/udev/rules.d/50-udev-default.rules:15
Apr 26 08:50:08 ICTM1612S02H1 systemd-udevd[3337]: passed device to netlink monitor 0x55efe9d4ad60
Apr 26 08:50:08 ICTM1612S02H1 systemd-udevd[3528]: passed device to netlink monitor 0x55efe9d14020
Apr 26 08:50:08 ICTM1612S02H1 systemd-udevd[3332]: ATTR '/sys/devices/platform/host18/session3/target18:0:0/18:0:0:1/block/sdg/queue/max_sectors_kb' writing '32767' /etc/udev/rules.d/99-largeio-udev.rules:1
Apr 26 08:50:08 ICTM1612S02H1 systemd-udevd[1562]: passed 193 byte device to netlink monitor 0x55efe9ce9f20
Apr 26 08:50:08 ICTM1612S02H1 systemd-udevd[3357]: seq 4645 running
Apr 26 08:50:08 ICTM1612S02H1 systemd-udevd[3326]: value '[dmi/id]sys_vendor' is 'Dell Inc.'
Apr 26 08:50:08 ICTM1612S02H1 systemd-udevd[3319]: probe /dev/sdh raid offset=0
Apr 26 08:50:08 ICTM1612S02H1 systemd-udevd[3330]: RUN '/lib/udev/hdparm' /lib/udev/rules.d/85-hdparm.rules:1
Apr 26 08:50:08 ICTM1612S02H1 systemd-udevd[3344]: IMPORT builtin 'hwdb' returned non-zero
Apr 26 08:50:08 ICTM1612S02H1 systemd-udevd[3337]: seq 4644 processed
Apr 26 08:50:08 ICTM1612S02H1 systemd-udevd[3528]: seq 4643 processed
Apr 26 08:50:08 ICTM1612S02H1 systemd-udevd[3360]: '/usr/bin/sg_inq --export --page=sn /dev/sdk'(out) 'SCSI_IDENT_SERIAL=021414003152'
Apr 26 08:50:08 ICTM1612S02H1 systemd-udevd[3332]: handling device node '/dev/sdg', devnum=b8:96, mode=0660, uid=0, gid=6
Apr 26 08:50:08 ICTM1612S02H1 systemd-udevd[1562]: seq 4649 queued, 'add' 'scsi_device'
Apr 26 08:50:08 ICTM1612S02H1 systemd-udevd[3357]: value '[dmi/id]sys_vendor' is 'Dell Inc.'
Apr 26 08:50:08 ICTM1612S02H1 systemd-udevd[3326]: value '[dmi/id]sys_vendor' is 'Dell Inc.'
Apr 26 08:50:08 ICTM1612S02H1 systemd-udevd[3326]: passed device to netlink monitor 0x55efe9cf9830
Apr 26 08:50:08 ICTM1612S02H1 systemd-udevd[3344]: path '[module/sg](null)' is '/sys/module/sg'
Apr 26 08:50:08 ICTM1612S02H1 systemd-udevd[3332]: set permissions /dev/sdg, 060660, uid=0, gid=6
Apr 26 08:50:08 ICTM1612S02H1 systemd-udevd[3360]: Process '/usr/bin/sg_inq --export --page=sn /dev/sdk' succeeded.
Apr 26 08:50:08 ICTM1612S02H1 systemd-udevd[1562]: passed 197 byte device to netlink monitor 0x55efe9ce9f20
Apr 26 08:50:08 ICTM1612S02H1 systemd-udevd[3339]: seq 4649 running
Apr 26 08:50:08 ICTM1612S02H1 systemd-udevd[3339]: value '[dmi/id]sys_vendor' is 'Dell Inc.'
Apr 26 08:50:08 ICTM1612S02H1 systemd-udevd[3326]: seq 4648 processed
Apr 26 08:50:08 ICTM1612S02H1 systemd-udevd[3330]: ATTR '/sys/devices/platform/host16/session1/target16:0:0/16:0:0:2/block/sdi/queue/max_sectors_kb' writing '32767' /etc/udev/rules.d/99-largeio-udev.rules:1
Apr 26 08:50:08 ICTM1612S02H1 systemd-udevd[3344]: RUN 'kmod load $env{MODALIAS}' /lib/udev/rules.d/80-drivers.rules:5
Apr 26 08:50:08 ICTM1612S02H1 systemd-udevd[3332]: creating symlink '/dev/block/8:96' to '../sdg'
Apr 26 08:50:08 ICTM1612S02H1 systemd-udevd[3360]: IMPORT '/usr/bin/sg_inq --export --page=di /dev/sdk' /lib/udev/rules.d/55-scsi-sg3_id.rules:21
Apr 26 08:50:08 ICTM1612S02H1 systemd-udevd[1562]: seq 4650 queued, 'add' 'scsi_generic'
Apr 26 08:50:08 ICTM1612S02H1 systemd-udevd[3357]: value '[dmi/id]sys_vendor' is 'Dell Inc.'
Apr 26 08:50:08 ICTM1612S02H1 systemd-udevd[3339]: value '[dmi/id]sys_vendor' is 'Dell Inc.'
Apr 26 08:50:08 ICTM1612S02H1 systemd-udevd[3330]: handling device node '/dev/sdi', devnum=b8:128, mode=0660, uid=0, gid=6
Apr 26 08:50:08 ICTM1612S02H1 systemd-udevd[3344]: Execute 'load' 'scsi:t-0x00'
Apr 26 08:50:08 ICTM1612S02H1 systemd-udevd[3332]: found 'b8:64' claiming '/run/udev/links/\x2fdisk\x2fby-id\x2fscsi-360080e500029092400008d505605f98b'
Apr 26 08:50:08 ICTM1612S02H1 systemd-udevd[1562]: passed 231 byte device to netlink monitor 0x55efe9ce9f20
Apr 26 08:50:08 ICTM1612S02H1 systemd-udevd[3337]: seq 4650 running
Apr 26 08:50:08 ICTM1612S02H1 systemd-udevd[3337]: value '[dmi/id]sys_vendor' is 'Dell Inc.'
Apr 26 08:50:08 ICTM1612S02H1 systemd-udevd[3357]: passed device to netlink monitor 0x55efe9cfa330
Apr 26 08:50:08 ICTM1612S02H1 systemd-udevd[3330]: set permissions /dev/sdi, 060660, uid=0, gid=6
Apr 26 08:50:08 ICTM1612S02H1 systemd-udevd[3339]: passed device to netlink monitor 0x55efe9d4e080
Apr 26 08:50:08 ICTM1612S02H1 systemd-udevd[3344]: No module matches 'scsi:t-0x00'
Apr 26 08:50:08 ICTM1612S02H1 systemd-udevd[3332]: creating link '/dev/disk/by-id/scsi-360080e500029092400008d505605f98b' to '/dev/sdg'
Apr 26 08:50:09 ICTM1612S02H1 systemd-udevd[1562]: seq 4651 queued, 'add' 'bsg'
Apr 26 08:50:09 ICTM1612S02H1 systemd-udevd[3684]: starting '/usr/bin/sg_inq --export --page=di /dev/sdk'
Apr 26 08:50:09 ICTM1612S02H1 systemd-udevd[3337]: value '[dmi/id]sys_vendor' is 'Dell Inc.'
Apr 26 08:50:09 ICTM1612S02H1 systemd-udevd[3357]: seq 4645 processed
