Apr 26 08:50:08 ICTM1612S02H1 kernel: sd 21:0:0:156: [sdhp] 37748736 512-byte logical blocks: (19.3 GB/18.0 GiB)
Apr 26 08:50:08 ICTM1612S02H1 kernel: sd 21:0:0:156: rdac: LUN 156 (IOSHIP) (unowned)
Apr 26 08:50:08 ICTM1612S02H1 kernel: sd 21:0:0:156: Attached scsi generic sg229 type 0
Apr 26 08:50:08 ICTM1612S02H1 kernel: sd 20:0:0:157: [sdhm] Attached SCSI disk
Apr 26 08:50:08 ICTM1612S02H1 kernel: scsi 21:0:0:157: Direct-Access NETAPP INF-01-00 9825 PQ: 0 ANSI: 5
Apr 26 08:50:08 ICTM1612S02H1 kernel: sd 22:0:0:155: [sdgp] Attached SCSI disk
Apr 26 08:50:08 ICTM1612S02H1 kernel: sd 21:0:0:156: [sdhp] Write Protect is off
Apr 26 08:50:08 ICTM1612S02H1 kernel: sd 21:0:0:156: [sdhp] Mode Sense: 83 00 10 08
Apr 26 08:50:08 ICTM1612S02H1 kernel: sd 21:0:0:153: [sdhl] Attached SCSI disk
Apr 26 08:50:08 ICTM1612S02H1 kernel: sd 21:0:0:156: [sdhp] Write cache: enabled, read cache: enabled, supports DPO and FUA
Apr 26 08:50:08 ICTM1612S02H1 kernel: sd 21:0:0:157: [sdhq] 37748736 512-byte logical blocks: (19.3 GB/18.0 GiB)
Apr 26 08:50:08 ICTM1612S02H1 kernel: sd 21:0:0:157: rdac: LUN 157 (IOSHIP) (owned)
Apr 26 08:50:08 ICTM1612S02H1 kernel: sd 21:0:0:157: Attached scsi generic sg230 type 0
Apr 26 08:50:08 ICTM1612S02H1 kernel: sd 21:0:0:154: [sdhn] Attached SCSI disk
Apr 26 08:50:08 ICTM1612S02H1 kernel: sd 21:0:0:157: [sdhq] Write Protect is off
Apr 26 08:50:08 ICTM1612S02H1 kernel: sd 21:0:0:157: [sdhq] Mode Sense: 83 00 10 08
Apr 26 08:50:08 ICTM1612S02H1 kernel: sd 21:0:0:157: [sdhq] Write cache: enabled, read cache: enabled, supports DPO and FUA
Apr 26 08:50:08 ICTM1612S02H1 kernel: sd 23:0:0:156: [sdhi] Attached SCSI disk
Apr 26 08:50:08 ICTM1612S02H1 systemd-udevd[3332]: seq 4590 processed
Apr 26 08:50:08 ICTM1612S02H1 systemd[1]: Sent message type=signal sender=n/a destination=n/a object=/org/freedesktop/systemd1 interface=org.freedesktop.systemd1.Manager member=UnitNew cookie=140 reply_cookie=0 error=n/a
Apr 26 08:50:08 ICTM1612S02H1 systemd-udevd[3337]: '/usr/bin/sg_inq --export /dev/sde'(out) 'SCSI_MODEL=INF-01-00'
Apr 26 08:50:08 ICTM1612S02H1 systemd-udevd[1562]: seq 4597 queued, 'add' 'scsi_disk'
Apr 26 08:50:08 ICTM1612S02H1 systemd-udevd[3319]: value '[dmi/id]sys_vendor' is 'Dell Inc.'
Apr 26 08:50:08 ICTM1612S02H1 systemd-udevd[3330]: path '[module/sg](null)' is '/sys/module/sg'
Apr 26 08:50:08 ICTM1612S02H1 systemd-udevd[3344]: path '[module/sg](null)' is '/sys/module/sg'
Apr 26 08:50:08 ICTM1612S02H1 systemd-udevd[3574]: starting '/usr/bin/sg_inq --export --page=di /dev/sdd'
Apr 26 08:50:08 ICTM1612S02H1 systemd[1]: Sent message type=signal sender=n/a destination=n/a object=/org/freedesktop/systemd1 interface=org.freedesktop.systemd1.Manager member=UnitNew cookie=141 reply_cookie=0 error=n/a
Apr 26 08:50:08 ICTM1612S02H1 systemd-udevd[3337]: '/usr/bin/sg_inq --export /dev/sde'(out) 'SCSI_MODEL_ENC=INF-01-00\x20\x20\x20\x20\x20\x20\x20'
Apr 26 08:50:08 ICTM1612S02H1 systemd-udevd[1562]: passed 193 byte device to netlink monitor 0x55efe9ce9f20
Apr 26 08:50:08 ICTM1612S02H1 systemd-udevd[3332]: seq 4591 running
Apr 26 08:50:08 ICTM1612S02H1 systemd-udevd[3319]: passed device to netlink monitor 0x55efe9ce9790
Apr 26 08:50:08 ICTM1612S02H1 systemd-udevd[3330]: RUN 'kmod load $env{MODALIAS}' /lib/udev/rules.d/80-drivers.rules:5
Apr 26 08:50:08 ICTM1612S02H1 systemd-udevd[3360]: '/usr/bin/sg_inq --export --page=sn /dev/sdf'(out) 'SCSI_IDENT_SERIAL=SR21500247'
Apr 26 08:50:08 ICTM1612S02H1 systemd-udevd[3344]: RUN 'kmod load $env{MODALIAS}' /lib/udev/rules.d/80-drivers.rules:5
Apr 26 08:50:08 ICTM1612S02H1 systemd[1]: Sent message type=signal sender=n/a destination=n/a object=/org/freedesktop/systemd1 interface=org.freedesktop.systemd1.Manager member=UnitNew cookie=142 reply_cookie=0 error=n/a
Apr 26 08:50:08 ICTM1612S02H1 systemd-udevd[3337]: '/usr/bin/sg_inq --export /dev/sde'(out) 'SCSI_REVISION=9820'
Apr 26 08:50:08 ICTM1612S02H1 systemd-udevd[1562]: seq 4598 queued, 'add' 'scsi'
Apr 26 08:50:08 ICTM1612S02H1 systemd-udevd[3332]: value '[dmi/id]sys_vendor' is 'Dell Inc.'
Apr 26 08:50:08 ICTM1612S02H1 systemd-udevd[3319]: seq 4595 processed
Apr 26 08:50:08 ICTM1612S02H1 systemd-udevd[3330]: Execute 'load' 'scsi:t-0x00'
Apr 26 08:50:08 ICTM1612S02H1 systemd-udevd[3360]: Process '/usr/bin/sg_inq --export --page=sn /dev/sdf' succeeded.
Apr 26 08:50:08 ICTM1612S02H1 systemd-udevd[3344]: Execute 'load' 'scsi:t-0x00'
Apr 26 08:50:08 ICTM1612S02H1 systemd[1]: Sent message type=signal sender=n/a destination=n/a object=/org/freedesktop/systemd1 interface=org.freedesktop.systemd1.Manager member=UnitNew cookie=143 reply_cookie=0 error=n/a
Apr 26 08:50:08 ICTM1612S02H1 systemd-udevd[3337]: Process '/usr/bin/sg_inq --export /dev/sde' succeeded.
Apr 26 08:50:08 ICTM1612S02H1 systemd-udevd[1562]: passed 212 byte device to netlink monitor 0x55efe9ce9f20
Apr 26 08:50:08 ICTM1612S02H1 systemd-udevd[3528]: seq 4598 running
Apr 26 08:50:08 ICTM1612S02H1 systemd-udevd[3332]: value '[dmi/id]sys_vendor' is 'Dell Inc.'
Apr 26 08:50:08 ICTM1612S02H1 systemd-udevd[3330]: No module matches 'scsi:t-0x00'
Apr 26 08:50:08 ICTM1612S02H1 systemd-udevd[3360]: IMPORT '/usr/bin/sg_inq --export --page=di /dev/sdf' /lib/udev/rules.d/55-scsi-sg3_id.rules:21
Apr 26 08:50:08 ICTM1612S02H1 systemd-udevd[3344]: No module matches 'scsi:t-0x00'
Apr 26 08:50:08 ICTM1612S02H1 systemd-udevd[3543]: '/usr/bin/sg_inq --export --page=di /dev/sdd'(out) 'SCSI_IDENT_LUN_NAA=60080e5000290b5400008a2d5605fd7e'
Apr 26 08:50:08 ICTM1612S02H1 systemd[1]: Sent message type=signal sender=n/a destination=n/a object=/org/freedesktop/systemd1 interface=org.freedesktop.systemd1.Manager member=UnitNew cookie=144 reply_cookie=0 error=n/a
Apr 26 08:50:08 ICTM1612S02H1 systemd-udevd[3337]: IMPORT '/usr/bin/sg_inq --export --page=sn /dev/sde' /lib/udev/rules.d/55-scsi-sg3_id.rules:19
Apr 26 08:50:08 ICTM1612S02H1 systemd-udevd[1562]: seq 4599 queued, 'add' 'scsi_device'
Apr 26 08:50:08 ICTM1612S02H1 systemd-udevd[3528]: value '[dmi/id]sys_vendor' is 'Dell Inc.'
Apr 26 08:50:08 ICTM1612S02H1 systemd-udevd[3330]: passed device to netlink monitor 0x55efe9cfafc0
Apr 26 08:50:08 ICTM1612S02H1 systemd-udevd[3332]: passed device to netlink monitor 0x55efe9cf7970
Apr 26 08:50:08 ICTM1612S02H1 systemd-udevd[3580]: starting '/usr/bin/sg_inq --export --page=di /dev/sdf'
Apr 26 08:50:08 ICTM1612S02H1 systemd-udevd[3344]: passed device to netlink monitor 0x55efe9d53b20
Apr 26 08:50:08 ICTM1612S02H1 systemd-udevd[3543]: '/usr/bin/sg_inq --export --page=di /dev/sdd'(out) 'SCSI_IDENT_PORT_RELATIVE=32770'
Apr 26 08:50:08 ICTM1612S02H1 systemd[1]: Sent message type=signal sender=n/a destination=n/a object=/org/freedesktop/systemd1 interface=org.freedesktop.systemd1.Manager member=UnitNew cookie=145 reply_cookie=0 error=n/a
Apr 26 08:50:08 ICTM1612S02H1 systemd-udevd[1562]: passed 197 byte device to netlink monitor 0x55efe9ce9f20
Apr 26 08:50:08 ICTM1612S02H1 systemd-udevd[3319]: seq 4599 running
Apr 26 08:50:08 ICTM1612S02H1 systemd-udevd[3581]: starting '/usr/bin/sg_inq --export --page=sn /dev/sde'
Apr 26 08:50:08 ICTM1612S02H1 systemd-udevd[3528]: value '[dmi/id]sys_vendor' is 'Dell Inc.'
Apr 26 08:50:08 ICTM1612S02H1 systemd-udevd[3330]: seq 4593 processed
Apr 26 08:50:08 ICTM1612S02H1 systemd-udevd[3332]: seq 4591 processed
Apr 26 08:50:08 ICTM1612S02H1 systemd-udevd[3344]: seq 4594 processed
Apr 26 08:50:08 ICTM1612S02H1 systemd-udevd[3543]: Process '/usr/bin/sg_inq --export --page=di /dev/sdd' succeeded.
Apr 26 08:50:08 ICTM1612S02H1 systemd-udevd[1562]: seq 4600 queued, 'add' 'scsi_disk'
Apr 26 08:50:08 ICTM1612S02H1 systemd-udevd[3319]: value '[dmi/id]sys_vendor' is 'Dell Inc.'
Apr 26 08:50:08 ICTM1612S02H1 systemd-udevd[3528]: IMPORT builtin 'hwdb' /lib/udev/rules.d/50-udev-default.rules:15
Apr 26 08:50:08 ICTM1612S02H1 systemd-udevd[3543]: PROGRAM '/sbin/multipath -u /dev/sdd' /lib/udev/rules.d/56-dm-mpath-lvm.rules:21
Apr 26 08:50:08 ICTM1612S02H1 systemd-udevd[1562]: passed 197 byte device to netlink monitor 0x55efe9ce9f20
Apr 26 08:50:08 ICTM1612S02H1 systemd-udevd[3332]: seq 4596 running
Apr 26 08:50:08 ICTM1612S02H1 systemd-udevd[3360]: '/usr/bin/sg_inq --export --page=di /dev/sdf'(out) 'SCSI_IDENT_LUN_NAA=60080e5000290b5400008a2d5605fd7e'
Apr 26 08:50:08 ICTM1612S02H1 systemd-udevd[3319]: value '[dmi/id]sys_vendor' is 'Dell Inc.'
Apr 26 08:50:08 ICTM1612S02H1 systemd-udevd[3528]: IMPORT builtin 'hwdb' returned non-zero
Apr 26 08:50:08 ICTM1612S02H1 systemd-udevd[1562]: passed 197 byte device to netlink monitor 0x55efe9ce9f20
Apr 26 08:50:08 ICTM1612S02H1 systemd-udevd[3330]: seq 4597 running
Apr 26 08:50:08 ICTM1612S02H1 systemd-udevd[3583]: starting '/sbin/multipath -u /dev/sdd'
Apr 26 08:50:08 ICTM1612S02H1 systemd-udevd[3332]: value '[dmi/id]sys_vendor' is 'Dell Inc.'
Apr 26 08:50:08 ICTM1612S02H1 systemd-udevd[3360]: '/usr/bin/sg_inq --export --page=di /dev/sdf'(out) 'SCSI_IDENT_PORT_RELATIVE=2'
Apr 26 08:50:08 ICTM1612S02H1 systemd-udevd[3337]: '/usr/bin/sg_inq --export --page=sn /dev/sde'(out) 'SCSI_IDENT_SERIAL=SR21500247'
Apr 26 08:50:08 ICTM1612S02H1 systemd-udevd[3319]: passed device to netlink monitor 0x55efe9ce9790
Apr 26 08:50:08 ICTM1612S02H1 systemd-udevd[3528]: path '[module/sg](null)' is '/sys/module/sg'
Apr 26 08:50:08 ICTM1612S02H1 systemd-udevd[1562]: seq 4601 queued, 'add' 'scsi_generic'
Apr 26 08:50:08 ICTM1612S02H1 systemd-udevd[3330]: value '[dmi/id]sys_vendor' is 'Dell Inc.'
Apr 26 08:50:08 ICTM1612S02H1 systemd-udevd[3332]: value '[dmi/id]sys_vendor' is 'Dell Inc.'
Apr 26 08:50:08 ICTM1612S02H1 systemd-udevd[3360]: Process '/usr/bin/sg_inq --export --page=di /dev/sdf' succeeded.
Apr 26 08:50:08 ICTM1612S02H1 systemd-udevd[3337]: Process '/usr/bin/sg_inq --export --page=sn /dev/sde' succeeded.
Apr 26 08:50:08 ICTM1612S02H1 systemd-udevd[3319]: seq 4599 processed
Apr 26 08:50:08 ICTM1612S02H1 systemd-udevd[3528]: RUN 'kmod load $env{MODALIAS}' /lib/udev/rules.d/80-drivers.rules:5
Apr 26 08:50:08 ICTM1612S02H1 systemd-udevd[1562]: passed 231 byte device to netlink monitor 0x55efe9ce9f20
Apr 26 08:50:08 ICTM1612S02H1 systemd-udevd[3344]: seq 4601 running
Apr 26 08:50:08 ICTM1612S02H1 systemd-udevd[3330]: value '[dmi/id]sys_vendor' is 'Dell Inc.'
Apr 26 08:50:08 ICTM1612S02H1 systemd-udevd[3360]: PROGRAM '/sbin/multipath -u /dev/sdf' /lib/udev/rules.d/56-dm-mpath-lvm.rules:21
Apr 26 08:50:08 ICTM1612S02H1 systemd-udevd[3332]: passed device to netlink monitor 0x55efe9cf7970
Apr 26 08:50:08 ICTM1612S02H1 systemd-udevd[3337]: IMPORT '/usr/bin/sg_inq --export --page=di /dev/sde' /lib/udev/rules.d/55-scsi-sg3_id.rules:21
Apr 26 08:50:08 ICTM1612S02H1 systemd-udevd[3528]: Execute 'load' 'scsi:t-0x00'
Apr 26 08:50:08 ICTM1612S02H1 systemd-udevd[1562]: seq 4602 queued, 'add' 'bsg'
Apr 26 08:50:08 ICTM1612S02H1 systemd-udevd[3344]: value '[dmi/id]sys_vendor' is 'Dell Inc.'
Apr 26 08:50:08 ICTM1612S02H1 systemd-udevd[3330]: passed device to netlink monitor 0x55efe9cfafc0
Apr 26 08:50:08 ICTM1612S02H1 systemd-udevd[3332]: seq 4596 processed
Apr 26 08:50:08 ICTM1612S02H1 systemd-udevd[3543]: '/sbin/multipath -u /dev/sdd'(out) '/dev/sdd is not a valid multipath device path'
Apr 26 08:50:08 ICTM1612S02H1 systemd-udevd[3584]: starting '/sbin/multipath -u /dev/sdf'
Apr 26 08:50:08 ICTM1612S02H1 systemd-udevd[3528]: No module matches 'scsi:t-0x00'
Apr 26 08:50:08 ICTM1612S02H1 systemd-udevd[1562]: passed 226 byte device to netlink monitor 0x55efe9ce9f20
Apr 26 08:50:08 ICTM1612S02H1 systemd-udevd[3328]: LINK 'disk/by-id/wwn-0x60080e5000290b5400008a2d5605fd7e' /lib/udev/rules.d/60-persistent-storage.rules:73
Apr 26 08:50:08 ICTM1612S02H1 systemd-udevd[3319]: seq 4602 running
Apr 26 08:50:08 ICTM1612S02H1 systemd-udevd[3585]: starting '/usr/bin/sg_inq --export --page=di /dev/sde'
Apr 26 08:50:08 ICTM1612S02H1 systemd-udevd[3344]: value '[dmi/id]sys_vendor' is 'Dell Inc.'
Apr 26 08:50:08 ICTM1612S02H1 systemd-udevd[3330]: seq 4597 processed
Apr 26 08:50:08 ICTM1612S02H1 systemd-udevd[3543]: Process '/sbin/multipath -u /dev/sdd' failed with exit code 1.
Apr 26 08:50:08 ICTM1612S02H1 systemd-udevd[3528]: passed device to netlink monitor 0x55efe9d14020
Apr 26 08:50:08 ICTM1612S02H1 systemd-udevd[1562]: seq 4603 queued, 'add' 'scsi_device'
Apr 26 08:50:08 ICTM1612S02H1 systemd-udevd[3328]: IMPORT 'probe-bcache -o udev /dev/sdc' /lib/udev/rules.d/69-bcache.rules:16
Apr 26 08:50:08 ICTM1612S02H1 systemd-udevd[3319]: value '[dmi/id]sys_vendor' is 'Dell Inc.'
Apr 26 08:50:08 ICTM1612S02H1 systemd-udevd[3344]: GROUP 6 /lib/udev/rules.d/50-udev-default.rules:63
Apr 26 08:50:08 ICTM1612S02H1 systemd-udevd[3543]: LINK 'disk/by-id/scsi-SNETAPP_INF-01-00_SR21500107' /lib/udev/rules.d/58-scsi-sg3_symlink.rules:12
Apr 26 08:50:08 ICTM1612S02H1 systemd-udevd[3528]: seq 4598 processed
Apr 26 08:50:08 ICTM1612S02H1 systemd-udevd[1562]: passed 197 byte device to netlink monitor 0x55efe9ce9f20
Apr 26 08:50:08 ICTM1612S02H1 systemd-udevd[3332]: seq 4603 running
Apr 26 08:50:08 ICTM1612S02H1 systemd-udevd[3319]: value '[dmi/id]sys_vendor' is 'Dell Inc.'
Apr 26 08:50:08 ICTM1612S02H1 systemd-udevd[3591]: starting 'probe-bcache -o udev /dev/sdc'
Apr 26 08:50:08 ICTM1612S02H1 systemd-udevd[3344]: handling device node '/dev/sg20', devnum=c21:20, mode=0660, uid=0, gid=6
Apr 26 08:50:08 ICTM1612S02H1 systemd-udevd[3543]: LINK 'disk/by-id/scsi-360080e5000290b5400008a2d5605fd7e' /lib/udev/rules.d/58-scsi-sg3_symlink.rules:15
Apr 26 08:50:08 ICTM1612S02H1 systemd-udevd[1562]: passed 197 byte device to netlink monitor 0x55efe9ce9f20
Apr 26 08:50:08 ICTM1612S02H1 systemd-udevd[3528]: seq 4600 running
Apr 26 08:50:08 ICTM1612S02H1 systemd-udevd[3360]: '/sbin/multipath -u /dev/sdf'(out) '/dev/sdf is not a valid multipath device path'
Apr 26 08:50:08 ICTM1612S02H1 systemd-udevd[3332]: value '[dmi/id]sys_vendor' is 'Dell Inc.'
Apr 26 08:50:08 ICTM1612S02H1 systemd-udevd[3337]: '/usr/bin/sg_inq --export --page=di /dev/sde'(out) 'SCSI_IDENT_LUN_NAA=60080e500029092400008d505605f98b'
Apr 26 08:50:08 ICTM1612S02H1 systemd-udevd[3319]: handling device node '/dev/bsg/17:0:0:2', devnum=c249:24, mode=0600, uid=0, gid=0
Apr 26 08:50:08 ICTM1612S02H1 systemd-udevd[3344]: set permissions /dev/sg20, 020660, uid=0, gid=6
Apr 26 08:50:08 ICTM1612S02H1 systemd-udevd[1562]: seq 4604 queued, 'add' 'scsi_device'
Apr 26 08:50:08 ICTM1612S02H1 systemd-udevd[3543]: LINK 'disk/by-id/scsi-360080e5000290b5400008a2d5605fd7e' /lib/udev/rules.d/60-persistent-storage.rules:36
Apr 26 08:50:08 ICTM1612S02H1 systemd-udevd[3528]: value '[dmi/id]sys_vendor' is 'Dell Inc.'
Apr 26 08:50:08 ICTM1612S02H1 systemd-udevd[3360]: Process '/sbin/multipath -u /dev/sdf' failed with exit code 1.
Apr 26 08:50:08 ICTM1612S02H1 systemd-udevd[3332]: value '[dmi/id]sys_vendor' is 'Dell Inc.'
Apr 26 08:50:08 ICTM1612S02H1 systemd-udevd[3337]: '/usr/bin/sg_inq --export --page=di /dev/sde'(out) 'SCSI_IDENT_PORT_RELATIVE=1'
Apr 26 08:50:08 ICTM1612S02H1 systemd-udevd[3319]: preserve permissions /dev/bsg/17:0:0:2, 020600, uid=0, gid=0
Apr 26 08:50:08 ICTM1612S02H1 systemd-udevd[3344]: creating symlink '/dev/char/21:20' to '../sg20'
Apr 26 08:50:08 ICTM1612S02H1 systemd-udevd[1562]: passed 197 byte device to netlink monitor 0x55efe9ce9f20
Apr 26 08:50:08 ICTM1612S02H1 systemd-udevd[3330]: seq 4604 running
Apr 26 08:50:08 ICTM1612S02H1 systemd-udevd[3543]: IMPORT builtin 'path_id' /lib/udev/rules.d/60-persistent-storage.rules:54
Apr 26 08:50:08 ICTM1612S02H1 systemd-udevd[3528]: value '[dmi/id]sys_vendor' is 'Dell Inc.'
Apr 26 08:50:08 ICTM1612S02H1 systemd-udevd[3328]: Process 'probe-bcache -o udev /dev/sdc' succeeded.
Apr 26 08:50:08 ICTM1612S02H1 systemd-udevd[3360]: LINK 'disk/by-id/scsi-SNETAPP_INF-01-00_SR21500247' /lib/udev/rules.d/58-scsi-sg3_symlink.rules:12
Apr 26 08:50:08 ICTM1612S02H1 systemd-udevd[3337]: Process '/usr/bin/sg_inq --export --page=di /dev/sde' succeeded.
Apr 26 08:50:08 ICTM1612S02H1 systemd-udevd[3332]: passed device to netlink monitor 0x55efe9cf7970
Apr 26 08:50:08 ICTM1612S02H1 systemd-udevd[3319]: creating symlink '/dev/char/249:24' to '../bsg/17:0:0:2'
Apr 26 08:50:08 ICTM1612S02H1 systemd-udevd[3344]: created empty file '/run/udev/data/c21:20' for '/devices/platform/host17/session2/target17:0:0/17:0:0:2/scsi_generic/sg20'
Apr 26 08:50:08 ICTM1612S02H1 systemd-udevd[1562]: seq 4605 queued, 'add' 'bdi'
Apr 26 08:50:08 ICTM1612S02H1 systemd-udevd[3330]: value '[dmi/id]sys_vendor' is 'Dell Inc.'
Apr 26 08:50:08 ICTM1612S02H1 systemd-udevd[3328]: RUN '/lib/udev/hdparm' /lib/udev/rules.d/85-hdparm.rules:1
Apr 26 08:50:08 ICTM1612S02H1 systemd-udevd[3543]: LINK 'disk/by-path/ip-fe80:0000:0000:0000:0192:0012:0022:0112:3260-iscsi-iqn.1992-08.com.netapp:5504.60080e5000290924000000005525f5de-lun-0' /lib/udev/rules.d/60-persistent-storage.rules:55
Apr 26 08:50:08 ICTM1612S02H1 systemd-udevd[3360]: LINK 'disk/by-id/scsi-360080e5000290b5400008a2d5605fd7e' /lib/udev/rules.d/58-scsi-sg3_symlink.rules:15
Apr 26 08:50:08 ICTM1612S02H1 systemd-udevd[3528]: passed device to netlink monitor 0x55efe9d14020
Apr 26 08:50:08 ICTM1612S02H1 systemd-udevd[3337]: PROGRAM '/sbin/multipath -u /dev/sde' /lib/udev/rules.d/56-dm-mpath-lvm.rules:21
Apr 26 08:50:08 ICTM1612S02H1 systemd-udevd[3332]: seq 4603 processed
Apr 26 08:50:08 ICTM1612S02H1 systemd-udevd[3319]: created empty file '/run/udev/data/c249:24' for '/devices/platform/host17/session2/target17:0:0/17:0:0:2/bsg/17:0:0:2'
Apr 26 08:50:08 ICTM1612S02H1 systemd-udevd[3344]: passed device to netlink monitor 0x55efe9d53b20
Apr 26 08:50:08 ICTM1612S02H1 systemd-udevd[1562]: passed 139 byte device to netlink monitor 0x55efe9ce9f20
Apr 26 08:50:08 ICTM1612S02H1 systemd-udevd[3326]: seq 4605 running
Apr 26 08:50:08 ICTM1612S02H1 systemd-udevd[3330]: value '[dmi/id]sys_vendor' is 'Dell Inc.'
Apr 26 08:50:08 ICTM1612S02H1 systemd-udevd[3328]: ATTR '/sys/devices/platform/host18/session3/target18:0:0/18:0:0:0/block/sdc/queue/max_sectors_kb' writing '32767' /etc/udev/rules.d/99-largeio-udev.rules:1
Apr 26 08:50:08 ICTM1612S02H1 systemd-udevd[3543]: IMPORT builtin 'blkid' /lib/udev/rules.d/60-persistent-storage.rules:66
Apr 26 08:50:08 ICTM1612S02H1 systemd-udevd[3528]: seq 4600 processed
Apr 26 08:50:08 ICTM1612S02H1 systemd-udevd[3319]: passed device to netlink monitor 0x55efe9ce9790
Apr 26 08:50:08 ICTM1612S02H1 systemd-udevd[3595]: starting '/sbin/multipath -u /dev/sde'
Apr 26 08:50:08 ICTM1612S02H1 systemd-udevd[3344]: seq 4601 processed
Apr 26 08:50:08 ICTM1612S02H1 systemd-udevd[3360]: LINK 'disk/by-id/scsi-360080e5000290b5400008a2d5605fd7e' /lib/udev/rules.d/60-persistent-storage.rules:36
Apr 26 08:50:08 ICTM1612S02H1 systemd-udevd[1562]: seq 4606 queued, 'add' 'scsi'
Apr 26 08:50:08 ICTM1612S02H1 systemd-udevd[3326]: value '[dmi/id]sys_vendor' is 'Dell Inc.'
Apr 26 08:50:08 ICTM1612S02H1 systemd-udevd[3328]: handling device node '/dev/sdc', devnum=b8:32, mode=0660, uid=0, gid=6
Apr 26 08:50:08 ICTM1612S02H1 systemd-udevd[3330]: passed device to netlink monitor 0x55efe9cfafc0
Apr 26 08:50:08 ICTM1612S02H1 systemd-udevd[3543]: probe /dev/sdd raid offset=0
Apr 26 08:50:08 ICTM1612S02H1 systemd-udevd[3319]: seq 4602 processed
Apr 26 08:50:08 ICTM1612S02H1 systemd-udevd[3360]: IMPORT builtin 'path_id' /lib/udev/rules.d/60-persistent-storage.rules:54
Apr 26 08:50:08 ICTM1612S02H1 systemd-udevd[1562]: passed 210 byte device to netlink monitor 0x55efe9ce9f20
Apr 26 08:50:08 ICTM1612S02H1 systemd-udevd[3332]: seq 4606 running
Apr 26 08:50:08 ICTM1612S02H1 systemd-udevd[3326]: value '[dmi/id]sys_vendor' is 'Dell Inc.'
Apr 26 08:50:08 ICTM1612S02H1 systemd-udevd[3328]: set permissions /dev/sdc, 060660, uid=0, gid=6
Apr 26 08:50:08 ICTM1612S02H1 systemd-udevd[3330]: seq 4604 processed
Apr 26 08:50:08 ICTM1612S02H1 systemd-udevd[3360]: LINK 'disk/by-path/ip-fe80:0000:0000:0000:0192:0012:0022:0111:3260-iscsi-iqn.1992-08.com.netapp:5504.60080e5000290924000000005525f5de-lun-0' /lib/udev/rules.d/60-persistent-storage.rules:55
Apr 26 08:50:08 ICTM1612S02H1 systemd-udevd[1562]: seq 4607 queued, 'add' 'scsi_generic'
Apr 26 08:50:08 ICTM1612S02H1 systemd-udevd[3332]: value '[dmi/id]sys_vendor' is 'Dell Inc.'
Apr 26 08:50:08 ICTM1612S02H1 systemd-udevd[3326]: passed device to netlink monitor 0x55efe9cf9830
Apr 26 08:50:08 ICTM1612S02H1 systemd-udevd[3328]: creating symlink '/dev/block/8:32' to '../sdc'
Apr 26 08:50:08 ICTM1612S02H1 systemd-udevd[3360]: IMPORT builtin 'blkid' /lib/udev/rules.d/60-persistent-storage.rules:66
Apr 26 08:50:08 ICTM1612S02H1 systemd-udevd[3337]: '/sbin/multipath -u /dev/sde'(out) '/dev/sde is not a valid multipath device path'
Apr 26 08:50:08 ICTM1612S02H1 systemd-udevd[1562]: passed 231 byte device to netlink monitor 0x55efe9ce9f20
Apr 26 08:50:08 ICTM1612S02H1 systemd-udevd[3528]: seq 4607 running
Apr 26 08:50:08 ICTM1612S02H1 systemd-udevd[3332]: value '[dmi/id]sys_vendor' is 'Dell Inc.'
Apr 26 08:50:08 ICTM1612S02H1 systemd-udevd[3326]: seq 4605 processed
Apr 26 08:50:08 ICTM1612S02H1 systemd-udevd[3328]: found 'b8:16' claiming '/run/udev/links/\x2fdisk\x2fby-id\x2fscsi-360080e5000290b5400008a2d5605fd7e'
Apr 26 08:50:08 ICTM1612S02H1 systemd-udevd[3360]: probe /dev/sdf raid offset=0
Apr 26 08:50:08 ICTM1612S02H1 systemd-udevd[3337]: Process '/sbin/multipath -u /dev/sde' failed with exit code 1.
Apr 26 08:50:08 ICTM1612S02H1 systemd-udevd[1562]: seq 4608 queued, 'add' 'scsi_generic'
Apr 26 08:50:08 ICTM1612S02H1 systemd-udevd[3528]: value '[dmi/id]sys_vendor' is 'Dell Inc.'
Apr 26 08:50:08 ICTM1612S02H1 systemd-udevd[3332]: IMPORT builtin 'hwdb' /lib/udev/rules.d/50-udev-default.rules:15
Apr 26 08:50:08 ICTM1612S02H1 systemd-udevd[3328]: creating link '/dev/disk/by-id/scsi-360080e5000290b5400008a2d5605fd7e' to '/dev/sdc'
Apr 26 08:50:08 ICTM1612S02H1 systemd-udevd[3337]: LINK 'disk/by-id/scsi-SNETAPP_INF-01-00_SR21500247' /lib/udev/rules.d/58-scsi-sg3_symlink.rules:12
Apr 26 08:50:08 ICTM1612S02H1 systemd-udevd[1562]: passed 231 byte device to netlink monitor 0x55efe9ce9f20
Apr 26 08:50:08 ICTM1612S02H1 systemd-udevd[3330]: seq 4608 running
Apr 26 08:50:08 ICTM1612S02H1 systemd-udevd[3528]: value '[dmi/id]sys_vendor' is 'Dell Inc.'
Apr 26 08:50:08 ICTM1612S02H1 systemd-udevd[3332]: IMPORT builtin 'hwdb' returned non-zero
Apr 26 08:50:08 ICTM1612S02H1 systemd-udevd[3328]: atomically replace '/dev/disk/by-id/scsi-360080e5000290b5400008a2d5605fd7e'
Apr 26 08:50:08 ICTM1612S02H1 systemd-udevd[3337]: LINK 'disk/by-id/scsi-360080e500029092400008d505605f98b' /lib/udev/rules.d/58-scsi-sg3_symlink.rules:15
Apr 26 08:50:08 ICTM1612S02H1 systemd-udevd[1562]: seq 4609 queued, 'add' 'scsi_disk'
Apr 26 08:50:08 ICTM1612S02H1 systemd-udevd[3330]: value '[dmi/id]sys_vendor' is 'Dell Inc.'
Apr 26 08:50:08 ICTM1612S02H1 systemd-udevd[3528]: GROUP 6 /lib/udev/rules.d/50-udev-default.rules:63
Apr 26 08:50:08 ICTM1612S02H1 systemd-udevd[3328]: creating link '/dev/disk/by-id/scsi-SNETAPP_INF-01-00_SR21500107' to '/dev/sdc'
Apr 26 08:50:08 ICTM1612S02H1 systemd-udevd[3332]: path '[module/sg](null)' is '/sys/module/sg'
Apr 26 08:50:08 ICTM1612S02H1 systemd-udevd[1562]: seq 4610 queued, 'add' 'bsg'
Apr 26 08:50:08 ICTM1612S02H1 systemd-udevd[3337]: LINK 'disk/by-id/scsi-360080e500029092400008d505605f98b' /lib/udev/rules.d/60-persistent-storage.rules:36
Apr 26 08:50:08 ICTM1612S02H1 systemd-udevd[3330]: value '[dmi/id]sys_vendor' is 'Dell Inc.'
Apr 26 08:50:08 ICTM1612S02H1 systemd-udevd[3528]: handling device node '/dev/sg21', devnum=c21:21, mode=0660, uid=0, gid=6
Apr 26 08:50:08 ICTM1612S02H1 systemd-udevd[3328]: creating symlink '/dev/disk/by-id/scsi-SNETAPP_INF-01-00_SR21500107' to '../../sdc'
Apr 26 08:50:08 ICTM1612S02H1 systemd-udevd[3332]: RUN 'kmod load $env{MODALIAS}' /lib/udev/rules.d/80-drivers.rules:5
Apr 26 08:50:08 ICTM1612S02H1 systemd-udevd[1562]: passed 226 byte device to netlink monitor 0x55efe9ce9f20
Apr 26 08:50:08 ICTM1612S02H1 systemd-udevd[3344]: seq 4610 running
Apr 26 08:50:08 ICTM1612S02H1 systemd-udevd[3337]: IMPORT builtin 'path_id' /lib/udev/rules.d/60-persistent-storage.rules:54
Apr 26 08:50:08 ICTM1612S02H1 systemd-udevd[3528]: set permissions /dev/sg21, 020660, uid=0, gid=6
Apr 26 08:50:08 ICTM1612S02H1 systemd-udevd[3330]: GROUP 6 /lib/udev/rules.d/50-udev-default.rules:63
Apr 26 08:50:08 ICTM1612S02H1 systemd-udevd[3328]: found 'b8:16' claiming '/run/udev/links/\x2fdisk\x2fby-id\x2fwwn-0x60080e5000290b5400008a2d5605fd7e'
Apr 26 08:50:08 ICTM1612S02H1 systemd-udevd[3332]: Execute 'load' 'scsi:t-0x00'
Apr 26 08:50:08 ICTM1612S02H1 systemd-udevd[1562]: seq 4611 queued, 'add' 'scsi_device'
Apr 26 08:50:08 ICTM1612S02H1 systemd-udevd[3344]: value '[dmi/id]sys_vendor' is 'Dell Inc.'
Apr 26 08:50:08 ICTM1612S02H1 systemd-udevd[3528]: creating symlink '/dev/char/21:21' to '../sg21'
Apr 26 08:50:08 ICTM1612S02H1 systemd-udevd[3337]: LINK 'disk/by-path/ip-fe80:0000:0000:0000:0192:0012:0021:0111:3260-iscsi-iqn.1992-08.com.netapp:5504.60080e5000290924000000005525f5de-lun-1' /lib/udev/rules.d/60-persistent-storage.rules:55
Apr 26 08:50:08 ICTM1612S02H1 systemd-udevd[3330]: handling device node '/dev/sg22', devnum=c21:22, mode=0660, uid=0, gid=6
Apr 26 08:50:08 ICTM1612S02H1 systemd-udevd[3328]: creating link '/dev/disk/by-id/wwn-0x60080e5000290b5400008a2d5605fd7e' to '/dev/sdc'
Apr 26 08:50:08 ICTM1612S02H1 systemd-udevd[3332]: No module matches 'scsi:t-0x00'
Apr 26 08:50:08 ICTM1612S02H1 systemd-udevd[1562]: passed 201 byte device to netlink monitor 0x55efe9ce9f20
Apr 26 08:50:08 ICTM1612S02H1 systemd-udevd[3344]: value '[dmi/id]sys_vendor' is 'Dell Inc.'
Apr 26 08:50:08 ICTM1612S02H1 systemd-udevd[3528]: created empty file '/run/udev/data/c21:21' for '/devices/platform/host19/session4/target19:0:0/19:0:0:2/scsi_generic/sg21'
Apr 26 08:50:08 ICTM1612S02H1 systemd-udevd[3337]: IMPORT builtin 'blkid' /lib/udev/rules.d/60-persistent-storage.rules:66
Apr 26 08:50:08 ICTM1612S02H1 systemd-udevd[3337]: probe /dev/sde raid offset=0
Apr 26 08:50:08 ICTM1612S02H1 systemd-udevd[3328]: atomically replace '/dev/disk/by-id/wwn-0x60080e5000290b5400008a2d5605fd7e'
Apr 26 08:50:08 ICTM1612S02H1 systemd-udevd[3332]: passed device to netlink monitor 0x55efe9cf7970
Apr 26 08:50:08 ICTM1612S02H1 systemd-udevd[1562]: seq 4612 queued, 'add' 'bsg'
Apr 26 08:50:08 ICTM1612S02H1 systemd-udevd[3319]: seq 4611 running
Apr 26 08:50:08 ICTM1612S02H1 systemd-udevd[3528]: passed device to netlink monitor 0x55efe9d14020
Apr 26 08:50:08 ICTM1612S02H1 systemd-udevd[3344]: handling device node '/dev/bsg/19:0:0:2', devnum=c249:25, mode=0600, uid=0, gid=0
Apr 26 08:50:08 ICTM1612S02H1 systemd-udevd[3330]: set permissions /dev/sg22, 020660, uid=0, gid=6
Apr 26 08:50:08 ICTM1612S02H1 systemd-udevd[3328]: creating link '/dev/disk/by-path/ip-fe80:0000:0000:0000:0192:0012:0021:0112:3260-iscsi-iqn.1992-08.com.netapp:5504.60080e5000290924000000005525f5de-lun-0' to '/dev/sdc'
Apr 26 08:50:08 ICTM1612S02H1 systemd-udevd[3332]: seq 4606 processed
Apr 26 08:50:08 ICTM1612S02H1 systemd-udevd[1562]: passed 226 byte device to netlink monitor 0x55efe9ce9f20
Apr 26 08:50:08 ICTM1612S02H1 systemd-udevd[3326]: seq 4612 running
Apr 26 08:50:08 ICTM1612S02H1 systemd-udevd[3326]: value '[dmi/id]sys_vendor' is 'Dell Inc.'
Apr 26 08:50:08 ICTM1612S02H1 systemd-udevd[3319]: value '[dmi/id]sys_vendor' is 'Dell Inc.'
Apr 26 08:50:08 ICTM1612S02H1 systemd-udevd[3344]: preserve permissions /dev/bsg/19:0:0:2, 020600, uid=0, gid=0
Apr 26 08:50:08 ICTM1612S02H1 systemd-udevd[3330]: creating symlink '/dev/char/21:22' to '../sg22'
Apr 26 08:50:08 ICTM1612S02H1 systemd-udevd[3328]: creating symlink '/dev/disk/by-path/ip-fe80:0000:0000:0000:0192:0012:0021:0112:3260-iscsi-iqn.1992-08.com.netapp:5504.60080e5000290924000000005525f5de-lun-0' to '../../sdc'
Apr 26 08:50:08 ICTM1612S02H1 systemd-udevd[1562]: passed 193 byte device to netlink monitor 0x55efe9ce9f20
Apr 26 08:50:08 ICTM1612S02H1 systemd-udevd[3332]: seq 4609 running
Apr 26 08:50:08 ICTM1612S02H1 systemd-udevd[3528]: seq 4607 processed
Apr 26 08:50:08 ICTM1612S02H1 systemd-udevd[3326]: value '[dmi/id]sys_vendor' is 'Dell Inc.'
Apr 26 08:50:08 ICTM1612S02H1 systemd-udevd[3319]: value '[dmi/id]sys_vendor' is 'Dell Inc.'
Apr 26 08:50:08 ICTM1612S02H1 systemd-udevd[3344]: creating symlink '/dev/char/249:25' to '../bsg/19:0:0:2'
Apr 26 08:50:08 ICTM1612S02H1 systemd-udevd[3330]: created empty file '/run/udev/data/c21:22' for '/devices/platform/host18/session3/target18:0:0/18:0:0:2/scsi_generic/sg22'
Apr 26 08:50:08 ICTM1612S02H1 systemd-udevd[3328]: created db file '/run/udev/data/b8:32' for '/devices/platform/host18/session3/target18:0:0/18:0:0:0/block/sdc'
Apr 26 08:50:08 ICTM1612S02H1 systemd-udevd[1562]: seq 4613 queued, 'add' 'scsi_generic'
Apr 26 08:50:08 ICTM1612S02H1 systemd-udevd[3332]: value '[dmi/id]sys_vendor' is 'Dell Inc.'
Apr 26 08:50:08 ICTM1612S02H1 systemd-udevd[3326]: handling device node '/dev/bsg/18:0:0:2', devnum=c249:26, mode=0600, uid=0, gid=0
Apr 26 08:50:08 ICTM1612S02H1 systemd-udevd[3344]: created empty file '/run/udev/data/c249:25' for '/devices/platform/host19/session4/target19:0:0/19:0:0:2/bsg/19:0:0:2'
Apr 26 08:50:08 ICTM1612S02H1 systemd-udevd[3319]: passed device to netlink monitor 0x55efe9ce9790
Apr 26 08:50:08 ICTM1612S02H1 systemd-udevd[3330]: passed device to netlink monitor 0x55efe9cfafc0
Apr 26 08:50:08 ICTM1612S02H1 systemd-udevd[1562]: passed 233 byte device to netlink monitor 0x55efe9ce9f20
Apr 26 08:50:08 ICTM1612S02H1 systemd-udevd[3357]: seq 4613 running
Apr 26 08:50:08 ICTM1612S02H1 systemd-udevd[3605]: starting '/lib/udev/hdparm'
Apr 26 08:50:08 ICTM1612S02H1 systemd-udevd[3332]: value '[dmi/id]sys_vendor' is 'Dell Inc.'
Apr 26 08:50:08 ICTM1612S02H1 systemd-udevd[3326]: preserve permissions /dev/bsg/18:0:0:2, 020600, uid=0, gid=0
Apr 26 08:50:08 ICTM1612S02H1 systemd-udevd[3344]: passed device to netlink monitor 0x55efe9d53b20
Apr 26 08:50:08 ICTM1612S02H1 systemd-udevd[3319]: seq 4611 processed
Apr 26 08:50:08 ICTM1612S02H1 systemd-udevd[3330]: seq 4608 processed
Apr 26 08:50:08 ICTM1612S02H1 systemd-udevd[1562]: seq 4614 queued, 'add' 'scsi'
Apr 26 08:50:08 ICTM1612S02H1 systemd-udevd[3357]: value '[dmi/id]sys_vendor' is 'Dell Inc.'
Apr 26 08:50:08 ICTM1612S02H1 systemd-udevd[3326]: creating symlink '/dev/char/249:26' to '../bsg/18:0:0:2'
Apr 26 08:50:08 ICTM1612S02H1 systemd-udevd[3332]: passed device to netlink monitor 0x55efe9cf7970
Apr 26 08:50:08 ICTM1612S02H1 systemd-udevd[3344]: seq 4610 processed
Apr 26 08:50:08 ICTM1612S02H1 systemd-udevd[1562]: passed 212 byte device to netlink monitor 0x55efe9ce9f20
Apr 26 08:50:08 ICTM1612S02H1 systemd-udevd[3528]: seq 4614 running
Apr 26 08:50:08 ICTM1612S02H1 systemd-udevd[3357]: value '[dmi/id]sys_vendor' is 'Dell Inc.'
Apr 26 08:50:08 ICTM1612S02H1 systemd-udevd[3326]: created empty file '/run/udev/data/c249:26' for '/devices/platform/host18/session3/target18:0:0/18:0:0:2/bsg/18:0:0:2'
Apr 26 08:50:08 ICTM1612S02H1 systemd-udevd[3332]: seq 4609 processed
Apr 26 08:50:08 ICTM1612S02H1 systemd-udevd[3328]: '/lib/udev/hdparm'(out) ''
Apr 26 08:50:08 ICTM1612S02H1 systemd-udevd[3360]: LINK 'disk/by-id/wwn-0x60080e5000290b5400008a2d5605fd7e' /lib/udev/rules.d/60-persistent-storage.rules:73
Apr 26 08:50:08 ICTM1612S02H1 systemd-udevd[3543]: LINK 'disk/by-id/wwn-0x60080e5000290b5400008a2d5605fd7e' /lib/udev/rules.d/60-persistent-storage.rules:73
Apr 26 08:50:08 ICTM1612S02H1 systemd-udevd[3337]: LINK 'disk/by-id/wwn-0x60080e500029092400008d505605f98b' /lib/udev/rules.d/60-persistent-storage.rules:73
Apr 26 08:50:08 ICTM1612S02H1 systemd-udevd[1562]: seq 4615 queued, 'add' 'block'
Apr 26 08:50:08 ICTM1612S02H1 systemd-udevd[3528]: value '[dmi/id]sys_vendor' is 'Dell Inc.'
Apr 26 08:50:08 ICTM1612S02H1 systemd-udevd[3326]: passed device to netlink monitor 0x55efe9cf9830
Apr 26 08:50:08 ICTM1612S02H1 systemd-udevd[3357]: GROUP 6 /lib/udev/rules.d/50-udev-default.rules:63
Apr 26 08:50:08 ICTM1612S02H1 systemd-udevd[3328]: '/lib/udev/hdparm'(out) '/dev/sdc:'
Apr 26 08:50:08 ICTM1612S02H1 systemd-udevd[3360]: IMPORT 'probe-bcache -o udev /dev/sdf' /lib/udev/rules.d/69-bcache.rules:16
Apr 26 08:50:08 ICTM1612S02H1 systemd-udevd[3543]: IMPORT 'probe-bcache -o udev /dev/sdd' /lib/udev/rules.d/69-bcache.rules:16
Apr 26 08:50:08 ICTM1612S02H1 systemd-udevd[3337]: IMPORT 'probe-bcache -o udev /dev/sde' /lib/udev/rules.d/69-bcache.rules:16
Apr 26 08:50:08 ICTM1612S02H1 systemd-udevd[1562]: passed 228 byte device to netlink monitor 0x55efe9ce9f20
Apr 26 08:50:08 ICTM1612S02H1 systemd-udevd[3330]: seq 4615 running
Apr 26 08:50:08 ICTM1612S02H1 systemd-udevd[3528]: value '[dmi/id]sys_vendor' is 'Dell Inc.'
Apr 26 08:50:08 ICTM1612S02H1 systemd-udevd[3326]: seq 4612 processed
Apr 26 08:50:08 ICTM1612S02H1 systemd-udevd[3328]: '/lib/udev/hdparm'(out) ' setting Advanced Power Management level to 0xfe (254)'
Apr 26 08:50:08 ICTM1612S02H1 systemd-udevd[3357]: handling device node '/dev/sg23', devnum=c21:23, mode=0660, uid=0, gid=6
Apr 26 08:50:08 ICTM1612S02H1 systemd-udevd[3635]: starting 'probe-bcache -o udev /dev/sdf'
Apr 26 08:50:08 ICTM1612S02H1 systemd-udevd[3636]: starting 'probe-bcache -o udev /dev/sdd'
Apr 26 08:50:08 ICTM1612S02H1 systemd-udevd[1562]: seq 4616 queued, 'add' 'block'
Apr 26 08:50:08 ICTM1612S02H1 systemd-udevd[3637]: starting 'probe-bcache -o udev /dev/sde'
Apr 26 08:50:08 ICTM1612S02H1 systemd-udevd[3528]: IMPORT builtin 'hwdb' /lib/udev/rules.d/50-udev-default.rules:15
Apr 26 08:50:08 ICTM1612S02H1 systemd-udevd[3330]: value '[dmi/id]sys_vendor' is 'Dell Inc.'
Apr 26 08:50:08 ICTM1612S02H1 systemd-udevd[3328]: '/lib/udev/hdparm'(out) ' APM_level = not supported'
Apr 26 08:50:08 ICTM1612S02H1 systemd-udevd[3357]: set permissions /dev/sg23, 020660, uid=0, gid=6
Apr 26 08:50:08 ICTM1612S02H1 systemd-udevd[1562]: passed 227 byte device to netlink monitor 0x55efe9ce9f20
Apr 26 08:50:08 ICTM1612S02H1 systemd-udevd[3332]: seq 4616 running
Apr 26 08:50:08 ICTM1612S02H1 systemd-udevd[3528]: IMPORT builtin 'hwdb' returned non-zero
Apr 26 08:50:08 ICTM1612S02H1 systemd-udevd[3330]: value '[dmi/id]sys_vendor' is 'Dell Inc.'
Apr 26 08:50:08 ICTM1612S02H1 systemd-udevd[3328]: Process '/lib/udev/hdparm' succeeded.
Apr 26 08:50:08 ICTM1612S02H1 systemd-udevd[3357]: creating symlink '/dev/char/21:23' to '../sg23'
Apr 26 08:50:08 ICTM1612S02H1 systemd-udevd[1562]: seq 4617 queued, 'add' 'scsi_device'
Apr 26 08:50:08 ICTM1612S02H1 systemd-udevd[3332]: value '[dmi/id]sys_vendor' is 'Dell Inc.'
Apr 26 08:50:08 ICTM1612S02H1 systemd-udevd[3528]: path '[module/sg](null)' is '/sys/module/sg'
Apr 26 08:50:08 ICTM1612S02H1 systemd-udevd[3330]: GROUP 6 /lib/udev/rules.d/50-udev-default.rules:55
Apr 26 08:50:08 ICTM1612S02H1 systemd-udevd[3328]: adding watch on '/dev/sdc'
Apr 26 08:50:08 ICTM1612S02H1 systemd-udevd[3357]: created empty file '/run/udev/data/c21:23' for '/devices/platform/host22/session7/target22:0:0/22:0:0:131/scsi_generic/sg23'
Apr 26 08:50:08 ICTM1612S02H1 systemd-udevd[1562]: passed 201 byte device to netlink monitor 0x55efe9ce9f20
Apr 26 08:50:08 ICTM1612S02H1 systemd-udevd[3344]: seq 4617 running
Apr 26 08:50:08 ICTM1612S02H1 systemd-udevd[3332]: value '[dmi/id]sys_vendor' is 'Dell Inc.'
Apr 26 08:50:08 ICTM1612S02H1 systemd-udevd[3528]: RUN 'kmod load $env{MODALIAS}' /lib/udev/rules.d/80-drivers.rules:5
Apr 26 08:50:08 ICTM1612S02H1 systemd-udevd[3330]: IMPORT '/usr/bin/sg_inq --export /dev/sdi' /lib/udev/rules.d/55-scsi-sg3_id.rules:10
Apr 26 08:50:08 ICTM1612S02H1 systemd-udevd[3360]: Process 'probe-bcache -o udev /dev/sdf' succeeded.
Apr 26 08:50:08 ICTM1612S02H1 systemd-udevd[3543]: Process 'probe-bcache -o udev /dev/sdd' succeeded.
Apr 26 08:50:08 ICTM1612S02H1 systemd-udevd[3328]: created db file '/run/udev/data/b8:32' for '/devices/platform/host18/session3/target18:0:0/18:0:0:0/block/sdc'
Apr 26 08:50:08 ICTM1612S02H1 systemd-udevd[3337]: Process 'probe-bcache -o udev /dev/sde' succeeded.
Apr 26 08:50:08 ICTM1612S02H1 systemd-udevd[3357]: passed device to netlink monitor 0x55efe9cfa330
Apr 26 08:50:08 ICTM1612S02H1 systemd-udevd[1562]: seq 4618 queued, 'add' 'bsg'
Apr 26 08:50:08 ICTM1612S02H1 systemd-udevd[3344]: value '[dmi/id]sys_vendor' is 'Dell Inc.'
Apr 26 08:50:08 ICTM1612S02H1 systemd-udevd[3332]: GROUP 6 /lib/udev/rules.d/50-udev-default.rules:55
Apr 26 08:50:08 ICTM1612S02H1 systemd-udevd[3528]: Execute 'load' 'scsi:t-0x00'
Apr 26 08:50:08 ICTM1612S02H1 systemd-udevd[3360]: RUN '/lib/udev/hdparm' /lib/udev/rules.d/85-hdparm.rules:1
Apr 26 08:50:08 ICTM1612S02H1 systemd-udevd[3639]: starting '/usr/bin/sg_inq --export /dev/sdi'
Apr 26 08:50:08 ICTM1612S02H1 systemd-udevd[3543]: RUN '/lib/udev/hdparm' /lib/udev/rules.d/85-hdparm.rules:1
Apr 26 08:50:08 ICTM1612S02H1 systemd-udevd[3328]: passed device to netlink monitor 0x55efe9d14240
Apr 26 08:50:08 ICTM1612S02H1 systemd-udevd[3337]: RUN '/lib/udev/hdparm' /lib/udev/rules.d/85-hdparm.rules:1
Apr 26 08:50:08 ICTM1612S02H1 systemd-udevd[3357]: seq 4613 processed
Apr 26 08:50:08 ICTM1612S02H1 systemd-udevd[1562]: passed 232 byte device to netlink monitor 0x55efe9ce9f20
Apr 26 08:50:08 ICTM1612S02H1 systemd[1]: dev-disk-by\x2did-scsi\x2d360080e5000290b5400008a2d5605fd7e.device: Dev dev-disk-by\x2did-scsi\x2d360080e5000290b5400008a2d5605fd7e.device appeared twice with different sysfs paths /sys/devices/platform/host16/session1/target16:0:0/16:0:0:0/block/sdb and /sys/devices/platform/host18/session3/target18:0:0/18:0:0:0/block/sdc
Apr 26 08:50:08 ICTM1612S02H1 systemd-udevd[3319]: seq 4618 running
Apr 26 08:50:08 ICTM1612S02H1 systemd-udevd[3344]: value '[dmi/id]sys_vendor' is 'Dell Inc.'
Apr 26 08:50:08 ICTM1612S02H1 systemd-udevd[3332]: IMPORT '/usr/bin/sg_inq --export /dev/sdg' /lib/udev/rules.d/55-scsi-sg3_id.rules:10
Apr 26 08:50:08 ICTM1612S02H1 systemd-udevd[3528]: No module matches 'scsi:t-0x00'
Apr 26 08:50:08 ICTM1612S02H1 systemd-udevd[3360]: ATTR '/sys/devices/platform/host19/session4/target19:0:0/19:0:0:0/block/sdf/queue/max_sectors_kb' writing '32767' /etc/udev/rules.d/99-largeio-udev.rules:1
Apr 26 08:50:08 ICTM1612S02H1 systemd-udevd[3543]: ATTR '/sys/devices/platform/host17/session2/target17:0:0/17:0:0:0/block/sdd/queue/max_sectors_kb' writing '32767' /etc/udev/rules.d/99-largeio-udev.rules:1
Apr 26 08:50:08 ICTM1612S02H1 systemd-udevd[3328]: seq 4577 processed
Apr 26 08:50:08 ICTM1612S02H1 systemd-udevd[3337]: ATTR '/sys/devices/platform/host16/session1/target16:0:0/16:0:0:1/block/sde/queue/max_sectors_kb' writing '32767' /etc/udev/rules.d/99-largeio-udev.rules:1
Apr 26 08:50:08 ICTM1612S02H1 systemd-udevd[1562]: seq 4619 queued, 'add' 'scsi_disk'
Apr 26 08:50:08 ICTM1612S02H1 systemd[1]: dev-disk-by\x2did-wwn\x2d0x60080e5000290b5400008a2d5605fd7e.device: Dev dev-disk-by\x2did-wwn\x2d0x60080e5000290b5400008a2d5605fd7e.device appeared twice with different sysfs paths /sys/devices/platform/host16/session1/target16:0:0/16:0:0:0/block/sdb and /sys/devices/platform/host18/session3/target18:0:0/18:0:0:0/block/sdc
Apr 26 08:50:08 ICTM1612S02H1 systemd-udevd[3319]: value '[dmi/id]sys_vendor' is 'Dell Inc.'
Apr 26 08:50:08 ICTM1612S02H1 systemd-udevd[3528]: passed device to netlink monitor 0x55efe9d14020
Apr 26 08:50:08 ICTM1612S02H1 systemd-udevd[3344]: passed device to netlink monitor 0x55efe9d53b20
Apr 26 08:50:08 ICTM1612S02H1 systemd-udevd[3360]: handling device node '/dev/sdf', devnum=b8:80, mode=0660, uid=0, gid=6
Apr 26 08:50:08 ICTM1612S02H1 systemd-udevd[3640]: starting '/usr/bin/sg_inq --export /dev/sdg'
Apr 26 08:50:08 ICTM1612S02H1 systemd-udevd[3543]: handling device node '/dev/sdd', devnum=b8:48, mode=0660, uid=0, gid=6
Apr 26 08:50:08 ICTM1612S02H1 systemd-udevd[3330]: '/usr/bin/sg_inq --export /dev/sdi'(out) 'SCSI_TPGS=0'
Apr 26 08:50:08 ICTM1612S02H1 systemd-udevd[3337]: handling device node '/dev/sde', devnum=b8:64, mode=0660, uid=0, gid=6
Apr 26 08:50:08 ICTM1612S02H1 systemd-udevd[1562]: seq 4620 queued, 'add' 'scsi_generic'
Apr 26 08:50:08 ICTM1612S02H1 systemd-udevd[3319]: value '[dmi/id]sys_vendor' is 'Dell Inc.'
Apr 26 08:50:08 ICTM1612S02H1 systemd-udevd[3528]: seq 4614 processed
Apr 26 08:50:08 ICTM1612S02H1 systemd-udevd[3344]: seq 4617 processed
Apr 26 08:50:08 ICTM1612S02H1 systemd-udevd[3360]: set permissions /dev/sdf, 060660, uid=0, gid=6
Apr 26 08:50:08 ICTM1612S02H1 systemd[1]: dev-disk-by\x2dpath-ip\x2dfe80:0000:0000:0000:0192:0012:0021:0112:3260\x2discsi\x2diqn.1992\x2d08.com.netapp:5504.60080e5000290924000000005525f5de\x2dlun\x2d0.device: Changed dead -> plugged
Apr 26 08:50:08 ICTM1612S02H1 systemd-udevd[3543]: set permissions /dev/sdd, 060660, uid=0, gid=6
Apr 26 08:50:08 ICTM1612S02H1 systemd-udevd[3330]: '/usr/bin/sg_inq --export /dev/sdi'(out) 'SCSI_TYPE=disk'
Apr 26 08:50:08 ICTM1612S02H1 systemd-udevd[3337]: set permissions /dev/sde, 060660, uid=0, gid=6
Apr 26 08:50:08 ICTM1612S02H1 systemd-udevd[1562]: passed 233 byte device to netlink monitor 0x55efe9ce9f20
Apr 26 08:50:08 ICTM1612S02H1 systemd-udevd[3326]: seq 4620 running
Apr 26 08:50:08 ICTM1612S02H1 systemd-udevd[3319]: handling device node '/dev/bsg/22:0:0:131', devnum=c249:27, mode=0600, uid=0, gid=0
Apr 26 08:50:08 ICTM1612S02H1 systemd-udevd[3360]: creating symlink '/dev/block/8:80' to '../sdf'
Apr 26 08:50:08 ICTM1612S02H1 systemd[1]: dev-disk-by\x2did-scsi\x2dSNETAPP_INF\x2d01\x2d00_SR21500107.device: Changed dead -> plugged
Apr 26 08:50:08 ICTM1612S02H1 systemd-udevd[3543]: creating symlink '/dev/block/8:48' to '../sdd'
Apr 26 08:50:08 ICTM1612S02H1 systemd-udevd[3332]: '/usr/bin/sg_inq --export /dev/sdg'(out) 'SCSI_TPGS=0'
Apr 26 08:50:08 ICTM1612S02H1 systemd-udevd[3330]: '/usr/bin/sg_inq --export /dev/sdi'(out) 'SCSI_VENDOR=NETAPP'
Apr 26 08:50:08 ICTM1612S02H1 systemd-udevd[3337]: creating symlink '/dev/block/8:64' to '../sde'
Apr 26 08:50:08 ICTM1612S02H1 systemd-udevd[1562]: passed 197 byte device to netlink monitor 0x55efe9ce9f20
Apr 26 08:50:08 ICTM1612S02H1 systemd-udevd[3528]: seq 4619 running
Apr 26 08:50:08 ICTM1612S02H1 systemd-udevd[3326]: value '[dmi/id]sys_vendor' is 'Dell Inc.'
Apr 26 08:50:08 ICTM1612S02H1 systemd-udevd[3319]: preserve permissions /dev/bsg/22:0:0:131, 020600, uid=0, gid=0
Apr 26 08:50:08 ICTM1612S02H1 systemd-udevd[3360]: found 'b8:32' claiming '/run/udev/links/\x2fdisk\x2fby-id\x2fscsi-360080e5000290b5400008a2d5605fd7e'
Apr 26 08:50:08 ICTM1612S02H1 systemd[1]: dev-sdc.device: Changed dead -> plugged
Apr 26 08:50:08 ICTM1612S02H1 systemd-udevd[3543]: found 'b8:32' claiming '/run/udev/links/\x2fdisk\x2fby-id\x2fscsi-360080e5000290b5400008a2d5605fd7e'
Apr 26 08:50:08 ICTM1612S02H1 systemd-udevd[3332]: '/usr/bin/sg_inq --export /dev/sdg'(out) 'SCSI_TYPE=disk'
Apr 26 08:50:08 ICTM1612S02H1 systemd-udevd[3330]: '/usr/bin/sg_inq --export /dev/sdi'(out) 'SCSI_VENDOR_ENC=NETAPP\x20\x20'
Apr 26 08:50:08 ICTM1612S02H1 systemd-udevd[3337]: creating link '/dev/disk/by-id/scsi-360080e500029092400008d505605f98b' to '/dev/sde'
Apr 26 08:50:08 ICTM1612S02H1 systemd-udevd[1562]: seq 4621 queued, 'add' 'scsi_device'
Apr 26 08:50:08 ICTM1612S02H1 systemd-udevd[3528]: value '[dmi/id]sys_vendor' is 'Dell Inc.'
Apr 26 08:50:08 ICTM1612S02H1 systemd-udevd[3326]: value '[dmi/id]sys_vendor' is 'Dell Inc.'
Apr 26 08:50:08 ICTM1612S02H1 systemd-udevd[3319]: creating symlink '/dev/char/249:27' to '../bsg/22:0:0:131'
Apr 26 08:50:08 ICTM1612S02H1 systemd[1]: sys-devices-platform-host18-session3-target18:0:0-18:0:0:0-block-sdc.device: Changed dead -> plugged
Apr 26 08:50:08 ICTM1612S02H1 systemd-udevd[3360]: found 'b8:16' claiming '/run/udev/links/\x2fdisk\x2fby-id\x2fscsi-360080e5000290b5400008a2d5605fd7e'
Apr 26 08:50:08 ICTM1612S02H1 systemd-udevd[3360]: creating link '/dev/disk/by-id/scsi-360080e5000290b5400008a2d5605fd7e' to '/dev/sdf'
Apr 26 08:50:08 ICTM1612S02H1 systemd-udevd[3543]: found 'b8:16' claiming '/run/udev/links/\x2fdisk\x2fby-id\x2fscsi-360080e5000290b5400008a2d5605fd7e'
Apr 26 08:50:08 ICTM1612S02H1 systemd-udevd[3330]: '/usr/bin/sg_inq --export /dev/sdi'(out) 'SCSI_MODEL=INF-01-00'
Apr 26 08:50:08 ICTM1612S02H1 systemd-udevd[3337]: creating symlink '/dev/disk/by-id/scsi-360080e500029092400008d505605f98b' to '../../sde'
Apr 26 08:50:08 ICTM1612S02H1 systemd-udevd[1562]: passed 201 byte device to netlink monitor 0x55efe9ce9f20
Apr 26 08:50:08 ICTM1612S02H1 systemd-udevd[3344]: seq 4621 running
Apr 26 08:50:08 ICTM1612S02H1 systemd-udevd[3528]: value '[dmi/id]sys_vendor' is 'Dell Inc.'
Apr 26 08:50:08 ICTM1612S02H1 systemd-udevd[3326]: GROUP 6 /lib/udev/rules.d/50-udev-default.rules:63
Apr 26 08:50:08 ICTM1612S02H1 systemd-udevd[3319]: created empty file '/run/udev/data/c249:27' for '/devices/platform/host22/session7/target22:0:0/22:0:0:131/bsg/22:0:0:131'
Apr 26 08:50:08 ICTM1612S02H1 systemd[1]: Sent message type=signal sender=n/a destination=n/a object=/org/freedesktop/systemd1 interface=org.freedesktop.systemd1.Manager member=UnitNew cookie=146 reply_cookie=0 error=n/a
Apr 26 08:50:08 ICTM1612S02H1 systemd-udevd[3360]: atomically replace '/dev/disk/by-id/scsi-360080e5000290b5400008a2d5605fd7e'
Apr 26 08:50:08 ICTM1612S02H1 systemd-udevd[3332]: '/usr/bin/sg_inq --export /dev/sdg'(out) 'SCSI_VENDOR=NETAPP'
Apr 26 08:50:08 ICTM1612S02H1 systemd-udevd[3330]: '/usr/bin/sg_inq --export /dev/sdi'(out) 'SCSI_MODEL_ENC=INF-01-00\x20\x20\x20\x20\x20\x20\x20'
Apr 26 08:50:08 ICTM1612S02H1 systemd-udevd[3543]: creating link '/dev/disk/by-id/scsi-360080e5000290b5400008a2d5605fd7e' to '/dev/sdd'
Apr 26 08:50:08 ICTM1612S02H1 systemd-udevd[3337]: found 'b8:16' claiming '/run/udev/links/\x2fdisk\x2fby-id\x2fscsi-SNETAPP_INF-01-00_SR21500247'
Apr 26 08:50:08 ICTM1612S02H1 systemd-udevd[1562]: seq 4622 queued, 'add' 'bsg'
Apr 26 08:50:08 ICTM1612S02H1 systemd-udevd[3344]: value '[dmi/id]sys_vendor' is 'Dell Inc.'
Apr 26 08:50:08 ICTM1612S02H1 systemd-udevd[3319]: passed device to netlink monitor 0x55efe9ce9790
Apr 26 08:50:08 ICTM1612S02H1 systemd-udevd[3528]: passed device to netlink monitor 0x55efe9d14020
Apr 26 08:50:08 ICTM1612S02H1 systemd-udevd[3326]: handling device node '/dev/sg24', devnum=c21:24, mode=0660, uid=0, gid=6
Apr 26 08:50:08 ICTM1612S02H1 systemd[1]: Sent message type=signal sender=n/a destination=n/a object=/org/freedesktop/systemd1 interface=org.freedesktop.systemd1.Manager member=UnitNew cookie=147 reply_cookie=0 error=n/a
Apr 26 08:50:08 ICTM1612S02H1 systemd-udevd[3360]: found 'b8:16' claiming '/run/udev/links/\x2fdisk\x2fby-id\x2fscsi-SNETAPP_INF-01-00_SR21500247'
Apr 26 08:50:08 ICTM1612S02H1 systemd-udevd[3332]: '/usr/bin/sg_inq --export /dev/sdg'(out) 'SCSI_VENDOR_ENC=NETAPP\x20\x20'
Apr 26 08:50:08 ICTM1612S02H1 systemd-udevd[3330]: '/usr/bin/sg_inq --export /dev/sdi'(out) 'SCSI_REVISION=9820'
Apr 26 08:50:08 ICTM1612S02H1 systemd-udevd[3543]: atomically replace '/dev/disk/by-id/scsi-360080e5000290b5400008a2d5605fd7e'
Apr 26 08:50:08 ICTM1612S02H1 systemd-udevd[1562]: passed 232 byte device to netlink monitor 0x55efe9ce9f20
Apr 26 08:50:08 ICTM1612S02H1 systemd-udevd[3337]: creating link '/dev/disk/by-id/scsi-SNETAPP_INF-01-00_SR21500247' to '/dev/sde'
Apr 26 08:50:08 ICTM1612S02H1 systemd-udevd[3357]: seq 4622 running
Apr 26 08:50:08 ICTM1612S02H1 systemd-udevd[3344]: value '[dmi/id]sys_vendor' is 'Dell Inc.'
Apr 26 08:50:08 ICTM1612S02H1 systemd-udevd[3319]: seq 4618 processed
Apr 26 08:50:08 ICTM1612S02H1 systemd-udevd[3528]: seq 4619 processed
Apr 26 08:50:08 ICTM1612S02H1 systemd-udevd[3326]: set permissions /dev/sg24, 020660, uid=0, gid=6
Apr 26 08:50:08 ICTM1612S02H1 systemd[1]: Sent message type=signal sender=n/a destination=n/a object=/org/freedesktop/systemd1 interface=org.freedesktop.systemd1.Manager member=UnitNew cookie=148 reply_cookie=0 error=n/a
Apr 26 08:50:08 ICTM1612S02H1 systemd-udevd[3332]: '/usr/bin/sg_inq --export /dev/sdg'(out) 'SCSI_MODEL=INF-01-00'
Apr 26 08:50:08 ICTM1612S02H1 systemd-udevd[3360]: creating link '/dev/disk/by-id/scsi-SNETAPP_INF-01-00_SR21500247' to '/dev/sdf'
Apr 26 08:50:08 ICTM1612S02H1 systemd-udevd[3330]: Process '/usr/bin/sg_inq --export /dev/sdi' succeeded.
Apr 26 08:50:08 ICTM1612S02H1 systemd-udevd[3543]: found 'b8:32' claiming '/run/udev/links/\x2fdisk\x2fby-id\x2fscsi-SNETAPP_INF-01-00_SR21500107'
Apr 26 08:50:08 ICTM1612S02H1 systemd-udevd[1562]: seq 4623 queued, 'add' 'scsi'
Apr 26 08:50:08 ICTM1612S02H1 systemd-udevd[3337]: atomically replace '/dev/disk/by-id/scsi-SNETAPP_INF-01-00_SR21500247'
Apr 26 08:50:08 ICTM1612S02H1 systemd-udevd[3357]: value '[dmi/id]sys_vendor' is 'Dell Inc.'
Apr 26 08:50:08 ICTM1612S02H1 systemd-udevd[3344]: passed device to netlink monitor 0x55efe9d53b20
Apr 26 08:50:08 ICTM1612S02H1 systemd-udevd[3326]: creating symlink '/dev/char/21:24' to '../sg24'
Apr 26 08:50:08 ICTM1612S02H1 systemd[1]: Sent message type=signal sender=n/a destination=n/a object=/org/freedesktop/systemd1 interface=org.freedesktop.systemd1.Manager member=UnitNew cookie=149 reply_cookie=0 error=n/a
Apr 26 08:50:08 ICTM1612S02H1 systemd-udevd[3332]: '/usr/bin/sg_inq --export /dev/sdg'(out) 'SCSI_MODEL_ENC=INF-01-00\x20\x20\x20\x20\x20\x20\x20'
Apr 26 08:50:08 ICTM1612S02H1 systemd-udevd[3360]: atomically replace '/dev/disk/by-id/scsi-SNETAPP_INF-01-00_SR21500247'
Apr 26 08:50:08 ICTM1612S02H1 systemd-udevd[3330]: IMPORT '/usr/bin/sg_inq --export --page=sn /dev/sdi' /lib/udev/rules.d/55-scsi-sg3_id.rules:19
Apr 26 08:50:08 ICTM1612S02H1 systemd-udevd[3543]: creating link '/dev/disk/by-id/scsi-SNETAPP_INF-01-00_SR21500107' to '/dev/sdd'
Apr 26 08:50:08 ICTM1612S02H1 systemd-udevd[1562]: passed 210 byte device to netlink monitor 0x55efe9ce9f20
Apr 26 08:50:08 ICTM1612S02H1 systemd-udevd[3339]: seq 4623 running
Apr 26 08:50:08 ICTM1612S02H1 systemd-udevd[3337]: creating link '/dev/disk/by-id/wwn-0x60080e500029092400008d505605f98b' to '/dev/sde'
Apr 26 08:50:08 ICTM1612S02H1 systemd-udevd[3357]: value '[dmi/id]sys_vendor' is 'Dell Inc.'
Apr 26 08:50:08 ICTM1612S02H1 systemd-udevd[3344]: seq 4621 processed
Apr 26 08:50:08 ICTM1612S02H1 systemd-udevd[3326]: created empty file '/run/udev/data/c21:24' for '/devices/platform/host20/session5/target20:0:0/20:0:0:131/scsi_generic/sg24'
