Feb 8 14:28:14 ubuntu NetworkManager[1321]: [1581172094.4918] dhcp4 (wlo1): nameserver '134.104.48.12'
Feb 8 14:28:14 ubuntu NetworkManager[1321]: [1581172094.4918] dhcp4 (wlo1): nameserver '134.104.48.13'
Feb 8 14:28:14 ubuntu NetworkManager[1321]: [1581172094.4918] dhcp4 (wlo1): domain name 'mpifr-bonn.mpg.de'
Feb 8 14:28:14 ubuntu NetworkManager[1321]: [1581172094.4918] dhcp4 (wlo1): state changed bound -> bound
Feb 8 14:28:14 ubuntu dbus-daemon[1299]: [system] Activating via systemd: service name='org.freedesktop.nm_dispatcher' unit='dbus-org.freedesktop.nm-dispatcher.service' requested by ':1.15' (uid=0 pid=1321 comm="/usr/sbin/NetworkManager --no-daemon " label="unconfined")
Feb 8 14:28:14 ubuntu dhclient[5402]: bound to 134.104.50.72 -- renewal in 16 seconds.
Feb 8 14:28:14 ubuntu systemd[1]: Starting Network Manager Script Dispatcher Service...
Feb 8 14:28:14 ubuntu dbus-daemon[1299]: [system] Successfully activated service 'org.freedesktop.nm_dispatcher'
Feb 8 14:28:14 ubuntu systemd[1]: Started Network Manager Script Dispatcher Service.
Feb 8 14:28:14 ubuntu nm-dispatcher: req:1 'dhcp4-change' [wlo1]: new request (1 scripts)
Feb 8 14:28:14 ubuntu nm-dispatcher: req:1 'dhcp4-change' [wlo1]: start running ordered scripts...
Feb 8 14:28:15 ubuntu NetworkManager[1321]: [1581172095.1307] manager: NetworkManager state is now CONNECTED_GLOBAL
Feb 8 14:28:15 ubuntu nm-dispatcher: req:2 'connectivity-change': new request (1 scripts)
Feb 8 14:28:15 ubuntu nm-dispatcher: req:2 'connectivity-change': start running ordered scripts...
Feb 8 14:28:15 ubuntu whoopsie[1880]: [14:28:15] The default IPv4 route is: /org/freedesktop/NetworkManager/ActiveConnection/2
Feb 8 14:28:15 ubuntu whoopsie[1880]: [14:28:15] Not a paid data plan: /org/freedesktop/NetworkManager/ActiveConnection/2
Feb 8 14:28:15 ubuntu whoopsie[1880]: [14:28:15] Found usable connection: /org/freedesktop/NetworkManager/ActiveConnection/2
Feb 8 14:28:15 ubuntu kernel: [ 95.474361] nouveau 0000:02:00.0: DRM: failed to idle channel 0 [DRM]
Feb 8 14:28:15 ubuntu kernel: [ 95.537567] nvme0n1: p1 p2
Feb 8 14:28:15 ubuntu colord[5207]: failed to get session [pid 1290]: No data available
Feb 8 14:28:15 ubuntu colord[5207]: message repeated 3 times: [ failed to get session [pid 1290]: No data available]
Feb 8 14:28:15 ubuntu ubiquity[2331]: debconffilter_done: ubi-prepare (current: ubi-prepare)
Feb 8 14:28:15 ubuntu ubiquity[2331]: Step_before = stepPrepare
Feb 8 14:28:15 ubuntu activate-dmraid: No Serial ATA RAID disks detected
Feb 8 14:28:15 ubuntu kernel: [ 96.270358] raid6: avx2x4 gen() 35955 MB/s
Feb 8 14:28:15 ubuntu colord[5207]: failed to get session [pid 1290]: No data available
Feb 8 14:28:15 ubuntu kernel: [ 96.318359] raid6: avx2x4 xor() 23283 MB/s
Feb 8 14:28:16 ubuntu kernel: [ 96.366360] raid6: avx2x2 gen() 31478 MB/s
Feb 8 14:28:16 ubuntu kernel: [ 96.414361] raid6: avx2x2 xor() 13345 MB/s
Feb 8 14:28:16 ubuntu kernel: [ 96.462358] raid6: avx2x1 gen() 21134 MB/s
Feb 8 14:28:16 ubuntu kernel: [ 96.510361] raid6: avx2x1 xor() 17237 MB/s
Feb 8 14:28:16 ubuntu kernel: [ 96.558359] raid6: sse2x4 gen() 14880 MB/s
Feb 8 14:28:16 ubuntu kernel: [ 96.606360] raid6: sse2x4 xor() 10216 MB/s
Feb 8 14:28:16 ubuntu kernel: [ 96.654358] raid6: sse2x2 gen() 16564 MB/s
Feb 8 14:28:16 ubuntu kernel: [ 96.702360] raid6: sse2x2 xor() 11127 MB/s
Feb 8 14:28:16 ubuntu kernel: [ 96.750364] raid6: sse2x1 gen() 13221 MB/s
Feb 8 14:28:16 ubuntu kernel: [ 96.798358] raid6: sse2x1 xor() 9426 MB/s
Feb 8 14:28:16 ubuntu kernel: [ 96.798359] raid6: using algorithm avx2x4 gen() 35955 MB/s
Feb 8 14:28:16 ubuntu kernel: [ 96.798359] raid6: .... xor() 23283 MB/s, rmw enabled
Feb 8 14:28:16 ubuntu kernel: [ 96.798360] raid6: using avx2x2 recovery algorithm
Feb 8 14:28:16 ubuntu kernel: [ 96.802249] xor: automatically using best checksumming function avx
Feb 8 14:28:16 ubuntu kernel: [ 96.829690] Btrfs loaded, crc32c=crc32c-intel
Feb 8 14:28:16 ubuntu kernel: [ 96.848852] JFS: nTxBlock = 8192, nTxLock = 65536
Feb 8 14:28:16 ubuntu kernel: [ 96.883093] SGI XFS with ACLs, security attributes, realtime, no debug enabled
Feb 8 14:28:16 ubuntu colord[5207]: message repeated 3 times: [ failed to get session [pid 1290]: No data available]
Feb 8 14:28:16 ubuntu partman: No matching physical volumes found
Feb 8 14:28:16 ubuntu partman: Reading volume groups from cache.
Feb 8 14:28:16 ubuntu kernel: [ 96.971798] nvme0n1: p1 p2
Feb 8 14:28:16 ubuntu whoopsie[1880]: [14:28:16] online
Feb 8 14:28:16 ubuntu colord[5207]: failed to get session [pid 1290]: No data available
Feb 8 14:28:18 ubuntu kernel: [ 98.550064] ntfs: driver 2.1.32 [Flags: R/O MODULE].
Feb 8 14:28:18 ubuntu kernel: [ 98.581342] QNX4 filesystem 0.2.3 registered.
Feb 8 14:28:18 ubuntu colord[5207]: message repeated 6 times: [ failed to get session [pid 1290]: No data available]
Feb 8 14:28:18 ubuntu os-prober: debug: running /usr/lib/os-probes/50mounted-tests on /dev/nvme0n1p1
Feb 8 14:28:18 ubuntu 50mounted-tests: debug: mounted using GRUB fat filesystem driver
Feb 8 14:28:18 ubuntu 50mounted-tests: debug: running subtest /usr/lib/os-probes/mounted/05efi
Feb 8 14:28:18 ubuntu 05efi: debug: /dev/nvme0n1p1 is a FAT partition (mounted by GRUB)
Feb 8 14:28:18 ubuntu 05efi: debug: /dev/nvme0n1p1 partition scheme is gpt
Feb 8 14:28:18 ubuntu 05efi: debug: /dev/nvme0n1p1 partition type is c12a7328-f81f-11d2-ba4b-00a0c93ec93b
Feb 8 14:28:18 ubuntu 05efi: debug: running subtest /usr/lib/os-probes/mounted/efi/10elilo
Feb 8 14:28:18 ubuntu 05efi: debug: running subtest /usr/lib/os-probes/mounted/efi/20microsoft
Feb 8 14:28:18 ubuntu 50mounted-tests: debug: running subtest /usr/lib/os-probes/mounted/10freedos
Feb 8 14:28:18 ubuntu 10freedos: debug: /dev/nvme0n1p1 is a FAT partition (mounted by GRUB)
Feb 8 14:28:18 ubuntu 50mounted-tests: debug: running subtest /usr/lib/os-probes/mounted/10qnx
Feb 8 14:28:18 ubuntu 10qnx: debug: /dev/nvme0n1p1 is not a QNX4 partition: exiting
Feb 8 14:28:18 ubuntu 50mounted-tests: debug: running subtest /usr/lib/os-probes/mounted/20macosx
Feb 8 14:28:18 ubuntu macosx-prober: debug: /dev/nvme0n1p1 is not an HFS+ partition: exiting
Feb 8 14:28:18 ubuntu 50mounted-tests: debug: running subtest /usr/lib/os-probes/mounted/20microsoft
Feb 8 14:28:18 ubuntu 20microsoft: debug: Skipping legacy bootloaders on UEFI system
Feb 8 14:28:18 ubuntu 50mounted-tests: debug: running subtest /usr/lib/os-probes/mounted/30utility
Feb 8 14:28:18 ubuntu 30utility: debug: /dev/nvme0n1p1 is a FAT partition (mounted by GRUB)
Feb 8 14:28:18 ubuntu 50mounted-tests: debug: running subtest /usr/lib/os-probes/mounted/40lsb
Feb 8 14:28:18 ubuntu 50mounted-tests: debug: running subtest /usr/lib/os-probes/mounted/70hurd
Feb 8 14:28:18 ubuntu 50mounted-tests: debug: running subtest /usr/lib/os-probes/mounted/80minix
Feb 8 14:28:18 ubuntu 50mounted-tests: debug: running subtest /usr/lib/os-probes/mounted/83haiku
Feb 8 14:28:18 ubuntu 83haiku: debug: /dev/nvme0n1p1 is not a BeFS partition: exiting
Feb 8 14:28:18 ubuntu 50mounted-tests: debug: running subtest /usr/lib/os-probes/mounted/90linux-distro
Feb 8 14:28:18 ubuntu 50mounted-tests: debug: running subtest /usr/lib/os-probes/mounted/90solaris
Feb 8 14:28:18 ubuntu 50mounted-tests: debug: running subtest /usr/lib/os-probes/mounted/efi
Feb 8 14:28:18 ubuntu os-prober: debug: running /usr/lib/os-probes/50mounted-tests on /dev/nvme0n1p2
Feb 8 14:28:18 ubuntu colord[5207]: failed to get session [pid 1290]: No data available
Feb 8 14:28:18 ubuntu 50mounted-tests: debug: mounted using GRUB ext2 filesystem driver
Feb 8 14:28:18 ubuntu 50mounted-tests: debug: running subtest /usr/lib/os-probes/mounted/05efi
Feb 8 14:28:18 ubuntu 05efi: debug: /dev/nvme0n1p2 is ext2 partition: exiting
Feb 8 14:28:18 ubuntu 50mounted-tests: debug: running subtest /usr/lib/os-probes/mounted/10freedos
Feb 8 14:28:18 ubuntu 10freedos: debug: /dev/nvme0n1p2 is not a FAT partition: exiting
Feb 8 14:28:18 ubuntu 50mounted-tests: debug: running subtest /usr/lib/os-probes/mounted/10qnx
Feb 8 14:28:18 ubuntu 10qnx: debug: /dev/nvme0n1p2 is not a QNX4 partition: exiting
Feb 8 14:28:18 ubuntu 50mounted-tests: debug: running subtest /usr/lib/os-probes/mounted/20macosx
Feb 8 14:28:18 ubuntu macosx-prober: debug: /dev/nvme0n1p2 is not an HFS+ partition: exiting
Feb 8 14:28:18 ubuntu 50mounted-tests: debug: running subtest /usr/lib/os-probes/mounted/20microsoft
Feb 8 14:28:18 ubuntu 20microsoft: debug: Skipping legacy bootloaders on UEFI system
Feb 8 14:28:18 ubuntu 50mounted-tests: debug: running subtest /usr/lib/os-probes/mounted/30utility
Feb 8 14:28:18 ubuntu 30utility: debug: /dev/nvme0n1p2 is not a FAT partition: exiting
Feb 8 14:28:18 ubuntu 50mounted-tests: debug: running subtest /usr/lib/os-probes/mounted/40lsb
Feb 8 14:28:18 ubuntu 40lsb: result: /dev/nvme0n1p2:Ubuntu 18.04.4 LTS (18.04):Ubuntu:linux
Feb 8 14:28:18 ubuntu 50mounted-tests: debug: os found by subtest /usr/lib/os-probes/mounted/40lsb
Feb 8 14:28:18 ubuntu os-prober: debug: os detected by /usr/lib/os-probes/50mounted-tests
Feb 8 14:28:18 ubuntu os-prober: debug: running /usr/lib/os-probes/50mounted-tests on /dev/sda1
Feb 8 14:28:18 ubuntu 50mounted-tests: debug: mounted using GRUB ext2 filesystem driver
Feb 8 14:28:18 ubuntu 50mounted-tests: debug: running subtest /usr/lib/os-probes/mounted/05efi
Feb 8 14:28:18 ubuntu 05efi: debug: /dev/sda1 is ext2 partition: exiting
Feb 8 14:28:18 ubuntu 50mounted-tests: debug: running subtest /usr/lib/os-probes/mounted/10freedos
Feb 8 14:28:18 ubuntu 10freedos: debug: /dev/sda1 is not a FAT partition: exiting
Feb 8 14:28:18 ubuntu 50mounted-tests: debug: running subtest /usr/lib/os-probes/mounted/10qnx
Feb 8 14:28:18 ubuntu 10qnx: debug: /dev/sda1 is not a QNX4 partition: exiting
Feb 8 14:28:18 ubuntu 50mounted-tests: debug: running subtest /usr/lib/os-probes/mounted/20macosx
Feb 8 14:28:18 ubuntu macosx-prober: debug: /dev/sda1 is not an HFS+ partition: exiting
Feb 8 14:28:18 ubuntu 50mounted-tests: debug: running subtest /usr/lib/os-probes/mounted/20microsoft
Feb 8 14:28:18 ubuntu 20microsoft: debug: Skipping legacy bootloaders on UEFI system
Feb 8 14:28:18 ubuntu 50mounted-tests: debug: running subtest /usr/lib/os-probes/mounted/30utility
Feb 8 14:28:18 ubuntu 30utility: debug: /dev/sda1 is not a FAT partition: exiting
Feb 8 14:28:18 ubuntu 50mounted-tests: debug: running subtest /usr/lib/os-probes/mounted/40lsb
Feb 8 14:28:18 ubuntu 50mounted-tests: debug: running subtest /usr/lib/os-probes/mounted/70hurd
Feb 8 14:28:18 ubuntu 50mounted-tests: debug: running subtest /usr/lib/os-probes/mounted/80minix
Feb 8 14:28:18 ubuntu 50mounted-tests: debug: running subtest /usr/lib/os-probes/mounted/83haiku
Feb 8 14:28:18 ubuntu 83haiku: debug: /dev/sda1 is not a BeFS partition: exiting
Feb 8 14:28:18 ubuntu 50mounted-tests: debug: running subtest /usr/lib/os-probes/mounted/90linux-distro
Feb 8 14:28:18 ubuntu 50mounted-tests: debug: running subtest /usr/lib/os-probes/mounted/90solaris
Feb 8 14:28:18 ubuntu 50mounted-tests: debug: running subtest /usr/lib/os-probes/mounted/efi
Feb 8 14:28:18 ubuntu os-prober: debug: running /usr/lib/os-probes/50mounted-tests on /dev/sdb1
Feb 8 14:28:18 ubuntu 50mounted-tests: debug: mounted using GRUB, but unknown filesystem?
Feb 8 14:28:18 ubuntu 50mounted-tests: debug: running subtest /usr/lib/os-probes/mounted/05efi
Feb 8 14:28:18 ubuntu 05efi: debug: /dev/sdb1 is fuseblk partition: exiting
Feb 8 14:28:18 ubuntu 50mounted-tests: debug: running subtest /usr/lib/os-probes/mounted/10freedos
Feb 8 14:28:18 ubuntu 10freedos: debug: /dev/sdb1 is not a FAT partition: exiting
Feb 8 14:28:18 ubuntu 50mounted-tests: debug: running subtest /usr/lib/os-probes/mounted/10qnx
Feb 8 14:28:18 ubuntu 10qnx: debug: /dev/sdb1 is not a QNX4 partition: exiting
Feb 8 14:28:18 ubuntu 50mounted-tests: debug: running subtest /usr/lib/os-probes/mounted/20macosx
Feb 8 14:28:18 ubuntu macosx-prober: debug: /dev/sdb1 is not an HFS+ partition: exiting
Feb 8 14:28:18 ubuntu 50mounted-tests: debug: running subtest /usr/lib/os-probes/mounted/20microsoft
Feb 8 14:28:18 ubuntu 20microsoft: debug: Skipping legacy bootloaders on UEFI system
Feb 8 14:28:18 ubuntu 50mounted-tests: debug: running subtest /usr/lib/os-probes/mounted/30utility
Feb 8 14:28:18 ubuntu 30utility: debug: /dev/sdb1 is not a FAT partition: exiting
Feb 8 14:28:18 ubuntu 50mounted-tests: debug: running subtest /usr/lib/os-probes/mounted/40lsb
Feb 8 14:28:18 ubuntu 50mounted-tests: debug: running subtest /usr/lib/os-probes/mounted/70hurd
Feb 8 14:28:18 ubuntu 50mounted-tests: debug: running subtest /usr/lib/os-probes/mounted/80minix
Feb 8 14:28:18 ubuntu 50mounted-tests: debug: running subtest /usr/lib/os-probes/mounted/83haiku
Feb 8 14:28:18 ubuntu 83haiku: debug: /dev/sdb1 is not a BeFS partition: exiting
Feb 8 14:28:18 ubuntu 50mounted-tests: debug: running subtest /usr/lib/os-probes/mounted/90linux-distro
Feb 8 14:28:18 ubuntu 50mounted-tests: debug: running subtest /usr/lib/os-probes/mounted/90solaris
Feb 8 14:28:18 ubuntu 50mounted-tests: debug: running subtest /usr/lib/os-probes/mounted/efi
Feb 8 14:28:18 ubuntu os-prober: debug: running /usr/lib/os-probes/50mounted-tests on /dev/sdb2
Feb 8 14:28:18 ubuntu 50mounted-tests: debug: mounted using GRUB fat filesystem driver
Feb 8 14:28:18 ubuntu 50mounted-tests: debug: running subtest /usr/lib/os-probes/mounted/05efi
Feb 8 14:28:18 ubuntu 05efi: debug: /dev/sdb2 is a FAT partition (mounted by GRUB)
Feb 8 14:28:18 ubuntu 05efi: debug: /dev/sdb2 partition scheme is dos
Feb 8 14:28:18 ubuntu 05efi: debug: /dev/sdb2 partition type is 0xef
Feb 8 14:28:18 ubuntu 05efi: debug: /dev/sdb2 is not a ESP partition: exiting
Feb 8 14:28:18 ubuntu 50mounted-tests: debug: running subtest /usr/lib/os-probes/mounted/10freedos
Feb 8 14:28:18 ubuntu 10freedos: debug: /dev/sdb2 is a FAT partition (mounted by GRUB)
Feb 8 14:28:18 ubuntu colord[5207]: failed to get session [pid 1290]: No data available
Feb 8 14:28:18 ubuntu 50mounted-tests: debug: running subtest /usr/lib/os-probes/mounted/10qnx
Feb 8 14:28:18 ubuntu 10qnx: debug: /dev/sdb2 is not a QNX4 partition: exiting
Feb 8 14:28:18 ubuntu 50mounted-tests: debug: running subtest /usr/lib/os-probes/mounted/20macosx
Feb 8 14:28:18 ubuntu macosx-prober: debug: /dev/sdb2 is not an HFS+ partition: exiting
Feb 8 14:28:18 ubuntu 50mounted-tests: debug: running subtest /usr/lib/os-probes/mounted/20microsoft
Feb 8 14:28:18 ubuntu 20microsoft: debug: Skipping legacy bootloaders on UEFI system
Feb 8 14:28:18 ubuntu 50mounted-tests: debug: running subtest /usr/lib/os-probes/mounted/30utility
Feb 8 14:28:18 ubuntu 30utility: debug: /dev/sdb2 is a FAT partition (mounted by GRUB)
Feb 8 14:28:18 ubuntu 50mounted-tests: debug: running subtest /usr/lib/os-probes/mounted/40lsb
Feb 8 14:28:18 ubuntu 50mounted-tests: debug: running subtest /usr/lib/os-probes/mounted/70hurd
Feb 8 14:28:18 ubuntu 50mounted-tests: debug: running subtest /usr/lib/os-probes/mounted/80minix
Feb 8 14:28:18 ubuntu 50mounted-tests: debug: running subtest /usr/lib/os-probes/mounted/83haiku
Feb 8 14:28:18 ubuntu 83haiku: debug: /dev/sdb2 is not a BeFS partition: exiting
Feb 8 14:28:18 ubuntu 50mounted-tests: debug: running subtest /usr/lib/os-probes/mounted/90linux-distro
Feb 8 14:28:18 ubuntu 50mounted-tests: debug: running subtest /usr/lib/os-probes/mounted/90solaris
Feb 8 14:28:18 ubuntu 50mounted-tests: debug: running subtest /usr/lib/os-probes/mounted/efi
Feb 8 14:28:18 ubuntu ubiquity[2331]: Device free not found in os-prober output
Feb 8 14:28:18 ubuntu ubiquity[2331]: Device /dev/nvme0n1p1 not found in os-prober output
Feb 8 14:28:18 ubuntu ubiquity[2331]: Device free not found in os-prober output
Feb 8 14:28:18 ubuntu ubiquity[2331]: Device free not found in os-prober output
Feb 8 14:28:18 ubuntu ubiquity[2331]: Device /dev/sda1 not found in os-prober output
Feb 8 14:28:18 ubuntu ubiquity[2331]: Device free not found in os-prober output
Feb 8 14:28:18 ubuntu ubiquity[2331]: switched to page partman
Feb 8 14:28:18 ubuntu colord[5207]: failed to get session [pid 1290]: No data available
Feb 8 14:28:20 ubuntu colord[5207]: message repeated 2 times: [ failed to get session [pid 1290]: No data available]
Feb 8 14:28:20 ubuntu ubiquity[2331]: debconffilter_done: ubi-partman (current: ubi-partman)
Feb 8 14:28:20 ubuntu kernel: [ 100.916994] sda: sda1
Feb 8 14:28:20 ubuntu ubiquity[2331]: switched to page prepare
Feb 8 14:28:20 ubuntu kernel: [ 100.967025] nvme0n1: p1 p2
Feb 8 14:28:20 ubuntu colord[5207]: failed to get session [pid 1290]: No data available
Feb 8 14:28:23 ubuntu colord[5207]: message repeated 10 times: [ failed to get session [pid 1290]: No data available]
Feb 8 14:28:23 ubuntu ubiquity[2331]: debconffilter_done: ubi-prepare (current: ubi-prepare)
Feb 8 14:28:23 ubuntu ubiquity[2331]: Step_before = stepPrepare
Feb 8 14:28:23 ubuntu activate-dmraid: No Serial ATA RAID disks detected
Feb 8 14:28:23 ubuntu colord[5207]: failed to get session [pid 1290]: No data available
Feb 8 14:28:23 ubuntu partman: No matching physical volumes found
Feb 8 14:28:23 ubuntu partman: Reading volume groups from cache.
Feb 8 14:28:23 ubuntu kernel: [ 104.207821] nvme0n1: p1 p2
Feb 8 14:28:23 ubuntu systemd-timesyncd[1258]: Timed out waiting for reply from 91.189.91.157:123 (ntp.ubuntu.com).
Feb 8 14:28:24 ubuntu colord[5207]: failed to get session [pid 1290]: No data available
Feb 8 14:28:24 ubuntu kernel: [ 104.835065] nvme0n1: p1 p2
Feb 8 14:28:25 ubuntu colord[5207]: message repeated 4 times: [ failed to get session [pid 1290]: No data available]
Feb 8 14:28:25 ubuntu ubiquity[2331]: Device free not found in os-prober output
Feb 8 14:28:25 ubuntu ubiquity[2331]: Device /dev/nvme0n1p1 not found in os-prober output
Feb 8 14:28:25 ubuntu ubiquity[2331]: Device free not found in os-prober output
Feb 8 14:28:25 ubuntu ubiquity[2331]: Device free not found in os-prober output
Feb 8 14:28:25 ubuntu ubiquity[2331]: Device /dev/sda1 not found in os-prober output
Feb 8 14:28:25 ubuntu ubiquity[2331]: Device free not found in os-prober output
Feb 8 14:28:25 ubuntu ubiquity[2331]: switched to page partman
Feb 8 14:28:25 ubuntu colord[5207]: failed to get session [pid 1290]: No data available
Feb 8 14:28:30 ubuntu colord[5207]: message repeated 24 times: [ failed to get session [pid 1290]: No data available]
Feb 8 14:28:30 ubuntu dhclient[5402]: DHCPREQUEST of 134.104.50.72 on wlo1 to 134.104.48.16 port 67 (xid=0x687341ff)
Feb 8 14:28:30 ubuntu dhclient[5402]: DHCPACK of 134.104.50.72 from 134.104.48.16
Feb 8 14:28:30 ubuntu NetworkManager[1321]: [1581172110.7052] dhcp4 (wlo1): address 134.104.50.72
Feb 8 14:28:30 ubuntu NetworkManager[1321]: [1581172110.7052] dhcp4 (wlo1): plen 22 (255.255.252.0)
Feb 8 14:28:30 ubuntu NetworkManager[1321]: [1581172110.7052] dhcp4 (wlo1): gateway 134.104.48.1
Feb 8 14:28:30 ubuntu NetworkManager[1321]: [1581172110.7052] dhcp4 (wlo1): lease time 30
Feb 8 14:28:30 ubuntu NetworkManager[1321]: [1581172110.7052] dhcp4 (wlo1): hostname 'guest5072'
Feb 8 14:28:30 ubuntu NetworkManager[1321]: [1581172110.7052] dhcp4 (wlo1): nameserver '134.104.48.12'
Feb 8 14:28:30 ubuntu NetworkManager[1321]: [1581172110.7052] dhcp4 (wlo1): nameserver '134.104.48.13'
Feb 8 14:28:30 ubuntu NetworkManager[1321]: [1581172110.7052] dhcp4 (wlo1): domain name 'mpifr-bonn.mpg.de'
Feb 8 14:28:30 ubuntu NetworkManager[1321]: [1581172110.7052] dhcp4 (wlo1): state changed bound -> bound
Feb 8 14:28:30 ubuntu dbus-daemon[1299]: [system] Activating via systemd: service name='org.freedesktop.nm_dispatcher' unit='dbus-org.freedesktop.nm-dispatcher.service' requested by ':1.15' (uid=0 pid=1321 comm="/usr/sbin/NetworkManager --no-daemon " label="unconfined")
Feb 8 14:28:30 ubuntu dhclient[5402]: bound to 134.104.50.72 -- renewal in 15 seconds.
Feb 8 14:28:30 ubuntu systemd[1]: Starting Network Manager Script Dispatcher Service...
Feb 8 14:28:30 ubuntu dbus-daemon[1299]: [system] Successfully activated service 'org.freedesktop.nm_dispatcher'
Feb 8 14:28:30 ubuntu systemd[1]: Started Network Manager Script Dispatcher Service.
Feb 8 14:28:30 ubuntu nm-dispatcher: req:1 'dhcp4-change' [wlo1]: new request (1 scripts)
Feb 8 14:28:30 ubuntu nm-dispatcher: req:1 'dhcp4-change' [wlo1]: start running ordered scripts...
Feb 8 14:28:30 ubuntu colord[5207]: failed to get session [pid 1290]: No data available
Feb 8 14:28:34 ubuntu colord[5207]: message repeated 11 times: [ failed to get session [pid 1290]: No data available]
Feb 8 14:28:34 ubuntu systemd-timesyncd[1258]: Timed out waiting for reply from 91.189.89.199:123 (ntp.ubuntu.com).
Feb 8 14:28:34 ubuntu colord[5207]: failed to get session [pid 1290]: No data available
Feb 8 14:28:35 ubuntu colord[5207]: message repeated 2 times: [ failed to get session [pid 1290]: No data available]
Feb 8 14:28:45 ubuntu dhclient[5402]: DHCPREQUEST of 134.104.50.72 on wlo1 to 134.104.48.16 port 67 (xid=0x687341ff)
Feb 8 14:28:45 ubuntu dhclient[5402]: DHCPACK of 134.104.50.72 from 134.104.48.16
Feb 8 14:28:45 ubuntu NetworkManager[1321]: [1581172125.9439] dhcp4 (wlo1): address 134.104.50.72
Feb 8 14:28:45 ubuntu NetworkManager[1321]: [1581172125.9439] dhcp4 (wlo1): plen 22 (255.255.252.0)
Feb 8 14:28:45 ubuntu NetworkManager[1321]: [1581172125.9440] dhcp4 (wlo1): gateway 134.104.48.1
Feb 8 14:28:45 ubuntu NetworkManager[1321]: [1581172125.9440] dhcp4 (wlo1): lease time 30
Feb 8 14:28:45 ubuntu NetworkManager[1321]: [1581172125.9440] dhcp4 (wlo1): hostname 'guest5072'
Feb 8 14:28:45 ubuntu NetworkManager[1321]: [1581172125.9441] dhcp4 (wlo1): nameserver '134.104.48.12'
Feb 8 14:28:45 ubuntu NetworkManager[1321]: [1581172125.9441] dhcp4 (wlo1): nameserver '134.104.48.13'
Feb 8 14:28:45 ubuntu NetworkManager[1321]: [1581172125.9441] dhcp4 (wlo1): domain name 'mpifr-bonn.mpg.de'
Feb 8 14:28:45 ubuntu NetworkManager[1321]: [1581172125.9441] dhcp4 (wlo1): state changed bound -> bound
Feb 8 14:28:45 ubuntu dbus-daemon[1299]: [system] Activating via systemd: service name='org.freedesktop.nm_dispatcher' unit='dbus-org.freedesktop.nm-dispatcher.service' requested by ':1.15' (uid=0 pid=1321 comm="/usr/sbin/NetworkManager --no-daemon " label="unconfined")
Feb 8 14:28:45 ubuntu dhclient[5402]: bound to 134.104.50.72 -- renewal in 12 seconds.
Feb 8 14:28:45 ubuntu systemd[1]: Starting Network Manager Script Dispatcher Service...
Feb 8 14:28:45 ubuntu dbus-daemon[1299]: [system] Successfully activated service 'org.freedesktop.nm_dispatcher'
Feb 8 14:28:45 ubuntu systemd[1]: Started Network Manager Script Dispatcher Service.
Feb 8 14:28:45 ubuntu nm-dispatcher: req:1 'dhcp4-change' [wlo1]: new request (1 scripts)
Feb 8 14:28:45 ubuntu nm-dispatcher: req:1 'dhcp4-change' [wlo1]: start running ordered scripts...
Feb 8 14:28:48 ubuntu ubiquity[2331]: switched to page partman
Feb 8 14:28:49 ubuntu ubiquity[2331]: switched to page partman
Feb 8 14:28:49 ubuntu ubiquity: /lib/partman/choose_partition/60partition_tree/do_option: 205: /lib/partman/choose_partition/60partition_tree/do_option: /lib/partman/active_partition/copy/choices: not found
Feb 8 14:28:49 ubuntu ubiquity: message repeated 2 times: [ /lib/partman/choose_partition/60partition_tree/do_option: 205: /lib/partman/choose_partition/60partition_tree/do_option: /lib/partman/active_partition/copy/choices: not found]
Feb 8 14:28:49 ubuntu ubiquity[2331]: switched to page partman
Feb 8 14:28:56 ubuntu ubiquity[2331]: message repeated 2 times: [ switched to page partman]
Feb 8 14:28:57 ubuntu dhclient[5402]: DHCPREQUEST of 134.104.50.72 on wlo1 to 134.104.48.16 port 67 (xid=0x687341ff)
Feb 8 14:28:57 ubuntu dhclient[5402]: DHCPACK of 134.104.50.72 from 134.104.48.16
Feb 8 14:28:57 ubuntu NetworkManager[1321]: [1581172137.1993] dhcp4 (wlo1): address 134.104.50.72
Feb 8 14:28:57 ubuntu NetworkManager[1321]: [1581172137.1994] dhcp4 (wlo1): plen 22 (255.255.252.0)
Feb 8 14:28:57 ubuntu NetworkManager[1321]: [1581172137.1994] dhcp4 (wlo1): gateway 134.104.48.1
Feb 8 14:28:57 ubuntu NetworkManager[1321]: [1581172137.1994] dhcp4 (wlo1): lease time 30
Feb 8 14:28:57 ubuntu NetworkManager[1321]: [1581172137.1994] dhcp4 (wlo1): hostname 'guest5072'
Feb 8 14:28:57 ubuntu NetworkManager[1321]: [1581172137.1994] dhcp4 (wlo1): nameserver '134.104.48.12'
Feb 8 14:28:57 ubuntu NetworkManager[1321]: [1581172137.1994] dhcp4 (wlo1): nameserver '134.104.48.13'
Feb 8 14:28:57 ubuntu NetworkManager[1321]: [1581172137.1994] dhcp4 (wlo1): domain name 'mpifr-bonn.mpg.de'
Feb 8 14:28:57 ubuntu NetworkManager[1321]: [1581172137.1994] dhcp4 (wlo1): state changed bound -> bound
Feb 8 14:28:57 ubuntu dbus-daemon[1299]: [system] Activating via systemd: service name='org.freedesktop.nm_dispatcher' unit='dbus-org.freedesktop.nm-dispatcher.service' requested by ':1.15' (uid=0 pid=1321 comm="/usr/sbin/NetworkManager --no-daemon " label="unconfined")
Feb 8 14:28:57 ubuntu dhclient[5402]: bound to 134.104.50.72 -- renewal in 15 seconds.
Feb 8 14:28:57 ubuntu systemd[1]: Starting Network Manager Script Dispatcher Service...
Feb 8 14:28:57 ubuntu dbus-daemon[1299]: [system] Successfully activated service 'org.freedesktop.nm_dispatcher'
Feb 8 14:28:57 ubuntu systemd[1]: Started Network Manager Script Dispatcher Service.
Feb 8 14:28:57 ubuntu nm-dispatcher: req:1 'dhcp4-change' [wlo1]: new request (1 scripts)
Feb 8 14:28:57 ubuntu nm-dispatcher: req:1 'dhcp4-change' [wlo1]: start running ordered scripts...
Feb 8 14:29:12 ubuntu ubiquity[2331]: switched to page partman
Feb 8 14:29:12 ubuntu ubiquity[2331]: switched to page partman
Feb 8 14:29:12 ubuntu dhclient[5402]: DHCPREQUEST of 134.104.50.72 on wlo1 to 134.104.48.16 port 67 (xid=0x687341ff)
Feb 8 14:29:12 ubuntu dhclient[5402]: DHCPACK of 134.104.50.72 from 134.104.48.16
Feb 8 14:29:12 ubuntu NetworkManager[1321]: [1581172152.9561] dhcp4 (wlo1): address 134.104.50.72
Feb 8 14:29:12 ubuntu NetworkManager[1321]: [1581172152.9561] dhcp4 (wlo1): plen 22 (255.255.252.0)
Feb 8 14:29:12 ubuntu NetworkManager[1321]: [1581172152.9561] dhcp4 (wlo1): gateway 134.104.48.1
Feb 8 14:29:12 ubuntu NetworkManager[1321]: [1581172152.9561] dhcp4 (wlo1): lease time 30
Feb 8 14:29:12 ubuntu NetworkManager[1321]: [1581172152.9561] dhcp4 (wlo1): hostname 'guest5072'
Feb 8 14:29:12 ubuntu NetworkManager[1321]: [1581172152.9562] dhcp4 (wlo1): nameserver '134.104.48.12'
Feb 8 14:29:12 ubuntu NetworkManager[1321]: [1581172152.9562] dhcp4 (wlo1): nameserver '134.104.48.13'
Feb 8 14:29:12 ubuntu NetworkManager[1321]: [1581172152.9562] dhcp4 (wlo1): domain name 'mpifr-bonn.mpg.de'
Feb 8 14:29:12 ubuntu NetworkManager[1321]: [1581172152.9562] dhcp4 (wlo1): state changed bound -> bound
Feb 8 14:29:12 ubuntu dbus-daemon[1299]: [system] Activating via systemd: service name='org.freedesktop.nm_dispatcher' unit='dbus-org.freedesktop.nm-dispatcher.service' requested by ':1.15' (uid=0 pid=1321 comm="/usr/sbin/NetworkManager --no-daemon " label="unconfined")
Feb 8 14:29:12 ubuntu dhclient[5402]: bound to 134.104.50.72 -- renewal in 14 seconds.
Feb 8 14:29:12 ubuntu systemd[1]: Starting Network Manager Script Dispatcher Service...
Feb 8 14:29:12 ubuntu dbus-daemon[1299]: [system] Successfully activated service 'org.freedesktop.nm_dispatcher'
Feb 8 14:29:12 ubuntu systemd[1]: Started Network Manager Script Dispatcher Service.
Feb 8 14:29:12 ubuntu nm-dispatcher: req:1 'dhcp4-change' [wlo1]: new request (1 scripts)
Feb 8 14:29:12 ubuntu nm-dispatcher: req:1 'dhcp4-change' [wlo1]: start running ordered scripts...
Feb 8 14:29:16 ubuntu systemd-timesyncd[1258]: Timed out waiting for reply from 91.189.89.198:123 (ntp.ubuntu.com).
Feb 8 14:29:26 ubuntu dhclient[5402]: DHCPREQUEST of 134.104.50.72 on wlo1 to 134.104.48.16 port 67 (xid=0x687341ff)
Feb 8 14:29:26 ubuntu dhclient[5402]: DHCPACK of 134.104.50.72 from 134.104.48.16
Feb 8 14:29:26 ubuntu NetworkManager[1321]: [1581172166.8820] dhcp4 (wlo1): address 134.104.50.72
Feb 8 14:29:26 ubuntu NetworkManager[1321]: [1581172166.8820] dhcp4 (wlo1): plen 22 (255.255.252.0)
Feb 8 14:29:26 ubuntu NetworkManager[1321]: [1581172166.8820] dhcp4 (wlo1): gateway 134.104.48.1
Feb 8 14:29:26 ubuntu NetworkManager[1321]: [1581172166.8820] dhcp4 (wlo1): lease time 30
Feb 8 14:29:26 ubuntu NetworkManager[1321]: [1581172166.8820] dhcp4 (wlo1): hostname 'guest5072'
Feb 8 14:29:26 ubuntu NetworkManager[1321]: [1581172166.8820] dhcp4 (wlo1): nameserver '134.104.48.12'
Feb 8 14:29:26 ubuntu NetworkManager[1321]: [1581172166.8820] dhcp4 (wlo1): nameserver '134.104.48.13'
Feb 8 14:29:26 ubuntu NetworkManager[1321]: [1581172166.8820] dhcp4 (wlo1): domain name 'mpifr-bonn.mpg.de'
Feb 8 14:29:26 ubuntu NetworkManager[1321]: [1581172166.8821] dhcp4 (wlo1): state changed bound -> bound
Feb 8 14:29:26 ubuntu dbus-daemon[1299]: [system] Activating via systemd: service name='org.freedesktop.nm_dispatcher' unit='dbus-org.freedesktop.nm-dispatcher.service' requested by ':1.15' (uid=0 pid=1321 comm="/usr/sbin/NetworkManager --no-daemon " label="unconfined")
Feb 8 14:29:26 ubuntu dhclient[5402]: bound to 134.104.50.72 -- renewal in 15 seconds.
Feb 8 14:29:26 ubuntu systemd[1]: Starting Network Manager Script Dispatcher Service...
Feb 8 14:29:26 ubuntu systemd-timesyncd[1258]: Timed out waiting for reply from 91.189.94.4:123 (ntp.ubuntu.com).
Feb 8 14:29:26 ubuntu dbus-daemon[1299]: [system] Successfully activated service 'org.freedesktop.nm_dispatcher'
Feb 8 14:29:26 ubuntu systemd[1]: Started Network Manager Script Dispatcher Service.
Feb 8 14:29:26 ubuntu nm-dispatcher: req:1 'dhcp4-change' [wlo1]: new request (1 scripts)
Feb 8 14:29:26 ubuntu nm-dispatcher: req:1 'dhcp4-change' [wlo1]: start running ordered scripts...
Feb 8 14:29:37 ubuntu systemd-timesyncd[1258]: Timed out waiting for reply from 91.189.91.157:123 (ntp.ubuntu.com).
Feb 8 14:29:41 ubuntu dhclient[5402]: DHCPREQUEST of 134.104.50.72 on wlo1 to 134.104.48.16 port 67 (xid=0x687341ff)
Feb 8 14:29:41 ubuntu dhclient[5402]: DHCPACK of 134.104.50.72 from 134.104.48.16
Feb 8 14:29:41 ubuntu NetworkManager[1321]: [1581172181.0737] dhcp4 (wlo1): address 134.104.50.72
Feb 8 14:29:41 ubuntu NetworkManager[1321]: [1581172181.0737] dhcp4 (wlo1): plen 22 (255.255.252.0)
Feb 8 14:29:41 ubuntu NetworkManager[1321]: [1581172181.0737] dhcp4 (wlo1): gateway 134.104.48.1
Feb 8 14:29:41 ubuntu NetworkManager[1321]: [1581172181.0738] dhcp4 (wlo1): lease time 30
Feb 8 14:29:41 ubuntu NetworkManager[1321]: [1581172181.0738] dhcp4 (wlo1): hostname 'guest5072'
Feb 8 14:29:41 ubuntu NetworkManager[1321]: [1581172181.0738] dhcp4 (wlo1): nameserver '134.104.48.12'
Feb 8 14:29:41 ubuntu NetworkManager[1321]: [1581172181.0738] dhcp4 (wlo1): nameserver '134.104.48.13'
Feb 8 14:29:41 ubuntu NetworkManager[1321]: [1581172181.0738] dhcp4 (wlo1): domain name 'mpifr-bonn.mpg.de'
Feb 8 14:29:41 ubuntu NetworkManager[1321]: [1581172181.0738] dhcp4 (wlo1): state changed bound -> bound
Feb 8 14:29:41 ubuntu dbus-daemon[1299]: [system] Activating via systemd: service name='org.freedesktop.nm_dispatcher' unit='dbus-org.freedesktop.nm-dispatcher.service' requested by ':1.15' (uid=0 pid=1321 comm="/usr/sbin/NetworkManager --no-daemon " label="unconfined")
Feb 8 14:29:41 ubuntu dhclient[5402]: bound to 134.104.50.72 -- renewal in 15 seconds.
Feb 8 14:29:41 ubuntu systemd[1]: Starting Network Manager Script Dispatcher Service...
Feb 8 14:29:41 ubuntu dbus-daemon[1299]: [system] Successfully activated service 'org.freedesktop.nm_dispatcher'
Feb 8 14:29:41 ubuntu systemd[1]: Started Network Manager Script Dispatcher Service.
Feb 8 14:29:41 ubuntu nm-dispatcher: req:1 'dhcp4-change' [wlo1]: new request (1 scripts)
Feb 8 14:29:41 ubuntu nm-dispatcher: req:1 'dhcp4-change' [wlo1]: start running ordered scripts...
Feb 8 14:29:44 ubuntu ubiquity: /lib/partman/choose_partition/60partition_tree/do_option: 205: /lib/partman/choose_partition/60partition_tree/do_option: /lib/partman/active_partition/copy/choices: not found
Feb 8 14:29:45 ubuntu ubiquity[2331]: switched to page partman
Feb 8 14:29:45 ubuntu ubiquity[2331]: switched to page partman
Feb 8 14:29:47 ubuntu systemd-timesyncd[1258]: Timed out waiting for reply from 91.189.89.199:123 (ntp.ubuntu.com).
Feb 8 14:29:56 ubuntu dhclient[5402]: DHCPREQUEST of 134.104.50.72 on wlo1 to 134.104.48.16 port 67 (xid=0x687341ff)
Feb 8 14:29:56 ubuntu dhclient[5402]: DHCPACK of 134.104.50.72 from 134.104.48.16
Feb 8 14:29:56 ubuntu NetworkManager[1321]: [1581172196.4121] dhcp4 (wlo1): address 134.104.50.72
Feb 8 14:29:56 ubuntu NetworkManager[1321]: [1581172196.4121] dhcp4 (wlo1): plen 22 (255.255.252.0)
Feb 8 14:29:56 ubuntu NetworkManager[1321]: [1581172196.4121] dhcp4 (wlo1): gateway 134.104.48.1
Feb 8 14:29:56 ubuntu NetworkManager[1321]: [1581172196.4121] dhcp4 (wlo1): lease time 30
Feb 8 14:29:56 ubuntu NetworkManager[1321]: [1581172196.4121] dhcp4 (wlo1): hostname 'guest5072'
Feb 8 14:29:56 ubuntu NetworkManager[1321]: [1581172196.4121] dhcp4 (wlo1): nameserver '134.104.48.12'
Feb 8 14:29:56 ubuntu NetworkManager[1321]: [1581172196.4121] dhcp4 (wlo1): nameserver '134.104.48.13'
Feb 8 14:29:56 ubuntu NetworkManager[1321]: [1581172196.4121] dhcp4 (wlo1): domain name 'mpifr-bonn.mpg.de'
Feb 8 14:29:56 ubuntu NetworkManager[1321]: [1581172196.4122] dhcp4 (wlo1): state changed bound -> bound
Feb 8 14:29:56 ubuntu dbus-daemon[1299]: [system] Activating via systemd: service name='org.freedesktop.nm_dispatcher' unit='dbus-org.freedesktop.nm-dispatcher.service' requested by ':1.15' (uid=0 pid=1321 comm="/usr/sbin/NetworkManager --no-daemon " label="unconfined")
Feb 8 14:29:56 ubuntu dhclient[5402]: bound to 134.104.50.72 -- renewal in 13 seconds.
Feb 8 14:29:56 ubuntu systemd[1]: Starting Network Manager Script Dispatcher Service...
Feb 8 14:29:56 ubuntu dbus-daemon[1299]: [system] Successfully activated service 'org.freedesktop.nm_dispatcher'
Feb 8 14:29:56 ubuntu systemd[1]: Started Network Manager Script Dispatcher Service.
Feb 8 14:29:56 ubuntu nm-dispatcher: req:1 'dhcp4-change' [wlo1]: new request (1 scripts)
Feb 8 14:29:56 ubuntu nm-dispatcher: req:1 'dhcp4-change' [wlo1]: start running ordered scripts...
Feb 8 14:30:09 ubuntu dhclient[5402]: DHCPREQUEST of 134.104.50.72 on wlo1 to 134.104.48.16 port 67 (xid=0x687341ff)
Feb 8 14:30:09 ubuntu dhclient[5402]: DHCPACK of 134.104.50.72 from 134.104.48.16
Feb 8 14:30:09 ubuntu NetworkManager[1321]: [1581172209.1197] dhcp4 (wlo1): address 134.104.50.72
Feb 8 14:30:09 ubuntu NetworkManager[1321]: [1581172209.1198] dhcp4 (wlo1): plen 22 (255.255.252.0)
Feb 8 14:30:09 ubuntu NetworkManager[1321]: [1581172209.1198] dhcp4 (wlo1): gateway 134.104.48.1
Feb 8 14:30:09 ubuntu NetworkManager[1321]: [1581172209.1198] dhcp4 (wlo1): lease time 30
Feb 8 14:30:09 ubuntu NetworkManager[1321]: [1581172209.1198] dhcp4 (wlo1): hostname 'guest5072'
Feb 8 14:30:09 ubuntu NetworkManager[1321]: [1581172209.1198] dhcp4 (wlo1): nameserver '134.104.48.12'
Feb 8 14:30:09 ubuntu NetworkManager[1321]: [1581172209.1198] dhcp4 (wlo1): nameserver '134.104.48.13'
Feb 8 14:30:09 ubuntu NetworkManager[1321]: [1581172209.1198] dhcp4 (wlo1): domain name 'mpifr-bonn.mpg.de'
Feb 8 14:30:09 ubuntu NetworkManager[1321]: [1581172209.1198] dhcp4 (wlo1): state changed bound -> bound
Feb 8 14:30:09 ubuntu dbus-daemon[1299]: [system] Activating via systemd: service name='org.freedesktop.nm_dispatcher' unit='dbus-org.freedesktop.nm-dispatcher.service' requested by ':1.15' (uid=0 pid=1321 comm="/usr/sbin/NetworkManager --no-daemon " label="unconfined")
Feb 8 14:30:09 ubuntu dhclient[5402]: bound to 134.104.50.72 -- renewal in 15 seconds.
Feb 8 14:30:09 ubuntu systemd[1]: Starting Network Manager Script Dispatcher Service...
Feb 8 14:30:09 ubuntu dbus-daemon[1299]: [system] Successfully activated service 'org.freedesktop.nm_dispatcher'
Feb 8 14:30:09 ubuntu systemd[1]: Started Network Manager Script Dispatcher Service.
Feb 8 14:30:09 ubuntu nm-dispatcher: req:1 'dhcp4-change' [wlo1]: new request (1 scripts)
Feb 8 14:30:09 ubuntu nm-dispatcher: req:1 'dhcp4-change' [wlo1]: start running ordered scripts...
Feb 8 14:30:24 ubuntu dhclient[5402]: DHCPREQUEST of 134.104.50.72 on wlo1 to 134.104.48.16 port 67 (xid=0x687341ff)
Feb 8 14:30:24 ubuntu dhclient[5402]: DHCPACK of 134.104.50.72 from 134.104.48.16
Feb 8 14:30:24 ubuntu NetworkManager[1321]: [1581172224.7459] dhcp4 (wlo1): address 134.104.50.72
Feb 8 14:30:24 ubuntu NetworkManager[1321]: [1581172224.7459] dhcp4 (wlo1): plen 22 (255.255.252.0)
Feb 8 14:30:24 ubuntu NetworkManager[1321]: [1581172224.7460] dhcp4 (wlo1): gateway 134.104.48.1
Feb 8 14:30:24 ubuntu NetworkManager[1321]: [1581172224.7460] dhcp4 (wlo1): lease time 30
Feb 8 14:30:24 ubuntu NetworkManager[1321]: [1581172224.7460] dhcp4 (wlo1): hostname 'guest5072'
Feb 8 14:30:24 ubuntu NetworkManager[1321]: [1581172224.7460] dhcp4 (wlo1): nameserver '134.104.48.12'
Feb 8 14:30:24 ubuntu NetworkManager[1321]: [1581172224.7460] dhcp4 (wlo1): nameserver '134.104.48.13'
Feb 8 14:30:24 ubuntu NetworkManager[1321]: [1581172224.7460] dhcp4 (wlo1): domain name 'mpifr-bonn.mpg.de'
Feb 8 14:30:24 ubuntu NetworkManager[1321]: [1581172224.7460] dhcp4 (wlo1): state changed bound -> bound
Feb 8 14:30:24 ubuntu dbus-daemon[1299]: [system] Activating via systemd: service name='org.freedesktop.nm_dispatcher' unit='dbus-org.freedesktop.nm-dispatcher.service' requested by ':1.15' (uid=0 pid=1321 comm="/usr/sbin/NetworkManager --no-daemon " label="unconfined")
Feb 8 14:30:24 ubuntu dhclient[5402]: bound to 134.104.50.72 -- renewal in 14 seconds.
Feb 8 14:30:24 ubuntu systemd[1]: Starting Network Manager Script Dispatcher Service...
Feb 8 14:30:24 ubuntu dbus-daemon[1299]: [system] Successfully activated service 'org.freedesktop.nm_dispatcher'
Feb 8 14:30:24 ubuntu systemd[1]: Started Network Manager Script Dispatcher Service.
Feb 8 14:30:24 ubuntu nm-dispatcher: req:1 'dhcp4-change' [wlo1]: new request (1 scripts)
Feb 8 14:30:24 ubuntu nm-dispatcher: req:1 'dhcp4-change' [wlo1]: start running ordered scripts...
Feb 8 14:30:38 ubuntu dhclient[5402]: DHCPREQUEST of 134.104.50.72 on wlo1 to 134.104.48.16 port 67 (xid=0x687341ff)
Feb 8 14:30:38 ubuntu dhclient[5402]: DHCPACK of 134.104.50.72 from 134.104.48.16
Feb 8 14:30:38 ubuntu NetworkManager[1321]: [1581172238.7062] dhcp4 (wlo1): address 134.104.50.72
Feb 8 14:30:38 ubuntu NetworkManager[1321]: [1581172238.7062] dhcp4 (wlo1): plen 22 (255.255.252.0)
Feb 8 14:30:38 ubuntu NetworkManager[1321]: [1581172238.7062] dhcp4 (wlo1): gateway 134.104.48.1
Feb 8 14:30:38 ubuntu NetworkManager[1321]: [1581172238.7062] dhcp4 (wlo1): lease time 30
Feb 8 14:30:38 ubuntu NetworkManager[1321]: [1581172238.7062] dhcp4 (wlo1): hostname 'guest5072'
Feb 8 14:30:38 ubuntu NetworkManager[1321]: [1581172238.7062] dhcp4 (wlo1): nameserver '134.104.48.12'
Feb 8 14:30:38 ubuntu NetworkManager[1321]: [1581172238.7062] dhcp4 (wlo1): nameserver '134.104.48.13'
Feb 8 14:30:38 ubuntu NetworkManager[1321]: [1581172238.7062] dhcp4 (wlo1): domain name 'mpifr-bonn.mpg.de'
Feb 8 14:30:38 ubuntu NetworkManager[1321]: [1581172238.7063] dhcp4 (wlo1): state changed bound -> bound
Feb 8 14:30:38 ubuntu dbus-daemon[1299]: [system] Activating via systemd: service name='org.freedesktop.nm_dispatcher' unit='dbus-org.freedesktop.nm-dispatcher.service' requested by ':1.15' (uid=0 pid=1321 comm="/usr/sbin/NetworkManager --no-daemon " label="unconfined")
Feb 8 14:30:38 ubuntu dhclient[5402]: bound to 134.104.50.72 -- renewal in 15 seconds.
Feb 8 14:30:38 ubuntu systemd[1]: Starting Network Manager Script Dispatcher Service...
Feb 8 14:30:38 ubuntu dbus-daemon[1299]: [system] Successfully activated service 'org.freedesktop.nm_dispatcher'
Feb 8 14:30:38 ubuntu systemd[1]: Started Network Manager Script Dispatcher Service.
Feb 8 14:30:38 ubuntu nm-dispatcher: req:1 'dhcp4-change' [wlo1]: new request (1 scripts)
Feb 8 14:30:38 ubuntu nm-dispatcher: req:1 'dhcp4-change' [wlo1]: start running ordered scripts...
Feb 8 14:30:44 ubuntu ubiquity: /lib/partman/free_space/50new/do_option: 205: /lib/partman/free_space/50new/do_option: /lib/partman/active_partition/copy/choices: not found
Feb 8 14:30:44 ubuntu ubiquity: /lib/partman/free_space/50new/do_option: 205: /lib/partman/free_space/50new/do_option: /lib/partman/active_partition/copy/choices: not found
Feb 8 14:30:45 ubuntu ubiquity[2331]: switched to page partman
Feb 8 14:30:45 ubuntu ubiquity: /lib/partman/choose_partition/60partition_tree/do_option: 205: /lib/partman/choose_partition/60partition_tree/do_option: /lib/partman/active_partition/copy/choices: not found
Feb 8 14:30:45 ubuntu ubiquity[2331]: switched to page partman
Feb 8 14:30:53 ubuntu dhclient[5402]: DHCPREQUEST of 134.104.50.72 on wlo1 to 134.104.48.16 port 67 (xid=0x687341ff)
Feb 8 14:30:53 ubuntu dhclient[5402]: DHCPACK of 134.104.50.72 from 134.104.48.16
Feb 8 14:30:53 ubuntu NetworkManager[1321]: [1581172253.9313] dhcp4 (wlo1): address 134.104.50.72
Feb 8 14:30:53 ubuntu NetworkManager[1321]: [1581172253.9313] dhcp4 (wlo1): plen 22 (255.255.252.0)
Feb 8 14:30:53 ubuntu NetworkManager[1321]: [1581172253.9313] dhcp4 (wlo1): gateway 134.104.48.1
Feb 8 14:30:53 ubuntu NetworkManager[1321]: [1581172253.9313] dhcp4 (wlo1): lease time 30
Feb 8 14:30:53 ubuntu NetworkManager[1321]: [1581172253.9313] dhcp4 (wlo1): hostname 'guest5072'
Feb 8 14:30:53 ubuntu NetworkManager[1321]: [1581172253.9313] dhcp4 (wlo1): nameserver '134.104.48.12'
Feb 8 14:30:53 ubuntu NetworkManager[1321]: [1581172253.9313] dhcp4 (wlo1): nameserver '134.104.48.13'
Feb 8 14:30:53 ubuntu NetworkManager[1321]: [1581172253.9314] dhcp4 (wlo1): domain name 'mpifr-bonn.mpg.de'
Feb 8 14:30:53 ubuntu NetworkManager[1321]: [1581172253.9314] dhcp4 (wlo1): state changed bound -> bound
Feb 8 14:30:53 ubuntu dbus-daemon[1299]: [system] Activating via systemd: service name='org.freedesktop.nm_dispatcher' unit='dbus-org.freedesktop.nm-dispatcher.service' requested by ':1.15' (uid=0 pid=1321 comm="/usr/sbin/NetworkManager --no-daemon " label="unconfined")
Feb 8 14:30:53 ubuntu dhclient[5402]: bound to 134.104.50.72 -- renewal in 16 seconds.
Feb 8 14:30:53 ubuntu systemd[1]: Starting Network Manager Script Dispatcher Service...
Feb 8 14:30:53 ubuntu dbus-daemon[1299]: [system] Successfully activated service 'org.freedesktop.nm_dispatcher'
Feb 8 14:30:53 ubuntu systemd[1]: Started Network Manager Script Dispatcher Service.
Feb 8 14:30:53 ubuntu nm-dispatcher: req:1 'dhcp4-change' [wlo1]: new request (1 scripts)
Feb 8 14:30:53 ubuntu nm-dispatcher: req:1 'dhcp4-change' [wlo1]: start running ordered scripts...
Feb 8 14:31:01 ubuntu systemd-timesyncd[1258]: Timed out waiting for reply from 91.189.89.199:123 (ntp.ubuntu.com).
Feb 8 14:31:09 ubuntu dhclient[5402]: DHCPREQUEST of 134.104.50.72 on wlo1 to 134.104.48.16 port 67 (xid=0x687341ff)
Feb 8 14:31:09 ubuntu dhclient[5402]: DHCPACK of 134.104.50.72 from 134.104.48.16
Feb 8 14:31:09 ubuntu NetworkManager[1321]: [1581172269.4986] dhcp4 (wlo1): address 134.104.50.72
Feb 8 14:31:09 ubuntu NetworkManager[1321]: [1581172269.4986] dhcp4 (wlo1): plen 22 (255.255.252.0)
Feb 8 14:31:09 ubuntu NetworkManager[1321]: [1581172269.4986] dhcp4 (wlo1): gateway 134.104.48.1
Feb 8 14:31:09 ubuntu NetworkManager[1321]: [1581172269.4986] dhcp4 (wlo1): lease time 30
Feb 8 14:31:09 ubuntu NetworkManager[1321]: [1581172269.4986] dhcp4 (wlo1): hostname 'guest5072'
Feb 8 14:31:09 ubuntu NetworkManager[1321]: [1581172269.4986] dhcp4 (wlo1): nameserver '134.104.48.12'
Feb 8 14:31:09 ubuntu NetworkManager[1321]: [1581172269.4986] dhcp4 (wlo1): nameserver '134.104.48.13'
Feb 8 14:31:09 ubuntu NetworkManager[1321]: [1581172269.4986] dhcp4 (wlo1): domain name 'mpifr-bonn.mpg.de'
Feb 8 14:31:09 ubuntu NetworkManager[1321]: [1581172269.4987] dhcp4 (wlo1): state changed bound -> bound
Feb 8 14:31:09 ubuntu dbus-daemon[1299]: [system] Activating via systemd: service name='org.freedesktop.nm_dispatcher' unit='dbus-org.freedesktop.nm-dispatcher.service' requested by ':1.15' (uid=0 pid=1321 comm="/usr/sbin/NetworkManager --no-daemon " label="unconfined")
Feb 8 14:31:09 ubuntu dhclient[5402]: bound to 134.104.50.72 -- renewal in 15 seconds.
Feb 8 14:31:09 ubuntu systemd[1]: Starting Network Manager Script Dispatcher Service...
Feb 8 14:31:09 ubuntu dbus-daemon[1299]: [system] Successfully activated service 'org.freedesktop.nm_dispatcher'
Feb 8 14:31:09 ubuntu systemd[1]: Started Network Manager Script Dispatcher Service.
Feb 8 14:31:09 ubuntu nm-dispatcher: req:1 'dhcp4-change' [wlo1]: new request (1 scripts)
Feb 8 14:31:09 ubuntu nm-dispatcher: req:1 'dhcp4-change' [wlo1]: start running ordered scripts...
Feb 8 14:31:12 ubuntu systemd-timesyncd[1258]: Timed out waiting for reply from 91.189.91.157:123 (ntp.ubuntu.com).
Feb 8 14:31:22 ubuntu systemd-timesyncd[1258]: Timed out waiting for reply from 91.189.94.4:123 (ntp.ubuntu.com).
Feb 8 14:31:24 ubuntu dhclient[5402]: DHCPREQUEST of 134.104.50.72 on wlo1 to 134.104.48.16 port 67 (xid=0x687341ff)
Feb 8 14:31:24 ubuntu dhclient[5402]: DHCPACK of 134.104.50.72 from 134.104.48.16
Feb 8 14:31:24 ubuntu NetworkManager[1321]: [1581172284.1058] dhcp4 (wlo1): address 134.104.50.72
Feb 8 14:31:24 ubuntu NetworkManager[1321]: [1581172284.1058] dhcp4 (wlo1): plen 22 (255.255.252.0)
Feb 8 14:31:24 ubuntu NetworkManager[1321]: [1581172284.1058] dhcp4 (wlo1): gateway 134.104.48.1
Feb 8 14:31:24 ubuntu NetworkManager[1321]: [1581172284.1058] dhcp4 (wlo1): lease time 30
Feb 8 14:31:24 ubuntu NetworkManager[1321]: [1581172284.1058] dhcp4 (wlo1): hostname 'guest5072'
Feb 8 14:31:24 ubuntu NetworkManager[1321]: [1581172284.1059] dhcp4 (wlo1): nameserver '134.104.48.12'
Feb 8 14:31:24 ubuntu NetworkManager[1321]: [1581172284.1059] dhcp4 (wlo1): nameserver '134.104.48.13'
Feb 8 14:31:24 ubuntu NetworkManager[1321]: [1581172284.1059] dhcp4 (wlo1): domain name 'mpifr-bonn.mpg.de'
Feb 8 14:31:24 ubuntu NetworkManager[1321]: [1581172284.1059] dhcp4 (wlo1): state changed bound -> bound
Feb 8 14:31:24 ubuntu dbus-daemon[1299]: [system] Activating via systemd: service name='org.freedesktop.nm_dispatcher' unit='dbus-org.freedesktop.nm-dispatcher.service' requested by ':1.15' (uid=0 pid=1321 comm="/usr/sbin/NetworkManager --no-daemon " label="unconfined")
Feb 8 14:31:24 ubuntu dhclient[5402]: bound to 134.104.50.72 -- renewal in 15 seconds.
Feb 8 14:31:24 ubuntu systemd[1]: Starting Network Manager Script Dispatcher Service...
Feb 8 14:31:24 ubuntu dbus-daemon[1299]: [system] Successfully activated service 'org.freedesktop.nm_dispatcher'
Feb 8 14:31:24 ubuntu systemd[1]: Started Network Manager Script Dispatcher Service.
Feb 8 14:31:24 ubuntu nm-dispatcher: req:1 'dhcp4-change' [wlo1]: new request (1 scripts)
Feb 8 14:31:24 ubuntu nm-dispatcher: req:1 'dhcp4-change' [wlo1]: start running ordered scripts...
Feb 8 14:31:32 ubuntu systemd-timesyncd[1258]: Timed out waiting for reply from 91.189.89.198:123 (ntp.ubuntu.com).
Feb 8 14:31:39 ubuntu dhclient[5402]: DHCPREQUEST of 134.104.50.72 on wlo1 to 134.104.48.16 port 67 (xid=0x687341ff)
Feb 8 14:31:39 ubuntu dhclient[5402]: DHCPACK of 134.104.50.72 from 134.104.48.16
Feb 8 14:31:39 ubuntu NetworkManager[1321]: [1581172299.7805] dhcp4 (wlo1): address 134.104.50.72
Feb 8 14:31:39 ubuntu NetworkManager[1321]: [1581172299.7805] dhcp4 (wlo1): plen 22 (255.255.252.0)
Feb 8 14:31:39 ubuntu NetworkManager[1321]: [1581172299.7805] dhcp4 (wlo1): gateway 134.104.48.1
Feb 8 14:31:39 ubuntu NetworkManager[1321]: [1581172299.7805] dhcp4 (wlo1): lease time 30
Feb 8 14:31:39 ubuntu NetworkManager[1321]: [1581172299.7805] dhcp4 (wlo1): hostname 'guest5072'
Feb 8 14:31:39 ubuntu NetworkManager[1321]: [1581172299.7805] dhcp4 (wlo1): nameserver '134.104.48.12'
Feb 8 14:31:39 ubuntu NetworkManager[1321]: [1581172299.7805] dhcp4 (wlo1): nameserver '134.104.48.13'
Feb 8 14:31:39 ubuntu NetworkManager[1321]: [1581172299.7806] dhcp4 (wlo1): domain name 'mpifr-bonn.mpg.de'
Feb 8 14:31:39 ubuntu NetworkManager[1321]: [1581172299.7806] dhcp4 (wlo1): state changed bound -> bound
Feb 8 14:31:39 ubuntu dbus-daemon[1299]: [system] Activating via systemd: service name='org.freedesktop.nm_dispatcher' unit='dbus-org.freedesktop.nm-dispatcher.service' requested by ':1.15' (uid=0 pid=1321 comm="/usr/sbin/NetworkManager --no-daemon " label="unconfined")
Feb 8 14:31:39 ubuntu dhclient[5402]: bound to 134.104.50.72 -- renewal in 13 seconds.
Feb 8 14:31:39 ubuntu systemd[1]: Starting Network Manager Script Dispatcher Service...
Feb 8 14:31:39 ubuntu dbus-daemon[1299]: [system] Successfully activated service 'org.freedesktop.nm_dispatcher'
Feb 8 14:31:39 ubuntu systemd[1]: Started Network Manager Script Dispatcher Service.
Feb 8 14:31:39 ubuntu nm-dispatcher: req:1 'dhcp4-change' [wlo1]: new request (1 scripts)
Feb 8 14:31:39 ubuntu nm-dispatcher: req:1 'dhcp4-change' [wlo1]: start running ordered scripts...
Feb 8 14:31:52 ubuntu dhclient[5402]: DHCPREQUEST of 134.104.50.72 on wlo1 to 134.104.48.16 port 67 (xid=0x687341ff)
Feb 8 14:31:52 ubuntu dhclient[5402]: DHCPACK of 134.104.50.72 from 134.104.48.16
Feb 8 14:31:52 ubuntu NetworkManager[1321]: [1581172312.0722] dhcp4 (wlo1): address 134.104.50.72
Feb 8 14:31:52 ubuntu NetworkManager[1321]: [1581172312.0722] dhcp4 (wlo1): plen 22 (255.255.252.0)
Feb 8 14:31:52 ubuntu NetworkManager[1321]: [1581172312.0722] dhcp4 (wlo1): gateway 134.104.48.1
Feb 8 14:31:52 ubuntu NetworkManager[1321]: [1581172312.0723] dhcp4 (wlo1): lease time 30
Feb 8 14:31:52 ubuntu NetworkManager[1321]: [1581172312.0723] dhcp4 (wlo1): hostname 'guest5072'
Feb 8 14:31:52 ubuntu NetworkManager[1321]: [1581172312.0723] dhcp4 (wlo1): nameserver '134.104.48.12'
Feb 8 14:31:52 ubuntu NetworkManager[1321]: [1581172312.0723] dhcp4 (wlo1): nameserver '134.104.48.13'
Feb 8 14:31:52 ubuntu NetworkManager[1321]: [1581172312.0723] dhcp4 (wlo1): domain name 'mpifr-bonn.mpg.de'
Feb 8 14:31:52 ubuntu NetworkManager[1321]: [1581172312.0723] dhcp4 (wlo1): state changed bound -> bound
