Mar 20 05:45:59 kernel02 systemd-udevd[710]: passed device to netlink monitor 0x2aa42839210
Mar 20 05:45:59 kernel02 systemd-udevd[710]: seq 738 processed
Mar 20 05:45:59 kernel02 systemd-udevd[642]: seq 749 queued, 'add' 'cgroup'
Mar 20 05:45:59 kernel02 systemd-udevd[642]: passed 183 byte device to netlink monitor 0x2aa4282f7b0
Mar 20 05:45:59 kernel02 systemd-udevd[718]: seq 749 running
Mar 20 05:45:59 kernel02 systemd-udevd[715]: passed device to netlink monitor 0x2aa42837210
Mar 20 05:45:59 kernel02 systemd-udevd[715]: seq 747 processed
Mar 20 05:45:59 kernel02 systemd-udevd[642]: seq 750 queued, 'add' 'cgroup'
Mar 20 05:45:59 kernel02 systemd-udevd[642]: passed 180 byte device to netlink monitor 0x2aa4282f7b0
Mar 20 05:45:59 kernel02 systemd-udevd[707]: passed device to netlink monitor 0x2aa4282d2a0
Mar 20 05:45:59 kernel02 systemd-udevd[707]: seq 748 processed
Mar 20 05:45:59 kernel02 systemd-udevd[642]: seq 751 queued, 'add' 'cgroup'
Mar 20 05:45:59 kernel02 systemd-udevd[642]: passed 183 byte device to netlink monitor 0x2aa4282f7b0
Mar 20 05:45:59 kernel02 systemd-udevd[709]: passed device to netlink monitor 0x2aa42837ec0
Mar 20 05:45:59 kernel02 systemd-udevd[709]: seq 742 processed
Mar 20 05:45:59 kernel02 systemd-udevd[715]: seq 751 running
Mar 20 05:45:59 kernel02 systemd-udevd[718]: passed device to netlink monitor 0x2aa42840c30
Mar 20 05:45:59 kernel02 systemd-udevd[718]: seq 749 processed
Mar 20 05:45:59 kernel02 systemd-udevd[642]: seq 752 queued, 'add' 'cgroup'
Mar 20 05:45:59 kernel02 systemd-udevd[642]: passed 193 byte device to netlink monitor 0x2aa4282f7b0
Mar 20 05:45:59 kernel02 systemd-udevd[710]: seq 750 running
Mar 20 05:45:59 kernel02 systemd-udevd[707]: seq 752 running
Mar 20 05:45:59 kernel02 systemd-udevd[642]: seq 753 queued, 'add' 'cgroup'
Mar 20 05:45:59 kernel02 systemd-udevd[642]: passed 182 byte device to netlink monitor 0x2aa4282f7b0
Mar 20 05:45:59 kernel02 systemd-udevd[718]: seq 753 running
Mar 20 05:45:59 kernel02 systemd-udevd[715]: passed device to netlink monitor 0x2aa42837210
Mar 20 05:45:59 kernel02 systemd-udevd[715]: seq 751 processed
Mar 20 05:45:59 kernel02 systemd-udevd[642]: seq 754 queued, 'add' 'cgroup'
Mar 20 05:45:59 kernel02 systemd-udevd[642]: passed 183 byte device to netlink monitor 0x2aa4282f7b0
Mar 20 05:45:59 kernel02 systemd-udevd[708]: passed device to netlink monitor 0x2aa4283acb0
Mar 20 05:45:59 kernel02 systemd-udevd[708]: seq 746 processed
Mar 20 05:45:59 kernel02 systemd-udevd[707]: passed device to netlink monitor 0x2aa4282d2a0
Mar 20 05:45:59 kernel02 systemd-udevd[642]: seq 755 queued, 'add' 'cgroup'
Mar 20 05:45:59 kernel02 systemd-udevd[707]: seq 752 processed
Mar 20 05:45:59 kernel02 systemd-udevd[717]: passed device to netlink monitor 0x2aa4283faa0
Mar 20 05:45:59 kernel02 systemd-udevd[642]: passed 180 byte device to netlink monitor 0x2aa4282f7b0
Mar 20 05:45:59 kernel02 systemd-udevd[715]: seq 755 running
Mar 20 05:45:59 kernel02 systemd-udevd[709]: seq 754 running
Mar 20 05:45:59 kernel02 systemd-udevd[718]: passed device to netlink monitor 0x2aa42840c30
Mar 20 05:45:59 kernel02 systemd-udevd[718]: seq 753 processed
Mar 20 05:45:59 kernel02 systemd-udevd[642]: seq 756 queued, 'add' 'cgroup'
Mar 20 05:45:59 kernel02 systemd-udevd[642]: passed 193 byte device to netlink monitor 0x2aa4282f7b0
Mar 20 05:45:59 kernel02 systemd-udevd[707]: seq 756 running
Mar 20 05:45:59 kernel02 systemd-udevd[642]: seq 757 queued, 'add' 'cgroup'
Mar 20 05:45:59 kernel02 systemd-udevd[642]: passed 191 byte device to netlink monitor 0x2aa4282f7b0
Mar 20 05:45:59 kernel02 systemd-udevd[718]: seq 757 running
Mar 20 05:45:59 kernel02 systemd-udevd[642]: seq 758 queued, 'add' 'cgroup'
Mar 20 05:45:59 kernel02 systemd-udevd[642]: passed 183 byte device to netlink monitor 0x2aa4282f7b0
Mar 20 05:45:59 kernel02 systemd-udevd[715]: passed device to netlink monitor 0x2aa42837210
Mar 20 05:45:59 kernel02 systemd-udevd[715]: seq 755 processed
Mar 20 05:45:59 kernel02 systemd-udevd[707]: passed device to netlink monitor 0x2aa4282d2a0
Mar 20 05:45:59 kernel02 systemd-udevd[707]: seq 756 processed
Mar 20 05:45:59 kernel02 systemd-udevd[642]: seq 759 queued, 'add' 'cgroup'
Mar 20 05:45:59 kernel02 systemd-udevd[708]: seq 758 running
Mar 20 05:45:59 kernel02 systemd-udevd[642]: passed 187 byte device to netlink monitor 0x2aa4282f7b0
Mar 20 05:45:59 kernel02 systemd-udevd[716]: seq 759 running
Mar 20 05:45:59 kernel02 systemd-udevd[718]: passed device to netlink monitor 0x2aa42840c30
Mar 20 05:45:59 kernel02 systemd-udevd[718]: seq 757 processed
Mar 20 05:45:59 kernel02 systemd-udevd[642]: seq 760 queued, 'add' 'cgroup'
Mar 20 05:45:59 kernel02 systemd-udevd[710]: passed device to netlink monitor 0x2aa42839210
Mar 20 05:45:59 kernel02 systemd-udevd[642]: passed 174 byte device to netlink monitor 0x2aa4282f7b0
Mar 20 05:45:59 kernel02 systemd-udevd[710]: seq 750 processed
Mar 20 05:45:59 kernel02 systemd-udevd[715]: seq 760 running
Mar 20 05:45:59 kernel02 systemd-udevd[709]: passed device to netlink monitor 0x2aa42837ec0
Mar 20 05:45:59 kernel02 systemd-udevd[709]: seq 754 processed
Mar 20 05:45:59 kernel02 systemd-udevd[642]: seq 761 queued, 'add' 'cgroup'
Mar 20 05:45:59 kernel02 systemd-udevd[642]: passed 178 byte device to netlink monitor 0x2aa4282f7b0
Mar 20 05:45:59 kernel02 systemd-udevd[710]: seq 761 running
Mar 20 05:45:59 kernel02 systemd-udevd[642]: seq 762 queued, 'add' 'cgroup'
Mar 20 05:45:59 kernel02 systemd-udevd[642]: passed 190 byte device to netlink monitor 0x2aa4282f7b0
Mar 20 05:45:59 kernel02 systemd-udevd[715]: passed device to netlink monitor 0x2aa42837210
Mar 20 05:45:59 kernel02 systemd-udevd[715]: seq 760 processed
Mar 20 05:45:59 kernel02 systemd-udevd[718]: seq 762 running
Mar 20 05:45:59 kernel02 systemd-udevd[642]: seq 763 queued, 'add' 'cgroup'
Mar 20 05:45:59 kernel02 systemd-udevd[642]: passed 192 byte device to netlink monitor 0x2aa4282f7b0
Mar 20 05:45:59 kernel02 systemd-udevd[707]: seq 763 running
Mar 20 05:45:59 kernel02 systemd-udevd[716]: passed device to netlink monitor 0x2aa4283e220
Mar 20 05:45:59 kernel02 systemd-udevd[642]: seq 764 queued, 'add' 'cgroup'
Mar 20 05:45:59 kernel02 systemd-udevd[716]: seq 759 processed
Mar 20 05:45:59 kernel02 systemd-udevd[642]: passed 196 byte device to netlink monitor 0x2aa4282f7b0
Mar 20 05:45:59 kernel02 systemd-udevd[715]: seq 764 running
Mar 20 05:45:59 kernel02 systemd-udevd[718]: passed device to netlink monitor 0x2aa42840c30
Mar 20 05:45:59 kernel02 systemd-udevd[718]: seq 762 processed
Mar 20 05:45:59 kernel02 systemd-udevd[642]: seq 765 queued, 'add' 'cgroup'
Mar 20 05:45:59 kernel02 systemd-udevd[642]: passed 181 byte device to netlink monitor 0x2aa4282f7b0
Mar 20 05:45:59 kernel02 systemd-udevd[642]: seq 766 queued, 'add' 'cgroup'
Mar 20 05:45:59 kernel02 systemd-udevd[707]: passed device to netlink monitor 0x2aa4282d2a0
Mar 20 05:45:59 kernel02 systemd-udevd[642]: passed 184 byte device to netlink monitor 0x2aa4282f7b0
Mar 20 05:45:59 kernel02 systemd-udevd[707]: seq 763 processed
Mar 20 05:45:59 kernel02 systemd-udevd[718]: seq 766 running
Mar 20 05:45:59 kernel02 systemd-udevd[709]: seq 765 running
Mar 20 05:45:59 kernel02 systemd-udevd[715]: passed device to netlink monitor 0x2aa42837210
Mar 20 05:45:59 kernel02 systemd-udevd[715]: seq 764 processed
Mar 20 05:45:59 kernel02 systemd-udevd[642]: seq 767 queued, 'add' 'cgroup'
Mar 20 05:45:59 kernel02 systemd-udevd[642]: passed 188 byte device to netlink monitor 0x2aa4282f7b0
Mar 20 05:45:59 kernel02 systemd-udevd[716]: seq 767 running
Mar 20 05:45:59 kernel02 systemd-udevd[642]: seq 768 queued, 'add' 'cgroup'
Mar 20 05:45:59 kernel02 systemd-udevd[642]: passed 191 byte device to netlink monitor 0x2aa4282f7b0
Mar 20 05:45:59 kernel02 systemd-udevd[715]: seq 768 running
Mar 20 05:45:59 kernel02 systemd-udevd[718]: passed device to netlink monitor 0x2aa42840c30
Mar 20 05:45:59 kernel02 systemd-udevd[718]: seq 766 processed
Mar 20 05:45:59 kernel02 systemd-udevd[642]: seq 769 queued, 'add' 'cgroup'
Mar 20 05:45:59 kernel02 systemd-udevd[642]: passed 183 byte device to netlink monitor 0x2aa4282f7b0
Mar 20 05:45:59 kernel02 systemd-udevd[707]: seq 769 running
Mar 20 05:45:59 kernel02 systemd-udevd[710]: passed device to netlink monitor 0x2aa42839210
Mar 20 05:45:59 kernel02 systemd-udevd[710]: seq 761 processed
Mar 20 05:45:59 kernel02 systemd-udevd[642]: seq 770 queued, 'add' 'cgroup'
Mar 20 05:45:59 kernel02 systemd-udevd[642]: passed 186 byte device to netlink monitor 0x2aa4282f7b0
Mar 20 05:45:59 kernel02 systemd-udevd[718]: seq 770 running
Mar 20 05:45:59 kernel02 systemd-udevd[642]: seq 771 queued, 'add' 'cgroup'
Mar 20 05:45:59 kernel02 systemd-udevd[715]: passed device to netlink monitor 0x2aa42837210
Mar 20 05:45:59 kernel02 systemd-udevd[715]: seq 768 processed
Mar 20 05:45:59 kernel02 systemd-udevd[642]: passed 194 byte device to netlink monitor 0x2aa4282f7b0
Mar 20 05:45:59 kernel02 systemd-udevd[707]: passed device to netlink monitor 0x2aa4282d2a0
Mar 20 05:45:59 kernel02 systemd-udevd[642]: seq 772 queued, 'add' 'cgroup'
Mar 20 05:45:59 kernel02 systemd-udevd[707]: seq 769 processed
Mar 20 05:45:59 kernel02 systemd-udevd[642]: passed 184 byte device to netlink monitor 0x2aa4282f7b0
Mar 20 05:45:59 kernel02 systemd-udevd[709]: passed device to netlink monitor 0x2aa42837ec0
Mar 20 05:45:59 kernel02 systemd-udevd[709]: seq 765 processed
Mar 20 05:45:59 kernel02 systemd-udevd[715]: seq 772 running
Mar 20 05:45:59 kernel02 systemd-udevd[718]: passed device to netlink monitor 0x2aa42840c30
Mar 20 05:45:59 kernel02 systemd-udevd[718]: seq 770 processed
Mar 20 05:45:59 kernel02 systemd-udevd[642]: seq 773 queued, 'add' 'cgroup'
Mar 20 05:45:59 kernel02 systemd-udevd[642]: passed 175 byte device to netlink monitor 0x2aa4282f7b0
Mar 20 05:45:59 kernel02 systemd-udevd[710]: seq 771 running
Mar 20 05:45:59 kernel02 systemd-udevd[707]: seq 773 running
Mar 20 05:45:59 kernel02 systemd-udevd[642]: seq 774 queued, 'add' 'cgroup'
Mar 20 05:45:59 kernel02 systemd-udevd[642]: passed 191 byte device to netlink monitor 0x2aa4282f7b0
Mar 20 05:45:59 kernel02 systemd-udevd[715]: passed device to netlink monitor 0x2aa42837210
Mar 20 05:45:59 kernel02 systemd-udevd[718]: seq 774 running
Mar 20 05:45:59 kernel02 systemd-udevd[715]: seq 772 processed
Mar 20 05:45:59 kernel02 systemd-udevd[642]: seq 775 queued, 'add' 'cgroup'
Mar 20 05:45:59 kernel02 systemd-udevd[642]: passed 182 byte device to netlink monitor 0x2aa4282f7b0
Mar 20 05:45:59 kernel02 systemd-udevd[716]: passed device to netlink monitor 0x2aa4283e220
Mar 20 05:45:59 kernel02 systemd-udevd[716]: seq 767 processed
Mar 20 05:45:59 kernel02 systemd-udevd[707]: passed device to netlink monitor 0x2aa4282d2a0
Mar 20 05:45:59 kernel02 systemd-udevd[707]: seq 773 processed
Mar 20 05:45:59 kernel02 systemd-udevd[642]: seq 776 queued, 'add' 'cgroup'
Mar 20 05:45:59 kernel02 systemd-udevd[642]: passed 186 byte device to netlink monitor 0x2aa4282f7b0
Mar 20 05:45:59 kernel02 systemd-udevd[709]: seq 775 running
Mar 20 05:45:59 kernel02 systemd-udevd[715]: seq 776 running
Mar 20 05:45:59 kernel02 systemd-udevd[718]: passed device to netlink monitor 0x2aa42840c30
Mar 20 05:45:59 kernel02 systemd-udevd[718]: seq 774 processed
Mar 20 05:45:59 kernel02 systemd-udevd[642]: seq 777 queued, 'add' 'cgroup'
Mar 20 05:45:59 kernel02 systemd-udevd[642]: passed 177 byte device to netlink monitor 0x2aa4282f7b0
Mar 20 05:45:59 kernel02 systemd-udevd[707]: seq 777 running
Mar 20 05:45:59 kernel02 systemd-udevd[642]: seq 778 queued, 'add' 'cgroup'
Mar 20 05:45:59 kernel02 systemd-udevd[642]: passed 175 byte device to netlink monitor 0x2aa4282f7b0
Mar 20 05:45:59 kernel02 systemd-udevd[718]: seq 778 running
Mar 20 05:45:59 kernel02 systemd-udevd[715]: passed device to netlink monitor 0x2aa42837210
Mar 20 05:45:59 kernel02 systemd-udevd[715]: seq 776 processed
Mar 20 05:45:59 kernel02 systemd-udevd[642]: seq 779 queued, 'add' 'cgroup'
Mar 20 05:45:59 kernel02 systemd-udevd[642]: passed 179 byte device to netlink monitor 0x2aa4282f7b0
Mar 20 05:45:59 kernel02 systemd-udevd[716]: seq 779 running
Mar 20 05:45:59 kernel02 systemd-udevd[707]: passed device to netlink monitor 0x2aa4282d2a0
Mar 20 05:45:59 kernel02 systemd-udevd[707]: seq 777 processed
Mar 20 05:45:59 kernel02 systemd-udevd[642]: seq 780 queued, 'add' 'cgroup'
Mar 20 05:45:59 kernel02 systemd-udevd[642]: passed 189 byte device to netlink monitor 0x2aa4282f7b0
Mar 20 05:45:59 kernel02 systemd-udevd[715]: seq 780 running
Mar 20 05:45:59 kernel02 systemd-udevd[718]: passed device to netlink monitor 0x2aa42840c30
Mar 20 05:45:59 kernel02 systemd-udevd[718]: seq 778 processed
Mar 20 05:45:59 kernel02 systemd-udevd[642]: seq 781 queued, 'add' 'cgroup'
Mar 20 05:45:59 kernel02 systemd-udevd[642]: passed 178 byte device to netlink monitor 0x2aa4282f7b0
Mar 20 05:45:59 kernel02 systemd-udevd[710]: passed device to netlink monitor 0x2aa42839210
Mar 20 05:45:59 kernel02 systemd-udevd[710]: seq 771 processed
Mar 20 05:45:59 kernel02 systemd-udevd[707]: seq 781 running
Mar 20 05:45:59 kernel02 systemd-udevd[642]: seq 782 queued, 'add' 'cgroup'
Mar 20 05:45:59 kernel02 systemd-udevd[642]: passed 179 byte device to netlink monitor 0x2aa4282f7b0
Mar 20 05:45:59 kernel02 systemd-udevd[718]: seq 782 running
Mar 20 05:45:59 kernel02 systemd-udevd[715]: passed device to netlink monitor 0x2aa42837210
Mar 20 05:45:59 kernel02 systemd-udevd[715]: seq 780 processed
Mar 20 05:45:59 kernel02 systemd-udevd[642]: seq 783 queued, 'add' 'cgroup'
Mar 20 05:45:59 kernel02 systemd-udevd[642]: passed 176 byte device to netlink monitor 0x2aa4282f7b0
Mar 20 05:45:59 kernel02 systemd-udevd[707]: passed device to netlink monitor 0x2aa4282d2a0
Mar 20 05:45:59 kernel02 systemd-udevd[707]: seq 781 processed
Mar 20 05:45:59 kernel02 systemd-udevd[642]: seq 784 queued, 'add' 'cgroup'
Mar 20 05:45:59 kernel02 systemd-udevd[642]: passed 177 byte device to netlink monitor 0x2aa4282f7b0
Mar 20 05:45:59 kernel02 systemd[711]: systemd-remount-fs.service: Executing: /lib/systemd/systemd-remount-fs
Mar 20 05:45:59 kernel02 systemd-udevd[715]: seq 784 running
Mar 20 05:45:59 kernel02 systemd-udevd[718]: passed device to netlink monitor 0x2aa42840c30
Mar 20 05:45:59 kernel02 systemd-udevd[716]: passed device to netlink monitor 0x2aa4283e220
Mar 20 05:45:59 kernel02 systemd-udevd[710]: seq 783 running
Mar 20 05:45:59 kernel02 systemd-udevd[712]: seq 686 running
Mar 20 05:45:59 kernel02 systemd-udevd[713]: seq 687 running
Mar 20 05:45:59 kernel02 systemd-udevd[708]: passed device to netlink monitor 0x2aa4283acb0
Mar 20 05:45:59 kernel02 systemd-udevd[717]: seq 732 processed
Mar 20 05:45:59 kernel02 systemd-udevd[714]: seq 690 running
Mar 20 05:45:59 kernel02 systemd-udevd[714]: passed device to netlink monitor 0x2aa42835d30
Mar 20 05:45:59 kernel02 systemd[1]: systemd-remount-fs.service: Changed dead -> start
Mar 20 05:45:59 kernel02 systemd-udevd[642]: seq 785 queued, 'add' 'cgroup'
Mar 20 05:45:59 kernel02 systemd-udevd[718]: seq 782 processed
Mar 20 05:45:59 kernel02 systemd-udevd[715]: passed device to netlink monitor 0x2aa42837210
Mar 20 05:45:59 kernel02 systemd-udevd[716]: seq 779 processed
Mar 20 05:45:59 kernel02 systemd-udevd[710]: passed device to netlink monitor 0x2aa42839210
Mar 20 05:45:59 kernel02 systemd-udevd[708]: seq 758 processed
Mar 20 05:45:59 kernel02 systemd-udevd[712]: passed device to netlink monitor 0x2aa42833700
Mar 20 05:45:59 kernel02 systemd-udevd[713]: passed device to netlink monitor 0x2aa42834940
Mar 20 05:45:59 kernel02 systemd-udevd[714]: seq 690 processed
Mar 20 05:45:59 kernel02 systemd-udevd[719]: seq 710 running
Mar 20 05:45:59 kernel02 systemd[1]: Starting Remount Root and Kernel File Systems...
Mar 20 05:45:59 kernel02 systemd-udevd[719]: passed device to netlink monitor 0x2aa42841ec0
Mar 20 05:45:59 kernel02 systemd-udevd[642]: passed 181 byte device to netlink monitor 0x2aa4282f7b0
Mar 20 05:45:59 kernel02 systemd-udevd[715]: seq 784 processed
Mar 20 05:45:59 kernel02 systemd-udevd[710]: seq 783 processed
Mar 20 05:45:59 kernel02 systemd-udevd[712]: seq 686 processed
Mar 20 05:45:59 kernel02 systemd-remount-fs[711]: Remounting /
Mar 20 05:45:59 kernel02 systemd-udevd[713]: seq 687 processed
Mar 20 05:45:59 kernel02 systemd-udevd[719]: seq 710 processed
Mar 20 05:45:59 kernel02 systemd[1]: systemd-journald.service: Got notification message from PID 565 (FDSTORE=1)
Mar 20 05:45:59 kernel02 systemd[1]: systemd-journald.service: Added fd to fd store.
Mar 20 05:45:59 kernel02 systemd-udevd[642]: seq 786 queued, 'add' 'cgroup'
Mar 20 05:45:59 kernel02 systemd-udevd[642]: passed 191 byte device to netlink monitor 0x2aa4282f7b0
Mar 20 05:45:59 kernel02 systemd-udevd[714]: seq 786 running
Mar 20 05:45:59 kernel02 systemd-udevd[714]: passed device to netlink monitor 0x2aa42835d30
Mar 20 05:45:59 kernel02 systemd-udevd[707]: seq 785 running
Mar 20 05:45:59 kernel02 systemd-udevd[642]: seq 787 queued, 'add' 'cgroup'
Mar 20 05:45:59 kernel02 systemd-udevd[714]: seq 786 processed
Mar 20 05:45:59 kernel02 systemd-udevd[642]: passed 180 byte device to netlink monitor 0x2aa4282f7b0
Mar 20 05:45:59 kernel02 systemd-udevd[713]: seq 787 running
Mar 20 05:45:59 kernel02 systemd-udevd[713]: passed device to netlink monitor 0x2aa42834940
Mar 20 05:45:59 kernel02 systemd-udevd[713]: seq 787 processed
Mar 20 05:45:59 kernel02 systemd-udevd[642]: seq 788 queued, 'add' 'cgroup'
Mar 20 05:45:59 kernel02 systemd-udevd[642]: passed 181 byte device to netlink monitor 0x2aa4282f7b0
Mar 20 05:45:59 kernel02 systemd-udevd[642]: seq 789 queued, 'add' 'cgroup'
Mar 20 05:45:59 kernel02 systemd-udevd[709]: passed device to netlink monitor 0x2aa42837ec0
Mar 20 05:45:59 kernel02 systemd-udevd[713]: seq 789 running
Mar 20 05:45:59 kernel02 systemd-udevd[707]: passed device to netlink monitor 0x2aa4282d2a0
Mar 20 05:45:59 kernel02 systemd-udevd[642]: passed 179 byte device to netlink monitor 0x2aa4282f7b0
Mar 20 05:45:59 kernel02 systemd-udevd[715]: seq 788 running
Mar 20 05:45:59 kernel02 systemd-udevd[715]: passed device to netlink monitor 0x2aa42837210
Mar 20 05:45:59 kernel02 systemd-udevd[715]: seq 788 processed
Mar 20 05:45:59 kernel02 systemd[1]: libmount event [rescan: yes]
Mar 20 05:45:59 kernel02 systemd-udevd[707]: seq 785 processed
Mar 20 05:45:59 kernel02 systemd-udevd[642]: seq 790 queued, 'add' 'cgroup'
Mar 20 05:45:59 kernel02 systemd-udevd[710]: seq 790 running
Mar 20 05:45:59 kernel02 systemd-udevd[710]: passed device to netlink monitor 0x2aa42839210
Mar 20 05:45:59 kernel02 systemd[1]: Received SIGCHLD from PID 711 (systemd-remount).
Mar 20 05:45:59 kernel02 systemd-udevd[642]: passed 178 byte device to netlink monitor 0x2aa4282f7b0
Mar 20 05:45:59 kernel02 systemd-udevd[710]: seq 790 processed
Mar 20 05:45:59 kernel02 systemd-udevd[713]: passed device to netlink monitor 0x2aa42834940
Mar 20 05:45:59 kernel02 systemd[1]: Child 711 (systemd-remount) died (code=exited, status=0/SUCCESS)
Mar 20 05:45:59 kernel02 systemd-udevd[642]: seq 791 queued, 'add' 'cgroup'
Mar 20 05:45:59 kernel02 systemd-udevd[713]: seq 789 processed
Mar 20 05:45:59 kernel02 systemd[1]: systemd-remount-fs.service: Child 711 belongs to systemd-remount-fs.service
Mar 20 05:45:59 kernel02 systemd-udevd[642]: passed 182 byte device to netlink monitor 0x2aa4282f7b0
Mar 20 05:45:59 kernel02 systemd-udevd[715]: seq 791 running
Mar 20 05:45:59 kernel02 systemd[1]: systemd-remount-fs.service: Main process exited, code=exited, status=0/SUCCESS
Mar 20 05:45:59 kernel02 systemd-udevd[642]: seq 792 queued, 'add' 'cgroup'
Mar 20 05:45:59 kernel02 systemd-udevd[715]: passed device to netlink monitor 0x2aa42837210
Mar 20 05:45:59 kernel02 systemd[1]: systemd-remount-fs.service: Changed start -> exited
Mar 20 05:45:59 kernel02 systemd-udevd[642]: passed 182 byte device to netlink monitor 0x2aa4282f7b0
Mar 20 05:45:59 kernel02 systemd-udevd[713]: seq 792 running
Mar 20 05:45:59 kernel02 systemd-udevd[713]: passed device to netlink monitor 0x2aa42834940
Mar 20 05:45:59 kernel02 systemd[1]: systemd-remount-fs.service: Job systemd-remount-fs.service/start finished, result=done
Mar 20 05:45:59 kernel02 systemd-udevd[642]: seq 793 queued, 'add' 'cgroup'
Mar 20 05:45:59 kernel02 systemd-udevd[715]: seq 791 processed
Mar 20 05:45:59 kernel02 systemd-udevd[713]: seq 792 processed
Mar 20 05:45:59 kernel02 systemd[1]: Started Remount Root and Kernel File Systems.
Mar 20 05:45:59 kernel02 systemd-udevd[642]: passed 173 byte device to netlink monitor 0x2aa4282f7b0
Mar 20 05:45:59 kernel02 systemd-udevd[642]: seq 794 queued, 'add' 'cgroup'
Mar 20 05:45:59 kernel02 systemd-udevd[710]: seq 793 running
Mar 20 05:45:59 kernel02 systemd[1]: systemd-remount-fs.service: cgroup is empty
Mar 20 05:45:59 kernel02 systemd-udevd[642]: passed 189 byte device to netlink monitor 0x2aa4282f7b0
Mar 20 05:45:59 kernel02 systemd-udevd[713]: seq 794 running
Mar 20 05:45:59 kernel02 systemd-udevd[710]: passed device to netlink monitor 0x2aa42839210
Mar 20 05:45:59 kernel02 systemd[1]: Got cgroup empty notification for: /system.slice/systemd-remount-fs.service
Mar 20 05:45:59 kernel02 systemd-udevd[642]: seq 795 queued, 'add' 'cgroup'
Mar 20 05:45:59 kernel02 systemd-udevd[713]: passed device to netlink monitor 0x2aa42834940
Mar 20 05:45:59 kernel02 systemd-udevd[710]: seq 793 processed
Mar 20 05:45:59 kernel02 systemd[1]: local-fs-pre.target changed dead -> active
Mar 20 05:45:59 kernel02 systemd-udevd[642]: passed 181 byte device to netlink monitor 0x2aa4282f7b0
Mar 20 05:45:59 kernel02 systemd-udevd[715]: seq 795 running
Mar 20 05:45:59 kernel02 systemd-udevd[713]: seq 794 processed
Mar 20 05:45:59 kernel02 systemd[1]: local-fs-pre.target: Job local-fs-pre.target/start finished, result=done
Mar 20 05:45:59 kernel02 systemd-udevd[642]: seq 796 queued, 'add' 'cgroup'
Mar 20 05:45:59 kernel02 systemd-udevd[715]: passed device to netlink monitor 0x2aa42837210
Mar 20 05:45:59 kernel02 systemd[1]: Reached target Local File Systems (Pre).
Mar 20 05:45:59 kernel02 systemd-udevd[642]: passed 184 byte device to netlink monitor 0x2aa4282f7b0
Mar 20 05:45:59 kernel02 systemd-udevd[710]: seq 796 running
Mar 20 05:45:59 kernel02 systemd-udevd[715]: seq 795 processed
Mar 20 05:45:59 kernel02 systemd-udevd[642]: seq 797 queued, 'add' 'cgroup'
Mar 20 05:45:59 kernel02 systemd-udevd[642]: passed 184 byte device to netlink monitor 0x2aa4282f7b0
Mar 20 05:45:59 kernel02 systemd-udevd[710]: passed device to netlink monitor 0x2aa42839210
Mar 20 05:45:59 kernel02 systemd-udevd[642]: seq 798 queued, 'add' 'cgroup'
Mar 20 05:45:59 kernel02 systemd-udevd[713]: seq 797 running
Mar 20 05:45:59 kernel02 systemd-udevd[710]: seq 796 processed
Mar 20 05:45:59 kernel02 systemd-udevd[642]: passed 175 byte device to netlink monitor 0x2aa4282f7b0
Mar 20 05:45:59 kernel02 systemd-udevd[715]: seq 798 running
Mar 20 05:45:59 kernel02 systemd-udevd[713]: passed device to netlink monitor 0x2aa42834940
Mar 20 05:45:59 kernel02 systemd-udevd[642]: seq 799 queued, 'add' 'cgroup'
Mar 20 05:45:59 kernel02 systemd-udevd[715]: passed device to netlink monitor 0x2aa42837210
Mar 20 05:45:59 kernel02 systemd-udevd[713]: seq 797 processed
Mar 20 05:45:59 kernel02 systemd-udevd[642]: passed 179 byte device to netlink monitor 0x2aa4282f7b0
Mar 20 05:45:59 kernel02 systemd-udevd[710]: seq 799 running
Mar 20 05:45:59 kernel02 systemd-udevd[715]: seq 798 processed
Mar 20 05:45:59 kernel02 systemd-udevd[642]: seq 800 queued, 'add' 'cgroup'
Mar 20 05:45:59 kernel02 systemd-udevd[710]: passed device to netlink monitor 0x2aa42839210
Mar 20 05:45:59 kernel02 systemd-udevd[642]: passed 183 byte device to netlink monitor 0x2aa4282f7b0
Mar 20 05:45:59 kernel02 systemd-udevd[713]: seq 800 running
Mar 20 05:45:59 kernel02 systemd-udevd[710]: seq 799 processed
Mar 20 05:45:59 kernel02 systemd-udevd[642]: seq 801 queued, 'add' 'cgroup'
Mar 20 05:45:59 kernel02 systemd-udevd[713]: passed device to netlink monitor 0x2aa42834940
Mar 20 05:45:59 kernel02 systemd-udevd[642]: passed 187 byte device to netlink monitor 0x2aa4282f7b0
Mar 20 05:45:59 kernel02 systemd-udevd[715]: seq 801 running
Mar 20 05:45:59 kernel02 systemd-udevd[713]: seq 800 processed
Mar 20 05:45:59 kernel02 systemd-udevd[642]: seq 802 queued, 'add' 'cgroup'
Mar 20 05:45:59 kernel02 systemd-udevd[642]: passed 190 byte device to netlink monitor 0x2aa4282f7b0
Mar 20 05:45:59 kernel02 systemd-udevd[715]: passed device to netlink monitor 0x2aa42837210
Mar 20 05:45:59 kernel02 systemd-udevd[642]: seq 803 queued, 'add' 'cgroup'
Mar 20 05:45:59 kernel02 systemd-udevd[642]: passed 193 byte device to netlink monitor 0x2aa4282f7b0
Mar 20 05:45:59 kernel02 systemd-udevd[710]: seq 802 running
Mar 20 05:45:59 kernel02 systemd-udevd[710]: passed device to netlink monitor 0x2aa42839210
Mar 20 05:45:59 kernel02 systemd-udevd[642]: seq 804 queued, 'add' 'cgroup'
Mar 20 05:45:59 kernel02 systemd-udevd[713]: seq 803 running
Mar 20 05:45:59 kernel02 systemd-udevd[713]: passed device to netlink monitor 0x2aa42834940
Mar 20 05:45:59 kernel02 systemd-udevd[710]: seq 802 processed
Mar 20 05:45:59 kernel02 systemd-udevd[642]: passed 195 byte device to netlink monitor 0x2aa4282f7b0
Mar 20 05:45:59 kernel02 systemd-udevd[714]: seq 804 running
Mar 20 05:45:59 kernel02 systemd-udevd[714]: passed device to netlink monitor 0x2aa42835d30
Mar 20 05:45:59 kernel02 systemd-udevd[715]: seq 801 processed
Mar 20 05:45:59 kernel02 systemd-udevd[642]: seq 805 queued, 'add' 'cgroup'
Mar 20 05:45:59 kernel02 systemd-udevd[714]: seq 804 processed
Mar 20 05:45:59 kernel02 systemd-udevd[713]: seq 803 processed
Mar 20 05:45:59 kernel02 systemd-udevd[642]: passed 182 byte device to netlink monitor 0x2aa4282f7b0
Mar 20 05:45:59 kernel02 systemd-udevd[710]: seq 805 running
Mar 20 05:45:59 kernel02 systemd-udevd[642]: seq 806 queued, 'add' 'cgroup'
Mar 20 05:45:59 kernel02 systemd-udevd[710]: passed device to netlink monitor 0x2aa42839210
Mar 20 05:45:59 kernel02 systemd-udevd[642]: passed 183 byte device to netlink monitor 0x2aa4282f7b0
Mar 20 05:45:59 kernel02 systemd-udevd[713]: seq 806 running
Mar 20 05:45:59 kernel02 systemd-udevd[710]: seq 805 processed
Mar 20 05:45:59 kernel02 systemd-udevd[642]: seq 807 queued, 'add' 'cgroup'
Mar 20 05:45:59 kernel02 systemd-udevd[713]: passed device to netlink monitor 0x2aa42834940
Mar 20 05:45:59 kernel02 systemd-udevd[642]: passed 180 byte device to netlink monitor 0x2aa4282f7b0
Mar 20 05:45:59 kernel02 systemd-udevd[715]: seq 807 running
Mar 20 05:45:59 kernel02 systemd-udevd[713]: seq 806 processed
Mar 20 05:45:59 kernel02 systemd-udevd[642]: seq 808 queued, 'add' 'cgroup'
Mar 20 05:45:59 kernel02 systemd-udevd[715]: passed device to netlink monitor 0x2aa42837210
Mar 20 05:45:59 kernel02 systemd-udevd[642]: passed 183 byte device to netlink monitor 0x2aa4282f7b0
Mar 20 05:45:59 kernel02 systemd-udevd[710]: seq 808 running
Mar 20 05:45:59 kernel02 systemd-udevd[715]: seq 807 processed
Mar 20 05:45:59 kernel02 systemd-udevd[642]: seq 809 queued, 'add' 'cgroup'
Mar 20 05:45:59 kernel02 systemd-udevd[710]: passed device to netlink monitor 0x2aa42839210
Mar 20 05:45:59 kernel02 systemd-udevd[642]: passed 186 byte device to netlink monitor 0x2aa4282f7b0
Mar 20 05:45:59 kernel02 systemd-udevd[713]: seq 809 running
Mar 20 05:45:59 kernel02 systemd-udevd[710]: seq 808 processed
Mar 20 05:45:59 kernel02 systemd-udevd[642]: seq 810 queued, 'add' 'cgroup'
Mar 20 05:45:59 kernel02 systemd-udevd[713]: passed device to netlink monitor 0x2aa42834940
Mar 20 05:45:59 kernel02 systemd-udevd[642]: passed 186 byte device to netlink monitor 0x2aa4282f7b0
Mar 20 05:45:59 kernel02 systemd-udevd[715]: seq 810 running
Mar 20 05:45:59 kernel02 systemd-udevd[713]: seq 809 processed
Mar 20 05:45:59 kernel02 systemd-udevd[642]: seq 811 queued, 'add' 'cgroup'
Mar 20 05:45:59 kernel02 systemd-udevd[715]: passed device to netlink monitor 0x2aa42837210
Mar 20 05:45:59 kernel02 systemd-udevd[642]: passed 177 byte device to netlink monitor 0x2aa4282f7b0
Mar 20 05:45:59 kernel02 systemd-udevd[710]: seq 811 running
Mar 20 05:45:59 kernel02 systemd-udevd[715]: seq 810 processed
Mar 20 05:45:59 kernel02 systemd-udevd[642]: seq 812 queued, 'add' 'cgroup'
Mar 20 05:45:59 kernel02 systemd-udevd[710]: passed device to netlink monitor 0x2aa42839210
Mar 20 05:45:59 kernel02 systemd-udevd[642]: passed 193 byte device to netlink monitor 0x2aa4282f7b0
Mar 20 05:45:59 kernel02 systemd-udevd[713]: seq 812 running
Mar 20 05:45:59 kernel02 systemd-udevd[710]: seq 811 processed
Mar 20 05:45:59 kernel02 systemd-udevd[642]: seq 813 queued, 'add' 'cgroup'
Mar 20 05:45:59 kernel02 systemd-udevd[713]: passed device to netlink monitor 0x2aa42834940
Mar 20 05:45:59 kernel02 systemd-udevd[642]: passed 183 byte device to netlink monitor 0x2aa4282f7b0
Mar 20 05:45:59 kernel02 systemd-udevd[642]: seq 814 queued, 'add' 'cgroup'
Mar 20 05:45:59 kernel02 systemd-udevd[715]: seq 813 running
Mar 20 05:45:59 kernel02 systemd-udevd[713]: seq 812 processed
Mar 20 05:45:59 kernel02 systemd-udevd[642]: passed 187 byte device to netlink monitor 0x2aa4282f7b0
Mar 20 05:45:59 kernel02 systemd-udevd[710]: seq 814 running
Mar 20 05:45:59 kernel02 systemd-udevd[715]: passed device to netlink monitor 0x2aa42837210
Mar 20 05:45:59 kernel02 systemd-udevd[642]: seq 815 queued, 'add' 'cgroup'
Mar 20 05:45:59 kernel02 systemd-udevd[710]: passed device to netlink monitor 0x2aa42839210
Mar 20 05:45:59 kernel02 systemd-udevd[715]: seq 813 processed
Mar 20 05:45:59 kernel02 systemd-udevd[642]: passed 184 byte device to netlink monitor 0x2aa4282f7b0
Mar 20 05:45:59 kernel02 systemd-udevd[713]: seq 815 running
Mar 20 05:45:59 kernel02 systemd-udevd[710]: seq 814 processed
Mar 20 05:45:59 kernel02 systemd-udevd[642]: seq 816 queued, 'add' 'cgroup'
Mar 20 05:45:59 kernel02 systemd-udevd[713]: passed device to netlink monitor 0x2aa42834940
Mar 20 05:45:59 kernel02 systemd-udevd[642]: passed 197 byte device to netlink monitor 0x2aa4282f7b0
Mar 20 05:45:59 kernel02 systemd-udevd[715]: seq 816 running
Mar 20 05:45:59 kernel02 systemd-udevd[713]: seq 815 processed
Mar 20 05:45:59 kernel02 systemd-udevd[642]: seq 817 queued, 'add' 'cgroup'
Mar 20 05:45:59 kernel02 systemd-udevd[715]: passed device to netlink monitor 0x2aa42837210
Mar 20 05:45:59 kernel02 systemd-udevd[642]: passed 186 byte device to netlink monitor 0x2aa4282f7b0
Mar 20 05:45:59 kernel02 systemd-udevd[710]: seq 817 running
Mar 20 05:45:59 kernel02 systemd-udevd[710]: passed device to netlink monitor 0x2aa42839210
Mar 20 05:45:59 kernel02 systemd-udevd[642]: seq 818 queued, 'add' 'cgroup'
Mar 20 05:45:59 kernel02 systemd-udevd[710]: seq 817 processed
Mar 20 05:45:59 kernel02 systemd-udevd[715]: seq 816 processed
Mar 20 05:45:59 kernel02 systemd-udevd[642]: passed 187 byte device to netlink monitor 0x2aa4282f7b0
Mar 20 05:45:59 kernel02 systemd-udevd[713]: seq 818 running
Mar 20 05:45:59 kernel02 systemd-udevd[642]: seq 819 queued, 'add' 'cgroup'
Mar 20 05:45:59 kernel02 systemd-udevd[713]: passed device to netlink monitor 0x2aa42834940
Mar 20 05:45:59 kernel02 systemd-udevd[642]: passed 169 byte device to netlink monitor 0x2aa4282f7b0
Mar 20 05:45:59 kernel02 systemd-udevd[715]: seq 819 running
Mar 20 05:45:59 kernel02 systemd-udevd[713]: seq 818 processed
Mar 20 05:45:59 kernel02 systemd-udevd[642]: seq 820 queued, 'add' 'cgroup'
Mar 20 05:45:59 kernel02 systemd-udevd[715]: passed device to netlink monitor 0x2aa42837210
Mar 20 05:45:59 kernel02 systemd-udevd[642]: passed 173 byte device to netlink monitor 0x2aa4282f7b0
Mar 20 05:45:59 kernel02 systemd-udevd[710]: seq 820 running
Mar 20 05:45:59 kernel02 systemd-udevd[710]: passed device to netlink monitor 0x2aa42839210
Mar 20 05:45:59 kernel02 systemd-udevd[642]: seq 821 queued, 'add' 'cgroup'
Mar 20 05:45:59 kernel02 systemd-udevd[710]: seq 820 processed
Mar 20 05:45:59 kernel02 systemd-udevd[715]: seq 819 processed
Mar 20 05:45:59 kernel02 systemd-udevd[642]: passed 197 byte device to netlink monitor 0x2aa4282f7b0
Mar 20 05:45:59 kernel02 systemd-udevd[713]: seq 821 running
Mar 20 05:45:59 kernel02 systemd-udevd[642]: seq 822 queued, 'add' 'cgroup'
Mar 20 05:45:59 kernel02 systemd-udevd[713]: passed device to netlink monitor 0x2aa42834940
Mar 20 05:45:59 kernel02 systemd-udevd[642]: passed 170 byte device to netlink monitor 0x2aa4282f7b0
Mar 20 05:45:59 kernel02 systemd-udevd[715]: seq 822 running
Mar 20 05:45:59 kernel02 systemd-udevd[713]: seq 821 processed
Mar 20 05:45:59 kernel02 systemd-udevd[642]: seq 823 queued, 'add' 'cgroup'
Mar 20 05:45:59 kernel02 systemd-udevd[715]: passed device to netlink monitor 0x2aa42837210
Mar 20 05:45:59 kernel02 systemd-udevd[642]: passed 183 byte device to netlink monitor 0x2aa4282f7b0
Mar 20 05:45:59 kernel02 systemd-udevd[710]: seq 823 running
Mar 20 05:45:59 kernel02 systemd-udevd[715]: seq 822 processed
Mar 20 05:45:59 kernel02 systemd-udevd[642]: seq 824 queued, 'add' 'cgroup'
Mar 20 05:45:59 kernel02 systemd-udevd[710]: passed device to netlink monitor 0x2aa42839210
Mar 20 05:45:59 kernel02 systemd-udevd[710]: seq 823 processed
Mar 20 05:45:59 kernel02 systemd-udevd[642]: passed 183 byte device to netlink monitor 0x2aa4282f7b0
Mar 20 05:45:59 kernel02 systemd-udevd[713]: seq 824 running
Mar 20 05:45:59 kernel02 systemd-udevd[713]: passed device to netlink monitor 0x2aa42834940
Mar 20 05:45:59 kernel02 systemd-udevd[642]: seq 825 queued, 'add' 'cgroup'
Mar 20 05:45:59 kernel02 systemd-udevd[713]: seq 824 processed
Mar 20 05:45:59 kernel02 systemd-udevd[642]: passed 192 byte device to netlink monitor 0x2aa4282f7b0
Mar 20 05:45:59 kernel02 systemd-udevd[715]: seq 825 running
Mar 20 05:45:59 kernel02 systemd-udevd[642]: seq 826 queued, 'add' 'cgroup'
Mar 20 05:45:59 kernel02 systemd-udevd[715]: passed device to netlink monitor 0x2aa42837210
Mar 20 05:45:59 kernel02 systemd-udevd[642]: passed 191 byte device to netlink monitor 0x2aa4282f7b0
Mar 20 05:45:59 kernel02 systemd-udevd[713]: seq 826 running
Mar 20 05:45:59 kernel02 systemd-udevd[713]: passed device to netlink monitor 0x2aa42834940
Mar 20 05:45:59 kernel02 systemd-udevd[642]: seq 827 queued, 'add' 'cgroup'
Mar 20 05:45:59 kernel02 systemd-udevd[715]: seq 825 processed
Mar 20 05:45:59 kernel02 systemd-udevd[713]: seq 826 processed
Mar 20 05:45:59 kernel02 systemd-udevd[642]: passed 193 byte device to netlink monitor 0x2aa4282f7b0
Mar 20 05:45:59 kernel02 systemd-udevd[710]: seq 827 running
Mar 20 05:45:59 kernel02 systemd-udevd[642]: seq 828 queued, 'add' 'module'
Mar 20 05:45:59 kernel02 systemd-udevd[710]: passed device to netlink monitor 0x2aa42839210
Mar 20 05:45:59 kernel02 systemd-udevd[642]: passed 142 byte device to netlink monitor 0x2aa4282f7b0
Mar 20 05:45:59 kernel02 systemd-udevd[713]: seq 828 running
Mar 20 05:45:59 kernel02 systemd-udevd[713]: passed device to netlink monitor 0x2aa42834940
Mar 20 05:45:59 kernel02 systemd-udevd[642]: seq 829 queued, 'add' 'class'
Mar 20 05:45:59 kernel02 systemd-udevd[710]: seq 827 processed
Mar 20 05:45:59 kernel02 systemd-udevd[713]: seq 828 processed
Mar 20 05:45:59 kernel02 systemd-udevd[642]: passed 135 byte device to netlink monitor 0x2aa4282f7b0
Mar 20 05:45:59 kernel02 systemd-udevd[715]: seq 829 running
Mar 20 05:45:59 kernel02 systemd-udevd[642]: seq 830 queued, 'add' 'class'
Mar 20 05:45:59 kernel02 systemd-udevd[715]: passed device to netlink monitor 0x2aa42837210
Mar 20 05:45:59 kernel02 systemd-udevd[642]: passed 134 byte device to netlink monitor 0x2aa4282f7b0
Mar 20 05:45:59 kernel02 systemd-udevd[713]: seq 830 running
Mar 20 05:45:59 kernel02 systemd-udevd[715]: seq 829 processed
Mar 20 05:45:59 kernel02 systemd-udevd[642]: seq 831 queued, 'add' 'class'
Mar 20 05:45:59 kernel02 systemd-udevd[713]: passed device to netlink monitor 0x2aa42834940
Mar 20 05:45:59 kernel02 systemd-udevd[642]: passed 131 byte device to netlink monitor 0x2aa4282f7b0
Mar 20 05:45:59 kernel02 systemd-udevd[710]: seq 831 running
Mar 20 05:45:59 kernel02 systemd-udevd[713]: seq 830 processed
Mar 20 05:45:59 kernel02 systemd-udevd[642]: seq 832 queued, 'add' 'class'
Mar 20 05:45:59 kernel02 systemd-udevd[710]: passed device to netlink monitor 0x2aa42839210
Mar 20 05:45:59 kernel02 systemd-udevd[642]: passed 130 byte device to netlink monitor 0x2aa4282f7b0
Mar 20 05:45:59 kernel02 systemd-udevd[715]: seq 832 running
Mar 20 05:45:59 kernel02 systemd-udevd[710]: seq 831 processed
Mar 20 05:45:59 kernel02 systemd-udevd[642]: seq 833 queued, 'add' 'class'
Mar 20 05:45:59 kernel02 systemd-udevd[715]: passed device to netlink monitor 0x2aa42837210
Mar 20 05:45:59 kernel02 systemd-udevd[642]: passed 136 byte device to netlink monitor 0x2aa4282f7b0
Mar 20 05:45:59 kernel02 systemd-udevd[713]: seq 833 running
Mar 20 05:45:59 kernel02 systemd-udevd[715]: seq 832 processed
Mar 20 05:45:59 kernel02 systemd-udevd[642]: seq 834 queued, 'add' 'class'
Mar 20 05:45:59 kernel02 systemd-udevd[713]: passed device to netlink monitor 0x2aa42834940
Mar 20 05:45:59 kernel02 systemd-udevd[642]: passed 133 byte device to netlink monitor 0x2aa4282f7b0
Mar 20 05:45:59 kernel02 systemd-udevd[710]: seq 834 running
Mar 20 05:45:59 kernel02 systemd-udevd[710]: passed device to netlink monitor 0x2aa42839210
Mar 20 05:45:59 kernel02 systemd-udevd[642]: seq 835 queued, 'add' 'bus'
Mar 20 05:45:59 kernel02 systemd-udevd[642]: passed 131 byte device to netlink monitor 0x2aa4282f7b0
Mar 20 05:45:59 kernel02 systemd-udevd[710]: seq 834 processed
Mar 20 05:45:59 kernel02 systemd-udevd[713]: seq 833 processed
Mar 20 05:45:59 kernel02 systemd-udevd[715]: seq 835 running
Mar 20 05:45:59 kernel02 systemd-udevd[642]: seq 836 queued, 'add' 'cgroup'
Mar 20 05:45:59 kernel02 systemd-udevd[715]: passed device to netlink monitor 0x2aa42837210
Mar 20 05:45:59 kernel02 systemd-udevd[642]: passed 190 byte device to netlink monitor 0x2aa4282f7b0
Mar 20 05:45:59 kernel02 systemd-udevd[714]: seq 836 running
Mar 20 05:45:59 kernel02 systemd-udevd[714]: passed device to netlink monitor 0x2aa42835d30
Mar 20 05:45:59 kernel02 systemd-udevd[642]: seq 837 queued, 'add' 'cgroup'
Mar 20 05:45:59 kernel02 systemd-udevd[714]: seq 836 processed
Mar 20 05:45:59 kernel02 systemd-udevd[715]: seq 835 processed
Mar 20 05:45:59 kernel02 systemd-udevd[642]: passed 181 byte device to netlink monitor 0x2aa4282f7b0
Mar 20 05:45:59 kernel02 systemd-udevd[713]: seq 837 running
Mar 20 05:45:59 kernel02 systemd-udevd[713]: passed device to netlink monitor 0x2aa42834940
Mar 20 05:45:59 kernel02 systemd-udevd[713]: seq 837 processed
Mar 20 05:45:59 kernel02 systemd-udevd[642]: seq 838 queued, 'add' 'cgroup'
Mar 20 05:45:59 kernel02 systemd-udevd[642]: passed 183 byte device to netlink monitor 0x2aa4282f7b0
Mar 20 05:45:59 kernel02 systemd-udevd[715]: seq 838 running
Mar 20 05:45:59 kernel02 systemd-udevd[715]: passed device to netlink monitor 0x2aa42837210
Mar 20 05:45:59 kernel02 systemd-udevd[715]: seq 838 processed
Mar 20 05:45:59 kernel02 systemd-udevd[642]: seq 839 queued, 'add' 'cgroup'
Mar 20 05:45:59 kernel02 systemd-udevd[642]: passed 184 byte device to netlink monitor 0x2aa4282f7b0
Mar 20 05:45:59 kernel02 systemd-udevd[642]: seq 840 queued, 'add' 'cgroup'
Mar 20 05:45:59 kernel02 systemd-udevd[713]: seq 839 running
Mar 20 05:45:59 kernel02 systemd-udevd[642]: passed 188 byte device to netlink monitor 0x2aa4282f7b0
Mar 20 05:45:59 kernel02 systemd-udevd[715]: seq 840 running
Mar 20 05:45:59 kernel02 systemd-udevd[713]: passed device to netlink monitor 0x2aa42834940
Mar 20 05:45:59 kernel02 systemd-udevd[713]: seq 839 processed
Mar 20 05:45:59 kernel02 systemd-udevd[642]: seq 841 queued, 'add' 'cgroup'
Mar 20 05:45:59 kernel02 systemd-udevd[715]: passed device to netlink monitor 0x2aa42837210
Mar 20 05:45:59 kernel02 systemd-udevd[642]: passed 185 byte device to netlink monitor 0x2aa4282f7b0
Mar 20 05:45:59 kernel02 systemd-udevd[642]: seq 842 queued, 'add' 'cgroup'
Mar 20 05:45:59 kernel02 systemd-udevd[710]: seq 841 running
Mar 20 05:45:59 kernel02 systemd-udevd[715]: seq 840 processed
Mar 20 05:45:59 kernel02 systemd-udevd[642]: passed 176 byte device to netlink monitor 0x2aa4282f7b0
Mar 20 05:45:59 kernel02 systemd-udevd[713]: seq 842 running
Mar 20 05:45:59 kernel02 systemd-udevd[710]: passed device to netlink monitor 0x2aa42839210
Mar 20 05:45:59 kernel02 systemd-udevd[710]: seq 841 processed
Mar 20 05:45:59 kernel02 systemd-udevd[642]: seq 843 queued, 'add' 'cgroup'
Mar 20 05:45:59 kernel02 systemd-udevd[713]: passed device to netlink monitor 0x2aa42834940
Mar 20 05:45:59 kernel02 systemd-udevd[642]: passed 191 byte device to netlink monitor 0x2aa4282f7b0
Mar 20 05:45:59 kernel02 systemd-udevd[715]: seq 843 running
Mar 20 05:45:59 kernel02 systemd-udevd[713]: seq 842 processed
Mar 20 05:45:59 kernel02 systemd-udevd[642]: seq 844 queued, 'add' 'cgroup'
Mar 20 05:45:59 kernel02 systemd-udevd[715]: passed device to netlink monitor 0x2aa42837210
Mar 20 05:45:59 kernel02 systemd-udevd[642]: passed 191 byte device to netlink monitor 0x2aa4282f7b0
Mar 20 05:45:59 kernel02 systemd-udevd[709]: seq 775 processed
Mar 20 05:45:59 kernel02 systemd-udevd[710]: seq 844 running
Mar 20 05:45:59 kernel02 systemd-udevd[710]: passed device to netlink monitor 0x2aa42839210
Mar 20 05:45:59 kernel02 systemd-udevd[642]: seq 845 queued, 'add' 'cgroup'
Mar 20 05:45:59 kernel02 systemd-udevd[715]: seq 843 processed
Mar 20 05:45:59 kernel02 systemd-udevd[710]: seq 844 processed
Mar 20 05:45:59 kernel02 systemd-udevd[642]: passed 200 byte device to netlink monitor 0x2aa4282f7b0
Mar 20 05:45:59 kernel02 systemd-udevd[713]: seq 845 running
Mar 20 05:45:59 kernel02 systemd-udevd[713]: passed device to netlink monitor 0x2aa42834940
Mar 20 05:45:59 kernel02 systemd-udevd[713]: seq 845 processed
Mar 20 05:45:59 kernel02 systemd-udevd[642]: seq 846 queued, 'add' 'cgroup'
Mar 20 05:45:59 kernel02 systemd-udevd[642]: passed 171 byte device to netlink monitor 0x2aa4282f7b0
Mar 20 05:45:59 kernel02 systemd-udevd[715]: seq 846 running
Mar 20 05:45:59 kernel02 systemd-udevd[642]: seq 847 queued, 'add' 'cgroup'
Mar 20 05:45:59 kernel02 systemd-udevd[715]: passed device to netlink monitor 0x2aa42837210
Mar 20 05:45:59 kernel02 systemd-udevd[642]: passed 176 byte device to netlink monitor 0x2aa4282f7b0
Mar 20 05:45:59 kernel02 systemd-udevd[713]: seq 847 running
Mar 20 05:45:59 kernel02 systemd-udevd[715]: seq 846 processed
Mar 20 05:45:59 kernel02 systemd-udevd[642]: seq 848 queued, 'add' 'cgroup'
Mar 20 05:45:59 kernel02 systemd-udevd[713]: passed device to netlink monitor 0x2aa42834940
Mar 20 05:45:59 kernel02 systemd-udevd[642]: passed 167 byte device to netlink monitor 0x2aa4282f7b0
Mar 20 05:45:59 kernel02 systemd-udevd[710]: seq 848 running
Mar 20 05:45:59 kernel02 systemd-udevd[713]: seq 847 processed
Mar 20 05:45:59 kernel02 systemd-udevd[642]: seq 849 queued, 'add' 'cgroup'
Mar 20 05:45:59 kernel02 systemd-udevd[710]: passed device to netlink monitor 0x2aa42839210
Mar 20 05:45:59 kernel02 systemd-udevd[642]: passed 173 byte device to netlink monitor 0x2aa4282f7b0
Mar 20 05:45:59 kernel02 systemd-udevd[715]: seq 849 running
Mar 20 05:45:59 kernel02 systemd-udevd[710]: seq 848 processed
Mar 20 05:45:59 kernel02 systemd-udevd[642]: seq 850 queued, 'add' 'cgroup'
Mar 20 05:45:59 kernel02 systemd-udevd[715]: passed device to netlink monitor 0x2aa42837210
Mar 20 05:45:59 kernel02 systemd-udevd[642]: passed 173 byte device to netlink monitor 0x2aa4282f7b0
Mar 20 05:45:59 kernel02 systemd-udevd[713]: seq 850 running
Mar 20 05:45:59 kernel02 systemd-udevd[715]: seq 849 processed
Mar 20 05:45:59 kernel02 systemd-udevd[642]: seq 851 queued, 'add' 'cgroup'
Mar 20 05:45:59 kernel02 systemd-udevd[713]: passed device to netlink monitor 0x2aa42834940
Mar 20 05:45:59 kernel02 systemd-udevd[642]: passed 172 byte device to netlink monitor 0x2aa4282f7b0
Mar 20 05:45:59 kernel02 systemd-udevd[710]: seq 851 running
Mar 20 05:45:59 kernel02 systemd-udevd[713]: seq 850 processed
Mar 20 05:45:59 kernel02 systemd-udevd[642]: seq 852 queued, 'add' 'cgroup'
Mar 20 05:45:59 kernel02 systemd-udevd[710]: passed device to netlink monitor 0x2aa42839210
Mar 20 05:45:59 kernel02 systemd-udevd[642]: passed 177 byte device to netlink monitor 0x2aa4282f7b0
Mar 20 05:45:59 kernel02 systemd-udevd[715]: seq 852 running
Mar 20 05:45:59 kernel02 systemd-udevd[710]: seq 851 processed
Mar 20 05:45:59 kernel02 systemd-udevd[642]: seq 853 queued, 'add' 'cgroup'
Mar 20 05:45:59 kernel02 systemd-udevd[715]: passed device to netlink monitor 0x2aa42837210
Mar 20 05:45:59 kernel02 systemd-udevd[642]: passed 173 byte device to netlink monitor 0x2aa4282f7b0
Mar 20 05:45:59 kernel02 systemd-udevd[713]: seq 853 running
Mar 20 05:45:59 kernel02 systemd-udevd[715]: seq 852 processed
Mar 20 05:45:59 kernel02 systemd-udevd[642]: seq 854 queued, 'add' 'cgroup'
Mar 20 05:45:59 kernel02 systemd-udevd[713]: passed device to netlink monitor 0x2aa42834940
Mar 20 05:45:59 kernel02 systemd-udevd[642]: passed 174 byte device to netlink monitor 0x2aa4282f7b0
Mar 20 05:45:59 kernel02 systemd-udevd[710]: seq 854 running
Mar 20 05:45:59 kernel02 systemd-udevd[713]: seq 853 processed
Mar 20 05:45:59 kernel02 systemd-udevd[642]: seq 855 queued, 'add' 'cgroup'
Mar 20 05:45:59 kernel02 systemd-udevd[710]: passed device to netlink monitor 0x2aa42839210
Mar 20 05:45:59 kernel02 systemd-udevd[642]: passed 176 byte device to netlink monitor 0x2aa4282f7b0
Mar 20 05:45:59 kernel02 systemd-udevd[715]: seq 855 running
Mar 20 05:45:59 kernel02 systemd-udevd[710]: seq 854 processed
Mar 20 05:45:59 kernel02 systemd-udevd[642]: seq 856 queued, 'add' 'cgroup'
Mar 20 05:45:59 kernel02 systemd-udevd[715]: passed device to netlink monitor 0x2aa42837210
Mar 20 05:45:59 kernel02 systemd-udevd[642]: passed 165 byte device to netlink monitor 0x2aa4282f7b0
Mar 20 05:45:59 kernel02 systemd-udevd[713]: seq 856 running
Mar 20 05:45:59 kernel02 systemd-udevd[713]: passed device to netlink monitor 0x2aa42834940
Mar 20 05:45:59 kernel02 systemd-udevd[642]: seq 857 queued, 'add' 'module'
Mar 20 05:45:59 kernel02 systemd-udevd[713]: seq 856 processed
Mar 20 05:45:59 kernel02 systemd-udevd[715]: seq 855 processed
Mar 20 05:45:59 kernel02 systemd-udevd[642]: passed 130 byte device to netlink monitor 0x2aa4282f7b0
Mar 20 05:45:59 kernel02 systemd-udevd[710]: seq 857 running
Mar 20 05:45:59 kernel02 systemd-udevd[642]: seq 858 queued, 'add' 'cgroup'
Mar 20 05:45:59 kernel02 systemd-udevd[710]: passed device to netlink monitor 0x2aa42839210
Mar 20 05:45:59 kernel02 systemd-udevd[642]: passed 189 byte device to netlink monitor 0x2aa4282f7b0
Mar 20 05:45:59 kernel02 systemd-udevd[713]: seq 858 running
Mar 20 05:45:59 kernel02 systemd-udevd[710]: seq 857 processed
Mar 20 05:45:59 kernel02 systemd-udevd[642]: seq 859 queued, 'add' 'cgroup'
Mar 20 05:45:59 kernel02 systemd-udevd[713]: passed device to netlink monitor 0x2aa42834940
Mar 20 05:45:59 kernel02 systemd-udevd[642]: passed 193 byte device to netlink monitor 0x2aa4282f7b0
Mar 20 05:45:59 kernel02 systemd-udevd[715]: seq 859 running
Mar 20 05:45:59 kernel02 systemd-udevd[713]: seq 858 processed
Mar 20 05:45:59 kernel02 systemd-udevd[642]: seq 860 queued, 'add' 'cgroup'
Mar 20 05:45:59 kernel02 systemd-udevd[715]: passed device to netlink monitor 0x2aa42837210
Mar 20 05:45:59 kernel02 systemd-udevd[642]: passed 197 byte device to netlink monitor 0x2aa4282f7b0
Mar 20 05:45:59 kernel02 systemd-udevd[710]: seq 860 running
Mar 20 05:45:59 kernel02 systemd-udevd[715]: seq 859 processed
Mar 20 05:45:59 kernel02 systemd-udevd[642]: seq 861 queued, 'add' 'cgroup'
Mar 20 05:45:59 kernel02 systemd-udevd[710]: passed device to netlink monitor 0x2aa42839210
Mar 20 05:45:59 kernel02 systemd-udevd[642]: passed 207 byte device to netlink monitor 0x2aa4282f7b0
Mar 20 05:45:59 kernel02 systemd-udevd[722]: starting '/sbin/multipath -u /dev/dm-1'
Mar 20 05:45:59 kernel02 systemd[1]: quota.service: ConditionPathExists=/usr/share/quota/quota-initial-check.sh succeeded.
Mar 20 05:45:59 kernel02 systemd[1]: quota.service: About to execute: /usr/share/quota/quota-initial-check.sh
Mar 20 05:45:59 kernel02 systemd[1]: quota.service: Forked /usr/share/quota/quota-initial-check.sh as 723
Mar 20 05:45:59 kernel02 systemd[723]: quota.service: Executing: /usr/share/quota/quota-initial-check.sh
Mar 20 05:45:59 kernel02 systemd[1]: quota.service: Changed dead -> start
Mar 20 05:45:59 kernel02 systemd[1]: Starting Initial Check File System Quotas...
Mar 20 05:45:59 kernel02 systemd[1]: systemd-hwdb-update.service: ConditionDirectoryNotEmpty=|/etc/udev/hwdb.d/ failed.
Mar 20 05:45:59 kernel02 systemd[1]: systemd-hwdb-update.service: ConditionPathExists=|/etc/udev/hwdb.bin failed.
Mar 20 05:45:59 kernel02 systemd[1]: systemd-hwdb-update.service: ConditionPathExists=|!/lib/udev/hwdb.bin failed.
Mar 20 05:45:59 kernel02 systemd[1]: systemd-hwdb-update.service: ConditionNeedsUpdate=/etc succeeded.
Mar 20 05:45:59 kernel02 systemd[1]: systemd-hwdb-update.service: Starting requested but condition failed. Not starting unit.
Mar 20 05:45:59 kernel02 systemd[1]: systemd-hwdb-update.service: Job systemd-hwdb-update.service/start finished, result=done
Mar 20 05:45:59 kernel02 systemd[1]: systemd-udev-trigger.service: ConditionPathIsReadWrite=/sys succeeded.
Mar 20 05:45:59 kernel02 systemd[1]: systemd-udev-trigger.service: About to execute: /bin/udevadm trigger --type=subsystems --action=add
Mar 20 05:45:59 kernel02 systemd[1]: systemd-udev-trigger.service: Forked /bin/udevadm as 725
Mar 20 05:45:59 kernel02 systemd[1]: systemd-udev-trigger.service: Changed dead -> start
Mar 20 05:45:59 kernel02 systemd[1]: Starting udev Coldplug all Devices...
Mar 20 05:45:59 kernel02 systemd[1]: systemd-journal-flush.service: About to execute: /bin/journalctl --flush
Mar 20 05:45:59 kernel02 systemd[1]: systemd-journal-flush.service: Forked /bin/journalctl as 726
Mar 20 05:45:59 kernel02 systemd[1]: systemd-journal-flush.service: Changed dead -> start
Mar 20 05:45:59 kernel02 systemd[1]: Starting Flush Journal to Persistent Storage...
