Mar 20 05:47:23 kernel02 systemd-udevd[642]: seq 1427 forked new worker [1723]
Mar 20 05:47:23 kernel02 systemd-udevd[642]: seq 1428 queued, 'add' 'cgroup'
Mar 20 05:47:23 kernel02 systemd-udevd[642]: seq 1428 forked new worker [1724]
Mar 20 05:47:23 kernel02 systemd-udevd[1721]: passed device to netlink monitor 0x2aa4282fd70
Mar 20 05:47:23 kernel02 systemd-udevd[1721]: seq 1425 processed
Mar 20 05:47:23 kernel02 systemd-udevd[642]: seq 1429 queued, 'add' 'cgroup'
Mar 20 05:47:23 kernel02 systemd[1]: binfmt-support.service: Changed start -> exited
Mar 20 05:47:23 kernel02 systemd-udevd[642]: seq 1429 forked new worker [1725]
Mar 20 05:47:23 kernel02 systemd[1]: binfmt-support.service: Job binfmt-support.service/start finished, result=done
Mar 20 05:47:23 kernel02 systemd-udevd[1722]: seq 1426 running
Mar 20 05:47:23 kernel02 systemd[1]: Started Enable support for additional executable binary formats.
Mar 20 05:47:23 kernel02 systemd-udevd[642]: seq 1430 queued, 'add' 'cgroup'
Mar 20 05:47:23 kernel02 systemd-udevd[642]: passed 177 byte device to netlink monitor 0x2aa4282f7b0
Mar 20 05:47:23 kernel02 systemd-udevd[642]: seq 1431 queued, 'add' 'cgroup'
Mar 20 05:47:23 kernel02 systemd[1]: binfmt-support.service: cgroup is empty
Mar 20 05:47:23 kernel02 systemd-udevd[1722]: passed device to netlink monitor 0x2aa4282d710
Mar 20 05:47:23 kernel02 systemd-udevd[1722]: seq 1426 processed
Mar 20 05:47:23 kernel02 systemd[1]: Got cgroup empty notification for: /system.slice/systemd-tmpfiles-setup.service
Mar 20 05:47:23 kernel02 systemd-udevd[1721]: seq 1430 running
Mar 20 05:47:23 kernel02 systemd[1]: systemd-tmpfiles-setup.service: cgroup is empty
Mar 20 05:47:23 kernel02 systemd-udevd[642]: seq 1431 forked new worker [1726]
Mar 20 05:47:23 kernel02 systemd[1]: Got cgroup empty notification for: /system.slice/binfmt-support.service
Mar 20 05:47:23 kernel02 systemd-udevd[642]: seq 1432 queued, 'add' 'cgroup'
Mar 20 05:47:23 kernel02 systemd-udevd[642]: passed 188 byte device to netlink monitor 0x2aa4282f7b0
Mar 20 05:47:23 kernel02 systemd-udevd[642]: seq 1433 queued, 'add' 'cgroup'
Mar 20 05:47:23 kernel02 systemd-udevd[1721]: passed device to netlink monitor 0x2aa4282fd70
Mar 20 05:47:23 kernel02 systemd-udevd[1721]: seq 1430 processed
Mar 20 05:47:23 kernel02 systemd-udevd[1722]: seq 1432 running
Mar 20 05:47:23 kernel02 systemd-udevd[1722]: passed device to netlink monitor 0x2aa4282d710
Mar 20 05:47:23 kernel02 systemd-udevd[1722]: seq 1432 processed
Mar 20 05:47:23 kernel02 systemd-udevd[1725]: seq 1429 running
Mar 20 05:47:23 kernel02 systemd-udevd[1725]: passed device to netlink monitor 0x2aa4285e1d0
Mar 20 05:47:23 kernel02 systemd-udevd[1725]: seq 1429 processed
Mar 20 05:47:23 kernel02 systemd-udevd[1723]: seq 1427 running
Mar 20 05:47:23 kernel02 systemd-udevd[1726]: seq 1431 running
Mar 20 05:47:23 kernel02 systemd-udevd[1723]: passed device to netlink monitor 0x2aa4283b300
Mar 20 05:47:23 kernel02 systemd-udevd[1723]: seq 1427 processed
Mar 20 05:47:23 kernel02 systemd-udevd[1726]: passed device to netlink monitor 0x2aa4285f650
Mar 20 05:47:23 kernel02 systemd-udevd[1726]: seq 1431 processed
Mar 20 05:47:23 kernel02 systemd-udevd[642]: seq 1433 forked new worker [1727]
Mar 20 05:47:23 kernel02 systemd-udevd[1724]: seq 1428 running
Mar 20 05:47:23 kernel02 systemd-udevd[642]: seq 1434 queued, 'add' 'cgroup'
Mar 20 05:47:23 kernel02 systemd-udevd[642]: passed 202 byte device to netlink monitor 0x2aa4282f7b0
Mar 20 05:47:23 kernel02 systemd-udevd[1727]: seq 1433 running
Mar 20 05:47:23 kernel02 systemd-udevd[642]: seq 1435 queued, 'add' 'cgroup'
Mar 20 05:47:23 kernel02 systemd-udevd[642]: passed 191 byte device to netlink monitor 0x2aa4282f7b0
Mar 20 05:47:23 kernel02 systemd-udevd[1722]: seq 1435 running
Mar 20 05:47:23 kernel02 systemd-udevd[642]: seq 1436 queued, 'add' 'cgroup'
Mar 20 05:47:23 kernel02 systemd-udevd[642]: passed 192 byte device to netlink monitor 0x2aa4282f7b0
Mar 20 05:47:23 kernel02 systemd-udevd[642]: seq 1437 queued, 'add' 'cgroup'
Mar 20 05:47:23 kernel02 systemd-udevd[642]: passed 189 byte device to netlink monitor 0x2aa4282f7b0
Mar 20 05:47:23 kernel02 systemd-udevd[642]: seq 1438 queued, 'add' 'cgroup'
Mar 20 05:47:23 kernel02 systemd-udevd[642]: passed 202 byte device to netlink monitor 0x2aa4282f7b0
Mar 20 05:47:23 kernel02 systemd-udevd[1727]: passed device to netlink monitor 0x2aa42860d00
Mar 20 05:47:23 kernel02 systemd-udevd[1727]: seq 1433 processed
Mar 20 05:47:23 kernel02 systemd-udevd[1722]: passed device to netlink monitor 0x2aa4282d710
Mar 20 05:47:23 kernel02 systemd-udevd[1722]: seq 1435 processed
Mar 20 05:47:23 kernel02 systemd-udevd[642]: seq 1439 queued, 'add' 'cgroup'
Mar 20 05:47:23 kernel02 systemd-udevd[1721]: seq 1436 running
Mar 20 05:47:23 kernel02 systemd-udevd[1724]: passed device to netlink monitor 0x2aa428384c0
Mar 20 05:47:23 kernel02 systemd-udevd[1724]: seq 1428 processed
Mar 20 05:47:23 kernel02 systemd-udevd[1723]: seq 1437 running
Mar 20 05:47:23 kernel02 systemd-udevd[1721]: passed device to netlink monitor 0x2aa4282fd70
Mar 20 05:47:23 kernel02 systemd-udevd[1721]: seq 1436 processed
Mar 20 05:47:23 kernel02 systemd-udevd[642]: seq 1439 forked new worker [1728]
Mar 20 05:47:23 kernel02 systemd-udevd[1723]: passed device to netlink monitor 0x2aa4283b300
Mar 20 05:47:23 kernel02 systemd-udevd[1723]: seq 1437 processed
Mar 20 05:47:23 kernel02 systemd-udevd[642]: seq 1440 queued, 'add' 'cgroup'
Mar 20 05:47:23 kernel02 systemd-udevd[1728]: seq 1439 running
Mar 20 05:47:23 kernel02 systemd-udevd[642]: passed 195 byte device to netlink monitor 0x2aa4282f7b0
Mar 20 05:47:23 kernel02 systemd-udevd[1722]: seq 1440 running
Mar 20 05:47:23 kernel02 systemd-udevd[642]: seq 1441 queued, 'add' 'cgroup'
Mar 20 05:47:23 kernel02 systemd-udevd[642]: passed 200 byte device to netlink monitor 0x2aa4282f7b0
Mar 20 05:47:23 kernel02 systemd-udevd[1721]: seq 1441 running
Mar 20 05:47:23 kernel02 systemd-udevd[642]: seq 1442 queued, 'add' 'cgroup'
Mar 20 05:47:23 kernel02 systemd-udevd[642]: passed 180 byte device to netlink monitor 0x2aa4282f7b0
Mar 20 05:47:23 kernel02 systemd-udevd[642]: seq 1443 queued, 'add' 'cgroup'
Mar 20 05:47:23 kernel02 systemd-udevd[642]: passed 183 byte device to netlink monitor 0x2aa4282f7b0
Mar 20 05:47:23 kernel02 systemd-udevd[1722]: passed device to netlink monitor 0x2aa4282d710
Mar 20 05:47:23 kernel02 systemd-udevd[1722]: seq 1440 processed
Mar 20 05:47:23 kernel02 systemd-udevd[642]: seq 1444 queued, 'add' 'cgroup'
Mar 20 05:47:23 kernel02 systemd-udevd[1723]: seq 1443 running
Mar 20 05:47:23 kernel02 systemd-udevd[1721]: passed device to netlink monitor 0x2aa4282fd70
Mar 20 05:47:23 kernel02 systemd-udevd[642]: passed 188 byte device to netlink monitor 0x2aa4282f7b0
Mar 20 05:47:23 kernel02 systemd-udevd[1721]: seq 1441 processed
Mar 20 05:47:23 kernel02 systemd-udevd[1727]: seq 1442 running
Mar 20 05:47:23 kernel02 systemd-udevd[1723]: passed device to netlink monitor 0x2aa4283b300
Mar 20 05:47:23 kernel02 systemd-udevd[1723]: seq 1443 processed
Mar 20 05:47:23 kernel02 systemd-udevd[1727]: passed device to netlink monitor 0x2aa42860d00
Mar 20 05:47:23 kernel02 systemd-udevd[1724]: seq 1444 running
Mar 20 05:47:23 kernel02 systemd-udevd[1727]: seq 1442 processed
Mar 20 05:47:23 kernel02 systemd-udevd[1724]: passed device to netlink monitor 0x2aa428384c0
Mar 20 05:47:23 kernel02 systemd-udevd[1728]: passed device to netlink monitor 0x2aa42862830
Mar 20 05:47:23 kernel02 systemd-udevd[1728]: seq 1439 processed
Mar 20 05:47:23 kernel02 systemd-udevd[1724]: seq 1444 processed
Mar 20 05:47:23 kernel02 systemd-udevd[1726]: seq 1434 running
Mar 20 05:47:23 kernel02 systemd-udevd[1726]: passed device to netlink monitor 0x2aa4285f650
Mar 20 05:47:23 kernel02 systemd-udevd[1726]: seq 1434 processed
Mar 20 05:47:23 kernel02 systemd-udevd[1725]: seq 1438 running
Mar 20 05:47:23 kernel02 systemd-udevd[1725]: passed device to netlink monitor 0x2aa4285e1d0
Mar 20 05:47:23 kernel02 systemd-udevd[1725]: seq 1438 processed
Mar 20 05:47:23 kernel02 systemd-udevd[642]: seq 1445 queued, 'add' 'cgroup'
Mar 20 05:47:23 kernel02 systemd-udevd[642]: passed 186 byte device to netlink monitor 0x2aa4282f7b0
Mar 20 05:47:23 kernel02 systemd-udevd[1722]: seq 1445 running
Mar 20 05:47:23 kernel02 systemd-udevd[642]: seq 1446 queued, 'add' 'cgroup'
Mar 20 05:47:23 kernel02 systemd-udevd[642]: passed 190 byte device to netlink monitor 0x2aa4282f7b0
Mar 20 05:47:23 kernel02 systemd-udevd[1722]: passed device to netlink monitor 0x2aa4282d710
Mar 20 05:47:23 kernel02 systemd-udevd[642]: seq 1447 queued, 'add' 'cgroup'
Mar 20 05:47:23 kernel02 systemd-udevd[1722]: seq 1445 processed
Mar 20 05:47:23 kernel02 systemd-udevd[642]: passed 200 byte device to netlink monitor 0x2aa4282f7b0
Mar 20 05:47:23 kernel02 systemd-udevd[1721]: seq 1447 running
Mar 20 05:47:23 kernel02 systemd-udevd[642]: seq 1448 queued, 'add' 'cgroup'
Mar 20 05:47:23 kernel02 systemd-udevd[642]: passed 202 byte device to netlink monitor 0x2aa4282f7b0
Mar 20 05:47:23 kernel02 systemd-udevd[1722]: seq 1448 running
Mar 20 05:47:23 kernel02 systemd-udevd[642]: seq 1449 queued, 'add' 'cgroup'
Mar 20 05:47:23 kernel02 systemd-udevd[642]: passed 187 byte device to netlink monitor 0x2aa4282f7b0
Mar 20 05:47:23 kernel02 systemd-udevd[642]: seq 1450 queued, 'add' 'cgroup'
Mar 20 05:47:23 kernel02 systemd-udevd[642]: passed 200 byte device to netlink monitor 0x2aa4282f7b0
Mar 20 05:47:23 kernel02 systemd-udevd[1721]: passed device to netlink monitor 0x2aa4282fd70
Mar 20 05:47:23 kernel02 systemd-udevd[1721]: seq 1447 processed
Mar 20 05:47:23 kernel02 systemd-udevd[1726]: seq 1446 running
Mar 20 05:47:23 kernel02 systemd-udevd[1727]: seq 1450 running
Mar 20 05:47:23 kernel02 systemd-udevd[1722]: passed device to netlink monitor 0x2aa4282d710
Mar 20 05:47:23 kernel02 systemd-udevd[1722]: seq 1448 processed
Mar 20 05:47:23 kernel02 systemd-udevd[1727]: passed device to netlink monitor 0x2aa42860d00
Mar 20 05:47:23 kernel02 systemd-udevd[1727]: seq 1450 processed
Mar 20 05:47:23 kernel02 systemd-udevd[1726]: passed device to netlink monitor 0x2aa4285f650
Mar 20 05:47:23 kernel02 systemd-udevd[1726]: seq 1446 processed
Mar 20 05:47:23 kernel02 systemd-udevd[1728]: seq 1449 running
Mar 20 05:47:23 kernel02 systemd-udevd[1728]: passed device to netlink monitor 0x2aa42862830
Mar 20 05:47:23 kernel02 systemd-udevd[1728]: seq 1449 processed
Mar 20 05:47:23 kernel02 systemd[1]: systemd-journald.service: Got notification message from PID 565 (FDSTORE=1)
Mar 20 05:47:23 kernel02 systemd[1]: systemd-journald.service: Added fd to fd store.
Mar 20 05:47:23 kernel02 systemd[1]: systemd-journald.service: Got notification message from PID 565 (FDSTORE=1)
Mar 20 05:47:23 kernel02 systemd[1]: systemd-journald.service: Added fd to fd store.
Mar 20 05:47:23 kernel02 systemd[1]: systemd-journald.service: Got notification message from PID 565 (FDSTORE=1)
Mar 20 05:47:23 kernel02 systemd[1]: systemd-journald.service: Added fd to fd store.
Mar 20 05:47:23 kernel02 systemd-udevd[642]: cleanup idle workers
Mar 20 05:47:23 kernel02 systemd-udevd[1721]: Unload module index
Mar 20 05:47:23 kernel02 systemd-udevd[1722]: Unload module index
Mar 20 05:47:23 kernel02 systemd-udevd[1725]: Unload module index
Mar 20 05:47:23 kernel02 systemd-udevd[1725]: Unloaded link configuration context.
Mar 20 05:47:23 kernel02 systemd-udevd[1722]: Unloaded link configuration context.
Mar 20 05:47:23 kernel02 systemd-udevd[1721]: Unloaded link configuration context.
Mar 20 05:47:23 kernel02 systemd-udevd[1726]: Unload module index
Mar 20 05:47:23 kernel02 systemd-udevd[1724]: Unload module index
Mar 20 05:47:23 kernel02 systemd-udevd[1727]: Unload module index
Mar 20 05:47:23 kernel02 systemd-udevd[1726]: Unloaded link configuration context.
Mar 20 05:47:23 kernel02 systemd-udevd[1727]: Unloaded link configuration context.
Mar 20 05:47:23 kernel02 systemd-udevd[1724]: Unloaded link configuration context.
Mar 20 05:47:23 kernel02 systemd-udevd[642]: worker [1721] exited
Mar 20 05:47:23 kernel02 systemd-udevd[642]: worker [1722] exited
Mar 20 05:47:23 kernel02 systemd-udevd[642]: worker [1725] exited
Mar 20 05:47:23 kernel02 systemd-udevd[642]: worker [1724] exited
Mar 20 05:47:23 kernel02 systemd-udevd[642]: worker [1726] exited
Mar 20 05:47:23 kernel02 systemd-udevd[1728]: Unload module index
Mar 20 05:47:23 kernel02 systemd-udevd[1723]: Unload module index
Mar 20 05:47:23 kernel02 systemd-udevd[642]: worker [1727] exited
Mar 20 05:47:23 kernel02 systemd-udevd[642]: cleanup idle workers
Mar 20 05:47:23 kernel02 systemd-udevd[642]: cleanup idle workers
Mar 20 05:47:23 kernel02 systemd-udevd[1723]: Unloaded link configuration context.
Mar 20 05:47:23 kernel02 systemd-udevd[1728]: Unloaded link configuration context.
Mar 20 05:47:23 kernel02 systemd-udevd[642]: worker [1723] exited
Mar 20 05:47:23 kernel02 systemd-udevd[642]: worker [1728] exited
Mar 20 05:47:23 kernel02 systemd-udevd[642]: seq 1451 queued, 'add' 'cgroup'
Mar 20 05:47:23 kernel02 systemd-udevd[642]: seq 1451 forked new worker [1729]
Mar 20 05:47:23 kernel02 systemd-udevd[642]: seq 1452 queued, 'add' 'cgroup'
Mar 20 05:47:23 kernel02 systemd-udevd[1729]: seq 1451 running
Mar 20 05:47:23 kernel02 systemd-udevd[642]: seq 1452 forked new worker [1730]
Mar 20 05:47:23 kernel02 systemd-udevd[1729]: passed device to netlink monitor 0x2aa4282fd70
Mar 20 05:47:23 kernel02 systemd-udevd[1729]: seq 1451 processed
Mar 20 05:47:23 kernel02 systemd-udevd[1730]: seq 1452 running
Mar 20 05:47:23 kernel02 systemd-udevd[1730]: passed device to netlink monitor 0x2aa4282d710
Mar 20 05:47:23 kernel02 systemd-udevd[1730]: seq 1452 processed
Mar 20 05:47:23 kernel02 systemd-udevd[642]: cleanup idle workers
Mar 20 05:47:23 kernel02 systemd-udevd[1730]: Unload module index
Mar 20 05:47:23 kernel02 systemd-udevd[1729]: Unload module index
Mar 20 05:47:23 kernel02 systemd-udevd[1730]: Unloaded link configuration context.
Mar 20 05:47:23 kernel02 systemd-udevd[1729]: Unloaded link configuration context.
Mar 20 05:47:23 kernel02 systemd-udevd[642]: worker [1729] exited
Mar 20 05:47:23 kernel02 systemd-udevd[642]: worker [1730] exited
Mar 20 05:47:23 kernel02 systemd-udevd[642]: seq 1453 queued, 'add' 'cgroup'
Mar 20 05:47:23 kernel02 systemd-udevd[642]: seq 1453 forked new worker [1731]
Mar 20 05:47:23 kernel02 systemd-udevd[1731]: seq 1453 running
Mar 20 05:47:23 kernel02 systemd-udevd[1731]: passed device to netlink monitor 0x2aa4282fdd0
Mar 20 05:47:23 kernel02 systemd-udevd[1731]: seq 1453 processed
Mar 20 05:47:23 kernel02 systemd-udevd[642]: cleanup idle workers
Mar 20 05:47:23 kernel02 systemd-udevd[1731]: Unload module index
Mar 20 05:47:23 kernel02 systemd-udevd[1731]: Unloaded link configuration context.
Mar 20 05:47:23 kernel02 systemd-udevd[642]: worker [1731] exited
Mar 20 05:47:23 kernel02 systemd-update-utmp[1720]: systemd-update-utmp running as pid 1720
Mar 20 05:47:23 kernel02 systemd-udevd[642]: seq 1454 queued, 'add' 'cgroup'
Mar 20 05:47:23 kernel02 systemd-udevd[642]: seq 1454 forked new worker [1732]
Mar 20 05:47:23 kernel02 systemd-udevd[642]: seq 1455 queued, 'add' 'cgroup'
Mar 20 05:47:23 kernel02 systemd-udevd[1732]: seq 1454 running
Mar 20 05:47:23 kernel02 systemd-udevd[642]: seq 1455 forked new worker [1733]
Mar 20 05:47:23 kernel02 systemd-udevd[642]: seq 1456 queued, 'add' 'cgroup'
Mar 20 05:47:23 kernel02 systemd-udevd[1732]: passed device to netlink monitor 0x2aa4282fdd0
Mar 20 05:47:23 kernel02 systemd-udevd[1732]: seq 1454 processed
Mar 20 05:47:23 kernel02 systemd-udevd[642]: seq 1456 forked new worker [1734]
Mar 20 05:47:23 kernel02 systemd-udevd[1733]: seq 1455 running
Mar 20 05:47:23 kernel02 systemd-udevd[1733]: passed device to netlink monitor 0x2aa4282d750
Mar 20 05:47:23 kernel02 systemd-udevd[1733]: seq 1455 processed
Mar 20 05:47:23 kernel02 systemd-udevd[1734]: seq 1456 running
Mar 20 05:47:23 kernel02 systemd-udevd[1734]: passed device to netlink monitor 0x2aa4283b3a0
Mar 20 05:47:23 kernel02 systemd-udevd[1734]: seq 1456 processed
Mar 20 05:47:23 kernel02 systemd-udevd[642]: cleanup idle workers
Mar 20 05:47:23 kernel02 systemd-udevd[1732]: Unload module index
Mar 20 05:47:23 kernel02 systemd-udevd[1732]: Unloaded link configuration context.
Mar 20 05:47:23 kernel02 systemd-udevd[1734]: Unload module index
Mar 20 05:47:23 kernel02 systemd-udevd[642]: worker [1732] exited
Mar 20 05:47:23 kernel02 systemd-udevd[642]: cleanup idle workers
Mar 20 05:47:23 kernel02 systemd-udevd[1734]: Unloaded link configuration context.
Mar 20 05:47:23 kernel02 systemd[1]: Accepted new private connection.
Mar 20 05:47:23 kernel02 systemd-update-utmp[1720]: Sent message type=method_call sender=n/a destination=org.freedesktop.systemd1 object=/org/freedesktop/systemd1 interface=org.freedesktop.DBus.Properties member=Get cookie=1 reply_cookie=0 error=n/a
Mar 20 05:47:23 kernel02 systemd[1]: Got message type=method_call sender=n/a destination=org.freedesktop.systemd1 object=/org/freedesktop/systemd1 interface=org.freedesktop.DBus.Properties member=Get cookie=1 reply_cookie=0 error=n/a
Mar 20 05:47:23 kernel02 systemd[1]: Sent message type=method_return sender=n/a destination=n/a object=n/a interface=n/a member=n/a cookie=1 reply_cookie=1 error=n/a
Mar 20 05:47:23 kernel02 systemd-update-utmp[1720]: Got message type=method_return sender=n/a destination=n/a object=n/a interface=n/a member=n/a cookie=1 reply_cookie=1 error=n/a
Mar 20 05:47:23 kernel02 systemd-udevd[642]: worker [1734] exited
Mar 20 05:47:23 kernel02 systemd-udevd[642]: cleanup idle workers
Mar 20 05:47:23 kernel02 systemd-udevd[1733]: Unload module index
Mar 20 05:47:23 kernel02 systemd-udevd[1733]: Unloaded link configuration context.
Mar 20 05:47:23 kernel02 systemd-udevd[642]: worker [1733] exited
Mar 20 05:47:23 kernel02 systemd-update-utmp[1720]: systemd-update-utmp stopped as pid 1720
Mar 20 05:47:23 kernel02 systemd[1]: Got disconnect on private connection.
Mar 20 05:47:23 kernel02 systemd[1]: Received SIGCHLD from PID 1720 (systemd-update-).
Mar 20 05:47:23 kernel02 systemd[1]: Child 1720 (systemd-update-) died (code=exited, status=0/SUCCESS)
Mar 20 05:47:23 kernel02 systemd[1]: systemd-update-utmp.service: Child 1720 belongs to systemd-update-utmp.service
Mar 20 05:47:23 kernel02 systemd[1]: systemd-update-utmp.service: Main process exited, code=exited, status=0/SUCCESS
Mar 20 05:47:23 kernel02 systemd[1]: systemd-update-utmp.service: Changed start -> exited
Mar 20 05:47:23 kernel02 systemd[1]: systemd-update-utmp.service: Job systemd-update-utmp.service/start finished, result=done
Mar 20 05:47:23 kernel02 systemd[1]: Started Update UTMP about System Boot/Shutdown.
Mar 20 05:47:23 kernel02 systemd[1]: systemd-update-utmp.service: cgroup is empty
Mar 20 05:47:23 kernel02 systemd[1]: systemd-update-utmp-runlevel.service: About to execute: /lib/systemd/systemd-update-utmp runlevel
Mar 20 05:47:23 kernel02 systemd-udevd[642]: seq 1457 queued, 'add' 'cgroup'
Mar 20 05:47:23 kernel02 systemd[1]: systemd-update-utmp-runlevel.service: Forked /lib/systemd/systemd-update-utmp as 1738
Mar 20 05:47:23 kernel02 systemd-udevd[642]: seq 1457 forked new worker [1737]
Mar 20 05:47:23 kernel02 systemd-udevd[642]: seq 1458 queued, 'add' 'cgroup'
Mar 20 05:47:23 kernel02 systemd-udevd[1737]: seq 1457 running
Mar 20 05:47:23 kernel02 systemd-udevd[642]: seq 1458 forked new worker [1739]
Mar 20 05:47:23 kernel02 systemd-udevd[642]: seq 1459 queued, 'add' 'cgroup'
Mar 20 05:47:23 kernel02 systemd-udevd[1737]: passed device to netlink monitor 0x2aa4282fd70
Mar 20 05:47:23 kernel02 systemd-udevd[1737]: seq 1457 processed
Mar 20 05:47:23 kernel02 systemd-udevd[642]: seq 1459 forked new worker [1740]
Mar 20 05:47:23 kernel02 systemd-udevd[642]: seq 1460 queued, 'add' 'cgroup'
Mar 20 05:47:23 kernel02 systemd-udevd[642]: passed 184 byte device to netlink monitor 0x2aa4282f7b0
Mar 20 05:47:23 kernel02 systemd-udevd[1739]: seq 1458 running
Mar 20 05:47:23 kernel02 systemd-udevd[642]: seq 1461 queued, 'add' 'cgroup'
Mar 20 05:47:23 kernel02 systemd-udevd[1737]: seq 1460 running
Mar 20 05:47:23 kernel02 systemd-udevd[642]: seq 1461 forked new worker [1741]
Mar 20 05:47:23 kernel02 systemd-udevd[1739]: passed device to netlink monitor 0x2aa4282d710
Mar 20 05:47:23 kernel02 systemd-udevd[1739]: seq 1458 processed
Mar 20 05:47:23 kernel02 systemd-udevd[642]: seq 1462 queued, 'add' 'cgroup'
Mar 20 05:47:23 kernel02 systemd-udevd[1737]: passed device to netlink monitor 0x2aa4282fd70
Mar 20 05:47:23 kernel02 systemd-udevd[1737]: seq 1460 processed
Mar 20 05:47:23 kernel02 systemd-udevd[1740]: seq 1459 running
Mar 20 05:47:23 kernel02 systemd-udevd[642]: seq 1462 forked new worker [1742]
Mar 20 05:47:23 kernel02 systemd-udevd[1740]: passed device to netlink monitor 0x2aa4283b280
Mar 20 05:47:23 kernel02 systemd-udevd[1740]: seq 1459 processed
Mar 20 05:47:23 kernel02 systemd-udevd[1741]: seq 1461 running
Mar 20 05:47:23 kernel02 systemd-udevd[1741]: passed device to netlink monitor 0x2aa42838660
Mar 20 05:47:23 kernel02 systemd-udevd[1741]: seq 1461 processed
Mar 20 05:47:23 kernel02 systemd-udevd[1742]: seq 1462 running
Mar 20 05:47:23 kernel02 systemd-udevd[1742]: passed device to netlink monitor 0x2aa4285e3f0
Mar 20 05:47:23 kernel02 systemd-udevd[1742]: seq 1462 processed
Mar 20 05:47:23 kernel02 systemd-udevd[642]: cleanup idle workers
Mar 20 05:47:23 kernel02 systemd-udevd[1740]: Unload module index
Mar 20 05:47:23 kernel02 systemd-udevd[1737]: Unload module index
Mar 20 05:47:23 kernel02 systemd-udevd[1740]: Unloaded link configuration context.
Mar 20 05:47:23 kernel02 systemd-udevd[1737]: Unloaded link configuration context.
Mar 20 05:47:23 kernel02 systemd-udevd[1739]: Unload module index
Mar 20 05:47:23 kernel02 systemd-udevd[642]: worker [1737] exited
Mar 20 05:47:23 kernel02 systemd-udevd[642]: worker [1740] exited
Mar 20 05:47:23 kernel02 systemd-udevd[642]: cleanup idle workers
Mar 20 05:47:23 kernel02 systemd-udevd[1739]: Unloaded link configuration context.
Mar 20 05:47:23 kernel02 systemd-udevd[1741]: Unload module index
Mar 20 05:47:23 kernel02 systemd-udevd[642]: worker [1739] exited
Mar 20 05:47:23 kernel02 systemd-udevd[642]: cleanup idle workers
Mar 20 05:47:23 kernel02 systemd-udevd[1741]: Unloaded link configuration context.
Mar 20 05:47:23 kernel02 systemd-udevd[1742]: Unload module index
Mar 20 05:47:23 kernel02 systemd-udevd[642]: worker [1741] exited
Mar 20 05:47:23 kernel02 systemd-udevd[642]: cleanup idle workers
Mar 20 05:47:23 kernel02 systemd-udevd[1742]: Unloaded link configuration context.
Mar 20 05:47:23 kernel02 systemd-udevd[642]: worker [1742] exited
Mar 20 05:47:23 kernel02 systemd[1]: systemd-update-utmp-runlevel.service: Changed dead -> start
Mar 20 05:47:23 kernel02 systemd[1]: Starting Update UTMP about System Runlevel Changes...
Mar 20 05:47:23 kernel02 systemd[1]: systemd-journald.service: Got notification message from PID 565 (FDSTORE=1)
Mar 20 05:47:23 kernel02 systemd[1]: systemd-journald.service: Added fd to fd store.
Mar 20 05:47:23 kernel02 systemd[1]: Received SIGCHLD from PID 1698 (rpc.idmapd).
Mar 20 05:47:23 kernel02 systemd[1]: Child 1698 (rpc.idmapd) died (code=exited, status=0/SUCCESS)
Mar 20 05:47:23 kernel02 systemd[1]: nfs-idmapd.service: Child 1698 belongs to nfs-idmapd.service
Mar 20 05:47:23 kernel02 systemd[1]: nfs-idmapd.service: Control process exited, code=exited status=0
Mar 20 05:47:23 kernel02 systemd[1]: nfs-idmapd.service: Got final SIGCHLD for state start.
Mar 20 05:47:23 kernel02 systemd[1]: nfs-idmapd.service: Main PID guessed: 1736
Mar 20 05:47:23 kernel02 systemd[1]: nfs-idmapd.service: Changed start -> running
Mar 20 05:47:23 kernel02 systemd[1]: nfs-idmapd.service: Job nfs-idmapd.service/start finished, result=done
Mar 20 05:47:23 kernel02 systemd[1]: Started NFSv4 ID-name mapping service.
Mar 20 05:47:23 kernel02 systemd[1]: Got cgroup empty notification for: /system.slice/systemd-update-utmp.service
Mar 20 05:47:23 kernel02 systemd[1]: systemd-update-utmp.service: cgroup is empty
Mar 20 05:47:23 kernel02 systemd[1718]: systemd-timesyncd.service: Executing: /lib/systemd/systemd-timesyncd
Mar 20 05:47:23 kernel02 systemd-udevd[642]: seq 1463 queued, 'add' 'cgroup'
Mar 20 05:47:23 kernel02 systemd-udevd[642]: seq 1463 forked new worker [1743]
Mar 20 05:47:23 kernel02 systemd-udevd[642]: seq 1464 queued, 'add' 'cgroup'
Mar 20 05:47:23 kernel02 systemd-udevd[1743]: seq 1463 running
Mar 20 05:47:23 kernel02 systemd-udevd[642]: seq 1464 forked new worker [1744]
Mar 20 05:47:23 kernel02 systemd-udevd[642]: seq 1465 queued, 'add' 'cgroup'
Mar 20 05:47:23 kernel02 systemd-udevd[1743]: passed device to netlink monitor 0x2aa4282fdd0
Mar 20 05:47:23 kernel02 systemd-udevd[1743]: seq 1463 processed
Mar 20 05:47:23 kernel02 systemd-udevd[1744]: seq 1464 running
Mar 20 05:47:23 kernel02 systemd-udevd[642]: seq 1465 forked new worker [1745]
Mar 20 05:47:23 kernel02 systemd-udevd[642]: seq 1466 queued, 'add' 'cgroup'
Mar 20 05:47:23 kernel02 systemd-udevd[642]: passed 190 byte device to netlink monitor 0x2aa4282f7b0
Mar 20 05:47:23 kernel02 systemd-udevd[642]: seq 1467 queued, 'add' 'cgroup'
Mar 20 05:47:23 kernel02 systemd-udevd[1745]: seq 1465 running
Mar 20 05:47:23 kernel02 systemd-udevd[1744]: passed device to netlink monitor 0x2aa4282d7b0
Mar 20 05:47:23 kernel02 systemd-udevd[1744]: seq 1464 processed
Mar 20 05:47:23 kernel02 systemd-udevd[1743]: seq 1466 running
Mar 20 05:47:23 kernel02 systemd-udevd[642]: seq 1467 forked new worker [1746]
Mar 20 05:47:23 kernel02 systemd-udevd[1745]: passed device to netlink monitor 0x2aa4283b4a0
Mar 20 05:47:23 kernel02 systemd-udevd[1745]: seq 1465 processed
Mar 20 05:47:23 kernel02 systemd-udevd[1743]: passed device to netlink monitor 0x2aa4282fdd0
Mar 20 05:47:23 kernel02 systemd-udevd[1743]: seq 1466 processed
Mar 20 05:47:23 kernel02 systemd-udevd[1746]: seq 1467 running
Mar 20 05:47:23 kernel02 systemd-udevd[1746]: passed device to netlink monitor 0x2aa42838970
Mar 20 05:47:23 kernel02 systemd-udevd[1746]: seq 1467 processed
Mar 20 05:47:23 kernel02 systemd-udevd[642]: cleanup idle workers
Mar 20 05:47:23 kernel02 systemd-udevd[1745]: Unload module index
Mar 20 05:47:23 kernel02 systemd-udevd[1744]: Unload module index
Mar 20 05:47:23 kernel02 systemd-udevd[1743]: Unload module index
Mar 20 05:47:23 kernel02 systemd-udevd[1744]: Unloaded link configuration context.
Mar 20 05:47:23 kernel02 systemd-udevd[1743]: Unloaded link configuration context.
Mar 20 05:47:23 kernel02 systemd-udevd[642]: worker [1744] exited
Mar 20 05:47:23 kernel02 systemd-udevd[1746]: Unload module index
Mar 20 05:47:23 kernel02 systemd-udevd[642]: cleanup idle workers
Mar 20 05:47:23 kernel02 systemd-udevd[1745]: Unloaded link configuration context.
Mar 20 05:47:23 kernel02 systemd-udevd[1746]: Unloaded link configuration context.
Mar 20 05:47:23 kernel02 systemd-udevd[642]: worker [1745] exited
Mar 20 05:47:23 kernel02 systemd-udevd[642]: worker [1746] exited
Mar 20 05:47:23 kernel02 systemd-udevd[642]: worker [1743] exited
Mar 20 05:47:23 kernel02 systemd-udevd[642]: seq 1468 queued, 'add' 'cgroup'
Mar 20 05:47:23 kernel02 systemd-udevd[642]: seq 1468 forked new worker [1747]
Mar 20 05:47:23 kernel02 systemd-udevd[1747]: seq 1468 running
Mar 20 05:47:23 kernel02 systemd-udevd[642]: seq 1469 queued, 'add' 'cgroup'
Mar 20 05:47:23 kernel02 systemd-udevd[1747]: passed device to netlink monitor 0x2aa4282fdd0
Mar 20 05:47:23 kernel02 systemd-udevd[1747]: seq 1468 processed
Mar 20 05:47:23 kernel02 systemd-udevd[642]: seq 1469 forked new worker [1748]
Mar 20 05:47:23 kernel02 systemd-udevd[1748]: seq 1469 running
Mar 20 05:47:23 kernel02 systemd-udevd[1748]: passed device to netlink monitor 0x2aa4282d770
Mar 20 05:47:23 kernel02 systemd-udevd[1748]: seq 1469 processed
Mar 20 05:47:23 kernel02 systemd-udevd[642]: cleanup idle workers
Mar 20 05:47:23 kernel02 systemd-udevd[1748]: Unload module index
Mar 20 05:47:23 kernel02 systemd-udevd[1747]: Unload module index
Mar 20 05:47:23 kernel02 systemd-udevd[1748]: Unloaded link configuration context.
Mar 20 05:47:23 kernel02 systemd-udevd[1747]: Unloaded link configuration context.
Mar 20 05:47:23 kernel02 systemd-udevd[642]: worker [1747] exited
Mar 20 05:47:23 kernel02 systemd-udevd[642]: worker [1748] exited
Mar 20 05:47:23 kernel02 systemd-udevd[642]: seq 1470 queued, 'add' 'cgroup'
Mar 20 05:47:23 kernel02 systemd-udevd[642]: seq 1470 forked new worker [1749]
Mar 20 05:47:23 kernel02 systemd-udevd[642]: seq 1471 queued, 'add' 'cgroup'
Mar 20 05:47:23 kernel02 systemd-udevd[642]: seq 1471 forked new worker [1750]
Mar 20 05:47:23 kernel02 systemd-udevd[1749]: seq 1470 running
Mar 20 05:47:23 kernel02 systemd-udevd[1749]: passed device to netlink monitor 0x2aa4282fdd0
Mar 20 05:47:23 kernel02 systemd-udevd[1749]: seq 1470 processed
Mar 20 05:47:23 kernel02 systemd-udevd[1750]: seq 1471 running
Mar 20 05:47:23 kernel02 systemd-udevd[1750]: passed device to netlink monitor 0x2aa4282d750
Mar 20 05:47:23 kernel02 systemd-udevd[1750]: seq 1471 processed
Mar 20 05:47:23 kernel02 systemd-udevd[642]: cleanup idle workers
Mar 20 05:47:23 kernel02 systemd-udevd[1749]: Unload module index
Mar 20 05:47:23 kernel02 systemd-udevd[1749]: Unloaded link configuration context.
Mar 20 05:47:23 kernel02 systemd-udevd[642]: worker [1749] exited
Mar 20 05:47:23 kernel02 systemd-udevd[642]: cleanup idle workers
Mar 20 05:47:23 kernel02 systemd-udevd[1750]: Unload module index
Mar 20 05:47:23 kernel02 systemd-udevd[1750]: Unloaded link configuration context.
Mar 20 05:47:23 kernel02 systemd-udevd[642]: worker [1750] exited
Mar 20 05:47:23 kernel02 systemd[1738]: systemd-update-utmp-runlevel.service: Executing: /lib/systemd/systemd-update-utmp runlevel
Mar 20 05:47:23 kernel02 systemd-udevd[642]: seq 1472 queued, 'add' 'cgroup'
Mar 20 05:47:23 kernel02 systemd-udevd[642]: seq 1472 forked new worker [1751]
Mar 20 05:47:23 kernel02 systemd-udevd[642]: seq 1473 queued, 'add' 'cgroup'
Mar 20 05:47:23 kernel02 systemd-udevd[642]: seq 1473 forked new worker [1752]
Mar 20 05:47:23 kernel02 systemd-udevd[642]: seq 1474 queued, 'add' 'cgroup'
Mar 20 05:47:23 kernel02 systemd-udevd[1752]: seq 1473 running
Mar 20 05:47:23 kernel02 systemd-udevd[1752]: passed device to netlink monitor 0x2aa4282d790
Mar 20 05:47:23 kernel02 systemd-udevd[642]: seq 1474 forked new worker [1753]
Mar 20 05:47:23 kernel02 systemd-udevd[1752]: seq 1473 processed
Mar 20 05:47:23 kernel02 systemd-udevd[642]: seq 1475 queued, 'add' 'cgroup'
Mar 20 05:47:23 kernel02 systemd-udevd[1753]: seq 1474 running
Mar 20 05:47:23 kernel02 systemd-udevd[642]: seq 1475 forked new worker [1754]
Mar 20 05:47:23 kernel02 systemd-udevd[1753]: passed device to netlink monitor 0x2aa4283b4d0
Mar 20 05:47:23 kernel02 systemd-udevd[1753]: seq 1474 processed
Mar 20 05:47:23 kernel02 systemd-udevd[642]: seq 1476 queued, 'add' 'cgroup'
Mar 20 05:47:23 kernel02 systemd-udevd[642]: passed 201 byte device to netlink monitor 0x2aa4282f7b0
Mar 20 05:47:23 kernel02 systemd-udevd[1752]: seq 1476 running
Mar 20 05:47:23 kernel02 systemd-udevd[642]: seq 1477 queued, 'add' 'cgroup'
Mar 20 05:47:23 kernel02 systemd-udevd[642]: passed 198 byte device to netlink monitor 0x2aa4282f7b0
Mar 20 05:47:23 kernel02 systemd-udevd[1752]: passed device to netlink monitor 0x2aa4282d790
Mar 20 05:47:23 kernel02 systemd-udevd[1752]: seq 1476 processed
Mar 20 05:47:23 kernel02 systemd-udevd[1753]: seq 1477 running
Mar 20 05:47:23 kernel02 systemd-udevd[1753]: passed device to netlink monitor 0x2aa4283b4d0
Mar 20 05:47:23 kernel02 systemd-udevd[1753]: seq 1477 processed
Mar 20 05:47:23 kernel02 systemd-udevd[1754]: seq 1475 running
Mar 20 05:47:23 kernel02 systemd-udevd[1754]: passed device to netlink monitor 0x2aa428386f0
Mar 20 05:47:23 kernel02 systemd-udevd[1754]: seq 1475 processed
Mar 20 05:47:23 kernel02 systemd-udevd[1751]: seq 1472 running
Mar 20 05:47:23 kernel02 systemd-udevd[1751]: passed device to netlink monitor 0x2aa4282fdd0
Mar 20 05:47:23 kernel02 systemd-udevd[1751]: seq 1472 processed
Mar 20 05:47:23 kernel02 systemd-udevd[642]: cleanup idle workers
Mar 20 05:47:23 kernel02 systemd-udevd[1753]: Unload module index
Mar 20 05:47:23 kernel02 systemd-udevd[1753]: Unloaded link configuration context.
Mar 20 05:47:23 kernel02 systemd-udevd[1752]: Unload module index
Mar 20 05:47:23 kernel02 systemd-udevd[1752]: Unloaded link configuration context.
Mar 20 05:47:23 kernel02 systemd-udevd[642]: seq 1478 queued, 'add' 'cgroup'
Mar 20 05:47:23 kernel02 systemd-udevd[1754]: Unload module index
Mar 20 05:47:23 kernel02 systemd-udevd[1754]: Unloaded link configuration context.
Mar 20 05:47:23 kernel02 systemd-udevd[642]: seq 1478 forked new worker [1756]
Mar 20 05:47:23 kernel02 systemd-udevd[642]: worker [1752] exited
Mar 20 05:47:23 kernel02 systemd-udevd[642]: worker [1753] exited
Mar 20 05:47:23 kernel02 systemd-udevd[642]: worker [1754] exited
Mar 20 05:47:23 kernel02 systemd-udevd[642]: seq 1479 queued, 'add' 'cgroup'
Mar 20 05:47:23 kernel02 systemd-update-utmp[1738]: systemd-update-utmp running as pid 1738
Mar 20 05:47:23 kernel02 systemd-udevd[1751]: Unload module index
Mar 20 05:47:23 kernel02 systemd-udevd[1751]: Unloaded link configuration context.
Mar 20 05:47:23 kernel02 systemd-udevd[1756]: seq 1478 running
Mar 20 05:47:23 kernel02 systemd-udevd[1756]: passed device to netlink monitor 0x2aa4282fbb0
Mar 20 05:47:23 kernel02 systemd-udevd[1756]: seq 1478 processed
Mar 20 05:47:23 kernel02 systemd[1]: Accepted new private connection.
Mar 20 05:47:23 kernel02 systemd-timesyncd[1718]: System clock time unset or jumped backwards, restoring from recorded timestamp: Mon 2017-03-20 10:46:20 EDT
Mar 20 10:46:20 kernel02 systemd-udevd[642]: seq 1479 forked new worker [1759]
Mar 20 10:46:20 kernel02 systemd-udevd[642]: worker [1751] exited
Mar 20 10:46:20 kernel02 systemd-udevd[1759]: seq 1479 running
Mar 20 10:46:20 kernel02 systemd-udevd[642]: seq 1480 queued, 'add' 'cgroup'
Mar 20 10:46:20 kernel02 systemd-udevd[642]: passed 204 byte device to netlink monitor 0x2aa4282f7b0
Mar 20 10:46:20 kernel02 systemd-udevd[642]: seq 1481 queued, 'add' 'cgroup'
Mar 20 10:46:20 kernel02 systemd-udevd[1759]: passed device to netlink monitor 0x2aa42837e30
Mar 20 10:46:20 kernel02 systemd-udevd[1759]: seq 1479 processed
Mar 20 10:46:20 kernel02 systemd-udevd[642]: seq 1481 forked new worker [1761]
Mar 20 10:46:20 kernel02 systemd-udevd[642]: seq 1482 queued, 'add' 'cgroup'
Mar 20 10:46:20 kernel02 systemd-udevd[1761]: seq 1481 running
Mar 20 10:46:20 kernel02 systemd-udevd[642]: passed 211 byte device to netlink monitor 0x2aa4282f7b0
Mar 20 10:46:20 kernel02 systemd-udevd[1759]: seq 1482 running
Mar 20 10:46:20 kernel02 systemd-update-utmp[1738]: Sent message type=method_call sender=n/a destination=org.freedesktop.systemd1 object=/org/freedesktop/systemd1/unit/graphical_2etarget interface=org.freedesktop.DBus.Properties member=Get cookie=1 reply_cookie=0 error=n/a
Mar 20 10:46:20 kernel02 systemd[1]: Got message type=method_call sender=n/a destination=org.freedesktop.systemd1 object=/org/freedesktop/systemd1/unit/graphical_2etarget interface=org.freedesktop.DBus.Properties member=Get cookie=1 reply_cookie=0 error=n/a
Mar 20 10:46:20 kernel02 systemd[1]: Sent message type=method_return sender=n/a destination=n/a object=n/a interface=n/a member=n/a cookie=1 reply_cookie=1 error=n/a
Mar 20 10:46:20 kernel02 systemd[1]: Time has been changed
Mar 20 10:46:20 kernel02 systemd[1]: Set up TFD_TIMER_CANCEL_ON_SET timerfd.
Mar 20 10:46:20 kernel02 systemd-udevd[1759]: passed device to netlink monitor 0x2aa42837e30
Mar 20 10:46:20 kernel02 systemd-udevd[1759]: seq 1482 processed
Mar 20 10:46:20 kernel02 systemd-timesyncd[1718]: Added new server ntp.ubuntu.com.
Mar 20 10:46:20 kernel02 systemd[1]: systemd-timesyncd.service: Got notification message from PID 1718 (WATCHDOG=1)
Mar 20 10:46:20 kernel02 systemd-udevd[1761]: passed device to netlink monitor 0x2aa4282f1b0
Mar 20 10:46:20 kernel02 systemd-udevd[1761]: seq 1481 processed
Mar 20 10:46:20 kernel02 systemd-udevd[1756]: seq 1480 running
Mar 20 10:46:20 kernel02 systemd-update-utmp[1738]: Got message type=method_return sender=n/a destination=n/a object=n/a interface=n/a member=n/a cookie=1 reply_cookie=1 error=n/a
Mar 20 10:46:20 kernel02 systemd-update-utmp[1738]: Sent message type=method_call sender=n/a destination=org.freedesktop.systemd1 object=/org/freedesktop/systemd1/unit/multi_2duser_2etarget interface=org.freedesktop.DBus.Properties member=Get cookie=2 reply_cookie=0 error=n/a
Mar 20 10:46:20 kernel02 systemd[1]: Got message type=method_call sender=n/a destination=org.freedesktop.systemd1 object=/org/freedesktop/systemd1/unit/multi_2duser_2etarget interface=org.freedesktop.DBus.Properties member=Get cookie=2 reply_cookie=0 error=n/a
Mar 20 10:46:20 kernel02 systemd[1]: Sent message type=method_return sender=n/a destination=n/a object=n/a interface=n/a member=n/a cookie=2 reply_cookie=2 error=n/a
Mar 20 10:46:20 kernel02 systemd-update-utmp[1738]: Got message type=method_return sender=n/a destination=n/a object=n/a interface=n/a member=n/a cookie=2 reply_cookie=2 error=n/a
Mar 20 10:46:20 kernel02 systemd-udevd[1756]: passed device to netlink monitor 0x2aa4282fbb0
Mar 20 10:46:20 kernel02 systemd-udevd[1756]: seq 1480 processed
Mar 20 10:46:20 kernel02 systemd-update-utmp[1738]: Sent message type=method_call sender=n/a destination=org.freedesktop.systemd1 object=/org/freedesktop/systemd1/unit/rescue_2etarget interface=org.freedesktop.DBus.Properties member=Get cookie=3 reply_cookie=0 error=n/a
Mar 20 10:46:20 kernel02 systemd-udevd[642]: cleanup idle workers
Mar 20 10:46:20 kernel02 systemd-udevd[1759]: Unload module index
Mar 20 10:46:20 kernel02 systemd-timesyncd[1718]: systemd-timesyncd running as pid 1718
Mar 20 10:46:20 kernel02 systemd-udevd[1759]: Unloaded link configuration context.
Mar 20 10:46:20 kernel02 systemd-timesyncd[1718]: Selected server ntp.ubuntu.com.
Mar 20 10:46:20 kernel02 systemd-timesyncd[1718]: Resolving ntp.ubuntu.com...
Mar 20 10:46:20 kernel02 systemd[1]: systemd-timesyncd.service: Got notification message from PID 1718 (READY=1, STATUS=Daemon is running)
Mar 20 10:46:20 kernel02 systemd[1]: systemd-timesyncd.service: Changed start -> running
Mar 20 10:46:20 kernel02 systemd[1]: systemd-timesyncd.service: Job systemd-timesyncd.service/start finished, result=done
Mar 20 10:46:20 kernel02 systemd[1]: Started Network Time Synchronization.
Mar 20 10:46:20 kernel02 systemd-udevd[1761]: Unload module index
Mar 20 10:46:20 kernel02 systemd[1]: Sent message type=signal sender=n/a destination=n/a object=/org/freedesktop/systemd1 interface=org.freedesktop.systemd1.Manager member=JobRemoved cookie=3 reply_cookie=0 error=n/a
Mar 20 10:46:20 kernel02 systemd-udevd[1761]: Unloaded link configuration context.
Mar 20 10:46:20 kernel02 systemd[1]: Sent message type=signal sender=n/a destination=n/a object=/org/freedesktop/systemd1/unit/systemd_2dtimesyncd_2eservice interface=org.freedesktop.DBus.Properties member=PropertiesChanged cookie=4 reply_cookie=0 error=n/a
Mar 20 10:46:20 kernel02 systemd-udevd[1756]: Unload module index
Mar 20 10:46:20 kernel02 systemd[1]: Sent message type=signal sender=n/a destination=n/a object=/org/freedesktop/systemd1/unit/systemd_2dtimesyncd_2eservice interface=org.freedesktop.DBus.Properties member=PropertiesChanged cookie=5 reply_cookie=0 error=n/a
Mar 20 10:46:20 kernel02 systemd[1]: systemd-timesyncd.service: Got notification message from PID 1718 (STATUS=Idle.)
Mar 20 10:46:20 kernel02 systemd-udevd[1756]: Unloaded link configuration context.
Mar 20 10:46:20 kernel02 systemd[1]: Sent message type=signal sender=n/a destination=n/a object=/org/freedesktop/systemd1/unit/systemd_2dtimesyncd_2eservice interface=org.freedesktop.DBus.Properties member=PropertiesChanged cookie=6 reply_cookie=0 error=n/a
Mar 20 10:46:20 kernel02 systemd[1]: Sent message type=signal sender=n/a destination=n/a object=/org/freedesktop/systemd1/unit/systemd_2dtimesyncd_2eservice interface=org.freedesktop.DBus.Properties member=PropertiesChanged cookie=7 reply_cookie=0 error=n/a
Mar 20 10:46:20 kernel02 systemd[1]: systemd-timesyncd.service: Got notification message from PID 1718 (STATUS=Idle.)
Mar 20 10:46:20 kernel02 systemd[1]: Got message type=method_call sender=n/a destination=org.freedesktop.systemd1 object=/org/freedesktop/systemd1/unit/rescue_2etarget interface=org.freedesktop.DBus.Properties member=Get cookie=3 reply_cookie=0 error=n/a
Mar 20 10:46:20 kernel02 systemd[1]: Sent message type=method_return sender=n/a destination=n/a object=n/a interface=n/a member=n/a cookie=8 reply_cookie=3 error=n/a
Mar 20 10:46:20 kernel02 systemd[1]: time-sync.target changed dead -> active
Mar 20 10:46:20 kernel02 systemd[1]: time-sync.target: Job time-sync.target/start finished, result=done
Mar 20 10:46:20 kernel02 systemd[1]: Reached target System Time Synchronized.
Mar 20 10:46:20 kernel02 systemd[1]: Sent message type=signal sender=n/a destination=n/a object=/org/freedesktop/systemd1 interface=org.freedesktop.systemd1.Manager member=JobRemoved cookie=9 reply_cookie=0 error=n/a
Mar 20 10:46:20 kernel02 systemd[1]: Sent message type=signal sender=n/a destination=n/a object=/org/freedesktop/systemd1/unit/time_2dsync_2etarget interface=org.freedesktop.DBus.Properties member=PropertiesChanged cookie=10 reply_cookie=0 error=n/a
Mar 20 10:46:20 kernel02 systemd-update-utmp[1738]: Got message type=method_return sender=n/a destination=n/a object=n/a interface=n/a member=n/a cookie=8 reply_cookie=3 error=n/a
Mar 20 10:46:20 kernel02 systemd-update-utmp[1738]: systemd-update-utmp stopped as pid 1738
Mar 20 10:46:20 kernel02 systemd-udevd[642]: worker [1756] exited
Mar 20 10:46:20 kernel02 systemd-udevd[642]: worker [1759] exited
Mar 20 10:46:20 kernel02 systemd-udevd[642]: worker [1761] exited
Mar 20 10:46:20 kernel02 systemd[1]: Got disconnect on private connection.
Mar 20 10:46:20 kernel02 systemd-udevd[642]: seq 1483 queued, 'add' 'cgroup'
Mar 20 10:46:20 kernel02 systemd-udevd[642]: seq 1483 forked new worker [1765]
Mar 20 10:46:20 kernel02 systemd-udevd[642]: seq 1484 queued, 'add' 'cgroup'
Mar 20 10:46:20 kernel02 systemd[1]: Received SIGCHLD from PID 1738 (systemd-update-).
Mar 20 10:46:20 kernel02 systemd[1]: Child 1738 (systemd-update-) died (code=exited, status=0/SUCCESS)
Mar 20 10:46:20 kernel02 systemd-udevd[1765]: seq 1483 running
Mar 20 10:46:20 kernel02 systemd[1]: systemd-update-utmp-runlevel.service: Child 1738 belongs to systemd-update-utmp-runlevel.service
Mar 20 10:46:20 kernel02 systemd[1]: systemd-update-utmp-runlevel.service: Main process exited, code=exited, status=0/SUCCESS
Mar 20 10:46:20 kernel02 systemd-udevd[642]: seq 1484 forked new worker [1767]
Mar 20 10:46:20 kernel02 systemd[1]: systemd-update-utmp-runlevel.service: Changed start -> dead
Mar 20 10:46:20 kernel02 systemd-udevd[1767]: seq 1484 running
Mar 20 10:46:20 kernel02 systemd-udevd[1765]: passed device to netlink monitor 0x2aa4283aa50
Mar 20 10:46:20 kernel02 systemd-udevd[1765]: seq 1483 processed
Mar 20 10:46:20 kernel02 systemd-udevd[1767]: passed device to netlink monitor 0x2aa4282d9e0
Mar 20 10:46:20 kernel02 systemd-udevd[1767]: seq 1484 processed
Mar 20 10:46:20 kernel02 systemd[1]: systemd-update-utmp-runlevel.service: Job systemd-update-utmp-runlevel.service/start finished, result=done
Mar 20 10:46:20 kernel02 systemd[1]: Started Update UTMP about System Runlevel Changes.
Mar 20 10:46:20 kernel02 systemd[1]: systemd-update-utmp-runlevel.service: cgroup is empty
Mar 20 10:46:20 kernel02 systemd-udevd[642]: cleanup idle workers
Mar 20 10:46:20 kernel02 systemd-udevd[1767]: Unload module index
Mar 20 10:46:20 kernel02 systemd-udevd[1765]: Unload module index
Mar 20 10:46:20 kernel02 systemd-udevd[1767]: Unloaded link configuration context.
Mar 20 10:46:20 kernel02 systemd-udevd[1765]: Unloaded link configuration context.
Mar 20 10:46:20 kernel02 systemd[1]: Got cgroup empty notification for: /system.slice/systemd-update-utmp-runlevel.service
Mar 20 10:46:20 kernel02 systemd-udevd[642]: worker [1765] exited
Mar 20 10:46:20 kernel02 systemd-udevd[642]: worker [1767] exited
Mar 20 10:46:20 kernel02 systemd[1]: rpcbind.service: Got notification message from PID 1719 (READY=1)
Mar 20 10:46:20 kernel02 systemd[1]: rpcbind.service: Changed start -> running
Mar 20 10:46:20 kernel02 systemd[1]: rpcbind.service: Job rpcbind.service/start finished, result=done
Mar 20 10:46:20 kernel02 systemd[1]: Started RPC bind portmap service.
Mar 20 10:46:20 kernel02 systemd[1]: rpcbind.socket: Changed listening -> running
Mar 20 10:46:20 kernel02 systemd[1]: rpcbind.target changed dead -> active
Mar 20 10:46:20 kernel02 systemd[1]: rpcbind.target: Job rpcbind.target/start finished, result=done
Mar 20 10:46:20 kernel02 systemd[1]: Reached target RPC Port Mapper.
Mar 20 10:46:20 kernel02 systemd-udevd[642]: seq 1485 queued, 'remove' 'cgroup'
Mar 20 10:46:20 kernel02 systemd-udevd[642]: seq 1485 forked new worker [1789]
Mar 20 10:46:20 kernel02 systemd-udevd[642]: seq 1486 queued, 'remove' 'cgroup'
Mar 20 10:46:20 kernel02 systemd-udevd[642]: seq 1486 forked new worker [1790]
Mar 20 10:46:20 kernel02 systemd-udevd[642]: seq 1487 queued, 'remove' 'cgroup'
Mar 20 10:46:20 kernel02 systemd-udevd[642]: seq 1487 forked new worker [1791]
Mar 20 10:46:20 kernel02 systemd-udevd[642]: seq 1488 queued, 'remove' 'cgroup'
Mar 20 10:46:20 kernel02 systemd-udevd[1791]: seq 1487 running
Mar 20 10:46:20 kernel02 systemd-udevd[642]: seq 1488 forked new worker [1792]
Mar 20 10:46:20 kernel02 systemd-udevd[1791]: passed device to netlink monitor 0x2aa4283b4d0
Mar 20 10:46:20 kernel02 systemd-udevd[1791]: seq 1487 processed
Mar 20 10:46:20 kernel02 systemd-udevd[642]: seq 1489 queued, 'remove' 'cgroup'
Mar 20 10:46:20 kernel02 systemd-udevd[1792]: seq 1488 running
Mar 20 10:46:20 kernel02 systemd-udevd[642]: seq 1489 forked new worker [1793]
Mar 20 10:46:20 kernel02 systemd-udevd[1792]: passed device to netlink monitor 0x2aa428386f0
Mar 20 10:46:20 kernel02 systemd-udevd[1792]: seq 1488 processed
Mar 20 10:46:20 kernel02 systemd-udevd[642]: seq 1490 queued, 'remove' 'cgroup'
Mar 20 10:46:20 kernel02 systemd-udevd[642]: passed 201 byte device to netlink monitor 0x2aa4282f7b0
Mar 20 10:46:20 kernel02 systemd-udevd[642]: seq 1491 queued, 'remove' 'cgroup'
Mar 20 10:46:20 kernel02 systemd-udevd[642]: passed 204 byte device to netlink monitor 0x2aa4282f7b0
Mar 20 10:46:20 kernel02 systemd-udevd[1792]: seq 1491 running
Mar 20 10:46:20 kernel02 systemd-udevd[642]: seq 1492 queued, 'remove' 'cgroup'
Mar 20 10:46:20 kernel02 systemd-udevd[1792]: passed device to netlink monitor 0x2aa428386f0
Mar 20 10:46:20 kernel02 systemd-udevd[1792]: seq 1491 processed
Mar 20 10:46:20 kernel02 systemd-udevd[642]: seq 1492 forked new worker [1794]
Mar 20 10:46:20 kernel02 systemd-udevd[642]: seq 1493 queued, 'remove' 'cgroup'
Mar 20 10:46:20 kernel02 systemd-udevd[642]: passed 207 byte device to netlink monitor 0x2aa4282f7b0
Mar 20 10:46:20 kernel02 systemd-udevd[1792]: seq 1493 running
Mar 20 10:46:20 kernel02 systemd-udevd[642]: seq 1494 queued, 'remove' 'cgroup'
Mar 20 10:46:20 kernel02 systemd-udevd[1792]: passed device to netlink monitor 0x2aa428386f0
Mar 20 10:46:20 kernel02 systemd-udevd[1792]: seq 1493 processed
Mar 20 10:46:20 kernel02 systemd-udevd[1794]: seq 1492 running
Mar 20 10:46:20 kernel02 systemd-udevd[642]: seq 1494 forked new worker [1795]
Mar 20 10:46:20 kernel02 systemd-udevd[642]: seq 1495 queued, 'remove' 'cgroup'
Mar 20 10:46:20 kernel02 systemd-udevd[642]: passed 214 byte device to netlink monitor 0x2aa4282f7b0
Mar 20 10:46:20 kernel02 systemd-udevd[1792]: seq 1495 running
Mar 20 10:46:20 kernel02 systemd-udevd[1792]: passed device to netlink monitor 0x2aa428386f0
Mar 20 10:46:20 kernel02 systemd-udevd[1792]: seq 1495 processed
Mar 20 10:46:20 kernel02 systemd-udevd[1794]: passed device to netlink monitor 0x2aa4285fb10
Mar 20 10:46:20 kernel02 systemd-udevd[1794]: seq 1492 processed
Mar 20 10:46:20 kernel02 systemd-udevd[1793]: seq 1489 running
Mar 20 10:46:20 kernel02 systemd-udevd[1790]: seq 1486 running
Mar 20 10:46:20 kernel02 systemd-udevd[1795]: seq 1494 running
Mar 20 10:46:20 kernel02 systemd-udevd[1793]: passed device to netlink monitor 0x2aa4285e3f0
Mar 20 10:46:20 kernel02 systemd-udevd[1793]: seq 1489 processed
Mar 20 10:46:20 kernel02 systemd-udevd[1790]: passed device to netlink monitor 0x2aa4282d790
Mar 20 10:46:20 kernel02 systemd-udevd[1790]: seq 1486 processed
Mar 20 10:46:20 kernel02 systemd-udevd[1795]: passed device to netlink monitor 0x2aa42860df0
Mar 20 10:46:20 kernel02 systemd-udevd[1795]: seq 1494 processed
Mar 20 10:46:20 kernel02 systemd-udevd[1789]: seq 1485 running
Mar 20 10:46:20 kernel02 systemd-udevd[1789]: passed device to netlink monitor 0x2aa4282fdd0
Mar 20 10:46:20 kernel02 systemd-udevd[1789]: seq 1485 processed
Mar 20 10:46:20 kernel02 systemd-udevd[1791]: seq 1490 running
Mar 20 10:46:20 kernel02 systemd-udevd[1791]: passed device to netlink monitor 0x2aa4283b4d0
Mar 20 10:46:20 kernel02 systemd-udevd[1791]: seq 1490 processed
Mar 20 10:46:20 kernel02 systemd-udevd[642]: cleanup idle workers
Mar 20 10:46:20 kernel02 systemd-udevd[1791]: Unload module index
Mar 20 10:46:20 kernel02 systemd-udevd[1791]: Unloaded link configuration context.
Mar 20 10:46:20 kernel02 systemd-udevd[642]: worker [1791] exited
Mar 20 10:46:20 kernel02 systemd-udevd[642]: cleanup idle workers
Mar 20 10:46:20 kernel02 systemd-timesyncd[1718]: Failed to resolve ntp.ubuntu.com: Temporary failure in name resolution
Mar 20 10:46:20 kernel02 systemd-timesyncd[1718]: Resolving ntp.ubuntu.com...
Mar 20 10:46:20 kernel02 systemd-udevd[1793]: Unload module index
Mar 20 10:46:20 kernel02 systemd[1]: systemd-timesyncd.service: Got notification message from PID 1718 (STATUS=Idle.)
Mar 20 10:46:20 kernel02 systemd-udevd[1793]: Unloaded link configuration context.
