Mar 20 05:45:58 kernel02 systemd-sysctl[607]: Setting 'net/ipv4/conf/default/rp_filter' to '1'
Mar 20 05:45:58 kernel02 systemd[1]: Received SIGCHLD from PID 607 (systemd-sysctl).
Mar 20 05:45:58 kernel02 systemd[1]: Child 607 (systemd-sysctl) died (code=exited, status=0/SUCCESS)
Mar 20 05:45:58 kernel02 systemd[1]: systemd-sysctl.service: Child 607 belongs to systemd-sysctl.service
Mar 20 05:45:58 kernel02 systemd[1]: systemd-sysctl.service: Main process exited, code=exited, status=0/SUCCESS
Mar 20 05:45:58 kernel02 systemd[1]: systemd-sysctl.service: Changed start -> exited
Mar 20 05:45:58 kernel02 systemd[1]: systemd-sysctl.service: Job systemd-sysctl.service/start finished, result=done
Mar 20 05:45:58 kernel02 systemd[1]: Started Apply Kernel Variables.
Mar 20 05:45:58 kernel02 systemd[1]: systemd-sysctl.service: cgroup is empty
Mar 20 05:45:58 kernel02 systemd[1]: Got cgroup empty notification for: /system.slice/systemd-sysctl.service
Mar 20 05:45:58 kernel02 keyboard-setup.sh[555]: /etc/console-setup/cached_setup_keyboard.sh: 7: /etc/console-setup/cached_setup_keyboard.sh: cannot open /dev/tty1: No such device or address
Mar 20 05:45:58 kernel02 kernel: device-mapper: multipath round-robin: version 1.1.0 loaded
Mar 20 05:45:58 kernel02 systemd-tmpfiles[578]: Entry "/run/log/journal/a2459ed63f0f46e1a3991996e020fdee" does not match any include prefix, skipping.
Mar 20 05:45:58 kernel02 systemd-tmpfiles[578]: Entry "/run/log/journal/a2459ed63f0f46e1a3991996e020fdee" does not match any include prefix, skipping.
Mar 20 05:45:58 kernel02 systemd-tmpfiles[578]: Entry "/run/log/journal/a2459ed63f0f46e1a3991996e020fdee/*.journal*" does not match any include prefix, skipping.
Mar 20 05:45:58 kernel02 systemd-tmpfiles[578]: Entry "/var/log/journal" does not match any include prefix, skipping.
Mar 20 05:45:58 kernel02 systemd-tmpfiles[578]: Entry "/var/log/journal/a2459ed63f0f46e1a3991996e020fdee" does not match any include prefix, skipping.
Mar 20 05:45:58 kernel02 systemd-tmpfiles[578]: Entry "/var/log/journal/a2459ed63f0f46e1a3991996e020fdee/system.journal" does not match any include prefix, skipping.
Mar 20 05:45:58 kernel02 systemd-tmpfiles[578]: Entry "/var/log/journal" does not match any include prefix, skipping.
Mar 20 05:45:58 kernel02 systemd-tmpfiles[578]: Entry "/var/log/journal" does not match any include prefix, skipping.
Mar 20 05:45:58 kernel02 systemd-tmpfiles[578]: Entry "/var/log/journal/a2459ed63f0f46e1a3991996e020fdee" does not match any include prefix, skipping.
Mar 20 05:45:58 kernel02 systemd-tmpfiles[578]: Entry "/var/log/journal/a2459ed63f0f46e1a3991996e020fdee" does not match any include prefix, skipping.
Mar 20 05:45:58 kernel02 systemd-tmpfiles[578]: Entry "/var/log/journal/a2459ed63f0f46e1a3991996e020fdee/system.journal" does not match any include prefix, skipping.
Mar 20 05:45:58 kernel02 systemd-tmpfiles[578]: Entry "/var/lib/systemd" does not match any include prefix, skipping.
Mar 20 05:45:58 kernel02 systemd-tmpfiles[578]: Entry "/var/lib/systemd/coredump" does not match any include prefix, skipping.
Mar 20 05:45:58 kernel02 systemd-tmpfiles[578]: Reading config file "/usr/lib/tmpfiles.d/tmp.conf".
Mar 20 05:45:58 kernel02 multipathd[582]: 36005076306ffd6b60000000000002a03: load table [0 20971520 multipath 1 queue_if_no_path 0 1 1 round-robin 0 4 1 8:0 1 8:16 1 8:32 1 8:48 1]
Mar 20 05:45:58 kernel02 multipathd[582]: 36005076306ffd6b60000000000002a03: event checker started
Mar 20 05:45:58 kernel02 multipathd[582]: path checkers start up
Mar 20 05:45:58 kernel02 systemd[1]: multipathd.service: Got notification message from PID 582 (READY=1, STATUS=running)
Mar 20 05:45:58 kernel02 systemd[1]: multipathd.service: Changed start -> running
Mar 20 05:45:58 kernel02 systemd[1]: multipathd.service: Job multipathd.service/start finished, result=done
Mar 20 05:45:58 kernel02 systemd[1]: Started Device-Mapper Multipath Device Controller.
Mar 20 05:45:58 kernel02 systemd[1]: multipathd.socket: Changed listening -> running
Mar 20 05:45:58 kernel02 systemd-tmpfiles[578]: Entry "/tmp" does not match any include prefix, skipping.
Mar 20 05:45:58 kernel02 systemd-tmpfiles[578]: Entry "/tmp/systemd-private-895d5ff588b44ce681aa74f98fb6ebd7-*" does not match any include prefix, skipping.
Mar 20 05:45:58 kernel02 systemd-tmpfiles[578]: Entry "/tmp/systemd-private-895d5ff588b44ce681aa74f98fb6ebd7-*/tmp" does not match any include prefix, skipping.
Mar 20 05:45:58 kernel02 systemd-tmpfiles[578]: Entry "/var/tmp/systemd-private-895d5ff588b44ce681aa74f98fb6ebd7-*" does not match any include prefix, skipping.
Mar 20 05:45:58 kernel02 systemd-tmpfiles[578]: Entry "/var/tmp/systemd-private-895d5ff588b44ce681aa74f98fb6ebd7-*/tmp" does not match any include prefix, skipping.
Mar 20 05:45:58 kernel02 systemd-tmpfiles[578]: Reading config file "/usr/lib/tmpfiles.d/var.conf".
Mar 20 05:45:58 kernel02 keyboard-setup.sh[555]: /etc/console-setup/cached_setup_keyboard.sh: 8: /etc/console-setup/cached_setup_keyboard.sh: cannot open /dev/tty2: No such device or address
Mar 20 05:45:58 kernel02 keyboard-setup.sh[555]: /etc/console-setup/cached_setup_keyboard.sh: 9: /etc/console-setup/cached_setup_keyboard.sh: cannot open /dev/tty3: No such device or address
Mar 20 05:45:58 kernel02 keyboard-setup.sh[555]: /etc/console-setup/cached_setup_keyboard.sh: 10: /etc/console-setup/cached_setup_keyboard.sh: cannot open /dev/tty4: No such device or address
Mar 20 05:45:58 kernel02 keyboard-setup.sh[555]: /etc/console-setup/cached_setup_keyboard.sh: 11: /etc/console-setup/cached_setup_keyboard.sh: cannot open /dev/tty5: No such device or address
Mar 20 05:45:58 kernel02 keyboard-setup.sh[555]: /etc/console-setup/cached_setup_keyboard.sh: 12: /etc/console-setup/cached_setup_keyboard.sh: cannot open /dev/tty6: No such device or address
Mar 20 05:45:58 kernel02 systemd-tmpfiles[578]: Entry "/var" does not match any include prefix, skipping.
Mar 20 05:45:58 kernel02 systemd-tmpfiles[578]: Entry "/var/run" does not match any include prefix, skipping.
Mar 20 05:45:58 kernel02 systemd-tmpfiles[578]: Entry "/var/log" does not match any include prefix, skipping.
Mar 20 05:45:58 kernel02 systemd-tmpfiles[578]: Entry "/var/log/wtmp" does not match any include prefix, skipping.
Mar 20 05:45:58 kernel02 systemd-tmpfiles[578]: Entry "/var/log/btmp" does not match any include prefix, skipping.
Mar 20 05:45:58 kernel02 systemd-tmpfiles[578]: Entry "/var/cache" does not match any include prefix, skipping.
Mar 20 05:45:58 kernel02 systemd-tmpfiles[578]: Entry "/var/lib" does not match any include prefix, skipping.
Mar 20 05:45:58 kernel02 systemd-tmpfiles[578]: Entry "/var/spool" does not match any include prefix, skipping.
Mar 20 05:45:58 kernel02 systemd-tmpfiles[578]: Reading config file "/usr/lib/tmpfiles.d/x11.conf".
Mar 20 05:45:58 kernel02 systemd-tmpfiles[578]: Entry "/tmp/.X11-unix" does not match any include prefix, skipping.
Mar 20 05:45:58 kernel02 systemd-tmpfiles[578]: Entry "/tmp/.ICE-unix" does not match any include prefix, skipping.
Mar 20 05:45:58 kernel02 systemd-tmpfiles[578]: Entry "/tmp/.XIM-unix" does not match any include prefix, skipping.
Mar 20 05:45:58 kernel02 systemd-tmpfiles[578]: Entry "/tmp/.font-unix" does not match any include prefix, skipping.
Mar 20 05:45:58 kernel02 systemd-tmpfiles[578]: Entry "/tmp/.Test-unix" does not match any include prefix, skipping.
Mar 20 05:45:58 kernel02 systemd-tmpfiles[578]: Entry "/tmp/.X[0-9]*-lock" does not match any include prefix, skipping.
Mar 20 05:45:58 kernel02 systemd-tmpfiles[578]: Running create action for entry c /dev/kvm
Mar 20 05:45:58 kernel02 systemd-tmpfiles[578]: Created char device node "/dev/kvm" 1:128.
Mar 20 05:45:58 kernel02 systemd-tmpfiles[578]: "/dev/kvm" has right mode 20600
Mar 20 05:45:58 kernel02 systemd-tmpfiles[578]: Running create action for entry c /dev/autofs
Mar 20 05:45:58 kernel02 systemd-tmpfiles[578]: Found existing char device node "/dev/autofs" 1:128.
Mar 20 05:45:58 kernel02 systemd-tmpfiles[578]: "/dev/autofs" has right mode 20600
Mar 20 05:45:58 kernel02 systemd-tmpfiles[578]: Running create action for entry c /dev/fuse
Mar 20 05:45:58 kernel02 systemd-tmpfiles[578]: Created char device node "/dev/fuse" 1:128.
Mar 20 05:45:58 kernel02 systemd-tmpfiles[578]: "/dev/fuse" has right mode 20600
Mar 20 05:45:58 kernel02 systemd-tmpfiles[578]: Running create action for entry c /dev/cuse
Mar 20 05:45:58 kernel02 systemd-tmpfiles[578]: Created char device node "/dev/cuse" 1:128.
Mar 20 05:45:58 kernel02 systemd-tmpfiles[578]: "/dev/cuse" has right mode 20600
Mar 20 05:45:58 kernel02 systemd-tmpfiles[578]: Running create action for entry c /dev/btrfs-control
Mar 20 05:45:58 kernel02 systemd-tmpfiles[578]: Found existing char device node "/dev/btrfs-control" 1:128.
Mar 20 05:45:58 kernel02 systemd-tmpfiles[578]: "/dev/btrfs-control" has right mode 20600
Mar 20 05:45:58 kernel02 systemd-tmpfiles[578]: Running create action for entry c /dev/vhost-net
Mar 20 05:45:58 kernel02 systemd-tmpfiles[578]: Created char device node "/dev/vhost-net" 1:128.
Mar 20 05:45:58 kernel02 systemd-tmpfiles[578]: "/dev/vhost-net" has right mode 20600
Mar 20 05:45:58 kernel02 systemd[1]: Received SIGCHLD from PID 578 (systemd-tmpfile).
Mar 20 05:45:58 kernel02 systemd[1]: Child 578 (systemd-tmpfile) died (code=exited, status=0/SUCCESS)
Mar 20 05:45:58 kernel02 systemd[1]: systemd-tmpfiles-setup-dev.service: Child 578 belongs to systemd-tmpfiles-setup-dev.service
Mar 20 05:45:58 kernel02 systemd[1]: systemd-tmpfiles-setup-dev.service: Main process exited, code=exited, status=0/SUCCESS
Mar 20 05:45:58 kernel02 systemd[1]: systemd-tmpfiles-setup-dev.service: Changed start -> exited
Mar 20 05:45:58 kernel02 keyboard-setup.sh[555]: Couldn't get a file descriptor referring to the console
Mar 20 05:45:58 kernel02 systemd[1]: systemd-tmpfiles-setup-dev.service: Job systemd-tmpfiles-setup-dev.service/start finished, result=done
Mar 20 05:45:58 kernel02 systemd[1]: Started Create Static Device Nodes in /dev.
Mar 20 05:45:58 kernel02 systemd[1]: systemd-tmpfiles-setup-dev.service: cgroup is empty
Mar 20 05:45:58 kernel02 systemd[1]: systemd-udevd.service: ConditionPathIsReadWrite=/sys succeeded.
Mar 20 05:45:58 kernel02 systemd[1]: systemd-udevd.service: About to execute: /lib/systemd/systemd-udevd
Mar 20 05:45:58 kernel02 systemd[1]: systemd-udevd.service: Forked /lib/systemd/systemd-udevd as 642
Mar 20 05:45:58 kernel02 systemd[1]: systemd-udevd.service: Changed dead -> start
Mar 20 05:45:58 kernel02 systemd[1]: Starting udev Kernel Device Manager...
Mar 20 05:45:58 kernel02 systemd[642]: systemd-udevd.service: Executing: /lib/systemd/systemd-udevd
Mar 20 05:45:58 kernel02 systemd[1]: systemd-journald.service: Got notification message from PID 565 (FDSTORE=1)
Mar 20 05:45:58 kernel02 systemd[1]: systemd-journald.service: Added fd to fd store.
Mar 20 05:45:58 kernel02 systemd[1]: Got cgroup empty notification for: /system.slice/systemd-tmpfiles-setup-dev.service
Mar 20 05:45:58 kernel02 systemd[1]: systemd-tmpfiles-setup-dev.service: cgroup is empty
Mar 20 05:45:59 kernel02 systemd-udevd[642]: set children_max to 24
Mar 20 05:45:59 kernel02 systemd-udevd[642]: Failed to symlink /proc/kcore to /dev/core: File exists
Mar 20 05:45:59 kernel02 systemd-udevd[642]: Failed to symlink /proc/self/fd to /dev/fd: File exists
Mar 20 05:45:59 kernel02 systemd-udevd[642]: Failed to symlink /proc/self/fd/0 to /dev/stdin: File exists
Mar 20 05:45:59 kernel02 systemd-udevd[642]: Failed to symlink /proc/self/fd/1 to /dev/stdout: File exists
Mar 20 05:45:59 kernel02 systemd-udevd[642]: Failed to symlink /proc/self/fd/2 to /dev/stderr: File exists
Mar 20 05:45:59 kernel02 systemd[1]: Received SIGCHLD from PID 585 (resolvconf).
Mar 20 05:45:59 kernel02 systemd[1]: Child 585 (resolvconf) died (code=exited, status=0/SUCCESS)
Mar 20 05:45:59 kernel02 systemd[1]: resolvconf.service: Child 585 belongs to resolvconf.service
Mar 20 05:45:59 kernel02 systemd[1]: resolvconf.service: Main process exited, code=exited, status=0/SUCCESS
Mar 20 05:45:59 kernel02 systemd[1]: resolvconf.service: Changed running -> exited
Mar 20 05:45:59 kernel02 systemd[1]: resolvconf.service: cgroup is empty
Mar 20 05:45:59 kernel02 systemd[1]: Got cgroup empty notification for: /system.slice/resolvconf.service
Mar 20 05:45:59 kernel02 systemd-udevd[642]: === trie on-disk ===
Mar 20 05:45:59 kernel02 systemd-udevd[642]: tool version: 231
Mar 20 05:45:59 kernel02 systemd-udevd[642]: file size: 7055217 bytes
Mar 20 05:45:59 kernel02 systemd-udevd[642]: header size 80 bytes
Mar 20 05:45:59 kernel02 systemd-udevd[642]: strings 1810457 bytes
Mar 20 05:45:59 kernel02 systemd-udevd[642]: nodes 5244680 bytes
Mar 20 05:45:59 kernel02 systemd-udevd[642]: Load module index
Mar 20 05:45:59 kernel02 systemd-udevd[642]: timestamp of '/etc/systemd/network' changed
Mar 20 05:45:59 kernel02 systemd-udevd[642]: timestamp of '/lib/systemd/network' changed
Mar 20 05:45:59 kernel02 systemd-udevd[642]: Parsed configuration file /lib/systemd/network/99-default.link
Mar 20 05:45:59 kernel02 systemd-udevd[642]: Created link configuration context.
Mar 20 05:45:59 kernel02 systemd-udevd[642]: timestamp of '/etc/udev/rules.d' changed
Mar 20 05:45:59 kernel02 systemd-udevd[642]: timestamp of '/lib/udev/rules.d' changed
Mar 20 05:45:59 kernel02 systemd-udevd[642]: Reading rules file: /lib/udev/rules.d/40-vm-hotadd.rules
Mar 20 05:45:59 kernel02 systemd-udevd[642]: Reading rules file: /lib/udev/rules.d/40-z90crypt.rules
Mar 20 05:45:59 kernel02 systemd-udevd[642]: Reading rules file: /etc/udev/rules.d/41-cio-ignore.rules
Mar 20 05:45:59 kernel02 systemd-udevd[642]: Reading rules file: /etc/udev/rules.d/41-dasd-eckd-0.0.0200.rules
Mar 20 05:45:59 kernel02 systemd-udevd[642]: Reading rules file: /etc/udev/rules.d/41-dasd-eckd-0.0.0201.rules
Mar 20 05:45:59 kernel02 lvm[559]: 1 logical volume(s) in volume group "kl02vg01" monitored
Mar 20 05:45:59 kernel02 systemd[1]: Received SIGCHLD from PID 559 (lvm).
Mar 20 05:45:59 kernel02 systemd[1]: Child 559 (lvm) died (code=exited, status=0/SUCCESS)
Mar 20 05:45:59 kernel02 systemd[1]: lvm2-monitor.service: Child 559 belongs to lvm2-monitor.service
Mar 20 05:45:59 kernel02 systemd[1]: lvm2-monitor.service: Main process exited, code=exited, status=0/SUCCESS
Mar 20 05:45:59 kernel02 systemd[1]: lvm2-monitor.service: Changed start -> exited
Mar 20 05:45:59 kernel02 systemd[1]: lvm2-monitor.service: Job lvm2-monitor.service/start finished, result=done
Mar 20 05:45:59 kernel02 systemd[1]: Started Monitoring of LVM2 mirrors, snapshots etc. using dmeventd or progress polling.
Mar 20 05:45:59 kernel02 systemd[1]: lvm2-monitor.service: cgroup is empty
Mar 20 05:45:59 kernel02 systemd[1]: Got cgroup empty notification for: /system.slice/lvm2-monitor.service
Mar 20 05:45:59 kernel02 systemd-udevd[642]: Reading rules file: /etc/udev/rules.d/41-generic-ccw-0.0.0009.rules
Mar 20 05:45:59 kernel02 systemd-udevd[642]: Reading rules file: /etc/udev/rules.d/41-qeth-0.0.0600.rules
Mar 20 05:45:59 kernel02 systemd-udevd[642]: Reading rules file: /etc/udev/rules.d/41-zfcp-host-0.0.e002.rules
Mar 20 05:45:59 kernel02 systemd-udevd[642]: Reading rules file: /etc/udev/rules.d/41-zfcp-host-0.0.e102.rules
Mar 20 05:45:59 kernel02 systemd-udevd[642]: Reading rules file: /lib/udev/rules.d/50-apport.rules
Mar 20 05:45:59 kernel02 systemd-udevd[642]: Reading rules file: /lib/udev/rules.d/50-firmware.rules
Mar 20 05:45:59 kernel02 systemd-udevd[642]: Reading rules file: /lib/udev/rules.d/50-udev-default.rules
Mar 20 05:45:59 kernel02 systemd-udevd[642]: Reading rules file: /lib/udev/rules.d/55-dm.rules
Mar 20 05:45:59 kernel02 systemd-udevd[642]: Reading rules file: /lib/udev/rules.d/55-scsi-sg3_id.rules
Mar 20 05:45:59 kernel02 systemd-udevd[642]: Reading rules file: /lib/udev/rules.d/56-dm-mpath-lvm.rules
Mar 20 05:45:59 kernel02 systemd-udevd[642]: Reading rules file: /lib/udev/rules.d/56-lvm.rules
Mar 20 05:45:59 kernel02 systemd-udevd[642]: Reading rules file: /lib/udev/rules.d/58-scsi-sg3_symlink.rules
Mar 20 05:45:59 kernel02 systemd-udevd[642]: Reading rules file: /lib/udev/rules.d/59-dasd.rules
Mar 20 05:45:59 kernel02 systemd-udevd[642]: Reading rules file: /lib/udev/rules.d/60-block.rules
Mar 20 05:45:59 kernel02 systemd-udevd[642]: Reading rules file: /lib/udev/rules.d/60-bridge-network-interface.rules
Mar 20 05:45:59 kernel02 systemd-udevd[642]: Reading rules file: /lib/udev/rules.d/60-cdrom_id.rules
Mar 20 05:45:59 kernel02 systemd-udevd[642]: Reading rules file: /lib/udev/rules.d/60-crda.rules
Mar 20 05:45:59 kernel02 systemd-udevd[642]: Reading rules file: /lib/udev/rules.d/60-drm.rules
Mar 20 05:45:59 kernel02 systemd-udevd[642]: Reading rules file: /lib/udev/rules.d/60-evdev.rules
Mar 20 05:45:59 kernel02 systemd-udevd[642]: Reading rules file: /lib/udev/rules.d/60-persistent-alsa.rules
Mar 20 05:45:59 kernel02 systemd-udevd[642]: Reading rules file: /lib/udev/rules.d/60-persistent-input.rules
Mar 20 05:45:59 kernel02 keyboard-setup.sh[555]: We are not on the console, the console is left unconfigured.
Mar 20 05:45:59 kernel02 systemd-udevd[642]: Reading rules file: /lib/udev/rules.d/60-persistent-storage-dm.rules
Mar 20 05:45:59 kernel02 systemd-udevd[642]: Reading rules file: /lib/udev/rules.d/60-persistent-storage-tape.rules
Mar 20 05:45:59 kernel02 keyboard-setup.sh[555]: ...done.
Mar 20 05:45:59 kernel02 systemd[1]: Received SIGCHLD from PID 555 (keyboard-setup.).
Mar 20 05:45:59 kernel02 systemd-udevd[642]: Reading rules file: /lib/udev/rules.d/60-persistent-storage.rules
Mar 20 05:45:59 kernel02 systemd[1]: Child 555 (keyboard-setup.) died (code=exited, status=0/SUCCESS)
Mar 20 05:45:59 kernel02 systemd[1]: keyboard-setup.service: Child 555 belongs to keyboard-setup.service
Mar 20 05:45:59 kernel02 systemd[1]: keyboard-setup.service: Main process exited, code=exited, status=0/SUCCESS
Mar 20 05:45:59 kernel02 systemd[1]: keyboard-setup.service: Changed start -> exited
Mar 20 05:45:59 kernel02 systemd[1]: keyboard-setup.service: Job keyboard-setup.service/start finished, result=done
Mar 20 05:45:59 kernel02 systemd[1]: Started Set the console keyboard layout.
Mar 20 05:45:59 kernel02 systemd-udevd[642]: Reading rules file: /lib/udev/rules.d/60-persistent-v4l.rules
Mar 20 05:45:59 kernel02 systemd[1]: keyboard-setup.service: cgroup is empty
Mar 20 05:45:59 kernel02 systemd[1]: Got cgroup empty notification for: /system.slice/keyboard-setup.service
Mar 20 05:45:59 kernel02 systemd-udevd[642]: Reading rules file: /lib/udev/rules.d/60-qemu-system-common.rules
Mar 20 05:45:59 kernel02 systemd-udevd[642]: Reading rules file: /lib/udev/rules.d/60-readahead.rules
Mar 20 05:45:59 kernel02 systemd-udevd[642]: Reading rules file: /lib/udev/rules.d/60-serial.rules
Mar 20 05:45:59 kernel02 systemd-udevd[642]: Reading rules file: /lib/udev/rules.d/60-vlan-network-interface.rules
Mar 20 05:45:59 kernel02 systemd-udevd[642]: Reading rules file: /lib/udev/rules.d/60-zvol.rules
Mar 20 05:45:59 kernel02 systemd-udevd[642]: Reading rules file: /lib/udev/rules.d/61-persistent-storage-android.rules
Mar 20 05:45:59 kernel02 systemd-udevd[642]: Reading rules file: /lib/udev/rules.d/63-md-raid-arrays.rules
Mar 20 05:45:59 kernel02 systemd-udevd[642]: Reading rules file: /lib/udev/rules.d/64-btrfs-dm.rules
Mar 20 05:45:59 kernel02 systemd-udevd[642]: Reading rules file: /lib/udev/rules.d/64-btrfs.rules
Mar 20 05:45:59 kernel02 systemd-udevd[642]: Reading rules file: /lib/udev/rules.d/64-md-raid-assembly.rules
Mar 20 05:45:59 kernel02 systemd-udevd[642]: Reading rules file: /lib/udev/rules.d/66-snapd-autoimport.rules
Mar 20 05:45:59 kernel02 systemd-udevd[642]: Reading rules file: /lib/udev/rules.d/69-bcache.rules
Mar 20 05:45:59 kernel02 systemd-udevd[642]: Reading rules file: /lib/udev/rules.d/69-lvm-metad.rules
Mar 20 05:45:59 kernel02 systemd-udevd[642]: Reading rules file: /lib/udev/rules.d/69-vdev.rules
Mar 20 05:45:59 kernel02 systemd-udevd[642]: Reading rules file: /lib/udev/rules.d/70-debian-uaccess.rules
Mar 20 05:45:59 kernel02 systemd-udevd[642]: Reading rules file: /lib/udev/rules.d/70-iscsi-network-interface.rules
Mar 20 05:45:59 kernel02 systemd-udevd[642]: Reading rules file: /lib/udev/rules.d/70-mouse.rules
Mar 20 05:45:59 kernel02 systemd-udevd[642]: Reading rules file: /lib/udev/rules.d/70-power-switch.rules
Mar 20 05:45:59 kernel02 systemd-udevd[642]: Reading rules file: /lib/udev/rules.d/70-touchpad.rules
Mar 20 05:45:59 kernel02 systemd-udevd[642]: Reading rules file: /lib/udev/rules.d/70-uaccess.rules
Mar 20 05:45:59 kernel02 systemd-udevd[642]: Reading rules file: /lib/udev/rules.d/71-power-switch-proliant.rules
Mar 20 05:45:59 kernel02 systemd-udevd[642]: Reading rules file: /lib/udev/rules.d/71-seat.rules
Mar 20 05:45:59 kernel02 systemd-udevd[642]: Reading rules file: /lib/udev/rules.d/73-seat-late.rules
Mar 20 05:45:59 kernel02 systemd-udevd[642]: Reading rules file: /lib/udev/rules.d/73-special-net-names.rules
Mar 20 05:45:59 kernel02 systemd-udevd[642]: Reading rules file: /lib/udev/rules.d/73-usb-net-by-mac.rules
Mar 20 05:45:59 kernel02 systemd-udevd[642]: Reading rules file: /lib/udev/rules.d/75-net-description.rules
Mar 20 05:45:59 kernel02 systemd-udevd[642]: Reading rules file: /lib/udev/rules.d/75-probe_mtd.rules
Mar 20 05:45:59 kernel02 systemd-udevd[642]: Reading rules file: /lib/udev/rules.d/78-graphics-card.rules
Mar 20 05:45:59 kernel02 systemd-udevd[642]: Reading rules file: /lib/udev/rules.d/78-sound-card.rules
Mar 20 05:45:59 kernel02 systemd-udevd[642]: Reading rules file: /lib/udev/rules.d/80-debian-compat.rules
Mar 20 05:45:59 kernel02 systemd-udevd[642]: Reading rules file: /lib/udev/rules.d/80-docker.io.rules
Mar 20 05:45:59 kernel02 systemd-udevd[642]: Reading rules file: /lib/udev/rules.d/80-drivers.rules
Mar 20 05:45:59 kernel02 systemd-udevd[642]: Reading rules file: /lib/udev/rules.d/80-ifupdown.rules
Mar 20 05:45:59 kernel02 systemd-udevd[642]: Reading rules file: /lib/udev/rules.d/80-net-setup-link.rules
Mar 20 05:45:59 kernel02 systemd-udevd[642]: Reading rules file: /lib/udev/rules.d/80-snappy-assign.rules
Mar 20 05:45:59 kernel02 systemd-udevd[642]: Reading rules file: /lib/udev/rules.d/85-hdparm.rules
Mar 20 05:45:59 kernel02 systemd-udevd[642]: Reading rules file: /lib/udev/rules.d/85-keyboard-configuration.rules
Mar 20 05:45:59 kernel02 systemd-udevd[642]: Reading rules file: /lib/udev/rules.d/85-regulatory.rules
Mar 20 05:45:59 kernel02 systemd-udevd[642]: Reading rules file: /lib/udev/rules.d/90-console-setup.rules
Mar 20 05:45:59 kernel02 systemd-udevd[642]: Reading rules file: /lib/udev/rules.d/95-kpartx.rules
Mar 20 05:45:59 kernel02 systemd-udevd[642]: Reading rules file: /lib/udev/rules.d/99-systemd.rules
Mar 20 05:45:59 kernel02 systemd-udevd[642]: rules contain 49152 bytes tokens (4096 * 12 bytes), 19713 bytes strings
Mar 20 05:45:59 kernel02 systemd-udevd[642]: 2708 strings (35914 bytes), 1793 de-duplicated (17117 bytes), 916 trie nodes used
Mar 20 05:45:59 kernel02 systemd-udevd[642]: restoring old watch on '/dev/dm-0'
Mar 20 05:45:59 kernel02 systemd-udevd[642]: adding watch on '/dev/dm-0'
Mar 20 05:45:59 kernel02 systemd[1]: systemd-udevd.service: Got notification message from PID 642 (WATCHDOG=1)
Mar 20 05:45:59 kernel02 systemd-udevd[642]: chmod '/dev/loop-control' 0660
Mar 20 05:45:59 kernel02 systemd-udevd[642]: chown '/dev/loop-control' 0 6
Mar 20 05:45:59 kernel02 systemd-udevd[642]: chmod '/dev/fuse' 0666
Mar 20 05:45:59 kernel02 systemd[1]: systemd-udevd.service: Got notification message from PID 642 (READY=1, STATUS=Processing...)
Mar 20 05:45:59 kernel02 systemd[1]: systemd-udevd.service: Changed start -> running
Mar 20 05:45:59 kernel02 systemd[1]: systemd-udevd.service: Job systemd-udevd.service/start finished, result=done
Mar 20 05:45:59 kernel02 systemd[1]: Started udev Kernel Device Manager.
Mar 20 05:45:59 kernel02 systemd-udevd[642]: seq 681 queued, 'add' 'cgroup'
Mar 20 05:45:59 kernel02 systemd-udevd[642]: Validate module index
Mar 20 05:45:59 kernel02 systemd[1]: systemd-udevd-control.socket: Changed listening -> running
Mar 20 05:45:59 kernel02 systemd-udevd[642]: Check if link configuration needs reloading.
Mar 20 05:45:59 kernel02 systemd[1]: friendly-recovery.service: ConditionKernelCommandLine=recovery failed.
Mar 20 05:45:59 kernel02 systemd[1]: friendly-recovery.service: Starting requested but condition failed. Not starting unit.
Mar 20 05:45:59 kernel02 systemd[1]: friendly-recovery.service: Job friendly-recovery.service/start finished, result=done
Mar 20 05:45:59 kernel02 systemd[1]: systemd-fsck-root.service: ConditionPathExists=!/run/initramfs/fsck-root failed.
Mar 20 05:45:59 kernel02 systemd[1]: systemd-fsck-root.service: Starting requested but condition failed. Not starting unit.
Mar 20 05:45:59 kernel02 systemd[1]: systemd-fsck-root.service: Job systemd-fsck-root.service/start finished, result=done
Mar 20 05:45:59 kernel02 systemd[1]: systemd-remount-fs.service: ConditionPathExists=/etc/fstab succeeded.
Mar 20 05:45:59 kernel02 systemd-udevd[642]: seq 681 forked new worker [707]
Mar 20 05:45:59 kernel02 systemd-udevd[642]: seq 682 queued, 'add' 'cgroup'
Mar 20 05:45:59 kernel02 systemd-udevd[642]: seq 682 forked new worker [708]
Mar 20 05:45:59 kernel02 systemd-udevd[642]: seq 683 queued, 'add' 'cgroup'
Mar 20 05:45:59 kernel02 systemd-udevd[707]: seq 681 running
Mar 20 05:45:59 kernel02 systemd-udevd[642]: seq 683 forked new worker [709]
Mar 20 05:45:59 kernel02 systemd-udevd[642]: seq 684 queued, 'add' 'cgroup'
Mar 20 05:45:59 kernel02 systemd-udevd[707]: passed device to netlink monitor 0x2aa4282d2a0
Mar 20 05:45:59 kernel02 systemd-udevd[707]: seq 681 processed
Mar 20 05:45:59 kernel02 systemd[1]: systemd-remount-fs.service: About to execute: /lib/systemd/systemd-remount-fs
Mar 20 05:45:59 kernel02 systemd-udevd[642]: seq 684 forked new worker [710]
Mar 20 05:45:59 kernel02 systemd-udevd[708]: seq 682 running
Mar 20 05:45:59 kernel02 systemd-udevd[642]: seq 685 queued, 'add' 'cgroup'
Mar 20 05:45:59 kernel02 systemd-udevd[642]: passed 173 byte device to netlink monitor 0x2aa4282f7b0
Mar 20 05:45:59 kernel02 systemd-udevd[707]: seq 685 running
Mar 20 05:45:59 kernel02 systemd-udevd[642]: seq 686 queued, 'add' 'cgroup'
Mar 20 05:45:59 kernel02 systemd[1]: systemd-remount-fs.service: Forked /lib/systemd/systemd-remount-fs as 711
Mar 20 05:45:59 kernel02 systemd-udevd[642]: seq 686 forked new worker [712]
Mar 20 05:45:59 kernel02 systemd-udevd[707]: passed device to netlink monitor 0x2aa4282d2a0
Mar 20 05:45:59 kernel02 systemd-udevd[707]: seq 685 processed
Mar 20 05:45:59 kernel02 systemd-udevd[642]: seq 687 queued, 'add' 'cgroup'
Mar 20 05:45:59 kernel02 systemd-udevd[708]: passed device to netlink monitor 0x2aa4283acb0
Mar 20 05:45:59 kernel02 systemd-udevd[708]: seq 682 processed
Mar 20 05:45:59 kernel02 systemd-udevd[642]: seq 687 forked new worker [713]
Mar 20 05:45:59 kernel02 systemd-udevd[642]: seq 688 queued, 'add' 'cgroup'
Mar 20 05:45:59 kernel02 systemd-udevd[709]: seq 683 running
Mar 20 05:45:59 kernel02 systemd-udevd[642]: passed 173 byte device to netlink monitor 0x2aa4282f7b0
Mar 20 05:45:59 kernel02 systemd-udevd[707]: seq 688 running
Mar 20 05:45:59 kernel02 systemd-udevd[642]: seq 689 queued, 'add' 'cgroup'
Mar 20 05:45:59 kernel02 systemd-udevd[642]: passed 176 byte device to netlink monitor 0x2aa4282f7b0
Mar 20 05:45:59 kernel02 systemd-udevd[642]: seq 690 queued, 'add' 'cgroup'
Mar 20 05:45:59 kernel02 systemd-udevd[707]: passed device to netlink monitor 0x2aa4282d2a0
Mar 20 05:45:59 kernel02 systemd-udevd[707]: seq 688 processed
Mar 20 05:45:59 kernel02 systemd-udevd[708]: seq 689 running
Mar 20 05:45:59 kernel02 systemd-udevd[708]: passed device to netlink monitor 0x2aa4283acb0
Mar 20 05:45:59 kernel02 systemd-udevd[642]: seq 690 forked new worker [714]
Mar 20 05:45:59 kernel02 systemd-udevd[708]: seq 689 processed
Mar 20 05:45:59 kernel02 systemd-udevd[642]: seq 691 queued, 'add' 'cgroup'
Mar 20 05:45:59 kernel02 systemd-udevd[642]: passed 167 byte device to netlink monitor 0x2aa4282f7b0
Mar 20 05:45:59 kernel02 systemd-udevd[707]: seq 691 running
Mar 20 05:45:59 kernel02 systemd-udevd[642]: seq 692 queued, 'add' 'cgroup'
Mar 20 05:45:59 kernel02 systemd-udevd[642]: passed 181 byte device to netlink monitor 0x2aa4282f7b0
Mar 20 05:45:59 kernel02 systemd-udevd[642]: seq 693 queued, 'add' 'cgroup'
Mar 20 05:45:59 kernel02 systemd-udevd[707]: passed device to netlink monitor 0x2aa4282d2a0
Mar 20 05:45:59 kernel02 systemd-udevd[707]: seq 691 processed
Mar 20 05:45:59 kernel02 systemd-udevd[709]: passed device to netlink monitor 0x2aa42837ec0
Mar 20 05:45:59 kernel02 systemd-udevd[709]: seq 683 processed
Mar 20 05:45:59 kernel02 systemd-udevd[708]: seq 692 running
Mar 20 05:45:59 kernel02 systemd-udevd[642]: seq 693 forked new worker [715]
Mar 20 05:45:59 kernel02 systemd-udevd[708]: passed device to netlink monitor 0x2aa4283acb0
Mar 20 05:45:59 kernel02 systemd-udevd[642]: seq 694 queued, 'add' 'cgroup'
Mar 20 05:45:59 kernel02 systemd-udevd[708]: seq 692 processed
Mar 20 05:45:59 kernel02 systemd-udevd[642]: passed 190 byte device to netlink monitor 0x2aa4282f7b0
Mar 20 05:45:59 kernel02 systemd-udevd[707]: seq 694 running
Mar 20 05:45:59 kernel02 systemd-udevd[642]: seq 695 queued, 'add' 'cgroup'
Mar 20 05:45:59 kernel02 systemd-udevd[642]: passed 200 byte device to netlink monitor 0x2aa4282f7b0
Mar 20 05:45:59 kernel02 systemd-udevd[642]: seq 696 queued, 'add' 'cgroup'
Mar 20 05:45:59 kernel02 systemd-udevd[642]: passed 189 byte device to netlink monitor 0x2aa4282f7b0
Mar 20 05:45:59 kernel02 systemd-udevd[715]: seq 693 running
Mar 20 05:45:59 kernel02 systemd-udevd[642]: seq 697 queued, 'add' 'cgroup'
Mar 20 05:45:59 kernel02 systemd-udevd[707]: passed device to netlink monitor 0x2aa4282d2a0
Mar 20 05:45:59 kernel02 systemd-udevd[707]: seq 694 processed
Mar 20 05:45:59 kernel02 kernel: EXT4-fs (dm-0): re-mounted. Opts: errors=remount-ro
Mar 20 05:45:59 kernel02 systemd-udevd[709]: seq 695 running
Mar 20 05:45:59 kernel02 systemd-udevd[715]: passed device to netlink monitor 0x2aa42837210
Mar 20 05:45:59 kernel02 systemd-udevd[715]: seq 693 processed
Mar 20 05:45:59 kernel02 systemd-udevd[642]: seq 697 forked new worker [716]
Mar 20 05:45:59 kernel02 systemd-udevd[642]: seq 698 queued, 'add' 'cgroup'
Mar 20 05:45:59 kernel02 systemd-udevd[709]: passed device to netlink monitor 0x2aa42837ec0
Mar 20 05:45:59 kernel02 systemd-udevd[709]: seq 695 processed
Mar 20 05:45:59 kernel02 systemd-udevd[642]: passed 187 byte device to netlink monitor 0x2aa4282f7b0
Mar 20 05:45:59 kernel02 systemd-udevd[715]: seq 698 running
Mar 20 05:45:59 kernel02 systemd-udevd[708]: seq 696 running
Mar 20 05:45:59 kernel02 systemd-udevd[642]: seq 699 queued, 'add' 'cgroup'
Mar 20 05:45:59 kernel02 systemd-udevd[642]: passed 190 byte device to netlink monitor 0x2aa4282f7b0
Mar 20 05:45:59 kernel02 systemd-udevd[707]: seq 699 running
Mar 20 05:45:59 kernel02 systemd-udevd[642]: seq 700 queued, 'add' 'cgroup'
Mar 20 05:45:59 kernel02 systemd-udevd[642]: passed 200 byte device to netlink monitor 0x2aa4282f7b0
Mar 20 05:45:59 kernel02 systemd-udevd[642]: seq 701 queued, 'add' 'cgroup'
Mar 20 05:45:59 kernel02 systemd-udevd[707]: passed device to netlink monitor 0x2aa4282d2a0
Mar 20 05:45:59 kernel02 systemd-udevd[715]: passed device to netlink monitor 0x2aa42837210
Mar 20 05:45:59 kernel02 systemd-udevd[707]: seq 699 processed
Mar 20 05:45:59 kernel02 systemd-udevd[715]: seq 698 processed
Mar 20 05:45:59 kernel02 systemd-udevd[642]: seq 701 forked new worker [717]
Mar 20 05:45:59 kernel02 systemd-udevd[642]: seq 702 queued, 'add' 'cgroup'
Mar 20 05:45:59 kernel02 systemd-udevd[716]: seq 697 running
Mar 20 05:45:59 kernel02 systemd-udevd[708]: passed device to netlink monitor 0x2aa4283acb0
Mar 20 05:45:59 kernel02 systemd-udevd[642]: passed 198 byte device to netlink monitor 0x2aa4282f7b0
Mar 20 05:45:59 kernel02 systemd-udevd[708]: seq 696 processed
Mar 20 05:45:59 kernel02 systemd-udevd[715]: seq 702 running
Mar 20 05:45:59 kernel02 systemd-udevd[709]: seq 700 running
Mar 20 05:45:59 kernel02 systemd-udevd[642]: seq 703 queued, 'add' 'cgroup'
Mar 20 05:45:59 kernel02 systemd-udevd[642]: passed 180 byte device to netlink monitor 0x2aa4282f7b0
Mar 20 05:45:59 kernel02 systemd-udevd[707]: seq 703 running
Mar 20 05:45:59 kernel02 systemd-udevd[642]: seq 704 queued, 'add' 'cgroup'
Mar 20 05:45:59 kernel02 systemd-udevd[642]: passed 184 byte device to netlink monitor 0x2aa4282f7b0
Mar 20 05:45:59 kernel02 systemd-udevd[642]: seq 705 queued, 'add' 'cgroup'
Mar 20 05:45:59 kernel02 systemd-udevd[715]: passed device to netlink monitor 0x2aa42837210
Mar 20 05:45:59 kernel02 systemd-udevd[715]: seq 702 processed
Mar 20 05:45:59 kernel02 systemd-udevd[707]: passed device to netlink monitor 0x2aa4282d2a0
Mar 20 05:45:59 kernel02 systemd-udevd[707]: seq 703 processed
Mar 20 05:45:59 kernel02 systemd-udevd[709]: passed device to netlink monitor 0x2aa42837ec0
Mar 20 05:45:59 kernel02 systemd-udevd[642]: seq 705 forked new worker [718]
Mar 20 05:45:59 kernel02 systemd-udevd[709]: seq 700 processed
Mar 20 05:45:59 kernel02 systemd-udevd[716]: passed device to netlink monitor 0x2aa4283e220
Mar 20 05:45:59 kernel02 systemd-udevd[716]: seq 697 processed
Mar 20 05:45:59 kernel02 systemd-udevd[708]: seq 704 running
Mar 20 05:45:59 kernel02 systemd-udevd[642]: seq 706 queued, 'add' 'cgroup'
Mar 20 05:45:59 kernel02 systemd-udevd[642]: passed 183 byte device to netlink monitor 0x2aa4282f7b0
Mar 20 05:45:59 kernel02 systemd-udevd[715]: seq 706 running
Mar 20 05:45:59 kernel02 systemd-udevd[642]: seq 707 queued, 'add' 'cgroup'
Mar 20 05:45:59 kernel02 systemd-udevd[642]: passed 184 byte device to netlink monitor 0x2aa4282f7b0
Mar 20 05:45:59 kernel02 systemd-udevd[718]: seq 705 running
Mar 20 05:45:59 kernel02 systemd-udevd[707]: seq 707 running
Mar 20 05:45:59 kernel02 systemd-udevd[642]: seq 708 queued, 'add' 'cgroup'
Mar 20 05:45:59 kernel02 systemd-udevd[642]: passed 181 byte device to netlink monitor 0x2aa4282f7b0
Mar 20 05:45:59 kernel02 systemd-udevd[642]: seq 709 queued, 'add' 'cgroup'
Mar 20 05:45:59 kernel02 systemd-udevd[715]: passed device to netlink monitor 0x2aa42837210
Mar 20 05:45:59 kernel02 systemd-udevd[642]: passed 194 byte device to netlink monitor 0x2aa4282f7b0
Mar 20 05:45:59 kernel02 systemd-udevd[715]: seq 706 processed
Mar 20 05:45:59 kernel02 systemd-udevd[716]: seq 709 running
Mar 20 05:45:59 kernel02 systemd-udevd[642]: seq 710 queued, 'add' 'cgroup'
Mar 20 05:45:59 kernel02 systemd-udevd[707]: passed device to netlink monitor 0x2aa4282d2a0
Mar 20 05:45:59 kernel02 systemd-udevd[707]: seq 707 processed
Mar 20 05:45:59 kernel02 systemd-udevd[709]: seq 708 running
Mar 20 05:45:59 kernel02 systemd-udevd[718]: passed device to netlink monitor 0x2aa42840c30
Mar 20 05:45:59 kernel02 systemd-udevd[718]: seq 705 processed
Mar 20 05:45:59 kernel02 systemd-udevd[716]: passed device to netlink monitor 0x2aa4283e220
Mar 20 05:45:59 kernel02 systemd-udevd[716]: seq 709 processed
Mar 20 05:45:59 kernel02 systemd-udevd[709]: passed device to netlink monitor 0x2aa42837ec0
Mar 20 05:45:59 kernel02 systemd-udevd[709]: seq 708 processed
Mar 20 05:45:59 kernel02 systemd-udevd[708]: passed device to netlink monitor 0x2aa4283acb0
Mar 20 05:45:59 kernel02 systemd-udevd[708]: seq 704 processed
Mar 20 05:45:59 kernel02 systemd-udevd[717]: seq 701 running
Mar 20 05:45:59 kernel02 systemd-udevd[642]: seq 710 forked new worker [719]
Mar 20 05:45:59 kernel02 systemd-udevd[710]: seq 684 running
Mar 20 05:45:59 kernel02 systemd-udevd[717]: passed device to netlink monitor 0x2aa4283faa0
Mar 20 05:45:59 kernel02 systemd-udevd[717]: seq 701 processed
Mar 20 05:45:59 kernel02 systemd-udevd[642]: seq 711 queued, 'add' 'cgroup'
Mar 20 05:45:59 kernel02 systemd-udevd[642]: passed 193 byte device to netlink monitor 0x2aa4282f7b0
Mar 20 05:45:59 kernel02 systemd-udevd[715]: seq 711 running
Mar 20 05:45:59 kernel02 systemd-udevd[710]: passed device to netlink monitor 0x2aa42839210
Mar 20 05:45:59 kernel02 systemd-udevd[710]: seq 684 processed
Mar 20 05:45:59 kernel02 systemd-udevd[642]: seq 712 queued, 'add' 'cgroup'
Mar 20 05:45:59 kernel02 systemd-udevd[642]: passed 184 byte device to netlink monitor 0x2aa4282f7b0
Mar 20 05:45:59 kernel02 systemd-udevd[718]: seq 712 running
Mar 20 05:45:59 kernel02 systemd-udevd[642]: seq 713 queued, 'add' 'cgroup'
Mar 20 05:45:59 kernel02 systemd-udevd[642]: passed 200 byte device to netlink monitor 0x2aa4282f7b0
Mar 20 05:45:59 kernel02 systemd-udevd[715]: passed device to netlink monitor 0x2aa42837210
Mar 20 05:45:59 kernel02 systemd-udevd[715]: seq 711 processed
Mar 20 05:45:59 kernel02 systemd-udevd[642]: seq 714 queued, 'add' 'cgroup'
Mar 20 05:45:59 kernel02 systemd-udevd[642]: passed 180 byte device to netlink monitor 0x2aa4282f7b0
Mar 20 05:45:59 kernel02 systemd-udevd[707]: seq 714 running
Mar 20 05:45:59 kernel02 systemd-udevd[718]: passed device to netlink monitor 0x2aa42840c30
Mar 20 05:45:59 kernel02 systemd-udevd[642]: seq 715 queued, 'add' 'cgroup'
Mar 20 05:45:59 kernel02 systemd-udevd[718]: seq 712 processed
Mar 20 05:45:59 kernel02 systemd-udevd[642]: passed 184 byte device to netlink monitor 0x2aa4282f7b0
Mar 20 05:45:59 kernel02 systemd-udevd[715]: seq 715 running
Mar 20 05:45:59 kernel02 systemd-udevd[710]: seq 713 running
Mar 20 05:45:59 kernel02 systemd-udevd[642]: seq 716 queued, 'add' 'cgroup'
Mar 20 05:45:59 kernel02 systemd-udevd[642]: passed 194 byte device to netlink monitor 0x2aa4282f7b0
Mar 20 05:45:59 kernel02 systemd-udevd[718]: seq 716 running
Mar 20 05:45:59 kernel02 systemd-udevd[642]: seq 717 queued, 'add' 'cgroup'
Mar 20 05:45:59 kernel02 systemd-udevd[707]: passed device to netlink monitor 0x2aa4282d2a0
Mar 20 05:45:59 kernel02 systemd-udevd[642]: passed 183 byte device to netlink monitor 0x2aa4282f7b0
Mar 20 05:45:59 kernel02 systemd-udevd[707]: seq 714 processed
Mar 20 05:45:59 kernel02 systemd-udevd[642]: seq 718 queued, 'add' 'cgroup'
Mar 20 05:45:59 kernel02 systemd-udevd[715]: passed device to netlink monitor 0x2aa42837210
Mar 20 05:45:59 kernel02 systemd-udevd[715]: seq 715 processed
Mar 20 05:45:59 kernel02 systemd-udevd[642]: passed 184 byte device to netlink monitor 0x2aa4282f7b0
Mar 20 05:45:59 kernel02 systemd-udevd[717]: seq 717 running
Mar 20 05:45:59 kernel02 systemd-udevd[709]: seq 718 running
Mar 20 05:45:59 kernel02 systemd-udevd[718]: passed device to netlink monitor 0x2aa42840c30
Mar 20 05:45:59 kernel02 systemd-udevd[718]: seq 716 processed
Mar 20 05:45:59 kernel02 systemd-udevd[642]: seq 719 queued, 'add' 'cgroup'
Mar 20 05:45:59 kernel02 systemd-udevd[642]: passed 181 byte device to netlink monitor 0x2aa4282f7b0
Mar 20 05:45:59 kernel02 systemd-udevd[715]: seq 719 running
Mar 20 05:45:59 kernel02 systemd-udevd[642]: seq 720 queued, 'add' 'cgroup'
Mar 20 05:45:59 kernel02 systemd-udevd[642]: passed 184 byte device to netlink monitor 0x2aa4282f7b0
Mar 20 05:45:59 kernel02 systemd-udevd[718]: seq 720 running
Mar 20 05:45:59 kernel02 systemd-udevd[709]: passed device to netlink monitor 0x2aa42837ec0
Mar 20 05:45:59 kernel02 systemd-udevd[642]: seq 721 queued, 'add' 'cgroup'
Mar 20 05:45:59 kernel02 systemd-udevd[709]: seq 718 processed
Mar 20 05:45:59 kernel02 systemd-udevd[642]: passed 187 byte device to netlink monitor 0x2aa4282f7b0
Mar 20 05:45:59 kernel02 systemd-udevd[707]: seq 721 running
Mar 20 05:45:59 kernel02 systemd-udevd[715]: passed device to netlink monitor 0x2aa42837210
Mar 20 05:45:59 kernel02 systemd-udevd[715]: seq 719 processed
Mar 20 05:45:59 kernel02 systemd-udevd[642]: seq 722 queued, 'add' 'cgroup'
Mar 20 05:45:59 kernel02 systemd-udevd[642]: passed 187 byte device to netlink monitor 0x2aa4282f7b0
Mar 20 05:45:59 kernel02 systemd-udevd[718]: passed device to netlink monitor 0x2aa42840c30
Mar 20 05:45:59 kernel02 systemd-udevd[718]: seq 720 processed
Mar 20 05:45:59 kernel02 systemd-udevd[642]: seq 723 queued, 'add' 'cgroup'
Mar 20 05:45:59 kernel02 systemd-udevd[642]: passed 178 byte device to netlink monitor 0x2aa4282f7b0
Mar 20 05:45:59 kernel02 systemd-udevd[715]: seq 723 running
Mar 20 05:45:59 kernel02 systemd-udevd[707]: passed device to netlink monitor 0x2aa4282d2a0
Mar 20 05:45:59 kernel02 systemd-udevd[707]: seq 721 processed
Mar 20 05:45:59 kernel02 systemd-udevd[642]: seq 724 queued, 'add' 'cgroup'
Mar 20 05:45:59 kernel02 systemd-udevd[642]: passed 176 byte device to netlink monitor 0x2aa4282f7b0
Mar 20 05:45:59 kernel02 systemd-udevd[709]: seq 722 running
Mar 20 05:45:59 kernel02 systemd-udevd[718]: seq 724 running
Mar 20 05:45:59 kernel02 systemd-udevd[642]: seq 725 queued, 'add' 'cgroup'
Mar 20 05:45:59 kernel02 systemd-udevd[642]: passed 180 byte device to netlink monitor 0x2aa4282f7b0
Mar 20 05:45:59 kernel02 systemd-udevd[707]: seq 725 running
Mar 20 05:45:59 kernel02 systemd-udevd[642]: seq 726 queued, 'add' 'cgroup'
Mar 20 05:45:59 kernel02 systemd-udevd[715]: passed device to netlink monitor 0x2aa42837210
Mar 20 05:45:59 kernel02 systemd-udevd[715]: seq 723 processed
Mar 20 05:45:59 kernel02 systemd-udevd[642]: passed 190 byte device to netlink monitor 0x2aa4282f7b0
Mar 20 05:45:59 kernel02 systemd-udevd[718]: passed device to netlink monitor 0x2aa42840c30
Mar 20 05:45:59 kernel02 systemd-udevd[718]: seq 724 processed
Mar 20 05:45:59 kernel02 systemd-udevd[717]: passed device to netlink monitor 0x2aa4283faa0
Mar 20 05:45:59 kernel02 systemd-udevd[710]: passed device to netlink monitor 0x2aa42839210
Mar 20 05:45:59 kernel02 systemd-udevd[717]: seq 717 processed
Mar 20 05:45:59 kernel02 systemd-udevd[642]: seq 727 queued, 'add' 'cgroup'
Mar 20 05:45:59 kernel02 systemd-udevd[710]: seq 713 processed
Mar 20 05:45:59 kernel02 systemd-udevd[642]: passed 179 byte device to netlink monitor 0x2aa4282f7b0
Mar 20 05:45:59 kernel02 systemd-udevd[715]: seq 727 running
Mar 20 05:45:59 kernel02 systemd-udevd[707]: passed device to netlink monitor 0x2aa4282d2a0
Mar 20 05:45:59 kernel02 systemd-udevd[707]: seq 725 processed
Mar 20 05:45:59 kernel02 systemd-udevd[642]: seq 728 queued, 'add' 'cgroup'
Mar 20 05:45:59 kernel02 systemd-udevd[642]: passed 180 byte device to netlink monitor 0x2aa4282f7b0
Mar 20 05:45:59 kernel02 systemd-udevd[710]: seq 728 running
Mar 20 05:45:59 kernel02 systemd-udevd[642]: seq 729 queued, 'add' 'cgroup'
Mar 20 05:45:59 kernel02 systemd-udevd[642]: passed 177 byte device to netlink monitor 0x2aa4282f7b0
Mar 20 05:45:59 kernel02 systemd-udevd[715]: passed device to netlink monitor 0x2aa42837210
Mar 20 05:45:59 kernel02 systemd-udevd[709]: passed device to netlink monitor 0x2aa42837ec0
Mar 20 05:45:59 kernel02 systemd-udevd[718]: seq 729 running
Mar 20 05:45:59 kernel02 systemd-udevd[715]: seq 727 processed
Mar 20 05:45:59 kernel02 systemd-udevd[709]: seq 722 processed
Mar 20 05:45:59 kernel02 systemd-udevd[642]: seq 730 queued, 'add' 'cgroup'
Mar 20 05:45:59 kernel02 systemd-udevd[708]: seq 726 running
Mar 20 05:45:59 kernel02 systemd-udevd[642]: passed 177 byte device to netlink monitor 0x2aa4282f7b0
Mar 20 05:45:59 kernel02 systemd-udevd[707]: seq 730 running
Mar 20 05:45:59 kernel02 systemd-udevd[642]: seq 731 queued, 'add' 'cgroup'
Mar 20 05:45:59 kernel02 systemd-udevd[642]: passed 181 byte device to netlink monitor 0x2aa4282f7b0
Mar 20 05:45:59 kernel02 systemd-udevd[715]: seq 731 running
Mar 20 05:45:59 kernel02 systemd-udevd[718]: passed device to netlink monitor 0x2aa42840c30
Mar 20 05:45:59 kernel02 systemd-udevd[718]: seq 729 processed
Mar 20 05:45:59 kernel02 systemd-udevd[642]: seq 732 queued, 'add' 'cgroup'
Mar 20 05:45:59 kernel02 systemd-udevd[642]: passed 191 byte device to netlink monitor 0x2aa4282f7b0
Mar 20 05:45:59 kernel02 systemd-udevd[707]: passed device to netlink monitor 0x2aa4282d2a0
Mar 20 05:45:59 kernel02 systemd-udevd[642]: seq 733 queued, 'add' 'cgroup'
Mar 20 05:45:59 kernel02 systemd-udevd[707]: seq 730 processed
Mar 20 05:45:59 kernel02 systemd-udevd[642]: passed 180 byte device to netlink monitor 0x2aa4282f7b0
Mar 20 05:45:59 kernel02 systemd-udevd[718]: seq 733 running
Mar 20 05:45:59 kernel02 systemd-udevd[715]: passed device to netlink monitor 0x2aa42837210
Mar 20 05:45:59 kernel02 systemd-udevd[715]: seq 731 processed
Mar 20 05:45:59 kernel02 systemd-udevd[642]: seq 734 queued, 'add' 'cgroup'
Mar 20 05:45:59 kernel02 systemd-udevd[642]: passed 181 byte device to netlink monitor 0x2aa4282f7b0
Mar 20 05:45:59 kernel02 systemd-udevd[707]: seq 734 running
Mar 20 05:45:59 kernel02 systemd-udevd[708]: passed device to netlink monitor 0x2aa4283acb0
Mar 20 05:45:59 kernel02 systemd-udevd[642]: seq 735 queued, 'add' 'cgroup'
Mar 20 05:45:59 kernel02 systemd-udevd[708]: seq 726 processed
Mar 20 05:45:59 kernel02 systemd-udevd[642]: passed 178 byte device to netlink monitor 0x2aa4282f7b0
Mar 20 05:45:59 kernel02 systemd-udevd[715]: seq 735 running
Mar 20 05:45:59 kernel02 systemd-udevd[718]: passed device to netlink monitor 0x2aa42840c30
Mar 20 05:45:59 kernel02 systemd-udevd[718]: seq 733 processed
Mar 20 05:45:59 kernel02 systemd-udevd[642]: seq 736 queued, 'add' 'cgroup'
Mar 20 05:45:59 kernel02 systemd-udevd[642]: passed 191 byte device to netlink monitor 0x2aa4282f7b0
Mar 20 05:45:59 kernel02 systemd-udevd[710]: passed device to netlink monitor 0x2aa42839210
Mar 20 05:45:59 kernel02 systemd-udevd[710]: seq 728 processed
Mar 20 05:45:59 kernel02 systemd-udevd[707]: passed device to netlink monitor 0x2aa4282d2a0
Mar 20 05:45:59 kernel02 systemd-udevd[707]: seq 734 processed
Mar 20 05:45:59 kernel02 systemd-udevd[642]: seq 737 queued, 'add' 'cgroup'
Mar 20 05:45:59 kernel02 systemd-udevd[642]: passed 189 byte device to netlink monitor 0x2aa4282f7b0
Mar 20 05:45:59 kernel02 systemd-udevd[709]: seq 736 running
Mar 20 05:45:59 kernel02 systemd-udevd[718]: seq 737 running
Mar 20 05:45:59 kernel02 systemd-udevd[715]: passed device to netlink monitor 0x2aa42837210
Mar 20 05:45:59 kernel02 systemd-udevd[715]: seq 735 processed
Mar 20 05:45:59 kernel02 systemd-udevd[642]: seq 738 queued, 'add' 'cgroup'
Mar 20 05:45:59 kernel02 systemd-udevd[717]: seq 732 running
Mar 20 05:45:59 kernel02 systemd-udevd[642]: passed 184 byte device to netlink monitor 0x2aa4282f7b0
Mar 20 05:45:59 kernel02 systemd-udevd[642]: seq 739 queued, 'add' 'cgroup'
Mar 20 05:45:59 kernel02 systemd-udevd[642]: passed 188 byte device to netlink monitor 0x2aa4282f7b0
Mar 20 05:45:59 kernel02 systemd-udevd[715]: seq 739 running
Mar 20 05:45:59 kernel02 systemd-udevd[709]: passed device to netlink monitor 0x2aa42837ec0
Mar 20 05:45:59 kernel02 systemd-udevd[709]: seq 736 processed
Mar 20 05:45:59 kernel02 systemd-udevd[718]: passed device to netlink monitor 0x2aa42840c30
Mar 20 05:45:59 kernel02 systemd-udevd[642]: seq 740 queued, 'add' 'cgroup'
Mar 20 05:45:59 kernel02 systemd-udevd[718]: seq 737 processed
Mar 20 05:45:59 kernel02 systemd-udevd[642]: passed 198 byte device to netlink monitor 0x2aa4282f7b0
Mar 20 05:45:59 kernel02 systemd-udevd[707]: seq 740 running
Mar 20 05:45:59 kernel02 systemd-udevd[710]: seq 738 running
Mar 20 05:45:59 kernel02 systemd-udevd[642]: seq 741 queued, 'add' 'cgroup'
Mar 20 05:45:59 kernel02 systemd-udevd[642]: passed 187 byte device to netlink monitor 0x2aa4282f7b0
Mar 20 05:45:59 kernel02 systemd-udevd[718]: seq 741 running
Mar 20 05:45:59 kernel02 systemd-udevd[715]: passed device to netlink monitor 0x2aa42837210
Mar 20 05:45:59 kernel02 systemd-udevd[715]: seq 739 processed
Mar 20 05:45:59 kernel02 systemd-udevd[642]: seq 742 queued, 'add' 'cgroup'
Mar 20 05:45:59 kernel02 systemd-udevd[642]: passed 188 byte device to netlink monitor 0x2aa4282f7b0
Mar 20 05:45:59 kernel02 systemd-udevd[707]: passed device to netlink monitor 0x2aa4282d2a0
Mar 20 05:45:59 kernel02 systemd-udevd[707]: seq 740 processed
Mar 20 05:45:59 kernel02 systemd-udevd[642]: seq 743 queued, 'add' 'cgroup'
Mar 20 05:45:59 kernel02 systemd-udevd[642]: passed 185 byte device to netlink monitor 0x2aa4282f7b0
Mar 20 05:45:59 kernel02 systemd-udevd[709]: seq 742 running
Mar 20 05:45:59 kernel02 systemd-udevd[715]: seq 743 running
Mar 20 05:45:59 kernel02 systemd-udevd[718]: passed device to netlink monitor 0x2aa42840c30
Mar 20 05:45:59 kernel02 systemd-udevd[718]: seq 741 processed
Mar 20 05:45:59 kernel02 systemd-udevd[642]: seq 744 queued, 'add' 'cgroup'
Mar 20 05:45:59 kernel02 systemd-udevd[642]: passed 198 byte device to netlink monitor 0x2aa4282f7b0
Mar 20 05:45:59 kernel02 systemd-udevd[707]: seq 744 running
Mar 20 05:45:59 kernel02 systemd-udevd[642]: seq 745 queued, 'add' 'cgroup'
Mar 20 05:45:59 kernel02 systemd-udevd[642]: passed 196 byte device to netlink monitor 0x2aa4282f7b0
Mar 20 05:45:59 kernel02 systemd-udevd[718]: seq 745 running
Mar 20 05:45:59 kernel02 systemd-udevd[642]: seq 746 queued, 'add' 'cgroup'
Mar 20 05:45:59 kernel02 systemd-udevd[715]: passed device to netlink monitor 0x2aa42837210
Mar 20 05:45:59 kernel02 systemd-udevd[715]: seq 743 processed
Mar 20 05:45:59 kernel02 systemd-udevd[642]: passed 184 byte device to netlink monitor 0x2aa4282f7b0
Mar 20 05:45:59 kernel02 systemd-udevd[708]: seq 746 running
Mar 20 05:45:59 kernel02 systemd-udevd[707]: passed device to netlink monitor 0x2aa4282d2a0
Mar 20 05:45:59 kernel02 systemd-udevd[707]: seq 744 processed
Mar 20 05:45:59 kernel02 systemd-udevd[642]: seq 747 queued, 'add' 'cgroup'
Mar 20 05:45:59 kernel02 systemd-udevd[642]: passed 187 byte device to netlink monitor 0x2aa4282f7b0
Mar 20 05:45:59 kernel02 systemd-udevd[715]: seq 747 running
Mar 20 05:45:59 kernel02 systemd-udevd[718]: passed device to netlink monitor 0x2aa42840c30
Mar 20 05:45:59 kernel02 systemd-udevd[718]: seq 745 processed
Mar 20 05:45:59 kernel02 systemd-udevd[642]: seq 748 queued, 'add' 'cgroup'
Mar 20 05:45:59 kernel02 systemd-udevd[642]: passed 179 byte device to netlink monitor 0x2aa4282f7b0
Mar 20 05:45:59 kernel02 systemd-udevd[707]: seq 748 running
