Mar 20 05:47:22 kernel02 systemd-udevd[642]: seq 1387 queued, 'remove' 'cgroup'
Mar 20 05:47:22 kernel02 systemd-udevd[1670]: passed device to netlink monitor 0x2aa4283b390
Mar 20 05:47:22 kernel02 systemd-tmpfiles[1648]: Running create action for entry F /run/nologin
Mar 20 05:47:22 kernel02 systemd[1]: Sent message type=signal sender=n/a destination=n/a object=/org/freedesktop/systemd1/unit/proc_2dsys_2dfs_2dbinfmt_5fmisc_2eautomount interface=org.freedesktop.DBus.Properties member=PropertiesChanged cookie=7 reply_cookie=0 error=n/a
Mar 20 05:47:22 kernel02 systemd-udevd[642]: passed 198 byte device to netlink monitor 0x2aa4282f7b0
Mar 20 05:47:22 kernel02 systemd-udevd[1669]: seq 1387 running
Mar 20 05:47:22 kernel02 systemd-udevd[1670]: seq 1386 processed
Mar 20 05:47:22 kernel02 systemd-tmpfiles[1648]: Writing to "/run/nologin".
Mar 20 05:47:22 kernel02 systemd[1]: Sent message type=signal sender=n/a destination=n/a object=/org/freedesktop/systemd1 interface=org.freedesktop.systemd1.Manager member=JobNew cookie=8 reply_cookie=0 error=n/a
Mar 20 05:47:22 kernel02 systemd-udevd[642]: seq 1388 queued, 'remove' 'cgroup'
Mar 20 05:47:22 kernel02 systemd-udevd[1669]: passed device to netlink monitor 0x2aa4282d710
Mar 20 05:47:22 kernel02 systemd-tmpfiles[1648]: "/run/nologin" has right mode 100644
Mar 20 05:47:22 kernel02 systemd[1]: Got message type=method_call sender=n/a destination=org.freedesktop.systemd1 object=/org/freedesktop/systemd1/unit/ebtables_2eservice interface=org.freedesktop.DBus.Properties member=GetAll cookie=1 reply_cookie=0 error=n/a
Mar 20 05:47:22 kernel02 systemd-udevd[642]: passed 189 byte device to netlink monitor 0x2aa4282f7b0
Mar 20 05:47:22 kernel02 systemd-udevd[1679]: seq 1388 running
Mar 20 05:47:22 kernel02 systemd-udevd[1679]: passed device to netlink monitor 0x2aa42838960
Mar 20 05:47:22 kernel02 systemd-tmpfiles[1648]: Running remove action for entry F /run/nologin
Mar 20 05:47:22 kernel02 systemd-udevd[642]: seq 1389 queued, 'remove' 'cgroup'
Mar 20 05:47:22 kernel02 systemd-udevd[1679]: seq 1388 processed
Mar 20 05:47:22 kernel02 systemd-udevd[1669]: seq 1387 processed
Mar 20 05:47:22 kernel02 systemd-tmpfiles[1648]: Running create action for entry d /run/user
Mar 20 05:47:22 kernel02 systemd-udevd[642]: passed 194 byte device to netlink monitor 0x2aa4282f7b0
Mar 20 05:47:22 kernel02 systemd-udevd[1670]: seq 1389 running
Mar 20 05:47:22 kernel02 systemd-tmpfiles[1648]: Created directory "/run/user".
Mar 20 05:47:22 kernel02 systemd-udevd[642]: seq 1390 queued, 'remove' 'cgroup'
Mar 20 05:47:22 kernel02 systemd-udevd[1670]: passed device to netlink monitor 0x2aa4283b390
Mar 20 05:47:22 kernel02 systemd-tmpfiles[1648]: "/run/user" has right mode 40755
Mar 20 05:47:22 kernel02 systemd-udevd[642]: passed 205 byte device to netlink monitor 0x2aa4282f7b0
Mar 20 05:47:22 kernel02 systemd-udevd[1669]: seq 1390 running
Mar 20 05:47:22 kernel02 systemd-udevd[1670]: seq 1389 processed
Mar 20 05:47:22 kernel02 systemd-tmpfiles[1648]: Running remove action for entry d /run/user
Mar 20 05:47:22 kernel02 systemd-udevd[642]: seq 1391 queued, 'add' 'cgroup'
Mar 20 05:47:22 kernel02 systemd-udevd[1669]: passed device to netlink monitor 0x2aa4282d710
Mar 20 05:47:22 kernel02 systemd-tmpfiles[1648]: Running create action for entry F /run/utmp
Mar 20 05:47:22 kernel02 systemd-udevd[642]: passed 191 byte device to netlink monitor 0x2aa4282f7b0
Mar 20 05:47:22 kernel02 systemd-udevd[1679]: seq 1391 running
Mar 20 05:47:22 kernel02 systemd-udevd[1669]: seq 1390 processed
Mar 20 05:47:22 kernel02 systemd-udevd[1679]: passed device to netlink monitor 0x2aa42838960
Mar 20 05:47:22 kernel02 systemd-udevd[642]: seq 1392 queued, 'add' 'cgroup'
Mar 20 05:47:22 kernel02 systemd-tmpfiles[1648]: "/run/utmp" has been created.
Mar 20 05:47:22 kernel02 systemd-udevd[1679]: seq 1391 processed
Mar 20 05:47:22 kernel02 systemd-udevd[642]: passed 203 byte device to netlink monitor 0x2aa4282f7b0
Mar 20 05:47:22 kernel02 systemd-udevd[1670]: seq 1392 running
Mar 20 05:47:22 kernel02 systemd-tmpfiles[1648]: "/run/utmp" has right mode 100664
Mar 20 05:47:22 kernel02 systemd-udevd[642]: seq 1393 queued, 'add' 'cgroup'
Mar 20 05:47:22 kernel02 systemd-tmpfiles[1648]: chown "/run/utmp" to 0.43
Mar 20 05:47:22 kernel02 systemd-udevd[1670]: passed device to netlink monitor 0x2aa4283b390
Mar 20 05:47:22 kernel02 systemd-udevd[642]: passed 183 byte device to netlink monitor 0x2aa4282f7b0
Mar 20 05:47:22 kernel02 systemd-udevd[642]: seq 1394 queued, 'add' 'cgroup'
Mar 20 05:47:22 kernel02 systemd-tmpfiles[1648]: Running remove action for entry F /run/utmp
Mar 20 05:47:22 kernel02 systemd-udevd[1670]: seq 1392 processed
Mar 20 05:47:22 kernel02 systemd-udevd[1669]: seq 1393 running
Mar 20 05:47:22 kernel02 systemd-udevd[642]: passed 187 byte device to netlink monitor 0x2aa4282f7b0
Mar 20 05:47:22 kernel02 systemd-udevd[1679]: seq 1394 running
Mar 20 05:47:22 kernel02 systemd-tmpfiles[1648]: Running create action for entry d /run/systemd/ask-password
Mar 20 05:47:22 kernel02 systemd-udevd[1679]: passed device to netlink monitor 0x2aa42838960
Mar 20 05:47:22 kernel02 systemd-udevd[642]: seq 1395 queued, 'add' 'cgroup'
Mar 20 05:47:22 kernel02 systemd-tmpfiles[1648]: Found existing directory "/run/systemd/ask-password".
Mar 20 05:47:22 kernel02 systemd-udevd[1679]: seq 1394 processed
Mar 20 05:47:22 kernel02 systemd-udevd[1669]: passed device to netlink monitor 0x2aa4282d710
Mar 20 05:47:22 kernel02 systemd-udevd[642]: passed 184 byte device to netlink monitor 0x2aa4282f7b0
Mar 20 05:47:22 kernel02 systemd-udevd[1670]: seq 1395 running
Mar 20 05:47:22 kernel02 systemd-tmpfiles[1648]: "/run/systemd/ask-password" has right mode 40755
Mar 20 05:47:22 kernel02 systemd-udevd[1669]: seq 1393 processed
Mar 20 05:47:22 kernel02 systemd-udevd[642]: seq 1396 queued, 'add' 'cgroup'
Mar 20 05:47:22 kernel02 systemd-tmpfiles[1648]: Running remove action for entry d /run/systemd/ask-password
Mar 20 05:47:22 kernel02 systemd-udevd[1670]: passed device to netlink monitor 0x2aa4283b390
Mar 20 05:47:22 kernel02 systemd-udevd[642]: passed 175 byte device to netlink monitor 0x2aa4282f7b0
Mar 20 05:47:22 kernel02 systemd-udevd[1679]: seq 1396 running
Mar 20 05:47:22 kernel02 systemd-tmpfiles[1648]: Running create action for entry d /run/systemd/seats
Mar 20 05:47:22 kernel02 systemd-udevd[1670]: seq 1395 processed
Mar 20 05:47:22 kernel02 systemd-udevd[642]: seq 1397 queued, 'add' 'cgroup'
Mar 20 05:47:22 kernel02 systemd-udevd[1679]: passed device to netlink monitor 0x2aa42838960
Mar 20 05:47:22 kernel02 systemd-tmpfiles[1648]: Created directory "/run/systemd/seats".
Mar 20 05:47:22 kernel02 systemd-udevd[642]: passed 193 byte device to netlink monitor 0x2aa4282f7b0
Mar 20 05:47:22 kernel02 systemd-udevd[1669]: seq 1397 running
Mar 20 05:47:22 kernel02 systemd-udevd[1679]: seq 1396 processed
Mar 20 05:47:22 kernel02 systemd-tmpfiles[1648]: "/run/systemd/seats" has right mode 40755
Mar 20 05:47:22 kernel02 systemd-udevd[642]: seq 1398 queued, 'add' 'cgroup'
Mar 20 05:47:22 kernel02 systemd-udevd[1669]: passed device to netlink monitor 0x2aa4282d710
Mar 20 05:47:22 kernel02 systemd-tmpfiles[1648]: Running remove action for entry d /run/systemd/seats
Mar 20 05:47:22 kernel02 systemd-udevd[642]: passed 195 byte device to netlink monitor 0x2aa4282f7b0
Mar 20 05:47:22 kernel02 systemd-udevd[1670]: seq 1398 running
Mar 20 05:47:22 kernel02 systemd-udevd[1669]: seq 1397 processed
Mar 20 05:47:22 kernel02 systemd-tmpfiles[1648]: Running create action for entry d /run/systemd/sessions
Mar 20 05:47:22 kernel02 systemd-udevd[642]: seq 1399 queued, 'add' 'cgroup'
Mar 20 05:47:22 kernel02 systemd-udevd[1670]: passed device to netlink monitor 0x2aa4283b390
Mar 20 05:47:22 kernel02 systemd-tmpfiles[1648]: Created directory "/run/systemd/sessions".
Mar 20 05:47:22 kernel02 systemd-udevd[642]: passed 197 byte device to netlink monitor 0x2aa4282f7b0
Mar 20 05:47:22 kernel02 systemd-udevd[1679]: seq 1399 running
Mar 20 05:47:22 kernel02 systemd-udevd[1670]: seq 1398 processed
Mar 20 05:47:22 kernel02 systemd-tmpfiles[1648]: "/run/systemd/sessions" has right mode 40755
Mar 20 05:47:22 kernel02 systemd-udevd[1679]: passed device to netlink monitor 0x2aa42838960
Mar 20 05:47:22 kernel02 systemd-tmpfiles[1648]: Running remove action for entry d /run/systemd/sessions
Mar 20 05:47:22 kernel02 systemd-udevd[1679]: seq 1399 processed
Mar 20 05:47:22 kernel02 systemd-tmpfiles[1648]: Running create action for entry d /run/systemd/users
Mar 20 05:47:22 kernel02 systemd-udevd[642]: cleanup idle workers
Mar 20 05:47:22 kernel02 systemd-udevd[1680]: Unload module index
Mar 20 05:47:22 kernel02 systemd-udevd[1669]: Unload module index
Mar 20 05:47:22 kernel02 systemd-udevd[1668]: Unload module index
Mar 20 05:47:22 kernel02 systemd-udevd[1688]: Unload module index
Mar 20 05:47:22 kernel02 systemd-udevd[1670]: Unload module index
Mar 20 05:47:22 kernel02 systemd-udevd[1689]: Unload module index
Mar 20 05:47:22 kernel02 systemd-udevd[1690]: Unload module index
Mar 20 05:47:22 kernel02 systemd-udevd[1679]: Unload module index
Mar 20 05:47:22 kernel02 systemd-udevd[1685]: Unload module index
Mar 20 05:47:22 kernel02 systemd-udevd[1686]: Unload module index
Mar 20 05:47:22 kernel02 systemd-udevd[1687]: Unload module index
Mar 20 05:47:22 kernel02 systemd-tmpfiles[1648]: Created directory "/run/systemd/users".
Mar 20 05:47:22 kernel02 systemd-udevd[1680]: Unloaded link configuration context.
Mar 20 05:47:22 kernel02 systemd-udevd[642]: worker [1680] exited
Mar 20 05:47:22 kernel02 systemd-udevd[1668]: Unloaded link configuration context.
Mar 20 05:47:22 kernel02 systemd-udevd[1688]: Unloaded link configuration context.
Mar 20 05:47:22 kernel02 systemd-udevd[1670]: Unloaded link configuration context.
Mar 20 05:47:22 kernel02 systemd-udevd[1689]: Unloaded link configuration context.
Mar 20 05:47:22 kernel02 systemd-udevd[1690]: Unloaded link configuration context.
Mar 20 05:47:22 kernel02 systemd-udevd[1679]: Unloaded link configuration context.
Mar 20 05:47:22 kernel02 systemd-udevd[1685]: Unloaded link configuration context.
Mar 20 05:47:22 kernel02 systemd-udevd[1686]: Unloaded link configuration context.
Mar 20 05:47:22 kernel02 systemd-udevd[1687]: Unloaded link configuration context.
Mar 20 05:47:22 kernel02 systemd-tmpfiles[1648]: "/run/systemd/users" has right mode 40755
Mar 20 05:47:22 kernel02 systemd-udevd[642]: cleanup idle workers
Mar 20 05:47:22 kernel02 systemd-udevd[1669]: Unloaded link configuration context.
Mar 20 05:47:22 kernel02 systemd-tmpfiles[1648]: Running remove action for entry d /run/systemd/users
Mar 20 05:47:22 kernel02 systemd-udevd[642]: worker [1668] exited
Mar 20 05:47:22 kernel02 systemd-tmpfiles[1648]: Running create action for entry d /run/systemd/machines
Mar 20 05:47:22 kernel02 systemd-udevd[642]: worker [1669] exited
Mar 20 05:47:22 kernel02 systemd-tmpfiles[1648]: Created directory "/run/systemd/machines".
Mar 20 05:47:22 kernel02 systemd-udevd[642]: worker [1670] exited
Mar 20 05:47:22 kernel02 systemd-tmpfiles[1648]: "/run/systemd/machines" has right mode 40755
Mar 20 05:47:22 kernel02 systemd-udevd[642]: worker [1679] exited
Mar 20 05:47:22 kernel02 systemd-tmpfiles[1648]: Running remove action for entry d /run/systemd/machines
Mar 20 05:47:22 kernel02 systemd-udevd[642]: worker [1685] exited
Mar 20 05:47:22 kernel02 systemd-tmpfiles[1648]: Running create action for entry d /run/systemd/shutdown
Mar 20 05:47:22 kernel02 systemd-udevd[642]: worker [1686] exited
Mar 20 05:47:22 kernel02 systemd-tmpfiles[1648]: Created directory "/run/systemd/shutdown".
Mar 20 05:47:22 kernel02 systemd-udevd[642]: worker [1687] exited
Mar 20 05:47:22 kernel02 systemd-tmpfiles[1648]: "/run/systemd/shutdown" has right mode 40755
Mar 20 05:47:22 kernel02 systemd-udevd[642]: worker [1688] exited
Mar 20 05:47:22 kernel02 systemd-tmpfiles[1648]: Running remove action for entry d /run/systemd/shutdown
Mar 20 05:47:22 kernel02 systemd-udevd[642]: worker [1689] exited
Mar 20 05:47:22 kernel02 systemd-tmpfiles[1648]: Running create action for entry d /run/systemd/netif
Mar 20 05:47:22 kernel02 systemd-udevd[642]: worker [1690] exited
Mar 20 05:47:22 kernel02 systemd-tmpfiles[1648]: Created directory "/run/systemd/netif".
Mar 20 05:47:22 kernel02 systemd-tmpfiles[1648]: "/run/systemd/netif" has right mode 40755
Mar 20 05:47:22 kernel02 systemd-tmpfiles[1648]: chown "/run/systemd/netif" to 101.103
Mar 20 05:47:22 kernel02 systemd-tmpfiles[1648]: Running remove action for entry d /run/systemd/netif
Mar 20 05:47:22 kernel02 systemd-tmpfiles[1648]: Running create action for entry d /run/systemd/netif/links
Mar 20 05:47:22 kernel02 systemd-tmpfiles[1648]: Created directory "/run/systemd/netif/links".
Mar 20 05:47:22 kernel02 systemd-tmpfiles[1648]: "/run/systemd/netif/links" has right mode 40755
Mar 20 05:47:22 kernel02 systemd-tmpfiles[1648]: chown "/run/systemd/netif/links" to 101.103
Mar 20 05:47:22 kernel02 systemd-tmpfiles[1648]: Running remove action for entry d /run/systemd/netif/links
Mar 20 05:47:22 kernel02 systemd-tmpfiles[1648]: Running create action for entry d /run/systemd/netif/leases
Mar 20 05:47:22 kernel02 systemd-tmpfiles[1648]: Created directory "/run/systemd/netif/leases".
Mar 20 05:47:22 kernel02 systemd-tmpfiles[1648]: "/run/systemd/netif/leases" has right mode 40755
Mar 20 05:47:22 kernel02 systemd-tmpfiles[1648]: chown "/run/systemd/netif/leases" to 101.103
Mar 20 05:47:22 kernel02 systemd-tmpfiles[1648]: Running remove action for entry d /run/systemd/netif/leases
Mar 20 05:47:22 kernel02 systemd-tmpfiles[1648]: Running create action for entry d /run/log
Mar 20 05:47:22 kernel02 systemd-tmpfiles[1648]: Found existing directory "/run/log".
Mar 20 05:47:22 kernel02 systemd-tmpfiles[1648]: "/run/log" has right mode 40755
Mar 20 05:47:22 kernel02 systemd-tmpfiles[1648]: Running remove action for entry d /run/log
Mar 20 05:47:22 kernel02 systemd-tmpfiles[1648]: Running create action for entry d /var/lib/systemd
Mar 20 05:47:22 kernel02 systemd-tmpfiles[1648]: Found existing directory "/var/lib/systemd".
Mar 20 05:47:22 kernel02 systemd-tmpfiles[1648]: "/var/lib/systemd" has right mode 40755
Mar 20 05:47:22 kernel02 systemd-tmpfiles[1648]: Running remove action for entry d /var/lib/systemd
Mar 20 05:47:22 kernel02 systemd-tmpfiles[1648]: Running create action for entry d /var/lib/systemd/coredump
Mar 20 05:47:22 kernel02 systemd-tmpfiles[1648]: Found existing directory "/var/lib/systemd/coredump".
Mar 20 05:47:22 kernel02 systemd-tmpfiles[1648]: "/var/lib/systemd/coredump" has right mode 40755
Mar 20 05:47:22 kernel02 systemd-tmpfiles[1648]: Running remove action for entry d /var/lib/systemd/coredump
Mar 20 05:47:22 kernel02 systemd-tmpfiles[1648]: Running create action for entry D /tmp
Mar 20 05:47:22 kernel02 systemd-tmpfiles[1648]: Found existing directory "/tmp".
Mar 20 05:47:22 kernel02 systemd-tmpfiles[1648]: "/tmp" has right mode 41777
Mar 20 05:47:22 kernel02 systemd-tmpfiles[1648]: Running remove action for entry D /tmp
Mar 20 05:47:22 kernel02 systemd-tmpfiles[1648]: rm -rf "/tmp"
Mar 20 05:47:22 kernel02 systemd[1]: Preset files don't specify rule for ebtables.service. Enabling.
Mar 20 05:47:22 kernel02 systemd[1]: Sent message type=method_return sender=n/a destination=n/a object=n/a interface=n/a member=n/a cookie=9 reply_cookie=1 error=n/a
Mar 20 05:47:22 kernel02 systemd[1]: Got message type=method_call sender=n/a destination=org.freedesktop.systemd1 object=/org/freedesktop/systemd1/unit/apparmor_2eservice interface=org.freedesktop.DBus.Properties member=GetAll cookie=1 reply_cookie=0 error=n/a
Mar 20 05:47:22 kernel02 systemd[1]: Preset files don't specify rule for apparmor.service. Enabling.
Mar 20 05:47:22 kernel02 systemd[1]: Sent message type=method_return sender=n/a destination=n/a object=n/a interface=n/a member=n/a cookie=9 reply_cookie=1 error=n/a
Mar 20 05:47:22 kernel02 systemd[1]: proc-sys-fs-binfmt_misc.mount: About to execute: /bin/mount binfmt_misc /proc/sys/fs/binfmt_misc -t binfmt_misc
Mar 20 05:47:22 kernel02 systemd[1]: proc-sys-fs-binfmt_misc.mount: Forked /bin/mount as 1693
Mar 20 05:47:22 kernel02 systemd-udevd[642]: seq 1400 queued, 'add' 'cgroup'
Mar 20 05:47:22 kernel02 systemd-udevd[642]: seq 1400 forked new worker [1697]
Mar 20 05:47:22 kernel02 systemd-udevd[1697]: seq 1400 running
Mar 20 05:47:22 kernel02 systemd-udevd[1697]: passed device to netlink monitor 0x2aa4282fdd0
Mar 20 05:47:22 kernel02 systemd-udevd[1697]: seq 1400 processed
Mar 20 05:47:22 kernel02 systemd-udevd[642]: cleanup idle workers
Mar 20 05:47:22 kernel02 systemd-udevd[1697]: Unload module index
Mar 20 05:47:22 kernel02 systemd-udevd[1697]: Unloaded link configuration context.
Mar 20 05:47:22 kernel02 systemd-udevd[642]: worker [1697] exited
Mar 20 05:47:22 kernel02 systemd[1]: proc-sys-fs-binfmt_misc.mount: Changed dead -> mounting
Mar 20 05:47:22 kernel02 systemd[1]: Mounting Arbitrary Executable File Formats File System...
Mar 20 05:47:22 kernel02 systemd[1]: nfs-idmapd.service: About to execute: /usr/sbin/rpc.idmapd $RPCIDMAPDARGS
Mar 20 05:47:22 kernel02 systemd[1]: nfs-idmapd.service: Forked /usr/sbin/rpc.idmapd as 1698
Mar 20 05:47:22 kernel02 systemd[1]: nfs-idmapd.service: Changed dead -> start
Mar 20 05:47:22 kernel02 systemd[1]: Starting NFSv4 ID-name mapping service...
Mar 20 05:47:22 kernel02 systemd[1]: rpc-svcgssd.service: ConditionPathExists=/etc/krb5.keytab failed.
Mar 20 05:47:22 kernel02 systemd[1]: rpc-svcgssd.service: Starting requested but condition failed. Not starting unit.
Mar 20 05:47:22 kernel02 systemd[1]: rpc-svcgssd.service: Job rpc-svcgssd.service/start finished, result=done
Mar 20 05:47:22 kernel02 systemd[1]: Failed to send job remove signal for 130: Connection reset by peer
Mar 20 05:47:22 kernel02 systemd[1]: rpc-gssd.service: ConditionPathExists=/etc/krb5.keytab failed.
Mar 20 05:47:22 kernel02 systemd[1]: rpc-gssd.service: Starting requested but condition failed. Not starting unit.
Mar 20 05:47:22 kernel02 systemd[1]: rpc-gssd.service: Job rpc-gssd.service/start finished, result=done
Mar 20 05:47:22 kernel02 systemd[1]: Failed to send job remove signal for 103: Transport endpoint is not connected
Mar 20 05:47:22 kernel02 systemd[1]: nfs-client.target changed dead -> active
Mar 20 05:47:22 kernel02 systemd[1]: nfs-client.target: Job nfs-client.target/start finished, result=done
Mar 20 05:47:22 kernel02 systemd[1]: Reached target NFS client services.
Mar 20 05:47:22 kernel02 systemd[1]: Failed to send job remove signal for 99: Transport endpoint is not connected
Mar 20 05:47:22 kernel02 systemd[1]: nfs-client.target: Failed to send unit change signal for nfs-client.target: Transport endpoint is not connected
Mar 20 05:47:22 kernel02 systemd[1]: nfs-idmapd.service: Failed to send unit change signal for nfs-idmapd.service: Transport endpoint is not connected
Mar 20 05:47:22 kernel02 systemd[1]: proc-sys-fs-binfmt_misc.mount: Failed to send unit change signal for proc-sys-fs-binfmt_misc.mount: Transport endpoint is not connected
Mar 20 05:47:22 kernel02 systemd[1]: Failed to send job change signal for 128: Transport endpoint is not connected
Mar 20 05:47:22 kernel02 systemd[1]: Failed to send job change signal for 257: Transport endpoint is not connected
Mar 20 05:47:22 kernel02 systemd[1]: systemd-journald.service: Got notification message from PID 565 (FDSTORE=1)
Mar 20 05:47:22 kernel02 systemd[1]: systemd-journald.service: Added fd to fd store.
Mar 20 05:47:22 kernel02 systemd[1]: Got disconnect on private connection.
Mar 20 05:47:22 kernel02 systemd[1]: Got disconnect on private connection.
Mar 20 05:47:22 kernel02 systemd[1693]: proc-sys-fs-binfmt_misc.mount: Executing: /bin/mount binfmt_misc /proc/sys/fs/binfmt_misc -t binfmt_misc
Mar 20 05:47:22 kernel02 systemd[1698]: nfs-idmapd.service: Executing: /usr/sbin/rpc.idmapd
Mar 20 05:47:22 kernel02 systemd[1]: systemd-journald.service: Got notification message from PID 565 (FDSTORE=1)
Mar 20 05:47:22 kernel02 systemd[1]: systemd-journald.service: Added fd to fd store.
Mar 20 05:47:22 kernel02 systemd-udevd[642]: seq 1401 queued, 'add' 'cgroup'
Mar 20 05:47:22 kernel02 systemd-udevd[642]: seq 1401 forked new worker [1700]
Mar 20 05:47:22 kernel02 systemd-udevd[642]: seq 1402 queued, 'add' 'cgroup'
Mar 20 05:47:22 kernel02 systemd-udevd[1700]: seq 1401 running
Mar 20 05:47:22 kernel02 systemd-udevd[642]: seq 1402 forked new worker [1701]
Mar 20 05:47:22 kernel02 systemd-udevd[642]: seq 1403 queued, 'add' 'cgroup'
Mar 20 05:47:22 kernel02 systemd-udevd[1700]: passed device to netlink monitor 0x2aa4282fdd0
Mar 20 05:47:22 kernel02 systemd-udevd[1700]: seq 1401 processed
Mar 20 05:47:22 kernel02 systemd-udevd[642]: seq 1403 forked new worker [1702]
Mar 20 05:47:22 kernel02 systemd-udevd[1701]: seq 1402 running
Mar 20 05:47:22 kernel02 systemd-udevd[642]: seq 1404 queued, 'add' 'cgroup'
Mar 20 05:47:22 kernel02 systemd-udevd[642]: passed 204 byte device to netlink monitor 0x2aa4282f7b0
Mar 20 05:47:22 kernel02 systemd-udevd[1700]: seq 1404 running
Mar 20 05:47:22 kernel02 systemd-udevd[642]: seq 1405 queued, 'add' 'cgroup'
Mar 20 05:47:22 kernel02 systemd-udevd[1700]: passed device to netlink monitor 0x2aa4282fdd0
Mar 20 05:47:22 kernel02 systemd-udevd[1700]: seq 1404 processed
Mar 20 05:47:22 kernel02 systemd-udevd[642]: seq 1405 forked new worker [1703]
Mar 20 05:47:22 kernel02 systemd-udevd[642]: seq 1406 queued, 'add' 'cgroup'
Mar 20 05:47:22 kernel02 systemd-udevd[642]: passed 193 byte device to netlink monitor 0x2aa4282f7b0
Mar 20 05:47:22 kernel02 systemd-udevd[1700]: seq 1406 running
Mar 20 05:47:22 kernel02 systemd-udevd[642]: seq 1407 queued, 'add' 'cgroup'
Mar 20 05:47:22 kernel02 systemd-udevd[1700]: passed device to netlink monitor 0x2aa4282fdd0
Mar 20 05:47:22 kernel02 systemd-udevd[1700]: seq 1406 processed
Mar 20 05:47:22 kernel02 systemd-udevd[642]: seq 1407 forked new worker [1704]
Mar 20 05:47:22 kernel02 systemd-udevd[1701]: passed device to netlink monitor 0x2aa4282d770
Mar 20 05:47:22 kernel02 systemd-udevd[1701]: seq 1402 processed
Mar 20 05:47:22 kernel02 systemd-udevd[642]: seq 1408 queued, 'add' 'cgroup'
Mar 20 05:47:22 kernel02 systemd-udevd[642]: passed 194 byte device to netlink monitor 0x2aa4282f7b0
Mar 20 05:47:22 kernel02 systemd-udevd[1701]: seq 1408 running
Mar 20 05:47:22 kernel02 systemd-udevd[642]: seq 1409 queued, 'add' 'cgroup'
Mar 20 05:47:22 kernel02 systemd-udevd[642]: passed 188 byte device to netlink monitor 0x2aa4282f7b0
Mar 20 05:47:22 kernel02 systemd-udevd[642]: seq 1410 queued, 'add' 'cgroup'
Mar 20 05:47:22 kernel02 systemd-udevd[1701]: passed device to netlink monitor 0x2aa4282d770
Mar 20 05:47:22 kernel02 systemd-udevd[1701]: seq 1408 processed
Mar 20 05:47:22 kernel02 systemd-udevd[1700]: seq 1409 running
Mar 20 05:47:22 kernel02 systemd-udevd[642]: seq 1410 forked new worker [1705]
Mar 20 05:47:22 kernel02 systemd-udevd[642]: seq 1411 queued, 'add' 'cgroup'
Mar 20 05:47:22 kernel02 systemd-udevd[642]: passed 179 byte device to netlink monitor 0x2aa4282f7b0
Mar 20 05:47:22 kernel02 systemd-udevd[1700]: passed device to netlink monitor 0x2aa4282fdd0
Mar 20 05:47:22 kernel02 systemd-udevd[642]: seq 1412 queued, 'add' 'cgroup'
Mar 20 05:47:22 kernel02 systemd-udevd[1700]: seq 1409 processed
Mar 20 05:47:22 kernel02 systemd-udevd[1701]: seq 1411 running
Mar 20 05:47:22 kernel02 systemd-udevd[1701]: passed device to netlink monitor 0x2aa4282d770
Mar 20 05:47:22 kernel02 systemd-udevd[1701]: seq 1411 processed
Mar 20 05:47:22 kernel02 systemd-udevd[642]: seq 1412 forked new worker [1706]
Mar 20 05:47:22 kernel02 systemd-udevd[642]: seq 1413 queued, 'add' 'cgroup'
Mar 20 05:47:22 kernel02 systemd-udevd[1702]: seq 1403 running
Mar 20 05:47:22 kernel02 systemd-udevd[642]: passed 193 byte device to netlink monitor 0x2aa4282f7b0
Mar 20 05:47:22 kernel02 systemd-udevd[1701]: seq 1413 running
Mar 20 05:47:22 kernel02 systemd-udevd[642]: seq 1414 queued, 'add' 'cgroup'
Mar 20 05:47:22 kernel02 systemd-udevd[1706]: seq 1412 running
Mar 20 05:47:22 kernel02 systemd-udevd[642]: passed 182 byte device to netlink monitor 0x2aa4282f7b0
Mar 20 05:47:22 kernel02 systemd-udevd[642]: seq 1415 queued, 'add' 'cgroup'
Mar 20 05:47:22 kernel02 systemd-udevd[1701]: passed device to netlink monitor 0x2aa4282d770
Mar 20 05:47:22 kernel02 systemd-udevd[1701]: seq 1413 processed
Mar 20 05:47:22 kernel02 systemd-udevd[1706]: passed device to netlink monitor 0x2aa428611a0
Mar 20 05:47:22 kernel02 systemd-udevd[1706]: seq 1412 processed
Mar 20 05:47:22 kernel02 systemd-udevd[1700]: seq 1414 running
Mar 20 05:47:22 kernel02 systemd-udevd[642]: seq 1415 forked new worker [1707]
Mar 20 05:47:22 kernel02 systemd-udevd[642]: seq 1416 queued, 'add' 'cgroup'
Mar 20 05:47:22 kernel02 systemd-udevd[642]: passed 183 byte device to netlink monitor 0x2aa4282f7b0
Mar 20 05:47:22 kernel02 systemd-udevd[1700]: passed device to netlink monitor 0x2aa4282fdd0
Mar 20 05:47:22 kernel02 systemd-udevd[1700]: seq 1414 processed
Mar 20 05:47:22 kernel02 systemd-udevd[1706]: seq 1416 running
Mar 20 05:47:22 kernel02 systemd-udevd[642]: seq 1417 queued, 'add' 'cgroup'
Mar 20 05:47:22 kernel02 systemd-udevd[642]: passed 183 byte device to netlink monitor 0x2aa4282f7b0
Mar 20 05:47:22 kernel02 systemd-udevd[1701]: seq 1417 running
Mar 20 05:47:22 kernel02 systemd-udevd[642]: seq 1418 queued, 'add' 'cgroup'
Mar 20 05:47:22 kernel02 systemd-udevd[642]: passed 180 byte device to netlink monitor 0x2aa4282f7b0
Mar 20 05:47:22 kernel02 systemd-udevd[642]: seq 1419 queued, 'add' 'cgroup'
Mar 20 05:47:22 kernel02 systemd-udevd[1706]: passed device to netlink monitor 0x2aa428611a0
Mar 20 05:47:22 kernel02 systemd-udevd[1706]: seq 1416 processed
Mar 20 05:47:22 kernel02 systemd-udevd[1701]: passed device to netlink monitor 0x2aa4282d770
Mar 20 05:47:22 kernel02 systemd-udevd[1701]: seq 1417 processed
Mar 20 05:47:22 kernel02 systemd-udevd[1700]: seq 1418 running
Mar 20 05:47:22 kernel02 systemd-udevd[642]: seq 1419 forked new worker [1708]
Mar 20 05:47:22 kernel02 systemd-udevd[642]: seq 1420 queued, 'add' 'cgroup'
Mar 20 05:47:22 kernel02 systemd-udevd[642]: passed 193 byte device to netlink monitor 0x2aa4282f7b0
Mar 20 05:47:22 kernel02 systemd-udevd[1700]: passed device to netlink monitor 0x2aa4282fdd0
Mar 20 05:47:22 kernel02 systemd-udevd[1700]: seq 1418 processed
Mar 20 05:47:22 kernel02 systemd-udevd[1706]: seq 1420 running
Mar 20 05:47:22 kernel02 systemd-udevd[642]: seq 1421 queued, 'add' 'cgroup'
Mar 20 05:47:22 kernel02 systemd-udevd[642]: passed 191 byte device to netlink monitor 0x2aa4282f7b0
Mar 20 05:47:22 kernel02 systemd-udevd[1701]: seq 1421 running
Mar 20 05:47:22 kernel02 systemd-udevd[1706]: passed device to netlink monitor 0x2aa428611a0
Mar 20 05:47:22 kernel02 systemd-udevd[1706]: seq 1420 processed
Mar 20 05:47:22 kernel02 systemd-udevd[1708]: seq 1419 running
Mar 20 05:47:22 kernel02 systemd-udevd[1701]: passed device to netlink monitor 0x2aa4282d770
Mar 20 05:47:22 kernel02 systemd-udevd[1701]: seq 1421 processed
Mar 20 05:47:22 kernel02 systemd-udevd[1708]: passed device to netlink monitor 0x2aa42833400
Mar 20 05:47:22 kernel02 systemd-udevd[1708]: seq 1419 processed
Mar 20 05:47:22 kernel02 systemd-udevd[1702]: passed device to netlink monitor 0x2aa4283b4a0
Mar 20 05:47:22 kernel02 systemd-udevd[1702]: seq 1403 processed
Mar 20 05:47:22 kernel02 systemd-udevd[1703]: seq 1405 running
Mar 20 05:47:22 kernel02 systemd-udevd[1703]: passed device to netlink monitor 0x2aa428389b0
Mar 20 05:47:22 kernel02 systemd-udevd[1703]: seq 1405 processed
Mar 20 05:47:22 kernel02 systemd-udevd[1704]: seq 1407 running
Mar 20 05:47:22 kernel02 systemd-udevd[1704]: passed device to netlink monitor 0x2aa4285e770
Mar 20 05:47:22 kernel02 systemd-udevd[1704]: seq 1407 processed
Mar 20 05:47:22 kernel02 systemd-udevd[1705]: seq 1410 running
Mar 20 05:47:22 kernel02 systemd-udevd[1705]: passed device to netlink monitor 0x2aa4285fc00
Mar 20 05:47:22 kernel02 systemd-udevd[1705]: seq 1410 processed
Mar 20 05:47:22 kernel02 systemd-udevd[1707]: seq 1415 running
Mar 20 05:47:22 kernel02 systemd-udevd[1707]: passed device to netlink monitor 0x2aa428623c0
Mar 20 05:47:22 kernel02 systemd-udevd[1707]: seq 1415 processed
Mar 20 05:47:22 kernel02 systemd-udevd[642]: cleanup idle workers
Mar 20 05:47:22 kernel02 systemd-udevd[1706]: Unload module index
Mar 20 05:47:22 kernel02 systemd-udevd[1701]: Unload module index
Mar 20 05:47:22 kernel02 systemd-udevd[1706]: Unloaded link configuration context.
Mar 20 05:47:22 kernel02 systemd-udevd[1701]: Unloaded link configuration context.
Mar 20 05:47:22 kernel02 systemd-udevd[1708]: Unload module index
Mar 20 05:47:22 kernel02 systemd-udevd[642]: worker [1706] exited
Mar 20 05:47:22 kernel02 systemd-udevd[642]: cleanup idle workers
Mar 20 05:47:22 kernel02 systemd-udevd[1708]: Unloaded link configuration context.
Mar 20 05:47:22 kernel02 systemd-udevd[642]: worker [1701] exited
Mar 20 05:47:22 kernel02 systemd-udevd[1702]: Unload module index
Mar 20 05:47:22 kernel02 systemd-udevd[642]: cleanup idle workers
Mar 20 05:47:22 kernel02 systemd-udevd[1702]: Unloaded link configuration context.
Mar 20 05:47:22 kernel02 systemd-udevd[642]: worker [1708] exited
Mar 20 05:47:22 kernel02 systemd-udevd[642]: cleanup idle workers
Mar 20 05:47:22 kernel02 systemd-udevd[642]: worker [1702] exited
Mar 20 05:47:22 kernel02 systemd-udevd[642]: cleanup idle workers
Mar 20 05:47:22 kernel02 systemd-udevd[1700]: Unload module index
Mar 20 05:47:22 kernel02 systemd-udevd[1700]: Unloaded link configuration context.
Mar 20 05:47:22 kernel02 systemd-udevd[1703]: Unload module index
Mar 20 05:47:22 kernel02 systemd-udevd[1703]: Unloaded link configuration context.
Mar 20 05:47:22 kernel02 systemd-udevd[642]: worker [1700] exited
Mar 20 05:47:22 kernel02 systemd-udevd[642]: worker [1703] exited
Mar 20 05:47:22 kernel02 systemd-udevd[1704]: Unload module index
Mar 20 05:47:22 kernel02 systemd-udevd[642]: cleanup idle workers
Mar 20 05:47:22 kernel02 systemd-udevd[642]: cleanup idle workers
Mar 20 05:47:22 kernel02 systemd-udevd[1704]: Unloaded link configuration context.
Mar 20 05:47:22 kernel02 systemd-udevd[642]: worker [1704] exited
Mar 20 05:47:22 kernel02 systemd-udevd[642]: cleanup idle workers
Mar 20 05:47:22 kernel02 systemd-udevd[1705]: Unload module index
Mar 20 05:47:22 kernel02 systemd-udevd[1705]: Unloaded link configuration context.
Mar 20 05:47:22 kernel02 systemd-udevd[642]: worker [1705] exited
Mar 20 05:47:22 kernel02 systemd-udevd[642]: cleanup idle workers
Mar 20 05:47:22 kernel02 systemd-udevd[1707]: Unload module index
Mar 20 05:47:22 kernel02 systemd-udevd[1707]: Unloaded link configuration context.
Mar 20 05:47:22 kernel02 systemd-udevd[642]: worker [1707] exited
Mar 20 05:47:22 kernel02 systemd-udevd[642]: seq 1422 queued, 'add' 'cgroup'
Mar 20 05:47:22 kernel02 systemd-udevd[642]: seq 1422 forked new worker [1709]
Mar 20 05:47:22 kernel02 systemd-udevd[642]: seq 1423 queued, 'add' 'cgroup'
Mar 20 05:47:22 kernel02 systemd-udevd[1709]: seq 1422 running
Mar 20 05:47:22 kernel02 systemd-udevd[642]: seq 1423 forked new worker [1710]
Mar 20 05:47:22 kernel02 systemd-udevd[1710]: seq 1423 running
Mar 20 05:47:22 kernel02 systemd-udevd[1709]: passed device to netlink monitor 0x2aa4282fd50
Mar 20 05:47:22 kernel02 systemd-udevd[1709]: seq 1422 processed
Mar 20 05:47:22 kernel02 systemd-udevd[1710]: passed device to netlink monitor 0x2aa4282d710
Mar 20 05:47:22 kernel02 systemd-udevd[1710]: seq 1423 processed
Mar 20 05:47:22 kernel02 systemd-udevd[642]: cleanup idle workers
Mar 20 05:47:22 kernel02 systemd-udevd[1710]: Unload module index
Mar 20 05:47:22 kernel02 systemd-udevd[1709]: Unload module index
Mar 20 05:47:22 kernel02 systemd-udevd[1710]: Unloaded link configuration context.
Mar 20 05:47:22 kernel02 systemd-udevd[1709]: Unloaded link configuration context.
Mar 20 05:47:22 kernel02 systemd-udevd[642]: worker [1710] exited
Mar 20 05:47:22 kernel02 systemd-udevd[642]: cleanup idle workers
Mar 20 05:47:22 kernel02 systemd-udevd[642]: worker [1709] exited
Mar 20 05:47:22 kernel02 systemd[1]: Received SIGCHLD from PID 1643 (ebtables).
Mar 20 05:47:22 kernel02 systemd[1]: Child 1643 (ebtables) died (code=exited, status=0/SUCCESS)
Mar 20 05:47:22 kernel02 systemd[1]: ebtables.service: Child 1643 belongs to ebtables.service
Mar 20 05:47:22 kernel02 systemd[1]: ebtables.service: Main process exited, code=exited, status=0/SUCCESS
Mar 20 05:47:22 kernel02 systemd[1]: ebtables.service: Changed start -> exited
Mar 20 05:47:22 kernel02 systemd[1]: ebtables.service: Job ebtables.service/start finished, result=done
Mar 20 05:47:22 kernel02 systemd[1]: Started ebtables ruleset management.
Mar 20 05:47:22 kernel02 systemd[1]: ebtables.service: cgroup is empty
Mar 20 05:47:22 kernel02 systemd[1]: network-pre.target changed dead -> active
Mar 20 05:47:22 kernel02 systemd[1]: network-pre.target: Job network-pre.target/start finished, result=done
Mar 20 05:47:22 kernel02 systemd[1]: Reached target Network (Pre).
Mar 20 05:47:22 kernel02 systemd[1]: Got cgroup empty notification for: /system.slice/ebtables.service
Mar 20 05:47:22 kernel02 apparmor[1647]: * Starting AppArmor profiles
Mar 20 05:47:22 kernel02 systemd-udevd[642]: seq 1424 queued, 'add' 'module'
Mar 20 05:47:22 kernel02 systemd[1]: libmount event [rescan: yes]
Mar 20 05:47:22 kernel02 systemd-udevd[642]: seq 1424 forked new worker [1714]
Mar 20 05:47:22 kernel02 systemd-udevd[1714]: seq 1424 running
Mar 20 05:47:22 kernel02 systemd-udevd[1714]: passed device to netlink monitor 0x2aa4282fc40
Mar 20 05:47:22 kernel02 systemd-udevd[1714]: seq 1424 processed
Mar 20 05:47:22 kernel02 systemd-udevd[642]: cleanup idle workers
Mar 20 05:47:22 kernel02 systemd-udevd[1714]: Unload module index
Mar 20 05:47:22 kernel02 systemd-udevd[1714]: Unloaded link configuration context.
Mar 20 05:47:22 kernel02 systemd[1]: proc-sys-fs-binfmt_misc.mount: Changed mounting -> mounting-done
Mar 20 05:47:22 kernel02 systemd[1]: proc-sys-fs-binfmt_misc.mount: Job proc-sys-fs-binfmt_misc.mount/start finished, result=done
Mar 20 05:47:22 kernel02 systemd[1]: Mounted Arbitrary Executable File Formats File System.
Mar 20 05:47:22 kernel02 systemd-udevd[642]: worker [1714] exited
Mar 20 05:47:22 kernel02 systemd[1]: Received SIGCHLD from PID 1693 (mount).
Mar 20 05:47:22 kernel02 systemd[1]: Child 1693 (mount) died (code=exited, status=0/SUCCESS)
Mar 20 05:47:22 kernel02 systemd[1]: proc-sys-fs-binfmt_misc.mount: Child 1693 belongs to proc-sys-fs-binfmt_misc.mount
Mar 20 05:47:22 kernel02 systemd[1]: proc-sys-fs-binfmt_misc.mount: Mount process exited, code=exited status=0
Mar 20 05:47:22 kernel02 systemd[1]: proc-sys-fs-binfmt_misc.mount: Changed mounting-done -> mounted
Mar 20 05:47:22 kernel02 systemd[1]: proc-sys-fs-binfmt_misc.automount: Sending success.
Mar 20 05:47:22 kernel02 systemd[1]: Got cgroup empty notification for: /system.slice/proc-sys-fs-binfmt_misc.mount
Mar 20 05:47:23 kernel02 systemd-tmpfiles[1648]: Running create action for entry f /var/log/wtmp
Mar 20 05:47:23 kernel02 systemd-tmpfiles[1648]: "/var/log/wtmp" has been created.
Mar 20 05:47:23 kernel02 systemd-tmpfiles[1648]: "/var/log/wtmp" has right mode 100664
Mar 20 05:47:23 kernel02 systemd-tmpfiles[1648]: Running remove action for entry f /var/log/wtmp
Mar 20 05:47:23 kernel02 systemd-tmpfiles[1648]: Running create action for entry f /var/log/btmp
Mar 20 05:47:23 kernel02 systemd-tmpfiles[1648]: "/var/log/btmp" has been created.
Mar 20 05:47:23 kernel02 systemd-tmpfiles[1648]: "/var/log/btmp" has right mode 100600
Mar 20 05:47:23 kernel02 systemd-tmpfiles[1648]: Running remove action for entry f /var/log/btmp
Mar 20 05:47:23 kernel02 systemd-tmpfiles[1648]: Running create action for entry d /var/spool
Mar 20 05:47:23 kernel02 systemd-tmpfiles[1648]: Found existing directory "/var/spool".
Mar 20 05:47:23 kernel02 systemd-tmpfiles[1648]: "/var/spool" has right mode 40755
Mar 20 05:47:23 kernel02 systemd-tmpfiles[1648]: Running remove action for entry d /var/spool
Mar 20 05:47:23 kernel02 systemd-tmpfiles[1648]: Running create action for entry d /tmp/.X11-unix
Mar 20 05:47:23 kernel02 systemd-tmpfiles[1648]: Created directory "/tmp/.X11-unix".
Mar 20 05:47:23 kernel02 systemd-tmpfiles[1648]: "/tmp/.X11-unix" has right mode 41777
Mar 20 05:47:23 kernel02 systemd-tmpfiles[1648]: Running remove action for entry d /tmp/.X11-unix
Mar 20 05:47:23 kernel02 systemd-tmpfiles[1648]: Running create action for entry d /tmp/.ICE-unix
Mar 20 05:47:23 kernel02 systemd-tmpfiles[1648]: Created directory "/tmp/.ICE-unix".
Mar 20 05:47:23 kernel02 systemd-tmpfiles[1648]: "/tmp/.ICE-unix" has right mode 41777
Mar 20 05:47:23 kernel02 systemd-tmpfiles[1648]: Running remove action for entry d /tmp/.ICE-unix
Mar 20 05:47:23 kernel02 systemd-tmpfiles[1648]: Running create action for entry d /tmp/.XIM-unix
Mar 20 05:47:23 kernel02 systemd-tmpfiles[1648]: Created directory "/tmp/.XIM-unix".
Mar 20 05:47:23 kernel02 systemd-tmpfiles[1648]: "/tmp/.XIM-unix" has right mode 41777
Mar 20 05:47:23 kernel02 systemd-tmpfiles[1648]: Running remove action for entry d /tmp/.XIM-unix
Mar 20 05:47:23 kernel02 systemd-tmpfiles[1648]: Running create action for entry d /tmp/.font-unix
Mar 20 05:47:23 kernel02 systemd-tmpfiles[1648]: Created directory "/tmp/.font-unix".
Mar 20 05:47:23 kernel02 systemd-tmpfiles[1648]: "/tmp/.font-unix" has right mode 41777
Mar 20 05:47:23 kernel02 systemd-tmpfiles[1648]: Running remove action for entry d /tmp/.font-unix
Mar 20 05:47:23 kernel02 systemd-tmpfiles[1648]: Running create action for entry d /tmp/.Test-unix
Mar 20 05:47:23 kernel02 systemd-tmpfiles[1648]: Created directory "/tmp/.Test-unix".
Mar 20 05:47:23 kernel02 systemd-tmpfiles[1648]: "/tmp/.Test-unix" has right mode 41777
Mar 20 05:47:23 kernel02 systemd-tmpfiles[1648]: Running remove action for entry d /tmp/.Test-unix
Mar 20 05:47:23 kernel02 systemd-tmpfiles[1648]: Running create action for entry a /var/log/journal
Mar 20 05:47:23 kernel02 systemd-tmpfiles[1648]: Setting default ACL u::rwx,g::r-x,g:adm:r-x,m::r-x,o::r-x on /var/log/journal.
Mar 20 05:47:23 kernel02 systemd-tmpfiles[1648]: Running remove action for entry a /var/log/journal
Mar 20 05:47:23 kernel02 systemd-tmpfiles[1648]: Running create action for entry a /var/log/journal
Mar 20 05:47:23 kernel02 systemd-tmpfiles[1648]: Setting access ACL u::rwx,g::r-x,g:adm:r-x,m::r-x,o::r-x on /var/log/journal.
Mar 20 05:47:23 kernel02 systemd-tmpfiles[1648]: Running remove action for entry a /var/log/journal
Mar 20 05:47:23 kernel02 systemd-tmpfiles[1648]: Running create action for entry h /var/log/journal
Mar 20 05:47:23 kernel02 systemd-tmpfiles[1648]: Running remove action for entry h /var/log/journal
Mar 20 05:47:23 kernel02 systemd-tmpfiles[1648]: Running create action for entry z /var/log/journal
Mar 20 05:47:23 kernel02 systemd-tmpfiles[1648]: "/var/log/journal" has right mode 42755
Mar 20 05:47:23 kernel02 systemd-tmpfiles[1648]: Running remove action for entry z /var/log/journal
Mar 20 05:47:23 kernel02 systemd-tmpfiles[1648]: Running create action for entry a /var/log/journal/a2459ed63f0f46e1a3991996e020fdee
Mar 20 05:47:23 kernel02 systemd-tmpfiles[1648]: Setting default ACL u::rwx,g::r-x,g:adm:r-x,m::r-x,o::r-x on /var/log/journal/a2459ed63f0f46e1a3991996e020fdee.
Mar 20 05:47:23 kernel02 systemd-tmpfiles[1648]: Running remove action for entry a /var/log/journal/a2459ed63f0f46e1a3991996e020fdee
Mar 20 05:47:23 kernel02 systemd-tmpfiles[1648]: Running create action for entry a /var/log/journal/a2459ed63f0f46e1a3991996e020fdee
Mar 20 05:47:23 kernel02 systemd-tmpfiles[1648]: Setting access ACL u::rwx,g::r-x,g:adm:r-x,m::r-x,o::r-x on /var/log/journal/a2459ed63f0f46e1a3991996e020fdee.
Mar 20 05:47:23 kernel02 systemd-tmpfiles[1648]: Running remove action for entry a /var/log/journal/a2459ed63f0f46e1a3991996e020fdee
Mar 20 05:47:23 kernel02 systemd-tmpfiles[1648]: Running create action for entry h /var/log/journal/a2459ed63f0f46e1a3991996e020fdee
Mar 20 05:47:23 kernel02 systemd-tmpfiles[1648]: Running remove action for entry h /var/log/journal/a2459ed63f0f46e1a3991996e020fdee
Mar 20 05:47:23 kernel02 systemd-tmpfiles[1648]: Running create action for entry z /var/log/journal/a2459ed63f0f46e1a3991996e020fdee
Mar 20 05:47:23 kernel02 systemd-tmpfiles[1648]: "/var/log/journal/a2459ed63f0f46e1a3991996e020fdee" has right mode 42755
Mar 20 05:47:23 kernel02 systemd-tmpfiles[1648]: Running remove action for entry z /var/log/journal/a2459ed63f0f46e1a3991996e020fdee
Mar 20 05:47:23 kernel02 systemd-tmpfiles[1648]: Running create action for entry h /var/log/journal/remote
Mar 20 05:47:23 kernel02 systemd-tmpfiles[1648]: Running remove action for entry h /var/log/journal/remote
Mar 20 05:47:23 kernel02 systemd-tmpfiles[1648]: Running create action for entry r /forcefsck
Mar 20 05:47:23 kernel02 systemd-tmpfiles[1648]: Running remove action for entry r /forcefsck
Mar 20 05:47:23 kernel02 systemd-tmpfiles[1648]: Running create action for entry r /fastboot
Mar 20 05:47:23 kernel02 systemd-tmpfiles[1648]: Running remove action for entry r /fastboot
Mar 20 05:47:23 kernel02 systemd-tmpfiles[1648]: Running create action for entry r /forcequotacheck
Mar 20 05:47:23 kernel02 systemd-tmpfiles[1648]: Running remove action for entry r /forcequotacheck
Mar 20 05:47:23 kernel02 systemd-tmpfiles[1648]: Running create action for entry r /etc/gshadow.lock
Mar 20 05:47:23 kernel02 systemd-tmpfiles[1648]: Running remove action for entry r /etc/gshadow.lock
Mar 20 05:47:23 kernel02 systemd-tmpfiles[1648]: Running create action for entry r /etc/shadow.lock
Mar 20 05:47:23 kernel02 systemd-tmpfiles[1648]: Running remove action for entry r /etc/shadow.lock
Mar 20 05:47:23 kernel02 systemd-tmpfiles[1648]: Running create action for entry r /etc/passwd.lock
Mar 20 05:47:23 kernel02 systemd-tmpfiles[1648]: Running remove action for entry r /etc/passwd.lock
Mar 20 05:47:23 kernel02 systemd-tmpfiles[1648]: Running create action for entry r /etc/group.lock
Mar 20 05:47:23 kernel02 systemd-tmpfiles[1648]: Running remove action for entry r /etc/group.lock
Mar 20 05:47:23 kernel02 systemd-tmpfiles[1648]: Running create action for entry r /etc/subuid.lock
Mar 20 05:47:23 kernel02 systemd-tmpfiles[1648]: Running remove action for entry r /etc/subuid.lock
Mar 20 05:47:23 kernel02 systemd-tmpfiles[1648]: Running create action for entry r /etc/subgid.lock
Mar 20 05:47:23 kernel02 systemd-tmpfiles[1648]: Running remove action for entry r /etc/subgid.lock
Mar 20 05:47:23 kernel02 systemd-tmpfiles[1648]: Running create action for entry z /run/log/journal
Mar 20 05:47:23 kernel02 systemd-tmpfiles[1648]: Running remove action for entry z /run/log/journal
Mar 20 05:47:23 kernel02 systemd-tmpfiles[1648]: Running create action for entry Z /run/log/journal/a2459ed63f0f46e1a3991996e020fdee
Mar 20 05:47:23 kernel02 systemd-tmpfiles[1648]: Running remove action for entry Z /run/log/journal/a2459ed63f0f46e1a3991996e020fdee
Mar 20 05:47:23 kernel02 systemd-tmpfiles[1648]: Running create action for entry a /run/log/journal/a2459ed63f0f46e1a3991996e020fdee
Mar 20 05:47:23 kernel02 systemd-tmpfiles[1648]: Running remove action for entry a /run/log/journal/a2459ed63f0f46e1a3991996e020fdee
Mar 20 05:47:23 kernel02 systemd-tmpfiles[1648]: Running create action for entry a /run/log/journal/a2459ed63f0f46e1a3991996e020fdee
Mar 20 05:47:23 kernel02 systemd-tmpfiles[1648]: Running remove action for entry a /run/log/journal/a2459ed63f0f46e1a3991996e020fdee
Mar 20 05:47:23 kernel02 systemd-tmpfiles[1648]: Running create action for entry a /run/log/journal/a2459ed63f0f46e1a3991996e020fdee/*.journal*
Mar 20 05:47:23 kernel02 systemd-tmpfiles[1648]: Cannot open directory "/run/log/journal/a2459ed63f0f46e1a3991996e020fdee": No such file or directory
Mar 20 05:47:23 kernel02 systemd-tmpfiles[1648]: Running remove action for entry a /run/log/journal/a2459ed63f0f46e1a3991996e020fdee/*.journal*
Mar 20 05:47:23 kernel02 systemd-tmpfiles[1648]: Running create action for entry a /var/log/journal/a2459ed63f0f46e1a3991996e020fdee/system.journal
Mar 20 05:47:23 kernel02 systemd-tmpfiles[1648]: Setting access ACL u::rw-,g::r-x,g:adm:r--,m::r--,o::--- on /var/log/journal/a2459ed63f0f46e1a3991996e020fdee/system.journal.
Mar 20 05:47:23 kernel02 systemd-tmpfiles[1648]: Running remove action for entry a /var/log/journal/a2459ed63f0f46e1a3991996e020fdee/system.journal
Mar 20 05:47:23 kernel02 systemd-tmpfiles[1648]: Running create action for entry z /var/log/journal/a2459ed63f0f46e1a3991996e020fdee/system.journal
Mar 20 05:47:23 kernel02 systemd-tmpfiles[1648]: "/var/log/journal/a2459ed63f0f46e1a3991996e020fdee/system.journal" has right mode 100640
Mar 20 05:47:23 kernel02 systemd-tmpfiles[1648]: Running remove action for entry z /var/log/journal/a2459ed63f0f46e1a3991996e020fdee/system.journal
Mar 20 05:47:23 kernel02 systemd-tmpfiles[1648]: Running create action for entry x /tmp/systemd-private-895d5ff588b44ce681aa74f98fb6ebd7-*
Mar 20 05:47:23 kernel02 systemd-tmpfiles[1648]: Running remove action for entry x /tmp/systemd-private-895d5ff588b44ce681aa74f98fb6ebd7-*
Mar 20 05:47:23 kernel02 systemd-tmpfiles[1648]: Running create action for entry X /tmp/systemd-private-895d5ff588b44ce681aa74f98fb6ebd7-*/tmp
Mar 20 05:47:23 kernel02 systemd-tmpfiles[1648]: Running remove action for entry X /tmp/systemd-private-895d5ff588b44ce681aa74f98fb6ebd7-*/tmp
Mar 20 05:47:23 kernel02 systemd-tmpfiles[1648]: Running create action for entry x /var/tmp/systemd-private-895d5ff588b44ce681aa74f98fb6ebd7-*
Mar 20 05:47:23 kernel02 systemd-tmpfiles[1648]: Running remove action for entry x /var/tmp/systemd-private-895d5ff588b44ce681aa74f98fb6ebd7-*
Mar 20 05:47:23 kernel02 systemd-tmpfiles[1648]: Running create action for entry X /var/tmp/systemd-private-895d5ff588b44ce681aa74f98fb6ebd7-*/tmp
Mar 20 05:47:23 kernel02 systemd-tmpfiles[1648]: Running remove action for entry X /var/tmp/systemd-private-895d5ff588b44ce681aa74f98fb6ebd7-*/tmp
Mar 20 05:47:23 kernel02 systemd-tmpfiles[1648]: Running create action for entry r /tmp/.X[0-9]*-lock
Mar 20 05:47:23 kernel02 systemd-tmpfiles[1648]: Running remove action for entry r /tmp/.X[0-9]*-lock
Mar 20 05:47:23 kernel02 systemd[1]: Received SIGCHLD from PID 1648 (systemd-tmpfile).
Mar 20 05:47:23 kernel02 systemd[1]: Child 1648 (systemd-tmpfile) died (code=exited, status=0/SUCCESS)
Mar 20 05:47:23 kernel02 systemd[1]: systemd-tmpfiles-setup.service: Child 1648 belongs to systemd-tmpfiles-setup.service
Mar 20 05:47:23 kernel02 systemd[1]: systemd-tmpfiles-setup.service: Main process exited, code=exited, status=0/SUCCESS
Mar 20 05:47:23 kernel02 systemd[1]: systemd-tmpfiles-setup.service: Changed start -> exited
Mar 20 05:47:23 kernel02 systemd[1]: systemd-tmpfiles-setup.service: Job systemd-tmpfiles-setup.service/start finished, result=done
Mar 20 05:47:23 kernel02 systemd[1]: Started Create Volatile Files and Directories.
Mar 20 05:47:23 kernel02 systemd[1]: systemd-tmpfiles-setup.service: cgroup is empty
Mar 20 05:47:23 kernel02 systemd[1]: systemd-timesyncd.service: ConditionFileIsExecutable=!/usr/sbin/VBoxService succeeded.
Mar 20 05:47:23 kernel02 systemd[1]: systemd-timesyncd.service: ConditionFileIsExecutable=!/usr/sbin/chronyd succeeded.
Mar 20 05:47:23 kernel02 systemd[1]: systemd-timesyncd.service: ConditionFileIsExecutable=!/usr/sbin/openntpd succeeded.
Mar 20 05:47:23 kernel02 systemd[1]: systemd-timesyncd.service: ConditionFileIsExecutable=!/usr/sbin/ntpd succeeded.
Mar 20 05:47:23 kernel02 systemd[1]: systemd-timesyncd.service: ConditionVirtualization=!container succeeded.
Mar 20 05:47:23 kernel02 systemd[1]: systemd-timesyncd.service: ConditionCapability=CAP_SYS_TIME succeeded.
Mar 20 05:47:23 kernel02 systemd[1]: systemd-timesyncd.service: About to execute: /lib/systemd/systemd-timesyncd
Mar 20 05:47:23 kernel02 systemd[1]: systemd-timesyncd.service: Forked /lib/systemd/systemd-timesyncd as 1718
Mar 20 05:47:23 kernel02 systemd[1]: systemd-timesyncd.service: Changed dead -> start
Mar 20 05:47:23 kernel02 systemd[1]: Starting Network Time Synchronization...
Mar 20 05:47:23 kernel02 systemd[1]: rpcbind.service: About to execute: /sbin/rpcbind -f $OPTIONS
Mar 20 05:47:23 kernel02 systemd[1]: rpcbind.service: Forked /sbin/rpcbind as 1719
Mar 20 05:47:23 kernel02 systemd[1]: rpcbind.service: Changed dead -> start
Mar 20 05:47:23 kernel02 systemd[1]: Starting RPC bind portmap service...
Mar 20 05:47:23 kernel02 systemd[1]: systemd-update-utmp.service: About to execute: /lib/systemd/systemd-update-utmp reboot
Mar 20 05:47:23 kernel02 systemd[1719]: rpcbind.service: Executing: /sbin/rpcbind -f -w
Mar 20 05:47:23 kernel02 systemd[1]: systemd-update-utmp.service: Forked /lib/systemd/systemd-update-utmp as 1720
Mar 20 05:47:23 kernel02 systemd[1]: systemd-update-utmp.service: Changed dead -> start
Mar 20 05:47:23 kernel02 systemd[1]: Starting Update UTMP about System Boot/Shutdown...
Mar 20 05:47:23 kernel02 systemd[1720]: systemd-update-utmp.service: Executing: /lib/systemd/systemd-update-utmp reboot
Mar 20 05:47:23 kernel02 systemd-udevd[642]: seq 1425 queued, 'add' 'cgroup'
Mar 20 05:47:23 kernel02 systemd-udevd[642]: seq 1425 forked new worker [1721]
Mar 20 05:47:23 kernel02 systemd-udevd[642]: seq 1426 queued, 'add' 'cgroup'
Mar 20 05:47:23 kernel02 systemd[1]: Received SIGCHLD from PID 1642 (update-binfmts).
Mar 20 05:47:23 kernel02 systemd[1]: Child 1642 (update-binfmts) died (code=exited, status=0/SUCCESS)
Mar 20 05:47:23 kernel02 systemd[1]: binfmt-support.service: Child 1642 belongs to binfmt-support.service
Mar 20 05:47:23 kernel02 systemd[1]: binfmt-support.service: Main process exited, code=exited, status=0/SUCCESS
Mar 20 05:47:23 kernel02 systemd-udevd[642]: seq 1426 forked new worker [1722]
Mar 20 05:47:23 kernel02 systemd-udevd[642]: seq 1427 queued, 'add' 'cgroup'
Mar 20 05:47:23 kernel02 systemd-udevd[1721]: seq 1425 running
