Mar 20 05:47:21 kernel02 systemd-udevd[642]: passed 195 byte device to netlink monitor 0x2aa4282f7b0
Mar 20 05:47:21 kernel02 systemd-udevd[1663]: seq 1304 running
Mar 20 05:47:21 kernel02 systemd-udevd[1659]: seq 1307 running
Mar 20 05:47:21 kernel02 systemd-udevd[642]: seq 1308 queued, 'add' 'cgroup'
Mar 20 05:47:21 kernel02 systemd-udevd[642]: passed 186 byte device to netlink monitor 0x2aa4282f7b0
Mar 20 05:47:21 kernel02 systemd-udevd[1657]: passed device to netlink monitor 0x2aa42861cf0
Mar 20 05:47:21 kernel02 systemd-udevd[1657]: seq 1305 processed
Mar 20 05:47:21 kernel02 systemd-udevd[642]: seq 1309 queued, 'add' 'cgroup'
Mar 20 05:47:21 kernel02 systemd-udevd[1661]: seq 1306 running
Mar 20 05:47:21 kernel02 systemd-udevd[642]: passed 193 byte device to netlink monitor 0x2aa4282f7b0
Mar 20 05:47:21 kernel02 systemd-udevd[1653]: seq 1279 running
Mar 20 05:47:21 kernel02 systemd-udevd[1662]: seq 1309 running
Mar 20 05:47:21 kernel02 systemd-udevd[642]: seq 1310 queued, 'add' 'cgroup'
Mar 20 05:47:21 kernel02 systemd-udevd[642]: passed 183 byte device to netlink monitor 0x2aa4282f7b0
Mar 20 05:47:21 kernel02 systemd-udevd[1659]: passed device to netlink monitor 0x2aa42833e60
Mar 20 05:47:21 kernel02 systemd-udevd[1659]: seq 1307 processed
Mar 20 05:47:21 kernel02 systemd-udevd[1657]: seq 1310 running
Mar 20 05:47:21 kernel02 systemd-udevd[642]: seq 1311 queued, 'add' 'cgroup'
Mar 20 05:47:21 kernel02 systemd-udevd[642]: passed 191 byte device to netlink monitor 0x2aa4282f7b0
Mar 20 05:47:21 kernel02 systemd-udevd[1656]: seq 1311 running
Mar 20 05:47:21 kernel02 systemd-udevd[1663]: passed device to netlink monitor 0x2aa428481e0
Mar 20 05:47:21 kernel02 systemd-udevd[642]: seq 1312 queued, 'add' 'cgroup'
Mar 20 05:47:21 kernel02 systemd-udevd[1663]: seq 1304 processed
Mar 20 05:47:21 kernel02 systemd-udevd[642]: passed 205 byte device to netlink monitor 0x2aa4282f7b0
Mar 20 05:47:21 kernel02 systemd-udevd[1659]: seq 1312 running
Mar 20 05:47:21 kernel02 systemd-udevd[642]: seq 1313 queued, 'add' 'cgroup'
Mar 20 05:47:21 kernel02 systemd-udevd[642]: passed 194 byte device to netlink monitor 0x2aa4282f7b0
Mar 20 05:47:21 kernel02 systemd-udevd[1662]: passed device to netlink monitor 0x2aa42846ce0
Mar 20 05:47:21 kernel02 systemd-udevd[1658]: seq 1313 running
Mar 20 05:47:21 kernel02 systemd-udevd[1653]: passed device to netlink monitor 0x2aa428386c0
Mar 20 05:47:21 kernel02 systemd-udevd[1662]: seq 1309 processed
Mar 20 05:47:21 kernel02 systemd-udevd[642]: seq 1314 queued, 'add' 'cgroup'
Mar 20 05:47:21 kernel02 systemd-udevd[1653]: seq 1279 processed
Mar 20 05:47:21 kernel02 systemd-udevd[642]: passed 195 byte device to netlink monitor 0x2aa4282f7b0
Mar 20 05:47:21 kernel02 systemd-udevd[1656]: passed device to netlink monitor 0x2aa42860a20
Mar 20 05:47:21 kernel02 systemd-udevd[1656]: seq 1311 processed
Mar 20 05:47:21 kernel02 systemd-udevd[1660]: seq 1314 running
Mar 20 05:47:21 kernel02 systemd-udevd[642]: seq 1315 queued, 'add' 'cgroup'
Mar 20 05:47:21 kernel02 systemd-udevd[642]: passed 192 byte device to netlink monitor 0x2aa4282f7b0
Mar 20 05:47:21 kernel02 systemd-udevd[1662]: seq 1315 running
Mar 20 05:47:21 kernel02 systemd-udevd[642]: seq 1316 queued, 'add' 'cgroup'
Mar 20 05:47:21 kernel02 systemd-udevd[642]: passed 186 byte device to netlink monitor 0x2aa4282f7b0
Mar 20 05:47:21 kernel02 systemd-udevd[1658]: passed device to netlink monitor 0x2aa42832b90
Mar 20 05:47:21 kernel02 systemd-udevd[1658]: seq 1313 processed
Mar 20 05:47:21 kernel02 systemd-udevd[1656]: seq 1316 running
Mar 20 05:47:21 kernel02 systemd-udevd[642]: seq 1317 queued, 'add' 'cgroup'
Mar 20 05:47:21 kernel02 systemd-udevd[642]: passed 202 byte device to netlink monitor 0x2aa4282f7b0
Mar 20 05:47:21 kernel02 systemd-udevd[642]: seq 1318 queued, 'add' 'cgroup'
Mar 20 05:47:21 kernel02 systemd-udevd[1654]: seq 1280 running
Mar 20 05:47:21 kernel02 systemd-udevd[642]: passed 189 byte device to netlink monitor 0x2aa4282f7b0
Mar 20 05:47:21 kernel02 systemd-udevd[1658]: seq 1318 running
Mar 20 05:47:21 kernel02 systemd-udevd[642]: seq 1319 queued, 'add' 'cgroup'
Mar 20 05:47:21 kernel02 systemd-udevd[642]: passed 183 byte device to netlink monitor 0x2aa4282f7b0
Mar 20 05:47:21 kernel02 systemd-udevd[1660]: passed device to netlink monitor 0x2aa42835430
Mar 20 05:47:21 kernel02 systemd-udevd[1660]: seq 1314 processed
Mar 20 05:47:21 kernel02 systemd-udevd[642]: seq 1320 queued, 'add' 'cgroup'
Mar 20 05:47:21 kernel02 systemd-udevd[1656]: passed device to netlink monitor 0x2aa42860a20
Mar 20 05:47:21 kernel02 systemd-udevd[1663]: seq 1317 running
Mar 20 05:47:21 kernel02 systemd-udevd[1656]: seq 1316 processed
Mar 20 05:47:21 kernel02 systemd-udevd[1657]: passed device to netlink monitor 0x2aa42861cf0
Mar 20 05:47:21 kernel02 systemd-udevd[1662]: passed device to netlink monitor 0x2aa42846ce0
Mar 20 05:47:21 kernel02 systemd-udevd[1657]: seq 1310 processed
Mar 20 05:47:21 kernel02 systemd-udevd[1662]: seq 1315 processed
Mar 20 05:47:21 kernel02 systemd-udevd[1658]: passed device to netlink monitor 0x2aa42832b90
Mar 20 05:47:21 kernel02 systemd-udevd[1658]: seq 1318 processed
Mar 20 05:47:21 kernel02 systemd-udevd[1654]: passed device to netlink monitor 0x2aa4285e3f0
Mar 20 05:47:21 kernel02 systemd-udevd[1654]: seq 1280 processed
Mar 20 05:47:21 kernel02 systemd-udevd[1661]: passed device to netlink monitor 0x2aa42836a40
Mar 20 05:47:21 kernel02 systemd-udevd[1661]: seq 1306 processed
Mar 20 05:47:21 kernel02 systemd-udevd[1659]: passed device to netlink monitor 0x2aa42833e60
Mar 20 05:47:21 kernel02 systemd-udevd[1659]: seq 1312 processed
Mar 20 05:47:21 kernel02 systemd-udevd[1663]: passed device to netlink monitor 0x2aa428481e0
Mar 20 05:47:21 kernel02 systemd-udevd[1663]: seq 1317 processed
Mar 20 05:47:21 kernel02 systemd-udevd[642]: seq 1320 forked new worker [1664]
Mar 20 05:47:21 kernel02 systemd-udevd[1655]: seq 1281 running
Mar 20 05:47:21 kernel02 systemd-udevd[642]: seq 1321 queued, 'add' 'cgroup'
Mar 20 05:47:21 kernel02 systemd-udevd[642]: passed 197 byte device to netlink monitor 0x2aa4282f7b0
Mar 20 05:47:21 kernel02 systemd-udevd[1661]: seq 1321 running
Mar 20 05:47:21 kernel02 systemd-udevd[642]: seq 1322 queued, 'add' 'cgroup'
Mar 20 05:47:21 kernel02 systemd-udevd[642]: passed 186 byte device to netlink monitor 0x2aa4282f7b0
Mar 20 05:47:21 kernel02 systemd-udevd[1664]: seq 1320 running
Mar 20 05:47:21 kernel02 systemd-udevd[1657]: seq 1322 running
Mar 20 05:47:21 kernel02 systemd-udevd[642]: seq 1323 queued, 'add' 'cgroup'
Mar 20 05:47:21 kernel02 systemd-udevd[642]: passed 187 byte device to netlink monitor 0x2aa4282f7b0
Mar 20 05:47:21 kernel02 systemd-udevd[1659]: seq 1323 running
Mar 20 05:47:21 kernel02 systemd-udevd[642]: seq 1324 queued, 'add' 'cgroup'
Mar 20 05:47:21 kernel02 systemd-udevd[642]: passed 184 byte device to netlink monitor 0x2aa4282f7b0
Mar 20 05:47:21 kernel02 systemd-udevd[1662]: seq 1324 running
Mar 20 05:47:21 kernel02 systemd-udevd[1655]: passed device to netlink monitor 0x2aa4285f6c0
Mar 20 05:47:21 kernel02 systemd-udevd[642]: seq 1325 queued, 'add' 'cgroup'
Mar 20 05:47:21 kernel02 systemd-udevd[1655]: seq 1281 processed
Mar 20 05:47:21 kernel02 systemd-udevd[642]: passed 197 byte device to netlink monitor 0x2aa4282f7b0
Mar 20 05:47:21 kernel02 systemd-udevd[1656]: seq 1325 running
Mar 20 05:47:21 kernel02 systemd-udevd[642]: seq 1326 queued, 'add' 'cgroup'
Mar 20 05:47:21 kernel02 systemd-udevd[642]: passed 177 byte device to netlink monitor 0x2aa4282f7b0
Mar 20 05:47:21 kernel02 systemd-udevd[642]: seq 1327 queued, 'add' 'cgroup'
Mar 20 05:47:21 kernel02 systemd-udevd[642]: passed 181 byte device to netlink monitor 0x2aa4282f7b0
Mar 20 05:47:21 kernel02 systemd-udevd[1658]: seq 1327 running
Mar 20 05:47:21 kernel02 systemd-udevd[642]: seq 1328 queued, 'add' 'cgroup'
Mar 20 05:47:21 kernel02 systemd-udevd[1664]: passed device to netlink monitor 0x2aa4284a0f0
Mar 20 05:47:21 kernel02 systemd-udevd[1655]: seq 1326 running
Mar 20 05:47:21 kernel02 systemd-udevd[1662]: passed device to netlink monitor 0x2aa42846ce0
Mar 20 05:47:21 kernel02 systemd-udevd[1656]: passed device to netlink monitor 0x2aa42860a20
Mar 20 05:47:21 kernel02 systemd-udevd[1657]: passed device to netlink monitor 0x2aa42861cf0
Mar 20 05:47:21 kernel02 systemd-udevd[1658]: passed device to netlink monitor 0x2aa42832b90
Mar 20 05:47:21 kernel02 systemd-udevd[1659]: passed device to netlink monitor 0x2aa42833e60
Mar 20 05:47:21 kernel02 systemd-udevd[1664]: seq 1320 processed
Mar 20 05:47:21 kernel02 systemd-udevd[642]: passed 191 byte device to netlink monitor 0x2aa4282f7b0
Mar 20 05:47:21 kernel02 systemd-udevd[1650]: seq 1298 running
Mar 20 05:47:21 kernel02 systemd-udevd[1650]: passed device to netlink monitor 0x2aa4282fdd0
Mar 20 05:47:21 kernel02 systemd-udevd[1652]: seq 1308 running
Mar 20 05:47:21 kernel02 systemd-udevd[1653]: seq 1319 running
Mar 20 05:47:21 kernel02 systemd-udevd[1651]: passed device to netlink monitor 0x2aa4282d770
Mar 20 05:47:21 kernel02 systemd-udevd[1655]: passed device to netlink monitor 0x2aa4285f6c0
Mar 20 05:47:21 kernel02 systemd-udevd[1662]: seq 1324 processed
Mar 20 05:47:21 kernel02 systemd-udevd[1656]: seq 1325 processed
Mar 20 05:47:21 kernel02 systemd-udevd[1657]: seq 1322 processed
Mar 20 05:47:21 kernel02 systemd-udevd[1658]: seq 1327 processed
Mar 20 05:47:21 kernel02 systemd-udevd[1659]: seq 1323 processed
Mar 20 05:47:21 kernel02 systemd-udevd[642]: seq 1329 queued, 'add' 'cgroup'
Mar 20 05:47:21 kernel02 systemd-udevd[1650]: seq 1298 processed
Mar 20 05:47:21 kernel02 systemd-udevd[1661]: passed device to netlink monitor 0x2aa42836a40
Mar 20 05:47:21 kernel02 systemd-udevd[1652]: passed device to netlink monitor 0x2aa4283b4b0
Mar 20 05:47:21 kernel02 systemd-udevd[1653]: passed device to netlink monitor 0x2aa428386c0
Mar 20 05:47:21 kernel02 systemd-udevd[1651]: seq 1277 processed
Mar 20 05:47:21 kernel02 systemd-udevd[1655]: seq 1326 processed
Mar 20 05:47:21 kernel02 systemd-udevd[642]: passed 180 byte device to netlink monitor 0x2aa4282f7b0
Mar 20 05:47:21 kernel02 systemd-udevd[1664]: seq 1329 running
Mar 20 05:47:21 kernel02 systemd-udevd[1661]: seq 1321 processed
Mar 20 05:47:21 kernel02 systemd-udevd[1652]: seq 1308 processed
Mar 20 05:47:21 kernel02 systemd-udevd[1653]: seq 1319 processed
Mar 20 05:47:21 kernel02 systemd-udevd[642]: seq 1330 queued, 'add' 'cgroup'
Mar 20 05:47:21 kernel02 systemd-udevd[642]: passed 181 byte device to netlink monitor 0x2aa4282f7b0
Mar 20 05:47:21 kernel02 systemd-udevd[1664]: passed device to netlink monitor 0x2aa4284a0f0
Mar 20 05:47:21 kernel02 systemd-udevd[1650]: seq 1330 running
Mar 20 05:47:21 kernel02 systemd-udevd[642]: seq 1331 queued, 'add' 'cgroup'
Mar 20 05:47:21 kernel02 systemd-udevd[1664]: seq 1329 processed
Mar 20 05:47:21 kernel02 systemd-udevd[1650]: passed device to netlink monitor 0x2aa4282fdd0
Mar 20 05:47:21 kernel02 systemd-udevd[642]: passed 181 byte device to netlink monitor 0x2aa4282f7b0
Mar 20 05:47:21 kernel02 systemd-udevd[1661]: seq 1331 running
Mar 20 05:47:21 kernel02 systemd-udevd[1661]: passed device to netlink monitor 0x2aa42836a40
Mar 20 05:47:21 kernel02 systemd-udevd[642]: seq 1332 queued, 'add' 'cgroup'
Mar 20 05:47:21 kernel02 systemd-udevd[1661]: seq 1331 processed
Mar 20 05:47:21 kernel02 systemd-udevd[1650]: seq 1330 processed
Mar 20 05:47:21 kernel02 systemd-udevd[642]: passed 184 byte device to netlink monitor 0x2aa4282f7b0
Mar 20 05:47:21 kernel02 systemd-udevd[642]: seq 1333 queued, 'add' 'cgroup'
Mar 20 05:47:21 kernel02 systemd-udevd[1657]: seq 1332 running
Mar 20 05:47:21 kernel02 systemd-udevd[1657]: passed device to netlink monitor 0x2aa42861cf0
Mar 20 05:47:21 kernel02 systemd-udevd[1661]: seq 1333 running
Mar 20 05:47:21 kernel02 systemd-udevd[642]: passed 178 byte device to netlink monitor 0x2aa4282f7b0
Mar 20 05:47:21 kernel02 systemd-udevd[1657]: seq 1332 processed
Mar 20 05:47:21 kernel02 systemd-udevd[1661]: passed device to netlink monitor 0x2aa42836a40
Mar 20 05:47:21 kernel02 systemd-udevd[642]: seq 1334 queued, 'add' 'cgroup'
Mar 20 05:47:21 kernel02 systemd-udevd[1661]: seq 1333 processed
Mar 20 05:47:21 kernel02 systemd-udevd[642]: passed 189 byte device to netlink monitor 0x2aa4282f7b0
Mar 20 05:47:21 kernel02 systemd-udevd[1650]: seq 1334 running
Mar 20 05:47:21 kernel02 systemd-udevd[642]: seq 1335 queued, 'add' 'cgroup'
Mar 20 05:47:21 kernel02 systemd-udevd[1650]: passed device to netlink monitor 0x2aa4282fdd0
Mar 20 05:47:21 kernel02 systemd-udevd[642]: passed 195 byte device to netlink monitor 0x2aa4282f7b0
Mar 20 05:47:21 kernel02 systemd-udevd[1661]: seq 1335 running
Mar 20 05:47:21 kernel02 systemd-udevd[1650]: seq 1334 processed
Mar 20 05:47:21 kernel02 systemd-udevd[642]: seq 1336 queued, 'add' 'cgroup'
Mar 20 05:47:21 kernel02 systemd-udevd[1661]: passed device to netlink monitor 0x2aa42836a40
Mar 20 05:47:21 kernel02 systemd-udevd[642]: passed 198 byte device to netlink monitor 0x2aa4282f7b0
Mar 20 05:47:21 kernel02 systemd-udevd[1663]: seq 1328 running
Mar 20 05:47:21 kernel02 systemd-udevd[1663]: passed device to netlink monitor 0x2aa428481e0
Mar 20 05:47:21 kernel02 systemd-udevd[642]: seq 1337 queued, 'add' 'cgroup'
Mar 20 05:47:21 kernel02 systemd-udevd[642]: passed 198 byte device to netlink monitor 0x2aa4282f7b0
Mar 20 05:47:21 kernel02 systemd-udevd[642]: seq 1338 queued, 'add' 'cgroup'
Mar 20 05:47:21 kernel02 systemd-udevd[642]: passed 189 byte device to netlink monitor 0x2aa4282f7b0
Mar 20 05:47:21 kernel02 systemd-udevd[1650]: seq 1337 running
Mar 20 05:47:21 kernel02 systemd-udevd[1650]: passed device to netlink monitor 0x2aa4282fdd0
Mar 20 05:47:21 kernel02 systemd-udevd[642]: seq 1339 queued, 'add' 'cgroup'
Mar 20 05:47:21 kernel02 systemd-udevd[1650]: seq 1337 processed
Mar 20 05:47:21 kernel02 systemd-udevd[1651]: seq 1338 running
Mar 20 05:47:21 kernel02 systemd-udevd[642]: passed 205 byte device to netlink monitor 0x2aa4282f7b0
Mar 20 05:47:21 kernel02 systemd-udevd[1655]: seq 1339 running
Mar 20 05:47:21 kernel02 systemd-udevd[1657]: seq 1336 running
Mar 20 05:47:21 kernel02 systemd-udevd[1657]: passed device to netlink monitor 0x2aa42861cf0
Mar 20 05:47:21 kernel02 systemd-udevd[1651]: passed device to netlink monitor 0x2aa4282d770
Mar 20 05:47:21 kernel02 systemd-udevd[642]: seq 1340 queued, 'add' 'cgroup'
Mar 20 05:47:21 kernel02 systemd-udevd[1655]: passed device to netlink monitor 0x2aa4285f6c0
Mar 20 05:47:21 kernel02 systemd-udevd[1657]: seq 1336 processed
Mar 20 05:47:21 kernel02 systemd-udevd[1661]: seq 1335 processed
Mar 20 05:47:21 kernel02 systemd-udevd[1651]: seq 1338 processed
Mar 20 05:47:21 kernel02 systemd-udevd[642]: passed 205 byte device to netlink monitor 0x2aa4282f7b0
Mar 20 05:47:21 kernel02 systemd-udevd[1650]: seq 1340 running
Mar 20 05:47:21 kernel02 systemd-udevd[1655]: seq 1339 processed
Mar 20 05:47:21 kernel02 systemd-udevd[642]: seq 1341 queued, 'add' 'cgroup'
Mar 20 05:47:21 kernel02 systemd-udevd[1650]: passed device to netlink monitor 0x2aa4282fdd0
Mar 20 05:47:21 kernel02 systemd-udevd[642]: passed 187 byte device to netlink monitor 0x2aa4282f7b0
Mar 20 05:47:21 kernel02 systemd-udevd[1661]: seq 1341 running
Mar 20 05:47:21 kernel02 systemd-udevd[1650]: seq 1340 processed
Mar 20 05:47:21 kernel02 systemd-udevd[642]: seq 1342 queued, 'add' 'cgroup'
Mar 20 05:47:21 kernel02 systemd-udevd[1661]: passed device to netlink monitor 0x2aa42836a40
Mar 20 05:47:21 kernel02 systemd-udevd[642]: passed 190 byte device to netlink monitor 0x2aa4282f7b0
Mar 20 05:47:21 kernel02 systemd-udevd[1657]: seq 1342 running
Mar 20 05:47:21 kernel02 systemd-udevd[1661]: seq 1341 processed
Mar 20 05:47:21 kernel02 systemd-udevd[642]: seq 1343 queued, 'add' 'cgroup'
Mar 20 05:47:21 kernel02 systemd-udevd[1657]: passed device to netlink monitor 0x2aa42861cf0
Mar 20 05:47:21 kernel02 systemd-udevd[642]: passed 195 byte device to netlink monitor 0x2aa4282f7b0
Mar 20 05:47:21 kernel02 systemd-udevd[1650]: seq 1343 running
Mar 20 05:47:21 kernel02 systemd-udevd[1657]: seq 1342 processed
Mar 20 05:47:21 kernel02 systemd-udevd[642]: seq 1344 queued, 'add' 'cgroup'
Mar 20 05:47:21 kernel02 systemd-udevd[1650]: passed device to netlink monitor 0x2aa4282fdd0
Mar 20 05:47:21 kernel02 systemd-udevd[642]: passed 183 byte device to netlink monitor 0x2aa4282f7b0
Mar 20 05:47:21 kernel02 systemd-udevd[1661]: seq 1344 running
Mar 20 05:47:21 kernel02 systemd-udevd[1650]: seq 1343 processed
Mar 20 05:47:21 kernel02 systemd-udevd[642]: seq 1345 queued, 'add' 'cgroup'
Mar 20 05:47:21 kernel02 systemd-udevd[642]: passed 186 byte device to netlink monitor 0x2aa4282f7b0
Mar 20 05:47:21 kernel02 systemd-udevd[1657]: seq 1345 running
Mar 20 05:47:21 kernel02 systemd-udevd[1657]: passed device to netlink monitor 0x2aa42861cf0
Mar 20 05:47:21 kernel02 systemd-udevd[1657]: seq 1345 processed
Mar 20 05:47:21 kernel02 systemd-udevd[1661]: passed device to netlink monitor 0x2aa42836a40
Mar 20 05:47:21 kernel02 systemd-udevd[1661]: seq 1344 processed
Mar 20 05:47:21 kernel02 systemd-udevd[1663]: seq 1328 processed
Mar 20 05:47:21 kernel02 systemd[1]: Received SIGCHLD from PID 1646 (plymouth).
Mar 20 05:47:21 kernel02 systemd-udevd[642]: cleanup idle workers
Mar 20 05:47:21 kernel02 systemd[1]: Child 1646 (plymouth) died (code=exited, status=1/FAILURE)
Mar 20 05:47:21 kernel02 systemd[1]: plymouth-read-write.service: Child 1646 belongs to plymouth-read-write.service
Mar 20 05:47:21 kernel02 systemd-udevd[1657]: Unload module index
Mar 20 05:47:21 kernel02 systemd-udevd[1656]: Unload module index
Mar 20 05:47:21 kernel02 systemd[1]: plymouth-read-write.service: Main process exited, code=exited, status=1/FAILURE
Mar 20 05:47:21 kernel02 systemd-udevd[1655]: Unload module index
Mar 20 05:47:21 kernel02 systemd-udevd[1662]: Unload module index
Mar 20 05:47:21 kernel02 systemd-udevd[1658]: Unload module index
Mar 20 05:47:21 kernel02 systemd-udevd[1656]: Unloaded link configuration context.
Mar 20 05:47:21 kernel02 systemd-udevd[1658]: Unloaded link configuration context.
Mar 20 05:47:21 kernel02 systemd-udevd[1662]: Unloaded link configuration context.
Mar 20 05:47:21 kernel02 systemd-udevd[1655]: Unloaded link configuration context.
Mar 20 05:47:21 kernel02 systemd[1]: plymouth-read-write.service: Changed start -> dead
Mar 20 05:47:21 kernel02 systemd-udevd[1659]: Unload module index
Mar 20 05:47:21 kernel02 systemd-udevd[642]: worker [1656] exited
Mar 20 05:47:21 kernel02 systemd-udevd[1664]: Unload module index
Mar 20 05:47:21 kernel02 systemd-udevd[1654]: Unload module index
Mar 20 05:47:21 kernel02 systemd-udevd[642]: worker [1655] exited
Mar 20 05:47:21 kernel02 systemd-udevd[1657]: Unloaded link configuration context.
Mar 20 05:47:21 kernel02 systemd-udevd[642]: worker [1658] exited
Mar 20 05:47:21 kernel02 systemd-udevd[642]: worker [1662] exited
Mar 20 05:47:21 kernel02 systemd-udevd[642]: cleanup idle workers
Mar 20 05:47:21 kernel02 systemd-udevd[642]: cleanup idle workers
Mar 20 05:47:21 kernel02 systemd-udevd[1654]: Unloaded link configuration context.
Mar 20 05:47:21 kernel02 systemd-udevd[1659]: Unloaded link configuration context.
Mar 20 05:47:21 kernel02 systemd-udevd[1664]: Unloaded link configuration context.
Mar 20 05:47:21 kernel02 systemd-udevd[1661]: Unload module index
Mar 20 05:47:21 kernel02 systemd-udevd[642]: worker [1657] exited
Mar 20 05:47:21 kernel02 systemd-udevd[642]: cleanup idle workers
Mar 20 05:47:21 kernel02 systemd-udevd[1661]: Unloaded link configuration context.
Mar 20 05:47:21 kernel02 systemd-udevd[1652]: Unload module index
Mar 20 05:47:21 kernel02 systemd-udevd[642]: worker [1659] exited
Mar 20 05:47:21 kernel02 systemd-udevd[642]: worker [1654] exited
Mar 20 05:47:21 kernel02 systemd-udevd[642]: worker [1664] exited
Mar 20 05:47:21 kernel02 systemd-udevd[642]: cleanup idle workers
Mar 20 05:47:21 kernel02 systemd-udevd[642]: cleanup idle workers
Mar 20 05:47:21 kernel02 systemd-udevd[1652]: Unloaded link configuration context.
Mar 20 05:47:21 kernel02 systemd[1]: plymouth-read-write.service: Job plymouth-read-write.service/start finished, result=done
Mar 20 05:47:21 kernel02 systemd-udevd[642]: worker [1661] exited
Mar 20 05:47:21 kernel02 systemd-udevd[1653]: Unload module index
Mar 20 05:47:21 kernel02 systemd-udevd[1653]: Unloaded link configuration context.
Mar 20 05:47:21 kernel02 systemd-udevd[1651]: Unload module index
Mar 20 05:47:21 kernel02 systemd-udevd[1650]: Unload module index
Mar 20 05:47:21 kernel02 systemd-udevd[1650]: Unloaded link configuration context.
Mar 20 05:47:21 kernel02 systemd-udevd[642]: worker [1652] exited
Mar 20 05:47:21 kernel02 systemd-udevd[642]: worker [1650] exited
Mar 20 05:47:21 kernel02 systemd-udevd[1651]: Unloaded link configuration context.
Mar 20 05:47:21 kernel02 systemd-udevd[642]: worker [1653] exited
Mar 20 05:47:21 kernel02 systemd-udevd[642]: worker [1651] exited
Mar 20 05:47:21 kernel02 systemd-udevd[642]: cleanup idle workers
Mar 20 05:47:21 kernel02 systemd-udevd[642]: cleanup idle workers
Mar 20 05:47:21 kernel02 systemd-udevd[1660]: Unload module index
Mar 20 05:47:21 kernel02 systemd-udevd[1660]: Unloaded link configuration context.
Mar 20 05:47:21 kernel02 systemd-udevd[1663]: Unload module index
Mar 20 05:47:21 kernel02 systemd-udevd[642]: worker [1660] exited
Mar 20 05:47:21 kernel02 systemd-udevd[642]: cleanup idle workers
Mar 20 05:47:21 kernel02 systemd-udevd[1663]: Unloaded link configuration context.
Mar 20 05:47:21 kernel02 systemd[1]: Started Tell Plymouth To Write Out Runtime Data.
Mar 20 05:47:21 kernel02 systemd-udevd[642]: worker [1663] exited
Mar 20 05:47:21 kernel02 systemd[1]: plymouth-read-write.service: cgroup is empty
Mar 20 05:47:21 kernel02 systemd[1]: Got cgroup empty notification for: /system.slice/plymouth-read-write.service
Mar 20 05:47:21 kernel02 systemd-udevd[642]: seq 1346 queued, 'add' 'cgroup'
Mar 20 05:47:21 kernel02 systemd-udevd[642]: seq 1346 forked new worker [1666]
Mar 20 05:47:21 kernel02 systemd-udevd[642]: seq 1347 queued, 'add' 'cgroup'
Mar 20 05:47:21 kernel02 systemd-udevd[1666]: seq 1346 running
Mar 20 05:47:21 kernel02 systemd-udevd[642]: seq 1347 forked new worker [1667]
Mar 20 05:47:21 kernel02 systemd-udevd[1666]: passed device to netlink monitor 0x2aa4282fdd0
Mar 20 05:47:21 kernel02 systemd-udevd[1666]: seq 1346 processed
Mar 20 05:47:21 kernel02 systemd-udevd[1667]: seq 1347 running
Mar 20 05:47:21 kernel02 systemd-udevd[1667]: passed device to netlink monitor 0x2aa4282d730
Mar 20 05:47:21 kernel02 systemd-udevd[1667]: seq 1347 processed
Mar 20 05:47:21 kernel02 systemd-udevd[642]: cleanup idle workers
Mar 20 05:47:21 kernel02 systemd-udevd[1666]: Unload module index
Mar 20 05:47:21 kernel02 systemd-udevd[1667]: Unload module index
Mar 20 05:47:21 kernel02 systemd-udevd[1666]: Unloaded link configuration context.
Mar 20 05:47:21 kernel02 systemd-udevd[1667]: Unloaded link configuration context.
Mar 20 05:47:21 kernel02 systemd-udevd[642]: worker [1666] exited
Mar 20 05:47:21 kernel02 systemd-udevd[642]: worker [1667] exited
Mar 20 05:47:21 kernel02 systemd-udevd[642]: seq 1348 queued, 'add' 'cgroup'
Mar 20 05:47:21 kernel02 systemd-udevd[642]: seq 1348 forked new worker [1668]
Mar 20 05:47:21 kernel02 systemd-udevd[642]: seq 1349 queued, 'add' 'cgroup'
Mar 20 05:47:21 kernel02 systemd-udevd[1668]: seq 1348 running
Mar 20 05:47:21 kernel02 systemd-udevd[642]: seq 1349 forked new worker [1669]
Mar 20 05:47:21 kernel02 systemd-udevd[642]: seq 1350 queued, 'add' 'cgroup'
Mar 20 05:47:21 kernel02 systemd-udevd[1668]: passed device to netlink monitor 0x2aa4282fd50
Mar 20 05:47:21 kernel02 systemd-udevd[1668]: seq 1348 processed
Mar 20 05:47:21 kernel02 systemd-udevd[1669]: seq 1349 running
Mar 20 05:47:21 kernel02 systemd-udevd[642]: seq 1350 forked new worker [1670]
Mar 20 05:47:21 kernel02 systemd-udevd[642]: seq 1351 queued, 'add' 'cgroup'
Mar 20 05:47:21 kernel02 systemd-udevd[1669]: passed device to netlink monitor 0x2aa4282d710
Mar 20 05:47:21 kernel02 systemd-udevd[642]: passed 180 byte device to netlink monitor 0x2aa4282f7b0
Mar 20 05:47:21 kernel02 systemd-udevd[1669]: seq 1349 processed
Mar 20 05:47:21 kernel02 systemd-udevd[1668]: seq 1351 running
Mar 20 05:47:21 kernel02 systemd-udevd[642]: seq 1352 queued, 'add' 'cgroup'
Mar 20 05:47:21 kernel02 systemd-udevd[642]: passed 191 byte device to netlink monitor 0x2aa4282f7b0
Mar 20 05:47:21 kernel02 systemd-udevd[1669]: seq 1352 running
Mar 20 05:47:21 kernel02 systemd-udevd[1668]: passed device to netlink monitor 0x2aa4282fd50
Mar 20 05:47:21 kernel02 systemd-udevd[1668]: seq 1351 processed
Mar 20 05:47:21 kernel02 systemd-udevd[1669]: passed device to netlink monitor 0x2aa4282d710
Mar 20 05:47:21 kernel02 systemd-udevd[1669]: seq 1352 processed
Mar 20 05:47:21 kernel02 systemd-udevd[1670]: seq 1350 running
Mar 20 05:47:21 kernel02 systemd-udevd[1670]: passed device to netlink monitor 0x2aa4283b390
Mar 20 05:47:22 kernel02 systemd-udevd[1670]: seq 1350 processed
Mar 20 05:47:22 kernel02 systemd-udevd[642]: seq 1353 queued, 'add' 'cgroup'
Mar 20 05:47:22 kernel02 systemd-tmpfiles[1648]: "/var/lib/dbus/machine-id" is not a symlink or does not point to the correct path.
Mar 20 05:47:22 kernel02 systemd-tmpfiles[1648]: Running remove action for entry L /var/lib/dbus/machine-id
Mar 20 05:47:22 kernel02 systemd-udevd[642]: passed 185 byte device to netlink monitor 0x2aa4282f7b0
Mar 20 05:47:22 kernel02 systemd-tmpfiles[1648]: Running create action for entry L /run/initctl
Mar 20 05:47:22 kernel02 systemd-tmpfiles[1648]: Created symlink "/run/initctl".
Mar 20 05:47:22 kernel02 systemd-udevd[642]: seq 1354 queued, 'add' 'cgroup'
Mar 20 05:47:22 kernel02 systemd-tmpfiles[1648]: Running remove action for entry L /run/initctl
Mar 20 05:47:22 kernel02 systemd-udevd[642]: passed 186 byte device to netlink monitor 0x2aa4282f7b0
Mar 20 05:47:22 kernel02 systemd-udevd[1670]: seq 1354 running
Mar 20 05:47:22 kernel02 systemd-tmpfiles[1648]: Running create action for entry L /run/shm
Mar 20 05:47:22 kernel02 systemd-udevd[642]: seq 1355 queued, 'add' 'cgroup'
Mar 20 05:47:22 kernel02 systemd-udevd[1670]: passed device to netlink monitor 0x2aa4283b390
Mar 20 05:47:22 kernel02 systemd-tmpfiles[1648]: Created symlink "/run/shm".
Mar 20 05:47:22 kernel02 systemd-udevd[642]: passed 190 byte device to netlink monitor 0x2aa4282f7b0
Mar 20 05:47:22 kernel02 systemd-udevd[1668]: seq 1355 running
Mar 20 05:47:22 kernel02 systemd-udevd[1670]: seq 1354 processed
Mar 20 05:47:22 kernel02 systemd-tmpfiles[1648]: Running remove action for entry L /run/shm
Mar 20 05:47:22 kernel02 systemd-udevd[642]: seq 1356 queued, 'add' 'cgroup'
Mar 20 05:47:22 kernel02 systemd-udevd[1668]: passed device to netlink monitor 0x2aa4282fd50
Mar 20 05:47:22 kernel02 systemd-tmpfiles[1648]: Running create action for entry d /run/sendsigs.omit.d
Mar 20 05:47:22 kernel02 systemd-udevd[642]: seq 1356 forked new worker [1679]
Mar 20 05:47:22 kernel02 systemd-udevd[642]: seq 1357 queued, 'add' 'cgroup'
Mar 20 05:47:22 kernel02 systemd-udevd[642]: passed 178 byte device to netlink monitor 0x2aa4282f7b0
Mar 20 05:47:22 kernel02 systemd-udevd[1668]: seq 1355 processed
Mar 20 05:47:22 kernel02 systemd-udevd[1679]: seq 1356 running
Mar 20 05:47:22 kernel02 systemd-tmpfiles[1648]: Created directory "/run/sendsigs.omit.d".
Mar 20 05:47:22 kernel02 systemd-udevd[1670]: seq 1357 running
Mar 20 05:47:22 kernel02 systemd-udevd[642]: seq 1358 queued, 'add' 'cgroup'
Mar 20 05:47:22 kernel02 systemd-tmpfiles[1648]: "/run/sendsigs.omit.d" has right mode 40755
Mar 20 05:47:22 kernel02 systemd-udevd[1679]: passed device to netlink monitor 0x2aa42838960
Mar 20 05:47:22 kernel02 systemd-udevd[1670]: passed device to netlink monitor 0x2aa4283b390
Mar 20 05:47:22 kernel02 systemd-tmpfiles[1648]: Running remove action for entry d /run/sendsigs.omit.d
Mar 20 05:47:22 kernel02 systemd-udevd[642]: seq 1358 forked new worker [1680]
Mar 20 05:47:22 kernel02 systemd-udevd[1679]: seq 1356 processed
Mar 20 05:47:22 kernel02 systemd-udevd[1680]: seq 1358 running
Mar 20 05:47:22 kernel02 systemd-udevd[1670]: seq 1357 processed
Mar 20 05:47:22 kernel02 systemd-tmpfiles[1648]: Running create action for entry L /etc/mtab
Mar 20 05:47:22 kernel02 systemd-udevd[642]: seq 1359 queued, 'add' 'cgroup'
Mar 20 05:47:22 kernel02 systemd-udevd[1680]: passed device to netlink monitor 0x2aa4285e5e0
Mar 20 05:47:22 kernel02 systemd-tmpfiles[1648]: Found existing symlink "/etc/mtab".
Mar 20 05:47:22 kernel02 systemd-udevd[642]: passed 198 byte device to netlink monitor 0x2aa4282f7b0
Mar 20 05:47:22 kernel02 systemd-udevd[1668]: seq 1359 running
Mar 20 05:47:22 kernel02 systemd-udevd[1680]: seq 1358 processed
Mar 20 05:47:22 kernel02 systemd-tmpfiles[1648]: Running remove action for entry L /etc/mtab
Mar 20 05:47:22 kernel02 systemd-udevd[642]: seq 1360 queued, 'add' 'cgroup'
Mar 20 05:47:22 kernel02 systemd-tmpfiles[1648]: Running create action for entry Q /home
Mar 20 05:47:22 kernel02 systemd-tmpfiles[1648]: Found existing directory "/home".
Mar 20 05:47:22 kernel02 systemd-tmpfiles[1648]: Couldn't adjust quota for subvolume "/home" (unsupported fs or dir not a subvolume): Inappropriate ioctl for device
Mar 20 05:47:22 kernel02 systemd-udevd[642]: passed 196 byte device to netlink monitor 0x2aa4282f7b0
Mar 20 05:47:22 kernel02 systemd-tmpfiles[1648]: "/home" has right mode 40755
Mar 20 05:47:22 kernel02 systemd-tmpfiles[1648]: Running remove action for entry Q /home
Mar 20 05:47:22 kernel02 systemd-tmpfiles[1648]: Running create action for entry q /srv
Mar 20 05:47:22 kernel02 systemd-udevd[642]: seq 1361 queued, 'add' 'cgroup'
Mar 20 05:47:22 kernel02 systemd-tmpfiles[1648]: Found existing directory "/srv".
Mar 20 05:47:22 kernel02 systemd-udevd[642]: passed 184 byte device to netlink monitor 0x2aa4282f7b0
Mar 20 05:47:22 kernel02 systemd-tmpfiles[1648]: Couldn't adjust quota for subvolume "/srv" (unsupported fs or dir not a subvolume): Inappropriate ioctl for device
Mar 20 05:47:22 kernel02 systemd-tmpfiles[1648]: "/srv" has right mode 40755
Mar 20 05:47:22 kernel02 systemd-tmpfiles[1648]: Running remove action for entry q /srv
Mar 20 05:47:22 kernel02 systemd-tmpfiles[1648]: Running create action for entry L /var/lock
Mar 20 05:47:22 kernel02 systemd-tmpfiles[1648]: "/var/lock" is not a symlink or does not point to the correct path.
Mar 20 05:47:22 kernel02 systemd-udevd[642]: seq 1362 queued, 'add' 'cgroup'
Mar 20 05:47:22 kernel02 systemd-udevd[642]: passed 175 byte device to netlink monitor 0x2aa4282f7b0
Mar 20 05:47:22 kernel02 systemd-tmpfiles[1648]: Running remove action for entry L /var/lock
Mar 20 05:47:22 kernel02 systemd-udevd[642]: seq 1363 queued, 'add' 'cgroup'
Mar 20 05:47:22 kernel02 systemd-tmpfiles[1648]: Running create action for entry d /run/lock/subsys
Mar 20 05:47:22 kernel02 systemd-tmpfiles[1648]: Created directory "/run/lock/subsys".
Mar 20 05:47:22 kernel02 systemd-udevd[1685]: seq 1363 running
Mar 20 05:47:22 kernel02 systemd-udevd[1685]: passed device to netlink monitor 0x2aa4285fde0
Mar 20 05:47:22 kernel02 systemd-udevd[642]: seq 1363 forked new worker [1685]
Mar 20 05:47:22 kernel02 systemd-tmpfiles[1648]: "/run/lock/subsys" has right mode 40755
Mar 20 05:47:22 kernel02 systemd-udevd[1680]: seq 1362 running
Mar 20 05:47:22 kernel02 systemd-udevd[1680]: passed device to netlink monitor 0x2aa4285e5e0
Mar 20 05:47:22 kernel02 systemd-udevd[1680]: seq 1362 processed
Mar 20 05:47:22 kernel02 systemd-udevd[642]: seq 1364 queued, 'add' 'cgroup'
Mar 20 05:47:22 kernel02 systemd-udevd[1679]: seq 1361 running
Mar 20 05:47:22 kernel02 systemd-udevd[1668]: passed device to netlink monitor 0x2aa4282fd50
Mar 20 05:47:22 kernel02 systemd-udevd[1668]: seq 1359 processed
Mar 20 05:47:22 kernel02 systemd-udevd[1670]: seq 1360 running
Mar 20 05:47:22 kernel02 systemd-tmpfiles[1648]: Running remove action for entry d /run/lock/subsys
Mar 20 05:47:22 kernel02 systemd-udevd[1686]: seq 1364 running
Mar 20 05:47:22 kernel02 systemd-udevd[1669]: seq 1353 running
Mar 20 05:47:22 kernel02 systemd-udevd[642]: seq 1364 forked new worker [1686]
Mar 20 05:47:22 kernel02 systemd-tmpfiles[1648]: Running create action for entry d /run/lock/lvm
Mar 20 05:47:22 kernel02 systemd-tmpfiles[1648]: Found existing directory "/run/lock/lvm".
Mar 20 05:47:22 kernel02 systemd-tmpfiles[1648]: "/run/lock/lvm" has right mode 40700
Mar 20 05:47:22 kernel02 systemd-udevd[642]: seq 1365 queued, 'add' 'cgroup'
Mar 20 05:47:22 kernel02 systemd-udevd[642]: passed 180 byte device to netlink monitor 0x2aa4282f7b0
Mar 20 05:47:22 kernel02 systemd-udevd[642]: seq 1366 queued, 'add' 'cgroup'
Mar 20 05:47:22 kernel02 systemd-udevd[642]: passed 181 byte device to netlink monitor 0x2aa4282f7b0
Mar 20 05:47:22 kernel02 systemd-udevd[642]: seq 1367 queued, 'add' 'cgroup'
Mar 20 05:47:22 kernel02 systemd-tmpfiles[1648]: Running remove action for entry d /run/lock/lvm
Mar 20 05:47:22 kernel02 systemd-tmpfiles[1648]: Running create action for entry d /run/lvm
Mar 20 05:47:22 kernel02 systemd-udevd[642]: seq 1367 forked new worker [1687]
Mar 20 05:47:22 kernel02 systemd-tmpfiles[1648]: Found existing directory "/run/lvm".
Mar 20 05:47:22 kernel02 systemd-udevd[642]: seq 1368 queued, 'add' 'cgroup'
Mar 20 05:47:22 kernel02 systemd-tmpfiles[1648]: chmod "/run/lvm" to mode 700
Mar 20 05:47:22 kernel02 systemd-tmpfiles[1648]: Running remove action for entry d /run/lvm
Mar 20 05:47:22 kernel02 systemd-udevd[642]: seq 1368 forked new worker [1688]
Mar 20 05:47:22 kernel02 systemd-tmpfiles[1648]: Running create action for entry d /var/cache
Mar 20 05:47:22 kernel02 systemd-udevd[1688]: seq 1368 running
Mar 20 05:47:22 kernel02 systemd-udevd[642]: seq 1369 queued, 'add' 'cgroup'
Mar 20 05:47:22 kernel02 systemd-tmpfiles[1648]: Found existing directory "/var/cache".
Mar 20 05:47:22 kernel02 systemd-udevd[1688]: passed device to netlink monitor 0x2aa42833200
Mar 20 05:47:22 kernel02 systemd-tmpfiles[1648]: "/var/cache" has right mode 40755
Mar 20 05:47:22 kernel02 systemd-udevd[642]: seq 1369 forked new worker [1689]
Mar 20 05:47:22 kernel02 systemd-udevd[1688]: seq 1368 processed
Mar 20 05:47:22 kernel02 systemd-udevd[1689]: seq 1369 running
Mar 20 05:47:22 kernel02 systemd-tmpfiles[1648]: Running remove action for entry d /var/cache
Mar 20 05:47:22 kernel02 systemd-udevd[642]: seq 1370 queued, 'add' 'cgroup'
Mar 20 05:47:22 kernel02 systemd-tmpfiles[1648]: Running create action for entry d /var/cache/man
Mar 20 05:47:22 kernel02 systemd-udevd[1689]: passed device to netlink monitor 0x2aa42834510
Mar 20 05:47:22 kernel02 systemd-udevd[642]: seq 1370 forked new worker [1690]
Mar 20 05:47:22 kernel02 systemd-udevd[1689]: seq 1369 processed
Mar 20 05:47:22 kernel02 systemd-udevd[642]: seq 1371 queued, 'add' 'cgroup'
Mar 20 05:47:22 kernel02 systemd-udevd[1690]: seq 1370 running
Mar 20 05:47:22 kernel02 systemd-udevd[1690]: passed device to netlink monitor 0x2aa42835600
Mar 20 05:47:22 kernel02 systemd-udevd[1690]: seq 1370 processed
Mar 20 05:47:22 kernel02 systemd-udevd[642]: passed 207 byte device to netlink monitor 0x2aa4282f7b0
Mar 20 05:47:22 kernel02 systemd-udevd[642]: seq 1372 queued, 'add' 'cgroup'
Mar 20 05:47:22 kernel02 systemd-udevd[1688]: seq 1371 running
Mar 20 05:47:22 kernel02 systemd-udevd[1687]: seq 1367 running
Mar 20 05:47:22 kernel02 systemd-udevd[1668]: seq 1365 running
Mar 20 05:47:22 kernel02 systemd-udevd[1668]: passed device to netlink monitor 0x2aa4282fd50
Mar 20 05:47:22 kernel02 systemd-udevd[1679]: passed device to netlink monitor 0x2aa42838960
Mar 20 05:47:22 kernel02 systemd-udevd[1680]: seq 1366 running
Mar 20 05:47:22 kernel02 systemd-udevd[1669]: passed device to netlink monitor 0x2aa4282d710
Mar 20 05:47:22 kernel02 systemd-udevd[642]: passed 186 byte device to netlink monitor 0x2aa4282f7b0
Mar 20 05:47:22 kernel02 systemd-udevd[1686]: passed device to netlink monitor 0x2aa42861040
Mar 20 05:47:22 kernel02 systemd-udevd[1685]: seq 1363 processed
Mar 20 05:47:22 kernel02 systemd-udevd[1689]: seq 1372 running
Mar 20 05:47:22 kernel02 systemd-udevd[1689]: passed device to netlink monitor 0x2aa42834510
Mar 20 05:47:22 kernel02 systemd-udevd[1689]: seq 1372 processed
Mar 20 05:47:22 kernel02 systemd-tmpfiles[1648]: Found existing directory "/var/cache/man".
Mar 20 05:47:22 kernel02 systemd-udevd[1687]: passed device to netlink monitor 0x2aa42862440
Mar 20 05:47:22 kernel02 systemd-udevd[1668]: seq 1365 processed
Mar 20 05:47:22 kernel02 systemd-udevd[1670]: passed device to netlink monitor 0x2aa4283b390
Mar 20 05:47:22 kernel02 systemd-udevd[1679]: seq 1361 processed
Mar 20 05:47:22 kernel02 systemd-udevd[1680]: passed device to netlink monitor 0x2aa4285e5e0
Mar 20 05:47:22 kernel02 systemd-udevd[1669]: seq 1353 processed
Mar 20 05:47:22 kernel02 systemd-udevd[642]: seq 1373 queued, 'add' 'cgroup'
Mar 20 05:47:22 kernel02 systemd-udevd[1686]: seq 1364 processed
Mar 20 05:47:22 kernel02 systemd[1]: Child 1644 (nfs-utils_env.s) died (code=exited, status=0/SUCCESS)
Mar 20 05:47:22 kernel02 systemd-udevd[1688]: passed device to netlink monitor 0x2aa42833200
Mar 20 05:47:22 kernel02 systemd-tmpfiles[1648]: "/var/cache/man" has right mode 42755
Mar 20 05:47:22 kernel02 systemd-udevd[1687]: seq 1367 processed
Mar 20 05:47:22 kernel02 systemd-udevd[1670]: seq 1360 processed
Mar 20 05:47:22 kernel02 systemd-udevd[1680]: seq 1366 processed
Mar 20 05:47:22 kernel02 systemd-udevd[642]: passed 177 byte device to netlink monitor 0x2aa4282f7b0
Mar 20 05:47:22 kernel02 systemd-udevd[1690]: seq 1373 running
Mar 20 05:47:22 kernel02 systemd[1]: nfs-config.service: Child 1644 belongs to nfs-config.service
Mar 20 05:47:22 kernel02 systemd-udevd[1688]: seq 1371 processed
Mar 20 05:47:22 kernel02 systemd-tmpfiles[1648]: Running remove action for entry d /var/cache/man
Mar 20 05:47:22 kernel02 systemd-udevd[642]: seq 1374 queued, 'add' 'cgroup'
Mar 20 05:47:22 kernel02 systemd[1]: nfs-config.service: Main process exited, code=exited, status=0/SUCCESS
Mar 20 05:47:22 kernel02 systemd-udevd[1690]: passed device to netlink monitor 0x2aa42835600
Mar 20 05:47:22 kernel02 systemd-tmpfiles[1648]: Running create action for entry d /run/rpcbind
Mar 20 05:47:22 kernel02 systemd-udevd[642]: passed 180 byte device to netlink monitor 0x2aa4282f7b0
Mar 20 05:47:22 kernel02 systemd-udevd[1670]: seq 1374 running
Mar 20 05:47:22 kernel02 systemd-udevd[1690]: seq 1373 processed
Mar 20 05:47:22 kernel02 systemd-tmpfiles[1648]: Created directory "/run/rpcbind".
Mar 20 05:47:22 kernel02 systemd-udevd[642]: seq 1375 queued, 'add' 'cgroup'
Mar 20 05:47:22 kernel02 systemd[1]: nfs-config.service: Changed start -> exited
Mar 20 05:47:22 kernel02 systemd-udevd[1670]: passed device to netlink monitor 0x2aa4283b390
Mar 20 05:47:22 kernel02 systemd-tmpfiles[1648]: "/run/rpcbind" has right mode 40755
Mar 20 05:47:22 kernel02 systemd-udevd[642]: passed 181 byte device to netlink monitor 0x2aa4282f7b0
Mar 20 05:47:22 kernel02 systemd-udevd[1669]: seq 1375 running
Mar 20 05:47:22 kernel02 systemd[1]: nfs-config.service: Job nfs-config.service/start finished, result=done
Mar 20 05:47:22 kernel02 systemd-udevd[1670]: seq 1374 processed
Mar 20 05:47:22 kernel02 systemd-tmpfiles[1648]: Running remove action for entry d /run/rpcbind
Mar 20 05:47:22 kernel02 systemd-udevd[642]: seq 1376 queued, 'add' 'cgroup'
Mar 20 05:47:22 kernel02 systemd[1]: Started Preprocess NFS configuration.
Mar 20 05:47:22 kernel02 systemd-udevd[1669]: passed device to netlink monitor 0x2aa4282d710
Mar 20 05:47:22 kernel02 systemd-tmpfiles[1648]: Running create action for entry L /var/run
Mar 20 05:47:22 kernel02 systemd-udevd[642]: passed 185 byte device to netlink monitor 0x2aa4282f7b0
Mar 20 05:47:22 kernel02 systemd-udevd[1679]: seq 1376 running
Mar 20 05:47:22 kernel02 systemd-udevd[1669]: seq 1375 processed
Mar 20 05:47:22 kernel02 systemd[1]: nfs-config.service: cgroup is empty
Mar 20 05:47:22 kernel02 systemd-tmpfiles[1648]: "/var/run" is not a symlink or does not point to the correct path.
Mar 20 05:47:22 kernel02 systemd-udevd[642]: seq 1377 queued, 'add' 'cgroup'
Mar 20 05:47:22 kernel02 systemd-udevd[1670]: seq 1377 running
Mar 20 05:47:22 kernel02 systemd[1]: Got cgroup empty notification for: /system.slice/nfs-config.service
Mar 20 05:47:22 kernel02 systemd-udevd[642]: passed 182 byte device to netlink monitor 0x2aa4282f7b0
Mar 20 05:47:22 kernel02 systemd[1]: proc-sys-fs-binfmt_misc.automount: Got automount request for /proc/sys/fs/binfmt_misc, triggered by 1642 (update-binfmts)
Mar 20 05:47:22 kernel02 systemd-tmpfiles[1648]: Running remove action for entry L /var/run
Mar 20 05:47:22 kernel02 systemd-udevd[642]: seq 1378 queued, 'add' 'cgroup'
Mar 20 05:47:22 kernel02 systemd-udevd[1679]: passed device to netlink monitor 0x2aa42838960
Mar 20 05:47:22 kernel02 systemd-udevd[1670]: passed device to netlink monitor 0x2aa4283b390
Mar 20 05:47:22 kernel02 systemd[1]: proc-sys-fs-binfmt_misc.mount: Trying to enqueue job proc-sys-fs-binfmt_misc.mount/start/replace
Mar 20 05:47:22 kernel02 systemd-tmpfiles[1648]: Running create action for entry d /var/run/screen
Mar 20 05:47:22 kernel02 systemd-udevd[642]: passed 173 byte device to netlink monitor 0x2aa4282f7b0
Mar 20 05:47:22 kernel02 systemd-udevd[1669]: seq 1378 running
Mar 20 05:47:22 kernel02 systemd-udevd[1679]: seq 1376 processed
Mar 20 05:47:22 kernel02 systemd-udevd[1670]: seq 1377 processed
Mar 20 05:47:22 kernel02 systemd[1]: proc-sys-fs-binfmt_misc.mount: Installed new job proc-sys-fs-binfmt_misc.mount/start as 257
Mar 20 05:47:22 kernel02 systemd-tmpfiles[1648]: Created directory "/var/run/screen".
Mar 20 05:47:22 kernel02 systemd-udevd[642]: seq 1379 queued, 'remove' 'cgroup'
Mar 20 05:47:22 kernel02 systemd-udevd[1669]: passed device to netlink monitor 0x2aa4282d710
Mar 20 05:47:22 kernel02 systemd[1]: proc-sys-fs-binfmt_misc.mount: Enqueued job proc-sys-fs-binfmt_misc.mount/start as 257
Mar 20 05:47:22 kernel02 systemd-tmpfiles[1648]: "/var/run/screen" has right mode 40775
Mar 20 05:47:22 kernel02 systemd-udevd[642]: passed 191 byte device to netlink monitor 0x2aa4282f7b0
Mar 20 05:47:22 kernel02 systemd-udevd[1689]: seq 1379 running
Mar 20 05:47:22 kernel02 systemd-udevd[1669]: seq 1378 processed
Mar 20 05:47:22 kernel02 systemd[1]: proc-sys-fs-binfmt_misc.automount: Changed waiting -> running
Mar 20 05:47:22 kernel02 systemd-tmpfiles[1648]: chown "/var/run/screen" to 0.43
Mar 20 05:47:22 kernel02 systemd-udevd[642]: seq 1380 queued, 'remove' 'cgroup'
Mar 20 05:47:22 kernel02 systemd-udevd[1689]: passed device to netlink monitor 0x2aa42834510
Mar 20 05:47:22 kernel02 systemd-tmpfiles[1648]: Running remove action for entry d /var/run/screen
Mar 20 05:47:22 kernel02 systemd[1]: Sent message type=signal sender=n/a destination=n/a object=/org/freedesktop/systemd1 interface=org.freedesktop.systemd1.Manager member=JobRemoved cookie=1 reply_cookie=0 error=n/a
Mar 20 05:47:22 kernel02 systemd-udevd[642]: passed 195 byte device to netlink monitor 0x2aa4282f7b0
Mar 20 05:47:22 kernel02 systemd-udevd[1670]: seq 1380 running
Mar 20 05:47:22 kernel02 systemd-udevd[1689]: seq 1379 processed
Mar 20 05:47:22 kernel02 systemd-tmpfiles[1648]: Running create action for entry d /var/run/sshd
Mar 20 05:47:22 kernel02 systemd[1]: Sent message type=signal sender=n/a destination=n/a object=/org/freedesktop/systemd1/unit/system_2dgetty_2eslice interface=org.freedesktop.DBus.Properties member=PropertiesChanged cookie=2 reply_cookie=0 error=n/a
Mar 20 05:47:22 kernel02 systemd-udevd[642]: seq 1381 queued, 'remove' 'cgroup'
Mar 20 05:47:22 kernel02 systemd-udevd[1670]: passed device to netlink monitor 0x2aa4283b390
Mar 20 05:47:22 kernel02 systemd-tmpfiles[1648]: Created directory "/var/run/sshd".
Mar 20 05:47:22 kernel02 systemd[1]: Sent message type=signal sender=n/a destination=n/a object=/org/freedesktop/systemd1 interface=org.freedesktop.systemd1.Manager member=JobRemoved cookie=3 reply_cookie=0 error=n/a
Mar 20 05:47:22 kernel02 systemd-udevd[642]: passed 205 byte device to netlink monitor 0x2aa4282f7b0
Mar 20 05:47:22 kernel02 systemd-udevd[1669]: seq 1381 running
Mar 20 05:47:22 kernel02 systemd-udevd[1670]: seq 1380 processed
Mar 20 05:47:22 kernel02 systemd-tmpfiles[1648]: "/var/run/sshd" has right mode 40755
Mar 20 05:47:22 kernel02 systemd[1]: Sent message type=signal sender=n/a destination=n/a object=/org/freedesktop/systemd1/unit/nfs_2dconfig_2eservice interface=org.freedesktop.DBus.Properties member=PropertiesChanged cookie=4 reply_cookie=0 error=n/a
Mar 20 05:47:22 kernel02 systemd-udevd[642]: seq 1382 queued, 'remove' 'cgroup'
Mar 20 05:47:22 kernel02 systemd-udevd[1669]: passed device to netlink monitor 0x2aa4282d710
Mar 20 05:47:22 kernel02 systemd-tmpfiles[1648]: Running remove action for entry d /var/run/sshd
Mar 20 05:47:22 kernel02 systemd[1]: Sent message type=signal sender=n/a destination=n/a object=/org/freedesktop/systemd1/unit/nfs_2dconfig_2eservice interface=org.freedesktop.DBus.Properties member=PropertiesChanged cookie=5 reply_cookie=0 error=n/a
Mar 20 05:47:22 kernel02 systemd-udevd[642]: passed 194 byte device to netlink monitor 0x2aa4282f7b0
Mar 20 05:47:22 kernel02 systemd-udevd[1679]: seq 1382 running
Mar 20 05:47:22 kernel02 systemd-udevd[1669]: seq 1381 processed
Mar 20 05:47:22 kernel02 systemd-tmpfiles[1648]: Running create action for entry d /var/run/sudo
Mar 20 05:47:22 kernel02 systemd[1]: Sent message type=signal sender=n/a destination=n/a object=/org/freedesktop/systemd1/unit/proc_2dsys_2dfs_2dbinfmt_5fmisc_2eautomount interface=org.freedesktop.DBus.Properties member=PropertiesChanged cookie=6 reply_cookie=0 error=n/a
Mar 20 05:47:22 kernel02 systemd-udevd[642]: seq 1383 queued, 'remove' 'cgroup'
Mar 20 05:47:22 kernel02 systemd-udevd[1679]: passed device to netlink monitor 0x2aa42838960
Mar 20 05:47:22 kernel02 systemd-tmpfiles[1648]: Created directory "/var/run/sudo".
Mar 20 05:47:22 kernel02 systemd[1]: Sent message type=signal sender=n/a destination=n/a object=/org/freedesktop/systemd1/unit/proc_2dsys_2dfs_2dbinfmt_5fmisc_2eautomount interface=org.freedesktop.DBus.Properties member=PropertiesChanged cookie=7 reply_cookie=0 error=n/a
Mar 20 05:47:22 kernel02 systemd-udevd[642]: passed 195 byte device to netlink monitor 0x2aa4282f7b0
Mar 20 05:47:22 kernel02 systemd-udevd[1670]: seq 1383 running
Mar 20 05:47:22 kernel02 systemd-udevd[1679]: seq 1382 processed
Mar 20 05:47:22 kernel02 systemd-tmpfiles[1648]: "/var/run/sudo" has right mode 40711
Mar 20 05:47:22 kernel02 systemd[1]: Sent message type=signal sender=n/a destination=n/a object=/org/freedesktop/systemd1 interface=org.freedesktop.systemd1.Manager member=JobNew cookie=8 reply_cookie=0 error=n/a
Mar 20 05:47:22 kernel02 systemd-udevd[642]: seq 1384 queued, 'remove' 'cgroup'
Mar 20 05:47:22 kernel02 systemd-udevd[1670]: passed device to netlink monitor 0x2aa4283b390
Mar 20 05:47:22 kernel02 systemd-tmpfiles[1648]: Running remove action for entry d /var/run/sudo
Mar 20 05:47:22 kernel02 systemd[1]: Sent message type=signal sender=n/a destination=n/a object=/org/freedesktop/systemd1 interface=org.freedesktop.systemd1.Manager member=JobRemoved cookie=1 reply_cookie=0 error=n/a
Mar 20 05:47:22 kernel02 systemd-udevd[642]: passed 192 byte device to netlink monitor 0x2aa4282f7b0
Mar 20 05:47:22 kernel02 systemd-udevd[1669]: seq 1384 running
Mar 20 05:47:22 kernel02 systemd-udevd[1670]: seq 1383 processed
Mar 20 05:47:22 kernel02 systemd-tmpfiles[1648]: Running create action for entry D /var/run/sudo/ts
Mar 20 05:47:22 kernel02 systemd[1]: Sent message type=signal sender=n/a destination=n/a object=/org/freedesktop/systemd1/unit/system_2dgetty_2eslice interface=org.freedesktop.DBus.Properties member=PropertiesChanged cookie=2 reply_cookie=0 error=n/a
Mar 20 05:47:22 kernel02 systemd-udevd[642]: seq 1385 queued, 'remove' 'cgroup'
Mar 20 05:47:22 kernel02 systemd-udevd[1669]: passed device to netlink monitor 0x2aa4282d710
Mar 20 05:47:22 kernel02 systemd-tmpfiles[1648]: Created directory "/var/run/sudo/ts".
Mar 20 05:47:22 kernel02 systemd[1]: Sent message type=signal sender=n/a destination=n/a object=/org/freedesktop/systemd1 interface=org.freedesktop.systemd1.Manager member=JobRemoved cookie=3 reply_cookie=0 error=n/a
Mar 20 05:47:22 kernel02 systemd-udevd[642]: passed 195 byte device to netlink monitor 0x2aa4282f7b0
Mar 20 05:47:22 kernel02 systemd-udevd[1679]: seq 1385 running
Mar 20 05:47:22 kernel02 systemd-udevd[1669]: seq 1384 processed
Mar 20 05:47:22 kernel02 systemd-tmpfiles[1648]: "/var/run/sudo/ts" has right mode 40700
Mar 20 05:47:22 kernel02 systemd[1]: Sent message type=signal sender=n/a destination=n/a object=/org/freedesktop/systemd1/unit/nfs_2dconfig_2eservice interface=org.freedesktop.DBus.Properties member=PropertiesChanged cookie=4 reply_cookie=0 error=n/a
Mar 20 05:47:22 kernel02 systemd-udevd[642]: seq 1386 queued, 'remove' 'cgroup'
Mar 20 05:47:22 kernel02 systemd-udevd[1679]: passed device to netlink monitor 0x2aa42838960
Mar 20 05:47:22 kernel02 systemd-tmpfiles[1648]: Running remove action for entry D /var/run/sudo/ts
Mar 20 05:47:22 kernel02 systemd[1]: Sent message type=signal sender=n/a destination=n/a object=/org/freedesktop/systemd1/unit/nfs_2dconfig_2eservice interface=org.freedesktop.DBus.Properties member=PropertiesChanged cookie=5 reply_cookie=0 error=n/a
Mar 20 05:47:22 kernel02 systemd-udevd[642]: passed 198 byte device to netlink monitor 0x2aa4282f7b0
Mar 20 05:47:22 kernel02 systemd-udevd[1670]: seq 1386 running
Mar 20 05:47:22 kernel02 systemd-udevd[1679]: seq 1385 processed
Mar 20 05:47:22 kernel02 systemd-tmpfiles[1648]: rm -rf "/var/run/sudo/ts"
Mar 20 05:47:22 kernel02 systemd[1]: Sent message type=signal sender=n/a destination=n/a object=/org/freedesktop/systemd1/unit/proc_2dsys_2dfs_2dbinfmt_5fmisc_2eautomount interface=org.freedesktop.DBus.Properties member=PropertiesChanged cookie=6 reply_cookie=0 error=n/a
