Apr 14 10:10:06 ICTM1612S02H1 systemd-udevd[1486]: passed 235 byte device to netlink monitor 0x565114712ae0
Apr 14 10:10:06 ICTM1612S02H1 systemd-udevd[3090]: seq 5249 running
Apr 14 10:10:06 ICTM1612S02H1 systemd-udevd[3073]: found 'b8:224' claiming '/run/udev/links/\x2fdisk\x2fby-id\x2fscsi-SNETAPP_INF-01-00_SR21500107'
Apr 14 10:10:06 ICTM1612S02H1 systemd-udevd[3113]: IMPORT builtin 'hwdb' /lib/udev/rules.d/50-udev-default.rules:15
Apr 14 10:10:06 ICTM1612S02H1 systemd-udevd[3135]: creating link '/dev/disk/by-path/ip-fe80:0000:0000:0000:0192:0012:0022:0112:3260-iscsi-iqn.1992-08.com.netapp:5504.60080e5000290924000000005525f5de-lun-4' to '/dev/sdai'
Apr 14 10:10:06 ICTM1612S02H1 systemd-udevd[1486]: passed 232 byte device to netlink monitor 0x565114712ae0
Apr 14 10:10:06 ICTM1612S02H1 systemd-udevd[3123]: seq 5250 running
Apr 14 10:10:06 ICTM1612S02H1 systemd-udevd[1486]: seq 5255 queued, 'add' 'scsi_device'
Apr 14 10:10:06 ICTM1612S02H1 systemd-udevd[3135]: creating symlink '/dev/disk/by-path/ip-fe80:0000:0000:0000:0192:0012:0022:0112:3260-iscsi-iqn.1992-08.com.netapp:5504.60080e5000290924000000005525f5de-lun-4' to '../../sdai'
Apr 14 10:10:06 ICTM1612S02H1 systemd-udevd[3113]: IMPORT builtin 'hwdb' returned non-zero
Apr 14 10:10:06 ICTM1612S02H1 systemd-udevd[1486]: seq 5256 queued, 'add' 'scsi_generic'
Apr 14 10:10:06 ICTM1612S02H1 systemd-udevd[1486]: seq 5257 queued, 'add' 'bsg'
Apr 14 10:10:06 ICTM1612S02H1 systemd-udevd[3135]: created db file '/run/udev/data/b66:32' for '/devices/platform/host17/session2/target17:0:0/17:0:0:4/block/sdai'
Apr 14 10:10:06 ICTM1612S02H1 systemd-udevd[3130]: found 'b8:240' claiming '/run/udev/links/\x2fdisk\x2fby-id\x2fscsi-360080e500029092400008d525605f996'
Apr 14 10:10:06 ICTM1612S02H1 systemd-udevd[3135]: adding watch on '/dev/sdai'
Apr 14 10:10:06 ICTM1612S02H1 systemd-udevd[3135]: created db file '/run/udev/data/b66:32' for '/devices/platform/host17/session2/target17:0:0/17:0:0:4/block/sdai'
Apr 14 10:10:06 ICTM1612S02H1 systemd-udevd[1486]: seq 5258 queued, 'add' 'block'
Apr 14 10:10:06 ICTM1612S02H1 systemd-udevd[1486]: passed 231 byte device to netlink monitor 0x565114712ae0
Apr 14 10:10:06 ICTM1612S02H1 systemd-udevd[3113]: path '[module/sg](null)' is '/sys/module/sg'
Apr 14 10:10:06 ICTM1612S02H1 systemd-udevd[3138]: seq 5258 running
Apr 14 10:10:06 ICTM1612S02H1 systemd-udevd[1486]: seq 5259 queued, 'add' 'block'
Apr 14 10:10:06 ICTM1612S02H1 systemd-udevd[3113]: RUN 'kmod load $env{MODALIAS}' /lib/udev/rules.d/80-drivers.rules:5
Apr 14 10:10:06 ICTM1612S02H1 systemd-udevd[3113]: Execute 'load' 'scsi:t-0x00'
Apr 14 10:10:06 ICTM1612S02H1 systemd-udevd[1486]: passed 230 byte device to netlink monitor 0x565114712ae0
Apr 14 10:10:06 ICTM1612S02H1 systemd-udevd[3135]: passed device to netlink monitor 0x56511476c140
Apr 14 10:10:06 ICTM1612S02H1 systemd-udevd[1486]: seq 5260 queued, 'add' 'scsi'
Apr 14 10:10:06 ICTM1612S02H1 systemd-udevd[1486]: passed 211 byte device to netlink monitor 0x565114712ae0
Apr 14 10:10:06 ICTM1612S02H1 systemd-udevd[3135]: seq 5127 processed
Apr 14 10:10:06 ICTM1612S02H1 systemd-udevd[3073]: found 'b8:96' claiming '/run/udev/links/\x2fdisk\x2fby-id\x2fscsi-SNETAPP_INF-01-00_SR21500107'
Apr 14 10:10:06 ICTM1612S02H1 systemd-udevd[3144]: '/usr/bin/sg_inq --export /dev/sdba'(out) 'SCSI_TPGS=0'
Apr 14 10:10:06 ICTM1612S02H1 systemd-udevd[3113]: No module matches 'scsi:t-0x00'
Apr 14 10:10:06 ICTM1612S02H1 systemd[1]: dev-disk-by\x2did-scsi\x2d360080e5000290b5400008a315605fd95.device: Dev dev-disk-by\x2did-scsi\x2d360080e5000290b5400008a315605fd95.device appeared twice with different sysfs paths /sys/devices/platform/host16/session1/target16:0:0/16:0:0:4/block/sdad and /sys/devices/platform/host17/session2/target17:0:0/17:0:0:4/block/sdai
Apr 14 10:10:06 ICTM1612S02H1 systemd-udevd[3112]: seq 5259 running
Apr 14 10:10:06 ICTM1612S02H1 systemd-udevd[3139]: seq 5260 running
Apr 14 10:10:06 ICTM1612S02H1 systemd-udevd[1486]: seq 5261 queued, 'add' 'scsi_disk'
Apr 14 10:10:06 ICTM1612S02H1 systemd-udevd[3144]: '/usr/bin/sg_inq --export /dev/sdba'(out) 'SCSI_TYPE=disk'
Apr 14 10:10:06 ICTM1612S02H1 systemd-udevd[3113]: passed device to netlink monitor 0x565114729780
Apr 14 10:10:06 ICTM1612S02H1 systemd[1]: dev-disk-by\x2did-scsi\x2dSNETAPP_INF\x2d01\x2d00_SR21500107.device: Dev dev-disk-by\x2did-scsi\x2dSNETAPP_INF\x2d01\x2d00_SR21500107.device appeared twice with different sysfs paths /sys/devices/platform/host17/session2/target17:0:0/17:0:0:1/block/sdg and /sys/devices/platform/host17/session2/target17:0:0/17:0:0:4/block/sdai
Apr 14 10:10:06 ICTM1612S02H1 systemd-udevd[3144]: '/usr/bin/sg_inq --export /dev/sdba'(out) 'SCSI_VENDOR=NETAPP'
Apr 14 10:10:06 ICTM1612S02H1 systemd-udevd[3113]: seq 5253 processed
Apr 14 10:10:06 ICTM1612S02H1 systemd-udevd[1486]: seq 5262 queued, 'add' 'scsi_device'
Apr 14 10:10:06 ICTM1612S02H1 systemd-udevd[3130]: creating link '/dev/disk/by-id/scsi-360080e500029092400008d525605f996' to '/dev/sdah'
Apr 14 10:10:06 ICTM1612S02H1 systemd[1]: dev-disk-by\x2did-wwn\x2d0x60080e5000290b5400008a315605fd95.device: Dev dev-disk-by\x2did-wwn\x2d0x60080e5000290b5400008a315605fd95.device appeared twice with different sysfs paths /sys/devices/platform/host16/session1/target16:0:0/16:0:0:4/block/sdad and /sys/devices/platform/host17/session2/target17:0:0/17:0:0:4/block/sdai
Apr 14 10:10:06 ICTM1612S02H1 systemd-udevd[3144]: '/usr/bin/sg_inq --export /dev/sdba'(out) 'SCSI_VENDOR_ENC=NETAPP\x20\x20'
Apr 14 10:10:06 ICTM1612S02H1 systemd-udevd[1486]: passed 192 byte device to netlink monitor 0x565114712ae0
Apr 14 10:10:06 ICTM1612S02H1 systemd-udevd[3130]: atomically replace '/dev/disk/by-id/scsi-360080e500029092400008d525605f996'
Apr 14 10:10:06 ICTM1612S02H1 systemd-udevd[3135]: seq 5254 running
Apr 14 10:10:06 ICTM1612S02H1 systemd-udevd[3144]: '/usr/bin/sg_inq --export /dev/sdba'(out) 'SCSI_MODEL=INF-01-00'
Apr 14 10:10:06 ICTM1612S02H1 systemd-udevd[1486]: passed 196 byte device to netlink monitor 0x565114712ae0
Apr 14 10:10:06 ICTM1612S02H1 systemd-udevd[3113]: seq 5255 running
Apr 14 10:10:06 ICTM1612S02H1 systemd-udevd[3130]: found 'b65:208' claiming '/run/udev/links/\x2fdisk\x2fby-id\x2fscsi-SNETAPP_INF-01-00_SR21500247'
Apr 14 10:10:06 ICTM1612S02H1 systemd-udevd[3144]: '/usr/bin/sg_inq --export /dev/sdba'(out) 'SCSI_MODEL_ENC=INF-01-00\x20\x20\x20\x20\x20\x20\x20'
Apr 14 10:10:06 ICTM1612S02H1 systemd-udevd[1486]: passed 233 byte device to netlink monitor 0x565114712ae0
Apr 14 10:10:06 ICTM1612S02H1 systemd-udevd[3073]: found 'b8:32' claiming '/run/udev/links/\x2fdisk\x2fby-id\x2fscsi-SNETAPP_INF-01-00_SR21500107'
Apr 14 10:10:06 ICTM1612S02H1 systemd-udevd[3124]: seq 5256 running
Apr 14 10:10:06 ICTM1612S02H1 systemd[1]: dev-disk-by\x2dpath-ip\x2dfe80:0000:0000:0000:0192:0012:0022:0112:3260\x2discsi\x2diqn.1992\x2d08.com.netapp:5504.60080e5000290924000000005525f5de\x2dlun\x2d4.device: Changed dead -> plugged
Apr 14 10:10:06 ICTM1612S02H1 systemd-udevd[3130]: found 'b65:32' claiming '/run/udev/links/\x2fdisk\x2fby-id\x2fscsi-SNETAPP_INF-01-00_SR21500247'
Apr 14 10:10:06 ICTM1612S02H1 systemd-udevd[3102]: value '[dmi/id]sys_vendor' is 'Dell Inc.'
Apr 14 10:10:06 ICTM1612S02H1 systemd-udevd[3090]: value '[dmi/id]sys_vendor' is 'Dell Inc.'
Apr 14 10:10:06 ICTM1612S02H1 systemd-udevd[3145]: value '[dmi/id]sys_vendor' is 'Dell Inc.'
Apr 14 10:10:06 ICTM1612S02H1 systemd-udevd[3139]: value '[dmi/id]sys_vendor' is 'Dell Inc.'
Apr 14 10:10:06 ICTM1612S02H1 systemd-udevd[3123]: value '[dmi/id]sys_vendor' is 'Dell Inc.'
Apr 14 10:10:06 ICTM1612S02H1 systemd-udevd[3138]: value '[dmi/id]sys_vendor' is 'Dell Inc.'
Apr 14 10:10:06 ICTM1612S02H1 systemd-udevd[3112]: value '[dmi/id]sys_vendor' is 'Dell Inc.'
Apr 14 10:10:06 ICTM1612S02H1 systemd-udevd[3135]: value '[dmi/id]sys_vendor' is 'Dell Inc.'
Apr 14 10:10:06 ICTM1612S02H1 systemd-udevd[3144]: '/usr/bin/sg_inq --export /dev/sdba'(out) 'SCSI_REVISION=9820'
Apr 14 10:10:06 ICTM1612S02H1 systemd-udevd[3113]: value '[dmi/id]sys_vendor' is 'Dell Inc.'
Apr 14 10:10:06 ICTM1612S02H1 systemd-udevd[3144]: Process '/usr/bin/sg_inq --export /dev/sdba' succeeded.
Apr 14 10:10:06 ICTM1612S02H1 systemd-udevd[3134]: seq 5257 running
Apr 14 10:10:06 ICTM1612S02H1 systemd-udevd[3118]: '/sbin/multipath -c /dev/sdav'(out) '/dev/sdav is not a valid multipath device path'
Apr 14 10:10:06 ICTM1612S02H1 systemd-udevd[3144]: IMPORT '/usr/bin/sg_inq --export --page=sn /dev/sdba' /lib/udev/rules.d/55-scsi-sg3_id.rules:19
Apr 14 10:10:06 ICTM1612S02H1 systemd-udevd[3073]: found 'b8:80' claiming '/run/udev/links/\x2fdisk\x2fby-id\x2fscsi-SNETAPP_INF-01-00_SR21500107'
Apr 14 10:10:06 ICTM1612S02H1 systemd-udevd[3090]: value '[dmi/id]sys_vendor' is 'Dell Inc.'
Apr 14 10:10:06 ICTM1612S02H1 systemd-udevd[3102]: value '[dmi/id]sys_vendor' is 'Dell Inc.'
Apr 14 10:10:06 ICTM1612S02H1 systemd[1]: dev-sdai.device: Changed dead -> plugged
Apr 14 10:10:06 ICTM1612S02H1 systemd-udevd[3123]: value '[dmi/id]sys_vendor' is 'Dell Inc.'
Apr 14 10:10:06 ICTM1612S02H1 systemd-udevd[3145]: value '[dmi/id]sys_vendor' is 'Dell Inc.'
Apr 14 10:10:06 ICTM1612S02H1 systemd-udevd[3102]: passed device to netlink monitor 0x5651147277a0
Apr 14 10:10:06 ICTM1612S02H1 systemd-udevd[3118]: Process '/sbin/multipath -c /dev/sdav' failed with exit code 1.
Apr 14 10:10:06 ICTM1612S02H1 systemd-udevd[3130]: found 'b8:240' claiming '/run/udev/links/\x2fdisk\x2fby-id\x2fscsi-SNETAPP_INF-01-00_SR21500247'
Apr 14 10:10:06 ICTM1612S02H1 systemd-udevd[3138]: value '[dmi/id]sys_vendor' is 'Dell Inc.'
Apr 14 10:10:06 ICTM1612S02H1 systemd[1]: sys-devices-platform-host17-session2-target17:0:0-17:0:0:4-block-sdai.device: Changed dead -> plugged
Apr 14 10:10:06 ICTM1612S02H1 systemd-udevd[3687]: starting '/usr/bin/sg_inq --export --page=sn /dev/sdba'
Apr 14 10:10:06 ICTM1612S02H1 systemd-udevd[3139]: value '[dmi/id]sys_vendor' is 'Dell Inc.'
Apr 14 10:10:06 ICTM1612S02H1 systemd-udevd[3102]: seq 5248 processed
Apr 14 10:10:06 ICTM1612S02H1 systemd-udevd[3135]: value '[dmi/id]sys_vendor' is 'Dell Inc.'
Apr 14 10:10:06 ICTM1612S02H1 systemd-udevd[3112]: value '[dmi/id]sys_vendor' is 'Dell Inc.'
Apr 14 10:10:06 ICTM1612S02H1 systemd-udevd[3113]: value '[dmi/id]sys_vendor' is 'Dell Inc.'
Apr 14 10:10:06 ICTM1612S02H1 systemd-udevd[3073]: creating link '/dev/disk/by-id/scsi-SNETAPP_INF-01-00_SR21500107' to '/dev/sdao'
Apr 14 10:10:06 ICTM1612S02H1 systemd-udevd[3123]: handling device node '/dev/bsg/23:0:0:143', devnum=c249:105, mode=0600, uid=0, gid=0
Apr 14 10:10:06 ICTM1612S02H1 systemd-udevd[3090]: GROUP 6 /lib/udev/rules.d/50-udev-default.rules:63
Apr 14 10:10:06 ICTM1612S02H1 systemd-udevd[3138]: GROUP 6 /lib/udev/rules.d/50-udev-default.rules:55
Apr 14 10:10:06 ICTM1612S02H1 systemd-udevd[3145]: passed device to netlink monitor 0x56511477ed60
Apr 14 10:10:06 ICTM1612S02H1 systemd[1]: Sent message type=signal sender=n/a destination=n/a object=/org/freedesktop/systemd1 interface=org.freedesktop.systemd1.Manager member=UnitNew cookie=142 reply_cookie=0 error=n/a
Apr 14 10:10:06 ICTM1612S02H1 systemd-udevd[3139]: IMPORT builtin 'hwdb' /lib/udev/rules.d/50-udev-default.rules:15
Apr 14 10:10:06 ICTM1612S02H1 systemd-udevd[3112]: GROUP 6 /lib/udev/rules.d/50-udev-default.rules:55
Apr 14 10:10:06 ICTM1612S02H1 systemd-udevd[3118]: LINK 'disk/by-id/scsi-SNETAPP_INF-01-00_SR21500107' /lib/udev/rules.d/58-scsi-sg3_symlink.rules:12
Apr 14 10:10:06 ICTM1612S02H1 systemd-udevd[3073]: atomically replace '/dev/disk/by-id/scsi-SNETAPP_INF-01-00_SR21500107'
Apr 14 10:10:06 ICTM1612S02H1 systemd-udevd[3123]: preserve permissions /dev/bsg/23:0:0:143, 020600, uid=0, gid=0
Apr 14 10:10:06 ICTM1612S02H1 systemd-udevd[3124]: value '[dmi/id]sys_vendor' is 'Dell Inc.'
Apr 14 10:10:06 ICTM1612S02H1 systemd-udevd[1486]: passed 226 byte device to netlink monitor 0x565114712ae0
Apr 14 10:10:06 ICTM1612S02H1 systemd-udevd[3124]: value '[dmi/id]sys_vendor' is 'Dell Inc.'
Apr 14 10:10:06 ICTM1612S02H1 systemd-udevd[3138]: IMPORT '/usr/bin/sg_inq --export /dev/sdbo' /lib/udev/rules.d/55-scsi-sg3_id.rules:10
Apr 14 10:10:06 ICTM1612S02H1 systemd-udevd[3145]: seq 5247 processed
Apr 14 10:10:06 ICTM1612S02H1 systemd-udevd[3113]: passed device to netlink monitor 0x565114729780
Apr 14 10:10:06 ICTM1612S02H1 systemd[1]: Sent message type=signal sender=n/a destination=n/a object=/org/freedesktop/systemd1 interface=org.freedesktop.systemd1.Manager member=UnitNew cookie=143 reply_cookie=0 error=n/a
Apr 14 10:10:06 ICTM1612S02H1 systemd-udevd[3090]: handling device node '/dev/sg101', devnum=c21:101, mode=0660, uid=0, gid=6
Apr 14 10:10:06 ICTM1612S02H1 kernel: [ 56.594473] sd 19:0:0:122: [sdgv] Attached SCSI disk
Apr 14 10:10:06 ICTM1612S02H1 systemd-udevd[3130]: found 'b8:128' claiming '/run/udev/links/\x2fdisk\x2fby-id\x2fscsi-SNETAPP_INF-01-00_SR21500247'
Apr 14 10:10:06 ICTM1612S02H1 systemd-udevd[3139]: IMPORT builtin 'hwdb' returned non-zero
Apr 14 10:10:06 ICTM1612S02H1 systemd-udevd[3139]: path '[module/sg](null)' is '/sys/module/sg'
Apr 14 10:10:06 ICTM1612S02H1 systemd-udevd[3134]: value '[dmi/id]sys_vendor' is 'Dell Inc.'
Apr 14 10:10:06 ICTM1612S02H1 systemd-udevd[3118]: LINK 'disk/by-id/scsi-360080e500029092400008d545605f9a0' /lib/udev/rules.d/58-scsi-sg3_symlink.rules:15
Apr 14 10:10:06 ICTM1612S02H1 systemd-udevd[3123]: creating symlink '/dev/char/249:105' to '../bsg/23:0:0:143'
Apr 14 10:10:06 ICTM1612S02H1 systemd-udevd[3073]: found 'b65:80' claiming '/run/udev/links/\x2fdisk\x2fby-id\x2fwwn-0x60080e500029092400008d525605f996'
Apr 14 10:10:06 ICTM1612S02H1 systemd-udevd[3135]: passed device to netlink monitor 0x56511476c140
Apr 14 10:10:06 ICTM1612S02H1 systemd-udevd[1486]: seq 5263 queued, 'add' 'scsi_generic'
Apr 14 10:10:06 ICTM1612S02H1 systemd-udevd[3124]: GROUP 6 /lib/udev/rules.d/50-udev-default.rules:63
Apr 14 10:10:06 ICTM1612S02H1 systemd-udevd[3113]: seq 5255 processed
Apr 14 10:10:06 ICTM1612S02H1 systemd-udevd[3144]: '/usr/bin/sg_inq --export --page=sn /dev/sdba'(out) 'SCSI_IDENT_SERIAL=SR21500107'
Apr 14 10:10:06 ICTM1612S02H1 systemd-udevd[3124]: handling device node '/dev/sg102', devnum=c21:102, mode=0660, uid=0, gid=6
Apr 14 10:10:06 ICTM1612S02H1 systemd-udevd[3112]: IMPORT '/usr/bin/sg_inq --export /dev/sdbe' /lib/udev/rules.d/55-scsi-sg3_id.rules:10
Apr 14 10:10:06 ICTM1612S02H1 systemd-udevd[3144]: Process '/usr/bin/sg_inq --export --page=sn /dev/sdba' succeeded.
Apr 14 10:10:06 ICTM1612S02H1 systemd-udevd[3134]: value '[dmi/id]sys_vendor' is 'Dell Inc.'
Apr 14 10:10:06 ICTM1612S02H1 systemd-udevd[3688]: starting '/usr/bin/sg_inq --export /dev/sdbo'
Apr 14 10:10:06 ICTM1612S02H1 systemd-udevd[3118]: LINK 'disk/by-id/scsi-360080e500029092400008d545605f9a0' /lib/udev/rules.d/60-persistent-storage.rules:36
Apr 14 10:10:06 ICTM1612S02H1 systemd-udevd[3134]: handling device node '/dev/bsg/18:0:0:8', devnum=c249:106, mode=0600, uid=0, gid=0
Apr 14 10:10:06 ICTM1612S02H1 systemd-udevd[3123]: created empty file '/run/udev/data/c249:105' for '/devices/platform/host23/session8/target23:0:0/23:0:0:143/bsg/23:0:0:143'
Apr 14 10:10:06 ICTM1612S02H1 systemd-udevd[3135]: seq 5254 processed
Apr 14 10:10:06 ICTM1612S02H1 systemd-udevd[3073]: found 'b8:240' claiming '/run/udev/links/\x2fdisk\x2fby-id\x2fwwn-0x60080e500029092400008d525605f996'
Apr 14 10:10:06 ICTM1612S02H1 systemd-udevd[1486]: seq 5264 queued, 'add' 'bsg'
Apr 14 10:10:06 ICTM1612S02H1 systemd[1]: Sent message type=signal sender=n/a destination=n/a object=/org/freedesktop/systemd1 interface=org.freedesktop.systemd1.Manager member=UnitNew cookie=144 reply_cookie=0 error=n/a
Apr 14 10:10:06 ICTM1612S02H1 systemd-udevd[3090]: set permissions /dev/sg101, 020660, uid=0, gid=6
Apr 14 10:10:06 ICTM1612S02H1 systemd-udevd[3124]: set permissions /dev/sg102, 020660, uid=0, gid=6
Apr 14 10:10:06 ICTM1612S02H1 systemd-udevd[3139]: RUN 'kmod load $env{MODALIAS}' /lib/udev/rules.d/80-drivers.rules:5
Apr 14 10:10:06 ICTM1612S02H1 systemd-udevd[3144]: IMPORT '/usr/bin/sg_inq --export --page=di /dev/sdba' /lib/udev/rules.d/55-scsi-sg3_id.rules:21
Apr 14 10:10:06 ICTM1612S02H1 systemd-udevd[3118]: IMPORT builtin 'path_id' /lib/udev/rules.d/60-persistent-storage.rules:54
Apr 14 10:10:06 ICTM1612S02H1 systemd-udevd[3134]: preserve permissions /dev/bsg/18:0:0:8, 020600, uid=0, gid=0
Apr 14 10:10:06 ICTM1612S02H1 systemd-udevd[3130]: found 'b8:112' claiming '/run/udev/links/\x2fdisk\x2fby-id\x2fscsi-SNETAPP_INF-01-00_SR21500247'
Apr 14 10:10:06 ICTM1612S02H1 systemd-udevd[3123]: passed device to netlink monitor 0x565114758870
Apr 14 10:10:06 ICTM1612S02H1 systemd-udevd[3689]: starting '/usr/bin/sg_inq --export /dev/sdbe'
Apr 14 10:10:06 ICTM1612S02H1 systemd-udevd[1486]: seq 5265 queued, 'add' 'scsi'
Apr 14 10:10:06 ICTM1612S02H1 systemd-udevd[3090]: creating symlink '/dev/char/21:101' to '../sg101'
Apr 14 10:10:06 ICTM1612S02H1 systemd-udevd[3124]: creating symlink '/dev/char/21:102' to '../sg102'
Apr 14 10:10:06 ICTM1612S02H1 systemd-udevd[3124]: created empty file '/run/udev/data/c21:102' for '/devices/platform/host18/session3/target18:0:0/18:0:0:8/scsi_generic/sg102'
Apr 14 10:10:06 ICTM1612S02H1 systemd-udevd[3073]: creating link '/dev/disk/by-id/wwn-0x60080e500029092400008d525605f996' to '/dev/sdao'
Apr 14 10:10:06 ICTM1612S02H1 systemd-udevd[3134]: creating symlink '/dev/char/249:106' to '../bsg/18:0:0:8'
Apr 14 10:10:06 ICTM1612S02H1 systemd-udevd[3123]: seq 5250 processed
Apr 14 10:10:06 ICTM1612S02H1 systemd-udevd[3690]: starting '/usr/bin/sg_inq --export --page=di /dev/sdba'
Apr 14 10:10:06 ICTM1612S02H1 systemd-udevd[3130]: found 'b8:48' claiming '/run/udev/links/\x2fdisk\x2fby-id\x2fscsi-SNETAPP_INF-01-00_SR21500247'
Apr 14 10:10:06 ICTM1612S02H1 systemd-udevd[1486]: passed 210 byte device to netlink monitor 0x565114712ae0
Apr 14 10:10:06 ICTM1612S02H1 systemd-udevd[3118]: LINK 'disk/by-path/ip-fe80:0000:0000:0000:0192:0012:0022:0112:3260-iscsi-iqn.1992-08.com.netapp:5504.60080e5000290924000000005525f5de-lun-5' /lib/udev/rules.d/60-persistent-storage.rules:55
Apr 14 10:10:06 ICTM1612S02H1 systemd-udevd[3145]: seq 5265 running
Apr 14 10:10:06 ICTM1612S02H1 systemd-udevd[3090]: created empty file '/run/udev/data/c21:101' for '/devices/platform/host23/session8/target23:0:0/23:0:0:143/scsi_generic/sg101'
Apr 14 10:10:06 ICTM1612S02H1 systemd-udevd[3090]: passed device to netlink monitor 0x565114726620
Apr 14 10:10:06 ICTM1612S02H1 systemd-udevd[3139]: Execute 'load' 'scsi:t-0x00'
Apr 14 10:10:06 ICTM1612S02H1 systemd-udevd[3073]: atomically replace '/dev/disk/by-id/wwn-0x60080e500029092400008d525605f996'
Apr 14 10:10:06 ICTM1612S02H1 systemd-udevd[3134]: created empty file '/run/udev/data/c249:106' for '/devices/platform/host18/session3/target18:0:0/18:0:0:8/bsg/18:0:0:8'
Apr 14 10:10:06 ICTM1612S02H1 systemd-udevd[3139]: No module matches 'scsi:t-0x00'
Apr 14 10:10:06 ICTM1612S02H1 systemd-udevd[1486]: seq 5266 queued, 'add' 'scsi_disk'
Apr 14 10:10:06 ICTM1612S02H1 systemd-udevd[3124]: passed device to netlink monitor 0x565114744010
Apr 14 10:10:06 ICTM1612S02H1 systemd-udevd[3090]: seq 5249 processed
Apr 14 10:10:06 ICTM1612S02H1 systemd-udevd[3134]: passed device to netlink monitor 0x565114719d90
Apr 14 10:10:06 ICTM1612S02H1 systemd-udevd[3073]: creating link '/dev/disk/by-path/ip-fe80:0000:0000:0000:0192:0012:0021:0112:3260-iscsi-iqn.1992-08.com.netapp:5504.60080e5000290924000000005525f5de-lun-3' to '/dev/sdao'
Apr 14 10:10:06 ICTM1612S02H1 systemd-udevd[3118]: IMPORT builtin 'blkid' /lib/udev/rules.d/60-persistent-storage.rules:66
Apr 14 10:10:06 ICTM1612S02H1 systemd-udevd[3145]: value '[dmi/id]sys_vendor' is 'Dell Inc.'
Apr 14 10:10:06 ICTM1612S02H1 systemd-udevd[3139]: passed device to netlink monitor 0x565114779240
Apr 14 10:10:06 ICTM1612S02H1 systemd-udevd[1486]: seq 5267 queued, 'add' 'scsi_device'
Apr 14 10:10:06 ICTM1612S02H1 systemd-udevd[3130]: found 'b8:64' claiming '/run/udev/links/\x2fdisk\x2fby-id\x2fscsi-SNETAPP_INF-01-00_SR21500247'
Apr 14 10:10:06 ICTM1612S02H1 systemd-udevd[3124]: seq 5256 processed
Apr 14 10:10:06 ICTM1612S02H1 systemd-udevd[3134]: seq 5257 processed
Apr 14 10:10:06 ICTM1612S02H1 systemd-udevd[3073]: creating symlink '/dev/disk/by-path/ip-fe80:0000:0000:0000:0192:0012:0021:0112:3260-iscsi-iqn.1992-08.com.netapp:5504.60080e5000290924000000005525f5de-lun-3' to '../../sdao'
Apr 14 10:10:06 ICTM1612S02H1 systemd-udevd[3118]: probe /dev/sdav raid offset=0
Apr 14 10:10:06 ICTM1612S02H1 systemd-udevd[3145]: value '[dmi/id]sys_vendor' is 'Dell Inc.'
Apr 14 10:10:06 ICTM1612S02H1 systemd-udevd[3130]: found 'b8:16' claiming '/run/udev/links/\x2fdisk\x2fby-id\x2fscsi-SNETAPP_INF-01-00_SR21500247'
Apr 14 10:10:06 ICTM1612S02H1 systemd-udevd[1486]: seq 5268 queued, 'add' 'scsi_generic'
Apr 14 10:10:06 ICTM1612S02H1 systemd-udevd[3145]: IMPORT builtin 'hwdb' /lib/udev/rules.d/50-udev-default.rules:15
Apr 14 10:10:06 ICTM1612S02H1 systemd-udevd[3139]: seq 5260 processed
Apr 14 10:10:06 ICTM1612S02H1 systemd-udevd[3073]: created db file '/run/udev/data/b66:128' for '/devices/platform/host18/session3/target18:0:0/18:0:0:3/block/sdao'
Apr 14 10:10:06 ICTM1612S02H1 systemd-udevd[3138]: '/usr/bin/sg_inq --export /dev/sdbo'(out) 'SCSI_TPGS=0'
Apr 14 10:10:06 ICTM1612S02H1 systemd-udevd[1486]: seq 5269 queued, 'add' 'bsg'
Apr 14 10:10:06 ICTM1612S02H1 systemd-udevd[3145]: IMPORT builtin 'hwdb' returned non-zero
Apr 14 10:10:06 ICTM1612S02H1 systemd-udevd[3130]: creating link '/dev/disk/by-id/scsi-SNETAPP_INF-01-00_SR21500247' to '/dev/sdah'
Apr 14 10:10:06 ICTM1612S02H1 systemd-udevd[3144]: '/usr/bin/sg_inq --export --page=di /dev/sdba'(out) 'SCSI_IDENT_LUN_NAA=60080e5000290b5400008a315605fd95'
Apr 14 10:10:06 ICTM1612S02H1 systemd-udevd[3112]: '/usr/bin/sg_inq --export /dev/sdbe'(out) 'SCSI_TPGS=0'
Apr 14 10:10:06 ICTM1612S02H1 systemd-udevd[3138]: '/usr/bin/sg_inq --export /dev/sdbo'(out) 'SCSI_TYPE=disk'
Apr 14 10:10:06 ICTM1612S02H1 systemd-udevd[1486]: passed 196 byte device to netlink monitor 0x565114712ae0
Apr 14 10:10:06 ICTM1612S02H1 systemd-udevd[3135]: seq 5261 running
Apr 14 10:10:06 ICTM1612S02H1 systemd-udevd[3145]: path '[module/sg](null)' is '/sys/module/sg'
Apr 14 10:10:06 ICTM1612S02H1 systemd-udevd[3130]: atomically replace '/dev/disk/by-id/scsi-SNETAPP_INF-01-00_SR21500247'
Apr 14 10:10:06 ICTM1612S02H1 systemd-udevd[3144]: '/usr/bin/sg_inq --export --page=di /dev/sdba'(out) 'SCSI_IDENT_PORT_RELATIVE=32769'
Apr 14 10:10:06 ICTM1612S02H1 systemd-udevd[3135]: value '[dmi/id]sys_vendor' is 'Dell Inc.'
Apr 14 10:10:06 ICTM1612S02H1 systemd-udevd[3135]: value '[dmi/id]sys_vendor' is 'Dell Inc.'
Apr 14 10:10:06 ICTM1612S02H1 systemd-udevd[3112]: '/usr/bin/sg_inq --export /dev/sdbe'(out) 'SCSI_TYPE=disk'
Apr 14 10:10:06 ICTM1612S02H1 systemd-udevd[1486]: passed 200 byte device to netlink monitor 0x565114712ae0
Apr 14 10:10:06 ICTM1612S02H1 systemd-udevd[3102]: seq 5262 running
Apr 14 10:10:06 ICTM1612S02H1 systemd-udevd[3145]: RUN 'kmod load $env{MODALIAS}' /lib/udev/rules.d/80-drivers.rules:5
Apr 14 10:10:06 ICTM1612S02H1 systemd-udevd[3130]: found 'b66:128' claiming '/run/udev/links/\x2fdisk\x2fby-id\x2fwwn-0x60080e500029092400008d525605f996'
Apr 14 10:10:06 ICTM1612S02H1 systemd-udevd[3073]: adding watch on '/dev/sdao'
Apr 14 10:10:06 ICTM1612S02H1 systemd-udevd[3144]: Process '/usr/bin/sg_inq --export --page=di /dev/sdba' succeeded.
Apr 14 10:10:06 ICTM1612S02H1 systemd-udevd[3138]: '/usr/bin/sg_inq --export /dev/sdbo'(out) 'SCSI_VENDOR=NETAPP'
Apr 14 10:10:06 ICTM1612S02H1 systemd-udevd[3144]: PROGRAM '/sbin/multipath -c /dev/sdba' /lib/udev/rules.d/56-dm-mpath-lvm.rules:21
Apr 14 10:10:06 ICTM1612S02H1 systemd-udevd[1486]: passed 235 byte device to netlink monitor 0x565114712ae0
Apr 14 10:10:06 ICTM1612S02H1 systemd-udevd[3135]: passed device to netlink monitor 0x56511476c140
Apr 14 10:10:06 ICTM1612S02H1 systemd-udevd[3090]: seq 5263 running
Apr 14 10:10:06 ICTM1612S02H1 systemd-udevd[3145]: Execute 'load' 'scsi:t-0x00'
Apr 14 10:10:06 ICTM1612S02H1 systemd-udevd[3138]: '/usr/bin/sg_inq --export /dev/sdbo'(out) 'SCSI_VENDOR_ENC=NETAPP\x20\x20'
Apr 14 10:10:06 ICTM1612S02H1 systemd-udevd[3073]: created db file '/run/udev/data/b66:128' for '/devices/platform/host18/session3/target18:0:0/18:0:0:3/block/sdao'
Apr 14 10:10:06 ICTM1612S02H1 systemd-udevd[3112]: '/usr/bin/sg_inq --export /dev/sdbe'(out) 'SCSI_VENDOR=NETAPP'
Apr 14 10:10:06 ICTM1612S02H1 systemd-udevd[1486]: passed 232 byte device to netlink monitor 0x565114712ae0
Apr 14 10:10:06 ICTM1612S02H1 systemd-udevd[3130]: found 'b65:80' claiming '/run/udev/links/\x2fdisk\x2fby-id\x2fwwn-0x60080e500029092400008d525605f996'
Apr 14 10:10:06 ICTM1612S02H1 systemd-udevd[3135]: seq 5261 processed
Apr 14 10:10:06 ICTM1612S02H1 systemd-udevd[3113]: seq 5264 running
Apr 14 10:10:06 ICTM1612S02H1 systemd-udevd[3145]: No module matches 'scsi:t-0x00'
Apr 14 10:10:06 ICTM1612S02H1 systemd-udevd[3138]: '/usr/bin/sg_inq --export /dev/sdbo'(out) 'SCSI_MODEL=INF-01-00'
Apr 14 10:10:06 ICTM1612S02H1 systemd-udevd[3102]: value '[dmi/id]sys_vendor' is 'Dell Inc.'
Apr 14 10:10:06 ICTM1612S02H1 systemd-udevd[3130]: found 'b8:240' claiming '/run/udev/links/\x2fdisk\x2fby-id\x2fwwn-0x60080e500029092400008d525605f996'
Apr 14 10:10:06 ICTM1612S02H1 systemd-udevd[3112]: '/usr/bin/sg_inq --export /dev/sdbe'(out) 'SCSI_VENDOR_ENC=NETAPP\x20\x20'
Apr 14 10:10:06 ICTM1612S02H1 systemd-udevd[3112]: '/usr/bin/sg_inq --export /dev/sdbe'(out) 'SCSI_MODEL=INF-01-00'
Apr 14 10:10:06 ICTM1612S02H1 systemd-udevd[3073]: passed device to netlink monitor 0x565114710f20
Apr 14 10:10:06 ICTM1612S02H1 systemd-udevd[3145]: passed device to netlink monitor 0x56511477ed60
Apr 14 10:10:06 ICTM1612S02H1 systemd-udevd[3138]: '/usr/bin/sg_inq --export /dev/sdbo'(out) 'SCSI_MODEL_ENC=INF-01-00\x20\x20\x20\x20\x20\x20\x20'
Apr 14 10:10:06 ICTM1612S02H1 systemd-udevd[3131]: LINK 'disk/by-id/wwn-0x60080e500029092400008d545605f9a0' /lib/udev/rules.d/60-persistent-storage.rules:73
Apr 14 10:10:06 ICTM1612S02H1 systemd-udevd[3090]: value '[dmi/id]sys_vendor' is 'Dell Inc.'
Apr 14 10:10:06 ICTM1612S02H1 systemd-udevd[3131]: IMPORT 'probe-bcache -o udev /dev/sdas' /lib/udev/rules.d/69-bcache.rules:16
Apr 14 10:10:06 ICTM1612S02H1 systemd-udevd[1486]: seq 5270 queued, 'add' 'bdi'
Apr 14 10:10:06 ICTM1612S02H1 systemd-udevd[3090]: value '[dmi/id]sys_vendor' is 'Dell Inc.'
Apr 14 10:10:06 ICTM1612S02H1 systemd-udevd[3123]: seq 5270 running
Apr 14 10:10:06 ICTM1612S02H1 systemd-udevd[3090]: GROUP 6 /lib/udev/rules.d/50-udev-default.rules:63
Apr 14 10:10:06 ICTM1612S02H1 systemd-udevd[3102]: value '[dmi/id]sys_vendor' is 'Dell Inc.'
Apr 14 10:10:06 ICTM1612S02H1 systemd-udevd[3145]: seq 5265 processed
Apr 14 10:10:06 ICTM1612S02H1 systemd-udevd[3123]: value '[dmi/id]sys_vendor' is 'Dell Inc.'
Apr 14 10:10:06 ICTM1612S02H1 systemd-udevd[3691]: starting '/sbin/multipath -c /dev/sdba'
Apr 14 10:10:06 ICTM1612S02H1 systemd-udevd[3130]: creating link '/dev/disk/by-id/wwn-0x60080e500029092400008d525605f996' to '/dev/sdah'
Apr 14 10:10:06 ICTM1612S02H1 systemd-udevd[3113]: value '[dmi/id]sys_vendor' is 'Dell Inc.'
Apr 14 10:10:06 ICTM1612S02H1 systemd-udevd[1486]: passed 139 byte device to netlink monitor 0x565114712ae0
Apr 14 10:10:06 ICTM1612S02H1 systemd-udevd[3113]: value '[dmi/id]sys_vendor' is 'Dell Inc.'
Apr 14 10:10:06 ICTM1612S02H1 systemd-udevd[3145]: seq 5266 running
Apr 14 10:10:06 ICTM1612S02H1 systemd-udevd[3073]: seq 5168 processed
Apr 14 10:10:06 ICTM1612S02H1 systemd-udevd[3090]: handling device node '/dev/sg103', devnum=c21:103, mode=0660, uid=0, gid=6
Apr 14 10:10:06 ICTM1612S02H1 systemd-udevd[3138]: '/usr/bin/sg_inq --export /dev/sdbo'(out) 'SCSI_REVISION=9825'
Apr 14 10:10:06 ICTM1612S02H1 systemd-udevd[3123]: value '[dmi/id]sys_vendor' is 'Dell Inc.'
Apr 14 10:10:06 ICTM1612S02H1 systemd-udevd[3102]: passed device to netlink monitor 0x5651147277a0
Apr 14 10:10:06 ICTM1612S02H1 systemd-udevd[3692]: starting 'probe-bcache -o udev /dev/sdas'
Apr 14 10:10:06 ICTM1612S02H1 systemd-udevd[3130]: atomically replace '/dev/disk/by-id/wwn-0x60080e500029092400008d525605f996'
Apr 14 10:10:06 ICTM1612S02H1 systemd[1]: dev-disk-by\x2did-scsi\x2dSNETAPP_INF\x2d01\x2d00_SR21500107.device: Dev dev-disk-by\x2did-scsi\x2dSNETAPP_INF\x2d01\x2d00_SR21500107.device appeared twice with different sysfs paths /sys/devices/platform/host17/session2/target17:0:0/17:0:0:1/block/sdg and /sys/devices/platform/host18/session3/target18:0:0/18:0:0:3/block/sdao
Apr 14 10:10:06 ICTM1612S02H1 systemd-udevd[1486]: passed 194 byte device to netlink monitor 0x565114712ae0
Apr 14 10:10:06 ICTM1612S02H1 systemd-udevd[3135]: seq 5267 running
Apr 14 10:10:06 ICTM1612S02H1 systemd-udevd[3112]: '/usr/bin/sg_inq --export /dev/sdbe'(out) 'SCSI_MODEL_ENC=INF-01-00\x20\x20\x20\x20\x20\x20\x20'
Apr 14 10:10:06 ICTM1612S02H1 systemd-udevd[3090]: set permissions /dev/sg103, 020660, uid=0, gid=6
Apr 14 10:10:06 ICTM1612S02H1 systemd-udevd[3138]: Process '/usr/bin/sg_inq --export /dev/sdbo' succeeded.
Apr 14 10:10:06 ICTM1612S02H1 systemd-udevd[3102]: seq 5262 processed
Apr 14 10:10:06 ICTM1612S02H1 systemd-udevd[3123]: passed device to netlink monitor 0x565114758870
Apr 14 10:10:06 ICTM1612S02H1 systemd-udevd[3145]: value '[dmi/id]sys_vendor' is 'Dell Inc.'
Apr 14 10:10:06 ICTM1612S02H1 systemd-udevd[3130]: creating link '/dev/disk/by-path/ip-fe80:0000:0000:0000:0192:0012:0022:0111:3260-iscsi-iqn.1992-08.com.netapp:5504.60080e5000290924000000005525f5de-lun-3' to '/dev/sdah'
Apr 14 10:10:06 ICTM1612S02H1 systemd-udevd[3145]: value '[dmi/id]sys_vendor' is 'Dell Inc.'
Apr 14 10:10:06 ICTM1612S02H1 systemd-udevd[3113]: handling device node '/dev/bsg/22:0:0:146', devnum=c249:107, mode=0600, uid=0, gid=0
Apr 14 10:10:06 ICTM1612S02H1 systemd-udevd[3112]: '/usr/bin/sg_inq --export /dev/sdbe'(out) 'SCSI_REVISION=9820'
Apr 14 10:10:06 ICTM1612S02H1 systemd-udevd[3090]: creating symlink '/dev/char/21:103' to '../sg103'
Apr 14 10:10:06 ICTM1612S02H1 systemd-udevd[3123]: seq 5270 processed
Apr 14 10:10:06 ICTM1612S02H1 systemd-udevd[3138]: IMPORT '/usr/bin/sg_inq --export --page=sn /dev/sdbo' /lib/udev/rules.d/55-scsi-sg3_id.rules:19
Apr 14 10:10:06 ICTM1612S02H1 systemd-udevd[3135]: value '[dmi/id]sys_vendor' is 'Dell Inc.'
Apr 14 10:10:06 ICTM1612S02H1 systemd-udevd[3130]: creating symlink '/dev/disk/by-path/ip-fe80:0000:0000:0000:0192:0012:0022:0111:3260-iscsi-iqn.1992-08.com.netapp:5504.60080e5000290924000000005525f5de-lun-3' to '../../sdah'
Apr 14 10:10:06 ICTM1612S02H1 systemd-udevd[1486]: passed 198 byte device to netlink monitor 0x565114712ae0
Apr 14 10:10:06 ICTM1612S02H1 systemd-udevd[3113]: preserve permissions /dev/bsg/22:0:0:146, 020600, uid=0, gid=0
Apr 14 10:10:06 ICTM1612S02H1 systemd-udevd[3139]: seq 5268 running
Apr 14 10:10:06 ICTM1612S02H1 systemd-udevd[3112]: Process '/usr/bin/sg_inq --export /dev/sdbe' succeeded.
Apr 14 10:10:06 ICTM1612S02H1 systemd-udevd[3090]: created empty file '/run/udev/data/c21:103' for '/devices/platform/host22/session7/target22:0:0/22:0:0:146/scsi_generic/sg103'
Apr 14 10:10:06 ICTM1612S02H1 systemd[1]: dev-disk-by\x2dpath-ip\x2dfe80:0000:0000:0000:0192:0012:0021:0112:3260\x2discsi\x2diqn.1992\x2d08.com.netapp:5504.60080e5000290924000000005525f5de\x2dlun\x2d3.device: Changed dead -> plugged
Apr 14 10:10:06 ICTM1612S02H1 systemd-udevd[3135]: value '[dmi/id]sys_vendor' is 'Dell Inc.'
Apr 14 10:10:06 ICTM1612S02H1 systemd-udevd[1486]: passed 234 byte device to netlink monitor 0x565114712ae0
Apr 14 10:10:06 ICTM1612S02H1 systemd-udevd[3113]: creating symlink '/dev/char/249:107' to '../bsg/22:0:0:146'
Apr 14 10:10:06 ICTM1612S02H1 kernel: [ 56.601710] sd 17:0:0:122: [sdgu] Attached SCSI disk
Apr 14 10:10:06 ICTM1612S02H1 systemd-udevd[3113]: created empty file '/run/udev/data/c249:107' for '/devices/platform/host22/session7/target22:0:0/22:0:0:146/bsg/22:0:0:146'
Apr 14 10:10:06 ICTM1612S02H1 systemd-udevd[3130]: created db file '/run/udev/data/b66:16' for '/devices/platform/host19/session4/target19:0:0/19:0:0:3/block/sdah'
Apr 14 10:10:06 ICTM1612S02H1 systemd-udevd[3090]: passed device to netlink monitor 0x565114726620
Apr 14 10:10:06 ICTM1612S02H1 systemd[1]: dev-sdao.device: Changed dead -> plugged
Apr 14 10:10:06 ICTM1612S02H1 systemd-udevd[3693]: starting '/usr/bin/sg_inq --export --page=sn /dev/sdbo'
Apr 14 10:10:06 ICTM1612S02H1 systemd-udevd[3139]: value '[dmi/id]sys_vendor' is 'Dell Inc.'
Apr 14 10:10:06 ICTM1612S02H1 systemd-udevd[1486]: passed 229 byte device to netlink monitor 0x565114712ae0
Apr 14 10:10:06 ICTM1612S02H1 systemd-udevd[3124]: seq 5269 running
Apr 14 10:10:06 ICTM1612S02H1 systemd-udevd[3135]: passed device to netlink monitor 0x56511476c140
Apr 14 10:10:06 ICTM1612S02H1 systemd-udevd[3145]: passed device to netlink monitor 0x56511477ed60
Apr 14 10:10:06 ICTM1612S02H1 systemd-udevd[3113]: passed device to netlink monitor 0x565114729780
Apr 14 10:10:06 ICTM1612S02H1 systemd-udevd[3130]: adding watch on '/dev/sdah'
Apr 14 10:10:06 ICTM1612S02H1 systemd-udevd[3090]: seq 5263 processed
Apr 14 10:10:06 ICTM1612S02H1 systemd[1]: sys-devices-platform-host18-session3-target18:0:0-18:0:0:3-block-sdao.device: Changed dead -> plugged
Apr 14 10:10:06 ICTM1612S02H1 systemd[1]: Sent message type=signal sender=n/a destination=n/a object=/org/freedesktop/systemd1 interface=org.freedesktop.systemd1.Manager member=UnitNew cookie=145 reply_cookie=0 error=n/a
Apr 14 10:10:06 ICTM1612S02H1 systemd-udevd[3139]: value '[dmi/id]sys_vendor' is 'Dell Inc.'
Apr 14 10:10:06 ICTM1612S02H1 systemd-udevd[1486]: seq 5271 queued, 'add' 'bdi'
Apr 14 10:10:06 ICTM1612S02H1 systemd-udevd[3131]: Process 'probe-bcache -o udev /dev/sdas' succeeded.
Apr 14 10:10:06 ICTM1612S02H1 systemd-udevd[3145]: seq 5266 processed
Apr 14 10:10:06 ICTM1612S02H1 systemd-udevd[3113]: seq 5264 processed
Apr 14 10:10:06 ICTM1612S02H1 systemd-udevd[3124]: value '[dmi/id]sys_vendor' is 'Dell Inc.'
Apr 14 10:10:06 ICTM1612S02H1 systemd-udevd[3130]: created db file '/run/udev/data/b66:16' for '/devices/platform/host19/session4/target19:0:0/19:0:0:3/block/sdah'
Apr 14 10:10:06 ICTM1612S02H1 systemd[1]: Sent message type=signal sender=n/a destination=n/a object=/org/freedesktop/systemd1 interface=org.freedesktop.systemd1.Manager member=UnitNew cookie=146 reply_cookie=0 error=n/a
Apr 14 10:10:06 ICTM1612S02H1 systemd[1]: Sent message type=signal sender=n/a destination=n/a object=/org/freedesktop/systemd1 interface=org.freedesktop.systemd1.Manager member=UnitNew cookie=147 reply_cookie=0 error=n/a
Apr 14 10:10:06 ICTM1612S02H1 systemd-udevd[1486]: passed 138 byte device to netlink monitor 0x565114712ae0
Apr 14 10:10:06 ICTM1612S02H1 systemd-udevd[3134]: seq 5271 running
Apr 14 10:10:06 ICTM1612S02H1 systemd-udevd[3139]: GROUP 6 /lib/udev/rules.d/50-udev-default.rules:63
Apr 14 10:10:06 ICTM1612S02H1 systemd-udevd[3130]: passed device to netlink monitor 0x565114760a80
Apr 14 10:10:06 ICTM1612S02H1 systemd[1]: dev-disk-by\x2did-scsi\x2d360080e500029092400008d525605f996.device: Dev dev-disk-by\x2did-scsi\x2d360080e500029092400008d525605f996.device appeared twice with different sysfs paths /sys/devices/platform/host16/session1/target16:0:0/16:0:0:3/block/sdp and /sys/devices/platform/host19/session4/target19:0:0/19:0:0:3/block/sdah
Apr 14 10:10:06 ICTM1612S02H1 systemd-udevd[3124]: value '[dmi/id]sys_vendor' is 'Dell Inc.'
Apr 14 10:10:06 ICTM1612S02H1 systemd-udevd[3112]: IMPORT '/usr/bin/sg_inq --export --page=sn /dev/sdbe' /lib/udev/rules.d/55-scsi-sg3_id.rules:19
Apr 14 10:10:06 ICTM1612S02H1 systemd-udevd[3110]: LINK 'disk/by-id/wwn-0x60080e5000290b5400008a315605fd95' /lib/udev/rules.d/60-persistent-storage.rules:73
Apr 14 10:10:06 ICTM1612S02H1 systemd-udevd[1486]: seq 5272 queued, 'add' 'bdi'
Apr 14 10:10:06 ICTM1612S02H1 systemd-udevd[3130]: seq 5144 processed
Apr 14 10:10:06 ICTM1612S02H1 systemd-udevd[3073]: seq 5272 running
Apr 14 10:10:06 ICTM1612S02H1 systemd-udevd[3139]: handling device node '/dev/sg104', devnum=c21:104, mode=0660, uid=0, gid=6
Apr 14 10:10:06 ICTM1612S02H1 systemd-udevd[3134]: value '[dmi/id]sys_vendor' is 'Dell Inc.'
Apr 14 10:10:06 ICTM1612S02H1 systemd-udevd[3131]: ATTR '/sys/devices/platform/host16/session1/target16:0:0/16:0:0:5/block/sdas/queue/max_sectors_kb' writing '32767' /etc/udev/rules.d/99-largeio-udev.rules:1
Apr 14 10:10:06 ICTM1612S02H1 systemd[1]: dev-disk-by\x2did-scsi\x2dSNETAPP_INF\x2d01\x2d00_SR21500247.device: Dev dev-disk-by\x2did-scsi\x2dSNETAPP_INF\x2d01\x2d00_SR21500247.device appeared twice with different sysfs paths /sys/devices/platform/host16/session1/target16:0:0/16:0:0:0/block/sdb and /sys/devices/platform/host19/session4/target19:0:0/19:0:0:3/block/sdah
Apr 14 10:10:06 ICTM1612S02H1 systemd-udevd[3144]: '/sbin/multipath -c /dev/sdba'(out) '/dev/sdba is not a valid multipath device path'
Apr 14 10:10:06 ICTM1612S02H1 systemd-udevd[3124]: handling device node '/dev/bsg/16:0:0:10', devnum=c249:108, mode=0600, uid=0, gid=0
Apr 14 10:10:06 ICTM1612S02H1 systemd-udevd[3138]: '/usr/bin/sg_inq --export --page=sn /dev/sdbo'(out) 'SCSI_IDENT_SERIAL=021414003152'
Apr 14 10:10:06 ICTM1612S02H1 systemd-udevd[1486]: passed 138 byte device to netlink monitor 0x565114712ae0
Apr 14 10:10:06 ICTM1612S02H1 systemd-udevd[3110]: IMPORT 'probe-bcache -o udev /dev/sdat' /lib/udev/rules.d/69-bcache.rules:16
Apr 14 10:10:06 ICTM1612S02H1 systemd-udevd[3135]: seq 5267 processed
Apr 14 10:10:06 ICTM1612S02H1 systemd-udevd[3139]: set permissions /dev/sg104, 020660, uid=0, gid=6
Apr 14 10:10:06 ICTM1612S02H1 systemd[1]: dev-disk-by\x2did-wwn\x2d0x60080e500029092400008d525605f996.device: Dev dev-disk-by\x2did-wwn\x2d0x60080e500029092400008d525605f996.device appeared twice with different sysfs paths /sys/devices/platform/host16/session1/target16:0:0/16:0:0:3/block/sdp and /sys/devices/platform/host19/session4/target19:0:0/19:0:0:3/block/sdah
Apr 14 10:10:06 ICTM1612S02H1 systemd-udevd[3694]: starting '/usr/bin/sg_inq --export --page=sn /dev/sdbe'
Apr 14 10:10:06 ICTM1612S02H1 systemd-udevd[3134]: value '[dmi/id]sys_vendor' is 'Dell Inc.'
Apr 14 10:10:06 ICTM1612S02H1 systemd-udevd[3131]: handling device node '/dev/sdas', devnum=b66:192, mode=0660, uid=0, gid=6
Apr 14 10:10:06 ICTM1612S02H1 systemd-udevd[3134]: passed device to netlink monitor 0x565114719d90
Apr 14 10:10:06 ICTM1612S02H1 systemd-udevd[3073]: value '[dmi/id]sys_vendor' is 'Dell Inc.'
Apr 14 10:10:06 ICTM1612S02H1 systemd-udevd[3144]: Process '/sbin/multipath -c /dev/sdba' failed with exit code 1.
Apr 14 10:10:06 ICTM1612S02H1 systemd-udevd[3073]: value '[dmi/id]sys_vendor' is 'Dell Inc.'
Apr 14 10:10:06 ICTM1612S02H1 systemd-udevd[1486]: seq 5273 queued, 'add' 'scsi'
Apr 14 10:10:06 ICTM1612S02H1 systemd-udevd[3139]: creating symlink '/dev/char/21:104' to '../sg104'
Apr 14 10:10:06 ICTM1612S02H1 systemd-udevd[3695]: starting 'probe-bcache -o udev /dev/sdat'
Apr 14 10:10:06 ICTM1612S02H1 systemd-udevd[3131]: set permissions /dev/sdas, 060660, uid=0, gid=6
Apr 14 10:10:06 ICTM1612S02H1 systemd-udevd[3131]: creating symlink '/dev/block/66:192' to '../sdas'
Apr 14 10:10:06 ICTM1612S02H1 systemd-udevd[3124]: preserve permissions /dev/bsg/16:0:0:10, 020600, uid=0, gid=0
Apr 14 10:10:06 ICTM1612S02H1 systemd-udevd[3138]: Process '/usr/bin/sg_inq --export --page=sn /dev/sdbo' succeeded.
Apr 14 10:10:06 ICTM1612S02H1 systemd-udevd[3144]: LINK 'disk/by-id/scsi-SNETAPP_INF-01-00_SR21500107' /lib/udev/rules.d/58-scsi-sg3_symlink.rules:12
Apr 14 10:10:06 ICTM1612S02H1 systemd-udevd[1486]: passed 211 byte device to netlink monitor 0x565114712ae0
Apr 14 10:10:06 ICTM1612S02H1 systemd-udevd[3073]: passed device to netlink monitor 0x565114710f20
Apr 14 10:10:06 ICTM1612S02H1 systemd-udevd[3145]: seq 5273 running
Apr 14 10:10:06 ICTM1612S02H1 systemd-udevd[3139]: created empty file '/run/udev/data/c21:104' for '/devices/platform/host16/session1/target16:0:0/16:0:0:10/scsi_generic/sg104'
Apr 14 10:10:06 ICTM1612S02H1 systemd-udevd[3139]: passed device to netlink monitor 0x565114779240
Apr 14 10:10:06 ICTM1612S02H1 systemd-udevd[3131]: creating link '/dev/disk/by-id/scsi-360080e500029092400008d545605f9a0' to '/dev/sdas'
Apr 14 10:10:06 ICTM1612S02H1 systemd-udevd[3124]: creating symlink '/dev/char/249:108' to '../bsg/16:0:0:10'
Apr 14 10:10:06 ICTM1612S02H1 systemd-udevd[3138]: IMPORT '/usr/bin/sg_inq --export --page=di /dev/sdbo' /lib/udev/rules.d/55-scsi-sg3_id.rules:21
Apr 14 10:10:06 ICTM1612S02H1 systemd-udevd[3144]: LINK 'disk/by-id/scsi-360080e5000290b5400008a315605fd95' /lib/udev/rules.d/58-scsi-sg3_symlink.rules:15
Apr 14 10:10:06 ICTM1612S02H1 systemd[1]: dev-disk-by\x2dpath-ip\x2dfe80:0000:0000:0000:0192:0012:0022:0111:3260\x2discsi\x2diqn.1992\x2d08.com.netapp:5504.60080e5000290924000000005525f5de\x2dlun\x2d3.device: Changed dead -> plugged
Apr 14 10:10:06 ICTM1612S02H1 systemd-udevd[3073]: seq 5272 processed
Apr 14 10:10:06 ICTM1612S02H1 systemd-udevd[1486]: seq 5274 queued, 'add' 'scsi_disk'
Apr 14 10:10:06 ICTM1612S02H1 systemd-udevd[3139]: seq 5268 processed
Apr 14 10:10:06 ICTM1612S02H1 systemd-udevd[3134]: seq 5271 processed
Apr 14 10:10:06 ICTM1612S02H1 systemd-udevd[3131]: creating symlink '/dev/disk/by-id/scsi-360080e500029092400008d545605f9a0' to '../../sdas'
Apr 14 10:10:06 ICTM1612S02H1 systemd-udevd[3124]: created empty file '/run/udev/data/c249:108' for '/devices/platform/host16/session1/target16:0:0/16:0:0:10/bsg/16:0:0:10'
Apr 14 10:10:06 ICTM1612S02H1 systemd-udevd[3145]: value '[dmi/id]sys_vendor' is 'Dell Inc.'
Apr 14 10:10:06 ICTM1612S02H1 systemd-udevd[3144]: LINK 'disk/by-id/scsi-360080e5000290b5400008a315605fd95' /lib/udev/rules.d/60-persistent-storage.rules:36
Apr 14 10:10:06 ICTM1612S02H1 systemd[1]: dev-sdah.device: Changed dead -> plugged
Apr 14 10:10:06 ICTM1612S02H1 systemd-udevd[1486]: seq 5275 queued, 'add' 'scsi_device'
Apr 14 10:10:06 ICTM1612S02H1 systemd-udevd[3696]: starting '/usr/bin/sg_inq --export --page=di /dev/sdbo'
Apr 14 10:10:06 ICTM1612S02H1 systemd-udevd[3124]: passed device to netlink monitor 0x565114744010
Apr 14 10:10:06 ICTM1612S02H1 systemd-udevd[3131]: found 'b66:16' claiming '/run/udev/links/\x2fdisk\x2fby-id\x2fscsi-SNETAPP_INF-01-00_SR21500247'
Apr 14 10:10:06 ICTM1612S02H1 systemd-udevd[3145]: value '[dmi/id]sys_vendor' is 'Dell Inc.'
Apr 14 10:10:06 ICTM1612S02H1 systemd-udevd[3144]: IMPORT builtin 'path_id' /lib/udev/rules.d/60-persistent-storage.rules:54
Apr 14 10:10:06 ICTM1612S02H1 systemd[1]: sys-devices-platform-host19-session4-target19:0:0-19:0:0:3-block-sdah.device: Changed dead -> plugged
Apr 14 10:10:06 ICTM1612S02H1 systemd-udevd[3124]: seq 5269 processed
Apr 14 10:10:06 ICTM1612S02H1 systemd-udevd[1486]: seq 5276 queued, 'add' 'block'
Apr 14 10:10:06 ICTM1612S02H1 systemd-udevd[3145]: IMPORT builtin 'hwdb' /lib/udev/rules.d/50-udev-default.rules:15
Apr 14 10:10:06 ICTM1612S02H1 systemd[1]: Sent message type=signal sender=n/a destination=n/a object=/org/freedesktop/systemd1 interface=org.freedesktop.systemd1.Manager member=UnitNew cookie=148 reply_cookie=0 error=n/a
Apr 14 10:10:06 ICTM1612S02H1 systemd-udevd[1486]: passed 232 byte device to netlink monitor 0x565114712ae0
Apr 14 10:10:06 ICTM1612S02H1 systemd-udevd[3131]: found 'b65:208' claiming '/run/udev/links/\x2fdisk\x2fby-id\x2fscsi-SNETAPP_INF-01-00_SR21500247'
Apr 14 10:10:06 ICTM1612S02H1 systemd[1]: Sent message type=signal sender=n/a destination=n/a object=/org/freedesktop/systemd1 interface=org.freedesktop.systemd1.Manager member=UnitNew cookie=149 reply_cookie=0 error=n/a
Apr 14 10:10:06 ICTM1612S02H1 systemd-udevd[3112]: '/usr/bin/sg_inq --export --page=sn /dev/sdbe'(out) 'SCSI_IDENT_SERIAL=SR21500247'
Apr 14 10:10:06 ICTM1612S02H1 systemd-udevd[3073]: seq 5276 running
Apr 14 10:10:06 ICTM1612S02H1 systemd-udevd[1486]: seq 5277 queued, 'add' 'scsi'
Apr 14 10:10:06 ICTM1612S02H1 systemd-udevd[3112]: Process '/usr/bin/sg_inq --export --page=sn /dev/sdbe' succeeded.
Apr 14 10:10:06 ICTM1612S02H1 systemd-udevd[3145]: IMPORT builtin 'hwdb' returned non-zero
Apr 14 10:10:06 ICTM1612S02H1 systemd-udevd[1486]: passed 210 byte device to netlink monitor 0x565114712ae0
Apr 14 10:10:06 ICTM1612S02H1 systemd-udevd[3131]: found 'b65:32' claiming '/run/udev/links/\x2fdisk\x2fby-id\x2fscsi-SNETAPP_INF-01-00_SR21500247'
Apr 14 10:10:06 ICTM1612S02H1 systemd[1]: Sent message type=signal sender=n/a destination=n/a object=/org/freedesktop/systemd1 interface=org.freedesktop.systemd1.Manager member=UnitNew cookie=150 reply_cookie=0 error=n/a
Apr 14 10:10:06 ICTM1612S02H1 systemd-udevd[3135]: seq 5277 running
Apr 14 10:10:06 ICTM1612S02H1 systemd-udevd[3112]: IMPORT '/usr/bin/sg_inq --export --page=di /dev/sdbe' /lib/udev/rules.d/55-scsi-sg3_id.rules:21
Apr 14 10:10:06 ICTM1612S02H1 systemd-udevd[3131]: found 'b8:240' claiming '/run/udev/links/\x2fdisk\x2fby-id\x2fscsi-SNETAPP_INF-01-00_SR21500247'
Apr 14 10:10:06 ICTM1612S02H1 systemd-udevd[3145]: path '[module/sg](null)' is '/sys/module/sg'
Apr 14 10:10:06 ICTM1612S02H1 systemd-udevd[3145]: RUN 'kmod load $env{MODALIAS}' /lib/udev/rules.d/80-drivers.rules:5
Apr 14 10:10:06 ICTM1612S02H1 systemd-udevd[3144]: LINK 'disk/by-path/ip-fe80:0000:0000:0000:0192:0012:0021:0112:3260-iscsi-iqn.1992-08.com.netapp:5504.60080e5000290924000000005525f5de-lun-4' /lib/udev/rules.d/60-persistent-storage.rules:55
Apr 14 10:10:06 ICTM1612S02H1 systemd-udevd[3145]: Execute 'load' 'scsi:t-0x00'
Apr 14 10:10:06 ICTM1612S02H1 systemd-udevd[1486]: seq 5278 queued, 'add' 'scsi_generic'
Apr 14 10:10:06 ICTM1612S02H1 systemd-udevd[3144]: IMPORT builtin 'blkid' /lib/udev/rules.d/60-persistent-storage.rules:66
Apr 14 10:10:06 ICTM1612S02H1 systemd-udevd[3145]: No module matches 'scsi:t-0x00'
Apr 14 10:10:06 ICTM1612S02H1 systemd-udevd[3145]: passed device to netlink monitor 0x56511477ed60
Apr 14 10:10:06 ICTM1612S02H1 systemd-udevd[3697]: starting '/usr/bin/sg_inq --export --page=di /dev/sdbe'
Apr 14 10:10:06 ICTM1612S02H1 systemd-udevd[1486]: seq 5279 queued, 'add' 'block'
Apr 14 10:10:06 ICTM1612S02H1 systemd-udevd[3145]: seq 5273 processed
Apr 14 10:10:06 ICTM1612S02H1 systemd-udevd[1486]: passed 232 byte device to netlink monitor 0x565114712ae0
Apr 14 10:10:06 ICTM1612S02H1 systemd-udevd[1486]: passed 196 byte device to netlink monitor 0x565114712ae0
Apr 14 10:10:06 ICTM1612S02H1 systemd-udevd[3131]: found 'b8:128' claiming '/run/udev/links/\x2fdisk\x2fby-id\x2fscsi-SNETAPP_INF-01-00_SR21500247'
Apr 14 10:10:06 ICTM1612S02H1 systemd-udevd[3130]: seq 5279 running
Apr 14 10:10:06 ICTM1612S02H1 systemd-udevd[1486]: passed 200 byte device to netlink monitor 0x565114712ae0
Apr 14 10:10:06 ICTM1612S02H1 systemd-udevd[3145]: seq 5274 running
Apr 14 10:10:06 ICTM1612S02H1 systemd-udevd[3102]: seq 5275 running
Apr 14 10:10:06 ICTM1612S02H1 systemd-udevd[3144]: probe /dev/sdba raid offset=0
Apr 14 10:10:06 ICTM1612S02H1 systemd-udevd[3138]: '/usr/bin/sg_inq --export --page=di /dev/sdbo'(out) 'SCSI_IDENT_LUN_NAA=60080e500034153e0000ed085605fab1'
Apr 14 10:10:06 ICTM1612S02H1 systemd-udevd[1486]: passed 235 byte device to netlink monitor 0x565114712ae0
Apr 14 10:10:06 ICTM1612S02H1 systemd-udevd[3090]: seq 5278 running
Apr 14 10:10:06 ICTM1612S02H1 systemd-udevd[3110]: Process 'probe-bcache -o udev /dev/sdat' succeeded.
Apr 14 10:10:06 ICTM1612S02H1 systemd-udevd[3073]: value '[dmi/id]sys_vendor' is 'Dell Inc.'
Apr 14 10:10:06 ICTM1612S02H1 systemd-udevd[3138]: '/usr/bin/sg_inq --export --page=di /dev/sdbo'(out) 'SCSI_IDENT_PORT_RELATIVE=3'
Apr 14 10:10:06 ICTM1612S02H1 systemd-udevd[1486]: seq 5280 queued, 'add' 'bsg'
Apr 14 10:10:06 ICTM1612S02H1 systemd-udevd[3135]: value '[dmi/id]sys_vendor' is 'Dell Inc.'
Apr 14 10:10:06 ICTM1612S02H1 systemd-udevd[3131]: found 'b8:112' claiming '/run/udev/links/\x2fdisk\x2fby-id\x2fscsi-SNETAPP_INF-01-00_SR21500247'
Apr 14 10:10:06 ICTM1612S02H1 systemd-udevd[1486]: passed 232 byte device to netlink monitor 0x565114712ae0
Apr 14 10:10:06 ICTM1612S02H1 systemd-udevd[3138]: Process '/usr/bin/sg_inq --export --page=di /dev/sdbo' succeeded.
Apr 14 10:10:06 ICTM1612S02H1 systemd-udevd[3113]: seq 5280 running
Apr 14 10:10:06 ICTM1612S02H1 systemd-udevd[1486]: seq 5281 queued, 'add' 'scsi_disk'
Apr 14 10:10:06 ICTM1612S02H1 systemd-udevd[3138]: PROGRAM '/sbin/multipath -c /dev/sdbo' /lib/udev/rules.d/56-dm-mpath-lvm.rules:21
Apr 14 10:10:06 ICTM1612S02H1 systemd-udevd[3110]: ATTR '/sys/devices/platform/host19/session4/target19:0:0/19:0:0:4/block/sdat/queue/max_sectors_kb' writing '32767' /etc/udev/rules.d/99-largeio-udev.rules:1
Apr 14 10:10:06 ICTM1612S02H1 systemd-udevd[1486]: seq 5282 queued, 'add' 'scsi_device'
Apr 14 10:10:06 ICTM1612S02H1 systemd-udevd[1486]: seq 5283 queued, 'add' 'block'
Apr 14 10:10:06 ICTM1612S02H1 systemd-udevd[1486]: passed 231 byte device to netlink monitor 0x565114712ae0
Apr 14 10:10:06 ICTM1612S02H1 systemd-udevd[3123]: seq 5283 running
Apr 14 10:10:06 ICTM1612S02H1 systemd-udevd[1486]: seq 5284 queued, 'add' 'scsi_generic'
Apr 14 10:10:06 ICTM1612S02H1 systemd-udevd[3073]: value '[dmi/id]sys_vendor' is 'Dell Inc.'
Apr 14 10:10:06 ICTM1612S02H1 systemd-udevd[3110]: handling device node '/dev/sdat', devnum=b66:208, mode=0660, uid=0, gid=6
Apr 14 10:10:06 ICTM1612S02H1 systemd-udevd[3073]: GROUP 6 /lib/udev/rules.d/50-udev-default.rules:55
Apr 14 10:10:06 ICTM1612S02H1 systemd-udevd[3698]: starting '/sbin/multipath -c /dev/sdbo'
Apr 14 10:10:06 ICTM1612S02H1 systemd-udevd[1486]: seq 5285 queued, 'add' 'scsi'
Apr 14 10:10:06 ICTM1612S02H1 systemd-udevd[3110]: set permissions /dev/sdat, 060660, uid=0, gid=6
Apr 14 10:10:06 ICTM1612S02H1 systemd-udevd[3110]: creating symlink '/dev/block/66:208' to '../sdat'
Apr 14 10:10:06 ICTM1612S02H1 systemd-udevd[1486]: passed 209 byte device to netlink monitor 0x565114712ae0
Apr 14 10:10:06 ICTM1612S02H1 systemd-udevd[3073]: IMPORT '/usr/bin/sg_inq --export /dev/sdbt' /lib/udev/rules.d/55-scsi-sg3_id.rules:10
Apr 14 10:10:06 ICTM1612S02H1 systemd-udevd[3135]: value '[dmi/id]sys_vendor' is 'Dell Inc.'
Apr 14 10:10:06 ICTM1612S02H1 systemd-udevd[3110]: found 'b66:32' claiming '/run/udev/links/\x2fdisk\x2fby-id\x2fscsi-360080e5000290b5400008a315605fd95'
