Apr 14 10:10:06 ICTM1612S02H1 systemd-udevd[3113]: value '[dmi/id]sys_vendor' is 'Dell Inc.'
Apr 14 10:10:06 ICTM1612S02H1 systemd-udevd[3127]: value '[dmi/id]sys_vendor' is 'Dell Inc.'
Apr 14 10:10:06 ICTM1612S02H1 systemd-udevd[3090]: IMPORT builtin 'hwdb' /lib/udev/rules.d/50-udev-default.rules:15
Apr 14 10:10:06 ICTM1612S02H1 systemd-udevd[3127]: GROUP 6 /lib/udev/rules.d/50-udev-default.rules:63
Apr 14 10:10:06 ICTM1612S02H1 systemd-udevd[3126]: value '[dmi/id]sys_vendor' is 'Dell Inc.'
Apr 14 10:10:06 ICTM1612S02H1 systemd-udevd[3130]: seq 5100 processed
Apr 14 10:10:06 ICTM1612S02H1 systemd-udevd[3119]: IMPORT builtin 'hwdb' returned non-zero
Apr 14 10:10:06 ICTM1612S02H1 systemd-udevd[3102]: path '[module/sg](null)' is '/sys/module/sg'
Apr 14 10:10:06 ICTM1612S02H1 systemd-udevd[3236]: seq 5103 processed
Apr 14 10:10:06 ICTM1612S02H1 systemd-udevd[3135]: value '[dmi/id]sys_vendor' is 'Dell Inc.'
Apr 14 10:10:06 ICTM1612S02H1 systemd-udevd[3118]: created db file '/run/udev/data/b65:32' for '/devices/platform/host19/session4/target19:0:0/19:0:0:2/block/sds'
Apr 14 10:10:06 ICTM1612S02H1 systemd-udevd[3074]: value '[dmi/id]sys_vendor' is 'Dell Inc.'
Apr 14 10:10:06 ICTM1612S02H1 systemd-udevd[1486]: seq 5111 queued, 'add' 'scsi'
Apr 14 10:10:06 ICTM1612S02H1 systemd-udevd[3145]: value '[dmi/id]sys_vendor' is 'Dell Inc.'
Apr 14 10:10:06 ICTM1612S02H1 systemd-udevd[3113]: value '[dmi/id]sys_vendor' is 'Dell Inc.'
Apr 14 10:10:06 ICTM1612S02H1 systemd-udevd[3068]: seq 5110 running
Apr 14 10:10:06 ICTM1612S02H1 systemd-udevd[3090]: IMPORT builtin 'hwdb' returned non-zero
Apr 14 10:10:06 ICTM1612S02H1 systemd-udevd[3127]: handling device node '/dev/sg76', devnum=c21:76, mode=0660, uid=0, gid=6
Apr 14 10:10:06 ICTM1612S02H1 systemd-udevd[3126]: handling device node '/dev/bsg/19:0:0:6', devnum=c249:80, mode=0600, uid=0, gid=0
Apr 14 10:10:06 ICTM1612S02H1 systemd-udevd[3119]: path '[module/sg](null)' is '/sys/module/sg'
Apr 14 10:10:06 ICTM1612S02H1 systemd-udevd[3102]: RUN 'kmod load $env{MODALIAS}' /lib/udev/rules.d/80-drivers.rules:5
Apr 14 10:10:06 ICTM1612S02H1 systemd-udevd[3135]: IMPORT builtin 'hwdb' /lib/udev/rules.d/50-udev-default.rules:15
Apr 14 10:10:06 ICTM1612S02H1 systemd-udevd[1486]: passed 211 byte device to netlink monitor 0x565114712ae0
Apr 14 10:10:06 ICTM1612S02H1 systemd-udevd[3074]: passed device to netlink monitor 0x565114714100
Apr 14 10:10:06 ICTM1612S02H1 systemd-udevd[3110]: seq 5111 running
Apr 14 10:10:06 ICTM1612S02H1 systemd-udevd[3113]: GROUP 6 /lib/udev/rules.d/50-udev-default.rules:55
Apr 14 10:10:06 ICTM1612S02H1 systemd-udevd[3145]: value '[dmi/id]sys_vendor' is 'Dell Inc.'
Apr 14 10:10:06 ICTM1612S02H1 systemd-udevd[3118]: passed device to netlink monitor 0x5651147290e0
Apr 14 10:10:06 ICTM1612S02H1 systemd[1]: dev-disk-by\x2did-scsi\x2d360080e5000290b5400008a2f5605fd8a.device: Dev dev-disk-by\x2did-scsi\x2d360080e5000290b5400008a2f5605fd8a.device appeared twice with different sysfs paths /sys/devices/platform/host16/session1/target16:0:0/16:0:0:2/block/sdh and /sys/devices/platform/host19/session4/target19:0:0/19:0:0:2/block/sds
Apr 14 10:10:06 ICTM1612S02H1 systemd-udevd[3068]: value '[dmi/id]sys_vendor' is 'Dell Inc.'
Apr 14 10:10:06 ICTM1612S02H1 systemd-udevd[3090]: path '[module/sg](null)' is '/sys/module/sg'
Apr 14 10:10:06 ICTM1612S02H1 systemd-udevd[3127]: set permissions /dev/sg76, 020660, uid=0, gid=6
Apr 14 10:10:06 ICTM1612S02H1 systemd-udevd[3126]: preserve permissions /dev/bsg/19:0:0:6, 020600, uid=0, gid=0
Apr 14 10:10:06 ICTM1612S02H1 systemd-udevd[3119]: RUN 'kmod load $env{MODALIAS}' /lib/udev/rules.d/80-drivers.rules:5
Apr 14 10:10:06 ICTM1612S02H1 kernel: [ 56.522343] sd 21:0:0:157: [sdgb] Attached SCSI disk
Apr 14 10:10:06 ICTM1612S02H1 kernel: [ 56.522539] sd 19:0:0:122: [sdgv] Write cache: enabled, read cache: enabled, supports DPO and FUA
Apr 14 10:10:06 ICTM1612S02H1 kernel: [ 56.523744] sd 18:0:0:121: [sdgw] Write Protect is off
Apr 14 10:10:06 ICTM1612S02H1 kernel: [ 56.523746] sd 18:0:0:121: [sdgw] Mode Sense: 83 00 10 08
Apr 14 10:10:06 ICTM1612S02H1 kernel: [ 56.523993] sd 18:0:0:122: [sdha] 37748736 512-byte logical blocks: (19.3 GB/18.0 GiB)
Apr 14 10:10:06 ICTM1612S02H1 kernel: [ 56.524202] sd 16:0:0:124: [sdgx] Write Protect is off
Apr 14 10:10:06 ICTM1612S02H1 kernel: [ 56.524205] sd 16:0:0:124: [sdgx] Mode Sense: 83 00 10 08
Apr 14 10:10:06 ICTM1612S02H1 kernel: [ 56.524408] sd 19:0:0:18: [sdge] Attached SCSI disk
Apr 14 10:10:06 ICTM1612S02H1 kernel: [ 56.524434] scsi 18:0:0:123: Direct-Access NETAPP INF-01-00 9820 PQ: 0 ANSI: 5
Apr 14 10:10:06 ICTM1612S02H1 kernel: [ 56.524568] sd 16:0:0:125: [sdhb] 37748736 512-byte logical blocks: (19.3 GB/18.0 GiB)
Apr 14 10:10:06 ICTM1612S02H1 kernel: [ 56.524858] scsi 16:0:0:126: Direct-Access NETAPP INF-01-00 9820 PQ: 0 ANSI: 5
Apr 14 10:10:06 ICTM1612S02H1 kernel: [ 56.525815] sd 17:0:0:18: [sdgf] Attached SCSI disk
Apr 14 10:10:06 ICTM1612S02H1 kernel: [ 56.525906] sd 17:0:0:124: Attached scsi generic sg216 type 0
Apr 14 10:10:06 ICTM1612S02H1 systemd-udevd[3102]: Execute 'load' 'scsi:t-0x00'
Apr 14 10:10:06 ICTM1612S02H1 systemd-udevd[3135]: IMPORT builtin 'hwdb' returned non-zero
Apr 14 10:10:06 ICTM1612S02H1 systemd-udevd[3074]: seq 5108 processed
Apr 14 10:10:06 ICTM1612S02H1 systemd-udevd[1486]: seq 5112 queued, 'add' 'scsi_disk'
Apr 14 10:10:06 ICTM1612S02H1 systemd-udevd[3110]: value '[dmi/id]sys_vendor' is 'Dell Inc.'
Apr 14 10:10:06 ICTM1612S02H1 systemd-udevd[3113]: IMPORT '/usr/bin/sg_inq --export /dev/sdab' /lib/udev/rules.d/55-scsi-sg3_id.rules:10
Apr 14 10:10:06 ICTM1612S02H1 systemd-udevd[3145]: IMPORT builtin 'hwdb' /lib/udev/rules.d/50-udev-default.rules:15
Apr 14 10:10:06 ICTM1612S02H1 systemd-udevd[3118]: seq 4943 processed
Apr 14 10:10:06 ICTM1612S02H1 systemd[1]: dev-disk-by\x2did-scsi\x2dSNETAPP_INF\x2d01\x2d00_SR21500247.device: Dev dev-disk-by\x2did-scsi\x2dSNETAPP_INF\x2d01\x2d00_SR21500247.device appeared twice with different sysfs paths /sys/devices/platform/host16/session1/target16:0:0/16:0:0:0/block/sdb and /sys/devices/platform/host19/session4/target19:0:0/19:0:0:2/block/sds
Apr 14 10:10:06 ICTM1612S02H1 systemd-udevd[3090]: RUN 'kmod load $env{MODALIAS}' /lib/udev/rules.d/80-drivers.rules:5
Apr 14 10:10:06 ICTM1612S02H1 systemd-udevd[3090]: Execute 'load' 'scsi:t-0x00'
Apr 14 10:10:06 ICTM1612S02H1 systemd-udevd[3127]: creating symlink '/dev/char/21:76' to '../sg76'
Apr 14 10:10:06 ICTM1612S02H1 systemd-udevd[3126]: creating symlink '/dev/char/249:80' to '../bsg/19:0:0:6'
Apr 14 10:10:06 ICTM1612S02H1 systemd-udevd[3119]: Execute 'load' 'scsi:t-0x00'
Apr 14 10:10:06 ICTM1612S02H1 systemd-udevd[3102]: No module matches 'scsi:t-0x00'
Apr 14 10:10:06 ICTM1612S02H1 systemd-udevd[3135]: path '[module/sg](null)' is '/sys/module/sg'
Apr 14 10:10:06 ICTM1612S02H1 systemd-udevd[1486]: seq 5113 queued, 'add' 'scsi_device'
Apr 14 10:10:06 ICTM1612S02H1 systemd-udevd[3110]: value '[dmi/id]sys_vendor' is 'Dell Inc.'
Apr 14 10:10:06 ICTM1612S02H1 systemd-udevd[3145]: IMPORT builtin 'hwdb' returned non-zero
Apr 14 10:10:06 ICTM1612S02H1 systemd[1]: dev-disk-by\x2did-wwn\x2d0x60080e5000290b5400008a2f5605fd8a.device: Dev dev-disk-by\x2did-wwn\x2d0x60080e5000290b5400008a2f5605fd8a.device appeared twice with different sysfs paths /sys/devices/platform/host16/session1/target16:0:0/16:0:0:2/block/sdh and /sys/devices/platform/host19/session4/target19:0:0/19:0:0:2/block/sds
Apr 14 10:10:06 ICTM1612S02H1 systemd-udevd[3090]: No module matches 'scsi:t-0x00'
Apr 14 10:10:06 ICTM1612S02H1 systemd-udevd[3068]: value '[dmi/id]sys_vendor' is 'Dell Inc.'
Apr 14 10:10:06 ICTM1612S02H1 systemd-udevd[3127]: created empty file '/run/udev/data/c21:76' for '/devices/platform/host19/session4/target19:0:0/19:0:0:6/scsi_generic/sg76'
Apr 14 10:10:06 ICTM1612S02H1 systemd-udevd[3126]: created empty file '/run/udev/data/c249:80' for '/devices/platform/host19/session4/target19:0:0/19:0:0:6/bsg/19:0:0:6'
Apr 14 10:10:06 ICTM1612S02H1 systemd-udevd[3119]: No module matches 'scsi:t-0x00'
Apr 14 10:10:06 ICTM1612S02H1 systemd-udevd[3102]: passed device to netlink monitor 0x5651147277a0
Apr 14 10:10:06 ICTM1612S02H1 systemd-udevd[3135]: RUN 'kmod load $env{MODALIAS}' /lib/udev/rules.d/80-drivers.rules:5
Apr 14 10:10:06 ICTM1612S02H1 systemd-udevd[3583]: starting '/usr/bin/sg_inq --export /dev/sdab'
Apr 14 10:10:06 ICTM1612S02H1 systemd-udevd[3110]: IMPORT builtin 'hwdb' /lib/udev/rules.d/50-udev-default.rules:15
Apr 14 10:10:06 ICTM1612S02H1 systemd-udevd[1486]: seq 5114 queued, 'add' 'scsi_disk'
Apr 14 10:10:06 ICTM1612S02H1 systemd-udevd[3145]: path '[module/sg](null)' is '/sys/module/sg'
Apr 14 10:10:06 ICTM1612S02H1 systemd-udevd[3090]: passed device to netlink monitor 0x565114726620
Apr 14 10:10:06 ICTM1612S02H1 systemd-udevd[3127]: passed device to netlink monitor 0x565114765180
Apr 14 10:10:06 ICTM1612S02H1 systemd-udevd[3068]: passed device to netlink monitor 0x565114713cd0
Apr 14 10:10:06 ICTM1612S02H1 systemd-udevd[3068]: seq 5110 processed
Apr 14 10:10:06 ICTM1612S02H1 systemd-udevd[3119]: passed device to netlink monitor 0x565114761270
Apr 14 10:10:06 ICTM1612S02H1 systemd-udevd[3102]: seq 5084 processed
Apr 14 10:10:06 ICTM1612S02H1 systemd-udevd[3135]: Execute 'load' 'scsi:t-0x00'
Apr 14 10:10:06 ICTM1612S02H1 systemd-udevd[3145]: RUN 'kmod load $env{MODALIAS}' /lib/udev/rules.d/80-drivers.rules:5
Apr 14 10:10:06 ICTM1612S02H1 systemd-udevd[3110]: IMPORT builtin 'hwdb' returned non-zero
Apr 14 10:10:06 ICTM1612S02H1 systemd-udevd[1486]: seq 5115 queued, 'add' 'scsi_device'
Apr 14 10:10:06 ICTM1612S02H1 systemd[1]: dev-disk-by\x2dpath-ip\x2dfe80:0000:0000:0000:0192:0012:0022:0111:3260\x2discsi\x2diqn.1992\x2d08.com.netapp:5504.60080e5000290924000000005525f5de\x2dlun\x2d2.device: Changed dead -> plugged
Apr 14 10:10:06 ICTM1612S02H1 systemd-udevd[3090]: seq 5101 processed
Apr 14 10:10:06 ICTM1612S02H1 systemd-udevd[3127]: seq 5080 processed
Apr 14 10:10:06 ICTM1612S02H1 systemd-udevd[3126]: passed device to netlink monitor 0x565114746ba0
Apr 14 10:10:06 ICTM1612S02H1 systemd-udevd[3119]: seq 5090 processed
Apr 14 10:10:06 ICTM1612S02H1 systemd-udevd[3135]: No module matches 'scsi:t-0x00'
Apr 14 10:10:06 ICTM1612S02H1 systemd-udevd[3145]: Execute 'load' 'scsi:t-0x00'
Apr 14 10:10:06 ICTM1612S02H1 systemd-udevd[3110]: path '[module/sg](null)' is '/sys/module/sg'
Apr 14 10:10:06 ICTM1612S02H1 systemd-udevd[1486]: passed 196 byte device to netlink monitor 0x565114712ae0
Apr 14 10:10:06 ICTM1612S02H1 systemd[1]: dev-sds.device: Changed dead -> plugged
Apr 14 10:10:06 ICTM1612S02H1 systemd-udevd[3236]: seq 5085 running
Apr 14 10:10:06 ICTM1612S02H1 systemd-udevd[3126]: seq 5081 processed
Apr 14 10:10:06 ICTM1612S02H1 systemd-udevd[3135]: passed device to netlink monitor 0x56511476c140
Apr 14 10:10:06 ICTM1612S02H1 systemd-udevd[3145]: No module matches 'scsi:t-0x00'
Apr 14 10:10:06 ICTM1612S02H1 systemd-udevd[3145]: passed device to netlink monitor 0x56511477ed60
Apr 14 10:10:06 ICTM1612S02H1 systemd-udevd[1486]: passed 200 byte device to netlink monitor 0x565114712ae0
Apr 14 10:10:06 ICTM1612S02H1 systemd[1]: sys-devices-platform-host19-session4-target19:0:0-19:0:0:2-block-sds.device: Changed dead -> plugged
Apr 14 10:10:06 ICTM1612S02H1 systemd-udevd[3130]: seq 5086 running
Apr 14 10:10:06 ICTM1612S02H1 systemd-udevd[3135]: seq 5092 processed
Apr 14 10:10:06 ICTM1612S02H1 systemd-udevd[3110]: RUN 'kmod load $env{MODALIAS}' /lib/udev/rules.d/80-drivers.rules:5
Apr 14 10:10:06 ICTM1612S02H1 systemd-udevd[3145]: seq 5109 processed
Apr 14 10:10:06 ICTM1612S02H1 systemd-udevd[1486]: passed 232 byte device to netlink monitor 0x565114712ae0
Apr 14 10:10:06 ICTM1612S02H1 systemd-udevd[3074]: seq 5087 running
Apr 14 10:10:06 ICTM1612S02H1 systemd[1]: Sent message type=signal sender=n/a destination=n/a object=/org/freedesktop/systemd1 interface=org.freedesktop.systemd1.Manager member=UnitNew cookie=128 reply_cookie=0 error=n/a
Apr 14 10:10:06 ICTM1612S02H1 systemd-udevd[3236]: value '[dmi/id]sys_vendor' is 'Dell Inc.'
Apr 14 10:10:06 ICTM1612S02H1 systemd-udevd[3110]: Execute 'load' 'scsi:t-0x00'
Apr 14 10:10:06 ICTM1612S02H1 systemd-udevd[1486]: passed 231 byte device to netlink monitor 0x565114712ae0
Apr 14 10:10:06 ICTM1612S02H1 systemd-udevd[3118]: seq 5088 running
Apr 14 10:10:06 ICTM1612S02H1 systemd[1]: Sent message type=signal sender=n/a destination=n/a object=/org/freedesktop/systemd1 interface=org.freedesktop.systemd1.Manager member=UnitNew cookie=129 reply_cookie=0 error=n/a
Apr 14 10:10:06 ICTM1612S02H1 systemd-udevd[3130]: value '[dmi/id]sys_vendor' is 'Dell Inc.'
Apr 14 10:10:06 ICTM1612S02H1 systemd-udevd[3074]: value '[dmi/id]sys_vendor' is 'Dell Inc.'
Apr 14 10:10:06 ICTM1612S02H1 systemd-udevd[3110]: No module matches 'scsi:t-0x00'
Apr 14 10:10:06 ICTM1612S02H1 systemd-udevd[3236]: value '[dmi/id]sys_vendor' is 'Dell Inc.'
Apr 14 10:10:06 ICTM1612S02H1 systemd-udevd[1486]: seq 5116 queued, 'add' 'scsi_generic'
Apr 14 10:10:06 ICTM1612S02H1 systemd[1]: Sent message type=signal sender=n/a destination=n/a object=/org/freedesktop/systemd1 interface=org.freedesktop.systemd1.Manager member=UnitNew cookie=130 reply_cookie=0 error=n/a
Apr 14 10:10:06 ICTM1612S02H1 systemd-udevd[3236]: passed device to netlink monitor 0x5651147839c0
Apr 14 10:10:06 ICTM1612S02H1 systemd-udevd[3130]: value '[dmi/id]sys_vendor' is 'Dell Inc.'
Apr 14 10:10:06 ICTM1612S02H1 systemd-udevd[3074]: value '[dmi/id]sys_vendor' is 'Dell Inc.'
Apr 14 10:10:06 ICTM1612S02H1 systemd-udevd[1486]: passed 196 byte device to netlink monitor 0x565114712ae0
Apr 14 10:10:06 ICTM1612S02H1 systemd-udevd[3236]: seq 5085 processed
Apr 14 10:10:06 ICTM1612S02H1 systemd-udevd[3110]: passed device to netlink monitor 0x56511475de20
Apr 14 10:10:06 ICTM1612S02H1 systemd-udevd[3145]: seq 5091 running
Apr 14 10:10:06 ICTM1612S02H1 systemd-udevd[3074]: GROUP 6 /lib/udev/rules.d/50-udev-default.rules:63
Apr 14 10:10:06 ICTM1612S02H1 systemd-udevd[3118]: value '[dmi/id]sys_vendor' is 'Dell Inc.'
Apr 14 10:10:06 ICTM1612S02H1 systemd-udevd[3130]: passed device to netlink monitor 0x565114760a80
Apr 14 10:10:06 ICTM1612S02H1 systemd-udevd[1486]: passed 200 byte device to netlink monitor 0x565114712ae0
Apr 14 10:10:06 ICTM1612S02H1 systemd-udevd[3119]: seq 5093 running
Apr 14 10:10:06 ICTM1612S02H1 systemd-udevd[3110]: seq 5111 processed
Apr 14 10:10:06 ICTM1612S02H1 systemd-udevd[3130]: seq 5086 processed
Apr 14 10:10:06 ICTM1612S02H1 systemd-udevd[3074]: handling device node '/dev/sg77', devnum=c21:77, mode=0660, uid=0, gid=6
Apr 14 10:10:06 ICTM1612S02H1 systemd-udevd[1486]: passed 192 byte device to netlink monitor 0x565114712ae0
Apr 14 10:10:06 ICTM1612S02H1 systemd-udevd[3135]: seq 5094 running
Apr 14 10:10:06 ICTM1612S02H1 systemd-udevd[3118]: value '[dmi/id]sys_vendor' is 'Dell Inc.'
Apr 14 10:10:06 ICTM1612S02H1 systemd-udevd[3145]: value '[dmi/id]sys_vendor' is 'Dell Inc.'
Apr 14 10:10:06 ICTM1612S02H1 systemd-udevd[1486]: passed 232 byte device to netlink monitor 0x565114712ae0
Apr 14 10:10:06 ICTM1612S02H1 systemd-udevd[3127]: seq 5095 running
Apr 14 10:10:06 ICTM1612S02H1 systemd-udevd[3126]: seq 5096 running
Apr 14 10:10:06 ICTM1612S02H1 systemd-udevd[1486]: passed 196 byte device to netlink monitor 0x565114712ae0
Apr 14 10:10:06 ICTM1612S02H1 systemd-udevd[3074]: set permissions /dev/sg77, 020660, uid=0, gid=6
Apr 14 10:10:06 ICTM1612S02H1 systemd-udevd[3118]: handling device node '/dev/bsg/20:0:0:140', devnum=c249:81, mode=0600, uid=0, gid=0
Apr 14 10:10:06 ICTM1612S02H1 systemd-udevd[1486]: passed 231 byte device to netlink monitor 0x565114712ae0
Apr 14 10:10:06 ICTM1612S02H1 systemd-udevd[3074]: creating symlink '/dev/char/21:77' to '../sg77'
Apr 14 10:10:06 ICTM1612S02H1 systemd-udevd[3074]: created empty file '/run/udev/data/c21:77' for '/devices/platform/host20/session5/target20:0:0/20:0:0:140/scsi_generic/sg77'
Apr 14 10:10:06 ICTM1612S02H1 systemd-udevd[3118]: preserve permissions /dev/bsg/20:0:0:140, 020600, uid=0, gid=0
Apr 14 10:10:06 ICTM1612S02H1 systemd-udevd[3145]: value '[dmi/id]sys_vendor' is 'Dell Inc.'
Apr 14 10:10:06 ICTM1612S02H1 systemd-udevd[3119]: value '[dmi/id]sys_vendor' is 'Dell Inc.'
Apr 14 10:10:06 ICTM1612S02H1 systemd-udevd[1486]: passed 230 byte device to netlink monitor 0x565114712ae0
Apr 14 10:10:06 ICTM1612S02H1 systemd-udevd[3090]: seq 5098 running
Apr 14 10:10:06 ICTM1612S02H1 systemd-udevd[3135]: value '[dmi/id]sys_vendor' is 'Dell Inc.'
Apr 14 10:10:06 ICTM1612S02H1 systemd-udevd[3127]: value '[dmi/id]sys_vendor' is 'Dell Inc.'
Apr 14 10:10:06 ICTM1612S02H1 systemd-udevd[3126]: value '[dmi/id]sys_vendor' is 'Dell Inc.'
Apr 14 10:10:06 ICTM1612S02H1 kernel: [ 56.526471] sd 19:0:0:124: Attached scsi generic sg217 type 0
Apr 14 10:10:06 ICTM1612S02H1 kernel: [ 56.528033] sd 16:0:0:124: [sdgx] Write cache: enabled, read cache: enabled, supports DPO and FUA
Apr 14 10:10:06 ICTM1612S02H1 kernel: [ 56.528878] sd 18:0:0:121: [sdgw] Write cache: enabled, read cache: enabled, supports DPO and FUA
Apr 14 10:10:06 ICTM1612S02H1 kernel: [ 56.529473] sd 19:0:0:123: [sdgz] Write Protect is off
Apr 14 10:10:06 ICTM1612S02H1 kernel: [ 56.529476] sd 19:0:0:123: [sdgz] Mode Sense: 83 00 10 08
Apr 14 10:10:06 ICTM1612S02H1 kernel: [ 56.529739] sd 17:0:0:123: [sdgy] Write Protect is off
Apr 14 10:10:06 ICTM1612S02H1 kernel: [ 56.529742] sd 17:0:0:123: [sdgy] Mode Sense: 83 00 10 08
Apr 14 10:10:06 ICTM1612S02H1 systemd-udevd[3074]: passed device to netlink monitor 0x565114714100
Apr 14 10:10:06 ICTM1612S02H1 systemd-udevd[3102]: seq 5097 running
Apr 14 10:10:06 ICTM1612S02H1 systemd-udevd[3118]: creating symlink '/dev/char/249:81' to '../bsg/20:0:0:140'
Apr 14 10:10:06 ICTM1612S02H1 systemd-udevd[3145]: passed device to netlink monitor 0x56511477ed60
Apr 14 10:10:06 ICTM1612S02H1 systemd-udevd[3119]: value '[dmi/id]sys_vendor' is 'Dell Inc.'
Apr 14 10:10:06 ICTM1612S02H1 systemd-udevd[3090]: value '[dmi/id]sys_vendor' is 'Dell Inc.'
Apr 14 10:10:06 ICTM1612S02H1 systemd-udevd[3068]: seq 5099 running
Apr 14 10:10:06 ICTM1612S02H1 systemd-udevd[3135]: value '[dmi/id]sys_vendor' is 'Dell Inc.'
Apr 14 10:10:06 ICTM1612S02H1 systemd-udevd[3127]: value '[dmi/id]sys_vendor' is 'Dell Inc.'
Apr 14 10:10:06 ICTM1612S02H1 systemd-udevd[3074]: seq 5087 processed
Apr 14 10:10:06 ICTM1612S02H1 systemd-udevd[3145]: seq 5091 processed
Apr 14 10:10:06 ICTM1612S02H1 systemd-udevd[3118]: created empty file '/run/udev/data/c249:81' for '/devices/platform/host20/session5/target20:0:0/20:0:0:140/bsg/20:0:0:140'
Apr 14 10:10:06 ICTM1612S02H1 systemd-udevd[3126]: value '[dmi/id]sys_vendor' is 'Dell Inc.'
Apr 14 10:10:06 ICTM1612S02H1 systemd-udevd[1486]: passed 225 byte device to netlink monitor 0x565114712ae0
Apr 14 10:10:06 ICTM1612S02H1 systemd-udevd[3090]: value '[dmi/id]sys_vendor' is 'Dell Inc.'
Apr 14 10:10:06 ICTM1612S02H1 systemd-udevd[3119]: passed device to netlink monitor 0x565114761270
Apr 14 10:10:06 ICTM1612S02H1 systemd-udevd[3127]: GROUP 6 /lib/udev/rules.d/50-udev-default.rules:63
Apr 14 10:10:06 ICTM1612S02H1 systemd-udevd[3135]: passed device to netlink monitor 0x56511476c140
Apr 14 10:10:06 ICTM1612S02H1 systemd-udevd[3118]: passed device to netlink monitor 0x5651147290e0
Apr 14 10:10:06 ICTM1612S02H1 systemd-udevd[3127]: handling device node '/dev/sg78', devnum=c21:78, mode=0660, uid=0, gid=6
Apr 14 10:10:06 ICTM1612S02H1 systemd-udevd[1486]: passed 196 byte device to netlink monitor 0x565114712ae0
Apr 14 10:10:06 ICTM1612S02H1 systemd-udevd[3232]: seq 5104 running
Apr 14 10:10:06 ICTM1612S02H1 systemd-udevd[3068]: value '[dmi/id]sys_vendor' is 'Dell Inc.'
Apr 14 10:10:06 ICTM1612S02H1 systemd-udevd[3126]: passed device to netlink monitor 0x565114746ba0
Apr 14 10:10:06 ICTM1612S02H1 systemd-udevd[3119]: seq 5093 processed
Apr 14 10:10:06 ICTM1612S02H1 systemd-udevd[3068]: value '[dmi/id]sys_vendor' is 'Dell Inc.'
Apr 14 10:10:06 ICTM1612S02H1 systemd-udevd[3135]: seq 5094 processed
Apr 14 10:10:06 ICTM1612S02H1 systemd-udevd[3118]: seq 5088 processed
Apr 14 10:10:06 ICTM1612S02H1 systemd-udevd[3102]: value '[dmi/id]sys_vendor' is 'Dell Inc.'
Apr 14 10:10:06 ICTM1612S02H1 systemd-udevd[3127]: set permissions /dev/sg78, 020660, uid=0, gid=6
Apr 14 10:10:06 ICTM1612S02H1 kernel: [ 56.530527] sd 18:0:0:17: [sdgh] Attached SCSI disk
Apr 14 10:10:06 ICTM1612S02H1 kernel: [ 56.530568] sd 16:0:0:20: [sdgg] Attached SCSI disk
Apr 14 10:10:06 ICTM1612S02H1 kernel: [ 56.530674] sd 17:0:0:124: [sdhc] 37748736 512-byte logical blocks: (19.3 GB/18.0 GiB)
Apr 14 10:10:06 ICTM1612S02H1 kernel: [ 56.530800] sd 19:0:0:124: [sdhd] 37748736 512-byte logical blocks: (19.3 GB/18.0 GiB)
Apr 14 10:10:06 ICTM1612S02H1 kernel: [ 56.531249] scsi 17:0:0:125: Direct-Access NETAPP INF-01-00 9820 PQ: 0 ANSI: 5
Apr 14 10:10:06 ICTM1612S02H1 kernel: [ 56.531250] scsi 19:0:0:125: Direct-Access NETAPP INF-01-00 9820 PQ: 0 ANSI: 5
Apr 14 10:10:06 ICTM1612S02H1 kernel: [ 56.531299] sd 16:0:0:126: Attached scsi generic sg218 type 0
Apr 14 10:10:06 ICTM1612S02H1 kernel: [ 56.532037] sd 18:0:0:123: Attached scsi generic sg219 type 0
Apr 14 10:10:06 ICTM1612S02H1 systemd-udevd[1486]: passed 200 byte device to netlink monitor 0x565114712ae0
Apr 14 10:10:06 ICTM1612S02H1 systemd-udevd[3142]: seq 5105 running
Apr 14 10:10:06 ICTM1612S02H1 systemd-udevd[3126]: seq 5096 processed
Apr 14 10:10:06 ICTM1612S02H1 systemd-udevd[3090]: GROUP 6 /lib/udev/rules.d/50-udev-default.rules:63
Apr 14 10:10:06 ICTM1612S02H1 systemd-udevd[3232]: value '[dmi/id]sys_vendor' is 'Dell Inc.'
Apr 14 10:10:06 ICTM1612S02H1 systemd-udevd[3068]: handling device node '/dev/bsg/18:0:0:6', devnum=c249:83, mode=0600, uid=0, gid=0
Apr 14 10:10:06 ICTM1612S02H1 systemd-udevd[3102]: value '[dmi/id]sys_vendor' is 'Dell Inc.'
Apr 14 10:10:06 ICTM1612S02H1 systemd-udevd[3102]: handling device node '/dev/bsg/21:0:0:139', devnum=c249:82, mode=0600, uid=0, gid=0
Apr 14 10:10:06 ICTM1612S02H1 systemd-udevd[3113]: '/usr/bin/sg_inq --export /dev/sdab'(out) 'SCSI_TPGS=0'
Apr 14 10:10:06 ICTM1612S02H1 systemd-udevd[1486]: passed 232 byte device to netlink monitor 0x565114712ae0
Apr 14 10:10:06 ICTM1612S02H1 systemd-udevd[3123]: seq 5106 running
Apr 14 10:10:06 ICTM1612S02H1 systemd-udevd[3068]: preserve permissions /dev/bsg/18:0:0:6, 020600, uid=0, gid=0
Apr 14 10:10:06 ICTM1612S02H1 systemd-udevd[3090]: handling device node '/dev/sg79', devnum=c21:79, mode=0660, uid=0, gid=6
Apr 14 10:10:06 ICTM1612S02H1 systemd-udevd[3232]: value '[dmi/id]sys_vendor' is 'Dell Inc.'
Apr 14 10:10:06 ICTM1612S02H1 systemd-udevd[3127]: creating symlink '/dev/char/21:78' to '../sg78'
Apr 14 10:10:06 ICTM1612S02H1 systemd-udevd[3102]: preserve permissions /dev/bsg/21:0:0:139, 020600, uid=0, gid=0
Apr 14 10:10:06 ICTM1612S02H1 systemd-udevd[3113]: '/usr/bin/sg_inq --export /dev/sdab'(out) 'SCSI_TYPE=disk'
Apr 14 10:10:06 ICTM1612S02H1 systemd-udevd[1486]: passed 231 byte device to netlink monitor 0x565114712ae0
Apr 14 10:10:06 ICTM1612S02H1 systemd-udevd[3138]: seq 5107 running
Apr 14 10:10:06 ICTM1612S02H1 systemd-udevd[3112]: seq 5112 running
Apr 14 10:10:06 ICTM1612S02H1 systemd-udevd[3090]: set permissions /dev/sg79, 020660, uid=0, gid=6
Apr 14 10:10:06 ICTM1612S02H1 systemd-udevd[3090]: creating symlink '/dev/char/21:79' to '../sg79'
Apr 14 10:10:06 ICTM1612S02H1 systemd-udevd[3142]: value '[dmi/id]sys_vendor' is 'Dell Inc.'
Apr 14 10:10:06 ICTM1612S02H1 systemd-udevd[3102]: creating symlink '/dev/char/249:82' to '../bsg/21:0:0:139'
Apr 14 10:10:06 ICTM1612S02H1 systemd-udevd[3113]: '/usr/bin/sg_inq --export /dev/sdab'(out) 'SCSI_VENDOR=NETAPP'
Apr 14 10:10:06 ICTM1612S02H1 systemd-udevd[3232]: passed device to netlink monitor 0x5651147837b0
Apr 14 10:10:06 ICTM1612S02H1 systemd-udevd[1486]: passed 196 byte device to netlink monitor 0x565114712ae0
Apr 14 10:10:06 ICTM1612S02H1 systemd-udevd[3068]: creating symlink '/dev/char/249:83' to '../bsg/18:0:0:6'
Apr 14 10:10:06 ICTM1612S02H1 systemd-udevd[3106]: seq 5113 running
Apr 14 10:10:06 ICTM1612S02H1 systemd-udevd[3090]: created empty file '/run/udev/data/c21:79' for '/devices/platform/host18/session3/target18:0:0/18:0:0:6/scsi_generic/sg79'
Apr 14 10:10:06 ICTM1612S02H1 systemd-udevd[3113]: '/usr/bin/sg_inq --export /dev/sdab'(out) 'SCSI_VENDOR_ENC=NETAPP\x20\x20'
Apr 14 10:10:06 ICTM1612S02H1 systemd-udevd[3102]: created empty file '/run/udev/data/c249:82' for '/devices/platform/host21/session6/target21:0:0/21:0:0:139/bsg/21:0:0:139'
Apr 14 10:10:06 ICTM1612S02H1 systemd-udevd[3232]: seq 5104 processed
Apr 14 10:10:06 ICTM1612S02H1 systemd-udevd[1486]: passed 200 byte device to netlink monitor 0x565114712ae0
Apr 14 10:10:06 ICTM1612S02H1 systemd-udevd[3127]: created empty file '/run/udev/data/c21:78' for '/devices/platform/host21/session6/target21:0:0/21:0:0:139/scsi_generic/sg78'
Apr 14 10:10:06 ICTM1612S02H1 systemd-udevd[3131]: seq 5116 running
Apr 14 10:10:06 ICTM1612S02H1 systemd-udevd[3142]: value '[dmi/id]sys_vendor' is 'Dell Inc.'
Apr 14 10:10:06 ICTM1612S02H1 systemd-udevd[3123]: value '[dmi/id]sys_vendor' is 'Dell Inc.'
Apr 14 10:10:06 ICTM1612S02H1 systemd-udevd[3138]: value '[dmi/id]sys_vendor' is 'Dell Inc.'
Apr 14 10:10:06 ICTM1612S02H1 systemd-udevd[3106]: value '[dmi/id]sys_vendor' is 'Dell Inc.'
Apr 14 10:10:06 ICTM1612S02H1 systemd-udevd[3112]: value '[dmi/id]sys_vendor' is 'Dell Inc.'
Apr 14 10:10:06 ICTM1612S02H1 systemd-udevd[3090]: passed device to netlink monitor 0x565114726620
Apr 14 10:10:06 ICTM1612S02H1 systemd-udevd[3113]: '/usr/bin/sg_inq --export /dev/sdab'(out) 'SCSI_MODEL=INF-01-00'
Apr 14 10:10:06 ICTM1612S02H1 systemd-udevd[3102]: passed device to netlink monitor 0x5651147277a0
Apr 14 10:10:06 ICTM1612S02H1 systemd-udevd[1486]: passed 232 byte device to netlink monitor 0x565114712ae0
Apr 14 10:10:06 ICTM1612S02H1 systemd-udevd[3127]: passed device to netlink monitor 0x565114765180
Apr 14 10:10:06 ICTM1612S02H1 systemd-udevd[3068]: created empty file '/run/udev/data/c249:83' for '/devices/platform/host18/session3/target18:0:0/18:0:0:6/bsg/18:0:0:6'
Apr 14 10:10:06 ICTM1612S02H1 systemd-udevd[3090]: seq 5098 processed
Apr 14 10:10:06 ICTM1612S02H1 systemd-udevd[3112]: value '[dmi/id]sys_vendor' is 'Dell Inc.'
Apr 14 10:10:06 ICTM1612S02H1 systemd-udevd[3113]: '/usr/bin/sg_inq --export /dev/sdab'(out) 'SCSI_MODEL_ENC=INF-01-00\x20\x20\x20\x20\x20\x20\x20'
Apr 14 10:10:06 ICTM1612S02H1 systemd-udevd[3123]: value '[dmi/id]sys_vendor' is 'Dell Inc.'
Apr 14 10:10:06 ICTM1612S02H1 systemd-udevd[3102]: seq 5097 processed
Apr 14 10:10:06 ICTM1612S02H1 systemd-udevd[3127]: seq 5095 processed
Apr 14 10:10:06 ICTM1612S02H1 systemd-udevd[1486]: seq 5117 queued, 'add' 'bsg'
Apr 14 10:10:06 ICTM1612S02H1 systemd-udevd[3068]: passed device to netlink monitor 0x565114713cd0
Apr 14 10:10:06 ICTM1612S02H1 systemd-udevd[3106]: value '[dmi/id]sys_vendor' is 'Dell Inc.'
Apr 14 10:10:06 ICTM1612S02H1 systemd-udevd[3142]: passed device to netlink monitor 0x56511477d7a0
Apr 14 10:10:06 ICTM1612S02H1 systemd-udevd[3138]: value '[dmi/id]sys_vendor' is 'Dell Inc.'
Apr 14 10:10:06 ICTM1612S02H1 systemd-udevd[3113]: '/usr/bin/sg_inq --export /dev/sdab'(out) 'SCSI_REVISION=9820'
Apr 14 10:10:06 ICTM1612S02H1 systemd-udevd[3112]: passed device to netlink monitor 0x565114760ca0
Apr 14 10:10:06 ICTM1612S02H1 systemd-udevd[3113]: Process '/usr/bin/sg_inq --export /dev/sdab' succeeded.
Apr 14 10:10:06 ICTM1612S02H1 systemd-udevd[1486]: passed 231 byte device to netlink monitor 0x565114712ae0
Apr 14 10:10:06 ICTM1612S02H1 systemd-udevd[3139]: seq 5117 running
Apr 14 10:10:06 ICTM1612S02H1 systemd-udevd[3131]: value '[dmi/id]sys_vendor' is 'Dell Inc.'
Apr 14 10:10:06 ICTM1612S02H1 systemd-udevd[3068]: seq 5099 processed
Apr 14 10:10:06 ICTM1612S02H1 systemd-udevd[3142]: seq 5105 processed
Apr 14 10:10:06 ICTM1612S02H1 systemd-udevd[3106]: passed device to netlink monitor 0x56511474a3e0
Apr 14 10:10:06 ICTM1612S02H1 systemd-udevd[3112]: seq 5112 processed
Apr 14 10:10:06 ICTM1612S02H1 systemd-udevd[3123]: GROUP 6 /lib/udev/rules.d/50-udev-default.rules:63
Apr 14 10:10:06 ICTM1612S02H1 systemd-udevd[3138]: handling device node '/dev/bsg/22:0:0:142', devnum=c249:84, mode=0600, uid=0, gid=0
Apr 14 10:10:06 ICTM1612S02H1 systemd-udevd[3113]: IMPORT '/usr/bin/sg_inq --export --page=sn /dev/sdab' /lib/udev/rules.d/55-scsi-sg3_id.rules:19
Apr 14 10:10:06 ICTM1612S02H1 systemd-udevd[3131]: value '[dmi/id]sys_vendor' is 'Dell Inc.'
Apr 14 10:10:06 ICTM1612S02H1 systemd-udevd[1486]: passed 196 byte device to netlink monitor 0x565114712ae0
Apr 14 10:10:06 ICTM1612S02H1 systemd-udevd[3106]: seq 5113 processed
Apr 14 10:10:06 ICTM1612S02H1 systemd-udevd[3145]: seq 5114 running
Apr 14 10:10:06 ICTM1612S02H1 systemd-udevd[3138]: preserve permissions /dev/bsg/22:0:0:142, 020600, uid=0, gid=0
Apr 14 10:10:06 ICTM1612S02H1 systemd-udevd[3139]: value '[dmi/id]sys_vendor' is 'Dell Inc.'
Apr 14 10:10:06 ICTM1612S02H1 systemd-udevd[3131]: GROUP 6 /lib/udev/rules.d/50-udev-default.rules:63
Apr 14 10:10:06 ICTM1612S02H1 systemd-udevd[3123]: handling device node '/dev/sg80', devnum=c21:80, mode=0660, uid=0, gid=6
Apr 14 10:10:06 ICTM1612S02H1 systemd-udevd[1486]: passed 200 byte device to netlink monitor 0x565114712ae0
Apr 14 10:10:06 ICTM1612S02H1 systemd-udevd[3119]: seq 5115 running
Apr 14 10:10:06 ICTM1612S02H1 systemd-udevd[1486]: seq 5118 queued, 'add' 'scsi_generic'
Apr 14 10:10:06 ICTM1612S02H1 systemd-udevd[3139]: value '[dmi/id]sys_vendor' is 'Dell Inc.'
Apr 14 10:10:06 ICTM1612S02H1 systemd-udevd[3587]: starting '/usr/bin/sg_inq --export --page=sn /dev/sdab'
Apr 14 10:10:06 ICTM1612S02H1 systemd-udevd[3123]: set permissions /dev/sg80, 020660, uid=0, gid=6
Apr 14 10:10:06 ICTM1612S02H1 systemd-udevd[3123]: creating symlink '/dev/char/21:80' to '../sg80'
Apr 14 10:10:06 ICTM1612S02H1 systemd-udevd[1486]: passed 232 byte device to netlink monitor 0x565114712ae0
Apr 14 10:10:06 ICTM1612S02H1 systemd-udevd[3131]: handling device node '/dev/sg81', devnum=c21:81, mode=0660, uid=0, gid=6
Apr 14 10:10:06 ICTM1612S02H1 systemd-udevd[3135]: seq 5118 running
Apr 14 10:10:06 ICTM1612S02H1 systemd-udevd[1486]: seq 5119 queued, 'add' 'bsg'
Apr 14 10:10:06 ICTM1612S02H1 kernel: [ 56.532320] sd 23:0:0:154: [sdfk] Attached SCSI disk
Apr 14 10:10:06 ICTM1612S02H1 kernel: [ 56.533456] sd 19:0:0:123: [sdgz] Write cache: enabled, read cache: enabled, supports DPO and FUA
Apr 14 10:10:06 ICTM1612S02H1 kernel: [ 56.533919] sd 21:0:0:154: [sdfn] Attached SCSI disk
Apr 14 10:10:06 ICTM1612S02H1 kernel: [ 56.533984] sd 17:0:0:123: [sdgy] Write cache: enabled, read cache: enabled, supports DPO and FUA
Apr 14 10:10:06 ICTM1612S02H1 systemd-udevd[3138]: creating symlink '/dev/char/249:84' to '../bsg/22:0:0:142'
Apr 14 10:10:06 ICTM1612S02H1 systemd-udevd[3139]: handling device node '/dev/bsg/23:0:0:140', devnum=c249:85, mode=0600, uid=0, gid=0
Apr 14 10:10:06 ICTM1612S02H1 systemd-udevd[3131]: set permissions /dev/sg81, 020660, uid=0, gid=6
Apr 14 10:10:06 ICTM1612S02H1 systemd-udevd[3123]: created empty file '/run/udev/data/c21:80' for '/devices/platform/host22/session7/target22:0:0/22:0:0:142/scsi_generic/sg80'
Apr 14 10:10:06 ICTM1612S02H1 systemd-udevd[3145]: value '[dmi/id]sys_vendor' is 'Dell Inc.'
Apr 14 10:10:06 ICTM1612S02H1 systemd-udevd[3119]: value '[dmi/id]sys_vendor' is 'Dell Inc.'
Apr 14 10:10:06 ICTM1612S02H1 systemd-udevd[1486]: passed 231 byte device to netlink monitor 0x565114712ae0
Apr 14 10:10:06 ICTM1612S02H1 systemd-udevd[3236]: seq 5119 running
Apr 14 10:10:06 ICTM1612S02H1 systemd-udevd[3145]: value '[dmi/id]sys_vendor' is 'Dell Inc.'
Apr 14 10:10:06 ICTM1612S02H1 systemd-udevd[3138]: created empty file '/run/udev/data/c249:84' for '/devices/platform/host22/session7/target22:0:0/22:0:0:142/bsg/22:0:0:142'
Apr 14 10:10:06 ICTM1612S02H1 systemd-udevd[3131]: creating symlink '/dev/char/21:81' to '../sg81'
Apr 14 10:10:06 ICTM1612S02H1 systemd-udevd[3145]: passed device to netlink monitor 0x56511477ed60
Apr 14 10:10:06 ICTM1612S02H1 systemd-udevd[3135]: value '[dmi/id]sys_vendor' is 'Dell Inc.'
Apr 14 10:10:06 ICTM1612S02H1 systemd-udevd[1486]: seq 5120 queued, 'add' 'scsi'
Apr 14 10:10:06 ICTM1612S02H1 systemd-udevd[3119]: value '[dmi/id]sys_vendor' is 'Dell Inc.'
Apr 14 10:10:06 ICTM1612S02H1 systemd-udevd[3138]: passed device to netlink monitor 0x565114778170
Apr 14 10:10:06 ICTM1612S02H1 systemd-udevd[3119]: passed device to netlink monitor 0x565114761270
Apr 14 10:10:06 ICTM1612S02H1 systemd-udevd[3073]: LINK 'disk/by-id/wwn-0x60080e500029092400008d525605f996' /lib/udev/rules.d/60-persistent-storage.rules:73
Apr 14 10:10:06 ICTM1612S02H1 systemd-udevd[3131]: created empty file '/run/udev/data/c21:81' for '/devices/platform/host23/session8/target23:0:0/23:0:0:140/scsi_generic/sg81'
Apr 14 10:10:06 ICTM1612S02H1 systemd-udevd[3073]: IMPORT 'probe-bcache -o udev /dev/sdv' /lib/udev/rules.d/69-bcache.rules:16
Apr 14 10:10:06 ICTM1612S02H1 systemd-udevd[1486]: passed 209 byte device to netlink monitor 0x565114712ae0
Apr 14 10:10:06 ICTM1612S02H1 systemd-udevd[3123]: passed device to netlink monitor 0x565114758870
Apr 14 10:10:06 ICTM1612S02H1 systemd-udevd[3135]: value '[dmi/id]sys_vendor' is 'Dell Inc.'
Apr 14 10:10:06 ICTM1612S02H1 systemd-udevd[3130]: seq 5120 running
Apr 14 10:10:06 ICTM1612S02H1 systemd-udevd[3138]: seq 5107 processed
Apr 14 10:10:06 ICTM1612S02H1 systemd-udevd[3145]: seq 5114 processed
Apr 14 10:10:06 ICTM1612S02H1 systemd-udevd[3119]: seq 5115 processed
Apr 14 10:10:06 ICTM1612S02H1 systemd-udevd[3236]: value '[dmi/id]sys_vendor' is 'Dell Inc.'
Apr 14 10:10:06 ICTM1612S02H1 systemd-udevd[3131]: passed device to netlink monitor 0x56511471b0c0
Apr 14 10:10:06 ICTM1612S02H1 systemd-udevd[3139]: preserve permissions /dev/bsg/23:0:0:140, 020600, uid=0, gid=0
Apr 14 10:10:06 ICTM1612S02H1 systemd-udevd[1486]: seq 5121 queued, 'add' 'scsi_disk'
Apr 14 10:10:06 ICTM1612S02H1 systemd-udevd[3123]: seq 5106 processed
Apr 14 10:10:06 ICTM1612S02H1 systemd-udevd[3135]: GROUP 6 /lib/udev/rules.d/50-udev-default.rules:63
Apr 14 10:10:06 ICTM1612S02H1 systemd-udevd[3588]: starting 'probe-bcache -o udev /dev/sdv'
Apr 14 10:10:06 ICTM1612S02H1 systemd-udevd[3131]: seq 5116 processed
Apr 14 10:10:06 ICTM1612S02H1 systemd-udevd[3236]: value '[dmi/id]sys_vendor' is 'Dell Inc.'
Apr 14 10:10:06 ICTM1612S02H1 systemd-udevd[3130]: value '[dmi/id]sys_vendor' is 'Dell Inc.'
Apr 14 10:10:06 ICTM1612S02H1 systemd-udevd[3139]: creating symlink '/dev/char/249:85' to '../bsg/23:0:0:140'
Apr 14 10:10:06 ICTM1612S02H1 systemd-udevd[1486]: seq 5122 queued, 'add' 'scsi_device'
Apr 14 10:10:06 ICTM1612S02H1 systemd-udevd[3135]: handling device node '/dev/sg82', devnum=c21:82, mode=0660, uid=0, gid=6
Apr 14 10:10:06 ICTM1612S02H1 systemd-udevd[3236]: handling device node '/dev/bsg/20:0:0:141', devnum=c249:86, mode=0600, uid=0, gid=0
Apr 14 10:10:06 ICTM1612S02H1 systemd-udevd[3130]: value '[dmi/id]sys_vendor' is 'Dell Inc.'
Apr 14 10:10:06 ICTM1612S02H1 systemd-udevd[3139]: created empty file '/run/udev/data/c249:85' for '/devices/platform/host23/session8/target23:0:0/23:0:0:140/bsg/23:0:0:140'
Apr 14 10:10:06 ICTM1612S02H1 systemd-udevd[3135]: set permissions /dev/sg82, 020660, uid=0, gid=6
Apr 14 10:10:06 ICTM1612S02H1 systemd-udevd[1486]: seq 5123 queued, 'add' 'block'
Apr 14 10:10:06 ICTM1612S02H1 systemd-udevd[3236]: preserve permissions /dev/bsg/20:0:0:141, 020600, uid=0, gid=0
Apr 14 10:10:06 ICTM1612S02H1 systemd-udevd[3130]: IMPORT builtin 'hwdb' /lib/udev/rules.d/50-udev-default.rules:15
Apr 14 10:10:06 ICTM1612S02H1 systemd-udevd[3139]: passed device to netlink monitor 0x565114779240
Apr 14 10:10:06 ICTM1612S02H1 systemd-udevd[3135]: creating symlink '/dev/char/21:82' to '../sg82'
Apr 14 10:10:06 ICTM1612S02H1 systemd-udevd[3135]: created empty file '/run/udev/data/c21:82' for '/devices/platform/host20/session5/target20:0:0/20:0:0:141/scsi_generic/sg82'
Apr 14 10:10:06 ICTM1612S02H1 systemd-udevd[3236]: creating symlink '/dev/char/249:86' to '../bsg/20:0:0:141'
Apr 14 10:10:06 ICTM1612S02H1 systemd-udevd[3145]: seq 5123 running
Apr 14 10:10:06 ICTM1612S02H1 systemd-udevd[3139]: seq 5117 processed
Apr 14 10:10:06 ICTM1612S02H1 systemd-udevd[3130]: IMPORT builtin 'hwdb' returned non-zero
Apr 14 10:10:06 ICTM1612S02H1 systemd-udevd[1486]: passed 230 byte device to netlink monitor 0x565114712ae0
Apr 14 10:10:06 ICTM1612S02H1 systemd-udevd[3135]: passed device to netlink monitor 0x56511476c140
Apr 14 10:10:06 ICTM1612S02H1 systemd-udevd[3236]: created empty file '/run/udev/data/c249:86' for '/devices/platform/host20/session5/target20:0:0/20:0:0:141/bsg/20:0:0:141'
Apr 14 10:10:06 ICTM1612S02H1 systemd-udevd[3130]: path '[module/sg](null)' is '/sys/module/sg'
Apr 14 10:10:06 ICTM1612S02H1 systemd-udevd[3135]: seq 5118 processed
Apr 14 10:10:06 ICTM1612S02H1 systemd-udevd[1486]: seq 5124 queued, 'add' 'scsi_generic'
Apr 14 10:10:06 ICTM1612S02H1 systemd-udevd[3236]: passed device to netlink monitor 0x5651147839c0
Apr 14 10:10:06 ICTM1612S02H1 systemd-udevd[1486]: seq 5125 queued, 'add' 'bsg'
Apr 14 10:10:06 ICTM1612S02H1 systemd-udevd[1486]: seq 5126 queued, 'add' 'bdi'
Apr 14 10:10:06 ICTM1612S02H1 systemd-udevd[3236]: seq 5119 processed
Apr 14 10:10:06 ICTM1612S02H1 systemd-udevd[3130]: RUN 'kmod load $env{MODALIAS}' /lib/udev/rules.d/80-drivers.rules:5
Apr 14 10:10:06 ICTM1612S02H1 systemd-udevd[1486]: passed 139 byte device to netlink monitor 0x565114712ae0
Apr 14 10:10:06 ICTM1612S02H1 systemd-udevd[3145]: value '[dmi/id]sys_vendor' is 'Dell Inc.'
Apr 14 10:10:06 ICTM1612S02H1 systemd-udevd[3119]: seq 5126 running
Apr 14 10:10:06 ICTM1612S02H1 systemd-udevd[3130]: Execute 'load' 'scsi:t-0x00'
Apr 14 10:10:06 ICTM1612S02H1 systemd-udevd[1486]: seq 5127 queued, 'add' 'block'
Apr 14 10:10:06 ICTM1612S02H1 systemd-udevd[3130]: No module matches 'scsi:t-0x00'
Apr 14 10:10:06 ICTM1612S02H1 systemd-udevd[3145]: value '[dmi/id]sys_vendor' is 'Dell Inc.'
Apr 14 10:10:06 ICTM1612S02H1 systemd-udevd[1486]: passed 229 byte device to netlink monitor 0x565114712ae0
Apr 14 10:10:06 ICTM1612S02H1 systemd-udevd[3119]: value '[dmi/id]sys_vendor' is 'Dell Inc.'
Apr 14 10:10:06 ICTM1612S02H1 systemd-udevd[3135]: seq 5127 running
Apr 14 10:10:06 ICTM1612S02H1 systemd-udevd[3130]: passed device to netlink monitor 0x565114760a80
Apr 14 10:10:06 ICTM1612S02H1 systemd-udevd[3145]: GROUP 6 /lib/udev/rules.d/50-udev-default.rules:55
Apr 14 10:10:06 ICTM1612S02H1 systemd-udevd[1486]: seq 5128 queued, 'add' 'bdi'
Apr 14 10:10:06 ICTM1612S02H1 systemd-udevd[3119]: value '[dmi/id]sys_vendor' is 'Dell Inc.'
Apr 14 10:10:06 ICTM1612S02H1 systemd-udevd[3130]: seq 5120 processed
Apr 14 10:10:06 ICTM1612S02H1 systemd-udevd[3145]: IMPORT '/usr/bin/sg_inq --export /dev/sdad' /lib/udev/rules.d/55-scsi-sg3_id.rules:10
Apr 14 10:10:06 ICTM1612S02H1 systemd-udevd[1486]: passed 138 byte device to netlink monitor 0x565114712ae0
Apr 14 10:10:06 ICTM1612S02H1 systemd-udevd[3236]: seq 5128 running
Apr 14 10:10:06 ICTM1612S02H1 systemd-udevd[3119]: passed device to netlink monitor 0x565114761270
Apr 14 10:10:06 ICTM1612S02H1 systemd-udevd[1486]: passed 192 byte device to netlink monitor 0x565114712ae0
Apr 14 10:10:06 ICTM1612S02H1 systemd-udevd[3135]: value '[dmi/id]sys_vendor' is 'Dell Inc.'
Apr 14 10:10:06 ICTM1612S02H1 systemd-udevd[3130]: seq 5121 running
Apr 14 10:10:06 ICTM1612S02H1 systemd-udevd[3119]: seq 5126 processed
Apr 14 10:10:06 ICTM1612S02H1 kernel: [ 56.534193] sd 16:0:0:125: [sdhb] Write Protect is off
Apr 14 10:10:06 ICTM1612S02H1 kernel: [ 56.534197] sd 16:0:0:125: [sdhb] Mode Sense: 83 00 10 08
Apr 14 10:10:06 ICTM1612S02H1 kernel: [ 56.535142] sd 16:0:0:126: [sdhe] 37748736 512-byte logical blocks: (19.3 GB/18.0 GiB)
Apr 14 10:10:06 ICTM1612S02H1 kernel: [ 56.535287] scsi 16:0:0:127: Direct-Access NETAPP INF-01-00 9820 PQ: 0 ANSI: 5
Apr 14 10:10:06 ICTM1612S02H1 kernel: [ 56.535704] sd 18:0:0:122: [sdha] Write Protect is off
Apr 14 10:10:06 ICTM1612S02H1 kernel: [ 56.535707] sd 18:0:0:122: [sdha] Mode Sense: 83 00 10 08
Apr 14 10:10:06 ICTM1612S02H1 kernel: [ 56.536347] sd 18:0:0:123: [sdhf] 37748736 512-byte logical blocks: (19.3 GB/18.0 GiB)
Apr 14 10:10:06 ICTM1612S02H1 kernel: [ 56.536909] scsi 18:0:0:124: Direct-Access NETAPP INF-01-00 9820 PQ: 0 ANSI: 5
Apr 14 10:10:06 ICTM1612S02H1 systemd-udevd[3113]: '/usr/bin/sg_inq --export --page=sn /dev/sdab'(out) 'SCSI_IDENT_SERIAL=SR21500107'
Apr 14 10:10:06 ICTM1612S02H1 systemd-udevd[3236]: value '[dmi/id]sys_vendor' is 'Dell Inc.'
Apr 14 10:10:06 ICTM1612S02H1 systemd-udevd[3074]: seq 5122 running
Apr 14 10:10:06 ICTM1612S02H1 systemd-udevd[3135]: value '[dmi/id]sys_vendor' is 'Dell Inc.'
Apr 14 10:10:06 ICTM1612S02H1 systemd-udevd[3591]: starting '/usr/bin/sg_inq --export /dev/sdad'
Apr 14 10:10:06 ICTM1612S02H1 systemd-udevd[1486]: passed 196 byte device to netlink monitor 0x565114712ae0
Apr 14 10:10:06 ICTM1612S02H1 systemd-udevd[3113]: Process '/usr/bin/sg_inq --export --page=sn /dev/sdab' succeeded.
Apr 14 10:10:06 ICTM1612S02H1 systemd-udevd[3236]: value '[dmi/id]sys_vendor' is 'Dell Inc.'
Apr 14 10:10:06 ICTM1612S02H1 systemd-udevd[3135]: GROUP 6 /lib/udev/rules.d/50-udev-default.rules:55
Apr 14 10:10:06 ICTM1612S02H1 systemd-udevd[3236]: passed device to netlink monitor 0x5651147839c0
Apr 14 10:10:06 ICTM1612S02H1 systemd-udevd[3127]: seq 5124 running
Apr 14 10:10:06 ICTM1612S02H1 systemd-udevd[3130]: value '[dmi/id]sys_vendor' is 'Dell Inc.'
Apr 14 10:10:06 ICTM1612S02H1 systemd-udevd[3113]: IMPORT '/usr/bin/sg_inq --export --page=di /dev/sdab' /lib/udev/rules.d/55-scsi-sg3_id.rules:21
Apr 14 10:10:06 ICTM1612S02H1 systemd-udevd[3135]: IMPORT '/usr/bin/sg_inq --export /dev/sdai' /lib/udev/rules.d/55-scsi-sg3_id.rules:10
Apr 14 10:10:06 ICTM1612S02H1 systemd-udevd[3073]: Process 'probe-bcache -o udev /dev/sdv' succeeded.
Apr 14 10:10:06 ICTM1612S02H1 systemd-udevd[1486]: passed 230 byte device to netlink monitor 0x565114712ae0
Apr 14 10:10:06 ICTM1612S02H1 systemd-udevd[3236]: seq 5128 processed
Apr 14 10:10:06 ICTM1612S02H1 systemd-udevd[3118]: seq 5125 running
Apr 14 10:10:06 ICTM1612S02H1 systemd-udevd[3130]: value '[dmi/id]sys_vendor' is 'Dell Inc.'
Apr 14 10:10:06 ICTM1612S02H1 systemd-udevd[1486]: passed 225 byte device to netlink monitor 0x565114712ae0
Apr 14 10:10:06 ICTM1612S02H1 systemd-udevd[3073]: RUN '/lib/udev/hdparm' /lib/udev/rules.d/85-hdparm.rules:1
Apr 14 10:10:06 ICTM1612S02H1 systemd-udevd[3127]: value '[dmi/id]sys_vendor' is 'Dell Inc.'
Apr 14 10:10:06 ICTM1612S02H1 systemd-udevd[3074]: value '[dmi/id]sys_vendor' is 'Dell Inc.'
Apr 14 10:10:06 ICTM1612S02H1 systemd-udevd[3592]: starting '/usr/bin/sg_inq --export --page=di /dev/sdab'
Apr 14 10:10:06 ICTM1612S02H1 systemd-udevd[3127]: value '[dmi/id]sys_vendor' is 'Dell Inc.'
Apr 14 10:10:06 ICTM1612S02H1 systemd-udevd[3130]: passed device to netlink monitor 0x565114760a80
Apr 14 10:10:06 ICTM1612S02H1 systemd-udevd[3593]: starting '/usr/bin/sg_inq --export /dev/sdai'
Apr 14 10:10:06 ICTM1612S02H1 systemd-udevd[3127]: GROUP 6 /lib/udev/rules.d/50-udev-default.rules:63
Apr 14 10:10:06 ICTM1612S02H1 systemd-udevd[1486]: seq 5129 queued, 'add' 'scsi'
Apr 14 10:10:06 ICTM1612S02H1 kernel: [ 56.537225] sd 17:0:0:19: [sdgi] Attached SCSI disk
Apr 14 10:10:06 ICTM1612S02H1 systemd-udevd[3130]: seq 5121 processed
Apr 14 10:10:06 ICTM1612S02H1 systemd-udevd[3126]: seq 5129 running
Apr 14 10:10:06 ICTM1612S02H1 systemd-udevd[3074]: value '[dmi/id]sys_vendor' is 'Dell Inc.'
Apr 14 10:10:06 ICTM1612S02H1 kernel: [ 56.537943] sd 17:0:0:125: Attached scsi generic sg220 type 0
Apr 14 10:10:06 ICTM1612S02H1 systemd-udevd[1486]: passed 211 byte device to netlink monitor 0x565114712ae0
Apr 14 10:10:06 ICTM1612S02H1 systemd-udevd[3127]: handling device node '/dev/sg83', devnum=c21:83, mode=0660, uid=0, gid=6
Apr 14 10:10:06 ICTM1612S02H1 systemd-udevd[3073]: ATTR '/sys/devices/platform/host17/session2/target17:0:0/17:0:0:3/block/sdv/queue/max_sectors_kb' writing '32767' /etc/udev/rules.d/99-largeio-udev.rules:1
Apr 14 10:10:06 ICTM1612S02H1 systemd-udevd[3118]: value '[dmi/id]sys_vendor' is 'Dell Inc.'
Apr 14 10:10:06 ICTM1612S02H1 systemd-udevd[3127]: set permissions /dev/sg83, 020660, uid=0, gid=6
Apr 14 10:10:06 ICTM1612S02H1 systemd-udevd[1486]: seq 5130 queued, 'add' 'scsi_disk'
Apr 14 10:10:06 ICTM1612S02H1 systemd-udevd[3074]: passed device to netlink monitor 0x565114714100
Apr 14 10:10:06 ICTM1612S02H1 systemd-udevd[3073]: handling device node '/dev/sdv', devnum=b65:80, mode=0660, uid=0, gid=6
Apr 14 10:10:06 ICTM1612S02H1 systemd-udevd[3127]: creating symlink '/dev/char/21:83' to '../sg83'
Apr 14 10:10:06 ICTM1612S02H1 systemd-udevd[3074]: seq 5122 processed
Apr 14 10:10:06 ICTM1612S02H1 systemd-udevd[1486]: seq 5131 queued, 'add' 'scsi_device'
Apr 14 10:10:06 ICTM1612S02H1 systemd-udevd[3126]: value '[dmi/id]sys_vendor' is 'Dell Inc.'
Apr 14 10:10:06 ICTM1612S02H1 systemd-udevd[3073]: set permissions /dev/sdv, 060660, uid=0, gid=6
Apr 14 10:10:06 ICTM1612S02H1 systemd-udevd[3118]: value '[dmi/id]sys_vendor' is 'Dell Inc.'
Apr 14 10:10:06 ICTM1612S02H1 systemd-udevd[3127]: created empty file '/run/udev/data/c21:83' for '/devices/platform/host16/session1/target16:0:0/16:0:0:8/scsi_generic/sg83'
Apr 14 10:10:06 ICTM1612S02H1 systemd-udevd[1486]: seq 5132 queued, 'add' 'scsi'
Apr 14 10:10:06 ICTM1612S02H1 systemd-udevd[3073]: creating symlink '/dev/block/65:80' to '../sdv'
Apr 14 10:10:06 ICTM1612S02H1 systemd-udevd[3126]: value '[dmi/id]sys_vendor' is 'Dell Inc.'
Apr 14 10:10:06 ICTM1612S02H1 systemd-udevd[3127]: passed device to netlink monitor 0x565114765180
Apr 14 10:10:06 ICTM1612S02H1 systemd-udevd[1486]: passed 209 byte device to netlink monitor 0x565114712ae0
Apr 14 10:10:06 ICTM1612S02H1 systemd-udevd[3119]: seq 5132 running
Apr 14 10:10:06 ICTM1612S02H1 systemd-udevd[3073]: found 'b8:240' claiming '/run/udev/links/\x2fdisk\x2fby-id\x2fscsi-360080e500029092400008d525605f996'
Apr 14 10:10:06 ICTM1612S02H1 systemd-udevd[3118]: handling device node '/dev/bsg/16:0:0:8', devnum=c249:87, mode=0600, uid=0, gid=0
Apr 14 10:10:06 ICTM1612S02H1 systemd-udevd[3126]: IMPORT builtin 'hwdb' /lib/udev/rules.d/50-udev-default.rules:15
Apr 14 10:10:06 ICTM1612S02H1 systemd-udevd[3127]: seq 5124 processed
Apr 14 10:10:06 ICTM1612S02H1 systemd-udevd[1486]: seq 5133 queued, 'add' 'scsi_generic'
Apr 14 10:10:06 ICTM1612S02H1 systemd-udevd[3118]: preserve permissions /dev/bsg/16:0:0:8, 020600, uid=0, gid=0
Apr 14 10:10:06 ICTM1612S02H1 systemd-udevd[3118]: creating symlink '/dev/char/249:87' to '../bsg/16:0:0:8'
Apr 14 10:10:06 ICTM1612S02H1 systemd-udevd[3126]: IMPORT builtin 'hwdb' returned non-zero
Apr 14 10:10:06 ICTM1612S02H1 systemd-udevd[1486]: seq 5134 queued, 'add' 'scsi_disk'
Apr 14 10:10:06 ICTM1612S02H1 systemd-udevd[3119]: value '[dmi/id]sys_vendor' is 'Dell Inc.'
Apr 14 10:10:06 ICTM1612S02H1 systemd-udevd[3073]: creating link '/dev/disk/by-id/scsi-360080e500029092400008d525605f996' to '/dev/sdv'
Apr 14 10:10:06 ICTM1612S02H1 systemd-udevd[3118]: created empty file '/run/udev/data/c249:87' for '/devices/platform/host16/session1/target16:0:0/16:0:0:8/bsg/16:0:0:8'
Apr 14 10:10:06 ICTM1612S02H1 systemd-udevd[3118]: passed device to netlink monitor 0x5651147290e0
Apr 14 10:10:06 ICTM1612S02H1 systemd-udevd[1486]: seq 5135 queued, 'add' 'bsg'
Apr 14 10:10:06 ICTM1612S02H1 systemd-udevd[3073]: atomically replace '/dev/disk/by-id/scsi-360080e500029092400008d525605f996'
Apr 14 10:10:06 ICTM1612S02H1 systemd-udevd[3119]: value '[dmi/id]sys_vendor' is 'Dell Inc.'
Apr 14 10:10:06 ICTM1612S02H1 systemd-udevd[3126]: path '[module/sg](null)' is '/sys/module/sg'
Apr 14 10:10:06 ICTM1612S02H1 systemd-udevd[3118]: seq 5125 processed
Apr 14 10:10:06 ICTM1612S02H1 systemd-udevd[1486]: seq 5136 queued, 'add' 'scsi_device'
Apr 14 10:10:06 ICTM1612S02H1 systemd-udevd[3119]: IMPORT builtin 'hwdb' /lib/udev/rules.d/50-udev-default.rules:15
Apr 14 10:10:06 ICTM1612S02H1 systemd-udevd[1486]: seq 5137 queued, 'add' 'scsi'
Apr 14 10:10:06 ICTM1612S02H1 systemd-udevd[3126]: RUN 'kmod load $env{MODALIAS}' /lib/udev/rules.d/80-drivers.rules:5
Apr 14 10:10:06 ICTM1612S02H1 systemd-udevd[3073]: found 'b8:208' claiming '/run/udev/links/\x2fdisk\x2fby-id\x2fscsi-SNETAPP_INF-01-00_SR21500107'
Apr 14 10:10:06 ICTM1612S02H1 systemd-udevd[3119]: IMPORT builtin 'hwdb' returned non-zero
Apr 14 10:10:06 ICTM1612S02H1 systemd-udevd[1486]: passed 211 byte device to netlink monitor 0x565114712ae0
Apr 14 10:10:06 ICTM1612S02H1 systemd-udevd[3236]: seq 5137 running
Apr 14 10:10:06 ICTM1612S02H1 systemd-udevd[3126]: Execute 'load' 'scsi:t-0x00'
Apr 14 10:10:06 ICTM1612S02H1 systemd-udevd[3119]: path '[module/sg](null)' is '/sys/module/sg'
Apr 14 10:10:06 ICTM1612S02H1 systemd-udevd[1486]: seq 5138 queued, 'add' 'scsi_generic'
Apr 14 10:10:06 ICTM1612S02H1 systemd-udevd[3126]: No module matches 'scsi:t-0x00'
Apr 14 10:10:06 ICTM1612S02H1 systemd-udevd[3073]: found 'b8:224' claiming '/run/udev/links/\x2fdisk\x2fby-id\x2fscsi-SNETAPP_INF-01-00_SR21500107'
Apr 14 10:10:06 ICTM1612S02H1 systemd-udevd[3119]: RUN 'kmod load $env{MODALIAS}' /lib/udev/rules.d/80-drivers.rules:5
Apr 14 10:10:06 ICTM1612S02H1 systemd-udevd[3126]: passed device to netlink monitor 0x565114746ba0
Apr 14 10:10:06 ICTM1612S02H1 systemd-udevd[1486]: seq 5139 queued, 'add' 'scsi_disk'
Apr 14 10:10:06 ICTM1612S02H1 systemd-udevd[3119]: Execute 'load' 'scsi:t-0x00'
Apr 14 10:10:06 ICTM1612S02H1 systemd-udevd[3126]: seq 5129 processed
Apr 14 10:10:06 ICTM1612S02H1 systemd-udevd[3119]: No module matches 'scsi:t-0x00'
Apr 14 10:10:06 ICTM1612S02H1 systemd-udevd[3073]: found 'b8:96' claiming '/run/udev/links/\x2fdisk\x2fby-id\x2fscsi-SNETAPP_INF-01-00_SR21500107'
Apr 14 10:10:06 ICTM1612S02H1 systemd-udevd[3119]: passed device to netlink monitor 0x565114761270
Apr 14 10:10:06 ICTM1612S02H1 systemd-udevd[3236]: value '[dmi/id]sys_vendor' is 'Dell Inc.'
Apr 14 10:10:06 ICTM1612S02H1 systemd-udevd[1486]: seq 5140 queued, 'add' 'bsg'
Apr 14 10:10:06 ICTM1612S02H1 systemd-udevd[3119]: seq 5132 processed
