Apr 14 10:10:06 ICTM1612S02H1 systemd-udevd[1486]: passed 196 byte device to netlink monitor 0x565114712ae0
Apr 14 10:10:06 ICTM1612S02H1 systemd-udevd[3130]: seq 4893 running
Apr 14 10:10:06 ICTM1612S02H1 systemd[1]: dev-sdh.device: Changed dead -> plugged
Apr 14 10:10:06 ICTM1612S02H1 systemd-udevd[3145]: value '[dmi/id]sys_vendor' is 'Dell Inc.'
Apr 14 10:10:06 ICTM1612S02H1 systemd-udevd[1486]: passed 200 byte device to netlink monitor 0x565114712ae0
Apr 14 10:10:06 ICTM1612S02H1 systemd-udevd[3127]: IMPORT builtin 'path_id' /lib/udev/rules.d/60-persistent-storage.rules:54
Apr 14 10:10:06 ICTM1612S02H1 systemd-udevd[3236]: GROUP 6 /lib/udev/rules.d/50-udev-default.rules:55
Apr 14 10:10:06 ICTM1612S02H1 systemd[1]: sys-devices-platform-host16-session1-target16:0:0-16:0:0:2-block-sdh.device: Changed dead -> plugged
Apr 14 10:10:06 ICTM1612S02H1 systemd-udevd[3145]: IMPORT builtin 'hwdb' /lib/udev/rules.d/50-udev-default.rules:15
Apr 14 10:10:06 ICTM1612S02H1 systemd-udevd[3073]: value '[dmi/id]sys_vendor' is 'Dell Inc.'
Apr 14 10:10:06 ICTM1612S02H1 systemd-udevd[1486]: passed 232 byte device to netlink monitor 0x565114712ae0
Apr 14 10:10:06 ICTM1612S02H1 systemd-udevd[3074]: seq 4894 running
Apr 14 10:10:06 ICTM1612S02H1 systemd-udevd[3236]: IMPORT '/usr/bin/sg_inq --export /dev/sdn' /lib/udev/rules.d/55-scsi-sg3_id.rules:10
Apr 14 10:10:06 ICTM1612S02H1 systemd[1]: Sent message type=signal sender=n/a destination=n/a object=/org/freedesktop/systemd1 interface=org.freedesktop.systemd1.Manager member=UnitNew cookie=100 reply_cookie=0 error=n/a
Apr 14 10:10:06 ICTM1612S02H1 systemd-udevd[3130]: value '[dmi/id]sys_vendor' is 'Dell Inc.'
Apr 14 10:10:06 ICTM1612S02H1 systemd-udevd[3145]: IMPORT builtin 'hwdb' returned non-zero
Apr 14 10:10:06 ICTM1612S02H1 systemd-udevd[1486]: passed 231 byte device to netlink monitor 0x565114712ae0
Apr 14 10:10:06 ICTM1612S02H1 systemd-udevd[3073]: value '[dmi/id]sys_vendor' is 'Dell Inc.'
Apr 14 10:10:06 ICTM1612S02H1 systemd-udevd[3118]: seq 4895 running
Apr 14 10:10:06 ICTM1612S02H1 systemd-udevd[3127]: LINK 'disk/by-path/ip-fe80:0000:0000:0000:0192:0012:0022:0111:3260-iscsi-iqn.1992-08.com.netapp:5504.60080e5000290924000000005525f5de-lun-1' /lib/udev/rules.d/60-persistent-storage.rules:55
Apr 14 10:10:06 ICTM1612S02H1 systemd-udevd[3074]: value '[dmi/id]sys_vendor' is 'Dell Inc.'
Apr 14 10:10:06 ICTM1612S02H1 systemd-udevd[3485]: starting '/usr/bin/sg_inq --export /dev/sdn'
Apr 14 10:10:06 ICTM1612S02H1 systemd[1]: Sent message type=signal sender=n/a destination=n/a object=/org/freedesktop/systemd1 interface=org.freedesktop.systemd1.Manager member=UnitNew cookie=101 reply_cookie=0 error=n/a
Apr 14 10:10:06 ICTM1612S02H1 systemd[1]: Sent message type=signal sender=n/a destination=n/a object=/org/freedesktop/systemd1 interface=org.freedesktop.systemd1.Manager member=UnitNew cookie=102 reply_cookie=0 error=n/a
Apr 14 10:10:06 ICTM1612S02H1 systemd-udevd[3145]: path '[module/sg](null)' is '/sys/module/sg'
Apr 14 10:10:06 ICTM1612S02H1 systemd-udevd[3145]: RUN 'kmod load $env{MODALIAS}' /lib/udev/rules.d/80-drivers.rules:5
Apr 14 10:10:06 ICTM1612S02H1 systemd-udevd[3145]: Execute 'load' 'scsi:t-0x00'
Apr 14 10:10:06 ICTM1612S02H1 systemd-udevd[3127]: IMPORT builtin 'blkid' /lib/udev/rules.d/60-persistent-storage.rules:66
Apr 14 10:10:06 ICTM1612S02H1 systemd-udevd[3074]: value '[dmi/id]sys_vendor' is 'Dell Inc.'
Apr 14 10:10:06 ICTM1612S02H1 systemd-udevd[3130]: value '[dmi/id]sys_vendor' is 'Dell Inc.'
Apr 14 10:10:06 ICTM1612S02H1 systemd[1]: Sent message type=signal sender=n/a destination=n/a object=/org/freedesktop/systemd1 interface=org.freedesktop.systemd1.Manager member=UnitNew cookie=103 reply_cookie=0 error=n/a
Apr 14 10:10:06 ICTM1612S02H1 kernel: [ 56.454439] sd 18:0:0:10: [sdeb] Attached SCSI disk
Apr 14 10:10:06 ICTM1612S02H1 kernel: [ 56.454459] sd 21:0:0:134: [sdam] Attached SCSI disk
Apr 14 10:10:06 ICTM1612S02H1 kernel: [ 56.455340] sd 20:0:0:135: [sdan] Attached SCSI disk
Apr 14 10:10:06 ICTM1612S02H1 kernel: [ 56.455369] sd 23:0:0:152: [sdew] Attached SCSI disk
Apr 14 10:10:06 ICTM1612S02H1 kernel: [ 56.455614] sd 18:0:0:16: Attached scsi generic sg190 type 0
Apr 14 10:10:06 ICTM1612S02H1 kernel: [ 56.455688] sd 21:0:0:157: [sdgb] 37748736 512-byte logical blocks: (19.3 GB/18.0 GiB)
Apr 14 10:10:06 ICTM1612S02H1 kernel: [ 56.455713] sd 16:0:0:19: Attached scsi generic sg191 type 0
Apr 14 10:10:06 ICTM1612S02H1 kernel: [ 56.455971] sd 21:0:0:135: [sdar] Attached SCSI disk
Apr 14 10:10:06 ICTM1612S02H1 kernel: [ 56.455999] sd 20:0:0:152: [sdek] Attached SCSI disk
Apr 14 10:10:06 ICTM1612S02H1 kernel: [ 56.456079] sd 16:0:0:13: [sdea] Attached SCSI disk
Apr 14 10:10:06 ICTM1612S02H1 systemd-udevd[1486]: seq 4899 queued, 'add' 'scsi_disk'
Apr 14 10:10:06 ICTM1612S02H1 systemd-udevd[3073]: passed device to netlink monitor 0x565114710f20
Apr 14 10:10:06 ICTM1612S02H1 systemd-udevd[3118]: value '[dmi/id]sys_vendor' is 'Dell Inc.'
Apr 14 10:10:06 ICTM1612S02H1 systemd-udevd[3145]: No module matches 'scsi:t-0x00'
Apr 14 10:10:06 ICTM1612S02H1 systemd-udevd[3074]: GROUP 6 /lib/udev/rules.d/50-udev-default.rules:63
Apr 14 10:10:06 ICTM1612S02H1 systemd[1]: Sent message type=signal sender=n/a destination=n/a object=/org/freedesktop/systemd1 interface=org.freedesktop.systemd1.Manager member=UnitNew cookie=104 reply_cookie=0 error=n/a
Apr 14 10:10:06 ICTM1612S02H1 systemd-udevd[3130]: passed device to netlink monitor 0x565114760a80
Apr 14 10:10:06 ICTM1612S02H1 systemd-udevd[3073]: seq 4892 processed
Apr 14 10:10:06 ICTM1612S02H1 systemd-udevd[1486]: seq 4900 queued, 'add' 'scsi_device'
Apr 14 10:10:06 ICTM1612S02H1 systemd-udevd[3145]: passed device to netlink monitor 0x56511477ed60
Apr 14 10:10:06 ICTM1612S02H1 kernel: [ 56.456210] sd 17:0:0:16: [sdfs] Write cache: enabled, read cache: enabled, supports DPO and FUA
Apr 14 10:10:06 ICTM1612S02H1 kernel: [ 56.456764] sd 21:0:0:156: [sdfy] Write Protect is off
Apr 14 10:10:06 ICTM1612S02H1 kernel: [ 56.456767] sd 21:0:0:156: [sdfy] Mode Sense: 83 00 10 08
Apr 14 10:10:06 ICTM1612S02H1 systemd-udevd[1486]: seq 4901 queued, 'add' 'bdi'
Apr 14 10:10:06 ICTM1612S02H1 systemd-udevd[3130]: seq 4893 processed
Apr 14 10:10:06 ICTM1612S02H1 systemd-udevd[3074]: handling device node '/dev/sg45', devnum=c21:45, mode=0660, uid=0, gid=6
Apr 14 10:10:06 ICTM1612S02H1 systemd-udevd[3145]: seq 4898 processed
Apr 14 10:10:06 ICTM1612S02H1 systemd-udevd[3118]: value '[dmi/id]sys_vendor' is 'Dell Inc.'
Apr 14 10:10:06 ICTM1612S02H1 systemd-udevd[1486]: passed 137 byte device to netlink monitor 0x565114712ae0
Apr 14 10:10:06 ICTM1612S02H1 systemd-udevd[3073]: seq 4901 running
Apr 14 10:10:06 ICTM1612S02H1 systemd-udevd[3074]: set permissions /dev/sg45, 020660, uid=0, gid=6
Apr 14 10:10:06 ICTM1612S02H1 systemd-udevd[1486]: passed 192 byte device to netlink monitor 0x565114712ae0
Apr 14 10:10:06 ICTM1612S02H1 systemd-udevd[3145]: seq 4899 running
Apr 14 10:10:06 ICTM1612S02H1 systemd-udevd[3118]: handling device node '/dev/bsg/20:0:0:135', devnum=c249:49, mode=0600, uid=0, gid=0
Apr 14 10:10:06 ICTM1612S02H1 systemd-udevd[3073]: value '[dmi/id]sys_vendor' is 'Dell Inc.'
Apr 14 10:10:06 ICTM1612S02H1 systemd-udevd[3074]: creating symlink '/dev/char/21:45' to '../sg45'
Apr 14 10:10:06 ICTM1612S02H1 systemd-udevd[1486]: passed 196 byte device to netlink monitor 0x565114712ae0
Apr 14 10:10:06 ICTM1612S02H1 systemd-udevd[3119]: seq 4900 running
Apr 14 10:10:06 ICTM1612S02H1 systemd-udevd[3118]: preserve permissions /dev/bsg/20:0:0:135, 020600, uid=0, gid=0
Apr 14 10:10:06 ICTM1612S02H1 systemd-udevd[3074]: created empty file '/run/udev/data/c21:45' for '/devices/platform/host20/session5/target20:0:0/20:0:0:135/scsi_generic/sg45'
Apr 14 10:10:06 ICTM1612S02H1 systemd-udevd[3073]: value '[dmi/id]sys_vendor' is 'Dell Inc.'
Apr 14 10:10:06 ICTM1612S02H1 systemd-udevd[1486]: seq 4902 queued, 'add' 'scsi'
Apr 14 10:10:06 ICTM1612S02H1 systemd-udevd[3118]: creating symlink '/dev/char/249:49' to '../bsg/20:0:0:135'
Apr 14 10:10:06 ICTM1612S02H1 systemd-udevd[3074]: passed device to netlink monitor 0x565114714100
Apr 14 10:10:06 ICTM1612S02H1 systemd-udevd[1486]: passed 211 byte device to netlink monitor 0x565114712ae0
Apr 14 10:10:06 ICTM1612S02H1 systemd-udevd[3145]: value '[dmi/id]sys_vendor' is 'Dell Inc.'
Apr 14 10:10:06 ICTM1612S02H1 systemd-udevd[3073]: passed device to netlink monitor 0x565114710f20
Apr 14 10:10:06 ICTM1612S02H1 systemd-udevd[3130]: seq 4902 running
Apr 14 10:10:06 ICTM1612S02H1 systemd-udevd[3118]: created empty file '/run/udev/data/c249:49' for '/devices/platform/host20/session5/target20:0:0/20:0:0:135/bsg/20:0:0:135'
Apr 14 10:10:06 ICTM1612S02H1 systemd-udevd[3074]: seq 4894 processed
Apr 14 10:10:06 ICTM1612S02H1 systemd[1]: dev-disk-by\x2dpath-ip\x2dfe80:0000:0000:0000:0192:0012:0022:0112:3260\x2discsi\x2diqn.1992\x2d08.com.netapp:5504.60080e5000290924000000005525f5de\x2dlun\x2d1.device: Changed dead -> plugged
Apr 14 10:10:06 ICTM1612S02H1 systemd-udevd[1486]: seq 4903 queued, 'add' 'scsi_generic'
Apr 14 10:10:06 ICTM1612S02H1 systemd-udevd[3126]: seq 4903 running
Apr 14 10:10:06 ICTM1612S02H1 systemd-udevd[3118]: passed device to netlink monitor 0x5651147290e0
Apr 14 10:10:06 ICTM1612S02H1 systemd-udevd[3145]: value '[dmi/id]sys_vendor' is 'Dell Inc.'
Apr 14 10:10:06 ICTM1612S02H1 systemd[1]: dev-disk-by\x2did-wwn\x2d0x60080e500029092400008d505605f98b.device: Changed dead -> plugged
Apr 14 10:10:06 ICTM1612S02H1 systemd-udevd[3119]: value '[dmi/id]sys_vendor' is 'Dell Inc.'
Apr 14 10:10:06 ICTM1612S02H1 systemd-udevd[1486]: passed 230 byte device to netlink monitor 0x565114712ae0
Apr 14 10:10:06 ICTM1612S02H1 systemd-udevd[3119]: value '[dmi/id]sys_vendor' is 'Dell Inc.'
Apr 14 10:10:06 ICTM1612S02H1 systemd-udevd[3118]: seq 4895 processed
Apr 14 10:10:06 ICTM1612S02H1 systemd-udevd[3130]: value '[dmi/id]sys_vendor' is 'Dell Inc.'
Apr 14 10:10:06 ICTM1612S02H1 systemd[1]: dev-disk-by\x2did-scsi\x2dSNETAPP_INF\x2d01\x2d00_SR21500107.device: Changed dead -> plugged
Apr 14 10:10:06 ICTM1612S02H1 kernel: [ 56.457473] sd 19:0:0:16: [sdfu] Write cache: enabled, read cache: enabled, supports DPO and FUA
Apr 14 10:10:06 ICTM1612S02H1 kernel: [ 56.458143] sd 21:0:0:156: [sdfy] Write cache: enabled, read cache: enabled, supports DPO and FUA
Apr 14 10:10:06 ICTM1612S02H1 systemd-udevd[3145]: passed device to netlink monitor 0x56511477ed60
Apr 14 10:10:06 ICTM1612S02H1 systemd-udevd[3073]: seq 4901 processed
Apr 14 10:10:06 ICTM1612S02H1 systemd-udevd[3126]: value '[dmi/id]sys_vendor' is 'Dell Inc.'
Apr 14 10:10:06 ICTM1612S02H1 systemd-udevd[1486]: seq 4904 queued, 'add' 'bsg'
Apr 14 10:10:06 ICTM1612S02H1 systemd-udevd[3126]: value '[dmi/id]sys_vendor' is 'Dell Inc.'
Apr 14 10:10:06 ICTM1612S02H1 systemd[1]: dev-disk-by\x2did-scsi\x2d360080e500029092400008d505605f98b.device: Changed dead -> plugged
Apr 14 10:10:06 ICTM1612S02H1 systemd-udevd[3127]: probe /dev/sdi raid offset=0
Apr 14 10:10:06 ICTM1612S02H1 systemd-udevd[3130]: value '[dmi/id]sys_vendor' is 'Dell Inc.'
Apr 14 10:10:06 ICTM1612S02H1 systemd-udevd[3145]: seq 4899 processed
Apr 14 10:10:06 ICTM1612S02H1 systemd-udevd[1486]: passed 225 byte device to netlink monitor 0x565114712ae0
Apr 14 10:10:06 ICTM1612S02H1 systemd-udevd[3119]: passed device to netlink monitor 0x565114761270
Apr 14 10:10:06 ICTM1612S02H1 systemd-udevd[3074]: seq 4904 running
Apr 14 10:10:06 ICTM1612S02H1 systemd[1]: dev-sdg.device: Changed dead -> plugged
Apr 14 10:10:06 ICTM1612S02H1 systemd-udevd[3126]: GROUP 6 /lib/udev/rules.d/50-udev-default.rules:63
Apr 14 10:10:06 ICTM1612S02H1 systemd-udevd[3130]: IMPORT builtin 'hwdb' /lib/udev/rules.d/50-udev-default.rules:15
Apr 14 10:10:06 ICTM1612S02H1 systemd-udevd[3126]: handling device node '/dev/sg46', devnum=c21:46, mode=0660, uid=0, gid=6
Apr 14 10:10:06 ICTM1612S02H1 systemd-udevd[1486]: seq 4905 queued, 'add' 'scsi_disk'
Apr 14 10:10:06 ICTM1612S02H1 systemd[1]: sys-devices-platform-host17-session2-target17:0:0-17:0:0:1-block-sdg.device: Changed dead -> plugged
Apr 14 10:10:06 ICTM1612S02H1 systemd-udevd[3119]: seq 4900 processed
Apr 14 10:10:06 ICTM1612S02H1 systemd-udevd[3126]: set permissions /dev/sg46, 020660, uid=0, gid=6
Apr 14 10:10:06 ICTM1612S02H1 systemd-udevd[3130]: IMPORT builtin 'hwdb' returned non-zero
Apr 14 10:10:06 ICTM1612S02H1 systemd-udevd[1486]: seq 4906 queued, 'add' 'scsi_device'
Apr 14 10:10:06 ICTM1612S02H1 systemd[1]: Sent message type=signal sender=n/a destination=n/a object=/org/freedesktop/systemd1 interface=org.freedesktop.systemd1.Manager member=UnitNew cookie=105 reply_cookie=0 error=n/a
Apr 14 10:10:06 ICTM1612S02H1 systemd-udevd[3074]: value '[dmi/id]sys_vendor' is 'Dell Inc.'
Apr 14 10:10:06 ICTM1612S02H1 systemd-udevd[3126]: creating symlink '/dev/char/21:46' to '../sg46'
Apr 14 10:10:06 ICTM1612S02H1 systemd-udevd[3130]: path '[module/sg](null)' is '/sys/module/sg'
Apr 14 10:10:06 ICTM1612S02H1 systemd-udevd[1486]: seq 4907 queued, 'add' 'bdi'
Apr 14 10:10:06 ICTM1612S02H1 systemd[1]: Sent message type=signal sender=n/a destination=n/a object=/org/freedesktop/systemd1 interface=org.freedesktop.systemd1.Manager member=UnitNew cookie=106 reply_cookie=0 error=n/a
Apr 14 10:10:06 ICTM1612S02H1 systemd-udevd[3126]: created empty file '/run/udev/data/c21:46' for '/devices/platform/host18/session3/target18:0:0/18:0:0:3/scsi_generic/sg46'
Apr 14 10:10:06 ICTM1612S02H1 systemd-udevd[3074]: value '[dmi/id]sys_vendor' is 'Dell Inc.'
Apr 14 10:10:06 ICTM1612S02H1 systemd-udevd[3130]: RUN 'kmod load $env{MODALIAS}' /lib/udev/rules.d/80-drivers.rules:5
Apr 14 10:10:06 ICTM1612S02H1 systemd-udevd[1486]: passed 139 byte device to netlink monitor 0x565114712ae0
Apr 14 10:10:06 ICTM1612S02H1 systemd-udevd[3073]: seq 4907 running
Apr 14 10:10:06 ICTM1612S02H1 systemd[1]: Sent message type=signal sender=n/a destination=n/a object=/org/freedesktop/systemd1 interface=org.freedesktop.systemd1.Manager member=UnitNew cookie=107 reply_cookie=0 error=n/a
Apr 14 10:10:06 ICTM1612S02H1 systemd-udevd[3126]: passed device to netlink monitor 0x565114746ba0
Apr 14 10:10:06 ICTM1612S02H1 systemd-udevd[3074]: handling device node '/dev/bsg/18:0:0:3', devnum=c249:50, mode=0600, uid=0, gid=0
Apr 14 10:10:06 ICTM1612S02H1 systemd-udevd[3130]: Execute 'load' 'scsi:t-0x00'
Apr 14 10:10:06 ICTM1612S02H1 systemd-udevd[1486]: seq 4908 queued, 'add' 'bdi'
Apr 14 10:10:06 ICTM1612S02H1 systemd[1]: Sent message type=signal sender=n/a destination=n/a object=/org/freedesktop/systemd1 interface=org.freedesktop.systemd1.Manager member=UnitNew cookie=108 reply_cookie=0 error=n/a
Apr 14 10:10:06 ICTM1612S02H1 systemd-udevd[3126]: seq 4903 processed
Apr 14 10:10:06 ICTM1612S02H1 systemd-udevd[3074]: preserve permissions /dev/bsg/18:0:0:3, 020600, uid=0, gid=0
Apr 14 10:10:06 ICTM1612S02H1 systemd-udevd[3073]: value '[dmi/id]sys_vendor' is 'Dell Inc.'
Apr 14 10:10:06 ICTM1612S02H1 systemd-udevd[3130]: No module matches 'scsi:t-0x00'
Apr 14 10:10:06 ICTM1612S02H1 systemd-udevd[1486]: passed 139 byte device to netlink monitor 0x565114712ae0
Apr 14 10:10:06 ICTM1612S02H1 systemd-udevd[3145]: seq 4908 running
Apr 14 10:10:06 ICTM1612S02H1 systemd[1]: Sent message type=signal sender=n/a destination=n/a object=/org/freedesktop/systemd1 interface=org.freedesktop.systemd1.Manager member=UnitNew cookie=109 reply_cookie=0 error=n/a
Apr 14 10:10:06 ICTM1612S02H1 systemd-udevd[3074]: creating symlink '/dev/char/249:50' to '../bsg/18:0:0:3'
Apr 14 10:10:06 ICTM1612S02H1 systemd-udevd[3073]: value '[dmi/id]sys_vendor' is 'Dell Inc.'
Apr 14 10:10:06 ICTM1612S02H1 systemd-udevd[3145]: value '[dmi/id]sys_vendor' is 'Dell Inc.'
Apr 14 10:10:06 ICTM1612S02H1 systemd-udevd[1486]: seq 4909 queued, 'add' 'scsi_generic'
Apr 14 10:10:06 ICTM1612S02H1 systemd[1]: Sent message type=signal sender=n/a destination=n/a object=/org/freedesktop/systemd1 interface=org.freedesktop.systemd1.Manager member=UnitNew cookie=110 reply_cookie=0 error=n/a
Apr 14 10:10:06 ICTM1612S02H1 systemd-udevd[3074]: created empty file '/run/udev/data/c249:50' for '/devices/platform/host18/session3/target18:0:0/18:0:0:3/bsg/18:0:0:3'
Apr 14 10:10:06 ICTM1612S02H1 systemd-udevd[3130]: passed device to netlink monitor 0x565114760a80
Apr 14 10:10:06 ICTM1612S02H1 systemd-udevd[3073]: passed device to netlink monitor 0x565114710f20
Apr 14 10:10:06 ICTM1612S02H1 systemd-udevd[3145]: value '[dmi/id]sys_vendor' is 'Dell Inc.'
Apr 14 10:10:06 ICTM1612S02H1 systemd-udevd[1486]: seq 4910 queued, 'add' 'scsi'
Apr 14 10:10:06 ICTM1612S02H1 systemd-udevd[3074]: passed device to netlink monitor 0x565114714100
Apr 14 10:10:06 ICTM1612S02H1 systemd-udevd[3130]: seq 4902 processed
Apr 14 10:10:06 ICTM1612S02H1 systemd-udevd[3073]: seq 4907 processed
Apr 14 10:10:06 ICTM1612S02H1 systemd[1]: dev-disk-by\x2did-scsi\x2d360080e5000290b5400008a2d5605fd7e.device: Dev dev-disk-by\x2did-scsi\x2d360080e5000290b5400008a2d5605fd7e.device appeared twice with different sysfs paths /sys/devices/platform/host16/session1/target16:0:0/16:0:0:0/block/sdb and /sys/devices/platform/host17/session2/target17:0:0/17:0:0:0/block/sdc
Apr 14 10:10:06 ICTM1612S02H1 systemd-udevd[1486]: passed 211 byte device to netlink monitor 0x565114712ae0
Apr 14 10:10:06 ICTM1612S02H1 systemd-udevd[1486]: passed 196 byte device to netlink monitor 0x565114712ae0
Apr 14 10:10:06 ICTM1612S02H1 systemd-udevd[3074]: seq 4904 processed
Apr 14 10:10:06 ICTM1612S02H1 systemd-udevd[3119]: seq 4910 running
Apr 14 10:10:06 ICTM1612S02H1 systemd[1]: dev-disk-by\x2did-wwn\x2d0x60080e5000290b5400008a2d5605fd7e.device: Dev dev-disk-by\x2did-wwn\x2d0x60080e5000290b5400008a2d5605fd7e.device appeared twice with different sysfs paths /sys/devices/platform/host16/session1/target16:0:0/16:0:0:0/block/sdb and /sys/devices/platform/host17/session2/target17:0:0/17:0:0:0/block/sdc
Apr 14 10:10:06 ICTM1612S02H1 systemd-udevd[3145]: passed device to netlink monitor 0x56511477ed60
Apr 14 10:10:06 ICTM1612S02H1 systemd-udevd[1486]: passed 200 byte device to netlink monitor 0x565114712ae0
Apr 14 10:10:06 ICTM1612S02H1 kernel: [ 56.459937] sd 19:0:0:18: Attached scsi generic sg192 type 0
Apr 14 10:10:06 ICTM1612S02H1 kernel: [ 56.460003] sd 23:0:0:153: [sdfd] Attached SCSI disk
Apr 14 10:10:06 ICTM1612S02H1 kernel: [ 56.460039] sd 17:0:0:18: Attached scsi generic sg193 type 0
Apr 14 10:10:06 ICTM1612S02H1 kernel: [ 56.460272] sd 16:0:0:18: [sdfx] Write Protect is off
Apr 14 10:10:06 ICTM1612S02H1 kernel: [ 56.460275] sd 16:0:0:18: [sdfx] Mode Sense: 83 00 10 08
Apr 14 10:10:06 ICTM1612S02H1 kernel: [ 56.460356] sd 18:0:0:15: [sdfw] Write Protect is off
Apr 14 10:10:06 ICTM1612S02H1 kernel: [ 56.460359] sd 18:0:0:15: [sdfw] Mode Sense: 83 00 10 08
Apr 14 10:10:06 ICTM1612S02H1 systemd-udevd[3073]: seq 4905 running
Apr 14 10:10:06 ICTM1612S02H1 systemd-udevd[3130]: seq 4906 running
Apr 14 10:10:06 ICTM1612S02H1 systemd-udevd[3145]: seq 4908 processed
Apr 14 10:10:06 ICTM1612S02H1 systemd-udevd[1486]: passed 232 byte device to netlink monitor 0x565114712ae0
Apr 14 10:10:06 ICTM1612S02H1 systemd-udevd[1486]: seq 4911 queued, 'add' 'bsg'
Apr 14 10:10:06 ICTM1612S02H1 systemd-udevd[3119]: value '[dmi/id]sys_vendor' is 'Dell Inc.'
Apr 14 10:10:06 ICTM1612S02H1 systemd-udevd[3118]: seq 4909 running
Apr 14 10:10:06 ICTM1612S02H1 systemd-udevd[1486]: passed 231 byte device to netlink monitor 0x565114712ae0
Apr 14 10:10:06 ICTM1612S02H1 systemd-udevd[3126]: seq 4911 running
Apr 14 10:10:06 ICTM1612S02H1 systemd[1]: dev-disk-by\x2dpath-ip\x2dfe80:0000:0000:0000:0192:0012:0022:0112:3260\x2discsi\x2diqn.1992\x2d08.com.netapp:5504.60080e5000290924000000005525f5de\x2dlun\x2d0.device: Changed dead -> plugged
Apr 14 10:10:06 ICTM1612S02H1 systemd-udevd[3119]: value '[dmi/id]sys_vendor' is 'Dell Inc.'
Apr 14 10:10:06 ICTM1612S02H1 systemd-udevd[3073]: value '[dmi/id]sys_vendor' is 'Dell Inc.'
Apr 14 10:10:06 ICTM1612S02H1 systemd-udevd[3130]: value '[dmi/id]sys_vendor' is 'Dell Inc.'
Apr 14 10:10:06 ICTM1612S02H1 systemd-udevd[3073]: value '[dmi/id]sys_vendor' is 'Dell Inc.'
Apr 14 10:10:06 ICTM1612S02H1 systemd-udevd[3135]: '/usr/bin/sg_inq --export --page=di /dev/sdo'(out) 'SCSI_IDENT_LUN_NAA=60080e500029092400008d505605f98b'
Apr 14 10:10:06 ICTM1612S02H1 systemd-udevd[1486]: seq 4912 queued, 'add' 'block'
Apr 14 10:10:06 ICTM1612S02H1 systemd[1]: dev-sdc.device: Changed dead -> plugged
Apr 14 10:10:06 ICTM1612S02H1 systemd-udevd[3119]: IMPORT builtin 'hwdb' /lib/udev/rules.d/50-udev-default.rules:15
Apr 14 10:10:06 ICTM1612S02H1 systemd-udevd[3118]: value '[dmi/id]sys_vendor' is 'Dell Inc.'
Apr 14 10:10:06 ICTM1612S02H1 systemd-udevd[3135]: '/usr/bin/sg_inq --export --page=di /dev/sdo'(out) 'SCSI_IDENT_PORT_RELATIVE=32769'
Apr 14 10:10:06 ICTM1612S02H1 systemd-udevd[3130]: value '[dmi/id]sys_vendor' is 'Dell Inc.'
Apr 14 10:10:06 ICTM1612S02H1 systemd-udevd[3073]: passed device to netlink monitor 0x565114710f20
Apr 14 10:10:06 ICTM1612S02H1 systemd-udevd[3126]: value '[dmi/id]sys_vendor' is 'Dell Inc.'
Apr 14 10:10:06 ICTM1612S02H1 systemd-udevd[1486]: passed 227 byte device to netlink monitor 0x565114712ae0
Apr 14 10:10:06 ICTM1612S02H1 systemd[1]: sys-devices-platform-host17-session2-target17:0:0-17:0:0:0-block-sdc.device: Changed dead -> plugged
Apr 14 10:10:06 ICTM1612S02H1 kernel: [ 56.460620] sd 16:0:0:19: [sdgd] 4194304 512-byte logical blocks: (2.15 GB/2.00 GiB)
Apr 14 10:10:06 ICTM1612S02H1 kernel: [ 56.460629] sd 17:0:0:12: [sdeg] Attached SCSI disk
Apr 14 10:10:06 ICTM1612S02H1 kernel: [ 56.460707] scsi 16:0:0:20: Direct-Access NETAPP INF-01-00 9820 PQ: 0 ANSI: 5
Apr 14 10:10:06 ICTM1612S02H1 kernel: [ 56.460952] sd 18:0:0:16: [sdgc] 4194304 512-byte logical blocks: (2.15 GB/2.00 GiB)
Apr 14 10:10:06 ICTM1612S02H1 kernel: [ 56.460977] sd 19:0:0:12: [sdee] Attached SCSI disk
Apr 14 10:10:06 ICTM1612S02H1 kernel: [ 56.461062] sd 21:0:0:157: [sdgb] Write Protect is off
Apr 14 10:10:06 ICTM1612S02H1 kernel: [ 56.461065] sd 21:0:0:157: [sdgb] Mode Sense: 83 00 10 08
Apr 14 10:10:06 ICTM1612S02H1 kernel: [ 56.461220] scsi 18:0:0:17: Direct-Access NETAPP INF-01-00 9820 PQ: 0 ANSI: 5
Apr 14 10:10:06 ICTM1612S02H1 kernel: [ 56.461512] sd 20:0:0:155: [sdfc] Attached SCSI disk
Apr 14 10:10:06 ICTM1612S02H1 kernel: [ 56.461959] sd 21:0:0:152: [sdfa] Attached SCSI disk
Apr 14 10:10:06 ICTM1612S02H1 kernel: [ 56.462032] sd 21:0:0:157: [sdgb] Write cache: enabled, read cache: enabled, supports DPO and FUA
Apr 14 10:10:06 ICTM1612S02H1 kernel: [ 56.462138] sd 22:0:0:156: [sdey] Attached SCSI disk
Apr 14 10:10:06 ICTM1612S02H1 systemd-udevd[3145]: seq 4912 running
Apr 14 10:10:06 ICTM1612S02H1 systemd-udevd[3119]: IMPORT builtin 'hwdb' returned non-zero
Apr 14 10:10:06 ICTM1612S02H1 systemd-udevd[3135]: Process '/usr/bin/sg_inq --export --page=di /dev/sdo' succeeded.
Apr 14 10:10:06 ICTM1612S02H1 systemd-udevd[3118]: value '[dmi/id]sys_vendor' is 'Dell Inc.'
Apr 14 10:10:06 ICTM1612S02H1 systemd-udevd[3073]: seq 4905 processed
Apr 14 10:10:06 ICTM1612S02H1 systemd-udevd[3135]: PROGRAM '/sbin/multipath -c /dev/sdo' /lib/udev/rules.d/56-dm-mpath-lvm.rules:21
Apr 14 10:10:06 ICTM1612S02H1 systemd-udevd[3130]: passed device to netlink monitor 0x565114760a80
Apr 14 10:10:06 ICTM1612S02H1 systemd-udevd[1486]: seq 4913 queued, 'add' 'scsi_disk'
Apr 14 10:10:06 ICTM1612S02H1 systemd[1]: Sent message type=signal sender=n/a destination=n/a object=/org/freedesktop/systemd1 interface=org.freedesktop.systemd1.Manager member=UnitNew cookie=111 reply_cookie=0 error=n/a
Apr 14 10:10:06 ICTM1612S02H1 systemd-udevd[3119]: path '[module/sg](null)' is '/sys/module/sg'
Apr 14 10:10:06 ICTM1612S02H1 systemd-udevd[3126]: value '[dmi/id]sys_vendor' is 'Dell Inc.'
Apr 14 10:10:06 ICTM1612S02H1 systemd-udevd[3118]: GROUP 6 /lib/udev/rules.d/50-udev-default.rules:63
Apr 14 10:10:06 ICTM1612S02H1 systemd-udevd[3130]: seq 4906 processed
Apr 14 10:10:06 ICTM1612S02H1 systemd[1]: Sent message type=signal sender=n/a destination=n/a object=/org/freedesktop/systemd1 interface=org.freedesktop.systemd1.Manager member=UnitNew cookie=112 reply_cookie=0 error=n/a
Apr 14 10:10:06 ICTM1612S02H1 systemd-udevd[1486]: seq 4914 queued, 'add' 'scsi'
Apr 14 10:10:06 ICTM1612S02H1 systemd-udevd[3145]: value '[dmi/id]sys_vendor' is 'Dell Inc.'
Apr 14 10:10:06 ICTM1612S02H1 systemd-udevd[3119]: RUN 'kmod load $env{MODALIAS}' /lib/udev/rules.d/80-drivers.rules:5
Apr 14 10:10:06 ICTM1612S02H1 systemd-udevd[3119]: Execute 'load' 'scsi:t-0x00'
Apr 14 10:10:06 ICTM1612S02H1 systemd-udevd[3491]: starting '/sbin/multipath -c /dev/sdo'
Apr 14 10:10:06 ICTM1612S02H1 systemd-udevd[3118]: handling device node '/dev/sg47', devnum=c21:47, mode=0660, uid=0, gid=6
Apr 14 10:10:06 ICTM1612S02H1 systemd[1]: Sent message type=signal sender=n/a destination=n/a object=/org/freedesktop/systemd1 interface=org.freedesktop.systemd1.Manager member=UnitNew cookie=113 reply_cookie=0 error=n/a
Apr 14 10:10:06 ICTM1612S02H1 systemd-udevd[1486]: passed 211 byte device to netlink monitor 0x565114712ae0
Apr 14 10:10:06 ICTM1612S02H1 systemd-udevd[3236]: '/usr/bin/sg_inq --export /dev/sdn'(out) 'SCSI_TPGS=0'
Apr 14 10:10:06 ICTM1612S02H1 systemd-udevd[3073]: seq 4914 running
Apr 14 10:10:06 ICTM1612S02H1 systemd-udevd[3126]: handling device node '/dev/bsg/22:0:0:136', devnum=c249:51, mode=0600, uid=0, gid=0
Apr 14 10:10:06 ICTM1612S02H1 systemd-udevd[3145]: value '[dmi/id]sys_vendor' is 'Dell Inc.'
Apr 14 10:10:06 ICTM1612S02H1 systemd-udevd[3119]: No module matches 'scsi:t-0x00'
Apr 14 10:10:06 ICTM1612S02H1 systemd-udevd[3118]: set permissions /dev/sg47, 020660, uid=0, gid=6
Apr 14 10:10:06 ICTM1612S02H1 systemd-udevd[3236]: '/usr/bin/sg_inq --export /dev/sdn'(out) 'SCSI_TYPE=disk'
Apr 14 10:10:06 ICTM1612S02H1 systemd-udevd[3073]: value '[dmi/id]sys_vendor' is 'Dell Inc.'
Apr 14 10:10:06 ICTM1612S02H1 systemd-udevd[3126]: preserve permissions /dev/bsg/22:0:0:136, 020600, uid=0, gid=0
Apr 14 10:10:06 ICTM1612S02H1 systemd-udevd[3145]: GROUP 6 /lib/udev/rules.d/50-udev-default.rules:55
Apr 14 10:10:06 ICTM1612S02H1 systemd-udevd[3119]: passed device to netlink monitor 0x565114761270
Apr 14 10:10:06 ICTM1612S02H1 systemd-udevd[3118]: creating symlink '/dev/char/21:47' to '../sg47'
Apr 14 10:10:06 ICTM1612S02H1 systemd-udevd[3236]: '/usr/bin/sg_inq --export /dev/sdn'(out) 'SCSI_VENDOR=NETAPP'
Apr 14 10:10:06 ICTM1612S02H1 systemd-udevd[1486]: seq 4915 queued, 'add' 'scsi_device'
Apr 14 10:10:06 ICTM1612S02H1 systemd-udevd[3073]: value '[dmi/id]sys_vendor' is 'Dell Inc.'
Apr 14 10:10:06 ICTM1612S02H1 systemd-udevd[3126]: creating symlink '/dev/char/249:51' to '../bsg/22:0:0:136'
Apr 14 10:10:06 ICTM1612S02H1 systemd-udevd[3145]: IMPORT '/usr/bin/sg_inq --export /dev/sdp' /lib/udev/rules.d/55-scsi-sg3_id.rules:10
Apr 14 10:10:06 ICTM1612S02H1 systemd-udevd[3119]: seq 4910 processed
Apr 14 10:10:06 ICTM1612S02H1 systemd-udevd[3236]: '/usr/bin/sg_inq --export /dev/sdn'(out) 'SCSI_VENDOR_ENC=NETAPP\x20\x20'
Apr 14 10:10:06 ICTM1612S02H1 systemd-udevd[3118]: created empty file '/run/udev/data/c21:47' for '/devices/platform/host22/session7/target22:0:0/22:0:0:136/scsi_generic/sg47'
Apr 14 10:10:06 ICTM1612S02H1 systemd-udevd[1486]: seq 4916 queued, 'add' 'scsi'
Apr 14 10:10:06 ICTM1612S02H1 systemd-udevd[3073]: IMPORT builtin 'hwdb' /lib/udev/rules.d/50-udev-default.rules:15
Apr 14 10:10:06 ICTM1612S02H1 systemd-udevd[3073]: IMPORT builtin 'hwdb' returned non-zero
Apr 14 10:10:06 ICTM1612S02H1 systemd-udevd[3073]: path '[module/sg](null)' is '/sys/module/sg'
Apr 14 10:10:06 ICTM1612S02H1 systemd-udevd[3118]: passed device to netlink monitor 0x5651147290e0
Apr 14 10:10:06 ICTM1612S02H1 systemd-udevd[1486]: passed 209 byte device to netlink monitor 0x565114712ae0
Apr 14 10:10:06 ICTM1612S02H1 systemd-udevd[3130]: seq 4916 running
Apr 14 10:10:06 ICTM1612S02H1 systemd-udevd[3126]: created empty file '/run/udev/data/c249:51' for '/devices/platform/host22/session7/target22:0:0/22:0:0:136/bsg/22:0:0:136'
Apr 14 10:10:06 ICTM1612S02H1 systemd-udevd[3236]: '/usr/bin/sg_inq --export /dev/sdn'(out) 'SCSI_MODEL=INF-01-00'
Apr 14 10:10:06 ICTM1612S02H1 systemd-udevd[3073]: RUN 'kmod load $env{MODALIAS}' /lib/udev/rules.d/80-drivers.rules:5
Apr 14 10:10:06 ICTM1612S02H1 systemd-udevd[3492]: starting '/usr/bin/sg_inq --export /dev/sdp'
Apr 14 10:10:06 ICTM1612S02H1 systemd-udevd[3118]: seq 4909 processed
Apr 14 10:10:06 ICTM1612S02H1 systemd-udevd[1486]: passed 196 byte device to netlink monitor 0x565114712ae0
Apr 14 10:10:06 ICTM1612S02H1 systemd-udevd[3074]: seq 4915 running
Apr 14 10:10:06 ICTM1612S02H1 systemd-udevd[3126]: passed device to netlink monitor 0x565114746ba0
Apr 14 10:10:06 ICTM1612S02H1 systemd-udevd[3236]: '/usr/bin/sg_inq --export /dev/sdn'(out) 'SCSI_MODEL_ENC=INF-01-00\x20\x20\x20\x20\x20\x20\x20'
Apr 14 10:10:06 ICTM1612S02H1 systemd-udevd[3074]: value '[dmi/id]sys_vendor' is 'Dell Inc.'
Apr 14 10:10:06 ICTM1612S02H1 systemd-udevd[3130]: value '[dmi/id]sys_vendor' is 'Dell Inc.'
Apr 14 10:10:06 ICTM1612S02H1 systemd-udevd[1486]: passed 200 byte device to netlink monitor 0x565114712ae0
Apr 14 10:10:06 ICTM1612S02H1 systemd-udevd[1486]: seq 4917 queued, 'add' 'scsi_disk'
Apr 14 10:10:06 ICTM1612S02H1 systemd-udevd[3126]: seq 4911 processed
Apr 14 10:10:06 ICTM1612S02H1 systemd-udevd[3236]: '/usr/bin/sg_inq --export /dev/sdn'(out) 'SCSI_REVISION=9820'
Apr 14 10:10:06 ICTM1612S02H1 systemd-udevd[3073]: Execute 'load' 'scsi:t-0x00'
Apr 14 10:10:06 ICTM1612S02H1 systemd-udevd[3074]: value '[dmi/id]sys_vendor' is 'Dell Inc.'
Apr 14 10:10:06 ICTM1612S02H1 systemd-udevd[3130]: value '[dmi/id]sys_vendor' is 'Dell Inc.'
Apr 14 10:10:06 ICTM1612S02H1 systemd-udevd[3119]: seq 4913 running
Apr 14 10:10:06 ICTM1612S02H1 systemd-udevd[1486]: seq 4918 queued, 'add' 'scsi_device'
Apr 14 10:10:06 ICTM1612S02H1 systemd-udevd[3073]: No module matches 'scsi:t-0x00'
Apr 14 10:10:06 ICTM1612S02H1 systemd-udevd[1486]: seq 4919 queued, 'add' 'scsi_generic'
Apr 14 10:10:06 ICTM1612S02H1 systemd-udevd[3130]: IMPORT builtin 'hwdb' /lib/udev/rules.d/50-udev-default.rules:15
Apr 14 10:10:06 ICTM1612S02H1 systemd-udevd[3074]: passed device to netlink monitor 0x565114714100
Apr 14 10:10:06 ICTM1612S02H1 systemd-udevd[3073]: passed device to netlink monitor 0x565114710f20
Apr 14 10:10:06 ICTM1612S02H1 systemd-udevd[3236]: Process '/usr/bin/sg_inq --export /dev/sdn' succeeded.
Apr 14 10:10:06 ICTM1612S02H1 systemd-udevd[1486]: passed 232 byte device to netlink monitor 0x565114712ae0
Apr 14 10:10:06 ICTM1612S02H1 systemd-udevd[3118]: seq 4919 running
Apr 14 10:10:06 ICTM1612S02H1 systemd-udevd[3130]: IMPORT builtin 'hwdb' returned non-zero
Apr 14 10:10:06 ICTM1612S02H1 systemd-udevd[3074]: seq 4915 processed
Apr 14 10:10:06 ICTM1612S02H1 systemd-udevd[3119]: value '[dmi/id]sys_vendor' is 'Dell Inc.'
Apr 14 10:10:06 ICTM1612S02H1 systemd-udevd[3073]: seq 4914 processed
Apr 14 10:10:06 ICTM1612S02H1 systemd-udevd[1486]: seq 4920 queued, 'add' 'scsi_disk'
Apr 14 10:10:06 ICTM1612S02H1 systemd-udevd[1486]: passed 196 byte device to netlink monitor 0x565114712ae0
Apr 14 10:10:06 ICTM1612S02H1 systemd-udevd[3130]: path '[module/sg](null)' is '/sys/module/sg'
Apr 14 10:10:06 ICTM1612S02H1 systemd-udevd[3118]: value '[dmi/id]sys_vendor' is 'Dell Inc.'
Apr 14 10:10:06 ICTM1612S02H1 systemd-udevd[1486]: passed 200 byte device to netlink monitor 0x565114712ae0
Apr 14 10:10:06 ICTM1612S02H1 systemd-udevd[3073]: seq 4917 running
Apr 14 10:10:06 ICTM1612S02H1 systemd-udevd[3074]: seq 4918 running
Apr 14 10:10:06 ICTM1612S02H1 systemd-udevd[3119]: value '[dmi/id]sys_vendor' is 'Dell Inc.'
Apr 14 10:10:06 ICTM1612S02H1 systemd-udevd[3135]: '/sbin/multipath -c /dev/sdo'(out) '/dev/sdo is not a valid multipath device path'
Apr 14 10:10:06 ICTM1612S02H1 systemd-udevd[3236]: IMPORT '/usr/bin/sg_inq --export --page=sn /dev/sdn' /lib/udev/rules.d/55-scsi-sg3_id.rules:19
Apr 14 10:10:06 ICTM1612S02H1 systemd-udevd[3118]: value '[dmi/id]sys_vendor' is 'Dell Inc.'
Apr 14 10:10:06 ICTM1612S02H1 systemd-udevd[1486]: seq 4921 queued, 'add' 'bsg'
Apr 14 10:10:06 ICTM1612S02H1 systemd-udevd[3119]: passed device to netlink monitor 0x565114761270
Apr 14 10:10:06 ICTM1612S02H1 systemd-udevd[3130]: RUN 'kmod load $env{MODALIAS}' /lib/udev/rules.d/80-drivers.rules:5
Apr 14 10:10:06 ICTM1612S02H1 kernel: [ 56.462770] sd 22:0:0:155: [sdes] Attached SCSI disk
Apr 14 10:10:06 ICTM1612S02H1 kernel: [ 56.463189] sd 23:0:0:156: [sdft] Attached SCSI disk
Apr 14 10:10:06 ICTM1612S02H1 kernel: [ 56.463523] sd 19:0:0:17: [sdfz] Write Protect is off
Apr 14 10:10:06 ICTM1612S02H1 kernel: [ 56.463526] sd 19:0:0:17: [sdfz] Mode Sense: 83 00 10 08
Apr 14 10:10:06 ICTM1612S02H1 kernel: [ 56.463997] sd 19:0:0:18: [sdge] 4194304 512-byte logical blocks: (2.15 GB/2.00 GiB)
Apr 14 10:10:06 ICTM1612S02H1 kernel: [ 56.464210] sd 18:0:0:15: [sdfw] Write cache: enabled, read cache: enabled, supports DPO and FUA
Apr 14 10:10:06 ICTM1612S02H1 kernel: [ 56.464214] sd 17:0:0:17: [sdga] Write Protect is off
Apr 14 10:10:06 ICTM1612S02H1 kernel: [ 56.464217] sd 17:0:0:17: [sdga] Mode Sense: 83 00 10 08
Apr 14 10:10:06 ICTM1612S02H1 kernel: [ 56.464253] sd 16:0:0:18: [sdfx] Write cache: enabled, read cache: enabled, supports DPO and FUA
Apr 14 10:10:06 ICTM1612S02H1 kernel: [ 56.464353] sd 17:0:0:18: [sdgf] 4194304 512-byte logical blocks: (2.15 GB/2.00 GiB)
Apr 14 10:10:06 ICTM1612S02H1 kernel: [ 56.464482] scsi 17:0:0:19: Direct-Access NETAPP INF-01-00 9820 PQ: 0 ANSI: 5
Apr 14 10:10:06 ICTM1612S02H1 kernel: [ 56.464520] sd 23:0:0:155: [sdfo] Attached SCSI disk
Apr 14 10:10:06 ICTM1612S02H1 kernel: [ 56.464594] scsi 19:0:0:19: Direct-Access NETAPP INF-01-00 9820 PQ: 0 ANSI: 5
Apr 14 10:10:06 ICTM1612S02H1 systemd-udevd[1486]: passed 231 byte device to netlink monitor 0x565114712ae0
Apr 14 10:10:06 ICTM1612S02H1 systemd-udevd[3119]: seq 4913 processed
Apr 14 10:10:06 ICTM1612S02H1 systemd-udevd[3135]: Process '/sbin/multipath -c /dev/sdo' failed with exit code 1.
Apr 14 10:10:06 ICTM1612S02H1 systemd-udevd[3118]: GROUP 6 /lib/udev/rules.d/50-udev-default.rules:63
Apr 14 10:10:06 ICTM1612S02H1 systemd-udevd[3126]: seq 4921 running
Apr 14 10:10:06 ICTM1612S02H1 systemd-udevd[3073]: value '[dmi/id]sys_vendor' is 'Dell Inc.'
Apr 14 10:10:06 ICTM1612S02H1 systemd-udevd[3074]: value '[dmi/id]sys_vendor' is 'Dell Inc.'
Apr 14 10:10:06 ICTM1612S02H1 systemd-udevd[3493]: starting '/usr/bin/sg_inq --export --page=sn /dev/sdn'
Apr 14 10:10:06 ICTM1612S02H1 systemd-udevd[3130]: Execute 'load' 'scsi:t-0x00'
Apr 14 10:10:06 ICTM1612S02H1 systemd-udevd[1486]: seq 4922 queued, 'add' 'scsi_generic'
Apr 14 10:10:06 ICTM1612S02H1 systemd-udevd[3135]: LINK 'disk/by-id/scsi-SNETAPP_INF-01-00_SR21500107' /lib/udev/rules.d/58-scsi-sg3_symlink.rules:12
Apr 14 10:10:06 ICTM1612S02H1 systemd-udevd[3135]: LINK 'disk/by-id/scsi-360080e500029092400008d505605f98b' /lib/udev/rules.d/58-scsi-sg3_symlink.rules:15
Apr 14 10:10:06 ICTM1612S02H1 systemd-udevd[3073]: value '[dmi/id]sys_vendor' is 'Dell Inc.'
Apr 14 10:10:06 ICTM1612S02H1 systemd-udevd[3074]: value '[dmi/id]sys_vendor' is 'Dell Inc.'
Apr 14 10:10:06 ICTM1612S02H1 systemd-udevd[3130]: No module matches 'scsi:t-0x00'
Apr 14 10:10:06 ICTM1612S02H1 systemd-udevd[1486]: passed 232 byte device to netlink monitor 0x565114712ae0
Apr 14 10:10:06 ICTM1612S02H1 systemd-udevd[3102]: seq 4922 running
Apr 14 10:10:06 ICTM1612S02H1 systemd-udevd[3118]: handling device node '/dev/sg48', devnum=c21:48, mode=0660, uid=0, gid=6
Apr 14 10:10:06 ICTM1612S02H1 systemd-udevd[3126]: value '[dmi/id]sys_vendor' is 'Dell Inc.'
Apr 14 10:10:06 ICTM1612S02H1 systemd-udevd[3135]: LINK 'disk/by-id/scsi-360080e500029092400008d505605f98b' /lib/udev/rules.d/60-persistent-storage.rules:36
Apr 14 10:10:06 ICTM1612S02H1 systemd-udevd[3073]: passed device to netlink monitor 0x565114710f20
Apr 14 10:10:06 ICTM1612S02H1 systemd-udevd[3130]: passed device to netlink monitor 0x565114760a80
Apr 14 10:10:06 ICTM1612S02H1 systemd-udevd[3135]: IMPORT builtin 'path_id' /lib/udev/rules.d/60-persistent-storage.rules:54
Apr 14 10:10:06 ICTM1612S02H1 systemd-udevd[1486]: seq 4923 queued, 'add' 'scsi_device'
Apr 14 10:10:06 ICTM1612S02H1 systemd-udevd[3118]: set permissions /dev/sg48, 020660, uid=0, gid=6
Apr 14 10:10:06 ICTM1612S02H1 systemd-udevd[3073]: seq 4917 processed
Apr 14 10:10:06 ICTM1612S02H1 kernel: [ 56.464898] sd 21:0:0:153: [sdfg] Attached SCSI disk
Apr 14 10:10:06 ICTM1612S02H1 kernel: [ 56.465572] sd 20:0:0:156: [sdff] Attached SCSI disk
Apr 14 10:10:06 ICTM1612S02H1 kernel: [ 56.465680] sd 18:0:0:11: [sdel] Attached SCSI disk
Apr 14 10:10:06 ICTM1612S02H1 systemd-udevd[3130]: seq 4916 processed
Apr 14 10:10:06 ICTM1612S02H1 systemd-udevd[3074]: passed device to netlink monitor 0x565114714100
Apr 14 10:10:06 ICTM1612S02H1 systemd-udevd[1486]: seq 4924 queued, 'add' 'bsg'
Apr 14 10:10:06 ICTM1612S02H1 systemd-udevd[3118]: creating symlink '/dev/char/21:48' to '../sg48'
Apr 14 10:10:06 ICTM1612S02H1 systemd-udevd[3118]: created empty file '/run/udev/data/c21:48' for '/devices/platform/host23/session8/target23:0:0/23:0:0:135/scsi_generic/sg48'
Apr 14 10:10:06 ICTM1612S02H1 systemd-udevd[3074]: seq 4918 processed
Apr 14 10:10:06 ICTM1612S02H1 systemd-udevd[3135]: LINK 'disk/by-path/ip-fe80:0000:0000:0000:0192:0012:0021:0112:3260-iscsi-iqn.1992-08.com.netapp:5504.60080e5000290924000000005525f5de-lun-1' /lib/udev/rules.d/60-persistent-storage.rules:55
Apr 14 10:10:06 ICTM1612S02H1 systemd-udevd[3135]: IMPORT builtin 'blkid' /lib/udev/rules.d/60-persistent-storage.rules:66
Apr 14 10:10:06 ICTM1612S02H1 systemd-udevd[3145]: '/usr/bin/sg_inq --export /dev/sdp'(out) 'SCSI_TPGS=0'
Apr 14 10:10:06 ICTM1612S02H1 systemd-udevd[1486]: passed 231 byte device to netlink monitor 0x565114712ae0
Apr 14 10:10:06 ICTM1612S02H1 systemd-udevd[3119]: seq 4924 running
Apr 14 10:10:06 ICTM1612S02H1 systemd-udevd[3126]: value '[dmi/id]sys_vendor' is 'Dell Inc.'
Apr 14 10:10:06 ICTM1612S02H1 systemd-udevd[3118]: passed device to netlink monitor 0x5651147290e0
Apr 14 10:10:06 ICTM1612S02H1 systemd-udevd[3102]: value '[dmi/id]sys_vendor' is 'Dell Inc.'
Apr 14 10:10:06 ICTM1612S02H1 systemd-udevd[3145]: '/usr/bin/sg_inq --export /dev/sdp'(out) 'SCSI_TYPE=disk'
Apr 14 10:10:06 ICTM1612S02H1 systemd-udevd[1486]: passed 192 byte device to netlink monitor 0x565114712ae0
Apr 14 10:10:06 ICTM1612S02H1 systemd-udevd[3073]: seq 4920 running
Apr 14 10:10:06 ICTM1612S02H1 systemd-udevd[3135]: probe /dev/sdo raid offset=0
Apr 14 10:10:06 ICTM1612S02H1 systemd-udevd[3118]: seq 4919 processed
Apr 14 10:10:06 ICTM1612S02H1 systemd-udevd[3145]: '/usr/bin/sg_inq --export /dev/sdp'(out) 'SCSI_VENDOR=NETAPP'
Apr 14 10:10:06 ICTM1612S02H1 systemd-udevd[1486]: passed 196 byte device to netlink monitor 0x565114712ae0
Apr 14 10:10:06 ICTM1612S02H1 systemd-udevd[3102]: value '[dmi/id]sys_vendor' is 'Dell Inc.'
Apr 14 10:10:06 ICTM1612S02H1 systemd-udevd[3126]: handling device node '/dev/bsg/23:0:0:135', devnum=c249:52, mode=0600, uid=0, gid=0
Apr 14 10:10:06 ICTM1612S02H1 systemd-udevd[3126]: preserve permissions /dev/bsg/23:0:0:135, 020600, uid=0, gid=0
Apr 14 10:10:06 ICTM1612S02H1 systemd-udevd[3236]: '/usr/bin/sg_inq --export --page=sn /dev/sdn'(out) 'SCSI_IDENT_SERIAL=SR21500107'
Apr 14 10:10:06 ICTM1612S02H1 systemd-udevd[3145]: '/usr/bin/sg_inq --export /dev/sdp'(out) 'SCSI_VENDOR_ENC=NETAPP\x20\x20'
Apr 14 10:10:06 ICTM1612S02H1 systemd-udevd[3236]: Process '/usr/bin/sg_inq --export --page=sn /dev/sdn' succeeded.
Apr 14 10:10:06 ICTM1612S02H1 systemd-udevd[1486]: seq 4925 queued, 'add' 'scsi_generic'
Apr 14 10:10:06 ICTM1612S02H1 systemd-udevd[3130]: seq 4923 running
Apr 14 10:10:06 ICTM1612S02H1 systemd-udevd[3126]: creating symlink '/dev/char/249:52' to '../bsg/23:0:0:135'
Apr 14 10:10:06 ICTM1612S02H1 systemd-udevd[3102]: GROUP 6 /lib/udev/rules.d/50-udev-default.rules:63
Apr 14 10:10:06 ICTM1612S02H1 systemd-udevd[3130]: value '[dmi/id]sys_vendor' is 'Dell Inc.'
Apr 14 10:10:06 ICTM1612S02H1 systemd-udevd[3130]: value '[dmi/id]sys_vendor' is 'Dell Inc.'
Apr 14 10:10:06 ICTM1612S02H1 systemd-udevd[3119]: value '[dmi/id]sys_vendor' is 'Dell Inc.'
Apr 14 10:10:06 ICTM1612S02H1 systemd-udevd[3236]: IMPORT '/usr/bin/sg_inq --export --page=di /dev/sdn' /lib/udev/rules.d/55-scsi-sg3_id.rules:21
Apr 14 10:10:06 ICTM1612S02H1 systemd-udevd[3119]: value '[dmi/id]sys_vendor' is 'Dell Inc.'
Apr 14 10:10:06 ICTM1612S02H1 systemd-udevd[3074]: seq 4925 running
Apr 14 10:10:06 ICTM1612S02H1 systemd-udevd[3497]: starting '/usr/bin/sg_inq --export --page=di /dev/sdn'
Apr 14 10:10:06 ICTM1612S02H1 systemd-udevd[3102]: handling device node '/dev/sg49', devnum=c21:49, mode=0660, uid=0, gid=6
Apr 14 10:10:06 ICTM1612S02H1 systemd-udevd[3073]: value '[dmi/id]sys_vendor' is 'Dell Inc.'
Apr 14 10:10:06 ICTM1612S02H1 systemd-udevd[3145]: '/usr/bin/sg_inq --export /dev/sdp'(out) 'SCSI_MODEL=INF-01-00'
Apr 14 10:10:06 ICTM1612S02H1 systemd-udevd[3130]: passed device to netlink monitor 0x565114760a80
Apr 14 10:10:06 ICTM1612S02H1 systemd-udevd[1486]: passed 230 byte device to netlink monitor 0x565114712ae0
Apr 14 10:10:06 ICTM1612S02H1 systemd-udevd[3119]: handling device node '/dev/bsg/21:0:0:135', devnum=c249:53, mode=0600, uid=0, gid=0
Apr 14 10:10:06 ICTM1612S02H1 systemd-udevd[3119]: preserve permissions /dev/bsg/21:0:0:135, 020600, uid=0, gid=0
Apr 14 10:10:06 ICTM1612S02H1 systemd-udevd[3102]: set permissions /dev/sg49, 020660, uid=0, gid=6
Apr 14 10:10:06 ICTM1612S02H1 systemd-udevd[3074]: value '[dmi/id]sys_vendor' is 'Dell Inc.'
Apr 14 10:10:06 ICTM1612S02H1 systemd-udevd[3145]: '/usr/bin/sg_inq --export /dev/sdp'(out) 'SCSI_MODEL_ENC=INF-01-00\x20\x20\x20\x20\x20\x20\x20'
Apr 14 10:10:06 ICTM1612S02H1 systemd-udevd[3073]: value '[dmi/id]sys_vendor' is 'Dell Inc.'
Apr 14 10:10:06 ICTM1612S02H1 systemd-udevd[3130]: seq 4923 processed
Apr 14 10:10:06 ICTM1612S02H1 systemd-udevd[1486]: seq 4926 queued, 'add' 'bsg'
Apr 14 10:10:06 ICTM1612S02H1 systemd-udevd[3073]: passed device to netlink monitor 0x565114710f20
Apr 14 10:10:06 ICTM1612S02H1 systemd-udevd[3119]: creating symlink '/dev/char/249:53' to '../bsg/21:0:0:135'
Apr 14 10:10:06 ICTM1612S02H1 systemd-udevd[3102]: creating symlink '/dev/char/21:49' to '../sg49'
Apr 14 10:10:06 ICTM1612S02H1 systemd-udevd[3145]: '/usr/bin/sg_inq --export /dev/sdp'(out) 'SCSI_REVISION=9820'
Apr 14 10:10:06 ICTM1612S02H1 kernel: [ 56.467156] sd 16:0:0:20: Attached scsi generic sg194 type 0
Apr 14 10:10:06 ICTM1612S02H1 kernel: [ 56.467253] sd 18:0:0:17: Attached scsi generic sg195 type 0
Apr 14 10:10:06 ICTM1612S02H1 kernel: [ 56.467333] sd 16:0:0:14: [sdem] Attached SCSI disk
Apr 14 10:10:06 ICTM1612S02H1 kernel: [ 56.467399] sd 19:0:0:17: [sdfz] Write cache: enabled, read cache: enabled, supports DPO and FUA
Apr 14 10:10:06 ICTM1612S02H1 systemd-udevd[3074]: value '[dmi/id]sys_vendor' is 'Dell Inc.'
Apr 14 10:10:06 ICTM1612S02H1 systemd-udevd[3145]: Process '/usr/bin/sg_inq --export /dev/sdp' succeeded.
Apr 14 10:10:06 ICTM1612S02H1 systemd-udevd[3126]: created empty file '/run/udev/data/c249:52' for '/devices/platform/host23/session8/target23:0:0/23:0:0:135/bsg/23:0:0:135'
Apr 14 10:10:06 ICTM1612S02H1 systemd-udevd[3145]: IMPORT '/usr/bin/sg_inq --export --page=sn /dev/sdp' /lib/udev/rules.d/55-scsi-sg3_id.rules:19
Apr 14 10:10:06 ICTM1612S02H1 systemd-udevd[3118]: seq 4926 running
Apr 14 10:10:06 ICTM1612S02H1 systemd-udevd[3119]: created empty file '/run/udev/data/c249:53' for '/devices/platform/host21/session6/target21:0:0/21:0:0:135/bsg/21:0:0:135'
Apr 14 10:10:06 ICTM1612S02H1 systemd-udevd[3119]: passed device to netlink monitor 0x565114761270
Apr 14 10:10:06 ICTM1612S02H1 systemd-udevd[1486]: passed 225 byte device to netlink monitor 0x565114712ae0
Apr 14 10:10:06 ICTM1612S02H1 systemd-udevd[3074]: GROUP 6 /lib/udev/rules.d/50-udev-default.rules:63
Apr 14 10:10:06 ICTM1612S02H1 systemd-udevd[1486]: seq 4927 queued, 'add' 'bdi'
Apr 14 10:10:06 ICTM1612S02H1 systemd-udevd[3073]: seq 4920 processed
Apr 14 10:10:06 ICTM1612S02H1 systemd-udevd[3074]: handling device node '/dev/sg50', devnum=c21:50, mode=0660, uid=0, gid=6
Apr 14 10:10:06 ICTM1612S02H1 systemd-udevd[3119]: seq 4924 processed
Apr 14 10:10:06 ICTM1612S02H1 systemd-udevd[3126]: passed device to netlink monitor 0x565114746ba0
Apr 14 10:10:06 ICTM1612S02H1 systemd-udevd[1486]: passed 138 byte device to netlink monitor 0x565114712ae0
Apr 14 10:10:06 ICTM1612S02H1 systemd-udevd[3130]: seq 4927 running
Apr 14 10:10:06 ICTM1612S02H1 systemd-udevd[3102]: created empty file '/run/udev/data/c21:49' for '/devices/platform/host21/session6/target21:0:0/21:0:0:135/scsi_generic/sg49'
Apr 14 10:10:06 ICTM1612S02H1 systemd-udevd[3498]: starting '/usr/bin/sg_inq --export --page=sn /dev/sdp'
Apr 14 10:10:06 ICTM1612S02H1 systemd-udevd[3074]: set permissions /dev/sg50, 020660, uid=0, gid=6
Apr 14 10:10:06 ICTM1612S02H1 systemd-udevd[3118]: value '[dmi/id]sys_vendor' is 'Dell Inc.'
Apr 14 10:10:06 ICTM1612S02H1 systemd-udevd[3126]: seq 4921 processed
Apr 14 10:10:06 ICTM1612S02H1 systemd-udevd[1486]: seq 4928 queued, 'add' 'scsi'
Apr 14 10:10:06 ICTM1612S02H1 systemd-udevd[3102]: passed device to netlink monitor 0x5651147277a0
Apr 14 10:10:06 ICTM1612S02H1 systemd-udevd[3074]: creating symlink '/dev/char/21:50' to '../sg50'
Apr 14 10:10:06 ICTM1612S02H1 systemd-udevd[3130]: value '[dmi/id]sys_vendor' is 'Dell Inc.'
Apr 14 10:10:06 ICTM1612S02H1 systemd-udevd[3118]: value '[dmi/id]sys_vendor' is 'Dell Inc.'
Apr 14 10:10:06 ICTM1612S02H1 systemd-udevd[1486]: passed 209 byte device to netlink monitor 0x565114712ae0
Apr 14 10:10:06 ICTM1612S02H1 systemd-udevd[3102]: seq 4922 processed
Apr 14 10:10:06 ICTM1612S02H1 systemd-udevd[3073]: seq 4928 running
Apr 14 10:10:06 ICTM1612S02H1 systemd-udevd[3074]: created empty file '/run/udev/data/c21:50' for '/devices/platform/host16/session1/target16:0:0/16:0:0:5/scsi_generic/sg50'
Apr 14 10:10:06 ICTM1612S02H1 systemd-udevd[3130]: value '[dmi/id]sys_vendor' is 'Dell Inc.'
Apr 14 10:10:06 ICTM1612S02H1 systemd-udevd[3118]: handling device node '/dev/bsg/16:0:0:5', devnum=c249:54, mode=0600, uid=0, gid=0
Apr 14 10:10:06 ICTM1612S02H1 systemd-udevd[1486]: seq 4929 queued, 'add' 'scsi_disk'
Apr 14 10:10:06 ICTM1612S02H1 systemd-udevd[3074]: passed device to netlink monitor 0x565114714100
Apr 14 10:10:06 ICTM1612S02H1 systemd-udevd[3118]: preserve permissions /dev/bsg/16:0:0:5, 020600, uid=0, gid=0
Apr 14 10:10:06 ICTM1612S02H1 systemd-udevd[3130]: passed device to netlink monitor 0x565114760a80
Apr 14 10:10:06 ICTM1612S02H1 systemd-udevd[3073]: value '[dmi/id]sys_vendor' is 'Dell Inc.'
Apr 14 10:10:06 ICTM1612S02H1 systemd-udevd[3074]: seq 4925 processed
Apr 14 10:10:06 ICTM1612S02H1 systemd-udevd[1486]: seq 4930 queued, 'add' 'scsi'
Apr 14 10:10:06 ICTM1612S02H1 systemd-udevd[3118]: creating symlink '/dev/char/249:54' to '../bsg/16:0:0:5'
Apr 14 10:10:06 ICTM1612S02H1 systemd-udevd[3130]: seq 4927 processed
Apr 14 10:10:06 ICTM1612S02H1 systemd-udevd[3073]: value '[dmi/id]sys_vendor' is 'Dell Inc.'
Apr 14 10:10:06 ICTM1612S02H1 systemd-udevd[1486]: passed 211 byte device to netlink monitor 0x565114712ae0
Apr 14 10:10:06 ICTM1612S02H1 systemd-udevd[3119]: seq 4930 running
Apr 14 10:10:06 ICTM1612S02H1 systemd-udevd[1486]: seq 4931 queued, 'add' 'scsi_device'
Apr 14 10:10:06 ICTM1612S02H1 systemd-udevd[3073]: IMPORT builtin 'hwdb' /lib/udev/rules.d/50-udev-default.rules:15
Apr 14 10:10:06 ICTM1612S02H1 systemd-udevd[3118]: created empty file '/run/udev/data/c249:54' for '/devices/platform/host16/session1/target16:0:0/16:0:0:5/bsg/16:0:0:5'
Apr 14 10:10:06 ICTM1612S02H1 systemd-udevd[1486]: seq 4932 queued, 'add' 'scsi_disk'
Apr 14 10:10:06 ICTM1612S02H1 systemd-udevd[3073]: IMPORT builtin 'hwdb' returned non-zero
Apr 14 10:10:06 ICTM1612S02H1 systemd-udevd[3118]: passed device to netlink monitor 0x5651147290e0
Apr 14 10:10:06 ICTM1612S02H1 systemd-udevd[1486]: seq 4933 queued, 'add' 'scsi_generic'
Apr 14 10:10:06 ICTM1612S02H1 systemd-udevd[3119]: value '[dmi/id]sys_vendor' is 'Dell Inc.'
Apr 14 10:10:06 ICTM1612S02H1 systemd-udevd[3118]: seq 4926 processed
Apr 14 10:10:06 ICTM1612S02H1 systemd-udevd[3073]: path '[module/sg](null)' is '/sys/module/sg'
Apr 14 10:10:06 ICTM1612S02H1 systemd-udevd[1486]: seq 4934 queued, 'add' 'scsi_device'
Apr 14 10:10:06 ICTM1612S02H1 systemd-udevd[3119]: value '[dmi/id]sys_vendor' is 'Dell Inc.'
Apr 14 10:10:06 ICTM1612S02H1 systemd-udevd[3073]: RUN 'kmod load $env{MODALIAS}' /lib/udev/rules.d/80-drivers.rules:5
Apr 14 10:10:06 ICTM1612S02H1 systemd-udevd[3119]: IMPORT builtin 'hwdb' /lib/udev/rules.d/50-udev-default.rules:15
Apr 14 10:10:06 ICTM1612S02H1 systemd-udevd[1486]: seq 4935 queued, 'add' 'bsg'
Apr 14 10:10:06 ICTM1612S02H1 systemd-udevd[3073]: Execute 'load' 'scsi:t-0x00'
Apr 14 10:10:06 ICTM1612S02H1 systemd-udevd[3119]: IMPORT builtin 'hwdb' returned non-zero
Apr 14 10:10:06 ICTM1612S02H1 systemd-udevd[3073]: No module matches 'scsi:t-0x00'
Apr 14 10:10:06 ICTM1612S02H1 systemd-udevd[1486]: seq 4936 queued, 'add' 'scsi'
Apr 14 10:10:06 ICTM1612S02H1 systemd-udevd[3119]: path '[module/sg](null)' is '/sys/module/sg'
Apr 14 10:10:06 ICTM1612S02H1 systemd-udevd[3073]: passed device to netlink monitor 0x565114710f20
Apr 14 10:10:06 ICTM1612S02H1 systemd-udevd[1486]: passed 209 byte device to netlink monitor 0x565114712ae0
Apr 14 10:10:06 ICTM1612S02H1 systemd-udevd[3119]: RUN 'kmod load $env{MODALIAS}' /lib/udev/rules.d/80-drivers.rules:5
Apr 14 10:10:06 ICTM1612S02H1 systemd-udevd[3119]: Execute 'load' 'scsi:t-0x00'
Apr 14 10:10:06 ICTM1612S02H1 systemd-udevd[3073]: seq 4928 processed
Apr 14 10:10:06 ICTM1612S02H1 systemd-udevd[1486]: seq 4937 queued, 'add' 'scsi_generic'
Apr 14 10:10:06 ICTM1612S02H1 systemd-udevd[3130]: seq 4936 running
Apr 14 10:10:06 ICTM1612S02H1 systemd-udevd[3119]: No module matches 'scsi:t-0x00'
Apr 14 10:10:06 ICTM1612S02H1 systemd-udevd[1486]: passed 192 byte device to netlink monitor 0x565114712ae0
