Apr 14 10:10:06 ICTM1612S02H1 systemd-udevd[1486]: seq 5368 queued, 'add' 'scsi_device'
Apr 14 10:10:06 ICTM1612S02H1 systemd-udevd[3112]: value '[dmi/id]sys_vendor' is 'Dell Inc.'
Apr 14 10:10:06 ICTM1612S02H1 systemd-udevd[3139]: No module matches 'scsi:t-0x00'
Apr 14 10:10:06 ICTM1612S02H1 systemd-udevd[3139]: passed device to netlink monitor 0x565114779240
Apr 14 10:10:06 ICTM1612S02H1 systemd-udevd[1486]: seq 5369 queued, 'add' 'scsi_generic'
Apr 14 10:10:06 ICTM1612S02H1 systemd-udevd[3139]: seq 5361 processed
Apr 14 10:10:06 ICTM1612S02H1 systemd-udevd[3110]: '/usr/bin/sg_inq --export --page=di /dev/sdci'(out) 'SCSI_IDENT_LUN_NAA=60080e500034153e0000ed0a5605fabd'
Apr 14 10:10:06 ICTM1612S02H1 systemd-udevd[3080]: '/usr/bin/sg_inq --export /dev/sdbs'(out) 'SCSI_TPGS=0'
Apr 14 10:10:06 ICTM1612S02H1 systemd-udevd[1486]: seq 5370 queued, 'add' 'bdi'
Apr 14 10:10:06 ICTM1612S02H1 systemd-udevd[3110]: '/usr/bin/sg_inq --export --page=di /dev/sdci'(out) 'SCSI_IDENT_PORT_RELATIVE=32771'
Apr 14 10:10:06 ICTM1612S02H1 systemd-udevd[3080]: '/usr/bin/sg_inq --export /dev/sdbs'(out) 'SCSI_TYPE=disk'
Apr 14 10:10:06 ICTM1612S02H1 systemd-udevd[1486]: passed 138 byte device to netlink monitor 0x565114712ae0
Apr 14 10:10:06 ICTM1612S02H1 systemd-udevd[3080]: '/usr/bin/sg_inq --export /dev/sdbs'(out) 'SCSI_VENDOR=NETAPP'
Apr 14 10:10:06 ICTM1612S02H1 systemd-udevd[3136]: seq 5370 running
Apr 14 10:10:06 ICTM1612S02H1 systemd-udevd[3112]: passed device to netlink monitor 0x565114760ca0
Apr 14 10:10:06 ICTM1612S02H1 systemd-udevd[3110]: Process '/usr/bin/sg_inq --export --page=di /dev/sdci' succeeded.
Apr 14 10:10:06 ICTM1612S02H1 systemd-udevd[1486]: passed 194 byte device to netlink monitor 0x565114712ae0
Apr 14 10:10:06 ICTM1612S02H1 systemd-udevd[3080]: '/usr/bin/sg_inq --export /dev/sdbs'(out) 'SCSI_VENDOR_ENC=NETAPP\x20\x20'
Apr 14 10:10:06 ICTM1612S02H1 systemd-udevd[3129]: seq 5363 running
Apr 14 10:10:06 ICTM1612S02H1 systemd-udevd[1486]: passed 198 byte device to netlink monitor 0x565114712ae0
Apr 14 10:10:06 ICTM1612S02H1 systemd-udevd[3080]: '/usr/bin/sg_inq --export /dev/sdbs'(out) 'SCSI_MODEL=INF-01-00'
Apr 14 10:10:06 ICTM1612S02H1 systemd-udevd[3110]: PROGRAM '/sbin/multipath -c /dev/sdci' /lib/udev/rules.d/56-dm-mpath-lvm.rules:21
Apr 14 10:10:06 ICTM1612S02H1 systemd-udevd[3139]: seq 5362 running
Apr 14 10:10:06 ICTM1612S02H1 systemd-udevd[3112]: seq 5355 processed
Apr 14 10:10:06 ICTM1612S02H1 systemd-udevd[3144]: value '[dmi/id]sys_vendor' is 'Dell Inc.'
Apr 14 10:10:06 ICTM1612S02H1 systemd-udevd[3080]: '/usr/bin/sg_inq --export /dev/sdbs'(out) 'SCSI_MODEL_ENC=INF-01-00\x20\x20\x20\x20\x20\x20\x20'
Apr 14 10:10:06 ICTM1612S02H1 systemd-udevd[3070]: seq 5364 running
Apr 14 10:10:06 ICTM1612S02H1 systemd-udevd[3113]: '/usr/bin/sg_inq --export /dev/sdca'(out) 'SCSI_TPGS=0'
Apr 14 10:10:06 ICTM1612S02H1 systemd-udevd[1486]: passed 234 byte device to netlink monitor 0x565114712ae0
Apr 14 10:10:06 ICTM1612S02H1 systemd-udevd[3131]: '/usr/bin/sg_inq --export /dev/sdcc'(out) 'SCSI_TPGS=0'
Apr 14 10:10:06 ICTM1612S02H1 systemd-udevd[3144]: value '[dmi/id]sys_vendor' is 'Dell Inc.'
Apr 14 10:10:06 ICTM1612S02H1 systemd-udevd[3080]: '/usr/bin/sg_inq --export /dev/sdbs'(out) 'SCSI_REVISION=9820'
Apr 14 10:10:06 ICTM1612S02H1 systemd-udevd[3145]: '/usr/bin/sg_inq --export --page=di /dev/sdbp'(out) 'SCSI_IDENT_LUN_NAA=60080e500029092400008d565605f9ab'
Apr 14 10:10:06 ICTM1612S02H1 systemd-udevd[3113]: '/usr/bin/sg_inq --export /dev/sdca'(out) 'SCSI_TYPE=disk'
Apr 14 10:10:06 ICTM1612S02H1 systemd-udevd[1486]: passed 229 byte device to netlink monitor 0x565114712ae0
Apr 14 10:10:06 ICTM1612S02H1 systemd-udevd[3079]: seq 5365 running
Apr 14 10:10:06 ICTM1612S02H1 systemd-udevd[1486]: seq 5371 queued, 'add' 'bsg'
Apr 14 10:10:06 ICTM1612S02H1 systemd-udevd[3756]: starting '/sbin/multipath -c /dev/sdci'
Apr 14 10:10:06 ICTM1612S02H1 systemd-udevd[3093]: value '[dmi/id]sys_vendor' is 'Dell Inc.'
Apr 14 10:10:06 ICTM1612S02H1 systemd-udevd[3145]: '/usr/bin/sg_inq --export --page=di /dev/sdbp'(out) 'SCSI_IDENT_PORT_RELATIVE=1'
Apr 14 10:10:06 ICTM1612S02H1 systemd-udevd[3080]: Process '/usr/bin/sg_inq --export /dev/sdbs' succeeded.
Apr 14 10:10:06 ICTM1612S02H1 systemd-udevd[3113]: '/usr/bin/sg_inq --export /dev/sdca'(out) 'SCSI_VENDOR=NETAPP'
Apr 14 10:10:06 ICTM1612S02H1 systemd-udevd[3136]: value '[dmi/id]sys_vendor' is 'Dell Inc.'
Apr 14 10:10:06 ICTM1612S02H1 systemd-udevd[3144]: passed device to netlink monitor 0x56511477eb50
Apr 14 10:10:06 ICTM1612S02H1 systemd-udevd[1486]: seq 5372 queued, 'add' 'block'
Apr 14 10:10:06 ICTM1612S02H1 systemd-udevd[3131]: '/usr/bin/sg_inq --export /dev/sdcc'(out) 'SCSI_TYPE=disk'
Apr 14 10:10:06 ICTM1612S02H1 systemd-udevd[1486]: passed 232 byte device to netlink monitor 0x565114712ae0
Apr 14 10:10:06 ICTM1612S02H1 systemd-udevd[3113]: '/usr/bin/sg_inq --export /dev/sdca'(out) 'SCSI_VENDOR_ENC=NETAPP\x20\x20'
Apr 14 10:10:06 ICTM1612S02H1 systemd-udevd[3075]: value '[dmi/id]sys_vendor' is 'Dell Inc.'
Apr 14 10:10:06 ICTM1612S02H1 systemd-udevd[3080]: IMPORT '/usr/bin/sg_inq --export --page=sn /dev/sdbs' /lib/udev/rules.d/55-scsi-sg3_id.rules:19
Apr 14 10:10:06 ICTM1612S02H1 systemd-udevd[3144]: seq 5356 processed
Apr 14 10:10:06 ICTM1612S02H1 systemd-udevd[3131]: '/usr/bin/sg_inq --export /dev/sdcc'(out) 'SCSI_VENDOR=NETAPP'
Apr 14 10:10:06 ICTM1612S02H1 systemd-udevd[3113]: '/usr/bin/sg_inq --export /dev/sdca'(out) 'SCSI_MODEL=INF-01-00'
Apr 14 10:10:06 ICTM1612S02H1 systemd-udevd[1486]: seq 5373 queued, 'add' 'scsi'
Apr 14 10:10:06 ICTM1612S02H1 systemd-udevd[1486]: passed 211 byte device to netlink monitor 0x565114712ae0
Apr 14 10:10:06 ICTM1612S02H1 systemd-udevd[3112]: seq 5372 running
Apr 14 10:10:06 ICTM1612S02H1 systemd-udevd[3131]: '/usr/bin/sg_inq --export /dev/sdcc'(out) 'SCSI_VENDOR_ENC=NETAPP\x20\x20'
Apr 14 10:10:06 ICTM1612S02H1 systemd-udevd[3131]: '/usr/bin/sg_inq --export /dev/sdcc'(out) 'SCSI_MODEL=INF-01-00'
Apr 14 10:10:06 ICTM1612S02H1 systemd-udevd[3107]: value '[dmi/id]sys_vendor' is 'Dell Inc.'
Apr 14 10:10:06 ICTM1612S02H1 systemd-udevd[3075]: value '[dmi/id]sys_vendor' is 'Dell Inc.'
Apr 14 10:10:06 ICTM1612S02H1 systemd-udevd[3145]: Process '/usr/bin/sg_inq --export --page=di /dev/sdbp' succeeded.
Apr 14 10:10:06 ICTM1612S02H1 systemd-udevd[3122]: seq 5373 running
Apr 14 10:10:06 ICTM1612S02H1 systemd-udevd[3136]: value '[dmi/id]sys_vendor' is 'Dell Inc.'
Apr 14 10:10:06 ICTM1612S02H1 systemd-udevd[3113]: '/usr/bin/sg_inq --export /dev/sdca'(out) 'SCSI_MODEL_ENC=INF-01-00\x20\x20\x20\x20\x20\x20\x20'
Apr 14 10:10:06 ICTM1612S02H1 systemd-udevd[3131]: '/usr/bin/sg_inq --export /dev/sdcc'(out) 'SCSI_MODEL_ENC=INF-01-00\x20\x20\x20\x20\x20\x20\x20'
Apr 14 10:10:06 ICTM1612S02H1 systemd-udevd[1486]: seq 5374 queued, 'add' 'block'
Apr 14 10:10:06 ICTM1612S02H1 systemd-udevd[3757]: starting '/usr/bin/sg_inq --export --page=sn /dev/sdbs'
Apr 14 10:10:06 ICTM1612S02H1 systemd-udevd[3093]: value '[dmi/id]sys_vendor' is 'Dell Inc.'
Apr 14 10:10:06 ICTM1612S02H1 systemd-udevd[3093]: IMPORT builtin 'hwdb' /lib/udev/rules.d/50-udev-default.rules:15
Apr 14 10:10:06 ICTM1612S02H1 systemd-udevd[3113]: '/usr/bin/sg_inq --export /dev/sdca'(out) 'SCSI_REVISION=9825'
Apr 14 10:10:06 ICTM1612S02H1 systemd-udevd[3131]: '/usr/bin/sg_inq --export /dev/sdcc'(out) 'SCSI_REVISION=9825'
Apr 14 10:10:06 ICTM1612S02H1 systemd-udevd[3136]: passed device to netlink monitor 0x565114771450
Apr 14 10:10:06 ICTM1612S02H1 systemd-udevd[3131]: Process '/usr/bin/sg_inq --export /dev/sdcc' succeeded.
Apr 14 10:10:06 ICTM1612S02H1 systemd-udevd[3144]: seq 5374 running
Apr 14 10:10:06 ICTM1612S02H1 systemd-udevd[3145]: PROGRAM '/sbin/multipath -c /dev/sdbp' /lib/udev/rules.d/56-dm-mpath-lvm.rules:21
Apr 14 10:10:06 ICTM1612S02H1 systemd-udevd[3075]: GROUP 6 /lib/udev/rules.d/50-udev-default.rules:63
Apr 14 10:10:06 ICTM1612S02H1 systemd-udevd[3136]: seq 5370 processed
Apr 14 10:10:06 ICTM1612S02H1 systemd-udevd[3093]: IMPORT builtin 'hwdb' returned non-zero
Apr 14 10:10:06 ICTM1612S02H1 systemd-udevd[3113]: Process '/usr/bin/sg_inq --export /dev/sdca' succeeded.
Apr 14 10:10:06 ICTM1612S02H1 systemd-udevd[3107]: value '[dmi/id]sys_vendor' is 'Dell Inc.'
Apr 14 10:10:06 ICTM1612S02H1 systemd-udevd[3131]: IMPORT '/usr/bin/sg_inq --export --page=sn /dev/sdcc' /lib/udev/rules.d/55-scsi-sg3_id.rules:19
Apr 14 10:10:06 ICTM1612S02H1 systemd-udevd[3070]: value '[dmi/id]sys_vendor' is 'Dell Inc.'
Apr 14 10:10:06 ICTM1612S02H1 systemd-udevd[1486]: passed 231 byte device to netlink monitor 0x565114712ae0
Apr 14 10:10:06 ICTM1612S02H1 systemd-udevd[3075]: handling device node '/dev/sg116', devnum=c21:116, mode=0660, uid=0, gid=6
Apr 14 10:10:06 ICTM1612S02H1 systemd-udevd[3758]: starting '/sbin/multipath -c /dev/sdbp'
Apr 14 10:10:06 ICTM1612S02H1 systemd-udevd[3113]: IMPORT '/usr/bin/sg_inq --export --page=sn /dev/sdca' /lib/udev/rules.d/55-scsi-sg3_id.rules:19
Apr 14 10:10:06 ICTM1612S02H1 systemd-udevd[3107]: handling device node '/dev/bsg/20:0:0:147', devnum=c249:120, mode=0600, uid=0, gid=0
Apr 14 10:10:06 ICTM1612S02H1 systemd-udevd[3075]: set permissions /dev/sg116, 020660, uid=0, gid=6
Apr 14 10:10:06 ICTM1612S02H1 systemd-udevd[3075]: creating symlink '/dev/char/21:116' to '../sg116'
Apr 14 10:10:06 ICTM1612S02H1 systemd-udevd[3093]: path '[module/sg](null)' is '/sys/module/sg'
Apr 14 10:10:06 ICTM1612S02H1 systemd-udevd[3107]: preserve permissions /dev/bsg/20:0:0:147, 020600, uid=0, gid=0
Apr 14 10:10:06 ICTM1612S02H1 systemd-udevd[3107]: creating symlink '/dev/char/249:120' to '../bsg/20:0:0:147'
Apr 14 10:10:06 ICTM1612S02H1 systemd-udevd[3759]: starting '/usr/bin/sg_inq --export --page=sn /dev/sdcc'
Apr 14 10:10:06 ICTM1612S02H1 systemd-udevd[3075]: created empty file '/run/udev/data/c21:116' for '/devices/platform/host20/session5/target20:0:0/20:0:0:147/scsi_generic/sg116'
Apr 14 10:10:06 ICTM1612S02H1 systemd-udevd[3093]: RUN 'kmod load $env{MODALIAS}' /lib/udev/rules.d/80-drivers.rules:5
Apr 14 10:10:06 ICTM1612S02H1 systemd-udevd[1486]: seq 5375 queued, 'add' 'scsi_disk'
Apr 14 10:10:06 ICTM1612S02H1 systemd-udevd[3107]: created empty file '/run/udev/data/c249:120' for '/devices/platform/host20/session5/target20:0:0/20:0:0:147/bsg/20:0:0:147'
Apr 14 10:10:06 ICTM1612S02H1 systemd-udevd[3107]: passed device to netlink monitor 0x565114758a90
Apr 14 10:10:06 ICTM1612S02H1 systemd-udevd[3075]: passed device to netlink monitor 0x565114710790
Apr 14 10:10:06 ICTM1612S02H1 systemd-udevd[3093]: Execute 'load' 'scsi:t-0x00'
Apr 14 10:10:06 ICTM1612S02H1 systemd-udevd[3107]: seq 5358 processed
Apr 14 10:10:06 ICTM1612S02H1 systemd-udevd[3129]: value '[dmi/id]sys_vendor' is 'Dell Inc.'
Apr 14 10:10:06 ICTM1612S02H1 systemd-udevd[1486]: seq 5376 queued, 'add' 'scsi'
Apr 14 10:10:06 ICTM1612S02H1 systemd-udevd[1486]: passed 211 byte device to netlink monitor 0x565114712ae0
Apr 14 10:10:06 ICTM1612S02H1 systemd-udevd[3093]: No module matches 'scsi:t-0x00'
Apr 14 10:10:06 ICTM1612S02H1 systemd-udevd[3075]: seq 5357 processed
Apr 14 10:10:06 ICTM1612S02H1 systemd-udevd[3136]: seq 5376 running
Apr 14 10:10:06 ICTM1612S02H1 systemd-udevd[3093]: passed device to netlink monitor 0x565114743be0
Apr 14 10:10:06 ICTM1612S02H1 systemd-udevd[1486]: seq 5377 queued, 'add' 'scsi_device'
Apr 14 10:10:06 ICTM1612S02H1 systemd-udevd[3079]: value '[dmi/id]sys_vendor' is 'Dell Inc.'
Apr 14 10:10:06 ICTM1612S02H1 systemd-udevd[3070]: value '[dmi/id]sys_vendor' is 'Dell Inc.'
Apr 14 10:10:06 ICTM1612S02H1 systemd-udevd[1486]: seq 5378 queued, 'add' 'scsi_disk'
Apr 14 10:10:06 ICTM1612S02H1 systemd-udevd[3144]: value '[dmi/id]sys_vendor' is 'Dell Inc.'
Apr 14 10:10:06 ICTM1612S02H1 systemd-udevd[3093]: seq 5366 processed
Apr 14 10:10:06 ICTM1612S02H1 systemd-udevd[3080]: '/usr/bin/sg_inq --export --page=sn /dev/sdbs'(out) 'SCSI_IDENT_SERIAL=SR21500247'
Apr 14 10:10:06 ICTM1612S02H1 systemd-udevd[1486]: seq 5379 queued, 'add' 'bdi'
Apr 14 10:10:06 ICTM1612S02H1 systemd-udevd[1486]: passed 139 byte device to netlink monitor 0x565114712ae0
Apr 14 10:10:06 ICTM1612S02H1 systemd-udevd[3118]: '/sbin/multipath -c /dev/sdce'(out) '/dev/sdce is not a valid multipath device path'
Apr 14 10:10:06 ICTM1612S02H1 systemd-udevd[3129]: value '[dmi/id]sys_vendor' is 'Dell Inc.'
Apr 14 10:10:06 ICTM1612S02H1 systemd-udevd[3080]: Process '/usr/bin/sg_inq --export --page=sn /dev/sdbs' succeeded.
Apr 14 10:10:06 ICTM1612S02H1 systemd-udevd[1486]: passed 196 byte device to netlink monitor 0x565114712ae0
Apr 14 10:10:06 ICTM1612S02H1 systemd-udevd[3075]: seq 5379 running
Apr 14 10:10:06 ICTM1612S02H1 systemd-udevd[3070]: GROUP 6 /lib/udev/rules.d/50-udev-default.rules:63
Apr 14 10:10:06 ICTM1612S02H1 systemd-udevd[3107]: seq 5367 running
Apr 14 10:10:06 ICTM1612S02H1 systemd-udevd[3139]: value '[dmi/id]sys_vendor' is 'Dell Inc.'
Apr 14 10:10:06 ICTM1612S02H1 systemd-udevd[3760]: starting '/usr/bin/sg_inq --export --page=sn /dev/sdca'
Apr 14 10:10:06 ICTM1612S02H1 systemd-udevd[1486]: passed 200 byte device to netlink monitor 0x565114712ae0
Apr 14 10:10:06 ICTM1612S02H1 systemd-udevd[3080]: IMPORT '/usr/bin/sg_inq --export --page=di /dev/sdbs' /lib/udev/rules.d/55-scsi-sg3_id.rules:21
Apr 14 10:10:06 ICTM1612S02H1 systemd-udevd[3144]: value '[dmi/id]sys_vendor' is 'Dell Inc.'
Apr 14 10:10:06 ICTM1612S02H1 systemd-udevd[3093]: seq 5368 running
Apr 14 10:10:06 ICTM1612S02H1 systemd-udevd[3079]: value '[dmi/id]sys_vendor' is 'Dell Inc.'
Apr 14 10:10:06 ICTM1612S02H1 systemd-udevd[3129]: passed device to netlink monitor 0x5651147661f0
Apr 14 10:10:06 ICTM1612S02H1 systemd-udevd[3122]: value '[dmi/id]sys_vendor' is 'Dell Inc.'
Apr 14 10:10:06 ICTM1612S02H1 systemd-udevd[1486]: passed 235 byte device to netlink monitor 0x565114712ae0
Apr 14 10:10:06 ICTM1612S02H1 systemd-udevd[3070]: handling device node '/dev/sg117', devnum=c21:117, mode=0660, uid=0, gid=6
Apr 14 10:10:06 ICTM1612S02H1 systemd-udevd[3112]: value '[dmi/id]sys_vendor' is 'Dell Inc.'
Apr 14 10:10:06 ICTM1612S02H1 systemd-udevd[1486]: passed 232 byte device to netlink monitor 0x565114712ae0
Apr 14 10:10:06 ICTM1612S02H1 systemd-udevd[3129]: seq 5363 processed
Apr 14 10:10:06 ICTM1612S02H1 systemd-udevd[3070]: set permissions /dev/sg117, 020660, uid=0, gid=6
Apr 14 10:10:06 ICTM1612S02H1 systemd-udevd[3070]: creating symlink '/dev/char/21:117' to '../sg117'
Apr 14 10:10:06 ICTM1612S02H1 systemd-udevd[3108]: seq 5371 running
Apr 14 10:10:06 ICTM1612S02H1 systemd-udevd[3144]: GROUP 6 /lib/udev/rules.d/50-udev-default.rules:55
Apr 14 10:10:06 ICTM1612S02H1 systemd-udevd[3079]: handling device node '/dev/bsg/19:0:0:10', devnum=c249:121, mode=0600, uid=0, gid=0
Apr 14 10:10:06 ICTM1612S02H1 systemd-udevd[3112]: value '[dmi/id]sys_vendor' is 'Dell Inc.'
Apr 14 10:10:06 ICTM1612S02H1 systemd-udevd[3114]: seq 5369 running
Apr 14 10:10:06 ICTM1612S02H1 systemd-udevd[3761]: starting '/usr/bin/sg_inq --export --page=di /dev/sdbs'
Apr 14 10:10:06 ICTM1612S02H1 systemd-udevd[1486]: seq 5380 queued, 'add' 'scsi_device'
Apr 14 10:10:06 ICTM1612S02H1 systemd-udevd[3131]: '/usr/bin/sg_inq --export --page=sn /dev/sdcc'(out) 'SCSI_IDENT_SERIAL=021414003089'
Apr 14 10:10:06 ICTM1612S02H1 systemd-udevd[3118]: Process '/sbin/multipath -c /dev/sdce' failed with exit code 1.
Apr 14 10:10:06 ICTM1612S02H1 systemd-udevd[3070]: created empty file '/run/udev/data/c21:117' for '/devices/platform/host19/session4/target19:0:0/19:0:0:10/scsi_generic/sg117'
Apr 14 10:10:06 ICTM1612S02H1 systemd-udevd[3144]: IMPORT '/usr/bin/sg_inq --export /dev/sdcf' /lib/udev/rules.d/55-scsi-sg3_id.rules:10
Apr 14 10:10:06 ICTM1612S02H1 systemd-udevd[3079]: preserve permissions /dev/bsg/19:0:0:10, 020600, uid=0, gid=0
Apr 14 10:10:06 ICTM1612S02H1 systemd-udevd[3079]: creating symlink '/dev/char/249:121' to '../bsg/19:0:0:10'
Apr 14 10:10:06 ICTM1612S02H1 systemd-udevd[3075]: value '[dmi/id]sys_vendor' is 'Dell Inc.'
Apr 14 10:10:06 ICTM1612S02H1 systemd-udevd[3139]: value '[dmi/id]sys_vendor' is 'Dell Inc.'
Apr 14 10:10:06 ICTM1612S02H1 systemd-udevd[1486]: seq 5381 queued, 'add' 'scsi_generic'
Apr 14 10:10:06 ICTM1612S02H1 systemd-udevd[3131]: Process '/usr/bin/sg_inq --export --page=sn /dev/sdcc' succeeded.
Apr 14 10:10:06 ICTM1612S02H1 systemd-udevd[3118]: LINK 'disk/by-id/scsi-SNETAPP_INF-01-00_021414003089' /lib/udev/rules.d/58-scsi-sg3_symlink.rules:12
Apr 14 10:10:06 ICTM1612S02H1 systemd-udevd[3070]: passed device to netlink monitor 0x56511471f170
Apr 14 10:10:06 ICTM1612S02H1 systemd-udevd[3112]: GROUP 6 /lib/udev/rules.d/50-udev-default.rules:55
Apr 14 10:10:06 ICTM1612S02H1 systemd-udevd[3122]: value '[dmi/id]sys_vendor' is 'Dell Inc.'
Apr 14 10:10:06 ICTM1612S02H1 systemd-udevd[3079]: created empty file '/run/udev/data/c249:121' for '/devices/platform/host19/session4/target19:0:0/19:0:0:10/bsg/19:0:0:10'
Apr 14 10:10:06 ICTM1612S02H1 systemd-udevd[3079]: passed device to netlink monitor 0x56511473cc70
Apr 14 10:10:06 ICTM1612S02H1 systemd-udevd[3131]: IMPORT '/usr/bin/sg_inq --export --page=di /dev/sdcc' /lib/udev/rules.d/55-scsi-sg3_id.rules:21
Apr 14 10:10:06 ICTM1612S02H1 systemd-udevd[3139]: passed device to netlink monitor 0x565114779240
Apr 14 10:10:06 ICTM1612S02H1 systemd-udevd[3070]: seq 5364 processed
Apr 14 10:10:06 ICTM1612S02H1 systemd-udevd[1486]: seq 5382 queued, 'add' 'bdi'
Apr 14 10:10:06 ICTM1612S02H1 systemd-udevd[1486]: passed 139 byte device to netlink monitor 0x565114712ae0
Apr 14 10:10:06 ICTM1612S02H1 systemd-udevd[3129]: seq 5382 running
Apr 14 10:10:06 ICTM1612S02H1 systemd-udevd[3122]: IMPORT builtin 'hwdb' /lib/udev/rules.d/50-udev-default.rules:15
Apr 14 10:10:06 ICTM1612S02H1 systemd-udevd[3118]: LINK 'disk/by-id/scsi-360080e50003415e6000014795605f7e2' /lib/udev/rules.d/58-scsi-sg3_symlink.rules:15
Apr 14 10:10:06 ICTM1612S02H1 systemd-udevd[3079]: seq 5365 processed
Apr 14 10:10:06 ICTM1612S02H1 systemd-udevd[3139]: seq 5362 processed
Apr 14 10:10:06 ICTM1612S02H1 systemd-udevd[3136]: value '[dmi/id]sys_vendor' is 'Dell Inc.'
Apr 14 10:10:06 ICTM1612S02H1 systemd-udevd[3113]: '/usr/bin/sg_inq --export --page=sn /dev/sdca'(out) 'SCSI_IDENT_SERIAL=021414003152'
Apr 14 10:10:06 ICTM1612S02H1 systemd-udevd[3112]: IMPORT '/usr/bin/sg_inq --export /dev/sdcj' /lib/udev/rules.d/55-scsi-sg3_id.rules:10
Apr 14 10:10:06 ICTM1612S02H1 systemd-udevd[3122]: IMPORT builtin 'hwdb' returned non-zero
Apr 14 10:10:06 ICTM1612S02H1 systemd-udevd[1486]: seq 5383 queued, 'add' 'bsg'
Apr 14 10:10:06 ICTM1612S02H1 systemd-udevd[3075]: value '[dmi/id]sys_vendor' is 'Dell Inc.'
Apr 14 10:10:06 ICTM1612S02H1 systemd-udevd[3763]: starting '/usr/bin/sg_inq --export --page=di /dev/sdcc'
Apr 14 10:10:06 ICTM1612S02H1 systemd-udevd[3118]: LINK 'disk/by-id/scsi-360080e50003415e6000014795605f7e2' /lib/udev/rules.d/60-persistent-storage.rules:36
Apr 14 10:10:06 ICTM1612S02H1 systemd-udevd[3075]: passed device to netlink monitor 0x565114710790
Apr 14 10:10:06 ICTM1612S02H1 systemd-udevd[3762]: starting '/usr/bin/sg_inq --export /dev/sdcf'
Apr 14 10:10:06 ICTM1612S02H1 systemd-udevd[1486]: seq 5384 queued, 'add' 'scsi_generic'
Apr 14 10:10:06 ICTM1612S02H1 systemd-udevd[3113]: Process '/usr/bin/sg_inq --export --page=sn /dev/sdca' succeeded.
Apr 14 10:10:06 ICTM1612S02H1 systemd-udevd[3075]: seq 5379 processed
Apr 14 10:10:06 ICTM1612S02H1 systemd-udevd[3122]: path '[module/sg](null)' is '/sys/module/sg'
Apr 14 10:10:06 ICTM1612S02H1 systemd-udevd[3113]: IMPORT '/usr/bin/sg_inq --export --page=di /dev/sdca' /lib/udev/rules.d/55-scsi-sg3_id.rules:21
Apr 14 10:10:06 ICTM1612S02H1 systemd-udevd[1486]: seq 5385 queued, 'add' 'bsg'
Apr 14 10:10:06 ICTM1612S02H1 systemd-udevd[3118]: IMPORT builtin 'path_id' /lib/udev/rules.d/60-persistent-storage.rules:54
Apr 14 10:10:06 ICTM1612S02H1 systemd-udevd[3764]: starting '/usr/bin/sg_inq --export /dev/sdcj'
Apr 14 10:10:06 ICTM1612S02H1 systemd-udevd[3136]: value '[dmi/id]sys_vendor' is 'Dell Inc.'
Apr 14 10:10:06 ICTM1612S02H1 systemd-udevd[3109]: LINK 'disk/by-id/wwn-0x60080e5000290b5400008a335605fd9f' /lib/udev/rules.d/60-persistent-storage.rules:73
Apr 14 10:10:06 ICTM1612S02H1 systemd-udevd[3129]: value '[dmi/id]sys_vendor' is 'Dell Inc.'
Apr 14 10:10:06 ICTM1612S02H1 systemd-udevd[3122]: RUN 'kmod load $env{MODALIAS}' /lib/udev/rules.d/80-drivers.rules:5
Apr 14 10:10:06 ICTM1612S02H1 systemd-udevd[3107]: value '[dmi/id]sys_vendor' is 'Dell Inc.'
Apr 14 10:10:06 ICTM1612S02H1 systemd-udevd[3136]: IMPORT builtin 'hwdb' /lib/udev/rules.d/50-udev-default.rules:15
Apr 14 10:10:06 ICTM1612S02H1 systemd-udevd[1486]: seq 5386 queued, 'add' 'block'
Apr 14 10:10:06 ICTM1612S02H1 systemd-udevd[1486]: passed 232 byte device to netlink monitor 0x565114712ae0
Apr 14 10:10:06 ICTM1612S02H1 systemd-udevd[3122]: Execute 'load' 'scsi:t-0x00'
Apr 14 10:10:06 ICTM1612S02H1 systemd-udevd[3139]: seq 5386 running
Apr 14 10:10:06 ICTM1612S02H1 systemd-udevd[3109]: IMPORT 'probe-bcache -o udev /dev/sdbg' /lib/udev/rules.d/69-bcache.rules:16
Apr 14 10:10:06 ICTM1612S02H1 systemd-udevd[3122]: No module matches 'scsi:t-0x00'
Apr 14 10:10:06 ICTM1612S02H1 systemd-udevd[3131]: '/usr/bin/sg_inq --export --page=di /dev/sdcc'(out) 'SCSI_IDENT_LUN_NAA=60080e50003415e6000014775605f7d5'
Apr 14 10:10:06 ICTM1612S02H1 systemd-udevd[3136]: IMPORT builtin 'hwdb' returned non-zero
Apr 14 10:10:06 ICTM1612S02H1 systemd-udevd[1486]: seq 5387 queued, 'add' 'scsi'
Apr 14 10:10:06 ICTM1612S02H1 systemd-udevd[3093]: value '[dmi/id]sys_vendor' is 'Dell Inc.'
Apr 14 10:10:06 ICTM1612S02H1 systemd-udevd[3075]: seq 5387 running
Apr 14 10:10:06 ICTM1612S02H1 systemd-udevd[3122]: passed device to netlink monitor 0x565114744d10
Apr 14 10:10:06 ICTM1612S02H1 systemd-udevd[3131]: '/usr/bin/sg_inq --export --page=di /dev/sdcc'(out) 'SCSI_IDENT_PORT_RELATIVE=32772'
Apr 14 10:10:06 ICTM1612S02H1 systemd-udevd[3136]: path '[module/sg](null)' is '/sys/module/sg'
Apr 14 10:10:06 ICTM1612S02H1 systemd-udevd[3129]: value '[dmi/id]sys_vendor' is 'Dell Inc.'
Apr 14 10:10:06 ICTM1612S02H1 systemd-udevd[3766]: starting 'probe-bcache -o udev /dev/sdbg'
Apr 14 10:10:06 ICTM1612S02H1 systemd-udevd[3765]: starting '/usr/bin/sg_inq --export --page=di /dev/sdca'
Apr 14 10:10:06 ICTM1612S02H1 systemd-udevd[3114]: value '[dmi/id]sys_vendor' is 'Dell Inc.'
Apr 14 10:10:06 ICTM1612S02H1 systemd-udevd[3122]: seq 5373 processed
Apr 14 10:10:06 ICTM1612S02H1 systemd-udevd[3080]: '/usr/bin/sg_inq --export --page=di /dev/sdbs'(out) 'SCSI_IDENT_LUN_NAA=60080e5000290b5400008a335605fd9f'
Apr 14 10:10:06 ICTM1612S02H1 systemd-udevd[3131]: Process '/usr/bin/sg_inq --export --page=di /dev/sdcc' succeeded.
Apr 14 10:10:06 ICTM1612S02H1 systemd-udevd[1486]: passed 211 byte device to netlink monitor 0x565114712ae0
Apr 14 10:10:06 ICTM1612S02H1 systemd-udevd[3136]: RUN 'kmod load $env{MODALIAS}' /lib/udev/rules.d/80-drivers.rules:5
Apr 14 10:10:06 ICTM1612S02H1 systemd-udevd[3129]: passed device to netlink monitor 0x5651147661f0
Apr 14 10:10:06 ICTM1612S02H1 systemd-udevd[3070]: seq 5375 running
Apr 14 10:10:06 ICTM1612S02H1 systemd-udevd[3080]: '/usr/bin/sg_inq --export --page=di /dev/sdbs'(out) 'SCSI_IDENT_PORT_RELATIVE=2'
Apr 14 10:10:06 ICTM1612S02H1 systemd-udevd[3107]: value '[dmi/id]sys_vendor' is 'Dell Inc.'
Apr 14 10:10:06 ICTM1612S02H1 systemd-udevd[3110]: '/sbin/multipath -c /dev/sdci'(out) '/dev/sdci is not a valid multipath device path'
Apr 14 10:10:06 ICTM1612S02H1 systemd-udevd[3144]: '/usr/bin/sg_inq --export /dev/sdcf'(out) 'SCSI_TPGS=0'
Apr 14 10:10:06 ICTM1612S02H1 systemd-udevd[1486]: passed 196 byte device to netlink monitor 0x565114712ae0
Apr 14 10:10:06 ICTM1612S02H1 systemd-udevd[3131]: PROGRAM '/sbin/multipath -c /dev/sdcc' /lib/udev/rules.d/56-dm-mpath-lvm.rules:21
Apr 14 10:10:06 ICTM1612S02H1 systemd-udevd[3129]: seq 5382 processed
Apr 14 10:10:06 ICTM1612S02H1 systemd-udevd[3136]: Execute 'load' 'scsi:t-0x00'
Apr 14 10:10:06 ICTM1612S02H1 systemd-udevd[3108]: value '[dmi/id]sys_vendor' is 'Dell Inc.'
Apr 14 10:10:06 ICTM1612S02H1 systemd-udevd[3114]: value '[dmi/id]sys_vendor' is 'Dell Inc.'
Apr 14 10:10:06 ICTM1612S02H1 systemd-udevd[3093]: value '[dmi/id]sys_vendor' is 'Dell Inc.'
Apr 14 10:10:06 ICTM1612S02H1 systemd-udevd[3144]: '/usr/bin/sg_inq --export /dev/sdcf'(out) 'SCSI_TYPE=disk'
Apr 14 10:10:06 ICTM1612S02H1 systemd-udevd[1486]: passed 200 byte device to netlink monitor 0x565114712ae0
Apr 14 10:10:06 ICTM1612S02H1 systemd-udevd[3079]: seq 5377 running
Apr 14 10:10:06 ICTM1612S02H1 systemd-udevd[3107]: passed device to netlink monitor 0x565114758a90
Apr 14 10:10:06 ICTM1612S02H1 systemd-udevd[3136]: No module matches 'scsi:t-0x00'
Apr 14 10:10:06 ICTM1612S02H1 systemd-udevd[3080]: Process '/usr/bin/sg_inq --export --page=di /dev/sdbs' succeeded.
Apr 14 10:10:06 ICTM1612S02H1 systemd-udevd[3110]: Process '/sbin/multipath -c /dev/sdci' failed with exit code 1.
Apr 14 10:10:06 ICTM1612S02H1 systemd-udevd[3108]: value '[dmi/id]sys_vendor' is 'Dell Inc.'
Apr 14 10:10:06 ICTM1612S02H1 systemd-udevd[1486]: passed 235 byte device to netlink monitor 0x565114712ae0
Apr 14 10:10:06 ICTM1612S02H1 systemd-udevd[1486]: passed 232 byte device to netlink monitor 0x565114712ae0
Apr 14 10:10:06 ICTM1612S02H1 systemd-udevd[3107]: seq 5367 processed
Apr 14 10:10:06 ICTM1612S02H1 systemd-udevd[3093]: passed device to netlink monitor 0x565114743be0
Apr 14 10:10:06 ICTM1612S02H1 systemd-udevd[3767]: starting '/sbin/multipath -c /dev/sdcc'
Apr 14 10:10:06 ICTM1612S02H1 systemd-udevd[3136]: passed device to netlink monitor 0x565114771450
Apr 14 10:10:06 ICTM1612S02H1 systemd-udevd[3114]: GROUP 6 /lib/udev/rules.d/50-udev-default.rules:63
Apr 14 10:10:06 ICTM1612S02H1 systemd-udevd[3080]: PROGRAM '/sbin/multipath -c /dev/sdbs' /lib/udev/rules.d/56-dm-mpath-lvm.rules:21
Apr 14 10:10:06 ICTM1612S02H1 systemd-udevd[3110]: LINK 'disk/by-id/scsi-SNETAPP_INF-01-00_021414003089' /lib/udev/rules.d/58-scsi-sg3_symlink.rules:12
Apr 14 10:10:06 ICTM1612S02H1 systemd-udevd[3144]: '/usr/bin/sg_inq --export /dev/sdcf'(out) 'SCSI_VENDOR=NETAPP'
Apr 14 10:10:06 ICTM1612S02H1 systemd-udevd[3122]: seq 5381 running
Apr 14 10:10:06 ICTM1612S02H1 systemd-udevd[3095]: seq 5383 running
Apr 14 10:10:06 ICTM1612S02H1 systemd-udevd[1486]: seq 5388 queued, 'add' 'scsi_disk'
Apr 14 10:10:06 ICTM1612S02H1 systemd-udevd[3112]: '/usr/bin/sg_inq --export /dev/sdcj'(out) 'SCSI_TPGS=0'
Apr 14 10:10:06 ICTM1612S02H1 systemd-udevd[3112]: '/usr/bin/sg_inq --export /dev/sdcj'(out) 'SCSI_TYPE=disk'
Apr 14 10:10:06 ICTM1612S02H1 systemd-udevd[3112]: '/usr/bin/sg_inq --export /dev/sdcj'(out) 'SCSI_VENDOR=NETAPP'
Apr 14 10:10:06 ICTM1612S02H1 systemd-udevd[3768]: starting '/sbin/multipath -c /dev/sdbs'
Apr 14 10:10:06 ICTM1612S02H1 systemd-udevd[3118]: LINK 'disk/by-path/ip-fe80:0000:0000:0000:0192:0012:0021:0114:3260-iscsi-iqn.1992-08.com.netapp:2752.60080e500034153e0000000054dd6c63-lun-142' /lib/udev/rules.d/60-persistent-storage.rules:55
Apr 14 10:10:06 ICTM1612S02H1 systemd-udevd[3118]: IMPORT builtin 'blkid' /lib/udev/rules.d/60-persistent-storage.rules:66
Apr 14 10:10:06 ICTM1612S02H1 systemd-udevd[3144]: '/usr/bin/sg_inq --export /dev/sdcf'(out) 'SCSI_VENDOR_ENC=NETAPP\x20\x20'
Apr 14 10:10:06 ICTM1612S02H1 systemd-udevd[3114]: handling device node '/dev/sg118', devnum=c21:118, mode=0660, uid=0, gid=6
Apr 14 10:10:06 ICTM1612S02H1 systemd-udevd[3108]: handling device node '/dev/bsg/21:0:0:145', devnum=c249:122, mode=0600, uid=0, gid=0
Apr 14 10:10:06 ICTM1612S02H1 systemd-udevd[3112]: '/usr/bin/sg_inq --export /dev/sdcj'(out) 'SCSI_VENDOR_ENC=NETAPP\x20\x20'
Apr 14 10:10:06 ICTM1612S02H1 systemd-udevd[1486]: seq 5389 queued, 'add' 'scsi_device'
Apr 14 10:10:06 ICTM1612S02H1 systemd-udevd[3093]: seq 5368 processed
Apr 14 10:10:06 ICTM1612S02H1 systemd-udevd[3145]: '/sbin/multipath -c /dev/sdbp'(out) '/dev/sdbp is not a valid multipath device path'
Apr 14 10:10:06 ICTM1612S02H1 systemd-udevd[3136]: seq 5376 processed
Apr 14 10:10:06 ICTM1612S02H1 systemd-udevd[3110]: LINK 'disk/by-id/scsi-360080e500034153e0000ed0a5605fabd' /lib/udev/rules.d/58-scsi-sg3_symlink.rules:15
Apr 14 10:10:06 ICTM1612S02H1 systemd-udevd[3144]: '/usr/bin/sg_inq --export /dev/sdcf'(out) 'SCSI_MODEL=INF-01-00'
Apr 14 10:10:06 ICTM1612S02H1 systemd-udevd[3075]: value '[dmi/id]sys_vendor' is 'Dell Inc.'
Apr 14 10:10:06 ICTM1612S02H1 systemd-udevd[3113]: '/usr/bin/sg_inq --export --page=di /dev/sdca'(out) 'SCSI_IDENT_LUN_NAA=60080e500034153e0000ed0a5605fabd'
Apr 14 10:10:06 ICTM1612S02H1 systemd-udevd[3108]: preserve permissions /dev/bsg/21:0:0:145, 020600, uid=0, gid=0
Apr 14 10:10:06 ICTM1612S02H1 systemd-udevd[3112]: '/usr/bin/sg_inq --export /dev/sdcj'(out) 'SCSI_MODEL=INF-01-00'
Apr 14 10:10:06 ICTM1612S02H1 systemd-udevd[1486]: seq 5390 queued, 'add' 'scsi_generic'
Apr 14 10:10:06 ICTM1612S02H1 systemd-udevd[3145]: Process '/sbin/multipath -c /dev/sdbp' failed with exit code 1.
Apr 14 10:10:06 ICTM1612S02H1 systemd-udevd[3118]: probe /dev/sdce raid offset=0
Apr 14 10:10:06 ICTM1612S02H1 systemd-udevd[3144]: '/usr/bin/sg_inq --export /dev/sdcf'(out) 'SCSI_MODEL_ENC=INF-01-00\x20\x20\x20\x20\x20\x20\x20'
Apr 14 10:10:06 ICTM1612S02H1 systemd-udevd[3114]: set permissions /dev/sg118, 020660, uid=0, gid=6
Apr 14 10:10:06 ICTM1612S02H1 systemd-udevd[3114]: creating symlink '/dev/char/21:118' to '../sg118'
Apr 14 10:10:06 ICTM1612S02H1 systemd-udevd[3110]: LINK 'disk/by-id/scsi-360080e500034153e0000ed0a5605fabd' /lib/udev/rules.d/60-persistent-storage.rules:36
Apr 14 10:10:06 ICTM1612S02H1 systemd-udevd[3108]: creating symlink '/dev/char/249:122' to '../bsg/21:0:0:145'
Apr 14 10:10:06 ICTM1612S02H1 systemd-udevd[3108]: created empty file '/run/udev/data/c249:122' for '/devices/platform/host21/session6/target21:0:0/21:0:0:145/bsg/21:0:0:145'
Apr 14 10:10:06 ICTM1612S02H1 systemd-udevd[1486]: passed 196 byte device to netlink monitor 0x565114712ae0
Apr 14 10:10:06 ICTM1612S02H1 systemd-udevd[1486]: passed 200 byte device to netlink monitor 0x565114712ae0
Apr 14 10:10:06 ICTM1612S02H1 systemd-udevd[3107]: seq 5378 running
Apr 14 10:10:06 ICTM1612S02H1 systemd-udevd[3136]: seq 5384 running
Apr 14 10:10:06 ICTM1612S02H1 systemd-udevd[3113]: '/usr/bin/sg_inq --export --page=di /dev/sdca'(out) 'SCSI_IDENT_PORT_RELATIVE=3'
Apr 14 10:10:06 ICTM1612S02H1 systemd-udevd[3114]: created empty file '/run/udev/data/c21:118' for '/devices/platform/host21/session6/target21:0:0/21:0:0:145/scsi_generic/sg118'
Apr 14 10:10:06 ICTM1612S02H1 systemd-udevd[3114]: passed device to netlink monitor 0x56511473ce90
Apr 14 10:10:06 ICTM1612S02H1 systemd-udevd[3112]: '/usr/bin/sg_inq --export /dev/sdcj'(out) 'SCSI_MODEL_ENC=INF-01-00\x20\x20\x20\x20\x20\x20\x20'
Apr 14 10:10:06 ICTM1612S02H1 systemd-udevd[3108]: passed device to netlink monitor 0x565114759c90
Apr 14 10:10:06 ICTM1612S02H1 systemd-udevd[3145]: LINK 'disk/by-id/scsi-SNETAPP_INF-01-00_SR21500247' /lib/udev/rules.d/58-scsi-sg3_symlink.rules:12
Apr 14 10:10:06 ICTM1612S02H1 systemd-udevd[1486]: passed 235 byte device to netlink monitor 0x565114712ae0
Apr 14 10:10:06 ICTM1612S02H1 systemd-udevd[3144]: '/usr/bin/sg_inq --export /dev/sdcf'(out) 'SCSI_REVISION=9825'
Apr 14 10:10:06 ICTM1612S02H1 systemd-udevd[3093]: seq 5380 running
Apr 14 10:10:06 ICTM1612S02H1 systemd-udevd[3113]: Process '/usr/bin/sg_inq --export --page=di /dev/sdca' succeeded.
Apr 14 10:10:06 ICTM1612S02H1 systemd-udevd[3075]: value '[dmi/id]sys_vendor' is 'Dell Inc.'
Apr 14 10:10:06 ICTM1612S02H1 systemd-udevd[3075]: IMPORT builtin 'hwdb' /lib/udev/rules.d/50-udev-default.rules:15
Apr 14 10:10:06 ICTM1612S02H1 systemd-udevd[3110]: IMPORT builtin 'path_id' /lib/udev/rules.d/60-persistent-storage.rules:54
Apr 14 10:10:06 ICTM1612S02H1 systemd-udevd[3112]: '/usr/bin/sg_inq --export /dev/sdcj'(out) 'SCSI_REVISION=9825'
Apr 14 10:10:06 ICTM1612S02H1 systemd-udevd[3108]: seq 5371 processed
Apr 14 10:10:06 ICTM1612S02H1 systemd-udevd[3070]: value '[dmi/id]sys_vendor' is 'Dell Inc.'
Apr 14 10:10:06 ICTM1612S02H1 systemd-udevd[3112]: Process '/usr/bin/sg_inq --export /dev/sdcj' succeeded.
Apr 14 10:10:06 ICTM1612S02H1 systemd-udevd[1486]: passed 232 byte device to netlink monitor 0x565114712ae0
Apr 14 10:10:06 ICTM1612S02H1 systemd-udevd[3129]: seq 5385 running
Apr 14 10:10:06 ICTM1612S02H1 systemd-udevd[3144]: Process '/usr/bin/sg_inq --export /dev/sdcf' succeeded.
Apr 14 10:10:06 ICTM1612S02H1 systemd-udevd[3139]: value '[dmi/id]sys_vendor' is 'Dell Inc.'
Apr 14 10:10:06 ICTM1612S02H1 systemd-udevd[3112]: IMPORT '/usr/bin/sg_inq --export --page=sn /dev/sdcj' /lib/udev/rules.d/55-scsi-sg3_id.rules:19
Apr 14 10:10:06 ICTM1612S02H1 systemd-udevd[3109]: Process 'probe-bcache -o udev /dev/sdbg' succeeded.
Apr 14 10:10:06 ICTM1612S02H1 systemd-udevd[3122]: value '[dmi/id]sys_vendor' is 'Dell Inc.'
Apr 14 10:10:06 ICTM1612S02H1 systemd-udevd[3114]: seq 5369 processed
Apr 14 10:10:06 ICTM1612S02H1 systemd-udevd[3113]: PROGRAM '/sbin/multipath -c /dev/sdca' /lib/udev/rules.d/56-dm-mpath-lvm.rules:21
Apr 14 10:10:06 ICTM1612S02H1 systemd-udevd[3075]: IMPORT builtin 'hwdb' returned non-zero
Apr 14 10:10:06 ICTM1612S02H1 systemd-udevd[3145]: LINK 'disk/by-id/scsi-360080e500029092400008d565605f9ab' /lib/udev/rules.d/58-scsi-sg3_symlink.rules:15
Apr 14 10:10:06 ICTM1612S02H1 systemd-udevd[1486]: seq 5391 queued, 'add' 'bsg'
Apr 14 10:10:06 ICTM1612S02H1 systemd-udevd[3079]: value '[dmi/id]sys_vendor' is 'Dell Inc.'
Apr 14 10:10:06 ICTM1612S02H1 systemd-udevd[3144]: IMPORT '/usr/bin/sg_inq --export --page=sn /dev/sdcf' /lib/udev/rules.d/55-scsi-sg3_id.rules:19
Apr 14 10:10:06 ICTM1612S02H1 systemd-udevd[3095]: value '[dmi/id]sys_vendor' is 'Dell Inc.'
Apr 14 10:10:06 ICTM1612S02H1 systemd-udevd[3769]: starting '/usr/bin/sg_inq --export --page=sn /dev/sdcj'
Apr 14 10:10:06 ICTM1612S02H1 systemd-udevd[1486]: seq 5392 queued, 'add' 'bdi'
Apr 14 10:10:06 ICTM1612S02H1 systemd-udevd[3070]: value '[dmi/id]sys_vendor' is 'Dell Inc.'
Apr 14 10:10:06 ICTM1612S02H1 systemd-udevd[3145]: LINK 'disk/by-id/scsi-360080e500029092400008d565605f9ab' /lib/udev/rules.d/60-persistent-storage.rules:36
Apr 14 10:10:06 ICTM1612S02H1 systemd-udevd[1486]: passed 139 byte device to netlink monitor 0x565114712ae0
Apr 14 10:10:06 ICTM1612S02H1 systemd-udevd[3075]: path '[module/sg](null)' is '/sys/module/sg'
Apr 14 10:10:06 ICTM1612S02H1 systemd-udevd[3770]: starting '/sbin/multipath -c /dev/sdca'
Apr 14 10:10:06 ICTM1612S02H1 systemd-udevd[3114]: seq 5392 running
Apr 14 10:10:06 ICTM1612S02H1 systemd-udevd[3109]: ATTR '/sys/devices/platform/host17/session2/target17:0:0/17:0:0:6/block/sdbg/queue/max_sectors_kb' writing '32767' /etc/udev/rules.d/99-largeio-udev.rules:1
Apr 14 10:10:06 ICTM1612S02H1 systemd-udevd[3771]: starting '/usr/bin/sg_inq --export --page=sn /dev/sdcf'
Apr 14 10:10:06 ICTM1612S02H1 systemd-udevd[1486]: seq 5393 queued, 'add' 'scsi'
Apr 14 10:10:06 ICTM1612S02H1 systemd-udevd[3139]: value '[dmi/id]sys_vendor' is 'Dell Inc.'
Apr 14 10:10:06 ICTM1612S02H1 systemd-udevd[3139]: GROUP 6 /lib/udev/rules.d/50-udev-default.rules:55
Apr 14 10:10:06 ICTM1612S02H1 systemd-udevd[3075]: RUN 'kmod load $env{MODALIAS}' /lib/udev/rules.d/80-drivers.rules:5
Apr 14 10:10:06 ICTM1612S02H1 systemd-udevd[3122]: value '[dmi/id]sys_vendor' is 'Dell Inc.'
Apr 14 10:10:06 ICTM1612S02H1 systemd-udevd[3108]: seq 5393 running
Apr 14 10:10:06 ICTM1612S02H1 systemd-udevd[3070]: passed device to netlink monitor 0x56511471f170
Apr 14 10:10:06 ICTM1612S02H1 systemd-udevd[3139]: IMPORT '/usr/bin/sg_inq --export /dev/sdck' /lib/udev/rules.d/55-scsi-sg3_id.rules:10
Apr 14 10:10:06 ICTM1612S02H1 systemd-udevd[3079]: value '[dmi/id]sys_vendor' is 'Dell Inc.'
Apr 14 10:10:06 ICTM1612S02H1 systemd-udevd[3075]: Execute 'load' 'scsi:t-0x00'
Apr 14 10:10:06 ICTM1612S02H1 systemd-udevd[3075]: No module matches 'scsi:t-0x00'
Apr 14 10:10:06 ICTM1612S02H1 systemd-udevd[3109]: handling device node '/dev/sdbg', devnum=b67:160, mode=0660, uid=0, gid=6
Apr 14 10:10:06 ICTM1612S02H1 systemd-udevd[3095]: value '[dmi/id]sys_vendor' is 'Dell Inc.'
Apr 14 10:10:06 ICTM1612S02H1 systemd-udevd[3070]: seq 5375 processed
Apr 14 10:10:06 ICTM1612S02H1 systemd-udevd[3145]: IMPORT builtin 'path_id' /lib/udev/rules.d/60-persistent-storage.rules:54
Apr 14 10:10:06 ICTM1612S02H1 systemd-udevd[3075]: passed device to netlink monitor 0x565114710790
Apr 14 10:10:06 ICTM1612S02H1 systemd-udevd[3122]: GROUP 6 /lib/udev/rules.d/50-udev-default.rules:63
Apr 14 10:10:06 ICTM1612S02H1 systemd-udevd[3107]: value '[dmi/id]sys_vendor' is 'Dell Inc.'
Apr 14 10:10:06 ICTM1612S02H1 systemd-udevd[3079]: passed device to netlink monitor 0x56511473cc70
Apr 14 10:10:06 ICTM1612S02H1 systemd-udevd[3075]: seq 5387 processed
Apr 14 10:10:06 ICTM1612S02H1 systemd-udevd[3095]: handling device node '/dev/bsg/23:0:0:146', devnum=c249:123, mode=0600, uid=0, gid=0
Apr 14 10:10:06 ICTM1612S02H1 systemd-udevd[3109]: set permissions /dev/sdbg, 060660, uid=0, gid=6
Apr 14 10:10:06 ICTM1612S02H1 systemd-udevd[3772]: starting '/usr/bin/sg_inq --export /dev/sdck'
Apr 14 10:10:06 ICTM1612S02H1 systemd-udevd[3079]: seq 5377 processed
Apr 14 10:10:06 ICTM1612S02H1 systemd-udevd[1486]: passed 211 byte device to netlink monitor 0x565114712ae0
Apr 14 10:10:06 ICTM1612S02H1 systemd-udevd[3095]: preserve permissions /dev/bsg/23:0:0:146, 020600, uid=0, gid=0
Apr 14 10:10:06 ICTM1612S02H1 systemd-udevd[1486]: passed 196 byte device to netlink monitor 0x565114712ae0
Apr 14 10:10:06 ICTM1612S02H1 systemd-udevd[3112]: '/usr/bin/sg_inq --export --page=sn /dev/sdcj'(out) 'SCSI_IDENT_SERIAL=021414003089'
Apr 14 10:10:06 ICTM1612S02H1 systemd-udevd[3095]: creating symlink '/dev/char/249:123' to '../bsg/23:0:0:146'
Apr 14 10:10:06 ICTM1612S02H1 systemd-udevd[3075]: seq 5388 running
Apr 14 10:10:06 ICTM1612S02H1 systemd-udevd[3122]: handling device node '/dev/sg119', devnum=c21:119, mode=0660, uid=0, gid=6
Apr 14 10:10:06 ICTM1612S02H1 systemd-udevd[3070]: seq 5389 running
Apr 14 10:10:06 ICTM1612S02H1 systemd-udevd[1486]: passed 200 byte device to netlink monitor 0x565114712ae0
Apr 14 10:10:06 ICTM1612S02H1 systemd-udevd[3095]: created empty file '/run/udev/data/c249:123' for '/devices/platform/host23/session8/target23:0:0/23:0:0:146/bsg/23:0:0:146'
Apr 14 10:10:06 ICTM1612S02H1 systemd-udevd[1486]: passed 235 byte device to netlink monitor 0x565114712ae0
Apr 14 10:10:06 ICTM1612S02H1 systemd-udevd[1486]: passed 232 byte device to netlink monitor 0x565114712ae0
Apr 14 10:10:06 ICTM1612S02H1 systemd-udevd[3136]: value '[dmi/id]sys_vendor' is 'Dell Inc.'
Apr 14 10:10:06 ICTM1612S02H1 systemd-udevd[1486]: seq 5394 queued, 'add' 'scsi_disk'
Apr 14 10:10:06 ICTM1612S02H1 systemd-udevd[3114]: value '[dmi/id]sys_vendor' is 'Dell Inc.'
Apr 14 10:10:06 ICTM1612S02H1 systemd-udevd[3095]: passed device to netlink monitor 0x56511474adb0
Apr 14 10:10:06 ICTM1612S02H1 systemd-udevd[3112]: Process '/usr/bin/sg_inq --export --page=sn /dev/sdcj' succeeded.
Apr 14 10:10:06 ICTM1612S02H1 systemd-udevd[3122]: set permissions /dev/sg119, 020660, uid=0, gid=6
Apr 14 10:10:06 ICTM1612S02H1 systemd-udevd[3107]: value '[dmi/id]sys_vendor' is 'Dell Inc.'
Apr 14 10:10:06 ICTM1612S02H1 systemd-udevd[3140]: seq 5391 running
Apr 14 10:10:06 ICTM1612S02H1 systemd-udevd[3144]: '/usr/bin/sg_inq --export --page=sn /dev/sdcf'(out) 'SCSI_IDENT_SERIAL=021414003152'
Apr 14 10:10:06 ICTM1612S02H1 systemd-udevd[3110]: LINK 'disk/by-path/ip-fe80:0000:0000:0000:0192:0012:0021:0114:3260-iscsi-iqn.1992-08.com.netapp:2752.60080e500034153e0000000054dd6c63-lun-143' /lib/udev/rules.d/60-persistent-storage.rules:55
Apr 14 10:10:06 ICTM1612S02H1 systemd-udevd[3144]: Process '/usr/bin/sg_inq --export --page=sn /dev/sdcf' succeeded.
Apr 14 10:10:06 ICTM1612S02H1 systemd-udevd[3095]: seq 5383 processed
Apr 14 10:10:06 ICTM1612S02H1 systemd-udevd[3112]: IMPORT '/usr/bin/sg_inq --export --page=di /dev/sdcj' /lib/udev/rules.d/55-scsi-sg3_id.rules:21
Apr 14 10:10:06 ICTM1612S02H1 systemd-udevd[3122]: creating symlink '/dev/char/21:119' to '../sg119'
Apr 14 10:10:06 ICTM1612S02H1 systemd-udevd[3079]: seq 5390 running
Apr 14 10:10:06 ICTM1612S02H1 systemd-udevd[3110]: IMPORT builtin 'blkid' /lib/udev/rules.d/60-persistent-storage.rules:66
Apr 14 10:10:06 ICTM1612S02H1 systemd-udevd[1486]: seq 5395 queued, 'add' 'scsi_device'
Apr 14 10:10:06 ICTM1612S02H1 systemd-udevd[3144]: IMPORT '/usr/bin/sg_inq --export --page=di /dev/sdcf' /lib/udev/rules.d/55-scsi-sg3_id.rules:21
Apr 14 10:10:06 ICTM1612S02H1 systemd-udevd[3107]: passed device to netlink monitor 0x565114758a90
Apr 14 10:10:06 ICTM1612S02H1 systemd-udevd[3122]: created empty file '/run/udev/data/c21:119' for '/devices/platform/host23/session8/target23:0:0/23:0:0:146/scsi_generic/sg119'
Apr 14 10:10:06 ICTM1612S02H1 systemd-udevd[3107]: seq 5378 processed
Apr 14 10:10:06 ICTM1612S02H1 systemd-udevd[1486]: seq 5396 queued, 'add' 'scsi_generic'
Apr 14 10:10:06 ICTM1612S02H1 systemd-udevd[3122]: passed device to netlink monitor 0x565114744d10
Apr 14 10:10:06 ICTM1612S02H1 systemd-udevd[3773]: starting '/usr/bin/sg_inq --export --page=di /dev/sdcj'
Apr 14 10:10:06 ICTM1612S02H1 systemd-udevd[3774]: starting '/usr/bin/sg_inq --export --page=di /dev/sdcf'
Apr 14 10:10:06 ICTM1612S02H1 systemd-udevd[1486]: seq 5397 queued, 'add' 'bsg'
Apr 14 10:10:06 ICTM1612S02H1 systemd-udevd[3122]: seq 5381 processed
Apr 14 10:10:06 ICTM1612S02H1 systemd-udevd[3093]: value '[dmi/id]sys_vendor' is 'Dell Inc.'
Apr 14 10:10:06 ICTM1612S02H1 systemd-udevd[3136]: value '[dmi/id]sys_vendor' is 'Dell Inc.'
Apr 14 10:10:06 ICTM1612S02H1 systemd-udevd[3114]: value '[dmi/id]sys_vendor' is 'Dell Inc.'
Apr 14 10:10:06 ICTM1612S02H1 systemd-udevd[3110]: probe /dev/sdci raid offset=0
Apr 14 10:10:06 ICTM1612S02H1 systemd-udevd[1486]: seq 5398 queued, 'add' 'scsi'
Apr 14 10:10:06 ICTM1612S02H1 systemd-udevd[1486]: passed 211 byte device to netlink monitor 0x565114712ae0
Apr 14 10:10:06 ICTM1612S02H1 systemd-udevd[3114]: passed device to netlink monitor 0x56511473ce90
Apr 14 10:10:06 ICTM1612S02H1 systemd-udevd[3107]: seq 5398 running
Apr 14 10:10:06 ICTM1612S02H1 systemd-udevd[3114]: seq 5392 processed
Apr 14 10:10:06 ICTM1612S02H1 systemd-udevd[1486]: seq 5399 queued, 'add' 'scsi_disk'
Apr 14 10:10:06 ICTM1612S02H1 systemd-udevd[3139]: '/usr/bin/sg_inq --export /dev/sdck'(out) 'SCSI_TPGS=0'
Apr 14 10:10:06 ICTM1612S02H1 systemd-udevd[1486]: seq 5400 queued, 'add' 'scsi_device'
Apr 14 10:10:06 ICTM1612S02H1 systemd-udevd[3136]: GROUP 6 /lib/udev/rules.d/50-udev-default.rules:63
Apr 14 10:10:06 ICTM1612S02H1 systemd-udevd[1486]: seq 5401 queued, 'add' 'scsi_generic'
Apr 14 10:10:06 ICTM1612S02H1 systemd-udevd[1486]: seq 5402 queued, 'add' 'bsg'
Apr 14 10:10:06 ICTM1612S02H1 systemd-udevd[1486]: seq 5403 queued, 'add' 'bdi'
Apr 14 10:10:06 ICTM1612S02H1 kernel: [ 56.647408] sd 16:0:0:126: [sdhe] Attached SCSI disk
Apr 14 10:10:06 ICTM1612S02H1 kernel: [ 56.647795] sd 17:0:0:127: [sdho] Attached SCSI disk
Apr 14 10:10:06 ICTM1612S02H1 kernel: [ 56.650954] sd 18:0:0:127: [sdhq] Attached SCSI disk
Apr 14 10:10:06 ICTM1612S02H1 kernel: [ 56.652723] sd 17:0:0:126: [sdhl] Attached SCSI disk
Apr 14 10:10:06 ICTM1612S02H1 systemd-udevd[1486]: passed 139 byte device to netlink monitor 0x565114712ae0
Apr 14 10:10:06 ICTM1612S02H1 systemd-udevd[3122]: seq 5403 running
Apr 14 10:10:06 ICTM1612S02H1 systemd-udevd[1486]: seq 5404 queued, 'add' 'bdi'
Apr 14 10:10:06 ICTM1612S02H1 systemd-udevd[1486]: passed 139 byte device to netlink monitor 0x565114712ae0
Apr 14 10:10:06 ICTM1612S02H1 systemd-udevd[3145]: LINK 'disk/by-path/ip-fe80:0000:0000:0000:0192:0012:0021:0111:3260-iscsi-iqn.1992-08.com.netapp:5504.60080e5000290924000000005525f5de-lun-7' /lib/udev/rules.d/60-persistent-storage.rules:55
Apr 14 10:10:06 ICTM1612S02H1 systemd-udevd[3093]: value '[dmi/id]sys_vendor' is 'Dell Inc.'
Apr 14 10:10:06 ICTM1612S02H1 systemd-udevd[3145]: IMPORT builtin 'blkid' /lib/udev/rules.d/60-persistent-storage.rules:66
Apr 14 10:10:06 ICTM1612S02H1 systemd-udevd[3136]: handling device node '/dev/sg120', devnum=c21:120, mode=0660, uid=0, gid=6
Apr 14 10:10:06 ICTM1612S02H1 systemd-udevd[1486]: seq 5405 queued, 'add' 'block'
Apr 14 10:10:06 ICTM1612S02H1 systemd-udevd[3144]: '/usr/bin/sg_inq --export --page=di /dev/sdcf'(out) 'SCSI_IDENT_LUN_NAA=60080e500034153e0000ed085605fab1'
Apr 14 10:10:06 ICTM1612S02H1 systemd-udevd[3136]: set permissions /dev/sg120, 020660, uid=0, gid=6
Apr 14 10:10:06 ICTM1612S02H1 systemd-udevd[3144]: '/usr/bin/sg_inq --export --page=di /dev/sdcf'(out) 'SCSI_IDENT_PORT_RELATIVE=4'
Apr 14 10:10:06 ICTM1612S02H1 systemd-udevd[3095]: seq 5405 running
Apr 14 10:10:06 ICTM1612S02H1 systemd-udevd[3093]: passed device to netlink monitor 0x565114743be0
Apr 14 10:10:06 ICTM1612S02H1 systemd-udevd[3112]: '/usr/bin/sg_inq --export --page=di /dev/sdcj'(out) 'SCSI_IDENT_LUN_NAA=60080e500034153e0000ed085605fab1'
Apr 14 10:10:06 ICTM1612S02H1 systemd-udevd[3136]: creating symlink '/dev/char/21:120' to '../sg120'
Apr 14 10:10:06 ICTM1612S02H1 systemd-udevd[3129]: value '[dmi/id]sys_vendor' is 'Dell Inc.'
Apr 14 10:10:06 ICTM1612S02H1 systemd-udevd[3145]: probe /dev/sdbp raid offset=0
Apr 14 10:10:06 ICTM1612S02H1 systemd-udevd[3109]: creating symlink '/dev/block/67:160' to '../sdbg'
Apr 14 10:10:06 ICTM1612S02H1 systemd-udevd[3093]: seq 5380 processed
Apr 14 10:10:06 ICTM1612S02H1 systemd-udevd[3112]: '/usr/bin/sg_inq --export --page=di /dev/sdcj'(out) 'SCSI_IDENT_PORT_RELATIVE=32772'
Apr 14 10:10:06 ICTM1612S02H1 systemd-udevd[3108]: value '[dmi/id]sys_vendor' is 'Dell Inc.'
Apr 14 10:10:06 ICTM1612S02H1 systemd-udevd[3136]: created empty file '/run/udev/data/c21:120' for '/devices/platform/host22/session7/target22:0:0/22:0:0:149/scsi_generic/sg120'
Apr 14 10:10:06 ICTM1612S02H1 systemd-udevd[3144]: Process '/usr/bin/sg_inq --export --page=di /dev/sdcf' succeeded.
Apr 14 10:10:06 ICTM1612S02H1 systemd-udevd[3109]: found 'b67:128' claiming '/run/udev/links/\x2fdisk\x2fby-id\x2fscsi-360080e5000290b5400008a335605fd9f'
Apr 14 10:10:06 ICTM1612S02H1 systemd-udevd[3112]: Process '/usr/bin/sg_inq --export --page=di /dev/sdcj' succeeded.
Apr 14 10:10:06 ICTM1612S02H1 systemd-udevd[3122]: value '[dmi/id]sys_vendor' is 'Dell Inc.'
Apr 14 10:10:06 ICTM1612S02H1 systemd-udevd[3129]: value '[dmi/id]sys_vendor' is 'Dell Inc.'
Apr 14 10:10:06 ICTM1612S02H1 systemd-udevd[3114]: seq 5404 running
Apr 14 10:10:06 ICTM1612S02H1 systemd-udevd[3136]: passed device to netlink monitor 0x565114771450
Apr 14 10:10:06 ICTM1612S02H1 systemd-udevd[3136]: seq 5384 processed
Apr 14 10:10:06 ICTM1612S02H1 systemd-udevd[3144]: PROGRAM '/sbin/multipath -c /dev/sdcf' /lib/udev/rules.d/56-dm-mpath-lvm.rules:21
Apr 14 10:10:06 ICTM1612S02H1 systemd-udevd[3129]: handling device node '/dev/bsg/22:0:0:149', devnum=c249:124, mode=0600, uid=0, gid=0
Apr 14 10:10:06 ICTM1612S02H1 systemd-udevd[3112]: PROGRAM '/sbin/multipath -c /dev/sdcj' /lib/udev/rules.d/56-dm-mpath-lvm.rules:21
Apr 14 10:10:06 ICTM1612S02H1 systemd-udevd[3129]: preserve permissions /dev/bsg/22:0:0:149, 020600, uid=0, gid=0
Apr 14 10:10:06 ICTM1612S02H1 systemd-udevd[3107]: value '[dmi/id]sys_vendor' is 'Dell Inc.'
Apr 14 10:10:06 ICTM1612S02H1 systemd-udevd[3129]: creating symlink '/dev/char/249:124' to '../bsg/22:0:0:149'
Apr 14 10:10:06 ICTM1612S02H1 systemd-udevd[3075]: value '[dmi/id]sys_vendor' is 'Dell Inc.'
Apr 14 10:10:06 ICTM1612S02H1 systemd-udevd[3080]: '/sbin/multipath -c /dev/sdbs'(out) '/dev/sdbs is not a valid multipath device path'
Apr 14 10:10:06 ICTM1612S02H1 systemd-udevd[3131]: '/sbin/multipath -c /dev/sdcc'(out) '/dev/sdcc is not a valid multipath device path'
Apr 14 10:10:06 ICTM1612S02H1 systemd-udevd[3129]: created empty file '/run/udev/data/c249:124' for '/devices/platform/host22/session7/target22:0:0/22:0:0:149/bsg/22:0:0:149'
Apr 14 10:10:06 ICTM1612S02H1 systemd-udevd[3129]: passed device to netlink monitor 0x5651147661f0
Apr 14 10:10:06 ICTM1612S02H1 systemd-udevd[3775]: starting '/sbin/multipath -c /dev/sdcf'
Apr 14 10:10:06 ICTM1612S02H1 systemd-udevd[3776]: starting '/sbin/multipath -c /dev/sdcj'
Apr 14 10:10:06 ICTM1612S02H1 systemd-udevd[3070]: value '[dmi/id]sys_vendor' is 'Dell Inc.'
Apr 14 10:10:06 ICTM1612S02H1 systemd-udevd[3129]: seq 5385 processed
Apr 14 10:10:06 ICTM1612S02H1 systemd-udevd[3122]: value '[dmi/id]sys_vendor' is 'Dell Inc.'
Apr 14 10:10:06 ICTM1612S02H1 systemd-udevd[3080]: Process '/sbin/multipath -c /dev/sdbs' failed with exit code 1.
Apr 14 10:10:06 ICTM1612S02H1 systemd-udevd[3131]: Process '/sbin/multipath -c /dev/sdcc' failed with exit code 1.
Apr 14 10:10:06 ICTM1612S02H1 systemd-udevd[3122]: passed device to netlink monitor 0x565114744d10
Apr 14 10:10:06 ICTM1612S02H1 systemd-udevd[3140]: value '[dmi/id]sys_vendor' is 'Dell Inc.'
Apr 14 10:10:06 ICTM1612S02H1 systemd-udevd[3122]: seq 5403 processed
Apr 14 10:10:06 ICTM1612S02H1 systemd-udevd[3114]: value '[dmi/id]sys_vendor' is 'Dell Inc.'
Apr 14 10:10:06 ICTM1612S02H1 systemd-udevd[3080]: LINK 'disk/by-id/scsi-SNETAPP_INF-01-00_SR21500247' /lib/udev/rules.d/58-scsi-sg3_symlink.rules:12
Apr 14 10:10:06 ICTM1612S02H1 systemd-udevd[3079]: value '[dmi/id]sys_vendor' is 'Dell Inc.'
Apr 14 10:10:06 ICTM1612S02H1 systemd-udevd[3109]: creating link '/dev/disk/by-id/scsi-360080e5000290b5400008a335605fd9f' to '/dev/sdbg'
Apr 14 10:10:06 ICTM1612S02H1 systemd-udevd[3107]: value '[dmi/id]sys_vendor' is 'Dell Inc.'
Apr 14 10:10:06 ICTM1612S02H1 systemd-udevd[3075]: value '[dmi/id]sys_vendor' is 'Dell Inc.'
Apr 14 10:10:06 ICTM1612S02H1 systemd-udevd[3131]: LINK 'disk/by-id/scsi-SNETAPP_INF-01-00_021414003089' /lib/udev/rules.d/58-scsi-sg3_symlink.rules:12
Apr 14 10:10:06 ICTM1612S02H1 systemd-udevd[3080]: LINK 'disk/by-id/scsi-360080e5000290b5400008a335605fd9f' /lib/udev/rules.d/58-scsi-sg3_symlink.rules:15
Apr 14 10:10:06 ICTM1612S02H1 systemd-udevd[3070]: value '[dmi/id]sys_vendor' is 'Dell Inc.'
Apr 14 10:10:06 ICTM1612S02H1 systemd-udevd[3109]: atomically replace '/dev/disk/by-id/scsi-360080e5000290b5400008a335605fd9f'
Apr 14 10:10:06 ICTM1612S02H1 systemd-udevd[3095]: value '[dmi/id]sys_vendor' is 'Dell Inc.'
