Apr 14 10:10:06 ICTM1612S02H1 systemd-udevd[3674]: starting '/sbin/multipath -c /dev/sdbc'
Apr 14 10:10:06 ICTM1612S02H1 systemd-udevd[3139]: handling device node '/dev/bsg/19:0:0:8', devnum=c249:100, mode=0600, uid=0, gid=0
Apr 14 10:10:06 ICTM1612S02H1 systemd-udevd[3144]: seq 5225 running
Apr 14 10:10:06 ICTM1612S02H1 systemd-udevd[3117]: value '[dmi/id]sys_vendor' is 'Dell Inc.'
Apr 14 10:10:06 ICTM1612S02H1 systemd-udevd[3117]: value '[dmi/id]sys_vendor' is 'Dell Inc.'
Apr 14 10:10:06 ICTM1612S02H1 systemd-udevd[3112]: GROUP 6 /lib/udev/rules.d/50-udev-default.rules:63
Apr 14 10:10:06 ICTM1612S02H1 systemd-udevd[3142]: '/sbin/multipath -c /dev/sdbf'(out) '/dev/sdbf is not a valid multipath device path'
Apr 14 10:10:06 ICTM1612S02H1 systemd-udevd[3090]: passed device to netlink monitor 0x565114726620
Apr 14 10:10:06 ICTM1612S02H1 systemd-udevd[3134]: value '[dmi/id]sys_vendor' is 'Dell Inc.'
Apr 14 10:10:06 ICTM1612S02H1 systemd-udevd[3102]: value '[dmi/id]sys_vendor' is 'Dell Inc.'
Apr 14 10:10:06 ICTM1612S02H1 systemd-udevd[3675]: starting '/sbin/multipath -c /dev/sdbm'
Apr 14 10:10:06 ICTM1612S02H1 systemd-udevd[3124]: value '[dmi/id]sys_vendor' is 'Dell Inc.'
Apr 14 10:10:06 ICTM1612S02H1 systemd-udevd[3123]: seq 5215 processed
Apr 14 10:10:06 ICTM1612S02H1 systemd-udevd[3110]: '/usr/bin/sg_inq --export /dev/sdat'(out) 'SCSI_TYPE=disk'
Apr 14 10:10:06 ICTM1612S02H1 systemd-udevd[3145]: found 'b8:64' claiming '/run/udev/links/\x2fdisk\x2fby-id\x2fscsi-SNETAPP_INF-01-00_SR21500247'
Apr 14 10:10:06 ICTM1612S02H1 systemd-udevd[3139]: preserve permissions /dev/bsg/19:0:0:8, 020600, uid=0, gid=0
Apr 14 10:10:06 ICTM1612S02H1 systemd-udevd[3144]: value '[dmi/id]sys_vendor' is 'Dell Inc.'
Apr 14 10:10:06 ICTM1612S02H1 systemd-udevd[3106]: LINK 'disk/by-id/scsi-SNETAPP_INF-01-00_021414003152' /lib/udev/rules.d/58-scsi-sg3_symlink.rules:12
Apr 14 10:10:06 ICTM1612S02H1 systemd-udevd[3106]: LINK 'disk/by-id/scsi-360080e50003415e6000014755605f7c7' /lib/udev/rules.d/58-scsi-sg3_symlink.rules:15
Apr 14 10:10:06 ICTM1612S02H1 systemd-udevd[3676]: starting '/sbin/multipath -c /dev/sdas'
Apr 14 10:10:06 ICTM1612S02H1 systemd-udevd[3145]: found 'b8:16' claiming '/run/udev/links/\x2fdisk\x2fby-id\x2fscsi-SNETAPP_INF-01-00_SR21500247'
Apr 14 10:10:06 ICTM1612S02H1 systemd-udevd[3142]: Process '/sbin/multipath -c /dev/sdbf' failed with exit code 1.
Apr 14 10:10:06 ICTM1612S02H1 systemd-udevd[3112]: handling device node '/dev/sg96', devnum=c21:96, mode=0660, uid=0, gid=6
Apr 14 10:10:06 ICTM1612S02H1 systemd-udevd[3142]: LINK 'disk/by-id/scsi-SNETAPP_INF-01-00_021414003089' /lib/udev/rules.d/58-scsi-sg3_symlink.rules:12
Apr 14 10:10:06 ICTM1612S02H1 systemd-udevd[3134]: value '[dmi/id]sys_vendor' is 'Dell Inc.'
Apr 14 10:10:06 ICTM1612S02H1 systemd-udevd[3110]: '/usr/bin/sg_inq --export /dev/sdat'(out) 'SCSI_VENDOR=NETAPP'
Apr 14 10:10:06 ICTM1612S02H1 systemd-udevd[3102]: value '[dmi/id]sys_vendor' is 'Dell Inc.'
Apr 14 10:10:06 ICTM1612S02H1 systemd-udevd[3139]: creating symlink '/dev/char/249:100' to '../bsg/19:0:0:8'
Apr 14 10:10:06 ICTM1612S02H1 systemd-udevd[3124]: value '[dmi/id]sys_vendor' is 'Dell Inc.'
Apr 14 10:10:06 ICTM1612S02H1 systemd-udevd[1486]: seq 5228 queued, 'add' 'scsi'
Apr 14 10:10:06 ICTM1612S02H1 systemd-udevd[1486]: passed 211 byte device to netlink monitor 0x565114712ae0
Apr 14 10:10:06 ICTM1612S02H1 systemd-udevd[3090]: seq 5214 processed
Apr 14 10:10:06 ICTM1612S02H1 systemd-udevd[3106]: LINK 'disk/by-id/scsi-360080e50003415e6000014755605f7c7' /lib/udev/rules.d/60-persistent-storage.rules:36
Apr 14 10:10:06 ICTM1612S02H1 systemd-udevd[3117]: GROUP 6 /lib/udev/rules.d/50-udev-default.rules:63
Apr 14 10:10:06 ICTM1612S02H1 systemd-udevd[3118]: '/usr/bin/sg_inq --export /dev/sdav'(out) 'SCSI_TPGS=0'
Apr 14 10:10:06 ICTM1612S02H1 systemd-udevd[3112]: set permissions /dev/sg96, 020660, uid=0, gid=6
Apr 14 10:10:06 ICTM1612S02H1 systemd[1]: dev-disk-by\x2dpath-ip\x2dfe80:0000:0000:0000:0192:0012:0021:0112:3260\x2discsi\x2diqn.1992\x2d08.com.netapp:5504.60080e5000290924000000005525f5de\x2dlun\x2d2.device: Changed dead -> plugged
Apr 14 10:10:06 ICTM1612S02H1 systemd-udevd[3142]: LINK 'disk/by-id/scsi-360080e500034153e0000ed045605fa95' /lib/udev/rules.d/58-scsi-sg3_symlink.rules:15
Apr 14 10:10:06 ICTM1612S02H1 systemd-udevd[3145]: creating link '/dev/disk/by-id/scsi-SNETAPP_INF-01-00_SR21500247' to '/dev/sdad'
Apr 14 10:10:06 ICTM1612S02H1 systemd-udevd[3110]: '/usr/bin/sg_inq --export /dev/sdat'(out) 'SCSI_VENDOR_ENC=NETAPP\x20\x20'
Apr 14 10:10:06 ICTM1612S02H1 systemd-udevd[3139]: created empty file '/run/udev/data/c249:100' for '/devices/platform/host19/session4/target19:0:0/19:0:0:8/bsg/19:0:0:8'
Apr 14 10:10:06 ICTM1612S02H1 systemd-udevd[3134]: passed device to netlink monitor 0x565114719d90
Apr 14 10:10:06 ICTM1612S02H1 systemd-udevd[3102]: passed device to netlink monitor 0x5651147277a0
Apr 14 10:10:06 ICTM1612S02H1 systemd-udevd[3144]: value '[dmi/id]sys_vendor' is 'Dell Inc.'
Apr 14 10:10:06 ICTM1612S02H1 systemd-udevd[3124]: passed device to netlink monitor 0x565114744010
Apr 14 10:10:06 ICTM1612S02H1 systemd-udevd[3109]: seq 5228 running
Apr 14 10:10:06 ICTM1612S02H1 systemd-udevd[3144]: handling device node '/dev/bsg/17:0:0:9', devnum=c249:101, mode=0600, uid=0, gid=0
Apr 14 10:10:06 ICTM1612S02H1 systemd-udevd[3106]: IMPORT builtin 'path_id' /lib/udev/rules.d/60-persistent-storage.rules:54
Apr 14 10:10:06 ICTM1612S02H1 systemd-udevd[3118]: '/usr/bin/sg_inq --export /dev/sdav'(out) 'SCSI_TYPE=disk'
Apr 14 10:10:06 ICTM1612S02H1 systemd-udevd[3112]: creating symlink '/dev/char/21:96' to '../sg96'
Apr 14 10:10:06 ICTM1612S02H1 systemd-udevd[3112]: created empty file '/run/udev/data/c21:96' for '/devices/platform/host19/session4/target19:0:0/19:0:0:8/scsi_generic/sg96'
Apr 14 10:10:06 ICTM1612S02H1 systemd[1]: dev-sdab.device: Changed dead -> plugged
Apr 14 10:10:06 ICTM1612S02H1 systemd-udevd[3145]: atomically replace '/dev/disk/by-id/scsi-SNETAPP_INF-01-00_SR21500247'
Apr 14 10:10:06 ICTM1612S02H1 systemd-udevd[3110]: '/usr/bin/sg_inq --export /dev/sdat'(out) 'SCSI_MODEL=INF-01-00'
Apr 14 10:10:06 ICTM1612S02H1 systemd-udevd[3142]: LINK 'disk/by-id/scsi-360080e500034153e0000ed045605fa95' /lib/udev/rules.d/60-persistent-storage.rules:36
Apr 14 10:10:06 ICTM1612S02H1 systemd-udevd[3139]: passed device to netlink monitor 0x565114779240
Apr 14 10:10:06 ICTM1612S02H1 systemd-udevd[3134]: seq 5223 processed
Apr 14 10:10:06 ICTM1612S02H1 systemd-udevd[3102]: seq 5222 processed
Apr 14 10:10:06 ICTM1612S02H1 systemd-udevd[3124]: seq 5227 processed
Apr 14 10:10:06 ICTM1612S02H1 systemd-udevd[1486]: seq 5229 queued, 'add' 'scsi_disk'
Apr 14 10:10:06 ICTM1612S02H1 systemd-udevd[3144]: preserve permissions /dev/bsg/17:0:0:9, 020600, uid=0, gid=0
Apr 14 10:10:06 ICTM1612S02H1 systemd-udevd[3118]: '/usr/bin/sg_inq --export /dev/sdav'(out) 'SCSI_VENDOR=NETAPP'
Apr 14 10:10:06 ICTM1612S02H1 systemd-udevd[1486]: seq 5230 queued, 'add' 'scsi_device'
Apr 14 10:10:06 ICTM1612S02H1 systemd-udevd[3109]: value '[dmi/id]sys_vendor' is 'Dell Inc.'
Apr 14 10:10:06 ICTM1612S02H1 systemd[1]: sys-devices-platform-host18-session3-target18:0:0-18:0:0:2-block-sdab.device: Changed dead -> plugged
Apr 14 10:10:06 ICTM1612S02H1 systemd-udevd[3110]: '/usr/bin/sg_inq --export /dev/sdat'(out) 'SCSI_MODEL_ENC=INF-01-00\x20\x20\x20\x20\x20\x20\x20'
Apr 14 10:10:06 ICTM1612S02H1 systemd[1]: Sent message type=signal sender=n/a destination=n/a object=/org/freedesktop/systemd1 interface=org.freedesktop.systemd1.Manager member=UnitNew cookie=134 reply_cookie=0 error=n/a
Apr 14 10:10:06 ICTM1612S02H1 systemd-udevd[3139]: seq 5219 processed
Apr 14 10:10:06 ICTM1612S02H1 systemd-udevd[3144]: creating symlink '/dev/char/249:101' to '../bsg/17:0:0:9'
Apr 14 10:10:06 ICTM1612S02H1 systemd-udevd[3142]: IMPORT builtin 'path_id' /lib/udev/rules.d/60-persistent-storage.rules:54
Apr 14 10:10:06 ICTM1612S02H1 systemd-udevd[3118]: '/usr/bin/sg_inq --export /dev/sdav'(out) 'SCSI_VENDOR_ENC=NETAPP\x20\x20'
Apr 14 10:10:06 ICTM1612S02H1 systemd-udevd[3117]: handling device node '/dev/sg97', devnum=c21:97, mode=0660, uid=0, gid=6
Apr 14 10:10:06 ICTM1612S02H1 systemd-udevd[3112]: passed device to netlink monitor 0x565114760ca0
Apr 14 10:10:06 ICTM1612S02H1 systemd-udevd[1486]: seq 5231 queued, 'add' 'scsi_generic'
Apr 14 10:10:06 ICTM1612S02H1 systemd-udevd[3146]: '/sbin/multipath -c /dev/sdbj'(out) '/dev/sdbj is not a valid multipath device path'
Apr 14 10:10:06 ICTM1612S02H1 systemd-udevd[3109]: value '[dmi/id]sys_vendor' is 'Dell Inc.'
Apr 14 10:10:06 ICTM1612S02H1 systemd-udevd[3106]: LINK 'disk/by-path/ip-fe80:0000:0000:0000:0192:0012:0022:0113:3260-iscsi-iqn.1992-08.com.netapp:2752.60080e500034153e0000000054dd6c63-lun-138' /lib/udev/rules.d/60-persistent-storage.rules:55
Apr 14 10:10:06 ICTM1612S02H1 systemd-udevd[3110]: '/usr/bin/sg_inq --export /dev/sdat'(out) 'SCSI_REVISION=9820'
Apr 14 10:10:06 ICTM1612S02H1 systemd-udevd[3145]: creating link '/dev/disk/by-id/wwn-0x60080e5000290b5400008a315605fd95' to '/dev/sdad'
Apr 14 10:10:06 ICTM1612S02H1 systemd-udevd[3110]: Process '/usr/bin/sg_inq --export /dev/sdat' succeeded.
Apr 14 10:10:06 ICTM1612S02H1 systemd-udevd[3144]: created empty file '/run/udev/data/c249:101' for '/devices/platform/host17/session2/target17:0:0/17:0:0:9/bsg/17:0:0:9'
Apr 14 10:10:06 ICTM1612S02H1 systemd-udevd[3118]: '/usr/bin/sg_inq --export /dev/sdav'(out) 'SCSI_MODEL=INF-01-00'
Apr 14 10:10:06 ICTM1612S02H1 systemd-udevd[3117]: set permissions /dev/sg97, 020660, uid=0, gid=6
Apr 14 10:10:06 ICTM1612S02H1 systemd-udevd[3112]: seq 5217 processed
Apr 14 10:10:06 ICTM1612S02H1 systemd-udevd[3142]: LINK 'disk/by-path/ip-fe80:0000:0000:0000:0192:0012:0022:0114:3260-iscsi-iqn.1992-08.com.netapp:2752.60080e500034153e0000000054dd6c63-lun-137' /lib/udev/rules.d/60-persistent-storage.rules:55
Apr 14 10:10:06 ICTM1612S02H1 systemd-udevd[3109]: IMPORT builtin 'hwdb' /lib/udev/rules.d/50-udev-default.rules:15
Apr 14 10:10:06 ICTM1612S02H1 systemd-udevd[3146]: Process '/sbin/multipath -c /dev/sdbj' failed with exit code 1.
Apr 14 10:10:06 ICTM1612S02H1 systemd-udevd[3106]: IMPORT builtin 'blkid' /lib/udev/rules.d/60-persistent-storage.rules:66
Apr 14 10:10:06 ICTM1612S02H1 systemd-udevd[3145]: creating symlink '/dev/disk/by-id/wwn-0x60080e5000290b5400008a315605fd95' to '../../sdad'
Apr 14 10:10:06 ICTM1612S02H1 systemd[1]: Sent message type=signal sender=n/a destination=n/a object=/org/freedesktop/systemd1 interface=org.freedesktop.systemd1.Manager member=UnitNew cookie=135 reply_cookie=0 error=n/a
Apr 14 10:10:06 ICTM1612S02H1 systemd-udevd[3144]: passed device to netlink monitor 0x56511477eb50
Apr 14 10:10:06 ICTM1612S02H1 systemd-udevd[3118]: '/usr/bin/sg_inq --export /dev/sdav'(out) 'SCSI_MODEL_ENC=INF-01-00\x20\x20\x20\x20\x20\x20\x20'
Apr 14 10:10:06 ICTM1612S02H1 systemd-udevd[3110]: IMPORT '/usr/bin/sg_inq --export --page=sn /dev/sdat' /lib/udev/rules.d/55-scsi-sg3_id.rules:19
Apr 14 10:10:06 ICTM1612S02H1 systemd-udevd[3117]: creating symlink '/dev/char/21:97' to '../sg97'
Apr 14 10:10:06 ICTM1612S02H1 systemd-udevd[1486]: seq 5232 queued, 'add' 'bsg'
Apr 14 10:10:06 ICTM1612S02H1 systemd-udevd[1486]: seq 5233 queued, 'add' 'bdi'
Apr 14 10:10:06 ICTM1612S02H1 systemd-udevd[3142]: IMPORT builtin 'blkid' /lib/udev/rules.d/60-persistent-storage.rules:66
Apr 14 10:10:06 ICTM1612S02H1 systemd-udevd[3146]: LINK 'disk/by-id/scsi-SNETAPP_INF-01-00_021414003089' /lib/udev/rules.d/58-scsi-sg3_symlink.rules:12
Apr 14 10:10:06 ICTM1612S02H1 systemd-udevd[3145]: creating link '/dev/disk/by-path/ip-fe80:0000:0000:0000:0192:0012:0021:0111:3260-iscsi-iqn.1992-08.com.netapp:5504.60080e5000290924000000005525f5de-lun-4' to '/dev/sdad'
Apr 14 10:10:06 ICTM1612S02H1 systemd-udevd[3106]: probe /dev/sdbk raid offset=0
Apr 14 10:10:06 ICTM1612S02H1 systemd-udevd[3236]: '/sbin/multipath -c /dev/sdbc'(out) '/dev/sdbc is not a valid multipath device path'
Apr 14 10:10:06 ICTM1612S02H1 systemd-udevd[3677]: starting '/usr/bin/sg_inq --export --page=sn /dev/sdat'
Apr 14 10:10:06 ICTM1612S02H1 systemd-udevd[3236]: Process '/sbin/multipath -c /dev/sdbc' failed with exit code 1.
Apr 14 10:10:06 ICTM1612S02H1 systemd-udevd[3118]: '/usr/bin/sg_inq --export /dev/sdav'(out) 'SCSI_REVISION=9820'
Apr 14 10:10:06 ICTM1612S02H1 systemd-udevd[3118]: Process '/usr/bin/sg_inq --export /dev/sdav' succeeded.
Apr 14 10:10:06 ICTM1612S02H1 systemd-udevd[3127]: '/sbin/multipath -c /dev/sdbm'(out) '/dev/sdbm is not a valid multipath device path'
Apr 14 10:10:06 ICTM1612S02H1 systemd-udevd[3109]: IMPORT builtin 'hwdb' returned non-zero
Apr 14 10:10:06 ICTM1612S02H1 systemd-udevd[1486]: passed 138 byte device to netlink monitor 0x565114712ae0
Apr 14 10:10:06 ICTM1612S02H1 systemd-udevd[3102]: seq 5233 running
Apr 14 10:10:06 ICTM1612S02H1 systemd-udevd[1486]: seq 5234 queued, 'add' 'bdi'
Apr 14 10:10:06 ICTM1612S02H1 systemd-udevd[3145]: creating symlink '/dev/disk/by-path/ip-fe80:0000:0000:0000:0192:0012:0021:0111:3260-iscsi-iqn.1992-08.com.netapp:5504.60080e5000290924000000005525f5de-lun-4' to '../../sdad'
Apr 14 10:10:06 ICTM1612S02H1 systemd-udevd[3127]: Process '/sbin/multipath -c /dev/sdbm' failed with exit code 1.
Apr 14 10:10:06 ICTM1612S02H1 systemd[1]: Sent message type=signal sender=n/a destination=n/a object=/org/freedesktop/systemd1 interface=org.freedesktop.systemd1.Manager member=UnitNew cookie=136 reply_cookie=0 error=n/a
Apr 14 10:10:06 ICTM1612S02H1 systemd-udevd[3144]: seq 5225 processed
Apr 14 10:10:06 ICTM1612S02H1 systemd-udevd[3236]: LINK 'disk/by-id/scsi-SNETAPP_INF-01-00_021414003089' /lib/udev/rules.d/58-scsi-sg3_symlink.rules:12
Apr 14 10:10:06 ICTM1612S02H1 systemd-udevd[3117]: created empty file '/run/udev/data/c21:97' for '/devices/platform/host17/session2/target17:0:0/17:0:0:9/scsi_generic/sg97'
Apr 14 10:10:06 ICTM1612S02H1 systemd-udevd[3118]: IMPORT '/usr/bin/sg_inq --export --page=sn /dev/sdav' /lib/udev/rules.d/55-scsi-sg3_id.rules:19
Apr 14 10:10:06 ICTM1612S02H1 systemd-udevd[3135]: LINK 'disk/by-id/wwn-0x60080e5000290b5400008a315605fd95' /lib/udev/rules.d/60-persistent-storage.rules:73
Apr 14 10:10:06 ICTM1612S02H1 systemd-udevd[3109]: path '[module/sg](null)' is '/sys/module/sg'
Apr 14 10:10:06 ICTM1612S02H1 systemd-udevd[3146]: LINK 'disk/by-id/scsi-360080e500034153e0000ed065605faa2' /lib/udev/rules.d/58-scsi-sg3_symlink.rules:15
Apr 14 10:10:06 ICTM1612S02H1 systemd-udevd[1486]: passed 137 byte device to netlink monitor 0x565114712ae0
Apr 14 10:10:06 ICTM1612S02H1 systemd-udevd[3131]: '/sbin/multipath -c /dev/sdas'(out) '/dev/sdas is not a valid multipath device path'
Apr 14 10:10:06 ICTM1612S02H1 systemd-udevd[3090]: seq 5234 running
Apr 14 10:10:06 ICTM1612S02H1 systemd-udevd[3131]: Process '/sbin/multipath -c /dev/sdas' failed with exit code 1.
Apr 14 10:10:06 ICTM1612S02H1 systemd-udevd[3127]: LINK 'disk/by-id/scsi-SNETAPP_INF-01-00_021414003152' /lib/udev/rules.d/58-scsi-sg3_symlink.rules:12
Apr 14 10:10:06 ICTM1612S02H1 systemd-udevd[3102]: value '[dmi/id]sys_vendor' is 'Dell Inc.'
Apr 14 10:10:06 ICTM1612S02H1 systemd-udevd[3090]: value '[dmi/id]sys_vendor' is 'Dell Inc.'
Apr 14 10:10:06 ICTM1612S02H1 systemd-udevd[3145]: created db file '/run/udev/data/b65:208' for '/devices/platform/host16/session1/target16:0:0/16:0:0:4/block/sdad'
Apr 14 10:10:06 ICTM1612S02H1 systemd-udevd[3117]: passed device to netlink monitor 0x56511473d340
Apr 14 10:10:06 ICTM1612S02H1 systemd-udevd[3109]: RUN 'kmod load $env{MODALIAS}' /lib/udev/rules.d/80-drivers.rules:5
Apr 14 10:10:06 ICTM1612S02H1 systemd-udevd[3109]: Execute 'load' 'scsi:t-0x00'
Apr 14 10:10:06 ICTM1612S02H1 systemd-udevd[3146]: LINK 'disk/by-id/scsi-360080e500034153e0000ed065605faa2' /lib/udev/rules.d/60-persistent-storage.rules:36
Apr 14 10:10:06 ICTM1612S02H1 systemd-udevd[1486]: seq 5235 queued, 'add' 'scsi'
Apr 14 10:10:06 ICTM1612S02H1 systemd-udevd[3142]: probe /dev/sdbf raid offset=0
Apr 14 10:10:06 ICTM1612S02H1 systemd-udevd[3113]: seq 5235 running
Apr 14 10:10:06 ICTM1612S02H1 systemd-udevd[3127]: LINK 'disk/by-id/scsi-360080e50003415e6000014775605f7d5' /lib/udev/rules.d/58-scsi-sg3_symlink.rules:15
Apr 14 10:10:06 ICTM1612S02H1 systemd-udevd[3236]: LINK 'disk/by-id/scsi-360080e50003415e6000014755605f7c7' /lib/udev/rules.d/58-scsi-sg3_symlink.rules:15
Apr 14 10:10:06 ICTM1612S02H1 systemd-udevd[3678]: starting '/usr/bin/sg_inq --export --page=sn /dev/sdav'
Apr 14 10:10:06 ICTM1612S02H1 systemd-udevd[3102]: value '[dmi/id]sys_vendor' is 'Dell Inc.'
Apr 14 10:10:06 ICTM1612S02H1 systemd-udevd[3090]: value '[dmi/id]sys_vendor' is 'Dell Inc.'
Apr 14 10:10:06 ICTM1612S02H1 systemd-udevd[3145]: adding watch on '/dev/sdad'
Apr 14 10:10:06 ICTM1612S02H1 systemd-udevd[3117]: seq 5224 processed
Apr 14 10:10:06 ICTM1612S02H1 systemd-udevd[3109]: No module matches 'scsi:t-0x00'
Apr 14 10:10:06 ICTM1612S02H1 systemd-udevd[3135]: IMPORT 'probe-bcache -o udev /dev/sdai' /lib/udev/rules.d/69-bcache.rules:16
Apr 14 10:10:06 ICTM1612S02H1 systemd-udevd[3146]: IMPORT builtin 'path_id' /lib/udev/rules.d/60-persistent-storage.rules:54
Apr 14 10:10:06 ICTM1612S02H1 systemd-udevd[1486]: passed 211 byte device to netlink monitor 0x565114712ae0
Apr 14 10:10:06 ICTM1612S02H1 systemd-udevd[3131]: LINK 'disk/by-id/scsi-SNETAPP_INF-01-00_SR21500247' /lib/udev/rules.d/58-scsi-sg3_symlink.rules:12
Apr 14 10:10:06 ICTM1612S02H1 systemd-udevd[3131]: LINK 'disk/by-id/scsi-360080e500029092400008d545605f9a0' /lib/udev/rules.d/58-scsi-sg3_symlink.rules:15
Apr 14 10:10:06 ICTM1612S02H1 systemd-udevd[3236]: LINK 'disk/by-id/scsi-360080e50003415e6000014755605f7c7' /lib/udev/rules.d/60-persistent-storage.rules:36
Apr 14 10:10:06 ICTM1612S02H1 systemd-udevd[3113]: value '[dmi/id]sys_vendor' is 'Dell Inc.'
Apr 14 10:10:06 ICTM1612S02H1 systemd-udevd[3102]: passed device to netlink monitor 0x5651147277a0
Apr 14 10:10:06 ICTM1612S02H1 systemd-udevd[3110]: '/usr/bin/sg_inq --export --page=sn /dev/sdat'(out) 'SCSI_IDENT_SERIAL=SR21500247'
Apr 14 10:10:06 ICTM1612S02H1 systemd-udevd[3090]: passed device to netlink monitor 0x565114726620
Apr 14 10:10:06 ICTM1612S02H1 systemd-udevd[3073]: LINK 'disk/by-id/wwn-0x60080e500029092400008d525605f996' /lib/udev/rules.d/60-persistent-storage.rules:73
Apr 14 10:10:06 ICTM1612S02H1 systemd-udevd[3145]: created db file '/run/udev/data/b65:208' for '/devices/platform/host16/session1/target16:0:0/16:0:0:4/block/sdad'
Apr 14 10:10:06 ICTM1612S02H1 systemd-udevd[3073]: IMPORT 'probe-bcache -o udev /dev/sdao' /lib/udev/rules.d/69-bcache.rules:16
Apr 14 10:10:06 ICTM1612S02H1 systemd-udevd[3127]: LINK 'disk/by-id/scsi-360080e50003415e6000014775605f7d5' /lib/udev/rules.d/60-persistent-storage.rules:36
Apr 14 10:10:06 ICTM1612S02H1 systemd-udevd[1486]: seq 5236 queued, 'add' 'scsi'
Apr 14 10:10:06 ICTM1612S02H1 systemd-udevd[3131]: LINK 'disk/by-id/scsi-360080e500029092400008d545605f9a0' /lib/udev/rules.d/60-persistent-storage.rules:36
Apr 14 10:10:06 ICTM1612S02H1 systemd-udevd[3102]: seq 5233 processed
Apr 14 10:10:06 ICTM1612S02H1 systemd-udevd[3236]: IMPORT builtin 'path_id' /lib/udev/rules.d/60-persistent-storage.rules:54
Apr 14 10:10:06 ICTM1612S02H1 systemd-udevd[3110]: Process '/usr/bin/sg_inq --export --page=sn /dev/sdat' succeeded.
Apr 14 10:10:06 ICTM1612S02H1 systemd-udevd[3090]: seq 5234 processed
Apr 14 10:10:06 ICTM1612S02H1 systemd-udevd[3113]: value '[dmi/id]sys_vendor' is 'Dell Inc.'
Apr 14 10:10:06 ICTM1612S02H1 systemd-udevd[3679]: starting 'probe-bcache -o udev /dev/sdai'
Apr 14 10:10:06 ICTM1612S02H1 systemd-udevd[3109]: passed device to netlink monitor 0x56511475aeb0
Apr 14 10:10:06 ICTM1612S02H1 systemd[1]: dev-disk-by\x2did-scsi\x2dSNETAPP_INF\x2d01\x2d00_SR21500247.device: Dev dev-disk-by\x2did-scsi\x2dSNETAPP_INF\x2d01\x2d00_SR21500247.device appeared twice with different sysfs paths /sys/devices/platform/host16/session1/target16:0:0/16:0:0:0/block/sdb and /sys/devices/platform/host16/session1/target16:0:0/16:0:0:4/block/sdad
Apr 14 10:10:06 ICTM1612S02H1 systemd-udevd[3146]: LINK 'disk/by-path/ip-fe80:0000:0000:0000:0192:0012:0021:0114:3260-iscsi-iqn.1992-08.com.netapp:2752.60080e500034153e0000000054dd6c63-lun-139' /lib/udev/rules.d/60-persistent-storage.rules:55
Apr 14 10:10:06 ICTM1612S02H1 systemd-udevd[1486]: passed 211 byte device to netlink monitor 0x565114712ae0
Apr 14 10:10:06 ICTM1612S02H1 systemd-udevd[3123]: seq 5236 running
Apr 14 10:10:06 ICTM1612S02H1 systemd-udevd[3131]: IMPORT builtin 'path_id' /lib/udev/rules.d/60-persistent-storage.rules:54
Apr 14 10:10:06 ICTM1612S02H1 systemd-udevd[3145]: passed device to netlink monitor 0x56511477ed60
Apr 14 10:10:06 ICTM1612S02H1 systemd-udevd[3110]: IMPORT '/usr/bin/sg_inq --export --page=di /dev/sdat' /lib/udev/rules.d/55-scsi-sg3_id.rules:21
Apr 14 10:10:06 ICTM1612S02H1 systemd-udevd[3113]: IMPORT builtin 'hwdb' /lib/udev/rules.d/50-udev-default.rules:15
Apr 14 10:10:06 ICTM1612S02H1 systemd-udevd[3680]: starting 'probe-bcache -o udev /dev/sdao'
Apr 14 10:10:06 ICTM1612S02H1 systemd-udevd[3109]: seq 5228 processed
Apr 14 10:10:06 ICTM1612S02H1 systemd-udevd[3127]: IMPORT builtin 'path_id' /lib/udev/rules.d/60-persistent-storage.rules:54
Apr 14 10:10:06 ICTM1612S02H1 systemd-udevd[3146]: IMPORT builtin 'blkid' /lib/udev/rules.d/60-persistent-storage.rules:66
Apr 14 10:10:06 ICTM1612S02H1 systemd-udevd[3236]: LINK 'disk/by-path/ip-fe80:0000:0000:0000:0192:0012:0021:0114:3260-iscsi-iqn.1992-08.com.netapp:2752.60080e500034153e0000000054dd6c63-lun-138' /lib/udev/rules.d/60-persistent-storage.rules:55
Apr 14 10:10:06 ICTM1612S02H1 systemd-udevd[1486]: seq 5237 queued, 'add' 'scsi_disk'
Apr 14 10:10:06 ICTM1612S02H1 systemd-udevd[3145]: seq 5123 processed
Apr 14 10:10:06 ICTM1612S02H1 systemd-udevd[3113]: IMPORT builtin 'hwdb' returned non-zero
Apr 14 10:10:06 ICTM1612S02H1 systemd-udevd[3236]: IMPORT builtin 'blkid' /lib/udev/rules.d/60-persistent-storage.rules:66
Apr 14 10:10:06 ICTM1612S02H1 systemd-udevd[1486]: passed 196 byte device to netlink monitor 0x565114712ae0
Apr 14 10:10:06 ICTM1612S02H1 systemd-udevd[3123]: value '[dmi/id]sys_vendor' is 'Dell Inc.'
Apr 14 10:10:06 ICTM1612S02H1 systemd-udevd[3113]: path '[module/sg](null)' is '/sys/module/sg'
Apr 14 10:10:06 ICTM1612S02H1 systemd-udevd[3113]: RUN 'kmod load $env{MODALIAS}' /lib/udev/rules.d/80-drivers.rules:5
Apr 14 10:10:06 ICTM1612S02H1 systemd-udevd[1486]: passed 200 byte device to netlink monitor 0x565114712ae0
Apr 14 10:10:06 ICTM1612S02H1 systemd-udevd[3102]: seq 5229 running
Apr 14 10:10:06 ICTM1612S02H1 systemd-udevd[3090]: seq 5230 running
Apr 14 10:10:06 ICTM1612S02H1 systemd-udevd[3236]: probe /dev/sdbc raid offset=0
Apr 14 10:10:06 ICTM1612S02H1 systemd-udevd[3113]: Execute 'load' 'scsi:t-0x00'
Apr 14 10:10:06 ICTM1612S02H1 systemd-udevd[3131]: LINK 'disk/by-path/ip-fe80:0000:0000:0000:0192:0012:0021:0111:3260-iscsi-iqn.1992-08.com.netapp:5504.60080e5000290924000000005525f5de-lun-5' /lib/udev/rules.d/60-persistent-storage.rules:55
Apr 14 10:10:06 ICTM1612S02H1 systemd-udevd[1486]: passed 232 byte device to netlink monitor 0x565114712ae0
Apr 14 10:10:06 ICTM1612S02H1 systemd-udevd[1486]: passed 232 byte device to netlink monitor 0x565114712ae0
Apr 14 10:10:06 ICTM1612S02H1 systemd-udevd[3681]: starting '/usr/bin/sg_inq --export --page=di /dev/sdat'
Apr 14 10:10:06 ICTM1612S02H1 systemd[1]: dev-disk-by\x2dpath-ip\x2dfe80:0000:0000:0000:0192:0012:0021:0111:3260\x2discsi\x2diqn.1992\x2d08.com.netapp:5504.60080e5000290924000000005525f5de\x2dlun\x2d4.device: Changed dead -> plugged
Apr 14 10:10:06 ICTM1612S02H1 systemd-udevd[3113]: No module matches 'scsi:t-0x00'
Apr 14 10:10:06 ICTM1612S02H1 systemd-udevd[3131]: IMPORT builtin 'blkid' /lib/udev/rules.d/60-persistent-storage.rules:66
Apr 14 10:10:06 ICTM1612S02H1 systemd-udevd[3123]: value '[dmi/id]sys_vendor' is 'Dell Inc.'
Apr 14 10:10:06 ICTM1612S02H1 systemd-udevd[3146]: probe /dev/sdbj raid offset=0
Apr 14 10:10:06 ICTM1612S02H1 systemd-udevd[3138]: seq 5231 running
Apr 14 10:10:06 ICTM1612S02H1 systemd-udevd[3112]: seq 5232 running
Apr 14 10:10:06 ICTM1612S02H1 systemd-udevd[1486]: seq 5238 queued, 'add' 'scsi_device'
Apr 14 10:10:06 ICTM1612S02H1 systemd[1]: dev-disk-by\x2did-wwn\x2d0x60080e5000290b5400008a315605fd95.device: Changed dead -> plugged
Apr 14 10:10:06 ICTM1612S02H1 systemd-udevd[3113]: passed device to netlink monitor 0x565114729780
Apr 14 10:10:06 ICTM1612S02H1 systemd-udevd[1486]: seq 5239 queued, 'add' 'scsi_disk'
Apr 14 10:10:06 ICTM1612S02H1 systemd[1]: dev-disk-by\x2did-scsi\x2d360080e5000290b5400008a315605fd95.device: Changed dead -> plugged
Apr 14 10:10:06 ICTM1612S02H1 systemd-udevd[3131]: probe /dev/sdas raid offset=0
Apr 14 10:10:06 ICTM1612S02H1 systemd-udevd[3113]: seq 5235 processed
Apr 14 10:10:06 ICTM1612S02H1 systemd-udevd[3123]: IMPORT builtin 'hwdb' /lib/udev/rules.d/50-udev-default.rules:15
Apr 14 10:10:06 ICTM1612S02H1 systemd-udevd[3127]: LINK 'disk/by-path/ip-fe80:0000:0000:0000:0192:0012:0021:0113:3260-iscsi-iqn.1992-08.com.netapp:2752.60080e500034153e0000000054dd6c63-lun-140' /lib/udev/rules.d/60-persistent-storage.rules:55
Apr 14 10:10:06 ICTM1612S02H1 systemd[1]: dev-sdad.device: Changed dead -> plugged
Apr 14 10:10:06 ICTM1612S02H1 systemd-udevd[1486]: seq 5240 queued, 'add' 'scsi_device'
Apr 14 10:10:06 ICTM1612S02H1 systemd-udevd[3127]: IMPORT builtin 'blkid' /lib/udev/rules.d/60-persistent-storage.rules:66
Apr 14 10:10:06 ICTM1612S02H1 systemd[1]: sys-devices-platform-host16-session1-target16:0:0-16:0:0:4-block-sdad.device: Changed dead -> plugged
Apr 14 10:10:06 ICTM1612S02H1 systemd-udevd[3123]: IMPORT builtin 'hwdb' returned non-zero
Apr 14 10:10:06 ICTM1612S02H1 systemd-udevd[1486]: passed 196 byte device to netlink monitor 0x565114712ae0
Apr 14 10:10:06 ICTM1612S02H1 systemd-udevd[3145]: seq 5237 running
Apr 14 10:10:06 ICTM1612S02H1 systemd-udevd[3123]: path '[module/sg](null)' is '/sys/module/sg'
Apr 14 10:10:06 ICTM1612S02H1 systemd-udevd[1486]: passed 200 byte device to netlink monitor 0x565114712ae0
Apr 14 10:10:06 ICTM1612S02H1 systemd-udevd[3127]: probe /dev/sdbm raid offset=0
Apr 14 10:10:06 ICTM1612S02H1 systemd-udevd[3113]: seq 5238 running
Apr 14 10:10:06 ICTM1612S02H1 systemd[1]: Sent message type=signal sender=n/a destination=n/a object=/org/freedesktop/systemd1 interface=org.freedesktop.systemd1.Manager member=UnitNew cookie=137 reply_cookie=0 error=n/a
Apr 14 10:10:06 ICTM1612S02H1 systemd-udevd[3123]: RUN 'kmod load $env{MODALIAS}' /lib/udev/rules.d/80-drivers.rules:5
Apr 14 10:10:06 ICTM1612S02H1 systemd-udevd[3123]: Execute 'load' 'scsi:t-0x00'
Apr 14 10:10:06 ICTM1612S02H1 systemd[1]: Sent message type=signal sender=n/a destination=n/a object=/org/freedesktop/systemd1 interface=org.freedesktop.systemd1.Manager member=UnitNew cookie=138 reply_cookie=0 error=n/a
Apr 14 10:10:06 ICTM1612S02H1 systemd-udevd[3135]: Process 'probe-bcache -o udev /dev/sdai' succeeded.
Apr 14 10:10:06 ICTM1612S02H1 systemd-udevd[1486]: seq 5241 queued, 'add' 'scsi_generic'
Apr 14 10:10:06 ICTM1612S02H1 systemd-udevd[3123]: No module matches 'scsi:t-0x00'
Apr 14 10:10:06 ICTM1612S02H1 systemd-udevd[3139]: seq 5241 running
Apr 14 10:10:06 ICTM1612S02H1 systemd-udevd[3102]: value '[dmi/id]sys_vendor' is 'Dell Inc.'
Apr 14 10:10:06 ICTM1612S02H1 systemd-udevd[1486]: passed 232 byte device to netlink monitor 0x565114712ae0
Apr 14 10:10:06 ICTM1612S02H1 systemd-udevd[3123]: passed device to netlink monitor 0x565114758870
Apr 14 10:10:06 ICTM1612S02H1 systemd[1]: Sent message type=signal sender=n/a destination=n/a object=/org/freedesktop/systemd1 interface=org.freedesktop.systemd1.Manager member=UnitNew cookie=139 reply_cookie=0 error=n/a
Apr 14 10:10:06 ICTM1612S02H1 systemd-udevd[3090]: value '[dmi/id]sys_vendor' is 'Dell Inc.'
Apr 14 10:10:06 ICTM1612S02H1 systemd-udevd[3123]: seq 5236 processed
Apr 14 10:10:06 ICTM1612S02H1 systemd-udevd[1486]: seq 5242 queued, 'add' 'bsg'
Apr 14 10:10:06 ICTM1612S02H1 systemd[1]: Sent message type=signal sender=n/a destination=n/a object=/org/freedesktop/systemd1 interface=org.freedesktop.systemd1.Manager member=UnitNew cookie=140 reply_cookie=0 error=n/a
Apr 14 10:10:06 ICTM1612S02H1 systemd-udevd[3110]: '/usr/bin/sg_inq --export --page=di /dev/sdat'(out) 'SCSI_IDENT_LUN_NAA=60080e5000290b5400008a315605fd95'
Apr 14 10:10:06 ICTM1612S02H1 systemd-udevd[1486]: passed 232 byte device to netlink monitor 0x565114712ae0
Apr 14 10:10:06 ICTM1612S02H1 systemd[1]: Sent message type=signal sender=n/a destination=n/a object=/org/freedesktop/systemd1 interface=org.freedesktop.systemd1.Manager member=UnitNew cookie=141 reply_cookie=0 error=n/a
Apr 14 10:10:06 ICTM1612S02H1 systemd-udevd[3123]: seq 5239 running
Apr 14 10:10:06 ICTM1612S02H1 systemd-udevd[3124]: seq 5242 running
Apr 14 10:10:06 ICTM1612S02H1 systemd-udevd[3135]: ATTR '/sys/devices/platform/host17/session2/target17:0:0/17:0:0:4/block/sdai/queue/max_sectors_kb' writing '32767' /etc/udev/rules.d/99-largeio-udev.rules:1
Apr 14 10:10:06 ICTM1612S02H1 systemd-udevd[1486]: passed 196 byte device to netlink monitor 0x565114712ae0
Apr 14 10:10:06 ICTM1612S02H1 systemd-udevd[3110]: '/usr/bin/sg_inq --export --page=di /dev/sdat'(out) 'SCSI_IDENT_PORT_RELATIVE=2'
Apr 14 10:10:06 ICTM1612S02H1 systemd-udevd[3134]: seq 5240 running
Apr 14 10:10:06 ICTM1612S02H1 systemd-udevd[1486]: passed 200 byte device to netlink monitor 0x565114712ae0
Apr 14 10:10:06 ICTM1612S02H1 systemd-udevd[3118]: '/usr/bin/sg_inq --export --page=sn /dev/sdav'(out) 'SCSI_IDENT_SERIAL=SR21500107'
Apr 14 10:10:06 ICTM1612S02H1 systemd-udevd[1486]: seq 5243 queued, 'add' 'scsi_generic'
Apr 14 10:10:06 ICTM1612S02H1 systemd-udevd[3135]: handling device node '/dev/sdai', devnum=b66:32, mode=0660, uid=0, gid=6
Apr 14 10:10:06 ICTM1612S02H1 systemd-udevd[3118]: Process '/usr/bin/sg_inq --export --page=sn /dev/sdav' succeeded.
Apr 14 10:10:06 ICTM1612S02H1 systemd-udevd[3110]: Process '/usr/bin/sg_inq --export --page=di /dev/sdat' succeeded.
Apr 14 10:10:06 ICTM1612S02H1 systemd-udevd[1486]: passed 235 byte device to netlink monitor 0x565114712ae0
Apr 14 10:10:06 ICTM1612S02H1 systemd-udevd[3117]: seq 5243 running
Apr 14 10:10:06 ICTM1612S02H1 systemd-udevd[3135]: set permissions /dev/sdai, 060660, uid=0, gid=6
Apr 14 10:10:06 ICTM1612S02H1 systemd-udevd[3102]: value '[dmi/id]sys_vendor' is 'Dell Inc.'
Apr 14 10:10:06 ICTM1612S02H1 systemd-udevd[3118]: IMPORT '/usr/bin/sg_inq --export --page=di /dev/sdav' /lib/udev/rules.d/55-scsi-sg3_id.rules:21
Apr 14 10:10:06 ICTM1612S02H1 systemd-udevd[3110]: PROGRAM '/sbin/multipath -c /dev/sdat' /lib/udev/rules.d/56-dm-mpath-lvm.rules:21
Apr 14 10:10:06 ICTM1612S02H1 systemd-udevd[3090]: value '[dmi/id]sys_vendor' is 'Dell Inc.'
Apr 14 10:10:06 ICTM1612S02H1 systemd-udevd[1486]: seq 5244 queued, 'add' 'block'
Apr 14 10:10:06 ICTM1612S02H1 systemd-udevd[3135]: creating symlink '/dev/block/66:32' to '../sdai'
Apr 14 10:10:06 ICTM1612S02H1 systemd-udevd[3112]: value '[dmi/id]sys_vendor' is 'Dell Inc.'
Apr 14 10:10:06 ICTM1612S02H1 systemd-udevd[1486]: passed 229 byte device to netlink monitor 0x565114712ae0
Apr 14 10:10:06 ICTM1612S02H1 systemd-udevd[3144]: seq 5244 running
Apr 14 10:10:06 ICTM1612S02H1 systemd-udevd[3135]: found 'b65:208' claiming '/run/udev/links/\x2fdisk\x2fby-id\x2fscsi-360080e5000290b5400008a315605fd95'
Apr 14 10:10:06 ICTM1612S02H1 systemd-udevd[3102]: passed device to netlink monitor 0x5651147277a0
Apr 14 10:10:06 ICTM1612S02H1 systemd-udevd[1486]: seq 5245 queued, 'add' 'bsg'
Apr 14 10:10:06 ICTM1612S02H1 systemd-udevd[3073]: Process 'probe-bcache -o udev /dev/sdao' succeeded.
Apr 14 10:10:06 ICTM1612S02H1 systemd-udevd[3138]: value '[dmi/id]sys_vendor' is 'Dell Inc.'
Apr 14 10:10:06 ICTM1612S02H1 systemd-udevd[3102]: seq 5229 processed
Apr 14 10:10:06 ICTM1612S02H1 systemd-udevd[3090]: passed device to netlink monitor 0x565114726620
Apr 14 10:10:06 ICTM1612S02H1 systemd-udevd[3683]: starting '/usr/bin/sg_inq --export --page=di /dev/sdav'
Apr 14 10:10:06 ICTM1612S02H1 systemd-udevd[3109]: seq 5245 running
Apr 14 10:10:06 ICTM1612S02H1 systemd-udevd[3682]: starting '/sbin/multipath -c /dev/sdat'
Apr 14 10:10:06 ICTM1612S02H1 systemd-udevd[1486]: passed 232 byte device to netlink monitor 0x565114712ae0
Apr 14 10:10:06 ICTM1612S02H1 systemd-udevd[3090]: seq 5230 processed
Apr 14 10:10:06 ICTM1612S02H1 systemd-udevd[3130]: LINK 'disk/by-id/wwn-0x60080e500029092400008d525605f996' /lib/udev/rules.d/60-persistent-storage.rules:73
Apr 14 10:10:06 ICTM1612S02H1 systemd-udevd[1486]: seq 5246 queued, 'add' 'scsi'
Apr 14 10:10:06 ICTM1612S02H1 systemd-udevd[3130]: IMPORT 'probe-bcache -o udev /dev/sdah' /lib/udev/rules.d/69-bcache.rules:16
Apr 14 10:10:06 ICTM1612S02H1 systemd-udevd[3073]: ATTR '/sys/devices/platform/host18/session3/target18:0:0/18:0:0:3/block/sdao/queue/max_sectors_kb' writing '32767' /etc/udev/rules.d/99-largeio-udev.rules:1
Apr 14 10:10:06 ICTM1612S02H1 systemd-udevd[3112]: value '[dmi/id]sys_vendor' is 'Dell Inc.'
Apr 14 10:10:06 ICTM1612S02H1 systemd-udevd[3073]: handling device node '/dev/sdao', devnum=b66:128, mode=0660, uid=0, gid=6
Apr 14 10:10:06 ICTM1612S02H1 systemd-udevd[3145]: value '[dmi/id]sys_vendor' is 'Dell Inc.'
Apr 14 10:10:06 ICTM1612S02H1 systemd-udevd[3113]: value '[dmi/id]sys_vendor' is 'Dell Inc.'
Apr 14 10:10:06 ICTM1612S02H1 systemd-udevd[3124]: value '[dmi/id]sys_vendor' is 'Dell Inc.'
Apr 14 10:10:06 ICTM1612S02H1 systemd-udevd[3123]: value '[dmi/id]sys_vendor' is 'Dell Inc.'
Apr 14 10:10:06 ICTM1612S02H1 systemd-udevd[3139]: value '[dmi/id]sys_vendor' is 'Dell Inc.'
Apr 14 10:10:06 ICTM1612S02H1 systemd-udevd[3684]: starting 'probe-bcache -o udev /dev/sdah'
Apr 14 10:10:06 ICTM1612S02H1 systemd-udevd[3118]: '/usr/bin/sg_inq --export --page=di /dev/sdav'(out) 'SCSI_IDENT_LUN_NAA=60080e500029092400008d545605f9a0'
Apr 14 10:10:06 ICTM1612S02H1 systemd-udevd[3134]: value '[dmi/id]sys_vendor' is 'Dell Inc.'
Apr 14 10:10:06 ICTM1612S02H1 systemd-udevd[3144]: value '[dmi/id]sys_vendor' is 'Dell Inc.'
Apr 14 10:10:06 ICTM1612S02H1 systemd-udevd[3109]: value '[dmi/id]sys_vendor' is 'Dell Inc.'
Apr 14 10:10:06 ICTM1612S02H1 systemd-udevd[3110]: '/sbin/multipath -c /dev/sdat'(out) '/dev/sdat is not a valid multipath device path'
Apr 14 10:10:06 ICTM1612S02H1 systemd-udevd[1486]: passed 211 byte device to netlink monitor 0x565114712ae0
Apr 14 10:10:06 ICTM1612S02H1 systemd-udevd[1486]: seq 5247 queued, 'add' 'scsi_disk'
Apr 14 10:10:06 ICTM1612S02H1 systemd-udevd[3109]: value '[dmi/id]sys_vendor' is 'Dell Inc.'
Apr 14 10:10:06 ICTM1612S02H1 systemd-udevd[3135]: creating link '/dev/disk/by-id/scsi-360080e5000290b5400008a315605fd95' to '/dev/sdai'
Apr 14 10:10:06 ICTM1612S02H1 systemd-udevd[3073]: set permissions /dev/sdao, 060660, uid=0, gid=6
Apr 14 10:10:06 ICTM1612S02H1 systemd-udevd[3112]: handling device node '/dev/bsg/22:0:0:145', devnum=c249:102, mode=0600, uid=0, gid=0
Apr 14 10:10:06 ICTM1612S02H1 systemd-udevd[3117]: value '[dmi/id]sys_vendor' is 'Dell Inc.'
Apr 14 10:10:06 ICTM1612S02H1 systemd-udevd[3118]: '/usr/bin/sg_inq --export --page=di /dev/sdav'(out) 'SCSI_IDENT_PORT_RELATIVE=32770'
Apr 14 10:10:06 ICTM1612S02H1 systemd-udevd[3117]: value '[dmi/id]sys_vendor' is 'Dell Inc.'
Apr 14 10:10:06 ICTM1612S02H1 systemd-udevd[3145]: value '[dmi/id]sys_vendor' is 'Dell Inc.'
Apr 14 10:10:06 ICTM1612S02H1 systemd-udevd[3110]: Process '/sbin/multipath -c /dev/sdat' failed with exit code 1.
Apr 14 10:10:06 ICTM1612S02H1 systemd-udevd[3124]: value '[dmi/id]sys_vendor' is 'Dell Inc.'
Apr 14 10:10:06 ICTM1612S02H1 systemd-udevd[3123]: value '[dmi/id]sys_vendor' is 'Dell Inc.'
Apr 14 10:10:06 ICTM1612S02H1 systemd-udevd[3138]: value '[dmi/id]sys_vendor' is 'Dell Inc.'
Apr 14 10:10:06 ICTM1612S02H1 systemd-udevd[3139]: value '[dmi/id]sys_vendor' is 'Dell Inc.'
Apr 14 10:10:06 ICTM1612S02H1 systemd-udevd[3138]: GROUP 6 /lib/udev/rules.d/50-udev-default.rules:63
Apr 14 10:10:06 ICTM1612S02H1 systemd-udevd[3144]: value '[dmi/id]sys_vendor' is 'Dell Inc.'
Apr 14 10:10:06 ICTM1612S02H1 systemd-udevd[1486]: seq 5248 queued, 'add' 'scsi_device'
Apr 14 10:10:06 ICTM1612S02H1 systemd-udevd[3102]: seq 5246 running
Apr 14 10:10:06 ICTM1612S02H1 systemd-udevd[3135]: atomically replace '/dev/disk/by-id/scsi-360080e5000290b5400008a315605fd95'
Apr 14 10:10:06 ICTM1612S02H1 systemd-udevd[3109]: handling device node '/dev/bsg/21:0:0:142', devnum=c249:104, mode=0600, uid=0, gid=0
Apr 14 10:10:06 ICTM1612S02H1 systemd-udevd[3073]: creating symlink '/dev/block/66:128' to '../sdao'
Apr 14 10:10:06 ICTM1612S02H1 systemd-udevd[3112]: preserve permissions /dev/bsg/22:0:0:145, 020600, uid=0, gid=0
Apr 14 10:10:06 ICTM1612S02H1 systemd-udevd[3113]: value '[dmi/id]sys_vendor' is 'Dell Inc.'
Apr 14 10:10:06 ICTM1612S02H1 systemd-udevd[3118]: Process '/usr/bin/sg_inq --export --page=di /dev/sdav' succeeded.
Apr 14 10:10:06 ICTM1612S02H1 systemd-udevd[3117]: GROUP 6 /lib/udev/rules.d/50-udev-default.rules:63
Apr 14 10:10:06 ICTM1612S02H1 systemd-udevd[3110]: LINK 'disk/by-id/scsi-SNETAPP_INF-01-00_SR21500247' /lib/udev/rules.d/58-scsi-sg3_symlink.rules:12
Apr 14 10:10:06 ICTM1612S02H1 systemd-udevd[3145]: passed device to netlink monitor 0x56511477ed60
Apr 14 10:10:06 ICTM1612S02H1 systemd-udevd[3145]: seq 5237 processed
Apr 14 10:10:06 ICTM1612S02H1 systemd-udevd[3134]: value '[dmi/id]sys_vendor' is 'Dell Inc.'
Apr 14 10:10:06 ICTM1612S02H1 systemd-udevd[3123]: passed device to netlink monitor 0x565114758870
Apr 14 10:10:06 ICTM1612S02H1 systemd-udevd[3139]: GROUP 6 /lib/udev/rules.d/50-udev-default.rules:63
Apr 14 10:10:06 ICTM1612S02H1 systemd-udevd[3144]: GROUP 6 /lib/udev/rules.d/50-udev-default.rules:55
Apr 14 10:10:06 ICTM1612S02H1 systemd-udevd[3138]: handling device node '/dev/sg98', devnum=c21:98, mode=0660, uid=0, gid=6
Apr 14 10:10:06 ICTM1612S02H1 systemd-udevd[1486]: seq 5249 queued, 'add' 'scsi_generic'
Apr 14 10:10:06 ICTM1612S02H1 systemd-udevd[3109]: preserve permissions /dev/bsg/21:0:0:142, 020600, uid=0, gid=0
Apr 14 10:10:06 ICTM1612S02H1 systemd-udevd[3135]: found 'b65:176' claiming '/run/udev/links/\x2fdisk\x2fby-id\x2fscsi-SNETAPP_INF-01-00_SR21500107'
Apr 14 10:10:06 ICTM1612S02H1 systemd-udevd[3073]: found 'b65:80' claiming '/run/udev/links/\x2fdisk\x2fby-id\x2fscsi-360080e500029092400008d525605f996'
Apr 14 10:10:06 ICTM1612S02H1 systemd-udevd[3112]: creating symlink '/dev/char/249:102' to '../bsg/22:0:0:145'
Apr 14 10:10:06 ICTM1612S02H1 systemd-udevd[3102]: value '[dmi/id]sys_vendor' is 'Dell Inc.'
Apr 14 10:10:06 ICTM1612S02H1 systemd-udevd[3135]: found 'b65:80' claiming '/run/udev/links/\x2fdisk\x2fby-id\x2fscsi-SNETAPP_INF-01-00_SR21500107'
Apr 14 10:10:06 ICTM1612S02H1 systemd-udevd[3102]: value '[dmi/id]sys_vendor' is 'Dell Inc.'
Apr 14 10:10:06 ICTM1612S02H1 systemd-udevd[3117]: handling device node '/dev/sg100', devnum=c21:100, mode=0660, uid=0, gid=6
Apr 14 10:10:06 ICTM1612S02H1 systemd-udevd[3110]: LINK 'disk/by-id/scsi-360080e5000290b5400008a315605fd95' /lib/udev/rules.d/58-scsi-sg3_symlink.rules:15
Apr 14 10:10:06 ICTM1612S02H1 systemd-udevd[3110]: LINK 'disk/by-id/scsi-360080e5000290b5400008a315605fd95' /lib/udev/rules.d/60-persistent-storage.rules:36
Apr 14 10:10:06 ICTM1612S02H1 systemd-udevd[3123]: seq 5239 processed
Apr 14 10:10:06 ICTM1612S02H1 systemd-udevd[3134]: passed device to netlink monitor 0x565114719d90
Apr 14 10:10:06 ICTM1612S02H1 systemd-udevd[3139]: handling device node '/dev/sg99', devnum=c21:99, mode=0660, uid=0, gid=6
Apr 14 10:10:06 ICTM1612S02H1 systemd-udevd[3139]: set permissions /dev/sg99, 020660, uid=0, gid=6
Apr 14 10:10:06 ICTM1612S02H1 systemd-udevd[3138]: set permissions /dev/sg98, 020660, uid=0, gid=6
Apr 14 10:10:06 ICTM1612S02H1 systemd-udevd[3109]: creating symlink '/dev/char/249:104' to '../bsg/21:0:0:142'
Apr 14 10:10:06 ICTM1612S02H1 systemd-udevd[1486]: seq 5250 queued, 'add' 'bsg'
Apr 14 10:10:06 ICTM1612S02H1 systemd-udevd[1486]: seq 5251 queued, 'add' 'bdi'
Apr 14 10:10:06 ICTM1612S02H1 systemd-udevd[1486]: passed 139 byte device to netlink monitor 0x565114712ae0
Apr 14 10:10:06 ICTM1612S02H1 systemd-udevd[3113]: passed device to netlink monitor 0x565114729780
Apr 14 10:10:06 ICTM1612S02H1 systemd-udevd[3118]: PROGRAM '/sbin/multipath -c /dev/sdav' /lib/udev/rules.d/56-dm-mpath-lvm.rules:21
Apr 14 10:10:06 ICTM1612S02H1 systemd-udevd[3102]: IMPORT builtin 'hwdb' /lib/udev/rules.d/50-udev-default.rules:15
Apr 14 10:10:06 ICTM1612S02H1 systemd-udevd[3117]: set permissions /dev/sg100, 020660, uid=0, gid=6
Apr 14 10:10:06 ICTM1612S02H1 systemd-udevd[3117]: creating symlink '/dev/char/21:100' to '../sg100'
Apr 14 10:10:06 ICTM1612S02H1 systemd-udevd[3135]: found 'b8:208' claiming '/run/udev/links/\x2fdisk\x2fby-id\x2fscsi-SNETAPP_INF-01-00_SR21500107'
Apr 14 10:10:06 ICTM1612S02H1 systemd-udevd[3124]: handling device node '/dev/bsg/20:0:0:144', devnum=c249:103, mode=0600, uid=0, gid=0
Apr 14 10:10:06 ICTM1612S02H1 systemd-udevd[3110]: IMPORT builtin 'path_id' /lib/udev/rules.d/60-persistent-storage.rules:54
Apr 14 10:10:06 ICTM1612S02H1 systemd-udevd[3134]: seq 5240 processed
Apr 14 10:10:06 ICTM1612S02H1 systemd-udevd[3135]: found 'b8:224' claiming '/run/udev/links/\x2fdisk\x2fby-id\x2fscsi-SNETAPP_INF-01-00_SR21500107'
Apr 14 10:10:06 ICTM1612S02H1 systemd-udevd[3685]: starting '/sbin/multipath -c /dev/sdav'
Apr 14 10:10:06 ICTM1612S02H1 systemd-udevd[3144]: IMPORT '/usr/bin/sg_inq --export /dev/sdba' /lib/udev/rules.d/55-scsi-sg3_id.rules:10
Apr 14 10:10:06 ICTM1612S02H1 systemd-udevd[3109]: created empty file '/run/udev/data/c249:104' for '/devices/platform/host21/session6/target21:0:0/21:0:0:142/bsg/21:0:0:142'
Apr 14 10:10:06 ICTM1612S02H1 systemd-udevd[3130]: Process 'probe-bcache -o udev /dev/sdah' succeeded.
Apr 14 10:10:06 ICTM1612S02H1 systemd-udevd[3145]: seq 5251 running
Apr 14 10:10:06 ICTM1612S02H1 systemd-udevd[3112]: created empty file '/run/udev/data/c249:102' for '/devices/platform/host22/session7/target22:0:0/22:0:0:145/bsg/22:0:0:145'
Apr 14 10:10:06 ICTM1612S02H1 systemd-udevd[3113]: seq 5238 processed
Apr 14 10:10:06 ICTM1612S02H1 systemd-udevd[1486]: seq 5252 queued, 'add' 'bdi'
Apr 14 10:10:06 ICTM1612S02H1 systemd-udevd[3102]: IMPORT builtin 'hwdb' returned non-zero
Apr 14 10:10:06 ICTM1612S02H1 systemd-udevd[3090]: seq 5252 running
Apr 14 10:10:06 ICTM1612S02H1 systemd-udevd[3117]: created empty file '/run/udev/data/c21:100' for '/devices/platform/host21/session6/target21:0:0/21:0:0:142/scsi_generic/sg100'
Apr 14 10:10:06 ICTM1612S02H1 systemd-udevd[3117]: passed device to netlink monitor 0x56511473d340
Apr 14 10:10:06 ICTM1612S02H1 systemd-udevd[3139]: creating symlink '/dev/char/21:99' to '../sg99'
Apr 14 10:10:06 ICTM1612S02H1 systemd-udevd[3090]: value '[dmi/id]sys_vendor' is 'Dell Inc.'
Apr 14 10:10:06 ICTM1612S02H1 systemd-udevd[3109]: passed device to netlink monitor 0x56511475aeb0
Apr 14 10:10:06 ICTM1612S02H1 systemd-udevd[3135]: found 'b8:96' claiming '/run/udev/links/\x2fdisk\x2fby-id\x2fscsi-SNETAPP_INF-01-00_SR21500107'
Apr 14 10:10:06 ICTM1612S02H1 systemd-udevd[3112]: passed device to netlink monitor 0x565114760ca0
Apr 14 10:10:06 ICTM1612S02H1 systemd-udevd[3112]: seq 5232 processed
Apr 14 10:10:06 ICTM1612S02H1 systemd-udevd[3110]: LINK 'disk/by-path/ip-fe80:0000:0000:0000:0192:0012:0022:0111:3260-iscsi-iqn.1992-08.com.netapp:5504.60080e5000290924000000005525f5de-lun-4' /lib/udev/rules.d/60-persistent-storage.rules:55
Apr 14 10:10:06 ICTM1612S02H1 systemd-udevd[3130]: ATTR '/sys/devices/platform/host19/session4/target19:0:0/19:0:0:3/block/sdah/queue/max_sectors_kb' writing '32767' /etc/udev/rules.d/99-largeio-udev.rules:1
Apr 14 10:10:06 ICTM1612S02H1 systemd-udevd[3073]: found 'b8:240' claiming '/run/udev/links/\x2fdisk\x2fby-id\x2fscsi-360080e500029092400008d525605f996'
Apr 14 10:10:06 ICTM1612S02H1 systemd-udevd[3102]: path '[module/sg](null)' is '/sys/module/sg'
Apr 14 10:10:06 ICTM1612S02H1 systemd-udevd[3145]: value '[dmi/id]sys_vendor' is 'Dell Inc.'
Apr 14 10:10:06 ICTM1612S02H1 systemd-udevd[3124]: preserve permissions /dev/bsg/20:0:0:144, 020600, uid=0, gid=0
Apr 14 10:10:06 ICTM1612S02H1 systemd-udevd[3124]: creating symlink '/dev/char/249:103' to '../bsg/20:0:0:144'
Apr 14 10:10:06 ICTM1612S02H1 systemd-udevd[3686]: starting '/usr/bin/sg_inq --export /dev/sdba'
Apr 14 10:10:06 ICTM1612S02H1 systemd-udevd[3073]: creating link '/dev/disk/by-id/scsi-360080e500029092400008d525605f996' to '/dev/sdao'
Apr 14 10:10:06 ICTM1612S02H1 systemd-udevd[3139]: created empty file '/run/udev/data/c21:99' for '/devices/platform/host20/session5/target20:0:0/20:0:0:144/scsi_generic/sg99'
Apr 14 10:10:06 ICTM1612S02H1 systemd-udevd[3139]: passed device to netlink monitor 0x565114779240
Apr 14 10:10:06 ICTM1612S02H1 systemd-udevd[3090]: value '[dmi/id]sys_vendor' is 'Dell Inc.'
Apr 14 10:10:06 ICTM1612S02H1 systemd-udevd[1486]: passed 138 byte device to netlink monitor 0x565114712ae0
Apr 14 10:10:06 ICTM1612S02H1 systemd-udevd[3090]: passed device to netlink monitor 0x565114726620
Apr 14 10:10:06 ICTM1612S02H1 systemd-udevd[3135]: found 'b8:32' claiming '/run/udev/links/\x2fdisk\x2fby-id\x2fscsi-SNETAPP_INF-01-00_SR21500107'
Apr 14 10:10:06 ICTM1612S02H1 systemd-udevd[3130]: handling device node '/dev/sdah', devnum=b66:16, mode=0660, uid=0, gid=6
Apr 14 10:10:06 ICTM1612S02H1 systemd-udevd[3102]: RUN 'kmod load $env{MODALIAS}' /lib/udev/rules.d/80-drivers.rules:5
Apr 14 10:10:06 ICTM1612S02H1 systemd-udevd[3102]: Execute 'load' 'scsi:t-0x00'
Apr 14 10:10:06 ICTM1612S02H1 systemd-udevd[3145]: value '[dmi/id]sys_vendor' is 'Dell Inc.'
Apr 14 10:10:06 ICTM1612S02H1 systemd-udevd[3124]: created empty file '/run/udev/data/c249:103' for '/devices/platform/host20/session5/target20:0:0/20:0:0:144/bsg/20:0:0:144'
Apr 14 10:10:06 ICTM1612S02H1 systemd-udevd[3124]: passed device to netlink monitor 0x565114744010
Apr 14 10:10:06 ICTM1612S02H1 systemd-udevd[3073]: atomically replace '/dev/disk/by-id/scsi-360080e500029092400008d525605f996'
Apr 14 10:10:06 ICTM1612S02H1 systemd-udevd[3139]: seq 5241 processed
Apr 14 10:10:06 ICTM1612S02H1 systemd-udevd[3109]: seq 5245 processed
Apr 14 10:10:06 ICTM1612S02H1 systemd-udevd[3090]: seq 5252 processed
Apr 14 10:10:06 ICTM1612S02H1 systemd-udevd[3110]: IMPORT builtin 'blkid' /lib/udev/rules.d/60-persistent-storage.rules:66
Apr 14 10:10:06 ICTM1612S02H1 systemd-udevd[1486]: seq 5253 queued, 'add' 'scsi'
Apr 14 10:10:06 ICTM1612S02H1 systemd-udevd[3130]: set permissions /dev/sdah, 060660, uid=0, gid=6
Apr 14 10:10:06 ICTM1612S02H1 systemd-udevd[3117]: seq 5243 processed
Apr 14 10:10:06 ICTM1612S02H1 systemd-udevd[3102]: No module matches 'scsi:t-0x00'
Apr 14 10:10:06 ICTM1612S02H1 systemd-udevd[3135]: found 'b8:80' claiming '/run/udev/links/\x2fdisk\x2fby-id\x2fscsi-SNETAPP_INF-01-00_SR21500107'
Apr 14 10:10:06 ICTM1612S02H1 systemd-udevd[3145]: passed device to netlink monitor 0x56511477ed60
Apr 14 10:10:06 ICTM1612S02H1 systemd-udevd[3138]: creating symlink '/dev/char/21:98' to '../sg98'
Apr 14 10:10:06 ICTM1612S02H1 systemd-udevd[3124]: seq 5242 processed
Apr 14 10:10:06 ICTM1612S02H1 systemd-udevd[3073]: found 'b65:176' claiming '/run/udev/links/\x2fdisk\x2fby-id\x2fscsi-SNETAPP_INF-01-00_SR21500107'
Apr 14 10:10:06 ICTM1612S02H1 systemd-udevd[3135]: creating link '/dev/disk/by-id/scsi-SNETAPP_INF-01-00_SR21500107' to '/dev/sdai'
Apr 14 10:10:06 ICTM1612S02H1 systemd-udevd[3113]: seq 5253 running
Apr 14 10:10:06 ICTM1612S02H1 systemd-udevd[3130]: creating symlink '/dev/block/66:16' to '../sdah'
Apr 14 10:10:06 ICTM1612S02H1 systemd-udevd[3102]: passed device to netlink monitor 0x5651147277a0
Apr 14 10:10:06 ICTM1612S02H1 systemd-udevd[3073]: found 'b65:80' claiming '/run/udev/links/\x2fdisk\x2fby-id\x2fscsi-SNETAPP_INF-01-00_SR21500107'
Apr 14 10:10:06 ICTM1612S02H1 systemd-udevd[3110]: probe /dev/sdat raid offset=0
Apr 14 10:10:06 ICTM1612S02H1 systemd-udevd[3138]: created empty file '/run/udev/data/c21:98' for '/devices/platform/host22/session7/target22:0:0/22:0:0:145/scsi_generic/sg98'
Apr 14 10:10:06 ICTM1612S02H1 systemd-udevd[1486]: passed 209 byte device to netlink monitor 0x565114712ae0
Apr 14 10:10:06 ICTM1612S02H1 systemd-udevd[3135]: atomically replace '/dev/disk/by-id/scsi-SNETAPP_INF-01-00_SR21500107'
Apr 14 10:10:06 ICTM1612S02H1 systemd-udevd[3130]: found 'b66:128' claiming '/run/udev/links/\x2fdisk\x2fby-id\x2fscsi-360080e500029092400008d525605f996'
Apr 14 10:10:06 ICTM1612S02H1 systemd-udevd[3102]: seq 5246 processed
Apr 14 10:10:06 ICTM1612S02H1 systemd-udevd[3145]: seq 5251 processed
Apr 14 10:10:06 ICTM1612S02H1 systemd-udevd[3138]: passed device to netlink monitor 0x565114778170
Apr 14 10:10:06 ICTM1612S02H1 systemd-udevd[3135]: found 'b65:208' claiming '/run/udev/links/\x2fdisk\x2fby-id\x2fwwn-0x60080e5000290b5400008a315605fd95'
Apr 14 10:10:06 ICTM1612S02H1 systemd-udevd[1486]: seq 5254 queued, 'add' 'scsi_disk'
Apr 14 10:10:06 ICTM1612S02H1 systemd-udevd[1486]: passed 196 byte device to netlink monitor 0x565114712ae0
Apr 14 10:10:06 ICTM1612S02H1 systemd-udevd[3113]: value '[dmi/id]sys_vendor' is 'Dell Inc.'
Apr 14 10:10:06 ICTM1612S02H1 systemd-udevd[3138]: seq 5231 processed
Apr 14 10:10:06 ICTM1612S02H1 systemd-udevd[3135]: creating link '/dev/disk/by-id/wwn-0x60080e5000290b5400008a315605fd95' to '/dev/sdai'
Apr 14 10:10:06 ICTM1612S02H1 systemd-udevd[3073]: found 'b8:208' claiming '/run/udev/links/\x2fdisk\x2fby-id\x2fscsi-SNETAPP_INF-01-00_SR21500107'
Apr 14 10:10:06 ICTM1612S02H1 systemd-udevd[1486]: passed 200 byte device to netlink monitor 0x565114712ae0
Apr 14 10:10:06 ICTM1612S02H1 systemd-udevd[3145]: seq 5247 running
Apr 14 10:10:06 ICTM1612S02H1 systemd-udevd[3102]: seq 5248 running
Apr 14 10:10:06 ICTM1612S02H1 systemd-udevd[3113]: value '[dmi/id]sys_vendor' is 'Dell Inc.'
Apr 14 10:10:06 ICTM1612S02H1 systemd-udevd[3130]: found 'b65:80' claiming '/run/udev/links/\x2fdisk\x2fby-id\x2fscsi-360080e500029092400008d525605f996'
Apr 14 10:10:06 ICTM1612S02H1 systemd-udevd[3135]: atomically replace '/dev/disk/by-id/wwn-0x60080e5000290b5400008a315605fd95'
