Apr 14 10:10:06 ICTM1612S02H1 systemd-udevd[1486]: seq 4846 queued, 'add' 'scsi'
Apr 14 10:10:06 ICTM1612S02H1 systemd-udevd[3135]: seq 4846 running
Apr 14 10:10:06 ICTM1612S02H1 systemd-udevd[3102]: GROUP 6 /lib/udev/rules.d/50-udev-default.rules:63
Apr 14 10:10:06 ICTM1612S02H1 systemd-udevd[3126]: No module matches 'scsi:t-0x00'
Apr 14 10:10:06 ICTM1612S02H1 systemd-udevd[3073]: creating symlink '/dev/block/8:64' to '../sde'
Apr 14 10:10:06 ICTM1612S02H1 systemd-udevd[3102]: handling device node '/dev/sg36', devnum=c21:36, mode=0660, uid=0, gid=6
Apr 14 10:10:06 ICTM1612S02H1 systemd-udevd[3074]: passed device to netlink monitor 0x565114714100
Apr 14 10:10:06 ICTM1612S02H1 systemd-udevd[3135]: value '[dmi/id]sys_vendor' is 'Dell Inc.'
Apr 14 10:10:06 ICTM1612S02H1 systemd-udevd[1486]: passed 211 byte device to netlink monitor 0x565114712ae0
Apr 14 10:10:06 ICTM1612S02H1 systemd-udevd[3118]: seq 4840 processed
Apr 14 10:10:06 ICTM1612S02H1 systemd-udevd[3112]: Process 'probe-bcache -o udev /dev/sdd' succeeded.
Apr 14 10:10:06 ICTM1612S02H1 kernel: [ 56.421545] sd 16:0:0:16: Attached scsi generic sg170 type 0
Apr 14 10:10:06 ICTM1612S02H1 kernel: [ 56.421562] sd 22:0:0:156: [sdey] Write Protect is off
Apr 14 10:10:06 ICTM1612S02H1 systemd-udevd[3126]: passed device to netlink monitor 0x565114746ba0
Apr 14 10:10:06 ICTM1612S02H1 kernel: [ 56.421566] sd 22:0:0:156: [sdey] Mode Sense: 83 00 10 08
Apr 14 10:10:06 ICTM1612S02H1 systemd[1]: Sent message type=signal sender=n/a destination=n/a object=/org/freedesktop/systemd1 interface=org.freedesktop.systemd1.Manager member=UnitNew cookie=86 reply_cookie=0 error=n/a
Apr 14 10:10:06 ICTM1612S02H1 systemd-udevd[3102]: set permissions /dev/sg36, 020660, uid=0, gid=6
Apr 14 10:10:06 ICTM1612S02H1 systemd-udevd[3073]: found 'b8:16' claiming '/run/udev/links/\x2fdisk\x2fby-id\x2fscsi-360080e5000290b5400008a2d5605fd7e'
Apr 14 10:10:06 ICTM1612S02H1 systemd-udevd[3074]: seq 4838 processed
Apr 14 10:10:06 ICTM1612S02H1 systemd-udevd[3113]: value '[dmi/id]sys_vendor' is 'Dell Inc.'
Apr 14 10:10:06 ICTM1612S02H1 systemd-udevd[3135]: value '[dmi/id]sys_vendor' is 'Dell Inc.'
Apr 14 10:10:06 ICTM1612S02H1 systemd-udevd[1486]: seq 4847 queued, 'add' 'scsi_generic'
Apr 14 10:10:06 ICTM1612S02H1 systemd-udevd[3126]: seq 4843 processed
Apr 14 10:10:06 ICTM1612S02H1 systemd-udevd[3112]: RUN '/lib/udev/hdparm' /lib/udev/rules.d/85-hdparm.rules:1
Apr 14 10:10:06 ICTM1612S02H1 kernel: [ 56.422218] sd 19:0:0:13: [sdeo] Write cache: enabled, read cache: enabled, supports DPO and FUA
Apr 14 10:10:06 ICTM1612S02H1 kernel: [ 56.422235] sd 17:0:0:9: [sdcn] Attached SCSI disk
Apr 14 10:10:06 ICTM1612S02H1 systemd[1]: Sent message type=signal sender=n/a destination=n/a object=/org/freedesktop/systemd1 interface=org.freedesktop.systemd1.Manager member=UnitNew cookie=87 reply_cookie=0 error=n/a
Apr 14 10:10:06 ICTM1612S02H1 kernel: [ 56.422314] scsi 20:0:0:157: Direct-Access NETAPP INF-01-00 9825 PQ: 0 ANSI: 5
Apr 14 10:10:06 ICTM1612S02H1 kernel: [ 56.422323] sd 20:0:0:156: [sdff] 37748736 512-byte logical blocks: (19.3 GB/18.0 GiB)
Apr 14 10:10:06 ICTM1612S02H1 kernel: [ 56.422394] scsi 21:0:0:154: Direct-Access NETAPP INF-01-00 9825 PQ: 0 ANSI: 5
Apr 14 10:10:06 ICTM1612S02H1 kernel: [ 56.422423] sd 21:0:0:153: [sdfg] 37748736 512-byte logical blocks: (19.3 GB/18.0 GiB)
Apr 14 10:10:06 ICTM1612S02H1 kernel: [ 56.422628] sd 18:0:0:12: [sdex] Write Protect is off
Apr 14 10:10:06 ICTM1612S02H1 kernel: [ 56.422632] sd 18:0:0:12: [sdex] Mode Sense: 83 00 10 08
Apr 14 10:10:06 ICTM1612S02H1 kernel: [ 56.422656] sd 17:0:0:15: Attached scsi generic sg171 type 0
Apr 14 10:10:06 ICTM1612S02H1 systemd-udevd[3102]: creating symlink '/dev/char/21:36' to '../sg36'
Apr 14 10:10:06 ICTM1612S02H1 systemd-udevd[3135]: IMPORT builtin 'hwdb' /lib/udev/rules.d/50-udev-default.rules:15
Apr 14 10:10:06 ICTM1612S02H1 systemd-udevd[3073]: creating link '/dev/disk/by-id/scsi-360080e5000290b5400008a2d5605fd7e' to '/dev/sde'
Apr 14 10:10:06 ICTM1612S02H1 systemd-udevd[1486]: seq 4848 queued, 'add' 'scsi'
Apr 14 10:10:06 ICTM1612S02H1 systemd-udevd[3113]: handling device node '/dev/bsg/23:0:0:133', devnum=c249:40, mode=0600, uid=0, gid=0
Apr 14 10:10:06 ICTM1612S02H1 kernel: [ 56.423025] sd 23:0:0:154: Attached scsi generic sg172 type 0
Apr 14 10:10:06 ICTM1612S02H1 kernel: [ 56.423313] sd 18:0:0:13: [sdfh] 4194304 512-byte logical blocks: (2.15 GB/2.00 GiB)
Apr 14 10:10:06 ICTM1612S02H1 systemd[1]: Sent message type=signal sender=n/a destination=n/a object=/org/freedesktop/systemd1 interface=org.freedesktop.systemd1.Manager member=UnitNew cookie=88 reply_cookie=0 error=n/a
Apr 14 10:10:06 ICTM1612S02H1 systemd-udevd[3112]: ATTR '/sys/devices/platform/host16/session1/target16:0:0/16:0:0:1/block/sdd/queue/max_sectors_kb' writing '32767' /etc/udev/rules.d/99-largeio-udev.rules:1
Apr 14 10:10:06 ICTM1612S02H1 systemd-udevd[3102]: created empty file '/run/udev/data/c21:36' for '/devices/platform/host23/session8/target23:0:0/23:0:0:133/scsi_generic/sg36'
Apr 14 10:10:06 ICTM1612S02H1 systemd-udevd[3073]: atomically replace '/dev/disk/by-id/scsi-360080e5000290b5400008a2d5605fd7e'
Apr 14 10:10:06 ICTM1612S02H1 systemd-udevd[3135]: IMPORT builtin 'hwdb' returned non-zero
Apr 14 10:10:06 ICTM1612S02H1 systemd-udevd[1486]: passed 209 byte device to netlink monitor 0x565114712ae0
Apr 14 10:10:06 ICTM1612S02H1 systemd-udevd[3113]: preserve permissions /dev/bsg/23:0:0:133, 020600, uid=0, gid=0
Apr 14 10:10:06 ICTM1612S02H1 systemd-udevd[3130]: seq 4844 running
Apr 14 10:10:06 ICTM1612S02H1 systemd[1]: Sent message type=signal sender=n/a destination=n/a object=/org/freedesktop/systemd1 interface=org.freedesktop.systemd1.Manager member=UnitNew cookie=89 reply_cookie=0 error=n/a
Apr 14 10:10:06 ICTM1612S02H1 systemd-udevd[3112]: handling device node '/dev/sdd', devnum=b8:48, mode=0660, uid=0, gid=6
Apr 14 10:10:06 ICTM1612S02H1 systemd-udevd[3102]: passed device to netlink monitor 0x5651147277a0
Apr 14 10:10:06 ICTM1612S02H1 systemd-udevd[3073]: found 'b8:16' claiming '/run/udev/links/\x2fdisk\x2fby-id\x2fscsi-SNETAPP_INF-01-00_SR21500247'
Apr 14 10:10:06 ICTM1612S02H1 systemd-udevd[3135]: path '[module/sg](null)' is '/sys/module/sg'
Apr 14 10:10:06 ICTM1612S02H1 systemd-udevd[1486]: passed 196 byte device to netlink monitor 0x565114712ae0
Apr 14 10:10:06 ICTM1612S02H1 systemd-udevd[3113]: creating symlink '/dev/char/249:40' to '../bsg/23:0:0:133'
Apr 14 10:10:06 ICTM1612S02H1 systemd-udevd[3236]: seq 4848 running
Apr 14 10:10:06 ICTM1612S02H1 systemd-udevd[3073]: creating link '/dev/disk/by-id/scsi-SNETAPP_INF-01-00_SR21500247' to '/dev/sde'
Apr 14 10:10:06 ICTM1612S02H1 systemd[1]: Sent message type=signal sender=n/a destination=n/a object=/org/freedesktop/systemd1 interface=org.freedesktop.systemd1.Manager member=UnitNew cookie=90 reply_cookie=0 error=n/a
Apr 14 10:10:06 ICTM1612S02H1 systemd-udevd[3112]: set permissions /dev/sdd, 060660, uid=0, gid=6
Apr 14 10:10:06 ICTM1612S02H1 systemd-udevd[3102]: seq 4841 processed
Apr 14 10:10:06 ICTM1612S02H1 systemd-udevd[3135]: RUN 'kmod load $env{MODALIAS}' /lib/udev/rules.d/80-drivers.rules:5
Apr 14 10:10:06 ICTM1612S02H1 systemd-udevd[1486]: passed 200 byte device to netlink monitor 0x565114712ae0
Apr 14 10:10:06 ICTM1612S02H1 systemd-udevd[3074]: seq 4845 running
Apr 14 10:10:06 ICTM1612S02H1 systemd-udevd[3113]: created empty file '/run/udev/data/c249:40' for '/devices/platform/host23/session8/target23:0:0/23:0:0:133/bsg/23:0:0:133'
Apr 14 10:10:06 ICTM1612S02H1 systemd-udevd[3130]: value '[dmi/id]sys_vendor' is 'Dell Inc.'
Apr 14 10:10:06 ICTM1612S02H1 systemd-udevd[3073]: atomically replace '/dev/disk/by-id/scsi-SNETAPP_INF-01-00_SR21500247'
Apr 14 10:10:06 ICTM1612S02H1 systemd-udevd[3112]: creating symlink '/dev/block/8:48' to '../sdd'
Apr 14 10:10:06 ICTM1612S02H1 systemd-udevd[3135]: Execute 'load' 'scsi:t-0x00'
Apr 14 10:10:06 ICTM1612S02H1 systemd-udevd[1486]: passed 232 byte device to netlink monitor 0x565114712ae0
Apr 14 10:10:06 ICTM1612S02H1 systemd-udevd[3127]: seq 4847 running
Apr 14 10:10:06 ICTM1612S02H1 systemd-udevd[3236]: value '[dmi/id]sys_vendor' is 'Dell Inc.'
Apr 14 10:10:06 ICTM1612S02H1 systemd-udevd[3113]: passed device to netlink monitor 0x565114729780
Apr 14 10:10:06 ICTM1612S02H1 systemd-udevd[3073]: found 'b8:16' claiming '/run/udev/links/\x2fdisk\x2fby-id\x2fwwn-0x60080e5000290b5400008a2d5605fd7e'
Apr 14 10:10:06 ICTM1612S02H1 systemd-udevd[3130]: value '[dmi/id]sys_vendor' is 'Dell Inc.'
Apr 14 10:10:06 ICTM1612S02H1 systemd-udevd[3112]: creating link '/dev/disk/by-id/scsi-360080e500029092400008d505605f98b' to '/dev/sdd'
Apr 14 10:10:06 ICTM1612S02H1 systemd-udevd[3135]: No module matches 'scsi:t-0x00'
Apr 14 10:10:06 ICTM1612S02H1 systemd-udevd[3074]: value '[dmi/id]sys_vendor' is 'Dell Inc.'
Apr 14 10:10:06 ICTM1612S02H1 systemd-udevd[1486]: seq 4849 queued, 'add' 'bsg'
Apr 14 10:10:06 ICTM1612S02H1 systemd-udevd[3113]: seq 4842 processed
Apr 14 10:10:06 ICTM1612S02H1 systemd-udevd[3236]: value '[dmi/id]sys_vendor' is 'Dell Inc.'
Apr 14 10:10:06 ICTM1612S02H1 systemd-udevd[3112]: creating symlink '/dev/disk/by-id/scsi-360080e500029092400008d505605f98b' to '../../sdd'
Apr 14 10:10:06 ICTM1612S02H1 systemd-udevd[3135]: passed device to netlink monitor 0x56511476c140
Apr 14 10:10:06 ICTM1612S02H1 systemd-udevd[3130]: passed device to netlink monitor 0x565114760a80
Apr 14 10:10:06 ICTM1612S02H1 systemd-udevd[1486]: passed 231 byte device to netlink monitor 0x565114712ae0
Apr 14 10:10:06 ICTM1612S02H1 systemd-udevd[3118]: seq 4849 running
Apr 14 10:10:06 ICTM1612S02H1 systemd-udevd[3236]: IMPORT builtin 'hwdb' /lib/udev/rules.d/50-udev-default.rules:15
Apr 14 10:10:06 ICTM1612S02H1 systemd-udevd[3236]: IMPORT builtin 'hwdb' returned non-zero
Apr 14 10:10:06 ICTM1612S02H1 systemd-udevd[3073]: creating link '/dev/disk/by-id/wwn-0x60080e5000290b5400008a2d5605fd7e' to '/dev/sde'
Apr 14 10:10:06 ICTM1612S02H1 systemd-udevd[3236]: path '[module/sg](null)' is '/sys/module/sg'
Apr 14 10:10:06 ICTM1612S02H1 systemd-udevd[3112]: found 'b8:64' claiming '/run/udev/links/\x2fdisk\x2fby-id\x2fscsi-SNETAPP_INF-01-00_SR21500247'
Apr 14 10:10:06 ICTM1612S02H1 systemd-udevd[3130]: seq 4844 processed
Apr 14 10:10:06 ICTM1612S02H1 kernel: [ 56.423544] sd 23:0:0:148: [sddw] Attached SCSI disk
Apr 14 10:10:06 ICTM1612S02H1 kernel: [ 56.423592] scsi 18:0:0:14: Direct-Access NETAPP INF-01-00 9820 PQ: 0 ANSI: 5
Apr 14 10:10:06 ICTM1612S02H1 kernel: [ 56.423641] sd 22:0:0:156: [sdey] Write cache: enabled, read cache: enabled, supports DPO and FUA
Apr 14 10:10:06 ICTM1612S02H1 kernel: [ 56.423718] sd 19:0:0:9: [sdcx] Attached SCSI disk
Apr 14 10:10:06 ICTM1612S02H1 kernel: [ 56.423987] sd 23:0:0:152: [sdew] Write cache: enabled, read cache: enabled, supports DPO and FUA
Apr 14 10:10:06 ICTM1612S02H1 kernel: [ 56.424179] sd 20:0:0:155: [sdfc] Write Protect is off
Apr 14 10:10:06 ICTM1612S02H1 kernel: [ 56.424182] sd 20:0:0:155: [sdfc] Mode Sense: 83 00 10 08
Apr 14 10:10:06 ICTM1612S02H1 kernel: [ 56.424432] sd 21:0:0:152: [sdfa] Write Protect is off
Apr 14 10:10:06 ICTM1612S02H1 kernel: [ 56.424435] sd 21:0:0:152: [sdfa] Mode Sense: 83 00 10 08
Apr 14 10:10:06 ICTM1612S02H1 kernel: [ 56.424850] sd 16:0:0:15: [sdeu] Write Protect is off
Apr 14 10:10:06 ICTM1612S02H1 kernel: [ 56.424854] sd 16:0:0:15: [sdeu] Mode Sense: 83 00 10 08
Apr 14 10:10:06 ICTM1612S02H1 systemd-udevd[3127]: value '[dmi/id]sys_vendor' is 'Dell Inc.'
Apr 14 10:10:06 ICTM1612S02H1 systemd-udevd[1486]: seq 4850 queued, 'add' 'scsi_disk'
Apr 14 10:10:06 ICTM1612S02H1 systemd-udevd[1486]: seq 4851 queued, 'add' 'scsi_disk'
Apr 14 10:10:06 ICTM1612S02H1 systemd-udevd[3073]: atomically replace '/dev/disk/by-id/wwn-0x60080e5000290b5400008a2d5605fd7e'
Apr 14 10:10:06 ICTM1612S02H1 systemd-udevd[3135]: seq 4846 processed
Apr 14 10:10:06 ICTM1612S02H1 systemd-udevd[3236]: RUN 'kmod load $env{MODALIAS}' /lib/udev/rules.d/80-drivers.rules:5
Apr 14 10:10:06 ICTM1612S02H1 systemd-udevd[3236]: Execute 'load' 'scsi:t-0x00'
Apr 14 10:10:06 ICTM1612S02H1 systemd-udevd[3127]: value '[dmi/id]sys_vendor' is 'Dell Inc.'
Apr 14 10:10:06 ICTM1612S02H1 systemd-udevd[3112]: found 'b8:16' claiming '/run/udev/links/\x2fdisk\x2fby-id\x2fscsi-SNETAPP_INF-01-00_SR21500247'
Apr 14 10:10:06 ICTM1612S02H1 systemd-udevd[3074]: value '[dmi/id]sys_vendor' is 'Dell Inc.'
Apr 14 10:10:06 ICTM1612S02H1 systemd-udevd[1486]: seq 4852 queued, 'add' 'scsi_device'
Apr 14 10:10:06 ICTM1612S02H1 systemd-udevd[3073]: creating link '/dev/disk/by-path/ip-fe80:0000:0000:0000:0192:0012:0022:0111:3260-iscsi-iqn.1992-08.com.netapp:5504.60080e5000290924000000005525f5de-lun-0' to '/dev/sde'
Apr 14 10:10:06 ICTM1612S02H1 systemd-udevd[3118]: value '[dmi/id]sys_vendor' is 'Dell Inc.'
Apr 14 10:10:06 ICTM1612S02H1 systemd-udevd[3236]: No module matches 'scsi:t-0x00'
Apr 14 10:10:06 ICTM1612S02H1 systemd-udevd[3127]: GROUP 6 /lib/udev/rules.d/50-udev-default.rules:63
Apr 14 10:10:06 ICTM1612S02H1 systemd-udevd[3074]: passed device to netlink monitor 0x565114714100
Apr 14 10:10:06 ICTM1612S02H1 kernel: [ 56.424999] sd 20:0:0:150: [sddx] Attached SCSI disk
Apr 14 10:10:06 ICTM1612S02H1 kernel: [ 56.425084] sd 19:0:0:15: Attached scsi generic sg173 type 0
Apr 14 10:10:06 ICTM1612S02H1 kernel: [ 56.425330] scsi 23:0:0:155: Direct-Access NETAPP INF-01-00 9825 PQ: 0 ANSI: 5
Apr 14 10:10:06 ICTM1612S02H1 kernel: [ 56.425443] sd 23:0:0:154: [sdfk] 37748736 512-byte logical blocks: (19.3 GB/18.0 GiB)
Apr 14 10:10:06 ICTM1612S02H1 kernel: [ 56.425846] sd 20:0:0:157: Attached scsi generic sg174 type 0
Apr 14 10:10:06 ICTM1612S02H1 kernel: [ 56.426147] sd 20:0:0:155: [sdfc] Write cache: enabled, read cache: enabled, supports DPO and FUA
Apr 14 10:10:06 ICTM1612S02H1 systemd-udevd[3119]: LINK 'disk/by-id/wwn-0x60080e5000290b5400008a2d5605fd7e' /lib/udev/rules.d/60-persistent-storage.rules:73
Apr 14 10:10:06 ICTM1612S02H1 systemd-udevd[1486]: passed 196 byte device to netlink monitor 0x565114712ae0
Apr 14 10:10:06 ICTM1612S02H1 systemd-udevd[3135]: seq 4850 running
Apr 14 10:10:06 ICTM1612S02H1 systemd-udevd[3073]: creating symlink '/dev/disk/by-path/ip-fe80:0000:0000:0000:0192:0012:0022:0111:3260-iscsi-iqn.1992-08.com.netapp:5504.60080e5000290924000000005525f5de-lun-0' to '../../sde'
Apr 14 10:10:06 ICTM1612S02H1 systemd-udevd[3112]: creating link '/dev/disk/by-id/scsi-SNETAPP_INF-01-00_SR21500247' to '/dev/sdd'
Apr 14 10:10:06 ICTM1612S02H1 systemd-udevd[3118]: value '[dmi/id]sys_vendor' is 'Dell Inc.'
Apr 14 10:10:06 ICTM1612S02H1 systemd-udevd[3236]: passed device to netlink monitor 0x5651147839c0
Apr 14 10:10:06 ICTM1612S02H1 systemd-udevd[3074]: seq 4845 processed
Apr 14 10:10:06 ICTM1612S02H1 systemd-udevd[3127]: handling device node '/dev/sg37', devnum=c21:37, mode=0660, uid=0, gid=6
Apr 14 10:10:06 ICTM1612S02H1 systemd-udevd[1486]: passed 200 byte device to netlink monitor 0x565114712ae0
Apr 14 10:10:06 ICTM1612S02H1 systemd-udevd[3119]: IMPORT 'probe-bcache -o udev /dev/sdf' /lib/udev/rules.d/69-bcache.rules:16
Apr 14 10:10:06 ICTM1612S02H1 systemd-udevd[3130]: seq 4852 running
Apr 14 10:10:06 ICTM1612S02H1 systemd-udevd[3112]: atomically replace '/dev/disk/by-id/scsi-SNETAPP_INF-01-00_SR21500247'
Apr 14 10:10:06 ICTM1612S02H1 systemd-udevd[3073]: created db file '/run/udev/data/b8:64' for '/devices/platform/host19/session4/target19:0:0/19:0:0:0/block/sde'
Apr 14 10:10:06 ICTM1612S02H1 systemd-udevd[3236]: seq 4848 processed
Apr 14 10:10:06 ICTM1612S02H1 systemd-udevd[3127]: set permissions /dev/sg37, 020660, uid=0, gid=6
Apr 14 10:10:06 ICTM1612S02H1 systemd-udevd[3135]: value '[dmi/id]sys_vendor' is 'Dell Inc.'
Apr 14 10:10:06 ICTM1612S02H1 systemd-udevd[3118]: handling device node '/dev/bsg/21:0:0:133', devnum=c249:41, mode=0600, uid=0, gid=0
Apr 14 10:10:06 ICTM1612S02H1 systemd-udevd[1486]: seq 4853 queued, 'add' 'scsi_device'
Apr 14 10:10:06 ICTM1612S02H1 systemd-udevd[3112]: creating link '/dev/disk/by-id/wwn-0x60080e500029092400008d505605f98b' to '/dev/sdd'
Apr 14 10:10:06 ICTM1612S02H1 systemd-udevd[3130]: value '[dmi/id]sys_vendor' is 'Dell Inc.'
Apr 14 10:10:06 ICTM1612S02H1 systemd-udevd[3127]: creating symlink '/dev/char/21:37' to '../sg37'
Apr 14 10:10:06 ICTM1612S02H1 systemd-udevd[3118]: preserve permissions /dev/bsg/21:0:0:133, 020600, uid=0, gid=0
Apr 14 10:10:06 ICTM1612S02H1 systemd-udevd[3399]: starting 'probe-bcache -o udev /dev/sdf'
Apr 14 10:10:06 ICTM1612S02H1 systemd-udevd[3135]: value '[dmi/id]sys_vendor' is 'Dell Inc.'
Apr 14 10:10:06 ICTM1612S02H1 systemd-udevd[1486]: passed 192 byte device to netlink monitor 0x565114712ae0
Apr 14 10:10:06 ICTM1612S02H1 systemd-udevd[3112]: creating symlink '/dev/disk/by-id/wwn-0x60080e500029092400008d505605f98b' to '../../sdd'
Apr 14 10:10:06 ICTM1612S02H1 systemd-udevd[3236]: seq 4851 running
Apr 14 10:10:06 ICTM1612S02H1 systemd-udevd[3400]: starting '/lib/udev/hdparm'
Apr 14 10:10:06 ICTM1612S02H1 systemd-udevd[3130]: value '[dmi/id]sys_vendor' is 'Dell Inc.'
Apr 14 10:10:06 ICTM1612S02H1 systemd-udevd[3127]: created empty file '/run/udev/data/c21:37' for '/devices/platform/host21/session6/target21:0:0/21:0:0:133/scsi_generic/sg37'
Apr 14 10:10:06 ICTM1612S02H1 systemd-udevd[3127]: passed device to netlink monitor 0x565114765180
Apr 14 10:10:06 ICTM1612S02H1 kernel: [ 56.426435] sd 17:0:0:14: [sdfb] Write Protect is off
Apr 14 10:10:06 ICTM1612S02H1 kernel: [ 56.426439] sd 17:0:0:14: [sdfb] Mode Sense: 83 00 10 08
Apr 14 10:10:06 ICTM1612S02H1 kernel: [ 56.426469] sd 21:0:0:154: Attached scsi generic sg175 type 0
Apr 14 10:10:06 ICTM1612S02H1 kernel: [ 56.426580] sd 18:0:0:12: [sdex] Write cache: enabled, read cache: enabled, supports DPO and FUA
Apr 14 10:10:06 ICTM1612S02H1 kernel: [ 56.426598] sd 16:0:0:16: [sdfi] 4194304 512-byte logical blocks: (2.15 GB/2.00 GiB)
Apr 14 10:10:06 ICTM1612S02H1 kernel: [ 56.426880] scsi 16:0:0:17: Direct-Access NETAPP INF-01-00 9820 PQ: 0 ANSI: 5
Apr 14 10:10:06 ICTM1612S02H1 kernel: [ 56.427043] sd 17:0:0:15: [sdfj] 4194304 512-byte logical blocks: (2.15 GB/2.00 GiB)
Apr 14 10:10:06 ICTM1612S02H1 kernel: [ 56.427105] scsi 17:0:0:16: Direct-Access NETAPP INF-01-00 9820 PQ: 0 ANSI: 5
Apr 14 10:10:06 ICTM1612S02H1 kernel: [ 56.427187] sd 21:0:0:152: [sdfa] Write cache: enabled, read cache: enabled, supports DPO and FUA
Apr 14 10:10:06 ICTM1612S02H1 kernel: [ 56.427574] sd 23:0:0:153: [sdfd] Write Protect is off
Apr 14 10:10:06 ICTM1612S02H1 kernel: [ 56.427576] sd 23:0:0:153: [sdfd] Mode Sense: 83 00 10 08
Apr 14 10:10:06 ICTM1612S02H1 kernel: [ 56.427984] sd 18:0:0:8: [sdcs] Attached SCSI disk
Apr 14 10:10:06 ICTM1612S02H1 systemd-udevd[1486]: passed 196 byte device to netlink monitor 0x565114712ae0
Apr 14 10:10:06 ICTM1612S02H1 systemd-udevd[3074]: seq 4853 running
Apr 14 10:10:06 ICTM1612S02H1 systemd-udevd[3135]: passed device to netlink monitor 0x56511476c140
Apr 14 10:10:06 ICTM1612S02H1 systemd-udevd[3112]: creating link '/dev/disk/by-path/ip-fe80:0000:0000:0000:0192:0012:0021:0111:3260-iscsi-iqn.1992-08.com.netapp:5504.60080e5000290924000000005525f5de-lun-1' to '/dev/sdd'
Apr 14 10:10:06 ICTM1612S02H1 systemd-udevd[3127]: seq 4847 processed
Apr 14 10:10:06 ICTM1612S02H1 systemd-udevd[3118]: creating symlink '/dev/char/249:41' to '../bsg/21:0:0:133'
Apr 14 10:10:06 ICTM1612S02H1 systemd-udevd[3118]: created empty file '/run/udev/data/c249:41' for '/devices/platform/host21/session6/target21:0:0/21:0:0:133/bsg/21:0:0:133'
Apr 14 10:10:06 ICTM1612S02H1 systemd-udevd[1486]: seq 4854 queued, 'add' 'scsi_generic'
Apr 14 10:10:06 ICTM1612S02H1 systemd-udevd[3135]: seq 4850 processed
Apr 14 10:10:06 ICTM1612S02H1 systemd-udevd[3236]: value '[dmi/id]sys_vendor' is 'Dell Inc.'
Apr 14 10:10:06 ICTM1612S02H1 systemd-udevd[3112]: creating symlink '/dev/disk/by-path/ip-fe80:0000:0000:0000:0192:0012:0021:0111:3260-iscsi-iqn.1992-08.com.netapp:5504.60080e5000290924000000005525f5de-lun-1' to '../../sdd'
Apr 14 10:10:06 ICTM1612S02H1 systemd-udevd[3130]: passed device to netlink monitor 0x565114760a80
Apr 14 10:10:06 ICTM1612S02H1 systemd-udevd[3118]: passed device to netlink monitor 0x5651147290e0
Apr 14 10:10:06 ICTM1612S02H1 systemd-udevd[1486]: passed 232 byte device to netlink monitor 0x565114712ae0
Apr 14 10:10:06 ICTM1612S02H1 systemd-udevd[3074]: value '[dmi/id]sys_vendor' is 'Dell Inc.'
Apr 14 10:10:06 ICTM1612S02H1 systemd-udevd[3126]: seq 4854 running
Apr 14 10:10:06 ICTM1612S02H1 systemd-udevd[3236]: value '[dmi/id]sys_vendor' is 'Dell Inc.'
Apr 14 10:10:06 ICTM1612S02H1 systemd-udevd[3130]: seq 4852 processed
Apr 14 10:10:06 ICTM1612S02H1 systemd-udevd[3118]: seq 4849 processed
Apr 14 10:10:06 ICTM1612S02H1 systemd-udevd[3236]: passed device to netlink monitor 0x5651147839c0
Apr 14 10:10:06 ICTM1612S02H1 systemd-udevd[1486]: seq 4855 queued, 'add' 'bsg'
Apr 14 10:10:06 ICTM1612S02H1 systemd-udevd[3074]: value '[dmi/id]sys_vendor' is 'Dell Inc.'
Apr 14 10:10:06 ICTM1612S02H1 systemd-udevd[3112]: created db file '/run/udev/data/b8:48' for '/devices/platform/host16/session1/target16:0:0/16:0:0:1/block/sdd'
Apr 14 10:10:06 ICTM1612S02H1 systemd-udevd[3074]: passed device to netlink monitor 0x565114714100
Apr 14 10:10:06 ICTM1612S02H1 systemd-udevd[1486]: passed 231 byte device to netlink monitor 0x565114712ae0
Apr 14 10:10:06 ICTM1612S02H1 systemd-udevd[3135]: seq 4855 running
Apr 14 10:10:06 ICTM1612S02H1 systemd-udevd[3236]: seq 4851 processed
Apr 14 10:10:06 ICTM1612S02H1 systemd-udevd[3126]: value '[dmi/id]sys_vendor' is 'Dell Inc.'
Apr 14 10:10:06 ICTM1612S02H1 systemd-udevd[3074]: seq 4853 processed
Apr 14 10:10:06 ICTM1612S02H1 systemd-udevd[3402]: starting '/lib/udev/hdparm'
Apr 14 10:10:06 ICTM1612S02H1 kernel: [ 56.428257] sd 22:0:0:157: [sdfe] Write Protect is off
Apr 14 10:10:06 ICTM1612S02H1 kernel: [ 56.428259] sd 22:0:0:157: [sdfe] Mode Sense: 83 00 10 08
Apr 14 10:10:06 ICTM1612S02H1 kernel: [ 56.429105] sd 23:0:0:155: Attached scsi generic sg176 type 0
Apr 14 10:10:06 ICTM1612S02H1 systemd-udevd[1486]: seq 4856 queued, 'add' 'bdi'
Apr 14 10:10:06 ICTM1612S02H1 systemd-udevd[3126]: value '[dmi/id]sys_vendor' is 'Dell Inc.'
Apr 14 10:10:06 ICTM1612S02H1 systemd-udevd[1486]: passed 138 byte device to netlink monitor 0x565114712ae0
Apr 14 10:10:06 ICTM1612S02H1 systemd-udevd[3130]: seq 4856 running
Apr 14 10:10:06 ICTM1612S02H1 systemd-udevd[1486]: seq 4857 queued, 'add' 'scsi_generic'
Apr 14 10:10:06 ICTM1612S02H1 systemd-udevd[3126]: GROUP 6 /lib/udev/rules.d/50-udev-default.rules:63
Apr 14 10:10:06 ICTM1612S02H1 systemd-udevd[3135]: value '[dmi/id]sys_vendor' is 'Dell Inc.'
Apr 14 10:10:06 ICTM1612S02H1 systemd-udevd[1486]: passed 230 byte device to netlink monitor 0x565114712ae0
Apr 14 10:10:06 ICTM1612S02H1 systemd-udevd[3236]: seq 4857 running
Apr 14 10:10:06 ICTM1612S02H1 systemd-udevd[3130]: value '[dmi/id]sys_vendor' is 'Dell Inc.'
Apr 14 10:10:06 ICTM1612S02H1 systemd-udevd[3068]: LINK 'disk/by-id/wwn-0x60080e5000290b5400008a2d5605fd7e' /lib/udev/rules.d/60-persistent-storage.rules:73
Apr 14 10:10:06 ICTM1612S02H1 systemd-udevd[3119]: Process 'probe-bcache -o udev /dev/sdf' succeeded.
Apr 14 10:10:06 ICTM1612S02H1 systemd-udevd[3126]: handling device node '/dev/sg38', devnum=c21:38, mode=0660, uid=0, gid=6
Apr 14 10:10:06 ICTM1612S02H1 systemd-udevd[3068]: IMPORT 'probe-bcache -o udev /dev/sdc' /lib/udev/rules.d/69-bcache.rules:16
Apr 14 10:10:06 ICTM1612S02H1 systemd-udevd[1486]: seq 4858 queued, 'add' 'bsg'
Apr 14 10:10:06 ICTM1612S02H1 systemd-udevd[1486]: passed 225 byte device to netlink monitor 0x565114712ae0
Apr 14 10:10:06 ICTM1612S02H1 systemd-udevd[3074]: seq 4858 running
Apr 14 10:10:06 ICTM1612S02H1 systemd-udevd[3135]: value '[dmi/id]sys_vendor' is 'Dell Inc.'
Apr 14 10:10:06 ICTM1612S02H1 systemd-udevd[3119]: RUN '/lib/udev/hdparm' /lib/udev/rules.d/85-hdparm.rules:1
Apr 14 10:10:06 ICTM1612S02H1 systemd-udevd[3236]: value '[dmi/id]sys_vendor' is 'Dell Inc.'
Apr 14 10:10:06 ICTM1612S02H1 systemd-udevd[3130]: value '[dmi/id]sys_vendor' is 'Dell Inc.'
Apr 14 10:10:06 ICTM1612S02H1 systemd-udevd[3126]: set permissions /dev/sg38, 020660, uid=0, gid=6
Apr 14 10:10:06 ICTM1612S02H1 systemd-udevd[3126]: creating symlink '/dev/char/21:38' to '../sg38'
Apr 14 10:10:06 ICTM1612S02H1 systemd-udevd[3126]: created empty file '/run/udev/data/c21:38' for '/devices/platform/host22/session7/target22:0:0/22:0:0:134/scsi_generic/sg38'
Apr 14 10:10:06 ICTM1612S02H1 systemd-udevd[3411]: starting 'probe-bcache -o udev /dev/sdc'
Apr 14 10:10:06 ICTM1612S02H1 systemd-udevd[3236]: value '[dmi/id]sys_vendor' is 'Dell Inc.'
Apr 14 10:10:06 ICTM1612S02H1 systemd-udevd[3130]: passed device to netlink monitor 0x565114760a80
Apr 14 10:10:06 ICTM1612S02H1 systemd-udevd[3236]: GROUP 6 /lib/udev/rules.d/50-udev-default.rules:63
Apr 14 10:10:06 ICTM1612S02H1 systemd-udevd[3135]: handling device node '/dev/bsg/22:0:0:134', devnum=c249:42, mode=0600, uid=0, gid=0
Apr 14 10:10:06 ICTM1612S02H1 systemd-udevd[3236]: handling device node '/dev/sg39', devnum=c21:39, mode=0660, uid=0, gid=6
Apr 14 10:10:06 ICTM1612S02H1 systemd-udevd[3119]: ATTR '/sys/devices/platform/host18/session3/target18:0:0/18:0:0:0/block/sdf/queue/max_sectors_kb' writing '32767' /etc/udev/rules.d/99-largeio-udev.rules:1
Apr 14 10:10:06 ICTM1612S02H1 systemd-udevd[3145]: LINK 'disk/by-id/wwn-0x60080e5000290b5400008a2f5605fd8a' /lib/udev/rules.d/60-persistent-storage.rules:73
Apr 14 10:10:06 ICTM1612S02H1 systemd-udevd[3130]: seq 4856 processed
Apr 14 10:10:06 ICTM1612S02H1 systemd-udevd[3145]: IMPORT 'probe-bcache -o udev /dev/sdh' /lib/udev/rules.d/69-bcache.rules:16
Apr 14 10:10:06 ICTM1612S02H1 kernel: [ 56.429603] sd 20:0:0:157: [sdfm] 37748736 512-byte logical blocks: (19.3 GB/18.0 GiB)
Apr 14 10:10:06 ICTM1612S02H1 kernel: [ 56.429810] sd 19:0:0:14: [sdez] Write Protect is off
Apr 14 10:10:06 ICTM1612S02H1 kernel: [ 56.429813] sd 19:0:0:14: [sdez] Mode Sense: 83 00 10 08
Apr 14 10:10:06 ICTM1612S02H1 kernel: [ 56.429899] sd 21:0:0:154: [sdfn] 37748736 512-byte logical blocks: (19.3 GB/18.0 GiB)
Apr 14 10:10:06 ICTM1612S02H1 kernel: [ 56.429955] sd 16:0:0:15: [sdeu] Write cache: enabled, read cache: enabled, supports DPO and FUA
Apr 14 10:10:06 ICTM1612S02H1 kernel: [ 56.430003] scsi 21:0:0:155: Direct-Access NETAPP INF-01-00 9825 PQ: 0 ANSI: 5
Apr 14 10:10:06 ICTM1612S02H1 kernel: [ 56.430015] sd 23:0:0:153: [sdfd] Write cache: enabled, read cache: enabled, supports DPO and FUA
Apr 14 10:10:06 ICTM1612S02H1 kernel: [ 56.430028] sd 18:0:0:14: Attached scsi generic sg177 type 0
Apr 14 10:10:06 ICTM1612S02H1 systemd-udevd[3074]: value '[dmi/id]sys_vendor' is 'Dell Inc.'
Apr 14 10:10:06 ICTM1612S02H1 systemd-udevd[3135]: preserve permissions /dev/bsg/22:0:0:134, 020600, uid=0, gid=0
Apr 14 10:10:06 ICTM1612S02H1 systemd-udevd[3074]: value '[dmi/id]sys_vendor' is 'Dell Inc.'
Apr 14 10:10:06 ICTM1612S02H1 systemd-udevd[3236]: set permissions /dev/sg39, 020660, uid=0, gid=6
Apr 14 10:10:06 ICTM1612S02H1 systemd-udevd[3119]: handling device node '/dev/sdf', devnum=b8:80, mode=0660, uid=0, gid=6
Apr 14 10:10:06 ICTM1612S02H1 systemd-udevd[1486]: seq 4859 queued, 'add' 'block'
Apr 14 10:10:06 ICTM1612S02H1 systemd-udevd[3135]: creating symlink '/dev/char/249:42' to '../bsg/22:0:0:134'
Apr 14 10:10:06 ICTM1612S02H1 systemd-udevd[3126]: passed device to netlink monitor 0x565114746ba0
Apr 14 10:10:06 ICTM1612S02H1 systemd-udevd[3236]: creating symlink '/dev/char/21:39' to '../sg39'
Apr 14 10:10:06 ICTM1612S02H1 systemd-udevd[3074]: handling device node '/dev/bsg/19:0:0:3', devnum=c249:43, mode=0600, uid=0, gid=0
Apr 14 10:10:06 ICTM1612S02H1 systemd-udevd[3119]: set permissions /dev/sdf, 060660, uid=0, gid=6
Apr 14 10:10:06 ICTM1612S02H1 systemd-udevd[1486]: passed 227 byte device to netlink monitor 0x565114712ae0
Apr 14 10:10:06 ICTM1612S02H1 systemd-udevd[3412]: starting 'probe-bcache -o udev /dev/sdh'
Apr 14 10:10:06 ICTM1612S02H1 systemd-udevd[3127]: seq 4859 running
Apr 14 10:10:06 ICTM1612S02H1 systemd-udevd[3135]: created empty file '/run/udev/data/c249:42' for '/devices/platform/host22/session7/target22:0:0/22:0:0:134/bsg/22:0:0:134'
Apr 14 10:10:06 ICTM1612S02H1 systemd-udevd[3126]: seq 4854 processed
Apr 14 10:10:06 ICTM1612S02H1 systemd-udevd[3074]: preserve permissions /dev/bsg/19:0:0:3, 020600, uid=0, gid=0
Apr 14 10:10:06 ICTM1612S02H1 systemd-udevd[3236]: created empty file '/run/udev/data/c21:39' for '/devices/platform/host19/session4/target19:0:0/19:0:0:3/scsi_generic/sg39'
Apr 14 10:10:06 ICTM1612S02H1 systemd-udevd[3119]: creating symlink '/dev/block/8:80' to '../sdf'
Apr 14 10:10:06 ICTM1612S02H1 systemd-udevd[1486]: seq 4860 queued, 'add' 'scsi'
Apr 14 10:10:06 ICTM1612S02H1 systemd-udevd[3135]: passed device to netlink monitor 0x56511476c140
Apr 14 10:10:06 ICTM1612S02H1 systemd-udevd[3074]: creating symlink '/dev/char/249:43' to '../bsg/19:0:0:3'
Apr 14 10:10:06 ICTM1612S02H1 systemd-udevd[3236]: passed device to netlink monitor 0x5651147839c0
Apr 14 10:10:06 ICTM1612S02H1 systemd-udevd[3119]: found 'b8:64' claiming '/run/udev/links/\x2fdisk\x2fby-id\x2fscsi-360080e5000290b5400008a2d5605fd7e'
Apr 14 10:10:06 ICTM1612S02H1 systemd-udevd[1486]: passed 209 byte device to netlink monitor 0x565114712ae0
Apr 14 10:10:06 ICTM1612S02H1 systemd-udevd[3130]: seq 4860 running
Apr 14 10:10:06 ICTM1612S02H1 systemd-udevd[3135]: seq 4855 processed
Apr 14 10:10:06 ICTM1612S02H1 systemd-udevd[3090]: LINK 'disk/by-id/wwn-0x60080e500029092400008d505605f98b' /lib/udev/rules.d/60-persistent-storage.rules:73
Apr 14 10:10:06 ICTM1612S02H1 systemd-udevd[3119]: found 'b8:16' claiming '/run/udev/links/\x2fdisk\x2fby-id\x2fscsi-360080e5000290b5400008a2d5605fd7e'
Apr 14 10:10:06 ICTM1612S02H1 kernel: [ 56.430219] scsi 19:0:0:16: Direct-Access NETAPP INF-01-00 9820 PQ: 0 ANSI: 5
Apr 14 10:10:06 ICTM1612S02H1 kernel: [ 56.430273] sd 22:0:0:151: [sddu] Attached SCSI disk
Apr 14 10:10:06 ICTM1612S02H1 kernel: [ 56.430353] sd 19:0:0:15: [sdfl] 4194304 512-byte logical blocks: (2.15 GB/2.00 GiB)
Apr 14 10:10:06 ICTM1612S02H1 kernel: [ 56.430675] sd 17:0:0:14: [sdfb] Write cache: enabled, read cache: enabled, supports DPO and FUA
Apr 14 10:10:06 ICTM1612S02H1 kernel: [ 56.430773] sd 22:0:0:157: [sdfe] Write cache: enabled, read cache: enabled, supports DPO and FUA
Apr 14 10:10:06 ICTM1612S02H1 kernel: [ 56.431048] sd 20:0:0:151: [sded] Attached SCSI disk
Apr 14 10:10:06 ICTM1612S02H1 kernel: [ 56.431263] sd 22:0:0:130: [sdk] Attached SCSI disk
Apr 14 10:10:06 ICTM1612S02H1 kernel: [ 56.432012] sd 23:0:0:130: [sdl] Attached SCSI disk
Apr 14 10:10:06 ICTM1612S02H1 kernel: [ 56.432087] sd 20:0:0:156: [sdff] Write Protect is off
Apr 14 10:10:06 ICTM1612S02H1 kernel: [ 56.432090] sd 20:0:0:156: [sdff] Mode Sense: 83 00 10 08
Apr 14 10:10:06 ICTM1612S02H1 systemd-udevd[3074]: created empty file '/run/udev/data/c249:43' for '/devices/platform/host19/session4/target19:0:0/19:0:0:3/bsg/19:0:0:3'
Apr 14 10:10:06 ICTM1612S02H1 systemd-udevd[3236]: seq 4857 processed
Apr 14 10:10:06 ICTM1612S02H1 systemd-udevd[1486]: seq 4861 queued, 'add' 'scsi_disk'
Apr 14 10:10:06 ICTM1612S02H1 systemd-udevd[3127]: value '[dmi/id]sys_vendor' is 'Dell Inc.'
Apr 14 10:10:06 ICTM1612S02H1 systemd-udevd[1486]: seq 4862 queued, 'add' 'scsi_device'
Apr 14 10:10:06 ICTM1612S02H1 systemd-udevd[3090]: IMPORT 'probe-bcache -o udev /dev/sdg' /lib/udev/rules.d/69-bcache.rules:16
Apr 14 10:10:06 ICTM1612S02H1 systemd-udevd[3130]: value '[dmi/id]sys_vendor' is 'Dell Inc.'
Apr 14 10:10:06 ICTM1612S02H1 systemd-udevd[3074]: passed device to netlink monitor 0x565114714100
Apr 14 10:10:06 ICTM1612S02H1 systemd-udevd[3119]: creating link '/dev/disk/by-id/scsi-360080e5000290b5400008a2d5605fd7e' to '/dev/sdf'
Apr 14 10:10:06 ICTM1612S02H1 systemd-udevd[3127]: value '[dmi/id]sys_vendor' is 'Dell Inc.'
Apr 14 10:10:06 ICTM1612S02H1 systemd-udevd[1486]: seq 4863 queued, 'add' 'scsi_generic'
Apr 14 10:10:06 ICTM1612S02H1 systemd-udevd[3074]: seq 4858 processed
Apr 14 10:10:06 ICTM1612S02H1 systemd-udevd[3130]: value '[dmi/id]sys_vendor' is 'Dell Inc.'
Apr 14 10:10:06 ICTM1612S02H1 systemd-udevd[3119]: atomically replace '/dev/disk/by-id/scsi-360080e5000290b5400008a2d5605fd7e'
Apr 14 10:10:06 ICTM1612S02H1 systemd-udevd[3127]: GROUP 6 /lib/udev/rules.d/50-udev-default.rules:55
Apr 14 10:10:06 ICTM1612S02H1 systemd-udevd[1486]: seq 4864 queued, 'add' 'bsg'
Apr 14 10:10:06 ICTM1612S02H1 systemd-udevd[3130]: IMPORT builtin 'hwdb' /lib/udev/rules.d/50-udev-default.rules:15
Apr 14 10:10:06 ICTM1612S02H1 systemd-udevd[3423]: starting 'probe-bcache -o udev /dev/sdg'
Apr 14 10:10:06 ICTM1612S02H1 systemd-udevd[3127]: IMPORT '/usr/bin/sg_inq --export /dev/sdi' /lib/udev/rules.d/55-scsi-sg3_id.rules:10
Apr 14 10:10:06 ICTM1612S02H1 systemd-udevd[3119]: creating link '/dev/disk/by-id/scsi-SNETAPP_INF-01-00_SR21500107' to '/dev/sdf'
Apr 14 10:10:06 ICTM1612S02H1 systemd-udevd[1486]: seq 4865 queued, 'add' 'bdi'
Apr 14 10:10:06 ICTM1612S02H1 systemd-udevd[3068]: Process 'probe-bcache -o udev /dev/sdc' succeeded.
Apr 14 10:10:06 ICTM1612S02H1 kernel: [ 56.432613] sd 23:0:0:155: [sdfo] 37748736 512-byte logical blocks: (19.3 GB/18.0 GiB)
Apr 14 10:10:06 ICTM1612S02H1 kernel: [ 56.432721] scsi 23:0:0:156: Direct-Access NETAPP INF-01-00 9825 PQ: 0 ANSI: 5
Apr 14 10:10:06 ICTM1612S02H1 kernel: [ 56.433007] sd 21:0:0:153: [sdfg] Write Protect is off
Apr 14 10:10:06 ICTM1612S02H1 kernel: [ 56.433010] sd 21:0:0:153: [sdfg] Mode Sense: 83 00 10 08
Apr 14 10:10:06 ICTM1612S02H1 systemd-udevd[3130]: IMPORT builtin 'hwdb' returned non-zero
Apr 14 10:10:06 ICTM1612S02H1 systemd-udevd[3119]: creating symlink '/dev/disk/by-id/scsi-SNETAPP_INF-01-00_SR21500107' to '../../sdf'
Apr 14 10:10:06 ICTM1612S02H1 systemd-udevd[1486]: passed 139 byte device to netlink monitor 0x565114712ae0
Apr 14 10:10:06 ICTM1612S02H1 systemd-udevd[3135]: seq 4865 running
Apr 14 10:10:06 ICTM1612S02H1 systemd-udevd[3130]: path '[module/sg](null)' is '/sys/module/sg'
Apr 14 10:10:06 ICTM1612S02H1 systemd-udevd[3068]: RUN '/lib/udev/hdparm' /lib/udev/rules.d/85-hdparm.rules:1
Apr 14 10:10:06 ICTM1612S02H1 systemd-udevd[3119]: found 'b8:64' claiming '/run/udev/links/\x2fdisk\x2fby-id\x2fwwn-0x60080e5000290b5400008a2d5605fd7e'
Apr 14 10:10:06 ICTM1612S02H1 systemd-udevd[3426]: starting '/usr/bin/sg_inq --export /dev/sdi'
Apr 14 10:10:06 ICTM1612S02H1 systemd-udevd[1486]: seq 4866 queued, 'add' 'scsi'
Apr 14 10:10:06 ICTM1612S02H1 systemd-udevd[3130]: RUN 'kmod load $env{MODALIAS}' /lib/udev/rules.d/80-drivers.rules:5
Apr 14 10:10:06 ICTM1612S02H1 systemd-udevd[3135]: value '[dmi/id]sys_vendor' is 'Dell Inc.'
Apr 14 10:10:06 ICTM1612S02H1 systemd-udevd[3068]: ATTR '/sys/devices/platform/host17/session2/target17:0:0/17:0:0:0/block/sdc/queue/max_sectors_kb' writing '32767' /etc/udev/rules.d/99-largeio-udev.rules:1
Apr 14 10:10:06 ICTM1612S02H1 systemd-udevd[1486]: passed 211 byte device to netlink monitor 0x565114712ae0
Apr 14 10:10:06 ICTM1612S02H1 systemd-udevd[3236]: seq 4866 running
Apr 14 10:10:06 ICTM1612S02H1 systemd-udevd[3130]: Execute 'load' 'scsi:t-0x00'
Apr 14 10:10:06 ICTM1612S02H1 systemd-udevd[3119]: found 'b8:16' claiming '/run/udev/links/\x2fdisk\x2fby-id\x2fwwn-0x60080e5000290b5400008a2d5605fd7e'
Apr 14 10:10:06 ICTM1612S02H1 systemd-udevd[3130]: No module matches 'scsi:t-0x00'
Apr 14 10:10:06 ICTM1612S02H1 systemd-udevd[3068]: handling device node '/dev/sdc', devnum=b8:32, mode=0660, uid=0, gid=6
Apr 14 10:10:06 ICTM1612S02H1 systemd-udevd[1486]: seq 4867 queued, 'add' 'scsi_disk'
Apr 14 10:10:06 ICTM1612S02H1 systemd-udevd[3236]: value '[dmi/id]sys_vendor' is 'Dell Inc.'
Apr 14 10:10:06 ICTM1612S02H1 systemd-udevd[3145]: Process 'probe-bcache -o udev /dev/sdh' succeeded.
Apr 14 10:10:06 ICTM1612S02H1 systemd-udevd[3135]: value '[dmi/id]sys_vendor' is 'Dell Inc.'
Apr 14 10:10:06 ICTM1612S02H1 systemd-udevd[3130]: passed device to netlink monitor 0x565114760a80
Apr 14 10:10:06 ICTM1612S02H1 systemd-udevd[3068]: set permissions /dev/sdc, 060660, uid=0, gid=6
Apr 14 10:10:06 ICTM1612S02H1 systemd-udevd[3068]: creating symlink '/dev/block/8:32' to '../sdc'
Apr 14 10:10:06 ICTM1612S02H1 systemd-udevd[1486]: seq 4868 queued, 'add' 'scsi_device'
Apr 14 10:10:06 ICTM1612S02H1 systemd-udevd[3236]: value '[dmi/id]sys_vendor' is 'Dell Inc.'
Apr 14 10:10:06 ICTM1612S02H1 systemd-udevd[3130]: seq 4860 processed
Apr 14 10:10:06 ICTM1612S02H1 systemd-udevd[3145]: RUN '/lib/udev/hdparm' /lib/udev/rules.d/85-hdparm.rules:1
Apr 14 10:10:06 ICTM1612S02H1 systemd-udevd[3135]: passed device to netlink monitor 0x56511476c140
Apr 14 10:10:06 ICTM1612S02H1 systemd-udevd[3145]: ATTR '/sys/devices/platform/host16/session1/target16:0:0/16:0:0:2/block/sdh/queue/max_sectors_kb' writing '32767' /etc/udev/rules.d/99-largeio-udev.rules:1
Apr 14 10:10:06 ICTM1612S02H1 systemd-udevd[3068]: found 'b8:80' claiming '/run/udev/links/\x2fdisk\x2fby-id\x2fscsi-360080e5000290b5400008a2d5605fd7e'
Apr 14 10:10:06 ICTM1612S02H1 systemd-udevd[3236]: IMPORT builtin 'hwdb' /lib/udev/rules.d/50-udev-default.rules:15
Apr 14 10:10:06 ICTM1612S02H1 systemd-udevd[1486]: seq 4869 queued, 'add' 'scsi_generic'
Apr 14 10:10:06 ICTM1612S02H1 systemd-udevd[1486]: passed 192 byte device to netlink monitor 0x565114712ae0
Apr 14 10:10:06 ICTM1612S02H1 systemd-udevd[3074]: seq 4862 running
Apr 14 10:10:06 ICTM1612S02H1 systemd-udevd[3090]: Process 'probe-bcache -o udev /dev/sdg' succeeded.
Apr 14 10:10:06 ICTM1612S02H1 systemd-udevd[3145]: handling device node '/dev/sdh', devnum=b8:112, mode=0660, uid=0, gid=6
Apr 14 10:10:06 ICTM1612S02H1 systemd-udevd[3236]: IMPORT builtin 'hwdb' returned non-zero
Apr 14 10:10:06 ICTM1612S02H1 systemd-udevd[3090]: RUN '/lib/udev/hdparm' /lib/udev/rules.d/85-hdparm.rules:1
Apr 14 10:10:06 ICTM1612S02H1 systemd-udevd[1486]: passed 196 byte device to netlink monitor 0x565114712ae0
Apr 14 10:10:06 ICTM1612S02H1 systemd-udevd[1486]: passed 230 byte device to netlink monitor 0x565114712ae0
Apr 14 10:10:06 ICTM1612S02H1 systemd-udevd[3130]: seq 4861 running
Apr 14 10:10:06 ICTM1612S02H1 systemd-udevd[3119]: creating link '/dev/disk/by-id/wwn-0x60080e5000290b5400008a2d5605fd7e' to '/dev/sdf'
Apr 14 10:10:06 ICTM1612S02H1 systemd-udevd[3145]: set permissions /dev/sdh, 060660, uid=0, gid=6
Apr 14 10:10:06 ICTM1612S02H1 systemd-udevd[3135]: seq 4865 processed
Apr 14 10:10:06 ICTM1612S02H1 systemd-udevd[3090]: ATTR '/sys/devices/platform/host17/session2/target17:0:0/17:0:0:1/block/sdg/queue/max_sectors_kb' writing '32767' /etc/udev/rules.d/99-largeio-udev.rules:1
Apr 14 10:10:06 ICTM1612S02H1 systemd-udevd[3068]: found 'b8:64' claiming '/run/udev/links/\x2fdisk\x2fby-id\x2fscsi-360080e5000290b5400008a2d5605fd7e'
Apr 14 10:10:06 ICTM1612S02H1 systemd-udevd[1486]: passed 225 byte device to netlink monitor 0x565114712ae0
Apr 14 10:10:06 ICTM1612S02H1 systemd-udevd[3118]: seq 4863 running
Apr 14 10:10:06 ICTM1612S02H1 systemd-udevd[3126]: seq 4864 running
Apr 14 10:10:06 ICTM1612S02H1 systemd-udevd[3236]: path '[module/sg](null)' is '/sys/module/sg'
Apr 14 10:10:06 ICTM1612S02H1 systemd-udevd[3074]: value '[dmi/id]sys_vendor' is 'Dell Inc.'
Apr 14 10:10:06 ICTM1612S02H1 systemd-udevd[3119]: atomically replace '/dev/disk/by-id/wwn-0x60080e5000290b5400008a2d5605fd7e'
Apr 14 10:10:06 ICTM1612S02H1 systemd-udevd[3130]: value '[dmi/id]sys_vendor' is 'Dell Inc.'
Apr 14 10:10:06 ICTM1612S02H1 systemd-udevd[3068]: found 'b8:16' claiming '/run/udev/links/\x2fdisk\x2fby-id\x2fscsi-360080e5000290b5400008a2d5605fd7e'
Apr 14 10:10:06 ICTM1612S02H1 systemd-udevd[1486]: seq 4870 queued, 'add' 'bsg'
Apr 14 10:10:06 ICTM1612S02H1 systemd-udevd[3236]: RUN 'kmod load $env{MODALIAS}' /lib/udev/rules.d/80-drivers.rules:5
Apr 14 10:10:06 ICTM1612S02H1 systemd-udevd[3145]: creating symlink '/dev/block/8:112' to '../sdh'
Apr 14 10:10:06 ICTM1612S02H1 systemd-udevd[3090]: handling device node '/dev/sdg', devnum=b8:96, mode=0660, uid=0, gid=6
Apr 14 10:10:06 ICTM1612S02H1 systemd-udevd[3119]: creating link '/dev/disk/by-path/ip-fe80:0000:0000:0000:0192:0012:0021:0112:3260-iscsi-iqn.1992-08.com.netapp:5504.60080e5000290924000000005525f5de-lun-0' to '/dev/sdf'
Apr 14 10:10:06 ICTM1612S02H1 systemd-udevd[1486]: seq 4871 queued, 'add' 'bdi'
Apr 14 10:10:06 ICTM1612S02H1 systemd-udevd[3236]: Execute 'load' 'scsi:t-0x00'
Apr 14 10:10:06 ICTM1612S02H1 systemd-udevd[3074]: value '[dmi/id]sys_vendor' is 'Dell Inc.'
Apr 14 10:10:06 ICTM1612S02H1 systemd-udevd[3145]: creating link '/dev/disk/by-id/scsi-360080e5000290b5400008a2f5605fd8a' to '/dev/sdh'
Apr 14 10:10:06 ICTM1612S02H1 systemd-udevd[3130]: value '[dmi/id]sys_vendor' is 'Dell Inc.'
Apr 14 10:10:06 ICTM1612S02H1 systemd-udevd[3090]: set permissions /dev/sdg, 060660, uid=0, gid=6
Apr 14 10:10:06 ICTM1612S02H1 systemd-udevd[3119]: creating symlink '/dev/disk/by-path/ip-fe80:0000:0000:0000:0192:0012:0021:0112:3260-iscsi-iqn.1992-08.com.netapp:5504.60080e5000290924000000005525f5de-lun-0' to '../../sdf'
Apr 14 10:10:06 ICTM1612S02H1 systemd-udevd[1486]: passed 139 byte device to netlink monitor 0x565114712ae0
Apr 14 10:10:06 ICTM1612S02H1 systemd-udevd[3135]: seq 4871 running
Apr 14 10:10:06 ICTM1612S02H1 systemd-udevd[3236]: No module matches 'scsi:t-0x00'
Apr 14 10:10:06 ICTM1612S02H1 systemd-udevd[3145]: creating symlink '/dev/disk/by-id/scsi-360080e5000290b5400008a2f5605fd8a' to '../../sdh'
Apr 14 10:10:06 ICTM1612S02H1 systemd-udevd[3135]: value '[dmi/id]sys_vendor' is 'Dell Inc.'
Apr 14 10:10:06 ICTM1612S02H1 systemd-udevd[3090]: creating symlink '/dev/block/8:96' to '../sdg'
Apr 14 10:10:06 ICTM1612S02H1 systemd-udevd[3090]: found 'b8:48' claiming '/run/udev/links/\x2fdisk\x2fby-id\x2fscsi-360080e500029092400008d505605f98b'
Apr 14 10:10:06 ICTM1612S02H1 systemd-udevd[3130]: passed device to netlink monitor 0x565114760a80
Apr 14 10:10:06 ICTM1612S02H1 systemd-udevd[3118]: value '[dmi/id]sys_vendor' is 'Dell Inc.'
Apr 14 10:10:06 ICTM1612S02H1 systemd-udevd[3126]: value '[dmi/id]sys_vendor' is 'Dell Inc.'
Apr 14 10:10:06 ICTM1612S02H1 systemd-udevd[3119]: created db file '/run/udev/data/b8:80' for '/devices/platform/host18/session3/target18:0:0/18:0:0:0/block/sdf'
Apr 14 10:10:06 ICTM1612S02H1 systemd-udevd[1486]: seq 4872 queued, 'add' 'bdi'
Apr 14 10:10:06 ICTM1612S02H1 systemd-udevd[3236]: passed device to netlink monitor 0x5651147839c0
Apr 14 10:10:06 ICTM1612S02H1 systemd-udevd[3068]: creating link '/dev/disk/by-id/scsi-360080e5000290b5400008a2d5605fd7e' to '/dev/sdc'
Apr 14 10:10:06 ICTM1612S02H1 systemd-udevd[3145]: found 'b8:48' claiming '/run/udev/links/\x2fdisk\x2fby-id\x2fscsi-SNETAPP_INF-01-00_SR21500247'
Apr 14 10:10:06 ICTM1612S02H1 systemd-udevd[3135]: value '[dmi/id]sys_vendor' is 'Dell Inc.'
Apr 14 10:10:06 ICTM1612S02H1 systemd-udevd[3074]: passed device to netlink monitor 0x565114714100
Apr 14 10:10:06 ICTM1612S02H1 systemd-udevd[3130]: seq 4861 processed
Apr 14 10:10:06 ICTM1612S02H1 systemd-udevd[3145]: found 'b8:64' claiming '/run/udev/links/\x2fdisk\x2fby-id\x2fscsi-SNETAPP_INF-01-00_SR21500247'
Apr 14 10:10:06 ICTM1612S02H1 systemd-udevd[3126]: value '[dmi/id]sys_vendor' is 'Dell Inc.'
Apr 14 10:10:06 ICTM1612S02H1 systemd-udevd[1486]: passed 139 byte device to netlink monitor 0x565114712ae0
Apr 14 10:10:06 ICTM1612S02H1 systemd-udevd[3090]: creating link '/dev/disk/by-id/scsi-360080e500029092400008d505605f98b' to '/dev/sdg'
Apr 14 10:10:06 ICTM1612S02H1 systemd-udevd[3236]: seq 4866 processed
Apr 14 10:10:06 ICTM1612S02H1 systemd-udevd[3102]: seq 4872 running
Apr 14 10:10:06 ICTM1612S02H1 systemd-udevd[3068]: atomically replace '/dev/disk/by-id/scsi-360080e5000290b5400008a2d5605fd7e'
Apr 14 10:10:06 ICTM1612S02H1 systemd-udevd[3074]: seq 4862 processed
Apr 14 10:10:06 ICTM1612S02H1 systemd-udevd[3135]: passed device to netlink monitor 0x56511476c140
Apr 14 10:10:06 ICTM1612S02H1 systemd-udevd[3118]: value '[dmi/id]sys_vendor' is 'Dell Inc.'
Apr 14 10:10:06 ICTM1612S02H1 systemd-udevd[3429]: starting '/lib/udev/hdparm'
Apr 14 10:10:06 ICTM1612S02H1 systemd-udevd[3145]: found 'b8:16' claiming '/run/udev/links/\x2fdisk\x2fby-id\x2fscsi-SNETAPP_INF-01-00_SR21500247'
Apr 14 10:10:06 ICTM1612S02H1 kernel: [ 56.434456] sd 23:0:0:154: [sdfk] Write Protect is off
Apr 14 10:10:06 ICTM1612S02H1 kernel: [ 56.434459] sd 23:0:0:154: [sdfk] Mode Sense: 83 00 10 08
Apr 14 10:10:06 ICTM1612S02H1 kernel: [ 56.434670] sd 16:0:0:11: [sdde] Attached SCSI disk
Apr 14 10:10:06 ICTM1612S02H1 kernel: [ 56.434682] sd 16:0:0:17: Attached scsi generic sg178 type 0
Apr 14 10:10:06 ICTM1612S02H1 kernel: [ 56.435378] sd 19:0:0:14: [sdez] Write cache: enabled, read cache: enabled, supports DPO and FUA
Apr 14 10:10:06 ICTM1612S02H1 kernel: [ 56.435596] sd 20:0:0:156: [sdff] Write cache: enabled, read cache: enabled, supports DPO and FUA
Apr 14 10:10:06 ICTM1612S02H1 kernel: [ 56.435647] sd 20:0:0:130: [sdj] Attached SCSI disk
Apr 14 10:10:06 ICTM1612S02H1 kernel: [ 56.435712] sd 23:0:0:149: [sdec] Attached SCSI disk
Apr 14 10:10:06 ICTM1612S02H1 kernel: [ 56.435721] sd 21:0:0:148: [sddz] Attached SCSI disk
Apr 14 10:10:06 ICTM1612S02H1 kernel: [ 56.435790] sd 21:0:0:155: Attached scsi generic sg179 type 0
Apr 14 10:10:06 ICTM1612S02H1 kernel: [ 56.435841] sd 18:0:0:13: [sdfh] Write Protect is off
Apr 14 10:10:06 ICTM1612S02H1 kernel: [ 56.435844] sd 18:0:0:13: [sdfh] Mode Sense: 83 00 10 08
Apr 14 10:10:06 ICTM1612S02H1 kernel: [ 56.436057] sd 17:0:0:16: Attached scsi generic sg180 type 0
Apr 14 10:10:06 ICTM1612S02H1 kernel: [ 56.436098] sd 17:0:0:10: [sdcw] Attached SCSI disk
Apr 14 10:10:06 ICTM1612S02H1 systemd-udevd[3126]: handling device node '/dev/bsg/17:0:0:4', devnum=c249:44, mode=0600, uid=0, gid=0
Apr 14 10:10:06 ICTM1612S02H1 systemd-udevd[3090]: atomically replace '/dev/disk/by-id/scsi-360080e500029092400008d505605f98b'
Apr 14 10:10:06 ICTM1612S02H1 systemd-udevd[1486]: seq 4873 queued, 'add' 'scsi'
Apr 14 10:10:06 ICTM1612S02H1 systemd-udevd[3068]: found 'b8:80' claiming '/run/udev/links/\x2fdisk\x2fby-id\x2fscsi-SNETAPP_INF-01-00_SR21500107'
Apr 14 10:10:06 ICTM1612S02H1 systemd-udevd[3135]: seq 4871 processed
Apr 14 10:10:06 ICTM1612S02H1 systemd-udevd[3102]: value '[dmi/id]sys_vendor' is 'Dell Inc.'
Apr 14 10:10:06 ICTM1612S02H1 systemd-udevd[3118]: GROUP 6 /lib/udev/rules.d/50-udev-default.rules:63
Apr 14 10:10:06 ICTM1612S02H1 systemd-udevd[3126]: preserve permissions /dev/bsg/17:0:0:4, 020600, uid=0, gid=0
Apr 14 10:10:06 ICTM1612S02H1 systemd-udevd[3090]: found 'b8:80' claiming '/run/udev/links/\x2fdisk\x2fby-id\x2fscsi-SNETAPP_INF-01-00_SR21500107'
Apr 14 10:10:06 ICTM1612S02H1 systemd-udevd[1486]: passed 211 byte device to netlink monitor 0x565114712ae0
Apr 14 10:10:06 ICTM1612S02H1 systemd-udevd[3118]: handling device node '/dev/sg40', devnum=c21:40, mode=0660, uid=0, gid=6
Apr 14 10:10:06 ICTM1612S02H1 systemd-udevd[3145]: creating link '/dev/disk/by-id/scsi-SNETAPP_INF-01-00_SR21500247' to '/dev/sdh'
Apr 14 10:10:06 ICTM1612S02H1 systemd-udevd[3126]: creating symlink '/dev/char/249:44' to '../bsg/17:0:0:4'
Apr 14 10:10:06 ICTM1612S02H1 systemd-udevd[3102]: value '[dmi/id]sys_vendor' is 'Dell Inc.'
Apr 14 10:10:06 ICTM1612S02H1 systemd-udevd[1486]: passed 196 byte device to netlink monitor 0x565114712ae0
Apr 14 10:10:06 ICTM1612S02H1 systemd-udevd[3118]: set permissions /dev/sg40, 020660, uid=0, gid=6
Apr 14 10:10:06 ICTM1612S02H1 systemd-udevd[3135]: seq 4867 running
Apr 14 10:10:06 ICTM1612S02H1 systemd-udevd[3130]: seq 4873 running
Apr 14 10:10:06 ICTM1612S02H1 systemd-udevd[3068]: creating link '/dev/disk/by-id/scsi-SNETAPP_INF-01-00_SR21500107' to '/dev/sdc'
Apr 14 10:10:06 ICTM1612S02H1 systemd-udevd[3145]: atomically replace '/dev/disk/by-id/scsi-SNETAPP_INF-01-00_SR21500247'
Apr 14 10:10:06 ICTM1612S02H1 systemd-udevd[3126]: created empty file '/run/udev/data/c249:44' for '/devices/platform/host17/session2/target17:0:0/17:0:0:4/bsg/17:0:0:4'
Apr 14 10:10:06 ICTM1612S02H1 systemd-udevd[3126]: passed device to netlink monitor 0x565114746ba0
Apr 14 10:10:06 ICTM1612S02H1 systemd-udevd[1486]: passed 200 byte device to netlink monitor 0x565114712ae0
Apr 14 10:10:06 ICTM1612S02H1 systemd-udevd[3074]: seq 4869 running
Apr 14 10:10:06 ICTM1612S02H1 systemd-udevd[3236]: seq 4868 running
Apr 14 10:10:06 ICTM1612S02H1 systemd-udevd[3118]: creating symlink '/dev/char/21:40' to '../sg40'
Apr 14 10:10:06 ICTM1612S02H1 systemd-udevd[3068]: atomically replace '/dev/disk/by-id/scsi-SNETAPP_INF-01-00_SR21500107'
Apr 14 10:10:06 ICTM1612S02H1 kernel: [ 56.436501] sd 23:0:0:156: Attached scsi generic sg181 type 0
Apr 14 10:10:06 ICTM1612S02H1 kernel: [ 56.436557] sd 21:0:0:153: [sdfg] Write cache: enabled, read cache: enabled, supports DPO and FUA
Apr 14 10:10:06 ICTM1612S02H1 systemd-udevd[3073]: '/lib/udev/hdparm'(out) ''
Apr 14 10:10:06 ICTM1612S02H1 kernel: [ 56.436620] sd 21:0:0:130: [sdm] Attached SCSI disk
Apr 14 10:10:06 ICTM1612S02H1 kernel: [ 56.436884] sd 23:0:0:154: [sdfk] Write cache: enabled, read cache: enabled, supports DPO and FUA
Apr 14 10:10:06 ICTM1612S02H1 kernel: [ 56.436912] sd 18:0:0:14: [sdfp] 4194304 512-byte logical blocks: (2.15 GB/2.00 GiB)
Apr 14 10:10:06 ICTM1612S02H1 kernel: [ 56.436997] scsi 18:0:0:15: Direct-Access NETAPP INF-01-00 9820 PQ: 0 ANSI: 5
Apr 14 10:10:06 ICTM1612S02H1 systemd-udevd[3145]: creating link '/dev/disk/by-id/wwn-0x60080e5000290b5400008a2f5605fd8a' to '/dev/sdh'
Apr 14 10:10:06 ICTM1612S02H1 systemd-udevd[3090]: creating link '/dev/disk/by-id/scsi-SNETAPP_INF-01-00_SR21500107' to '/dev/sdg'
Apr 14 10:10:06 ICTM1612S02H1 systemd-udevd[3126]: seq 4864 processed
Apr 14 10:10:06 ICTM1612S02H1 systemd-udevd[1486]: passed 232 byte device to netlink monitor 0x565114712ae0
Apr 14 10:10:06 ICTM1612S02H1 systemd-udevd[3102]: passed device to netlink monitor 0x5651147277a0
Apr 14 10:10:06 ICTM1612S02H1 systemd-udevd[3135]: value '[dmi/id]sys_vendor' is 'Dell Inc.'
Apr 14 10:10:06 ICTM1612S02H1 systemd-udevd[3118]: created empty file '/run/udev/data/c21:40' for '/devices/platform/host17/session2/target17:0:0/17:0:0:4/scsi_generic/sg40'
