Apr 14 10:10:06 ICTM1612S02H1 systemd-udevd[3126]: value '[dmi/id]sys_vendor' is 'Dell Inc.'
Apr 14 10:10:06 ICTM1612S02H1 systemd-udevd[3118]: '/usr/bin/sg_inq --export --page=sn /dev/sds'(out) 'SCSI_IDENT_SERIAL=SR21500247'
Apr 14 10:10:06 ICTM1612S02H1 systemd-udevd[3073]: RUN 'kmod load $env{MODALIAS}' /lib/udev/rules.d/80-drivers.rules:5
Apr 14 10:10:06 ICTM1612S02H1 systemd-udevd[1486]: passed 139 byte device to netlink monitor 0x565114712ae0
Apr 14 10:10:06 ICTM1612S02H1 systemd-udevd[3119]: seq 4964 processed
Apr 14 10:10:06 ICTM1612S02H1 systemd-udevd[3090]: seq 4977 running
Apr 14 10:10:06 ICTM1612S02H1 systemd-udevd[3130]: value '[dmi/id]sys_vendor' is 'Dell Inc.'
Apr 14 10:10:06 ICTM1612S02H1 systemd-udevd[3102]: value '[dmi/id]sys_vendor' is 'Dell Inc.'
Apr 14 10:10:06 ICTM1612S02H1 systemd-udevd[3074]: value '[dmi/id]sys_vendor' is 'Dell Inc.'
Apr 14 10:10:06 ICTM1612S02H1 systemd-udevd[3126]: value '[dmi/id]sys_vendor' is 'Dell Inc.'
Apr 14 10:10:06 ICTM1612S02H1 systemd-udevd[3118]: Process '/usr/bin/sg_inq --export --page=sn /dev/sds' succeeded.
Apr 14 10:10:06 ICTM1612S02H1 systemd-udevd[3073]: Execute 'load' 'scsi:t-0x00'
Apr 14 10:10:06 ICTM1612S02H1 systemd-udevd[1486]: seq 4978 queued, 'add' 'bsg'
Apr 14 10:10:06 ICTM1612S02H1 systemd-udevd[3102]: IMPORT builtin 'hwdb' /lib/udev/rules.d/50-udev-default.rules:15
Apr 14 10:10:06 ICTM1612S02H1 systemd-udevd[3090]: value '[dmi/id]sys_vendor' is 'Dell Inc.'
Apr 14 10:10:06 ICTM1612S02H1 systemd-udevd[3102]: IMPORT builtin 'hwdb' returned non-zero
Apr 14 10:10:06 ICTM1612S02H1 systemd-udevd[3074]: GROUP 6 /lib/udev/rules.d/50-udev-default.rules:63
Apr 14 10:10:06 ICTM1612S02H1 systemd-udevd[3118]: IMPORT '/usr/bin/sg_inq --export --page=di /dev/sds' /lib/udev/rules.d/55-scsi-sg3_id.rules:21
Apr 14 10:10:06 ICTM1612S02H1 systemd-udevd[3073]: No module matches 'scsi:t-0x00'
Apr 14 10:10:06 ICTM1612S02H1 systemd-udevd[3126]: handling device node '/dev/bsg/20:0:0:137', devnum=c249:61, mode=0600, uid=0, gid=0
Apr 14 10:10:06 ICTM1612S02H1 systemd-udevd[1486]: seq 4979 queued, 'add' 'bdi'
Apr 14 10:10:06 ICTM1612S02H1 systemd-udevd[3130]: passed device to netlink monitor 0x565114760a80
Apr 14 10:10:06 ICTM1612S02H1 systemd-udevd[3102]: path '[module/sg](null)' is '/sys/module/sg'
Apr 14 10:10:06 ICTM1612S02H1 systemd-udevd[3090]: value '[dmi/id]sys_vendor' is 'Dell Inc.'
Apr 14 10:10:06 ICTM1612S02H1 systemd-udevd[3073]: passed device to netlink monitor 0x565114710f20
Apr 14 10:10:06 ICTM1612S02H1 systemd-udevd[3074]: handling device node '/dev/sg57', devnum=c21:57, mode=0660, uid=0, gid=6
Apr 14 10:10:06 ICTM1612S02H1 systemd-udevd[3126]: preserve permissions /dev/bsg/20:0:0:137, 020600, uid=0, gid=0
Apr 14 10:10:06 ICTM1612S02H1 systemd-udevd[1486]: passed 139 byte device to netlink monitor 0x565114712ae0
Apr 14 10:10:06 ICTM1612S02H1 systemd-udevd[3119]: seq 4979 running
Apr 14 10:10:06 ICTM1612S02H1 systemd-udevd[3130]: seq 4965 processed
Apr 14 10:10:06 ICTM1612S02H1 systemd-udevd[3102]: RUN 'kmod load $env{MODALIAS}' /lib/udev/rules.d/80-drivers.rules:5
Apr 14 10:10:06 ICTM1612S02H1 systemd-udevd[3532]: starting '/usr/bin/sg_inq --export --page=di /dev/sds'
Apr 14 10:10:06 ICTM1612S02H1 systemd-udevd[3073]: seq 4968 processed
Apr 14 10:10:06 ICTM1612S02H1 systemd-udevd[3090]: passed device to netlink monitor 0x565114726620
Apr 14 10:10:06 ICTM1612S02H1 systemd-udevd[3074]: set permissions /dev/sg57, 020660, uid=0, gid=6
Apr 14 10:10:06 ICTM1612S02H1 systemd-udevd[3126]: creating symlink '/dev/char/249:61' to '../bsg/20:0:0:137'
Apr 14 10:10:06 ICTM1612S02H1 systemd-udevd[1486]: seq 4980 queued, 'add' 'bdi'
Apr 14 10:10:06 ICTM1612S02H1 systemd-udevd[3119]: value '[dmi/id]sys_vendor' is 'Dell Inc.'
Apr 14 10:10:06 ICTM1612S02H1 systemd-udevd[3102]: Execute 'load' 'scsi:t-0x00'
Apr 14 10:10:06 ICTM1612S02H1 systemd-udevd[3090]: seq 4977 processed
Apr 14 10:10:06 ICTM1612S02H1 systemd-udevd[3074]: creating symlink '/dev/char/21:57' to '../sg57'
Apr 14 10:10:06 ICTM1612S02H1 systemd-udevd[3126]: created empty file '/run/udev/data/c249:61' for '/devices/platform/host20/session5/target20:0:0/20:0:0:137/bsg/20:0:0:137'
Apr 14 10:10:06 ICTM1612S02H1 systemd-udevd[1486]: passed 139 byte device to netlink monitor 0x565114712ae0
Apr 14 10:10:06 ICTM1612S02H1 systemd-udevd[3113]: seq 4980 running
Apr 14 10:10:06 ICTM1612S02H1 systemd-udevd[3102]: No module matches 'scsi:t-0x00'
Apr 14 10:10:06 ICTM1612S02H1 systemd-udevd[3119]: value '[dmi/id]sys_vendor' is 'Dell Inc.'
Apr 14 10:10:06 ICTM1612S02H1 systemd-udevd[3074]: created empty file '/run/udev/data/c21:57' for '/devices/platform/host20/session5/target20:0:0/20:0:0:137/scsi_generic/sg57'
Apr 14 10:10:06 ICTM1612S02H1 systemd-udevd[3126]: passed device to netlink monitor 0x565114746ba0
Apr 14 10:10:06 ICTM1612S02H1 systemd-udevd[1486]: passed 192 byte device to netlink monitor 0x565114712ae0
Apr 14 10:10:06 ICTM1612S02H1 systemd-udevd[3073]: seq 4969 running
Apr 14 10:10:06 ICTM1612S02H1 systemd-udevd[3102]: passed device to netlink monitor 0x5651147277a0
Apr 14 10:10:06 ICTM1612S02H1 systemd-udevd[3119]: passed device to netlink monitor 0x565114761270
Apr 14 10:10:06 ICTM1612S02H1 systemd-udevd[3074]: passed device to netlink monitor 0x565114714100
Apr 14 10:10:06 ICTM1612S02H1 systemd-udevd[3126]: seq 4967 processed
Apr 14 10:10:06 ICTM1612S02H1 systemd-udevd[3113]: value '[dmi/id]sys_vendor' is 'Dell Inc.'
Apr 14 10:10:06 ICTM1612S02H1 systemd-udevd[1486]: passed 196 byte device to netlink monitor 0x565114712ae0
Apr 14 10:10:06 ICTM1612S02H1 systemd-udevd[3130]: seq 4970 running
Apr 14 10:10:06 ICTM1612S02H1 systemd-udevd[3073]: value '[dmi/id]sys_vendor' is 'Dell Inc.'
Apr 14 10:10:06 ICTM1612S02H1 systemd-udevd[3073]: value '[dmi/id]sys_vendor' is 'Dell Inc.'
Apr 14 10:10:06 ICTM1612S02H1 systemd-udevd[3074]: seq 4966 processed
Apr 14 10:10:06 ICTM1612S02H1 systemd-udevd[1486]: passed 230 byte device to netlink monitor 0x565114712ae0
Apr 14 10:10:06 ICTM1612S02H1 systemd-udevd[3068]: seq 4972 running
Apr 14 10:10:06 ICTM1612S02H1 systemd-udevd[3113]: value '[dmi/id]sys_vendor' is 'Dell Inc.'
Apr 14 10:10:06 ICTM1612S02H1 systemd-udevd[3102]: seq 4973 processed
Apr 14 10:10:06 ICTM1612S02H1 systemd-udevd[3119]: seq 4979 processed
Apr 14 10:10:06 ICTM1612S02H1 systemd-udevd[3073]: passed device to netlink monitor 0x565114710f20
Apr 14 10:10:06 ICTM1612S02H1 kernel: [ 56.483021] sd 17:0:0:20: Attached scsi generic sg200 type 0
Apr 14 10:10:06 ICTM1612S02H1 kernel: [ 56.483961] sd 17:0:0:14: [sdfb] Attached SCSI disk
Apr 14 10:10:06 ICTM1612S02H1 kernel: [ 56.484149] sd 16:0:0:20: [sdgg] Write Protect is off
Apr 14 10:10:06 ICTM1612S02H1 kernel: [ 56.484151] sd 16:0:0:20: [sdgg] Mode Sense: 83 00 10 08
Apr 14 10:10:06 ICTM1612S02H1 kernel: [ 56.484416] sd 16:0:0:121: [sdgl] 4194304 512-byte logical blocks: (2.15 GB/2.00 GiB)
Apr 14 10:10:06 ICTM1612S02H1 kernel: [ 56.484621] sd 19:0:0:20: Attached scsi generic sg201 type 0
Apr 14 10:10:06 ICTM1612S02H1 kernel: [ 56.484672] scsi 16:0:0:122: Direct-Access NETAPP INF-01-00 9820 PQ: 0 ANSI: 5
Apr 14 10:10:06 ICTM1612S02H1 systemd-udevd[1486]: passed 225 byte device to netlink monitor 0x565114712ae0
Apr 14 10:10:06 ICTM1612S02H1 systemd-udevd[3068]: value '[dmi/id]sys_vendor' is 'Dell Inc.'
Apr 14 10:10:06 ICTM1612S02H1 systemd-udevd[3113]: passed device to netlink monitor 0x565114729780
Apr 14 10:10:06 ICTM1612S02H1 systemd-udevd[3130]: value '[dmi/id]sys_vendor' is 'Dell Inc.'
Apr 14 10:10:06 ICTM1612S02H1 systemd-udevd[3073]: seq 4969 processed
Apr 14 10:10:06 ICTM1612S02H1 systemd-udevd[3090]: seq 4971 running
Apr 14 10:10:06 ICTM1612S02H1 systemd-udevd[1486]: seq 4981 queued, 'add' 'scsi'
Apr 14 10:10:06 ICTM1612S02H1 systemd-udevd[3113]: seq 4980 processed
Apr 14 10:10:06 ICTM1612S02H1 systemd-udevd[3068]: value '[dmi/id]sys_vendor' is 'Dell Inc.'
Apr 14 10:10:06 ICTM1612S02H1 systemd-udevd[3110]: seq 4981 running
Apr 14 10:10:06 ICTM1612S02H1 systemd-udevd[3068]: handling device node '/dev/bsg/18:0:0:4', devnum=c249:62, mode=0600, uid=0, gid=0
Apr 14 10:10:06 ICTM1612S02H1 systemd-udevd[3068]: preserve permissions /dev/bsg/18:0:0:4, 020600, uid=0, gid=0
Apr 14 10:10:06 ICTM1612S02H1 systemd-udevd[1486]: passed 211 byte device to netlink monitor 0x565114712ae0
Apr 14 10:10:06 ICTM1612S02H1 systemd-udevd[3090]: value '[dmi/id]sys_vendor' is 'Dell Inc.'
Apr 14 10:10:06 ICTM1612S02H1 systemd-udevd[1486]: passed 196 byte device to netlink monitor 0x565114712ae0
Apr 14 10:10:06 ICTM1612S02H1 systemd-udevd[3130]: value '[dmi/id]sys_vendor' is 'Dell Inc.'
Apr 14 10:10:06 ICTM1612S02H1 systemd-udevd[3110]: value '[dmi/id]sys_vendor' is 'Dell Inc.'
Apr 14 10:10:06 ICTM1612S02H1 systemd-udevd[1486]: passed 200 byte device to netlink monitor 0x565114712ae0
Apr 14 10:10:06 ICTM1612S02H1 systemd-udevd[3074]: seq 4976 running
Apr 14 10:10:06 ICTM1612S02H1 systemd-udevd[3073]: seq 4974 running
Apr 14 10:10:06 ICTM1612S02H1 systemd-udevd[3119]: seq 4975 running
Apr 14 10:10:06 ICTM1612S02H1 systemd-udevd[3068]: creating symlink '/dev/char/249:62' to '../bsg/18:0:0:4'
Apr 14 10:10:06 ICTM1612S02H1 systemd-udevd[3110]: value '[dmi/id]sys_vendor' is 'Dell Inc.'
Apr 14 10:10:06 ICTM1612S02H1 systemd-udevd[1486]: passed 232 byte device to netlink monitor 0x565114712ae0
Apr 14 10:10:06 ICTM1612S02H1 systemd-udevd[3130]: passed device to netlink monitor 0x565114760a80
Apr 14 10:10:06 ICTM1612S02H1 systemd-udevd[3090]: value '[dmi/id]sys_vendor' is 'Dell Inc.'
Apr 14 10:10:06 ICTM1612S02H1 systemd-udevd[3110]: IMPORT builtin 'hwdb' /lib/udev/rules.d/50-udev-default.rules:15
Apr 14 10:10:06 ICTM1612S02H1 systemd-udevd[3068]: created empty file '/run/udev/data/c249:62' for '/devices/platform/host18/session3/target18:0:0/18:0:0:4/bsg/18:0:0:4'
Apr 14 10:10:06 ICTM1612S02H1 systemd-udevd[1486]: passed 231 byte device to netlink monitor 0x565114712ae0
Apr 14 10:10:06 ICTM1612S02H1 systemd-udevd[3130]: seq 4970 processed
Apr 14 10:10:06 ICTM1612S02H1 systemd-udevd[3126]: seq 4978 running
Apr 14 10:10:06 ICTM1612S02H1 systemd-udevd[3068]: passed device to netlink monitor 0x565114713cd0
Apr 14 10:10:06 ICTM1612S02H1 systemd-udevd[3110]: IMPORT builtin 'hwdb' returned non-zero
Apr 14 10:10:06 ICTM1612S02H1 systemd-udevd[1486]: seq 4982 queued, 'add' 'bdi'
Apr 14 10:10:06 ICTM1612S02H1 kernel: [ 56.484986] sd 19:0:0:14: [sdez] Attached SCSI disk
Apr 14 10:10:06 ICTM1612S02H1 kernel: [ 56.485895] sd 18:0:0:17: [sdgh] Write cache: enabled, read cache: enabled, supports DPO and FUA
Apr 14 10:10:06 ICTM1612S02H1 systemd-udevd[3090]: GROUP 6 /lib/udev/rules.d/50-udev-default.rules:63
Apr 14 10:10:06 ICTM1612S02H1 systemd-udevd[3068]: seq 4972 processed
Apr 14 10:10:06 ICTM1612S02H1 systemd-udevd[1486]: passed 139 byte device to netlink monitor 0x565114712ae0
Apr 14 10:10:06 ICTM1612S02H1 systemd-udevd[3102]: seq 4982 running
Apr 14 10:10:06 ICTM1612S02H1 systemd-udevd[3110]: path '[module/sg](null)' is '/sys/module/sg'
Apr 14 10:10:06 ICTM1612S02H1 systemd-udevd[3110]: RUN 'kmod load $env{MODALIAS}' /lib/udev/rules.d/80-drivers.rules:5
Apr 14 10:10:06 ICTM1612S02H1 systemd-udevd[1486]: seq 4983 queued, 'add' 'bdi'
Apr 14 10:10:06 ICTM1612S02H1 systemd-udevd[3090]: handling device node '/dev/sg58', devnum=c21:58, mode=0660, uid=0, gid=6
Apr 14 10:10:06 ICTM1612S02H1 systemd-udevd[3110]: Execute 'load' 'scsi:t-0x00'
Apr 14 10:10:06 ICTM1612S02H1 systemd-udevd[1486]: passed 139 byte device to netlink monitor 0x565114712ae0
Apr 14 10:10:06 ICTM1612S02H1 systemd-udevd[3090]: set permissions /dev/sg58, 020660, uid=0, gid=6
Apr 14 10:10:06 ICTM1612S02H1 systemd-udevd[3130]: seq 4983 running
Apr 14 10:10:06 ICTM1612S02H1 systemd-udevd[3110]: No module matches 'scsi:t-0x00'
Apr 14 10:10:06 ICTM1612S02H1 systemd-udevd[3090]: creating symlink '/dev/char/21:58' to '../sg58'
Apr 14 10:10:06 ICTM1612S02H1 systemd-udevd[1486]: seq 4984 queued, 'add' 'scsi_disk'
Apr 14 10:10:06 ICTM1612S02H1 systemd-udevd[1486]: seq 4985 queued, 'add' 'scsi'
Apr 14 10:10:06 ICTM1612S02H1 systemd-udevd[3090]: created empty file '/run/udev/data/c21:58' for '/devices/platform/host18/session3/target18:0:0/18:0:0:4/scsi_generic/sg58'
Apr 14 10:10:06 ICTM1612S02H1 systemd-udevd[3074]: value '[dmi/id]sys_vendor' is 'Dell Inc.'
Apr 14 10:10:06 ICTM1612S02H1 systemd-udevd[3110]: passed device to netlink monitor 0x56511475de20
Apr 14 10:10:06 ICTM1612S02H1 systemd-udevd[3102]: value '[dmi/id]sys_vendor' is 'Dell Inc.'
Apr 14 10:10:06 ICTM1612S02H1 systemd-udevd[1486]: passed 211 byte device to netlink monitor 0x565114712ae0
Apr 14 10:10:06 ICTM1612S02H1 systemd-udevd[1486]: seq 4986 queued, 'add' 'scsi'
Apr 14 10:10:06 ICTM1612S02H1 systemd-udevd[3102]: value '[dmi/id]sys_vendor' is 'Dell Inc.'
Apr 14 10:10:06 ICTM1612S02H1 systemd-udevd[3073]: value '[dmi/id]sys_vendor' is 'Dell Inc.'
Apr 14 10:10:06 ICTM1612S02H1 systemd-udevd[3119]: value '[dmi/id]sys_vendor' is 'Dell Inc.'
Apr 14 10:10:06 ICTM1612S02H1 systemd-udevd[3110]: seq 4981 processed
Apr 14 10:10:06 ICTM1612S02H1 systemd-udevd[3119]: value '[dmi/id]sys_vendor' is 'Dell Inc.'
Apr 14 10:10:06 ICTM1612S02H1 systemd-udevd[3074]: value '[dmi/id]sys_vendor' is 'Dell Inc.'
Apr 14 10:10:06 ICTM1612S02H1 systemd-udevd[3113]: seq 4985 running
Apr 14 10:10:06 ICTM1612S02H1 systemd-udevd[1486]: passed 209 byte device to netlink monitor 0x565114712ae0
Apr 14 10:10:06 ICTM1612S02H1 systemd-udevd[3090]: passed device to netlink monitor 0x565114726620
Apr 14 10:10:06 ICTM1612S02H1 systemd-udevd[3068]: seq 4986 running
Apr 14 10:10:06 ICTM1612S02H1 systemd-udevd[3126]: value '[dmi/id]sys_vendor' is 'Dell Inc.'
Apr 14 10:10:06 ICTM1612S02H1 systemd-udevd[3102]: passed device to netlink monitor 0x5651147277a0
Apr 14 10:10:06 ICTM1612S02H1 systemd-udevd[3073]: value '[dmi/id]sys_vendor' is 'Dell Inc.'
Apr 14 10:10:06 ICTM1612S02H1 systemd-udevd[3130]: value '[dmi/id]sys_vendor' is 'Dell Inc.'
Apr 14 10:10:06 ICTM1612S02H1 systemd-udevd[3119]: passed device to netlink monitor 0x565114761270
Apr 14 10:10:06 ICTM1612S02H1 systemd-udevd[3074]: GROUP 6 /lib/udev/rules.d/50-udev-default.rules:63
Apr 14 10:10:06 ICTM1612S02H1 systemd-udevd[1486]: passed 196 byte device to netlink monitor 0x565114712ae0
Apr 14 10:10:06 ICTM1612S02H1 systemd-udevd[3074]: handling device node '/dev/sg59', devnum=c21:59, mode=0660, uid=0, gid=6
Apr 14 10:10:06 ICTM1612S02H1 systemd-udevd[3068]: value '[dmi/id]sys_vendor' is 'Dell Inc.'
Apr 14 10:10:06 ICTM1612S02H1 systemd-udevd[3102]: seq 4982 processed
Apr 14 10:10:06 ICTM1612S02H1 systemd-udevd[3068]: value '[dmi/id]sys_vendor' is 'Dell Inc.'
Apr 14 10:10:06 ICTM1612S02H1 systemd-udevd[3119]: seq 4975 processed
Apr 14 10:10:06 ICTM1612S02H1 systemd-udevd[3113]: value '[dmi/id]sys_vendor' is 'Dell Inc.'
Apr 14 10:10:06 ICTM1612S02H1 systemd-udevd[3073]: passed device to netlink monitor 0x565114710f20
Apr 14 10:10:06 ICTM1612S02H1 systemd-udevd[3130]: value '[dmi/id]sys_vendor' is 'Dell Inc.'
Apr 14 10:10:06 ICTM1612S02H1 systemd-udevd[3090]: seq 4971 processed
Apr 14 10:10:06 ICTM1612S02H1 systemd-udevd[3074]: set permissions /dev/sg59, 020660, uid=0, gid=6
Apr 14 10:10:06 ICTM1612S02H1 systemd-udevd[3110]: seq 4984 running
Apr 14 10:10:06 ICTM1612S02H1 systemd-udevd[1486]: seq 4987 queued, 'add' 'scsi'
Apr 14 10:10:06 ICTM1612S02H1 systemd-udevd[3126]: value '[dmi/id]sys_vendor' is 'Dell Inc.'
Apr 14 10:10:06 ICTM1612S02H1 systemd-udevd[3068]: IMPORT builtin 'hwdb' /lib/udev/rules.d/50-udev-default.rules:15
Apr 14 10:10:06 ICTM1612S02H1 systemd-udevd[3073]: seq 4974 processed
Apr 14 10:10:06 ICTM1612S02H1 systemd-udevd[3068]: IMPORT builtin 'hwdb' returned non-zero
Apr 14 10:10:06 ICTM1612S02H1 kernel: [ 56.486167] sd 17:0:0:19: [sdgi] Write Protect is off
Apr 14 10:10:06 ICTM1612S02H1 kernel: [ 56.486170] sd 17:0:0:19: [sdgi] Mode Sense: 83 00 10 08
Apr 14 10:10:06 ICTM1612S02H1 kernel: [ 56.487138] sd 17:0:0:20: [sdgm] 4194304 512-byte logical blocks: (2.15 GB/2.00 GiB)
Apr 14 10:10:06 ICTM1612S02H1 kernel: [ 56.487423] scsi 17:0:0:121: Direct-Access NETAPP INF-01-00 9820 PQ: 0 ANSI: 5
Apr 14 10:10:06 ICTM1612S02H1 kernel: [ 56.487824] sd 16:0:0:20: [sdgg] Write cache: enabled, read cache: enabled, supports DPO and FUA
Apr 14 10:10:06 ICTM1612S02H1 systemd-udevd[3130]: passed device to netlink monitor 0x565114760a80
Apr 14 10:10:06 ICTM1612S02H1 systemd-udevd[3074]: creating symlink '/dev/char/21:59' to '../sg59'
Apr 14 10:10:06 ICTM1612S02H1 systemd-udevd[1486]: passed 211 byte device to netlink monitor 0x565114712ae0
Apr 14 10:10:06 ICTM1612S02H1 systemd-udevd[3126]: handling device node '/dev/bsg/22:0:0:138', devnum=c249:63, mode=0600, uid=0, gid=0
Apr 14 10:10:06 ICTM1612S02H1 systemd-udevd[3113]: value '[dmi/id]sys_vendor' is 'Dell Inc.'
Apr 14 10:10:06 ICTM1612S02H1 systemd-udevd[3232]: seq 4987 running
Apr 14 10:10:06 ICTM1612S02H1 systemd-udevd[3068]: path '[module/sg](null)' is '/sys/module/sg'
Apr 14 10:10:06 ICTM1612S02H1 systemd-udevd[3130]: seq 4983 processed
Apr 14 10:10:06 ICTM1612S02H1 systemd-udevd[3110]: value '[dmi/id]sys_vendor' is 'Dell Inc.'
Apr 14 10:10:06 ICTM1612S02H1 systemd-udevd[3074]: created empty file '/run/udev/data/c21:59' for '/devices/platform/host22/session7/target22:0:0/22:0:0:138/scsi_generic/sg59'
Apr 14 10:10:06 ICTM1612S02H1 systemd-udevd[3126]: preserve permissions /dev/bsg/22:0:0:138, 020600, uid=0, gid=0
Apr 14 10:10:06 ICTM1612S02H1 systemd-udevd[3113]: IMPORT builtin 'hwdb' /lib/udev/rules.d/50-udev-default.rules:15
Apr 14 10:10:06 ICTM1612S02H1 systemd-udevd[1486]: seq 4988 queued, 'add' 'scsi_device'
Apr 14 10:10:06 ICTM1612S02H1 systemd-udevd[3113]: IMPORT builtin 'hwdb' returned non-zero
Apr 14 10:10:06 ICTM1612S02H1 systemd-udevd[3135]: '/lib/udev/hdparm'(out) ''
Apr 14 10:10:06 ICTM1612S02H1 systemd-udevd[3074]: passed device to netlink monitor 0x565114714100
Apr 14 10:10:06 ICTM1612S02H1 systemd-udevd[3110]: value '[dmi/id]sys_vendor' is 'Dell Inc.'
Apr 14 10:10:06 ICTM1612S02H1 systemd-udevd[3126]: creating symlink '/dev/char/249:63' to '../bsg/22:0:0:138'
Apr 14 10:10:06 ICTM1612S02H1 systemd-udevd[3110]: passed device to netlink monitor 0x56511475de20
Apr 14 10:10:06 ICTM1612S02H1 systemd-udevd[1486]: passed 200 byte device to netlink monitor 0x565114712ae0
Apr 14 10:10:06 ICTM1612S02H1 systemd-udevd[3068]: RUN 'kmod load $env{MODALIAS}' /lib/udev/rules.d/80-drivers.rules:5
Apr 14 10:10:06 ICTM1612S02H1 systemd-udevd[3073]: seq 4988 running
Apr 14 10:10:06 ICTM1612S02H1 systemd-udevd[3135]: '/lib/udev/hdparm'(out) '/dev/sdo:'
Apr 14 10:10:06 ICTM1612S02H1 systemd-udevd[3113]: path '[module/sg](null)' is '/sys/module/sg'
Apr 14 10:10:06 ICTM1612S02H1 systemd-udevd[3074]: seq 4976 processed
Apr 14 10:10:06 ICTM1612S02H1 systemd-udevd[3126]: created empty file '/run/udev/data/c249:63' for '/devices/platform/host22/session7/target22:0:0/22:0:0:138/bsg/22:0:0:138'
Apr 14 10:10:06 ICTM1612S02H1 systemd-udevd[3232]: value '[dmi/id]sys_vendor' is 'Dell Inc.'
Apr 14 10:10:06 ICTM1612S02H1 systemd-udevd[3110]: seq 4984 processed
Apr 14 10:10:06 ICTM1612S02H1 systemd-udevd[1486]: seq 4989 queued, 'add' 'scsi_disk'
Apr 14 10:10:06 ICTM1612S02H1 systemd-udevd[3068]: Execute 'load' 'scsi:t-0x00'
Apr 14 10:10:06 ICTM1612S02H1 systemd-udevd[3135]: '/lib/udev/hdparm'(out) ' setting Advanced Power Management level to 0xfe (254)'
Apr 14 10:10:06 ICTM1612S02H1 systemd-udevd[3113]: RUN 'kmod load $env{MODALIAS}' /lib/udev/rules.d/80-drivers.rules:5
Apr 14 10:10:06 ICTM1612S02H1 systemd-udevd[3126]: passed device to netlink monitor 0x565114746ba0
Apr 14 10:10:06 ICTM1612S02H1 systemd-udevd[3068]: No module matches 'scsi:t-0x00'
Apr 14 10:10:06 ICTM1612S02H1 systemd-udevd[3073]: value '[dmi/id]sys_vendor' is 'Dell Inc.'
Apr 14 10:10:06 ICTM1612S02H1 systemd-udevd[1486]: seq 4990 queued, 'add' 'scsi_disk'
Apr 14 10:10:06 ICTM1612S02H1 systemd-udevd[3073]: value '[dmi/id]sys_vendor' is 'Dell Inc.'
Apr 14 10:10:06 ICTM1612S02H1 systemd-udevd[1486]: seq 4991 queued, 'add' 'scsi_generic'
Apr 14 10:10:06 ICTM1612S02H1 systemd-udevd[3113]: Execute 'load' 'scsi:t-0x00'
Apr 14 10:10:06 ICTM1612S02H1 systemd-udevd[3126]: seq 4978 processed
Apr 14 10:10:06 ICTM1612S02H1 systemd-udevd[3068]: passed device to netlink monitor 0x565114713cd0
Apr 14 10:10:06 ICTM1612S02H1 systemd-udevd[3135]: '/lib/udev/hdparm'(out) ' APM_level#011= not supported'
Apr 14 10:10:06 ICTM1612S02H1 systemd-udevd[3232]: value '[dmi/id]sys_vendor' is 'Dell Inc.'
Apr 14 10:10:06 ICTM1612S02H1 systemd-udevd[1486]: passed 232 byte device to netlink monitor 0x565114712ae0
Apr 14 10:10:06 ICTM1612S02H1 systemd-udevd[3119]: seq 4991 running
Apr 14 10:10:06 ICTM1612S02H1 systemd-udevd[3113]: No module matches 'scsi:t-0x00'
Apr 14 10:10:06 ICTM1612S02H1 systemd-udevd[3073]: passed device to netlink monitor 0x565114710f20
Apr 14 10:10:06 ICTM1612S02H1 systemd-udevd[3068]: seq 4986 processed
Apr 14 10:10:06 ICTM1612S02H1 systemd-udevd[3232]: IMPORT builtin 'hwdb' /lib/udev/rules.d/50-udev-default.rules:15
Apr 14 10:10:06 ICTM1612S02H1 systemd-udevd[3135]: Process '/lib/udev/hdparm' succeeded.
Apr 14 10:10:06 ICTM1612S02H1 systemd-udevd[3135]: adding watch on '/dev/sdo'
Apr 14 10:10:06 ICTM1612S02H1 systemd-udevd[3113]: passed device to netlink monitor 0x565114729780
Apr 14 10:10:06 ICTM1612S02H1 systemd-udevd[3073]: seq 4988 processed
Apr 14 10:10:06 ICTM1612S02H1 systemd-udevd[3135]: created db file '/run/udev/data/b8:224' for '/devices/platform/host18/session3/target18:0:0/18:0:0:1/block/sdo'
Apr 14 10:10:06 ICTM1612S02H1 systemd-udevd[1486]: seq 4992 queued, 'add' 'scsi_disk'
Apr 14 10:10:06 ICTM1612S02H1 systemd-udevd[3232]: IMPORT builtin 'hwdb' returned non-zero
Apr 14 10:10:06 ICTM1612S02H1 systemd-udevd[3113]: seq 4985 processed
Apr 14 10:10:06 ICTM1612S02H1 systemd-udevd[3119]: value '[dmi/id]sys_vendor' is 'Dell Inc.'
Apr 14 10:10:06 ICTM1612S02H1 systemd-udevd[3127]: '/lib/udev/hdparm'(out) ''
Apr 14 10:10:06 ICTM1612S02H1 systemd-udevd[3119]: value '[dmi/id]sys_vendor' is 'Dell Inc.'
Apr 14 10:10:06 ICTM1612S02H1 systemd-udevd[3118]: '/usr/bin/sg_inq --export --page=di /dev/sds'(out) 'SCSI_IDENT_LUN_NAA=60080e5000290b5400008a2f5605fd8a'
Apr 14 10:10:06 ICTM1612S02H1 systemd[1]: dev-disk-by\x2did-scsi\x2d360080e500029092400008d505605f98b.device: Dev dev-disk-by\x2did-scsi\x2d360080e500029092400008d505605f98b.device appeared twice with different sysfs paths /sys/devices/platform/host17/session2/target17:0:0/17:0:0:1/block/sdg and /sys/devices/platform/host18/session3/target18:0:0/18:0:0:1/block/sdo
Apr 14 10:10:06 ICTM1612S02H1 systemd-udevd[1486]: passed 192 byte device to netlink monitor 0x565114712ae0
Apr 14 10:10:06 ICTM1612S02H1 systemd-udevd[3073]: seq 4990 running
Apr 14 10:10:06 ICTM1612S02H1 systemd-udevd[3232]: path '[module/sg](null)' is '/sys/module/sg'
Apr 14 10:10:06 ICTM1612S02H1 systemd-udevd[3127]: '/lib/udev/hdparm'(out) '/dev/sdi:'
Apr 14 10:10:06 ICTM1612S02H1 systemd-udevd[3135]: passed device to netlink monitor 0x56511476c140
Apr 14 10:10:06 ICTM1612S02H1 systemd-udevd[3118]: '/usr/bin/sg_inq --export --page=di /dev/sds'(out) 'SCSI_IDENT_PORT_RELATIVE=2'
Apr 14 10:10:06 ICTM1612S02H1 systemd-udevd[3119]: GROUP 6 /lib/udev/rules.d/50-udev-default.rules:63
Apr 14 10:10:06 ICTM1612S02H1 systemd[1]: dev-disk-by\x2did-scsi\x2dSNETAPP_INF\x2d01\x2d00_SR21500107.device: Dev dev-disk-by\x2did-scsi\x2dSNETAPP_INF\x2d01\x2d00_SR21500107.device appeared twice with different sysfs paths /sys/devices/platform/host17/session2/target17:0:0/17:0:0:1/block/sdg and /sys/devices/platform/host18/session3/target18:0:0/18:0:0:1/block/sdo
Apr 14 10:10:06 ICTM1612S02H1 systemd-udevd[3073]: value '[dmi/id]sys_vendor' is 'Dell Inc.'
Apr 14 10:10:06 ICTM1612S02H1 systemd-udevd[3119]: handling device node '/dev/sg60', devnum=c21:60, mode=0660, uid=0, gid=6
Apr 14 10:10:06 ICTM1612S02H1 systemd-udevd[3127]: '/lib/udev/hdparm'(out) ' setting Advanced Power Management level to 0xfe (254)'
Apr 14 10:10:06 ICTM1612S02H1 systemd-udevd[3127]: '/lib/udev/hdparm'(out) ' APM_level#011= not supported'
Apr 14 10:10:06 ICTM1612S02H1 systemd-udevd[3118]: Process '/usr/bin/sg_inq --export --page=di /dev/sds' succeeded.
Apr 14 10:10:06 ICTM1612S02H1 systemd-udevd[3127]: Process '/lib/udev/hdparm' succeeded.
Apr 14 10:10:06 ICTM1612S02H1 systemd-udevd[3232]: RUN 'kmod load $env{MODALIAS}' /lib/udev/rules.d/80-drivers.rules:5
Apr 14 10:10:06 ICTM1612S02H1 systemd-udevd[3119]: set permissions /dev/sg60, 020660, uid=0, gid=6
Apr 14 10:10:06 ICTM1612S02H1 kernel: [ 56.488110] sd 19:0:0:19: [sdgj] Write Protect is off
Apr 14 10:10:06 ICTM1612S02H1 kernel: [ 56.488112] sd 19:0:0:19: [sdgj] Mode Sense: 83 00 10 08
Apr 14 10:10:06 ICTM1612S02H1 kernel: [ 56.488416] sd 18:0:0:13: [sdfh] Attached SCSI disk
Apr 14 10:10:06 ICTM1612S02H1 kernel: [ 56.488436] sd 19:0:0:20: [sdgn] 4194304 512-byte logical blocks: (2.15 GB/2.00 GiB)
Apr 14 10:10:06 ICTM1612S02H1 kernel: [ 56.488671] scsi 19:0:0:121: Direct-Access NETAPP INF-01-00 9820 PQ: 0 ANSI: 5
Apr 14 10:10:06 ICTM1612S02H1 kernel: [ 56.488708] sd 18:0:0:19: Attached scsi generic sg202 type 0
Apr 14 10:10:06 ICTM1612S02H1 kernel: [ 56.489880] sd 17:0:0:19: [sdgi] Write cache: enabled, read cache: enabled, supports DPO and FUA
Apr 14 10:10:06 ICTM1612S02H1 systemd-udevd[3073]: value '[dmi/id]sys_vendor' is 'Dell Inc.'
Apr 14 10:10:06 ICTM1612S02H1 systemd-udevd[3135]: seq 4877 processed
Apr 14 10:10:06 ICTM1612S02H1 systemd-udevd[1486]: seq 4993 queued, 'add' 'scsi_device'
Apr 14 10:10:06 ICTM1612S02H1 systemd-udevd[3073]: passed device to netlink monitor 0x565114710f20
Apr 14 10:10:06 ICTM1612S02H1 systemd-udevd[3118]: PROGRAM '/sbin/multipath -c /dev/sds' /lib/udev/rules.d/56-dm-mpath-lvm.rules:21
Apr 14 10:10:06 ICTM1612S02H1 systemd-udevd[3232]: Execute 'load' 'scsi:t-0x00'
Apr 14 10:10:06 ICTM1612S02H1 systemd-udevd[3119]: creating symlink '/dev/char/21:60' to '../sg60'
Apr 14 10:10:06 ICTM1612S02H1 systemd-udevd[3073]: seq 4990 processed
Apr 14 10:10:06 ICTM1612S02H1 systemd-udevd[3127]: adding watch on '/dev/sdi'
Apr 14 10:10:06 ICTM1612S02H1 systemd-udevd[1486]: passed 196 byte device to netlink monitor 0x565114712ae0
Apr 14 10:10:06 ICTM1612S02H1 systemd-udevd[3135]: seq 4989 running
Apr 14 10:10:06 ICTM1612S02H1 systemd-udevd[3232]: No module matches 'scsi:t-0x00'
Apr 14 10:10:06 ICTM1612S02H1 systemd-udevd[3119]: created empty file '/run/udev/data/c21:60' for '/devices/platform/host20/session5/target20:0:0/20:0:0:138/scsi_generic/sg60'
Apr 14 10:10:06 ICTM1612S02H1 systemd-udevd[1486]: passed 200 byte device to netlink monitor 0x565114712ae0
Apr 14 10:10:06 ICTM1612S02H1 systemd-udevd[3127]: created db file '/run/udev/data/b8:128' for '/devices/platform/host19/session4/target19:0:0/19:0:0:1/block/sdi'
Apr 14 10:10:06 ICTM1612S02H1 systemd-udevd[3130]: seq 4993 running
Apr 14 10:10:06 ICTM1612S02H1 systemd-udevd[3232]: passed device to netlink monitor 0x5651147837b0
Apr 14 10:10:06 ICTM1612S02H1 systemd-udevd[3119]: passed device to netlink monitor 0x565114761270
Apr 14 10:10:06 ICTM1612S02H1 systemd-udevd[3535]: starting '/sbin/multipath -c /dev/sds'
Apr 14 10:10:06 ICTM1612S02H1 systemd[1]: dev-disk-by\x2dpath-ip\x2dfe80:0000:0000:0000:0192:0012:0021:0112:3260\x2discsi\x2diqn.1992\x2d08.com.netapp:5504.60080e5000290924000000005525f5de\x2dlun\x2d1.device: Changed dead -> plugged
Apr 14 10:10:06 ICTM1612S02H1 systemd-udevd[1486]: seq 4994 queued, 'add' 'scsi_device'
Apr 14 10:10:06 ICTM1612S02H1 systemd-udevd[3232]: seq 4987 processed
Apr 14 10:10:06 ICTM1612S02H1 systemd-udevd[3119]: seq 4991 processed
Apr 14 10:10:06 ICTM1612S02H1 systemd-udevd[3135]: value '[dmi/id]sys_vendor' is 'Dell Inc.'
Apr 14 10:10:06 ICTM1612S02H1 systemd-udevd[3127]: passed device to netlink monitor 0x565114765180
Apr 14 10:10:06 ICTM1612S02H1 systemd[1]: dev-sdo.device: Changed dead -> plugged
Apr 14 10:10:06 ICTM1612S02H1 systemd-udevd[1486]: passed 196 byte device to netlink monitor 0x565114712ae0
Apr 14 10:10:06 ICTM1612S02H1 systemd-udevd[3074]: seq 4994 running
Apr 14 10:10:06 ICTM1612S02H1 systemd-udevd[3130]: value '[dmi/id]sys_vendor' is 'Dell Inc.'
Apr 14 10:10:06 ICTM1612S02H1 systemd-udevd[3127]: seq 4859 processed
Apr 14 10:10:06 ICTM1612S02H1 systemd-udevd[3135]: value '[dmi/id]sys_vendor' is 'Dell Inc.'
Apr 14 10:10:06 ICTM1612S02H1 systemd[1]: sys-devices-platform-host18-session3-target18:0:0-18:0:0:1-block-sdo.device: Changed dead -> plugged
Apr 14 10:10:06 ICTM1612S02H1 systemd-udevd[1486]: passed 196 byte device to netlink monitor 0x565114712ae0
Apr 14 10:10:06 ICTM1612S02H1 systemd-udevd[3073]: seq 4992 running
Apr 14 10:10:06 ICTM1612S02H1 systemd-udevd[3130]: value '[dmi/id]sys_vendor' is 'Dell Inc.'
Apr 14 10:10:06 ICTM1612S02H1 systemd[1]: Sent message type=signal sender=n/a destination=n/a object=/org/freedesktop/systemd1 interface=org.freedesktop.systemd1.Manager member=UnitNew cookie=114 reply_cookie=0 error=n/a
Apr 14 10:10:06 ICTM1612S02H1 systemd-udevd[3135]: passed device to netlink monitor 0x56511476c140
Apr 14 10:10:06 ICTM1612S02H1 kernel: [ 56.490447] sd 16:0:0:122: Attached scsi generic sg203 type 0
Apr 14 10:10:06 ICTM1612S02H1 systemd-udevd[3074]: value '[dmi/id]sys_vendor' is 'Dell Inc.'
Apr 14 10:10:06 ICTM1612S02H1 kernel: [ 56.491163] sd 16:0:0:16: [sdfi] Attached SCSI disk
Apr 14 10:10:06 ICTM1612S02H1 kernel: [ 56.491487] sd 18:0:0:18: [sdgk] Write Protect is off
Apr 14 10:10:06 ICTM1612S02H1 kernel: [ 56.491490] sd 18:0:0:18: [sdgk] Mode Sense: 83 00 10 08
Apr 14 10:10:06 ICTM1612S02H1 systemd-udevd[1486]: seq 4995 queued, 'add' 'bsg'
Apr 14 10:10:06 ICTM1612S02H1 systemd[1]: Sent message type=signal sender=n/a destination=n/a object=/org/freedesktop/systemd1 interface=org.freedesktop.systemd1.Manager member=UnitNew cookie=115 reply_cookie=0 error=n/a
Apr 14 10:10:06 ICTM1612S02H1 systemd-udevd[3135]: seq 4989 processed
Apr 14 10:10:06 ICTM1612S02H1 systemd-udevd[3130]: passed device to netlink monitor 0x565114760a80
Apr 14 10:10:06 ICTM1612S02H1 systemd-udevd[1486]: passed 231 byte device to netlink monitor 0x565114712ae0
Apr 14 10:10:06 ICTM1612S02H1 systemd-udevd[3074]: value '[dmi/id]sys_vendor' is 'Dell Inc.'
Apr 14 10:10:06 ICTM1612S02H1 systemd-udevd[3119]: seq 4995 running
Apr 14 10:10:06 ICTM1612S02H1 systemd[1]: Sent message type=signal sender=n/a destination=n/a object=/org/freedesktop/systemd1 interface=org.freedesktop.systemd1.Manager member=UnitNew cookie=116 reply_cookie=0 error=n/a
Apr 14 10:10:06 ICTM1612S02H1 systemd-udevd[3073]: value '[dmi/id]sys_vendor' is 'Dell Inc.'
Apr 14 10:10:06 ICTM1612S02H1 systemd-udevd[3130]: seq 4993 processed
Apr 14 10:10:06 ICTM1612S02H1 systemd-udevd[1486]: seq 4996 queued, 'add' 'scsi_generic'
Apr 14 10:10:06 ICTM1612S02H1 systemd-udevd[3074]: passed device to netlink monitor 0x565114714100
Apr 14 10:10:06 ICTM1612S02H1 systemd-udevd[1486]: passed 232 byte device to netlink monitor 0x565114712ae0
Apr 14 10:10:06 ICTM1612S02H1 systemd-udevd[3073]: value '[dmi/id]sys_vendor' is 'Dell Inc.'
Apr 14 10:10:06 ICTM1612S02H1 systemd-udevd[3074]: seq 4994 processed
Apr 14 10:10:06 ICTM1612S02H1 systemd-udevd[3135]: seq 4996 running
Apr 14 10:10:06 ICTM1612S02H1 systemd[1]: dev-disk-by\x2did-scsi\x2dSNETAPP_INF\x2d01\x2d00_SR21500247.device: Dev dev-disk-by\x2did-scsi\x2dSNETAPP_INF\x2d01\x2d00_SR21500247.device appeared twice with different sysfs paths /sys/devices/platform/host16/session1/target16:0:0/16:0:0:0/block/sdb and /sys/devices/platform/host19/session4/target19:0:0/19:0:0:1/block/sdi
Apr 14 10:10:06 ICTM1612S02H1 systemd-udevd[1486]: seq 4997 queued, 'add' 'scsi_device'
Apr 14 10:10:06 ICTM1612S02H1 systemd-udevd[3119]: value '[dmi/id]sys_vendor' is 'Dell Inc.'
Apr 14 10:10:06 ICTM1612S02H1 systemd[1]: dev-disk-by\x2did-wwn\x2d0x60080e500029092400008d505605f98b.device: Dev dev-disk-by\x2did-wwn\x2d0x60080e500029092400008d505605f98b.device appeared twice with different sysfs paths /sys/devices/platform/host17/session2/target17:0:0/17:0:0:1/block/sdg and /sys/devices/platform/host19/session4/target19:0:0/19:0:0:1/block/sdi
Apr 14 10:10:06 ICTM1612S02H1 systemd-udevd[3073]: passed device to netlink monitor 0x565114710f20
Apr 14 10:10:06 ICTM1612S02H1 systemd-udevd[1486]: passed 200 byte device to netlink monitor 0x565114712ae0
Apr 14 10:10:06 ICTM1612S02H1 systemd-udevd[3130]: seq 4997 running
Apr 14 10:10:06 ICTM1612S02H1 systemd-udevd[3073]: seq 4992 processed
Apr 14 10:10:06 ICTM1612S02H1 systemd-udevd[3119]: value '[dmi/id]sys_vendor' is 'Dell Inc.'
Apr 14 10:10:06 ICTM1612S02H1 systemd-udevd[1486]: seq 4998 queued, 'add' 'bsg'
Apr 14 10:10:06 ICTM1612S02H1 systemd-udevd[3135]: value '[dmi/id]sys_vendor' is 'Dell Inc.'
Apr 14 10:10:06 ICTM1612S02H1 systemd-udevd[1486]: passed 231 byte device to netlink monitor 0x565114712ae0
Apr 14 10:10:06 ICTM1612S02H1 systemd-udevd[1486]: seq 4999 queued, 'add' 'scsi_generic'
Apr 14 10:10:06 ICTM1612S02H1 systemd-udevd[3074]: seq 4998 running
Apr 14 10:10:06 ICTM1612S02H1 systemd-udevd[3130]: value '[dmi/id]sys_vendor' is 'Dell Inc.'
Apr 14 10:10:06 ICTM1612S02H1 systemd-udevd[3119]: handling device node '/dev/bsg/20:0:0:138', devnum=c249:64, mode=0600, uid=0, gid=0
Apr 14 10:10:06 ICTM1612S02H1 systemd-udevd[1486]: passed 230 byte device to netlink monitor 0x565114712ae0
Apr 14 10:10:06 ICTM1612S02H1 systemd-udevd[3073]: seq 4999 running
Apr 14 10:10:06 ICTM1612S02H1 systemd-udevd[3135]: value '[dmi/id]sys_vendor' is 'Dell Inc.'
Apr 14 10:10:06 ICTM1612S02H1 systemd-udevd[3119]: preserve permissions /dev/bsg/20:0:0:138, 020600, uid=0, gid=0
Apr 14 10:10:06 ICTM1612S02H1 systemd[1]: dev-disk-by\x2dpath-ip\x2dfe80:0000:0000:0000:0192:0012:0022:0111:3260\x2discsi\x2diqn.1992\x2d08.com.netapp:5504.60080e5000290924000000005525f5de\x2dlun\x2d1.device: Changed dead -> plugged
Apr 14 10:10:06 ICTM1612S02H1 systemd-udevd[3130]: value '[dmi/id]sys_vendor' is 'Dell Inc.'
Apr 14 10:10:06 ICTM1612S02H1 systemd-udevd[1486]: seq 5000 queued, 'add' 'bdi'
Apr 14 10:10:06 ICTM1612S02H1 systemd-udevd[3127]: seq 5000 running
Apr 14 10:10:06 ICTM1612S02H1 systemd[1]: dev-sdi.device: Changed dead -> plugged
Apr 14 10:10:06 ICTM1612S02H1 systemd-udevd[1486]: passed 138 byte device to netlink monitor 0x565114712ae0
Apr 14 10:10:06 ICTM1612S02H1 systemd-udevd[3135]: GROUP 6 /lib/udev/rules.d/50-udev-default.rules:63
Apr 14 10:10:06 ICTM1612S02H1 systemd-udevd[3119]: creating symlink '/dev/char/249:64' to '../bsg/20:0:0:138'
Apr 14 10:10:06 ICTM1612S02H1 systemd[1]: sys-devices-platform-host19-session4-target19:0:0-19:0:0:1-block-sdi.device: Changed dead -> plugged
Apr 14 10:10:06 ICTM1612S02H1 systemd-udevd[3130]: passed device to netlink monitor 0x565114760a80
Apr 14 10:10:06 ICTM1612S02H1 systemd-udevd[1486]: seq 5001 queued, 'add' 'scsi'
Apr 14 10:10:06 ICTM1612S02H1 systemd-udevd[3119]: created empty file '/run/udev/data/c249:64' for '/devices/platform/host20/session5/target20:0:0/20:0:0:138/bsg/20:0:0:138'
Apr 14 10:10:06 ICTM1612S02H1 systemd-udevd[3130]: seq 4997 processed
Apr 14 10:10:06 ICTM1612S02H1 systemd[1]: Sent message type=signal sender=n/a destination=n/a object=/org/freedesktop/systemd1 interface=org.freedesktop.systemd1.Manager member=UnitNew cookie=117 reply_cookie=0 error=n/a
Apr 14 10:10:06 ICTM1612S02H1 kernel: [ 56.492431] sd 18:0:0:19: [sdgo] 4194304 512-byte logical blocks: (2.15 GB/2.00 GiB)
Apr 14 10:10:06 ICTM1612S02H1 kernel: [ 56.492560] sd 19:0:0:19: [sdgj] Write cache: enabled, read cache: enabled, supports DPO and FUA
Apr 14 10:10:06 ICTM1612S02H1 kernel: [ 56.492750] sd 17:0:0:15: [sdfj] Attached SCSI disk
Apr 14 10:10:06 ICTM1612S02H1 kernel: [ 56.492968] scsi 18:0:0:20: Direct-Access NETAPP INF-01-00 9820 PQ: 0 ANSI: 5
Apr 14 10:10:06 ICTM1612S02H1 kernel: [ 56.493701] sd 17:0:0:121: Attached scsi generic sg204 type 0
Apr 14 10:10:06 ICTM1612S02H1 systemd-udevd[3135]: handling device node '/dev/sg61', devnum=c21:61, mode=0660, uid=0, gid=6
Apr 14 10:10:06 ICTM1612S02H1 systemd-udevd[1486]: passed 209 byte device to netlink monitor 0x565114712ae0
Apr 14 10:10:06 ICTM1612S02H1 systemd-udevd[3126]: seq 5001 running
Apr 14 10:10:06 ICTM1612S02H1 systemd-udevd[3119]: passed device to netlink monitor 0x565114761270
Apr 14 10:10:06 ICTM1612S02H1 systemd-udevd[3074]: value '[dmi/id]sys_vendor' is 'Dell Inc.'
Apr 14 10:10:06 ICTM1612S02H1 systemd-udevd[3127]: value '[dmi/id]sys_vendor' is 'Dell Inc.'
Apr 14 10:10:06 ICTM1612S02H1 systemd-udevd[3073]: value '[dmi/id]sys_vendor' is 'Dell Inc.'
Apr 14 10:10:06 ICTM1612S02H1 systemd-udevd[3118]: '/sbin/multipath -c /dev/sds'(out) '/dev/sds is not a valid multipath device path'
Apr 14 10:10:06 ICTM1612S02H1 systemd-udevd[3236]: LINK 'disk/by-id/wwn-0x60080e5000290b5400008a2f5605fd8a' /lib/udev/rules.d/60-persistent-storage.rules:73
Apr 14 10:10:06 ICTM1612S02H1 systemd[1]: Sent message type=signal sender=n/a destination=n/a object=/org/freedesktop/systemd1 interface=org.freedesktop.systemd1.Manager member=UnitNew cookie=118 reply_cookie=0 error=n/a
Apr 14 10:10:06 ICTM1612S02H1 systemd-udevd[3236]: IMPORT 'probe-bcache -o udev /dev/sdn' /lib/udev/rules.d/69-bcache.rules:16
Apr 14 10:10:06 ICTM1612S02H1 systemd-udevd[1486]: seq 5002 queued, 'add' 'bsg'
Apr 14 10:10:06 ICTM1612S02H1 systemd-udevd[3119]: seq 4995 processed
Apr 14 10:10:06 ICTM1612S02H1 systemd-udevd[3118]: Process '/sbin/multipath -c /dev/sds' failed with exit code 1.
Apr 14 10:10:06 ICTM1612S02H1 systemd-udevd[3074]: value '[dmi/id]sys_vendor' is 'Dell Inc.'
Apr 14 10:10:06 ICTM1612S02H1 systemd[1]: Sent message type=signal sender=n/a destination=n/a object=/org/freedesktop/systemd1 interface=org.freedesktop.systemd1.Manager member=UnitNew cookie=119 reply_cookie=0 error=n/a
Apr 14 10:10:06 ICTM1612S02H1 systemd-udevd[3135]: set permissions /dev/sg61, 020660, uid=0, gid=6
Apr 14 10:10:06 ICTM1612S02H1 systemd-udevd[3074]: handling device node '/dev/bsg/23:0:0:137', devnum=c249:65, mode=0600, uid=0, gid=0
Apr 14 10:10:06 ICTM1612S02H1 systemd-udevd[1486]: passed 225 byte device to netlink monitor 0x565114712ae0
Apr 14 10:10:06 ICTM1612S02H1 systemd-udevd[3073]: value '[dmi/id]sys_vendor' is 'Dell Inc.'
Apr 14 10:10:06 ICTM1612S02H1 systemd-udevd[3126]: value '[dmi/id]sys_vendor' is 'Dell Inc.'
Apr 14 10:10:06 ICTM1612S02H1 systemd-udevd[3130]: seq 5002 running
Apr 14 10:10:06 ICTM1612S02H1 systemd-udevd[3118]: LINK 'disk/by-id/scsi-SNETAPP_INF-01-00_SR21500247' /lib/udev/rules.d/58-scsi-sg3_symlink.rules:12
Apr 14 10:10:06 ICTM1612S02H1 systemd-udevd[3135]: creating symlink '/dev/char/21:61' to '../sg61'
Apr 14 10:10:06 ICTM1612S02H1 systemd-udevd[3127]: value '[dmi/id]sys_vendor' is 'Dell Inc.'
Apr 14 10:10:06 ICTM1612S02H1 systemd-udevd[3074]: preserve permissions /dev/bsg/23:0:0:137, 020600, uid=0, gid=0
Apr 14 10:10:06 ICTM1612S02H1 systemd-udevd[1486]: seq 5003 queued, 'add' 'scsi_generic'
Apr 14 10:10:06 ICTM1612S02H1 systemd-udevd[3073]: GROUP 6 /lib/udev/rules.d/50-udev-default.rules:63
Apr 14 10:10:06 ICTM1612S02H1 systemd-udevd[3536]: starting 'probe-bcache -o udev /dev/sdn'
Apr 14 10:10:06 ICTM1612S02H1 systemd-udevd[3126]: value '[dmi/id]sys_vendor' is 'Dell Inc.'
Apr 14 10:10:06 ICTM1612S02H1 systemd-udevd[3118]: LINK 'disk/by-id/scsi-360080e5000290b5400008a2f5605fd8a' /lib/udev/rules.d/58-scsi-sg3_symlink.rules:15
Apr 14 10:10:06 ICTM1612S02H1 systemd-udevd[3118]: LINK 'disk/by-id/scsi-360080e5000290b5400008a2f5605fd8a' /lib/udev/rules.d/60-persistent-storage.rules:36
Apr 14 10:10:06 ICTM1612S02H1 systemd-udevd[3127]: passed device to netlink monitor 0x565114765180
Apr 14 10:10:06 ICTM1612S02H1 systemd-udevd[3074]: creating symlink '/dev/char/249:65' to '../bsg/23:0:0:137'
Apr 14 10:10:06 ICTM1612S02H1 systemd-udevd[1486]: passed 232 byte device to netlink monitor 0x565114712ae0
Apr 14 10:10:06 ICTM1612S02H1 systemd-udevd[3119]: seq 5003 running
Apr 14 10:10:06 ICTM1612S02H1 systemd-udevd[3130]: value '[dmi/id]sys_vendor' is 'Dell Inc.'
Apr 14 10:10:06 ICTM1612S02H1 systemd-udevd[3073]: handling device node '/dev/sg62', devnum=c21:62, mode=0660, uid=0, gid=6
Apr 14 10:10:06 ICTM1612S02H1 systemd-udevd[3130]: value '[dmi/id]sys_vendor' is 'Dell Inc.'
Apr 14 10:10:06 ICTM1612S02H1 systemd-udevd[3135]: created empty file '/run/udev/data/c21:61' for '/devices/platform/host23/session8/target23:0:0/23:0:0:137/scsi_generic/sg61'
Apr 14 10:10:06 ICTM1612S02H1 systemd-udevd[3118]: IMPORT builtin 'path_id' /lib/udev/rules.d/60-persistent-storage.rules:54
Apr 14 10:10:06 ICTM1612S02H1 systemd-udevd[3127]: seq 5000 processed
Apr 14 10:10:06 ICTM1612S02H1 systemd-udevd[3074]: created empty file '/run/udev/data/c249:65' for '/devices/platform/host23/session8/target23:0:0/23:0:0:137/bsg/23:0:0:137'
Apr 14 10:10:06 ICTM1612S02H1 systemd-udevd[1486]: seq 5004 queued, 'add' 'bdi'
Apr 14 10:10:06 ICTM1612S02H1 systemd-udevd[3073]: set permissions /dev/sg62, 020660, uid=0, gid=6
Apr 14 10:10:06 ICTM1612S02H1 systemd-udevd[3126]: IMPORT builtin 'hwdb' /lib/udev/rules.d/50-udev-default.rules:15
Apr 14 10:10:06 ICTM1612S02H1 systemd-udevd[3135]: passed device to netlink monitor 0x56511476c140
Apr 14 10:10:06 ICTM1612S02H1 systemd-udevd[3119]: value '[dmi/id]sys_vendor' is 'Dell Inc.'
Apr 14 10:10:06 ICTM1612S02H1 systemd-udevd[3130]: handling device node '/dev/bsg/16:0:0:6', devnum=c249:66, mode=0600, uid=0, gid=0
Apr 14 10:10:06 ICTM1612S02H1 systemd-udevd[3074]: passed device to netlink monitor 0x565114714100
Apr 14 10:10:06 ICTM1612S02H1 systemd-udevd[1486]: passed 139 byte device to netlink monitor 0x565114712ae0
Apr 14 10:10:06 ICTM1612S02H1 systemd-udevd[3102]: seq 5004 running
Apr 14 10:10:06 ICTM1612S02H1 systemd-udevd[3073]: creating symlink '/dev/char/21:62' to '../sg62'
Apr 14 10:10:06 ICTM1612S02H1 systemd-udevd[3135]: seq 4996 processed
Apr 14 10:10:06 ICTM1612S02H1 systemd-udevd[3126]: IMPORT builtin 'hwdb' returned non-zero
Apr 14 10:10:06 ICTM1612S02H1 systemd-udevd[3145]: LINK 'disk/by-id/wwn-0x60080e500029092400008d525605f996' /lib/udev/rules.d/60-persistent-storage.rules:73
Apr 14 10:10:06 ICTM1612S02H1 systemd-udevd[3118]: LINK 'disk/by-path/ip-fe80:0000:0000:0000:0192:0012:0022:0111:3260-iscsi-iqn.1992-08.com.netapp:5504.60080e5000290924000000005525f5de-lun-2' /lib/udev/rules.d/60-persistent-storage.rules:55
Apr 14 10:10:06 ICTM1612S02H1 systemd-udevd[3130]: preserve permissions /dev/bsg/16:0:0:6, 020600, uid=0, gid=0
Apr 14 10:10:06 ICTM1612S02H1 systemd-udevd[3119]: value '[dmi/id]sys_vendor' is 'Dell Inc.'
Apr 14 10:10:06 ICTM1612S02H1 systemd-udevd[3074]: seq 4998 processed
Apr 14 10:10:06 ICTM1612S02H1 systemd-udevd[1486]: seq 5005 queued, 'add' 'scsi_disk'
Apr 14 10:10:06 ICTM1612S02H1 systemd-udevd[3073]: created empty file '/run/udev/data/c21:62' for '/devices/platform/host16/session1/target16:0:0/16:0:0:6/scsi_generic/sg62'
Apr 14 10:10:06 ICTM1612S02H1 systemd-udevd[3126]: path '[module/sg](null)' is '/sys/module/sg'
Apr 14 10:10:06 ICTM1612S02H1 systemd-udevd[3102]: value '[dmi/id]sys_vendor' is 'Dell Inc.'
Apr 14 10:10:06 ICTM1612S02H1 systemd-udevd[3118]: IMPORT builtin 'blkid' /lib/udev/rules.d/60-persistent-storage.rules:66
Apr 14 10:10:06 ICTM1612S02H1 systemd-udevd[3102]: value '[dmi/id]sys_vendor' is 'Dell Inc.'
Apr 14 10:10:06 ICTM1612S02H1 systemd-udevd[3130]: creating symlink '/dev/char/249:66' to '../bsg/16:0:0:6'
Apr 14 10:10:06 ICTM1612S02H1 systemd-udevd[3119]: GROUP 6 /lib/udev/rules.d/50-udev-default.rules:63
Apr 14 10:10:06 ICTM1612S02H1 systemd-udevd[3073]: passed device to netlink monitor 0x565114710f20
Apr 14 10:10:06 ICTM1612S02H1 systemd-udevd[3126]: RUN 'kmod load $env{MODALIAS}' /lib/udev/rules.d/80-drivers.rules:5
Apr 14 10:10:06 ICTM1612S02H1 systemd-udevd[3126]: Execute 'load' 'scsi:t-0x00'
Apr 14 10:10:06 ICTM1612S02H1 systemd-udevd[3145]: IMPORT 'probe-bcache -o udev /dev/sdp' /lib/udev/rules.d/69-bcache.rules:16
Apr 14 10:10:06 ICTM1612S02H1 systemd-udevd[3102]: passed device to netlink monitor 0x5651147277a0
Apr 14 10:10:06 ICTM1612S02H1 systemd-udevd[3130]: created empty file '/run/udev/data/c249:66' for '/devices/platform/host16/session1/target16:0:0/16:0:0:6/bsg/16:0:0:6'
Apr 14 10:10:06 ICTM1612S02H1 systemd-udevd[3073]: seq 4999 processed
Apr 14 10:10:06 ICTM1612S02H1 systemd-udevd[3119]: handling device node '/dev/sg63', devnum=c21:63, mode=0660, uid=0, gid=6
Apr 14 10:10:06 ICTM1612S02H1 systemd-udevd[3126]: No module matches 'scsi:t-0x00'
Apr 14 10:10:06 ICTM1612S02H1 systemd-udevd[1486]: seq 5006 queued, 'add' 'bsg'
Apr 14 10:10:06 ICTM1612S02H1 systemd-udevd[3102]: seq 5004 processed
Apr 14 10:10:06 ICTM1612S02H1 systemd-udevd[3130]: passed device to netlink monitor 0x565114760a80
Apr 14 10:10:06 ICTM1612S02H1 systemd-udevd[3119]: set permissions /dev/sg63, 020660, uid=0, gid=6
Apr 14 10:10:06 ICTM1612S02H1 systemd-udevd[3126]: passed device to netlink monitor 0x565114746ba0
Apr 14 10:10:06 ICTM1612S02H1 systemd-udevd[1486]: passed 231 byte device to netlink monitor 0x565114712ae0
Apr 14 10:10:06 ICTM1612S02H1 systemd-udevd[3135]: seq 5006 running
Apr 14 10:10:06 ICTM1612S02H1 systemd-udevd[3538]: starting 'probe-bcache -o udev /dev/sdp'
Apr 14 10:10:06 ICTM1612S02H1 systemd-udevd[3130]: seq 5002 processed
Apr 14 10:10:06 ICTM1612S02H1 systemd-udevd[3118]: probe /dev/sds raid offset=0
Apr 14 10:10:06 ICTM1612S02H1 systemd-udevd[3119]: creating symlink '/dev/char/21:63' to '../sg63'
Apr 14 10:10:06 ICTM1612S02H1 systemd-udevd[3126]: seq 5001 processed
Apr 14 10:10:06 ICTM1612S02H1 systemd-udevd[1486]: seq 5007 queued, 'add' 'scsi_device'
Apr 14 10:10:06 ICTM1612S02H1 systemd-udevd[3119]: created empty file '/run/udev/data/c21:63' for '/devices/platform/host21/session6/target21:0:0/21:0:0:137/scsi_generic/sg63'
Apr 14 10:10:06 ICTM1612S02H1 systemd-udevd[1486]: passed 192 byte device to netlink monitor 0x565114712ae0
Apr 14 10:10:06 ICTM1612S02H1 systemd-udevd[3119]: passed device to netlink monitor 0x565114761270
Apr 14 10:10:06 ICTM1612S02H1 systemd-udevd[3135]: value '[dmi/id]sys_vendor' is 'Dell Inc.'
Apr 14 10:10:06 ICTM1612S02H1 systemd-udevd[1486]: passed 196 byte device to netlink monitor 0x565114712ae0
Apr 14 10:10:06 ICTM1612S02H1 systemd-udevd[3073]: seq 5005 running
Apr 14 10:10:06 ICTM1612S02H1 systemd-udevd[3119]: seq 5003 processed
Apr 14 10:10:06 ICTM1612S02H1 systemd-udevd[3130]: seq 5007 running
Apr 14 10:10:06 ICTM1612S02H1 systemd-udevd[3135]: value '[dmi/id]sys_vendor' is 'Dell Inc.'
Apr 14 10:10:06 ICTM1612S02H1 systemd-udevd[3236]: Process 'probe-bcache -o udev /dev/sdn' succeeded.
Apr 14 10:10:06 ICTM1612S02H1 systemd-udevd[1486]: seq 5008 queued, 'add' 'scsi_generic'
Apr 14 10:10:06 ICTM1612S02H1 systemd-udevd[3135]: handling device node '/dev/bsg/21:0:0:137', devnum=c249:67, mode=0600, uid=0, gid=0
Apr 14 10:10:06 ICTM1612S02H1 systemd-udevd[1486]: passed 230 byte device to netlink monitor 0x565114712ae0
Apr 14 10:10:06 ICTM1612S02H1 systemd-udevd[3236]: RUN '/lib/udev/hdparm' /lib/udev/rules.d/85-hdparm.rules:1
Apr 14 10:10:06 ICTM1612S02H1 systemd-udevd[3074]: seq 5008 running
Apr 14 10:10:06 ICTM1612S02H1 systemd-udevd[3236]: ATTR '/sys/devices/platform/host17/session2/target17:0:0/17:0:0:2/block/sdn/queue/max_sectors_kb' writing '32767' /etc/udev/rules.d/99-largeio-udev.rules:1
Apr 14 10:10:06 ICTM1612S02H1 systemd-udevd[3130]: value '[dmi/id]sys_vendor' is 'Dell Inc.'
Apr 14 10:10:06 ICTM1612S02H1 systemd-udevd[3135]: preserve permissions /dev/bsg/21:0:0:137, 020600, uid=0, gid=0
Apr 14 10:10:06 ICTM1612S02H1 systemd-udevd[1486]: seq 5009 queued, 'add' 'scsi'
Apr 14 10:10:06 ICTM1612S02H1 systemd-udevd[3119]: seq 5009 running
Apr 14 10:10:06 ICTM1612S02H1 systemd-udevd[3236]: handling device node '/dev/sdn', devnum=b8:208, mode=0660, uid=0, gid=6
Apr 14 10:10:06 ICTM1612S02H1 systemd-udevd[3135]: creating symlink '/dev/char/249:67' to '../bsg/21:0:0:137'
Apr 14 10:10:06 ICTM1612S02H1 systemd-udevd[3130]: value '[dmi/id]sys_vendor' is 'Dell Inc.'
Apr 14 10:10:06 ICTM1612S02H1 systemd-udevd[1486]: passed 211 byte device to netlink monitor 0x565114712ae0
Apr 14 10:10:06 ICTM1612S02H1 systemd-udevd[3073]: value '[dmi/id]sys_vendor' is 'Dell Inc.'
Apr 14 10:10:06 ICTM1612S02H1 systemd-udevd[3074]: value '[dmi/id]sys_vendor' is 'Dell Inc.'
Apr 14 10:10:06 ICTM1612S02H1 systemd-udevd[3236]: set permissions /dev/sdn, 060660, uid=0, gid=6
Apr 14 10:10:06 ICTM1612S02H1 systemd-udevd[3135]: created empty file '/run/udev/data/c249:67' for '/devices/platform/host21/session6/target21:0:0/21:0:0:137/bsg/21:0:0:137'
Apr 14 10:10:06 ICTM1612S02H1 systemd-udevd[3119]: value '[dmi/id]sys_vendor' is 'Dell Inc.'
Apr 14 10:10:06 ICTM1612S02H1 systemd-udevd[1486]: seq 5010 queued, 'add' 'bsg'
Apr 14 10:10:06 ICTM1612S02H1 systemd-udevd[3130]: passed device to netlink monitor 0x565114760a80
Apr 14 10:10:06 ICTM1612S02H1 systemd-udevd[3073]: value '[dmi/id]sys_vendor' is 'Dell Inc.'
Apr 14 10:10:06 ICTM1612S02H1 systemd-udevd[3074]: value '[dmi/id]sys_vendor' is 'Dell Inc.'
Apr 14 10:10:06 ICTM1612S02H1 systemd-udevd[3236]: creating symlink '/dev/block/8:208' to '../sdn'
Apr 14 10:10:06 ICTM1612S02H1 systemd-udevd[3135]: passed device to netlink monitor 0x56511476c140
Apr 14 10:10:06 ICTM1612S02H1 systemd-udevd[1486]: passed 225 byte device to netlink monitor 0x565114712ae0
Apr 14 10:10:06 ICTM1612S02H1 systemd-udevd[3119]: value '[dmi/id]sys_vendor' is 'Dell Inc.'
Apr 14 10:10:06 ICTM1612S02H1 systemd-udevd[3130]: seq 5007 processed
Apr 14 10:10:06 ICTM1612S02H1 systemd-udevd[3127]: seq 5010 running
Apr 14 10:10:06 ICTM1612S02H1 systemd-udevd[3074]: GROUP 6 /lib/udev/rules.d/50-udev-default.rules:63
Apr 14 10:10:06 ICTM1612S02H1 systemd-udevd[3236]: found 'b8:112' claiming '/run/udev/links/\x2fdisk\x2fby-id\x2fscsi-360080e5000290b5400008a2f5605fd8a'
Apr 14 10:10:06 ICTM1612S02H1 systemd-udevd[3135]: seq 5006 processed
Apr 14 10:10:06 ICTM1612S02H1 systemd-udevd[3073]: passed device to netlink monitor 0x565114710f20
Apr 14 10:10:06 ICTM1612S02H1 systemd-udevd[1486]: seq 5011 queued, 'add' 'scsi_disk'
Apr 14 10:10:06 ICTM1612S02H1 systemd-udevd[3119]: IMPORT builtin 'hwdb' /lib/udev/rules.d/50-udev-default.rules:15
