Apr 14 10:10:06 ICTM1612S02H1 systemd-udevd[3118]: value '[dmi/id]sys_vendor' is 'Dell Inc.'
Apr 14 10:10:06 ICTM1612S02H1 systemd-udevd[3126]: value '[dmi/id]sys_vendor' is 'Dell Inc.'
Apr 14 10:10:06 ICTM1612S02H1 systemd-udevd[3110]: value '[dmi/id]sys_vendor' is 'Dell Inc.'
Apr 14 10:10:06 ICTM1612S02H1 systemd-udevd[3073]: value '[dmi/id]sys_vendor' is 'Dell Inc.'
Apr 14 10:10:06 ICTM1612S02H1 systemd-udevd[3232]: value '[dmi/id]sys_vendor' is 'Dell Inc.'
Apr 14 10:10:06 ICTM1612S02H1 systemd-udevd[3090]: value '[dmi/id]sys_vendor' is 'Dell Inc.'
Apr 14 10:10:06 ICTM1612S02H1 systemd-udevd[3145]: value '[dmi/id]sys_vendor' is 'Dell Inc.'
Apr 14 10:10:06 ICTM1612S02H1 systemd-udevd[3119]: set permissions /dev/sg15, 020660, uid=0, gid=6
Apr 14 10:10:06 ICTM1612S02H1 systemd-udevd[3119]: creating symlink '/dev/char/21:15' to '../sg15'
Apr 14 10:10:06 ICTM1612S02H1 systemd-udevd[3068]: seq 4760 running
Apr 14 10:10:06 ICTM1612S02H1 systemd-udevd[1486]: seq 4761 queued, 'add' 'scsi'
Apr 14 10:10:06 ICTM1612S02H1 systemd-udevd[3102]: value '[dmi/id]sys_vendor' is 'Dell Inc.'
Apr 14 10:10:06 ICTM1612S02H1 systemd-udevd[3130]: value '[dmi/id]sys_vendor' is 'Dell Inc.'
Apr 14 10:10:06 ICTM1612S02H1 systemd-udevd[3123]: passed device to netlink monitor 0x565114758870
Apr 14 10:10:06 ICTM1612S02H1 systemd-udevd[3074]: value '[dmi/id]sys_vendor' is 'Dell Inc.'
Apr 14 10:10:06 ICTM1612S02H1 systemd-udevd[3113]: value '[dmi/id]sys_vendor' is 'Dell Inc.'
Apr 14 10:10:06 ICTM1612S02H1 systemd-udevd[3236]: value '[dmi/id]sys_vendor' is 'Dell Inc.'
Apr 14 10:10:06 ICTM1612S02H1 systemd-udevd[3127]: value '[dmi/id]sys_vendor' is 'Dell Inc.'
Apr 14 10:10:06 ICTM1612S02H1 systemd-udevd[3118]: value '[dmi/id]sys_vendor' is 'Dell Inc.'
Apr 14 10:10:06 ICTM1612S02H1 systemd-udevd[3135]: value '[dmi/id]sys_vendor' is 'Dell Inc.'
Apr 14 10:10:06 ICTM1612S02H1 systemd-udevd[3119]: created empty file '/run/udev/data/c21:15' for '/devices/platform/host20/session5/target20:0:0/20:0:0:130/scsi_generic/sg15'
Apr 14 10:10:06 ICTM1612S02H1 systemd-udevd[3126]: value '[dmi/id]sys_vendor' is 'Dell Inc.'
Apr 14 10:10:06 ICTM1612S02H1 systemd-udevd[3138]: seq 4761 running
Apr 14 10:10:06 ICTM1612S02H1 systemd-udevd[3073]: value '[dmi/id]sys_vendor' is 'Dell Inc.'
Apr 14 10:10:06 ICTM1612S02H1 systemd-udevd[3142]: value '[dmi/id]sys_vendor' is 'Dell Inc.'
Apr 14 10:10:06 ICTM1612S02H1 systemd-udevd[3236]: passed device to netlink monitor 0x5651147839c0
Apr 14 10:10:06 ICTM1612S02H1 systemd-udevd[1486]: passed 211 byte device to netlink monitor 0x565114712ae0
Apr 14 10:10:06 ICTM1612S02H1 systemd-udevd[3119]: passed device to netlink monitor 0x565114761270
Apr 14 10:10:06 ICTM1612S02H1 systemd-udevd[3236]: seq 4729 processed
Apr 14 10:10:06 ICTM1612S02H1 systemd-udevd[3118]: passed device to netlink monitor 0x5651147290e0
Apr 14 10:10:06 ICTM1612S02H1 systemd-udevd[3232]: value '[dmi/id]sys_vendor' is 'Dell Inc.'
Apr 14 10:10:06 ICTM1612S02H1 systemd-udevd[3127]: passed device to netlink monitor 0x565114765180
Apr 14 10:10:06 ICTM1612S02H1 systemd-udevd[3119]: seq 4717 processed
Apr 14 10:10:06 ICTM1612S02H1 systemd-udevd[1486]: seq 4762 queued, 'add' 'block'
Apr 14 10:10:06 ICTM1612S02H1 systemd-udevd[1486]: passed 226 byte device to netlink monitor 0x565114712ae0
Apr 14 10:10:06 ICTM1612S02H1 systemd-udevd[3126]: passed device to netlink monitor 0x565114746ba0
Apr 14 10:10:06 ICTM1612S02H1 kernel: [ 56.370255] scsi 19:0:0:11: Direct-Access NETAPP INF-01-00 9820 PQ: 0 ANSI: 5
Apr 14 10:10:06 ICTM1612S02H1 kernel: [ 56.370463] scsi 23:0:0:147: Direct-Access NETAPP INF-01-00 9825 PQ: 0 ANSI: 5
Apr 14 10:10:06 ICTM1612S02H1 kernel: [ 56.370667] sd 23:0:0:145: [sddd] Write cache: enabled, read cache: enabled, supports DPO and FUA
Apr 14 10:10:06 ICTM1612S02H1 kernel: [ 56.370730] sd 22:0:0:148: [sddf] Write cache: enabled, read cache: enabled, supports DPO and FUA
Apr 14 10:10:06 ICTM1612S02H1 kernel: [ 56.370860] sd 21:0:0:144: [sddc] Write cache: enabled, read cache: enabled, supports DPO and FUA
Apr 14 10:10:06 ICTM1612S02H1 kernel: [ 56.371588] sd 19:0:0:9: [sdcx] Write cache: enabled, read cache: enabled, supports DPO and FUA
Apr 14 10:10:06 ICTM1612S02H1 kernel: [ 56.371599] sd 20:0:0:147: [sddg] Write Protect is off
Apr 14 10:10:06 ICTM1612S02H1 kernel: [ 56.371601] sd 20:0:0:147: [sddg] Mode Sense: 83 00 10 08
Apr 14 10:10:06 ICTM1612S02H1 kernel: [ 56.371607] sd 16:0:0:6: [sdbe] Attached SCSI disk
Apr 14 10:10:06 ICTM1612S02H1 kernel: [ 56.371871] sd 20:0:0:148: [sddl] 4194304 512-byte logical blocks: (2.15 GB/2.00 GiB)
Apr 14 10:10:06 ICTM1612S02H1 kernel: [ 56.372297] sd 22:0:0:150: Attached scsi generic sg122 type 0
Apr 14 10:10:06 ICTM1612S02H1 kernel: [ 56.372364] scsi 20:0:0:149: Direct-Access NETAPP INF-01-00 9825 PQ: 0 ANSI: 5
Apr 14 10:10:06 ICTM1612S02H1 kernel: [ 56.372644] sd 20:0:0:142: [sdce] Attached SCSI disk
Apr 14 10:10:06 ICTM1612S02H1 kernel: [ 56.372691] sd 21:0:0:146: Attached scsi generic sg123 type 0
Apr 14 10:10:06 ICTM1612S02H1 kernel: [ 56.372885] sd 22:0:0:143: [sdca] Attached SCSI disk
Apr 14 10:10:06 ICTM1612S02H1 kernel: [ 56.373466] sd 20:0:0:143: [sdci] Attached SCSI disk
Apr 14 10:10:06 ICTM1612S02H1 kernel: [ 56.373517] sd 20:0:0:147: [sddg] Write cache: enabled, read cache: enabled, supports DPO and FUA
Apr 14 10:10:06 ICTM1612S02H1 kernel: [ 56.373574] sd 16:0:0:12: Attached scsi generic sg124 type 0
Apr 14 10:10:06 ICTM1612S02H1 kernel: [ 56.373985] sd 23:0:0:147: Attached scsi generic sg125 type 0
Apr 14 10:10:06 ICTM1612S02H1 kernel: [ 56.374007] sd 17:0:0:9: [sdcn] Write cache: enabled, read cache: enabled, supports DPO and FUA
Apr 14 10:10:06 ICTM1612S02H1 kernel: [ 56.374041] sd 19:0:0:5: [sdbi] Attached SCSI disk
Apr 14 10:10:06 ICTM1612S02H1 kernel: [ 56.374087] sd 18:0:0:9: Attached scsi generic sg126 type 0
Apr 14 10:10:06 ICTM1612S02H1 systemd-udevd[3110]: value '[dmi/id]sys_vendor' is 'Dell Inc.'
Apr 14 10:10:06 ICTM1612S02H1 systemd-udevd[3127]: seq 4737 processed
Apr 14 10:10:06 ICTM1612S02H1 systemd-udevd[3073]: passed device to netlink monitor 0x565114710f20
Apr 14 10:10:06 ICTM1612S02H1 systemd-udevd[3118]: seq 4738 processed
Apr 14 10:10:06 ICTM1612S02H1 systemd-udevd[3126]: seq 4739 processed
Apr 14 10:10:06 ICTM1612S02H1 systemd-udevd[1486]: seq 4763 queued, 'add' 'scsi_disk'
Apr 14 10:10:06 ICTM1612S02H1 systemd-udevd[3232]: passed device to netlink monitor 0x5651147837b0
Apr 14 10:10:06 ICTM1612S02H1 systemd-udevd[3112]: seq 4762 running
Apr 14 10:10:06 ICTM1612S02H1 systemd-udevd[3102]: value '[dmi/id]sys_vendor' is 'Dell Inc.'
Apr 14 10:10:06 ICTM1612S02H1 systemd-udevd[3295]: starting '/usr/bin/sg_inq --export --page=di /dev/sdb'
Apr 14 10:10:06 ICTM1612S02H1 systemd-udevd[3090]: value '[dmi/id]sys_vendor' is 'Dell Inc.'
Apr 14 10:10:06 ICTM1612S02H1 systemd-udevd[3073]: seq 4746 processed
Apr 14 10:10:06 ICTM1612S02H1 systemd-udevd[3130]: value '[dmi/id]sys_vendor' is 'Dell Inc.'
Apr 14 10:10:06 ICTM1612S02H1 systemd-udevd[3074]: value '[dmi/id]sys_vendor' is 'Dell Inc.'
Apr 14 10:10:06 ICTM1612S02H1 systemd-udevd[3232]: seq 4755 processed
Apr 14 10:10:06 ICTM1612S02H1 systemd-udevd[3090]: passed device to netlink monitor 0x565114726620
Apr 14 10:10:06 ICTM1612S02H1 systemd-udevd[3113]: value '[dmi/id]sys_vendor' is 'Dell Inc.'
Apr 14 10:10:06 ICTM1612S02H1 systemd-udevd[3110]: passed device to netlink monitor 0x56511475de20
Apr 14 10:10:06 ICTM1612S02H1 systemd-udevd[3074]: GROUP 6 /lib/udev/rules.d/50-udev-default.rules:63
Apr 14 10:10:06 ICTM1612S02H1 systemd-udevd[3145]: value '[dmi/id]sys_vendor' is 'Dell Inc.'
Apr 14 10:10:06 ICTM1612S02H1 systemd-udevd[3142]: value '[dmi/id]sys_vendor' is 'Dell Inc.'
Apr 14 10:10:06 ICTM1612S02H1 systemd-udevd[3102]: passed device to netlink monitor 0x5651147277a0
Apr 14 10:10:06 ICTM1612S02H1 systemd-udevd[1486]: seq 4764 queued, 'add' 'scsi_device'
Apr 14 10:10:06 ICTM1612S02H1 systemd-udevd[3090]: seq 4752 processed
Apr 14 10:10:06 ICTM1612S02H1 systemd-udevd[3130]: passed device to netlink monitor 0x565114760a80
Apr 14 10:10:06 ICTM1612S02H1 systemd-udevd[3110]: seq 4753 processed
Apr 14 10:10:06 ICTM1612S02H1 systemd-udevd[3123]: seq 4759 processed
Apr 14 10:10:06 ICTM1612S02H1 systemd-udevd[3135]: value '[dmi/id]sys_vendor' is 'Dell Inc.'
Apr 14 10:10:06 ICTM1612S02H1 systemd-udevd[3113]: passed device to netlink monitor 0x565114729780
Apr 14 10:10:06 ICTM1612S02H1 systemd-udevd[3074]: handling device node '/dev/sg19', devnum=c21:19, mode=0660, uid=0, gid=6
Apr 14 10:10:06 ICTM1612S02H1 systemd-udevd[3142]: handling device node '/dev/bsg/17:0:0:2', devnum=c249:23, mode=0600, uid=0, gid=0
Apr 14 10:10:06 ICTM1612S02H1 systemd-udevd[3145]: passed device to netlink monitor 0x56511477ed60
Apr 14 10:10:06 ICTM1612S02H1 systemd-udevd[3138]: value '[dmi/id]sys_vendor' is 'Dell Inc.'
Apr 14 10:10:06 ICTM1612S02H1 systemd-udevd[3068]: value '[dmi/id]sys_vendor' is 'Dell Inc.'
Apr 14 10:10:06 ICTM1612S02H1 systemd-udevd[3112]: value '[dmi/id]sys_vendor' is 'Dell Inc.'
Apr 14 10:10:06 ICTM1612S02H1 systemd-udevd[3102]: seq 4751 processed
Apr 14 10:10:06 ICTM1612S02H1 systemd-udevd[3130]: seq 4730 processed
Apr 14 10:10:06 ICTM1612S02H1 systemd-udevd[1486]: seq 4765 queued, 'add' 'block'
Apr 14 10:10:06 ICTM1612S02H1 systemd-udevd[3113]: seq 4742 processed
Apr 14 10:10:06 ICTM1612S02H1 systemd-udevd[3073]: seq 4765 running
Apr 14 10:10:06 ICTM1612S02H1 systemd-udevd[3135]: handling device node '/dev/bsg/20:0:0:130', devnum=c249:19, mode=0600, uid=0, gid=0
Apr 14 10:10:06 ICTM1612S02H1 systemd-udevd[3142]: preserve permissions /dev/bsg/17:0:0:2, 020600, uid=0, gid=0
Apr 14 10:10:06 ICTM1612S02H1 systemd-udevd[3145]: seq 4750 processed
Apr 14 10:10:06 ICTM1612S02H1 systemd-udevd[3138]: value '[dmi/id]sys_vendor' is 'Dell Inc.'
Apr 14 10:10:06 ICTM1612S02H1 systemd-udevd[3068]: value '[dmi/id]sys_vendor' is 'Dell Inc.'
Apr 14 10:10:06 ICTM1612S02H1 systemd-udevd[3068]: GROUP 6 /lib/udev/rules.d/50-udev-default.rules:55
Apr 14 10:10:06 ICTM1612S02H1 systemd-udevd[1486]: passed 226 byte device to netlink monitor 0x565114712ae0
Apr 14 10:10:06 ICTM1612S02H1 systemd-udevd[3074]: set permissions /dev/sg19, 020660, uid=0, gid=6
Apr 14 10:10:06 ICTM1612S02H1 systemd-udevd[3073]: value '[dmi/id]sys_vendor' is 'Dell Inc.'
Apr 14 10:10:06 ICTM1612S02H1 systemd-udevd[3142]: creating symlink '/dev/char/249:23' to '../bsg/17:0:0:2'
Apr 14 10:10:06 ICTM1612S02H1 systemd-udevd[3138]: IMPORT builtin 'hwdb' /lib/udev/rules.d/50-udev-default.rules:15
Apr 14 10:10:06 ICTM1612S02H1 systemd-udevd[3112]: value '[dmi/id]sys_vendor' is 'Dell Inc.'
Apr 14 10:10:06 ICTM1612S02H1 systemd-udevd[3112]: GROUP 6 /lib/udev/rules.d/50-udev-default.rules:55
Apr 14 10:10:06 ICTM1612S02H1 systemd-udevd[3074]: creating symlink '/dev/char/21:19' to '../sg19'
Apr 14 10:10:06 ICTM1612S02H1 systemd-udevd[3135]: preserve permissions /dev/bsg/20:0:0:130, 020600, uid=0, gid=0
Apr 14 10:10:06 ICTM1612S02H1 systemd-udevd[1486]: seq 4766 queued, 'add' 'bdi'
Apr 14 10:10:06 ICTM1612S02H1 systemd-udevd[3073]: value '[dmi/id]sys_vendor' is 'Dell Inc.'
Apr 14 10:10:06 ICTM1612S02H1 systemd-udevd[3142]: created empty file '/run/udev/data/c249:23' for '/devices/platform/host17/session2/target17:0:0/17:0:0:2/bsg/17:0:0:2'
Apr 14 10:10:06 ICTM1612S02H1 systemd-udevd[3068]: IMPORT '/usr/bin/sg_inq --export /dev/sdc' /lib/udev/rules.d/55-scsi-sg3_id.rules:10
Apr 14 10:10:06 ICTM1612S02H1 systemd-udevd[3138]: IMPORT builtin 'hwdb' returned non-zero
Apr 14 10:10:06 ICTM1612S02H1 systemd-udevd[3112]: IMPORT '/usr/bin/sg_inq --export /dev/sdd' /lib/udev/rules.d/55-scsi-sg3_id.rules:10
Apr 14 10:10:06 ICTM1612S02H1 systemd-udevd[3074]: created empty file '/run/udev/data/c21:19' for '/devices/platform/host17/session2/target17:0:0/17:0:0:2/scsi_generic/sg19'
Apr 14 10:10:06 ICTM1612S02H1 systemd-udevd[3120]: '/usr/bin/sg_inq --export --page=di /dev/sdb'(out) 'SCSI_IDENT_LUN_NAA=60080e5000290b5400008a2d5605fd7e'
Apr 14 10:10:06 ICTM1612S02H1 systemd-udevd[3135]: creating symlink '/dev/char/249:19' to '../bsg/20:0:0:130'
Apr 14 10:10:06 ICTM1612S02H1 systemd-udevd[1486]: passed 138 byte device to netlink monitor 0x565114712ae0
Apr 14 10:10:06 ICTM1612S02H1 systemd-udevd[3073]: GROUP 6 /lib/udev/rules.d/50-udev-default.rules:55
Apr 14 10:10:06 ICTM1612S02H1 systemd-udevd[3145]: seq 4766 running
Apr 14 10:10:06 ICTM1612S02H1 systemd-udevd[3142]: passed device to netlink monitor 0x56511477d7a0
Apr 14 10:10:06 ICTM1612S02H1 systemd-udevd[3138]: path '[module/sg](null)' is '/sys/module/sg'
Apr 14 10:10:06 ICTM1612S02H1 kernel: [ 56.374195] sd 21:0:0:145: [sddi] Write Protect is off
Apr 14 10:10:06 ICTM1612S02H1 kernel: [ 56.374198] sd 21:0:0:145: [sddi] Mode Sense: 83 00 10 08
Apr 14 10:10:06 ICTM1612S02H1 kernel: [ 56.374420] sd 22:0:0:149: [sddk] Write Protect is off
Apr 14 10:10:06 ICTM1612S02H1 kernel: [ 56.374423] sd 22:0:0:149: [sddk] Mode Sense: 83 00 10 08
Apr 14 10:10:06 ICTM1612S02H1 kernel: [ 56.374534] scsi 22:0:0:151: Direct-Access NETAPP INF-01-00 9825 PQ: 0 ANSI: 5
Apr 14 10:10:06 ICTM1612S02H1 kernel: [ 56.374564] sd 22:0:0:150: [sddm] 4194304 512-byte logical blocks: (2.15 GB/2.00 GiB)
Apr 14 10:10:06 ICTM1612S02H1 kernel: [ 56.374887] scsi 21:0:0:147: Direct-Access NETAPP INF-01-00 9825 PQ: 0 ANSI: 5
Apr 14 10:10:06 ICTM1612S02H1 kernel: [ 56.374909] sd 21:0:0:146: [sddn] 4194304 512-byte logical blocks: (2.15 GB/2.00 GiB)
Apr 14 10:10:06 ICTM1612S02H1 kernel: [ 56.375071] sd 17:0:0:5: [sdav] Attached SCSI disk
Apr 14 10:10:06 ICTM1612S02H1 kernel: [ 56.375244] sd 23:0:0:146: [sddj] Write Protect is off
Apr 14 10:10:06 ICTM1612S02H1 kernel: [ 56.375246] sd 23:0:0:146: [sddj] Mode Sense: 83 00 10 08
Apr 14 10:10:06 ICTM1612S02H1 kernel: [ 56.375647] sd 20:0:0:149: Attached scsi generic sg127 type 0
Apr 14 10:10:06 ICTM1612S02H1 kernel: [ 56.376092] sd 23:0:0:147: [sddp] 4194304 512-byte logical blocks: (2.15 GB/2.00 GiB)
Apr 14 10:10:06 ICTM1612S02H1 kernel: [ 56.376235] sd 21:0:0:140: [sdcc] Attached SCSI disk
Apr 14 10:10:06 ICTM1612S02H1 kernel: [ 56.376712] sd 22:0:0:149: [sddk] Write cache: enabled, read cache: enabled, supports DPO and FUA
Apr 14 10:10:06 ICTM1612S02H1 kernel: [ 56.376796] sd 21:0:0:145: [sddi] Write cache: enabled, read cache: enabled, supports DPO and FUA
Apr 14 10:10:06 ICTM1612S02H1 kernel: [ 56.376826] scsi 23:0:0:148: Direct-Access NETAPP INF-01-00 9825 PQ: 0 ANSI: 5
Apr 14 10:10:06 ICTM1612S02H1 systemd-udevd[3074]: passed device to netlink monitor 0x565114714100
Apr 14 10:10:06 ICTM1612S02H1 systemd-udevd[3120]: '/usr/bin/sg_inq --export --page=di /dev/sdb'(out) 'SCSI_IDENT_PORT_RELATIVE=1'
Apr 14 10:10:06 ICTM1612S02H1 systemd-udevd[3135]: created empty file '/run/udev/data/c249:19' for '/devices/platform/host20/session5/target20:0:0/20:0:0:130/bsg/20:0:0:130'
Apr 14 10:10:06 ICTM1612S02H1 systemd-udevd[1486]: seq 4767 queued, 'add' 'block'
Apr 14 10:10:06 ICTM1612S02H1 systemd-udevd[3299]: starting '/usr/bin/sg_inq --export /dev/sdc'
Apr 14 10:10:06 ICTM1612S02H1 systemd-udevd[3300]: starting '/usr/bin/sg_inq --export /dev/sdd'
Apr 14 10:10:06 ICTM1612S02H1 systemd-udevd[3073]: IMPORT '/usr/bin/sg_inq --export /dev/sde' /lib/udev/rules.d/55-scsi-sg3_id.rules:10
Apr 14 10:10:06 ICTM1612S02H1 systemd-udevd[3142]: seq 4757 processed
Apr 14 10:10:06 ICTM1612S02H1 kernel: [ 56.377016] sd 19:0:0:11: Attached scsi generic sg128 type 0
Apr 14 10:10:06 ICTM1612S02H1 kernel: [ 56.377338] sd 16:0:0:11: [sdde] Write Protect is off
Apr 14 10:10:06 ICTM1612S02H1 kernel: [ 56.377341] sd 16:0:0:11: [sdde] Mode Sense: 83 00 10 08
Apr 14 10:10:06 ICTM1612S02H1 kernel: [ 56.377410] sd 17:0:0:11: Attached scsi generic sg129 type 0
Apr 14 10:10:06 ICTM1612S02H1 kernel: [ 56.377432] sd 18:0:0:8: [sdcs] Write Protect is off
Apr 14 10:10:06 ICTM1612S02H1 kernel: [ 56.377435] sd 18:0:0:8: [sdcs] Mode Sense: 83 00 10 08
Apr 14 10:10:06 ICTM1612S02H1 kernel: [ 56.377599] sd 23:0:0:146: [sddj] Write cache: enabled, read cache: enabled, supports DPO and FUA
Apr 14 10:10:06 ICTM1612S02H1 kernel: [ 56.377758] sd 20:0:0:148: [sddl] Write Protect is off
Apr 14 10:10:06 ICTM1612S02H1 kernel: [ 56.377760] sd 20:0:0:148: [sddl] Mode Sense: 83 00 10 08
Apr 14 10:10:06 ICTM1612S02H1 kernel: [ 56.377869] sd 20:0:0:149: [sddr] 4194304 512-byte logical blocks: (2.15 GB/2.00 GiB)
Apr 14 10:10:06 ICTM1612S02H1 kernel: [ 56.377919] sd 16:0:0:12: [sddo] 4194304 512-byte logical blocks: (2.15 GB/2.00 GiB)
Apr 14 10:10:06 ICTM1612S02H1 kernel: [ 56.378111] sd 18:0:0:9: [sddq] 4194304 512-byte logical blocks: (2.15 GB/2.00 GiB)
Apr 14 10:10:06 ICTM1612S02H1 kernel: [ 56.378176] scsi 16:0:0:13: Direct-Access NETAPP INF-01-00 9820 PQ: 0 ANSI: 5
Apr 14 10:10:06 ICTM1612S02H1 kernel: [ 56.378197] sd 22:0:0:151: Attached scsi generic sg130 type 0
Apr 14 10:10:06 ICTM1612S02H1 kernel: [ 56.378334] sd 23:0:0:141: [sdcf] Attached SCSI disk
Apr 14 10:10:06 ICTM1612S02H1 kernel: [ 56.378410] scsi 20:0:0:150: Direct-Access NETAPP INF-01-00 9825 PQ: 0 ANSI: 5
Apr 14 10:10:06 ICTM1612S02H1 kernel: [ 56.378477] sd 21:0:0:141: [sdcj] Attached SCSI disk
Apr 14 10:10:06 ICTM1612S02H1 kernel: [ 56.378505] sd 23:0:0:142: [sdck] Attached SCSI disk
Apr 14 10:10:06 ICTM1612S02H1 kernel: [ 56.378529] scsi 18:0:0:10: Direct-Access NETAPP INF-01-00 9820 PQ: 0 ANSI: 5
Apr 14 10:10:06 ICTM1612S02H1 kernel: [ 56.378674] sd 21:0:0:147: Attached scsi generic sg131 type 0
Apr 14 10:10:06 ICTM1612S02H1 systemd-udevd[3138]: RUN 'kmod load $env{MODALIAS}' /lib/udev/rules.d/80-drivers.rules:5
Apr 14 10:10:06 ICTM1612S02H1 systemd-udevd[3074]: seq 4732 processed
Apr 14 10:10:06 ICTM1612S02H1 systemd-udevd[3145]: value '[dmi/id]sys_vendor' is 'Dell Inc.'
Apr 14 10:10:06 ICTM1612S02H1 systemd-udevd[3135]: passed device to netlink monitor 0x56511476c140
Apr 14 10:10:06 ICTM1612S02H1 systemd-udevd[3120]: Process '/usr/bin/sg_inq --export --page=di /dev/sdb' succeeded.
Apr 14 10:10:06 ICTM1612S02H1 systemd-udevd[1486]: passed 226 byte device to netlink monitor 0x565114712ae0
Apr 14 10:10:06 ICTM1612S02H1 systemd-udevd[3119]: seq 4767 running
Apr 14 10:10:06 ICTM1612S02H1 systemd-udevd[3302]: starting '/usr/bin/sg_inq --export /dev/sde'
Apr 14 10:10:06 ICTM1612S02H1 systemd-udevd[3120]: PROGRAM '/sbin/multipath -c /dev/sdb' /lib/udev/rules.d/56-dm-mpath-lvm.rules:21
Apr 14 10:10:06 ICTM1612S02H1 systemd-udevd[3135]: seq 4719 processed
Apr 14 10:10:06 ICTM1612S02H1 systemd-udevd[3145]: value '[dmi/id]sys_vendor' is 'Dell Inc.'
Apr 14 10:10:06 ICTM1612S02H1 systemd-udevd[1486]: seq 4768 queued, 'add' 'bdi'
Apr 14 10:10:06 ICTM1612S02H1 systemd-udevd[3138]: Execute 'load' 'scsi:t-0x00'
Apr 14 10:10:06 ICTM1612S02H1 systemd-udevd[1486]: passed 138 byte device to netlink monitor 0x565114712ae0
Apr 14 10:10:06 ICTM1612S02H1 systemd-udevd[3145]: passed device to netlink monitor 0x56511477ed60
Apr 14 10:10:06 ICTM1612S02H1 systemd-udevd[3236]: seq 4768 running
Apr 14 10:10:06 ICTM1612S02H1 systemd-udevd[3138]: No module matches 'scsi:t-0x00'
Apr 14 10:10:06 ICTM1612S02H1 systemd-udevd[3119]: value '[dmi/id]sys_vendor' is 'Dell Inc.'
Apr 14 10:10:06 ICTM1612S02H1 systemd-udevd[1486]: seq 4769 queued, 'add' 'scsi'
Apr 14 10:10:06 ICTM1612S02H1 systemd-udevd[3145]: seq 4766 processed
Apr 14 10:10:06 ICTM1612S02H1 systemd-udevd[3305]: starting '/sbin/multipath -c /dev/sdb'
Apr 14 10:10:06 ICTM1612S02H1 systemd-udevd[3138]: passed device to netlink monitor 0x565114778170
Apr 14 10:10:06 ICTM1612S02H1 systemd-udevd[1486]: passed 209 byte device to netlink monitor 0x565114712ae0
Apr 14 10:10:06 ICTM1612S02H1 systemd-udevd[3135]: seq 4769 running
Apr 14 10:10:06 ICTM1612S02H1 systemd-udevd[3138]: seq 4761 processed
Apr 14 10:10:06 ICTM1612S02H1 systemd-udevd[3119]: value '[dmi/id]sys_vendor' is 'Dell Inc.'
Apr 14 10:10:06 ICTM1612S02H1 systemd-udevd[3236]: value '[dmi/id]sys_vendor' is 'Dell Inc.'
Apr 14 10:10:06 ICTM1612S02H1 systemd-udevd[1486]: seq 4770 queued, 'add' 'scsi_disk'
Apr 14 10:10:06 ICTM1612S02H1 systemd-udevd[3135]: value '[dmi/id]sys_vendor' is 'Dell Inc.'
Apr 14 10:10:06 ICTM1612S02H1 systemd-udevd[3119]: GROUP 6 /lib/udev/rules.d/50-udev-default.rules:55
Apr 14 10:10:06 ICTM1612S02H1 systemd-udevd[3236]: value '[dmi/id]sys_vendor' is 'Dell Inc.'
Apr 14 10:10:06 ICTM1612S02H1 systemd-udevd[1486]: passed 196 byte device to netlink monitor 0x565114712ae0
Apr 14 10:10:06 ICTM1612S02H1 systemd-udevd[3130]: seq 4764 running
Apr 14 10:10:06 ICTM1612S02H1 systemd-udevd[3119]: IMPORT '/usr/bin/sg_inq --export /dev/sdf' /lib/udev/rules.d/55-scsi-sg3_id.rules:10
Apr 14 10:10:06 ICTM1612S02H1 systemd-udevd[3135]: value '[dmi/id]sys_vendor' is 'Dell Inc.'
Apr 14 10:10:06 ICTM1612S02H1 systemd-udevd[3236]: passed device to netlink monitor 0x5651147839c0
Apr 14 10:10:06 ICTM1612S02H1 systemd-udevd[1486]: passed 200 byte device to netlink monitor 0x565114712ae0
Apr 14 10:10:06 ICTM1612S02H1 systemd-udevd[3145]: seq 4763 running
Apr 14 10:10:06 ICTM1612S02H1 systemd-udevd[3135]: IMPORT builtin 'hwdb' /lib/udev/rules.d/50-udev-default.rules:15
Apr 14 10:10:06 ICTM1612S02H1 systemd-udevd[3236]: seq 4768 processed
Apr 14 10:10:06 ICTM1612S02H1 systemd-udevd[1486]: seq 4771 queued, 'add' 'scsi_device'
Apr 14 10:10:06 ICTM1612S02H1 systemd-udevd[3306]: starting '/usr/bin/sg_inq --export /dev/sdf'
Apr 14 10:10:06 ICTM1612S02H1 systemd-udevd[3135]: IMPORT builtin 'hwdb' returned non-zero
Apr 14 10:10:06 ICTM1612S02H1 systemd-udevd[1486]: seq 4772 queued, 'add' 'scsi_generic'
Apr 14 10:10:06 ICTM1612S02H1 systemd-udevd[1486]: passed 230 byte device to netlink monitor 0x565114712ae0
Apr 14 10:10:06 ICTM1612S02H1 systemd-udevd[1486]: seq 4773 queued, 'add' 'bdi'
Apr 14 10:10:06 ICTM1612S02H1 systemd-udevd[3236]: seq 4772 running
Apr 14 10:10:06 ICTM1612S02H1 systemd-udevd[3074]: seq 4773 running
Apr 14 10:10:06 ICTM1612S02H1 systemd-udevd[1486]: passed 138 byte device to netlink monitor 0x565114712ae0
Apr 14 10:10:06 ICTM1612S02H1 systemd-udevd[3135]: path '[module/sg](null)' is '/sys/module/sg'
Apr 14 10:10:06 ICTM1612S02H1 systemd-udevd[1486]: seq 4774 queued, 'add' 'scsi_disk'
Apr 14 10:10:06 ICTM1612S02H1 systemd-udevd[3135]: RUN 'kmod load $env{MODALIAS}' /lib/udev/rules.d/80-drivers.rules:5
Apr 14 10:10:06 ICTM1612S02H1 systemd-udevd[3135]: Execute 'load' 'scsi:t-0x00'
Apr 14 10:10:06 ICTM1612S02H1 systemd-udevd[3127]: seq 4774 running
Apr 14 10:10:06 ICTM1612S02H1 systemd-udevd[1486]: passed 196 byte device to netlink monitor 0x565114712ae0
Apr 14 10:10:06 ICTM1612S02H1 systemd-udevd[3135]: No module matches 'scsi:t-0x00'
Apr 14 10:10:06 ICTM1612S02H1 systemd-udevd[3135]: passed device to netlink monitor 0x56511476c140
Apr 14 10:10:06 ICTM1612S02H1 systemd-udevd[3135]: seq 4769 processed
Apr 14 10:10:06 ICTM1612S02H1 systemd-udevd[1486]: seq 4775 queued, 'add' 'bsg'
Apr 14 10:10:06 ICTM1612S02H1 systemd-udevd[1486]: passed 225 byte device to netlink monitor 0x565114712ae0
Apr 14 10:10:06 ICTM1612S02H1 systemd-udevd[1486]: passed 192 byte device to netlink monitor 0x565114712ae0
Apr 14 10:10:06 ICTM1612S02H1 systemd-udevd[3135]: seq 4770 running
Apr 14 10:10:06 ICTM1612S02H1 systemd-udevd[1486]: passed 196 byte device to netlink monitor 0x565114712ae0
Apr 14 10:10:06 ICTM1612S02H1 systemd-udevd[3118]: seq 4775 running
Apr 14 10:10:06 ICTM1612S02H1 systemd-udevd[1486]: seq 4776 queued, 'add' 'scsi_generic'
Apr 14 10:10:06 ICTM1612S02H1 systemd-udevd[3130]: value '[dmi/id]sys_vendor' is 'Dell Inc.'
Apr 14 10:10:06 ICTM1612S02H1 systemd-udevd[3126]: seq 4771 running
Apr 14 10:10:06 ICTM1612S02H1 systemd-udevd[1486]: passed 230 byte device to netlink monitor 0x565114712ae0
Apr 14 10:10:06 ICTM1612S02H1 systemd-udevd[3102]: seq 4776 running
Apr 14 10:10:06 ICTM1612S02H1 systemd-udevd[1486]: seq 4777 queued, 'add' 'block'
Apr 14 10:10:06 ICTM1612S02H1 systemd-udevd[1486]: passed 226 byte device to netlink monitor 0x565114712ae0
Apr 14 10:10:06 ICTM1612S02H1 systemd-udevd[3090]: seq 4777 running
Apr 14 10:10:06 ICTM1612S02H1 systemd-udevd[1486]: seq 4778 queued, 'add' 'bsg'
Apr 14 10:10:06 ICTM1612S02H1 systemd-udevd[1486]: passed 225 byte device to netlink monitor 0x565114712ae0
Apr 14 10:10:06 ICTM1612S02H1 systemd-udevd[1486]: seq 4779 queued, 'add' 'scsi_generic'
Apr 14 10:10:06 ICTM1612S02H1 systemd-udevd[3113]: seq 4778 running
Apr 14 10:10:06 ICTM1612S02H1 systemd-udevd[3110]: seq 4779 running
Apr 14 10:10:06 ICTM1612S02H1 systemd-udevd[3074]: value '[dmi/id]sys_vendor' is 'Dell Inc.'
Apr 14 10:10:06 ICTM1612S02H1 systemd-udevd[3130]: value '[dmi/id]sys_vendor' is 'Dell Inc.'
Apr 14 10:10:06 ICTM1612S02H1 systemd-udevd[3130]: passed device to netlink monitor 0x565114760a80
Apr 14 10:10:06 ICTM1612S02H1 systemd-udevd[3130]: seq 4764 processed
Apr 14 10:10:06 ICTM1612S02H1 systemd-udevd[3074]: value '[dmi/id]sys_vendor' is 'Dell Inc.'
Apr 14 10:10:06 ICTM1612S02H1 systemd-udevd[3074]: passed device to netlink monitor 0x565114714100
Apr 14 10:10:06 ICTM1612S02H1 kernel: [ 56.379511] sd 20:0:0:148: [sddl] Write cache: enabled, read cache: enabled, supports DPO and FUA
Apr 14 10:10:06 ICTM1612S02H1 kernel: [ 56.379871] sd 22:0:0:150: [sddm] Write Protect is off
Apr 14 10:10:06 ICTM1612S02H1 kernel: [ 56.379873] sd 22:0:0:150: [sddm] Mode Sense: 83 00 10 08
Apr 14 10:10:06 ICTM1612S02H1 kernel: [ 56.380011] scsi 22:0:0:152: Direct-Access NETAPP INF-01-00 9825 PQ: 0 ANSI: 5
Apr 14 10:10:06 ICTM1612S02H1 kernel: [ 56.380412] sd 22:0:0:151: [sddu] 4194304 512-byte logical blocks: (2.15 GB/2.00 GiB)
Apr 14 10:10:06 ICTM1612S02H1 kernel: [ 56.380431] sd 21:0:0:146: [sddn] Write Protect is off
Apr 14 10:10:06 ICTM1612S02H1 kernel: [ 56.380434] sd 21:0:0:146: [sddn] Mode Sense: 83 00 10 08
Apr 14 10:10:06 ICTM1612S02H1 kernel: [ 56.380534] scsi 21:0:0:148: Direct-Access NETAPP INF-01-00 9825 PQ: 0 ANSI: 5
Apr 14 10:10:06 ICTM1612S02H1 kernel: [ 56.380557] sd 18:0:0:4: [sdba] Attached SCSI disk
Apr 14 10:10:06 ICTM1612S02H1 kernel: [ 56.380631] sd 23:0:0:148: Attached scsi generic sg132 type 0
Apr 14 10:10:06 ICTM1612S02H1 kernel: [ 56.381115] sd 21:0:0:147: [sddv] 4194304 512-byte logical blocks: (2.15 GB/2.00 GiB)
Apr 14 10:10:06 ICTM1612S02H1 kernel: [ 56.381286] sd 17:0:0:10: [sdcw] Write Protect is off
Apr 14 10:10:06 ICTM1612S02H1 kernel: [ 56.381289] sd 17:0:0:10: [sdcw] Mode Sense: 83 00 10 08
Apr 14 10:10:06 ICTM1612S02H1 kernel: [ 56.381358] sd 19:0:0:10: [sddh] Write Protect is off
Apr 14 10:10:06 ICTM1612S02H1 kernel: [ 56.381359] sd 23:0:0:147: [sddp] Write Protect is off
Apr 14 10:10:06 ICTM1612S02H1 kernel: [ 56.381361] sd 23:0:0:147: [sddp] Mode Sense: 83 00 10 08
Apr 14 10:10:06 ICTM1612S02H1 kernel: [ 56.381363] sd 19:0:0:10: [sddh] Mode Sense: 83 00 10 08
Apr 14 10:10:06 ICTM1612S02H1 kernel: [ 56.381467] sd 20:0:0:150: Attached scsi generic sg133 type 0
Apr 14 10:10:06 ICTM1612S02H1 kernel: [ 56.381563] sd 19:0:0:11: [sdds] 4194304 512-byte logical blocks: (2.15 GB/2.00 GiB)
Apr 14 10:10:06 ICTM1612S02H1 kernel: [ 56.381737] sd 18:0:0:8: [sdcs] Write cache: enabled, read cache: enabled, supports DPO and FUA
Apr 14 10:10:06 ICTM1612S02H1 kernel: [ 56.381814] sd 16:0:0:11: [sdde] Write cache: enabled, read cache: enabled, supports DPO and FUA
Apr 14 10:10:06 ICTM1612S02H1 kernel: [ 56.381857] scsi 19:0:0:12: Direct-Access NETAPP INF-01-00 9820 PQ: 0 ANSI: 5
Apr 14 10:10:06 ICTM1612S02H1 kernel: [ 56.381970] sd 22:0:0:150: [sddm] Write cache: enabled, read cache: enabled, supports DPO and FUA
Apr 14 10:10:06 ICTM1612S02H1 kernel: [ 56.382015] sd 21:0:0:146: [sddn] Write cache: enabled, read cache: enabled, supports DPO and FUA
Apr 14 10:10:06 ICTM1612S02H1 kernel: [ 56.382133] sd 17:0:0:11: [sddt] 4194304 512-byte logical blocks: (2.15 GB/2.00 GiB)
Apr 14 10:10:06 ICTM1612S02H1 kernel: [ 56.382448] scsi 17:0:0:12: Direct-Access NETAPP INF-01-00 9820 PQ: 0 ANSI: 5
Apr 14 10:10:06 ICTM1612S02H1 kernel: [ 56.382567] sd 20:0:0:149: [sddr] Write Protect is off
Apr 14 10:10:06 ICTM1612S02H1 kernel: [ 56.382570] sd 20:0:0:149: [sddr] Mode Sense: 83 00 10 08
Apr 14 10:10:06 ICTM1612S02H1 kernel: [ 56.382589] sd 23:0:0:148: [sddw] 4194304 512-byte logical blocks: (2.15 GB/2.00 GiB)
Apr 14 10:10:06 ICTM1612S02H1 kernel: [ 56.382674] scsi 23:0:0:149: Direct-Access NETAPP INF-01-00 9825 PQ: 0 ANSI: 5
Apr 14 10:10:06 ICTM1612S02H1 systemd-udevd[3074]: seq 4773 processed
Apr 14 10:10:06 ICTM1612S02H1 systemd-udevd[1486]: passed 232 byte device to netlink monitor 0x565114712ae0
Apr 14 10:10:06 ICTM1612S02H1 systemd-udevd[1486]: seq 4780 queued, 'add' 'scsi_device'
Apr 14 10:10:06 ICTM1612S02H1 systemd-udevd[1486]: passed 200 byte device to netlink monitor 0x565114712ae0
Apr 14 10:10:06 ICTM1612S02H1 systemd-udevd[3130]: seq 4780 running
Apr 14 10:10:06 ICTM1612S02H1 systemd-udevd[1486]: seq 4781 queued, 'add' 'bsg'
Apr 14 10:10:06 ICTM1612S02H1 systemd-udevd[1486]: passed 231 byte device to netlink monitor 0x565114712ae0
Apr 14 10:10:06 ICTM1612S02H1 systemd-udevd[3074]: seq 4781 running
Apr 14 10:10:06 ICTM1612S02H1 systemd-udevd[3145]: value '[dmi/id]sys_vendor' is 'Dell Inc.'
Apr 14 10:10:06 ICTM1612S02H1 systemd-udevd[3068]: '/usr/bin/sg_inq --export /dev/sdc'(out) 'SCSI_TPGS=0'
Apr 14 10:10:06 ICTM1612S02H1 systemd-udevd[3126]: value '[dmi/id]sys_vendor' is 'Dell Inc.'
Apr 14 10:10:06 ICTM1612S02H1 systemd-udevd[3102]: value '[dmi/id]sys_vendor' is 'Dell Inc.'
Apr 14 10:10:06 ICTM1612S02H1 systemd-udevd[3118]: value '[dmi/id]sys_vendor' is 'Dell Inc.'
Apr 14 10:10:06 ICTM1612S02H1 systemd-udevd[3145]: value '[dmi/id]sys_vendor' is 'Dell Inc.'
Apr 14 10:10:06 ICTM1612S02H1 systemd-udevd[3112]: '/usr/bin/sg_inq --export /dev/sdd'(out) 'SCSI_TPGS=0'
Apr 14 10:10:06 ICTM1612S02H1 systemd-udevd[3127]: value '[dmi/id]sys_vendor' is 'Dell Inc.'
Apr 14 10:10:06 ICTM1612S02H1 systemd-udevd[3073]: '/usr/bin/sg_inq --export /dev/sde'(out) 'SCSI_TPGS=0'
Apr 14 10:10:06 ICTM1612S02H1 systemd-udevd[3236]: value '[dmi/id]sys_vendor' is 'Dell Inc.'
Apr 14 10:10:06 ICTM1612S02H1 systemd-udevd[3135]: value '[dmi/id]sys_vendor' is 'Dell Inc.'
Apr 14 10:10:06 ICTM1612S02H1 systemd-udevd[3110]: value '[dmi/id]sys_vendor' is 'Dell Inc.'
Apr 14 10:10:06 ICTM1612S02H1 systemd-udevd[3090]: value '[dmi/id]sys_vendor' is 'Dell Inc.'
Apr 14 10:10:06 ICTM1612S02H1 systemd-udevd[3113]: value '[dmi/id]sys_vendor' is 'Dell Inc.'
Apr 14 10:10:06 ICTM1612S02H1 systemd-udevd[3120]: '/sbin/multipath -c /dev/sdb'(out) '/dev/sdb is not a valid multipath device path'
Apr 14 10:10:06 ICTM1612S02H1 systemd-udevd[3119]: '/usr/bin/sg_inq --export /dev/sdf'(out) 'SCSI_TPGS=0'
Apr 14 10:10:06 ICTM1612S02H1 systemd-udevd[1486]: seq 4782 queued, 'add' 'scsi_generic'
Apr 14 10:10:06 ICTM1612S02H1 systemd-udevd[3135]: value '[dmi/id]sys_vendor' is 'Dell Inc.'
Apr 14 10:10:06 ICTM1612S02H1 systemd-udevd[3130]: value '[dmi/id]sys_vendor' is 'Dell Inc.'
Apr 14 10:10:06 ICTM1612S02H1 systemd-udevd[3113]: value '[dmi/id]sys_vendor' is 'Dell Inc.'
Apr 14 10:10:06 ICTM1612S02H1 systemd-udevd[3135]: passed device to netlink monitor 0x56511476c140
Apr 14 10:10:06 ICTM1612S02H1 systemd-udevd[3073]: '/usr/bin/sg_inq --export /dev/sde'(out) 'SCSI_TYPE=disk'
Apr 14 10:10:06 ICTM1612S02H1 systemd-udevd[3126]: value '[dmi/id]sys_vendor' is 'Dell Inc.'
Apr 14 10:10:06 ICTM1612S02H1 systemd-udevd[3118]: value '[dmi/id]sys_vendor' is 'Dell Inc.'
Apr 14 10:10:06 ICTM1612S02H1 systemd-udevd[3102]: value '[dmi/id]sys_vendor' is 'Dell Inc.'
Apr 14 10:10:06 ICTM1612S02H1 systemd-udevd[3126]: passed device to netlink monitor 0x565114746ba0
Apr 14 10:10:06 ICTM1612S02H1 systemd-udevd[3119]: '/usr/bin/sg_inq --export /dev/sdf'(out) 'SCSI_TYPE=disk'
Apr 14 10:10:06 ICTM1612S02H1 systemd-udevd[3120]: Process '/sbin/multipath -c /dev/sdb' failed with exit code 1.
Apr 14 10:10:06 ICTM1612S02H1 systemd-udevd[1486]: passed 232 byte device to netlink monitor 0x565114712ae0
Apr 14 10:10:06 ICTM1612S02H1 systemd-udevd[3236]: value '[dmi/id]sys_vendor' is 'Dell Inc.'
Apr 14 10:10:06 ICTM1612S02H1 systemd-udevd[1486]: seq 4783 queued, 'add' 'bdi'
Apr 14 10:10:06 ICTM1612S02H1 systemd-udevd[3236]: GROUP 6 /lib/udev/rules.d/50-udev-default.rules:63
Apr 14 10:10:06 ICTM1612S02H1 systemd-udevd[3110]: value '[dmi/id]sys_vendor' is 'Dell Inc.'
Apr 14 10:10:06 ICTM1612S02H1 systemd-udevd[3112]: '/usr/bin/sg_inq --export /dev/sdd'(out) 'SCSI_TYPE=disk'
Apr 14 10:10:06 ICTM1612S02H1 systemd-udevd[3110]: GROUP 6 /lib/udev/rules.d/50-udev-default.rules:63
Apr 14 10:10:06 ICTM1612S02H1 systemd-udevd[3135]: seq 4770 processed
Apr 14 10:10:06 ICTM1612S02H1 systemd-udevd[3145]: passed device to netlink monitor 0x56511477ed60
Apr 14 10:10:06 ICTM1612S02H1 systemd-udevd[3073]: '/usr/bin/sg_inq --export /dev/sde'(out) 'SCSI_VENDOR=NETAPP'
Apr 14 10:10:06 ICTM1612S02H1 systemd-udevd[3130]: value '[dmi/id]sys_vendor' is 'Dell Inc.'
Apr 14 10:10:06 ICTM1612S02H1 systemd-udevd[3074]: value '[dmi/id]sys_vendor' is 'Dell Inc.'
Apr 14 10:10:06 ICTM1612S02H1 systemd-udevd[3113]: handling device node '/dev/bsg/16:0:0:3', devnum=c249:25, mode=0600, uid=0, gid=0
Apr 14 10:10:06 ICTM1612S02H1 kernel: [ 56.383190] sd 20:0:0:150: [sddx] 4194304 512-byte logical blocks: (2.15 GB/2.00 GiB)
Apr 14 10:10:06 ICTM1612S02H1 kernel: [ 56.383248] scsi 20:0:0:151: Direct-Access NETAPP INF-01-00 9825 PQ: 0 ANSI: 5
Apr 14 10:10:06 ICTM1612S02H1 kernel: [ 56.383260] sd 23:0:0:147: [sddp] Write cache: enabled, read cache: enabled, supports DPO and FUA
Apr 14 10:10:06 ICTM1612S02H1 systemd-udevd[3130]: passed device to netlink monitor 0x565114760a80
Apr 14 10:10:06 ICTM1612S02H1 kernel: [ 56.383273] sd 22:0:0:152: Attached scsi generic sg134 type 0
Apr 14 10:10:06 ICTM1612S02H1 kernel: [ 56.383619] sd 21:0:0:148: Attached scsi generic sg135 type 0
Apr 14 10:10:06 ICTM1612S02H1 kernel: [ 56.384633] sd 16:0:0:7: [sdbp] Attached SCSI disk
Apr 14 10:10:06 ICTM1612S02H1 systemd-udevd[3126]: seq 4771 processed
Apr 14 10:10:06 ICTM1612S02H1 systemd-udevd[3118]: handling device node '/dev/bsg/18:0:0:1', devnum=c249:24, mode=0600, uid=0, gid=0
Apr 14 10:10:06 ICTM1612S02H1 kernel: [ 56.384940] sd 22:0:0:151: [sddu] Write Protect is off
Apr 14 10:10:06 ICTM1612S02H1 kernel: [ 56.384941] sd 20:0:0:149: [sddr] Write cache: enabled, read cache: enabled, supports DPO and FUA
Apr 14 10:10:06 ICTM1612S02H1 kernel: [ 56.384956] sd 22:0:0:151: [sddu] Mode Sense: 83 00 10 08
Apr 14 10:10:06 ICTM1612S02H1 systemd-udevd[3102]: GROUP 6 /lib/udev/rules.d/50-udev-default.rules:63
Apr 14 10:10:06 ICTM1612S02H1 systemd-udevd[3119]: '/usr/bin/sg_inq --export /dev/sdf'(out) 'SCSI_VENDOR=NETAPP'
Apr 14 10:10:06 ICTM1612S02H1 systemd-udevd[3120]: LINK 'disk/by-id/scsi-SNETAPP_INF-01-00_SR21500247' /lib/udev/rules.d/58-scsi-sg3_symlink.rules:12
Apr 14 10:10:06 ICTM1612S02H1 systemd-udevd[3068]: '/usr/bin/sg_inq --export /dev/sdc'(out) 'SCSI_TYPE=disk'
Apr 14 10:10:06 ICTM1612S02H1 systemd-udevd[1486]: passed 138 byte device to netlink monitor 0x565114712ae0
Apr 14 10:10:06 ICTM1612S02H1 systemd-udevd[3232]: seq 4782 running
Apr 14 10:10:06 ICTM1612S02H1 systemd-udevd[3142]: seq 4783 running
Apr 14 10:10:06 ICTM1612S02H1 kernel: [ 56.385126] sd 19:0:0:10: [sddh] Write cache: enabled, read cache: enabled, supports DPO and FUA
Apr 14 10:10:06 ICTM1612S02H1 kernel: [ 56.385175] sd 16:0:0:13: Attached scsi generic sg136 type 0
Apr 14 10:10:06 ICTM1612S02H1 kernel: [ 56.385248] sd 18:0:0:10: Attached scsi generic sg137 type 0
Apr 14 10:10:06 ICTM1612S02H1 kernel: [ 56.385469] sd 17:0:0:10: [sdcw] Write cache: enabled, read cache: enabled, supports DPO and FUA
Apr 14 10:10:06 ICTM1612S02H1 systemd-udevd[3112]: '/usr/bin/sg_inq --export /dev/sdd'(out) 'SCSI_VENDOR=NETAPP'
Apr 14 10:10:06 ICTM1612S02H1 systemd-udevd[3236]: handling device node '/dev/sg20', devnum=c21:20, mode=0660, uid=0, gid=6
Apr 14 10:10:06 ICTM1612S02H1 systemd-udevd[3090]: value '[dmi/id]sys_vendor' is 'Dell Inc.'
Apr 14 10:10:06 ICTM1612S02H1 systemd-udevd[3145]: seq 4763 processed
Apr 14 10:10:06 ICTM1612S02H1 systemd-udevd[3110]: handling device node '/dev/sg22', devnum=c21:22, mode=0660, uid=0, gid=6
Apr 14 10:10:06 ICTM1612S02H1 systemd-udevd[3073]: '/usr/bin/sg_inq --export /dev/sde'(out) 'SCSI_VENDOR_ENC=NETAPP\x20\x20'
Apr 14 10:10:06 ICTM1612S02H1 systemd-udevd[3113]: preserve permissions /dev/bsg/16:0:0:3, 020600, uid=0, gid=0
Apr 14 10:10:06 ICTM1612S02H1 systemd-udevd[3074]: value '[dmi/id]sys_vendor' is 'Dell Inc.'
Apr 14 10:10:06 ICTM1612S02H1 kernel: [ 56.385686] sd 22:0:0:152: [sddy] 37748736 512-byte logical blocks: (19.3 GB/18.0 GiB)
Apr 14 10:10:06 ICTM1612S02H1 kernel: [ 56.385756] sd 21:0:0:147: [sddv] Write Protect is off
Apr 14 10:10:06 ICTM1612S02H1 kernel: [ 56.385759] sd 21:0:0:147: [sddv] Mode Sense: 83 00 10 08
Apr 14 10:10:06 ICTM1612S02H1 kernel: [ 56.385761] scsi 22:0:0:153: Direct-Access NETAPP INF-01-00 9825 PQ: 0 ANSI: 5
Apr 14 10:10:06 ICTM1612S02H1 kernel: [ 56.385797] sd 19:0:0:6: [sdbs] Attached SCSI disk
Apr 14 10:10:06 ICTM1612S02H1 systemd-udevd[3127]: value '[dmi/id]sys_vendor' is 'Dell Inc.'
Apr 14 10:10:06 ICTM1612S02H1 systemd-udevd[3232]: value '[dmi/id]sys_vendor' is 'Dell Inc.'
Apr 14 10:10:06 ICTM1612S02H1 systemd-udevd[3074]: handling device node '/dev/bsg/20:0:0:131', devnum=c249:26, mode=0600, uid=0, gid=0
Apr 14 10:10:06 ICTM1612S02H1 systemd-udevd[3119]: '/usr/bin/sg_inq --export /dev/sdf'(out) 'SCSI_VENDOR_ENC=NETAPP\x20\x20'
Apr 14 10:10:06 ICTM1612S02H1 systemd-udevd[3102]: handling device node '/dev/sg21', devnum=c21:21, mode=0660, uid=0, gid=6
Apr 14 10:10:06 ICTM1612S02H1 systemd-udevd[3120]: LINK 'disk/by-id/scsi-360080e5000290b5400008a2d5605fd7e' /lib/udev/rules.d/58-scsi-sg3_symlink.rules:15
Apr 14 10:10:06 ICTM1612S02H1 systemd-udevd[3068]: '/usr/bin/sg_inq --export /dev/sdc'(out) 'SCSI_VENDOR=NETAPP'
Apr 14 10:10:06 ICTM1612S02H1 systemd-udevd[1486]: seq 4784 queued, 'add' 'scsi_generic'
Apr 14 10:10:06 ICTM1612S02H1 systemd-udevd[3112]: '/usr/bin/sg_inq --export /dev/sdd'(out) 'SCSI_VENDOR_ENC=NETAPP\x20\x20'
Apr 14 10:10:06 ICTM1612S02H1 systemd-udevd[3236]: set permissions /dev/sg20, 020660, uid=0, gid=6
Apr 14 10:10:06 ICTM1612S02H1 systemd-udevd[3090]: GROUP 6 /lib/udev/rules.d/50-udev-default.rules:55
Apr 14 10:10:06 ICTM1612S02H1 systemd-udevd[3110]: set permissions /dev/sg22, 020660, uid=0, gid=6
Apr 14 10:10:06 ICTM1612S02H1 systemd-udevd[3073]: '/usr/bin/sg_inq --export /dev/sde'(out) 'SCSI_MODEL=INF-01-00'
Apr 14 10:10:06 ICTM1612S02H1 systemd-udevd[3142]: value '[dmi/id]sys_vendor' is 'Dell Inc.'
Apr 14 10:10:06 ICTM1612S02H1 systemd-udevd[3113]: creating symlink '/dev/char/249:25' to '../bsg/16:0:0:3'
Apr 14 10:10:06 ICTM1612S02H1 systemd-udevd[3130]: seq 4780 processed
Apr 14 10:10:06 ICTM1612S02H1 systemd-udevd[3118]: preserve permissions /dev/bsg/18:0:0:1, 020600, uid=0, gid=0
Apr 14 10:10:06 ICTM1612S02H1 systemd-udevd[3074]: preserve permissions /dev/bsg/20:0:0:131, 020600, uid=0, gid=0
Apr 14 10:10:06 ICTM1612S02H1 systemd-udevd[3232]: value '[dmi/id]sys_vendor' is 'Dell Inc.'
Apr 14 10:10:06 ICTM1612S02H1 systemd-udevd[3119]: '/usr/bin/sg_inq --export /dev/sdf'(out) 'SCSI_MODEL=INF-01-00'
Apr 14 10:10:06 ICTM1612S02H1 systemd-udevd[3232]: GROUP 6 /lib/udev/rules.d/50-udev-default.rules:63
Apr 14 10:10:06 ICTM1612S02H1 systemd-udevd[3102]: set permissions /dev/sg21, 020660, uid=0, gid=6
Apr 14 10:10:06 ICTM1612S02H1 systemd-udevd[3232]: handling device node '/dev/sg23', devnum=c21:23, mode=0660, uid=0, gid=6
Apr 14 10:10:06 ICTM1612S02H1 systemd-udevd[3120]: LINK 'disk/by-id/scsi-360080e5000290b5400008a2d5605fd7e' /lib/udev/rules.d/60-persistent-storage.rules:36
Apr 14 10:10:06 ICTM1612S02H1 systemd-udevd[1486]: passed 230 byte device to netlink monitor 0x565114712ae0
Apr 14 10:10:06 ICTM1612S02H1 systemd-udevd[3112]: '/usr/bin/sg_inq --export /dev/sdd'(out) 'SCSI_MODEL=INF-01-00'
Apr 14 10:10:06 ICTM1612S02H1 systemd-udevd[3135]: seq 4784 running
Apr 14 10:10:06 ICTM1612S02H1 systemd-udevd[3236]: creating symlink '/dev/char/21:20' to '../sg20'
Apr 14 10:10:06 ICTM1612S02H1 systemd-udevd[3090]: IMPORT '/usr/bin/sg_inq --export /dev/sdg' /lib/udev/rules.d/55-scsi-sg3_id.rules:10
Apr 14 10:10:06 ICTM1612S02H1 systemd-udevd[3110]: creating symlink '/dev/char/21:22' to '../sg22'
Apr 14 10:10:06 ICTM1612S02H1 systemd-udevd[3073]: '/usr/bin/sg_inq --export /dev/sde'(out) 'SCSI_MODEL_ENC=INF-01-00\x20\x20\x20\x20\x20\x20\x20'
Apr 14 10:10:06 ICTM1612S02H1 systemd-udevd[3142]: value '[dmi/id]sys_vendor' is 'Dell Inc.'
Apr 14 10:10:06 ICTM1612S02H1 systemd-udevd[3113]: created empty file '/run/udev/data/c249:25' for '/devices/platform/host16/session1/target16:0:0/16:0:0:3/bsg/16:0:0:3'
Apr 14 10:10:06 ICTM1612S02H1 systemd-udevd[3118]: creating symlink '/dev/char/249:24' to '../bsg/18:0:0:1'
Apr 14 10:10:06 ICTM1612S02H1 systemd-udevd[3074]: creating symlink '/dev/char/249:26' to '../bsg/20:0:0:131'
Apr 14 10:10:06 ICTM1612S02H1 systemd-udevd[3119]: '/usr/bin/sg_inq --export /dev/sdf'(out) 'SCSI_MODEL_ENC=INF-01-00\x20\x20\x20\x20\x20\x20\x20'
Apr 14 10:10:06 ICTM1612S02H1 systemd-udevd[3127]: passed device to netlink monitor 0x565114765180
Apr 14 10:10:06 ICTM1612S02H1 kernel: [ 56.386222] sd 23:0:0:149: Attached scsi generic sg138 type 0
Apr 14 10:10:06 ICTM1612S02H1 kernel: [ 56.386223] scsi 21:0:0:149: Direct-Access NETAPP INF-01-00 9825 PQ: 0 ANSI: 5
Apr 14 10:10:06 ICTM1612S02H1 kernel: [ 56.386319] sd 21:0:0:148: [sddz] 4194304 512-byte logical blocks: (2.15 GB/2.00 GiB)
Apr 14 10:10:06 ICTM1612S02H1 kernel: [ 56.386470] sd 20:0:0:151: Attached scsi generic sg139 type 0
Apr 14 10:10:06 ICTM1612S02H1 kernel: [ 56.386654] sd 22:0:0:151: [sddu] Write cache: enabled, read cache: enabled, supports DPO and FUA
Apr 14 10:10:06 ICTM1612S02H1 systemd-udevd[3102]: creating symlink '/dev/char/21:21' to '../sg21'
Apr 14 10:10:06 ICTM1612S02H1 systemd-udevd[3102]: created empty file '/run/udev/data/c21:21' for '/devices/platform/host16/session1/target16:0:0/16:0:0:3/scsi_generic/sg21'
Apr 14 10:10:06 ICTM1612S02H1 systemd-udevd[3232]: set permissions /dev/sg23, 020660, uid=0, gid=6
Apr 14 10:10:06 ICTM1612S02H1 systemd-udevd[3120]: IMPORT builtin 'path_id' /lib/udev/rules.d/60-persistent-storage.rules:54
Apr 14 10:10:06 ICTM1612S02H1 systemd-udevd[3112]: '/usr/bin/sg_inq --export /dev/sdd'(out) 'SCSI_MODEL_ENC=INF-01-00\x20\x20\x20\x20\x20\x20\x20'
Apr 14 10:10:06 ICTM1612S02H1 systemd-udevd[1486]: seq 4785 queued, 'add' 'bsg'
Apr 14 10:10:06 ICTM1612S02H1 systemd-udevd[3236]: created empty file '/run/udev/data/c21:20' for '/devices/platform/host18/session3/target18:0:0/18:0:0:1/scsi_generic/sg20'
Apr 14 10:10:06 ICTM1612S02H1 systemd-udevd[3073]: '/usr/bin/sg_inq --export /dev/sde'(out) 'SCSI_REVISION=9820'
Apr 14 10:10:06 ICTM1612S02H1 systemd-udevd[3110]: created empty file '/run/udev/data/c21:22' for '/devices/platform/host20/session5/target20:0:0/20:0:0:131/scsi_generic/sg22'
Apr 14 10:10:06 ICTM1612S02H1 systemd-udevd[3073]: Process '/usr/bin/sg_inq --export /dev/sde' succeeded.
Apr 14 10:10:06 ICTM1612S02H1 systemd-udevd[3113]: passed device to netlink monitor 0x565114729780
Apr 14 10:10:06 ICTM1612S02H1 systemd-udevd[3118]: created empty file '/run/udev/data/c249:24' for '/devices/platform/host18/session3/target18:0:0/18:0:0:1/bsg/18:0:0:1'
Apr 14 10:10:06 ICTM1612S02H1 systemd-udevd[3119]: '/usr/bin/sg_inq --export /dev/sdf'(out) 'SCSI_REVISION=9820'
Apr 14 10:10:06 ICTM1612S02H1 systemd-udevd[3074]: created empty file '/run/udev/data/c249:26' for '/devices/platform/host20/session5/target20:0:0/20:0:0:131/bsg/20:0:0:131'
Apr 14 10:10:06 ICTM1612S02H1 systemd-udevd[3119]: Process '/usr/bin/sg_inq --export /dev/sdf' succeeded.
Apr 14 10:10:06 ICTM1612S02H1 systemd-udevd[3127]: seq 4774 processed
Apr 14 10:10:06 ICTM1612S02H1 systemd-udevd[3319]: starting '/usr/bin/sg_inq --export /dev/sdg'
Apr 14 10:10:06 ICTM1612S02H1 systemd-udevd[3068]: '/usr/bin/sg_inq --export /dev/sdc'(out) 'SCSI_VENDOR_ENC=NETAPP\x20\x20'
Apr 14 10:10:06 ICTM1612S02H1 systemd-udevd[3102]: passed device to netlink monitor 0x5651147277a0
Apr 14 10:10:06 ICTM1612S02H1 systemd-udevd[3232]: creating symlink '/dev/char/21:23' to '../sg23'
Apr 14 10:10:06 ICTM1612S02H1 systemd-udevd[3112]: '/usr/bin/sg_inq --export /dev/sdd'(out) 'SCSI_REVISION=9820'
Apr 14 10:10:06 ICTM1612S02H1 systemd-udevd[1486]: passed 231 byte device to netlink monitor 0x565114712ae0
Apr 14 10:10:06 ICTM1612S02H1 systemd-udevd[3112]: Process '/usr/bin/sg_inq --export /dev/sdd' succeeded.
Apr 14 10:10:06 ICTM1612S02H1 systemd-udevd[3236]: passed device to netlink monitor 0x5651147839c0
Apr 14 10:10:06 ICTM1612S02H1 systemd-udevd[3110]: passed device to netlink monitor 0x56511475de20
Apr 14 10:10:06 ICTM1612S02H1 systemd-udevd[3112]: IMPORT '/usr/bin/sg_inq --export --page=sn /dev/sdd' /lib/udev/rules.d/55-scsi-sg3_id.rules:19
Apr 14 10:10:06 ICTM1612S02H1 systemd-udevd[3113]: seq 4778 processed
Apr 14 10:10:06 ICTM1612S02H1 systemd-udevd[3073]: IMPORT '/usr/bin/sg_inq --export --page=sn /dev/sde' /lib/udev/rules.d/55-scsi-sg3_id.rules:19
Apr 14 10:10:06 ICTM1612S02H1 systemd-udevd[3118]: passed device to netlink monitor 0x5651147290e0
Apr 14 10:10:06 ICTM1612S02H1 systemd-udevd[3120]: LINK 'disk/by-path/ip-fe80:0000:0000:0000:0192:0012:0021:0111:3260-iscsi-iqn.1992-08.com.netapp:5504.60080e5000290924000000005525f5de-lun-0' /lib/udev/rules.d/60-persistent-storage.rules:55
Apr 14 10:10:06 ICTM1612S02H1 systemd-udevd[3074]: passed device to netlink monitor 0x565114714100
Apr 14 10:10:06 ICTM1612S02H1 systemd-udevd[3135]: value '[dmi/id]sys_vendor' is 'Dell Inc.'
Apr 14 10:10:06 ICTM1612S02H1 systemd-udevd[3119]: IMPORT '/usr/bin/sg_inq --export --page=sn /dev/sdf' /lib/udev/rules.d/55-scsi-sg3_id.rules:19
Apr 14 10:10:06 ICTM1612S02H1 systemd-udevd[3323]: starting '/usr/bin/sg_inq --export --page=sn /dev/sdd'
Apr 14 10:10:06 ICTM1612S02H1 systemd-udevd[3102]: seq 4776 processed
Apr 14 10:10:06 ICTM1612S02H1 systemd-udevd[3232]: created empty file '/run/udev/data/c21:23' for '/devices/platform/host22/session7/target22:0:0/22:0:0:131/scsi_generic/sg23'
Apr 14 10:10:06 ICTM1612S02H1 systemd-udevd[3324]: starting '/usr/bin/sg_inq --export --page=sn /dev/sde'
Apr 14 10:10:06 ICTM1612S02H1 systemd-udevd[1486]: seq 4786 queued, 'add' 'bsg'
Apr 14 10:10:06 ICTM1612S02H1 systemd-udevd[3236]: seq 4772 processed
Apr 14 10:10:06 ICTM1612S02H1 systemd-udevd[3110]: seq 4779 processed
Apr 14 10:10:06 ICTM1612S02H1 systemd-udevd[3142]: passed device to netlink monitor 0x56511477d7a0
Apr 14 10:10:06 ICTM1612S02H1 systemd-udevd[3118]: seq 4775 processed
Apr 14 10:10:06 ICTM1612S02H1 systemd-udevd[3120]: IMPORT builtin 'blkid' /lib/udev/rules.d/60-persistent-storage.rules:66
Apr 14 10:10:06 ICTM1612S02H1 systemd-udevd[3074]: seq 4781 processed
Apr 14 10:10:06 ICTM1612S02H1 systemd-udevd[3068]: '/usr/bin/sg_inq --export /dev/sdc'(out) 'SCSI_MODEL=INF-01-00'
Apr 14 10:10:06 ICTM1612S02H1 systemd-udevd[3135]: value '[dmi/id]sys_vendor' is 'Dell Inc.'
Apr 14 10:10:06 ICTM1612S02H1 kernel: [ 56.387874] sd 23:0:0:148: [sddw] Write Protect is off
Apr 14 10:10:06 ICTM1612S02H1 kernel: [ 56.387877] sd 23:0:0:148: [sddw] Mode Sense: 83 00 10 08
Apr 14 10:10:06 ICTM1612S02H1 kernel: [ 56.388180] sd 23:0:0:149: [sdec] 4194304 512-byte logical blocks: (2.15 GB/2.00 GiB)
Apr 14 10:10:06 ICTM1612S02H1 kernel: [ 56.388186] sd 19:0:0:12: Attached scsi generic sg140 type 0
Apr 14 10:10:06 ICTM1612S02H1 kernel: [ 56.388245] sd 16:0:0:12: [sddo] Write Protect is off
Apr 14 10:10:06 ICTM1612S02H1 kernel: [ 56.388248] sd 16:0:0:12: [sddo] Mode Sense: 83 00 10 08
Apr 14 10:10:06 ICTM1612S02H1 kernel: [ 56.388312] sd 22:0:0:153: Attached scsi generic sg141 type 0
Apr 14 10:10:06 ICTM1612S02H1 kernel: [ 56.388350] scsi 23:0:0:150: Direct-Access NETAPP INF-01-00 9825 PQ: 0 ANSI: 5
Apr 14 10:10:06 ICTM1612S02H1 systemd-udevd[3232]: passed device to netlink monitor 0x5651147837b0
Apr 14 10:10:06 ICTM1612S02H1 systemd-udevd[3135]: GROUP 6 /lib/udev/rules.d/50-udev-default.rules:63
Apr 14 10:10:06 ICTM1612S02H1 systemd-udevd[1486]: passed 225 byte device to netlink monitor 0x565114712ae0
Apr 14 10:10:06 ICTM1612S02H1 systemd-udevd[3130]: seq 4786 running
Apr 14 10:10:06 ICTM1612S02H1 systemd-udevd[3142]: seq 4783 processed
Apr 14 10:10:06 ICTM1612S02H1 systemd-udevd[3325]: starting '/usr/bin/sg_inq --export --page=sn /dev/sdf'
Apr 14 10:10:06 ICTM1612S02H1 kernel: [ 56.389163] sd 23:0:0:143: [sdcr] Attached SCSI disk
Apr 14 10:10:06 ICTM1612S02H1 kernel: [ 56.389209] sd 17:0:0:6: [sdbg] Attached SCSI disk
Apr 14 10:10:06 ICTM1612S02H1 kernel: [ 56.389281] sd 16:0:0:13: [sdea] 4194304 512-byte logical blocks: (2.15 GB/2.00 GiB)
Apr 14 10:10:06 ICTM1612S02H1 kernel: [ 56.389384] sd 17:0:0:12: Attached scsi generic sg142 type 0
Apr 14 10:10:06 ICTM1612S02H1 kernel: [ 56.389390] sd 18:0:0:9: [sddq] Write Protect is off
Apr 14 10:10:06 ICTM1612S02H1 kernel: [ 56.389392] sd 18:0:0:9: [sddq] Mode Sense: 83 00 10 08
Apr 14 10:10:06 ICTM1612S02H1 kernel: [ 56.389506] scsi 16:0:0:14: Direct-Access NETAPP INF-01-00 9820 PQ: 0 ANSI: 5
Apr 14 10:10:06 ICTM1612S02H1 kernel: [ 56.389696] sd 18:0:0:10: [sdeb] 4194304 512-byte logical blocks: (2.15 GB/2.00 GiB)
Apr 14 10:10:06 ICTM1612S02H1 kernel: [ 56.389822] scsi 18:0:0:11: Direct-Access NETAPP INF-01-00 9820 PQ: 0 ANSI: 5
Apr 14 10:10:06 ICTM1612S02H1 kernel: [ 56.390060] sd 20:0:0:150: [sddx] Write Protect is off
Apr 14 10:10:06 ICTM1612S02H1 kernel: [ 56.390070] sd 20:0:0:150: [sddx] Mode Sense: 83 00 10 08
Apr 14 10:10:06 ICTM1612S02H1 kernel: [ 56.390098] sd 21:0:0:147: [sddv] Write cache: enabled, read cache: enabled, supports DPO and FUA
Apr 14 10:10:06 ICTM1612S02H1 kernel: [ 56.390298] sd 20:0:0:151: [sded] 4194304 512-byte logical blocks: (2.15 GB/2.00 GiB)
Apr 14 10:10:06 ICTM1612S02H1 kernel: [ 56.390519] sd 23:0:0:148: [sddw] Write cache: enabled, read cache: enabled, supports DPO and FUA
Apr 14 10:10:06 ICTM1612S02H1 kernel: [ 56.390667] sd 22:0:0:153: [sdef] 37748736 512-byte logical blocks: (19.3 GB/18.0 GiB)
Apr 14 10:10:06 ICTM1612S02H1 kernel: [ 56.390700] scsi 20:0:0:152: Direct-Access NETAPP INF-01-00 9825 PQ: 0 ANSI: 5
