Apr 14 10:10:06 ICTM1612S02H1 systemd-udevd[3236]: value '[dmi/id]sys_vendor' is 'Dell Inc.'
Apr 14 10:10:06 ICTM1612S02H1 systemd-udevd[3073]: found 'b8:32' claiming '/run/udev/links/\x2fdisk\x2fby-id\x2fscsi-SNETAPP_INF-01-00_SR21500107'
Apr 14 10:10:06 ICTM1612S02H1 systemd-udevd[1486]: passed 196 byte device to netlink monitor 0x565114712ae0
Apr 14 10:10:06 ICTM1612S02H1 systemd-udevd[3236]: IMPORT builtin 'hwdb' /lib/udev/rules.d/50-udev-default.rules:15
Apr 14 10:10:06 ICTM1612S02H1 systemd-udevd[3130]: seq 5130 running
Apr 14 10:10:06 ICTM1612S02H1 systemd-udevd[1486]: passed 200 byte device to netlink monitor 0x565114712ae0
Apr 14 10:10:06 ICTM1612S02H1 systemd-udevd[3074]: seq 5131 running
Apr 14 10:10:06 ICTM1612S02H1 systemd-udevd[3236]: IMPORT builtin 'hwdb' returned non-zero
Apr 14 10:10:06 ICTM1612S02H1 systemd-udevd[3073]: found 'b8:80' claiming '/run/udev/links/\x2fdisk\x2fby-id\x2fscsi-SNETAPP_INF-01-00_SR21500107'
Apr 14 10:10:06 ICTM1612S02H1 systemd-udevd[1486]: passed 232 byte device to netlink monitor 0x565114712ae0
Apr 14 10:10:06 ICTM1612S02H1 systemd-udevd[3127]: seq 5133 running
Apr 14 10:10:06 ICTM1612S02H1 systemd-udevd[3236]: path '[module/sg](null)' is '/sys/module/sg'
Apr 14 10:10:06 ICTM1612S02H1 systemd-udevd[1486]: passed 231 byte device to netlink monitor 0x565114712ae0
Apr 14 10:10:06 ICTM1612S02H1 systemd-udevd[1486]: seq 5141 queued, 'add' 'scsi_device'
Apr 14 10:10:06 ICTM1612S02H1 systemd-udevd[3236]: RUN 'kmod load $env{MODALIAS}' /lib/udev/rules.d/80-drivers.rules:5
Apr 14 10:10:06 ICTM1612S02H1 systemd-udevd[3118]: seq 5135 running
Apr 14 10:10:06 ICTM1612S02H1 systemd-udevd[1486]: passed 192 byte device to netlink monitor 0x565114712ae0
Apr 14 10:10:06 ICTM1612S02H1 systemd-udevd[3126]: seq 5136 running
Apr 14 10:10:06 ICTM1612S02H1 systemd-udevd[3073]: creating link '/dev/disk/by-id/scsi-SNETAPP_INF-01-00_SR21500107' to '/dev/sdv'
Apr 14 10:10:06 ICTM1612S02H1 systemd-udevd[3236]: Execute 'load' 'scsi:t-0x00'
Apr 14 10:10:06 ICTM1612S02H1 systemd-udevd[1486]: passed 196 byte device to netlink monitor 0x565114712ae0
Apr 14 10:10:06 ICTM1612S02H1 systemd-udevd[3119]: seq 5134 running
Apr 14 10:10:06 ICTM1612S02H1 systemd-udevd[3073]: atomically replace '/dev/disk/by-id/scsi-SNETAPP_INF-01-00_SR21500107'
Apr 14 10:10:06 ICTM1612S02H1 systemd-udevd[3236]: No module matches 'scsi:t-0x00'
Apr 14 10:10:06 ICTM1612S02H1 systemd-udevd[1486]: passed 230 byte device to netlink monitor 0x565114712ae0
Apr 14 10:10:06 ICTM1612S02H1 systemd-udevd[3102]: seq 5138 running
Apr 14 10:10:06 ICTM1612S02H1 systemd-udevd[3073]: found 'b8:240' claiming '/run/udev/links/\x2fdisk\x2fby-id\x2fwwn-0x60080e500029092400008d525605f996'
Apr 14 10:10:06 ICTM1612S02H1 systemd-udevd[3236]: passed device to netlink monitor 0x5651147839c0
Apr 14 10:10:06 ICTM1612S02H1 systemd-udevd[3074]: value '[dmi/id]sys_vendor' is 'Dell Inc.'
Apr 14 10:10:06 ICTM1612S02H1 systemd-udevd[3090]: seq 5140 running
Apr 14 10:10:06 ICTM1612S02H1 systemd-udevd[3130]: value '[dmi/id]sys_vendor' is 'Dell Inc.'
Apr 14 10:10:06 ICTM1612S02H1 systemd-udevd[3236]: seq 5137 processed
Apr 14 10:10:06 ICTM1612S02H1 systemd-udevd[1486]: passed 225 byte device to netlink monitor 0x565114712ae0
Apr 14 10:10:06 ICTM1612S02H1 systemd-udevd[1486]: seq 5142 queued, 'add' 'scsi_generic'
Apr 14 10:10:06 ICTM1612S02H1 systemd-udevd[1486]: passed 196 byte device to netlink monitor 0x565114712ae0
Apr 14 10:10:06 ICTM1612S02H1 systemd-udevd[1486]: passed 200 byte device to netlink monitor 0x565114712ae0
Apr 14 10:10:06 ICTM1612S02H1 systemd-udevd[3236]: seq 5139 running
Apr 14 10:10:06 ICTM1612S02H1 systemd-udevd[1486]: passed 232 byte device to netlink monitor 0x565114712ae0
Apr 14 10:10:06 ICTM1612S02H1 systemd-udevd[3068]: seq 5141 running
Apr 14 10:10:06 ICTM1612S02H1 systemd-udevd[3110]: seq 5142 running
Apr 14 10:10:06 ICTM1612S02H1 systemd-udevd[1486]: seq 5143 queued, 'add' 'scsi'
Apr 14 10:10:06 ICTM1612S02H1 systemd-udevd[3232]: seq 5143 running
Apr 14 10:10:06 ICTM1612S02H1 systemd-udevd[3074]: value '[dmi/id]sys_vendor' is 'Dell Inc.'
Apr 14 10:10:06 ICTM1612S02H1 systemd-udevd[3073]: creating link '/dev/disk/by-id/wwn-0x60080e500029092400008d525605f996' to '/dev/sdv'
Apr 14 10:10:06 ICTM1612S02H1 systemd-udevd[3073]: atomically replace '/dev/disk/by-id/wwn-0x60080e500029092400008d525605f996'
Apr 14 10:10:06 ICTM1612S02H1 systemd-udevd[3073]: creating link '/dev/disk/by-path/ip-fe80:0000:0000:0000:0192:0012:0022:0112:3260-iscsi-iqn.1992-08.com.netapp:5504.60080e5000290924000000005525f5de-lun-3' to '/dev/sdv'
Apr 14 10:10:06 ICTM1612S02H1 systemd-udevd[3073]: creating symlink '/dev/disk/by-path/ip-fe80:0000:0000:0000:0192:0012:0022:0112:3260-iscsi-iqn.1992-08.com.netapp:5504.60080e5000290924000000005525f5de-lun-3' to '../../sdv'
Apr 14 10:10:06 ICTM1612S02H1 systemd-udevd[3130]: value '[dmi/id]sys_vendor' is 'Dell Inc.'
Apr 14 10:10:06 ICTM1612S02H1 systemd-udevd[3073]: created db file '/run/udev/data/b65:80' for '/devices/platform/host17/session2/target17:0:0/17:0:0:3/block/sdv'
Apr 14 10:10:06 ICTM1612S02H1 systemd-udevd[3074]: passed device to netlink monitor 0x565114714100
Apr 14 10:10:06 ICTM1612S02H1 systemd-udevd[3074]: seq 5131 processed
Apr 14 10:10:06 ICTM1612S02H1 systemd-udevd[3130]: passed device to netlink monitor 0x565114760a80
Apr 14 10:10:06 ICTM1612S02H1 systemd-udevd[3130]: seq 5130 processed
Apr 14 10:10:06 ICTM1612S02H1 systemd-udevd[3594]: starting '/lib/udev/hdparm'
Apr 14 10:10:06 ICTM1612S02H1 systemd-udevd[3127]: value '[dmi/id]sys_vendor' is 'Dell Inc.'
Apr 14 10:10:06 ICTM1612S02H1 systemd-udevd[3145]: '/usr/bin/sg_inq --export /dev/sdad'(out) 'SCSI_TPGS=0'
Apr 14 10:10:06 ICTM1612S02H1 systemd-udevd[3145]: '/usr/bin/sg_inq --export /dev/sdad'(out) 'SCSI_TYPE=disk'
Apr 14 10:10:06 ICTM1612S02H1 systemd-udevd[3145]: '/usr/bin/sg_inq --export /dev/sdad'(out) 'SCSI_VENDOR=NETAPP'
Apr 14 10:10:06 ICTM1612S02H1 systemd-udevd[3145]: '/usr/bin/sg_inq --export /dev/sdad'(out) 'SCSI_VENDOR_ENC=NETAPP\x20\x20'
Apr 14 10:10:06 ICTM1612S02H1 systemd-udevd[3145]: '/usr/bin/sg_inq --export /dev/sdad'(out) 'SCSI_MODEL=INF-01-00'
Apr 14 10:10:06 ICTM1612S02H1 systemd-udevd[3145]: '/usr/bin/sg_inq --export /dev/sdad'(out) 'SCSI_MODEL_ENC=INF-01-00\x20\x20\x20\x20\x20\x20\x20'
Apr 14 10:10:06 ICTM1612S02H1 systemd-udevd[3145]: '/usr/bin/sg_inq --export /dev/sdad'(out) 'SCSI_REVISION=9820'
Apr 14 10:10:06 ICTM1612S02H1 systemd-udevd[3118]: value '[dmi/id]sys_vendor' is 'Dell Inc.'
Apr 14 10:10:06 ICTM1612S02H1 systemd-udevd[3145]: Process '/usr/bin/sg_inq --export /dev/sdad' succeeded.
Apr 14 10:10:06 ICTM1612S02H1 systemd-udevd[3145]: IMPORT '/usr/bin/sg_inq --export --page=sn /dev/sdad' /lib/udev/rules.d/55-scsi-sg3_id.rules:19
Apr 14 10:10:06 ICTM1612S02H1 systemd-udevd[3113]: '/usr/bin/sg_inq --export --page=di /dev/sdab'(out) 'SCSI_IDENT_LUN_NAA=60080e5000290b5400008a2f5605fd8a'
Apr 14 10:10:06 ICTM1612S02H1 systemd-udevd[3113]: '/usr/bin/sg_inq --export --page=di /dev/sdab'(out) 'SCSI_IDENT_PORT_RELATIVE=32769'
Apr 14 10:10:06 ICTM1612S02H1 systemd-udevd[3113]: Process '/usr/bin/sg_inq --export --page=di /dev/sdab' succeeded.
Apr 14 10:10:06 ICTM1612S02H1 systemd-udevd[3113]: PROGRAM '/sbin/multipath -c /dev/sdab' /lib/udev/rules.d/56-dm-mpath-lvm.rules:21
Apr 14 10:10:06 ICTM1612S02H1 systemd-udevd[3126]: value '[dmi/id]sys_vendor' is 'Dell Inc.'
Apr 14 10:10:06 ICTM1612S02H1 systemd-udevd[3596]: starting '/usr/bin/sg_inq --export --page=sn /dev/sdad'
Apr 14 10:10:06 ICTM1612S02H1 systemd-udevd[3127]: value '[dmi/id]sys_vendor' is 'Dell Inc.'
Apr 14 10:10:06 ICTM1612S02H1 systemd-udevd[3118]: value '[dmi/id]sys_vendor' is 'Dell Inc.'
Apr 14 10:10:06 ICTM1612S02H1 systemd-udevd[3597]: starting '/sbin/multipath -c /dev/sdab'
Apr 14 10:10:06 ICTM1612S02H1 systemd-udevd[3118]: handling device node '/dev/bsg/22:0:0:143', devnum=c249:88, mode=0600, uid=0, gid=0
Apr 14 10:10:06 ICTM1612S02H1 systemd-udevd[3118]: preserve permissions /dev/bsg/22:0:0:143, 020600, uid=0, gid=0
Apr 14 10:10:06 ICTM1612S02H1 systemd-udevd[3118]: creating symlink '/dev/char/249:88' to '../bsg/22:0:0:143'
Apr 14 10:10:06 ICTM1612S02H1 systemd-udevd[3118]: created empty file '/run/udev/data/c249:88' for '/devices/platform/host22/session7/target22:0:0/22:0:0:143/bsg/22:0:0:143'
Apr 14 10:10:06 ICTM1612S02H1 systemd-udevd[3118]: passed device to netlink monitor 0x5651147290e0
Apr 14 10:10:06 ICTM1612S02H1 systemd-udevd[3118]: seq 5135 processed
Apr 14 10:10:06 ICTM1612S02H1 systemd-udevd[3126]: value '[dmi/id]sys_vendor' is 'Dell Inc.'
Apr 14 10:10:06 ICTM1612S02H1 systemd-udevd[3127]: GROUP 6 /lib/udev/rules.d/50-udev-default.rules:63
Apr 14 10:10:06 ICTM1612S02H1 systemd-udevd[1486]: passed 209 byte device to netlink monitor 0x565114712ae0
Apr 14 10:10:06 ICTM1612S02H1 systemd-udevd[3126]: passed device to netlink monitor 0x565114746ba0
Apr 14 10:10:06 ICTM1612S02H1 systemd-udevd[3126]: seq 5136 processed
Apr 14 10:10:06 ICTM1612S02H1 systemd-udevd[1486]: seq 5144 queued, 'add' 'block'
Apr 14 10:10:06 ICTM1612S02H1 systemd-udevd[3127]: handling device node '/dev/sg84', devnum=c21:84, mode=0660, uid=0, gid=6
Apr 14 10:10:06 ICTM1612S02H1 systemd-udevd[3127]: set permissions /dev/sg84, 020660, uid=0, gid=6
Apr 14 10:10:06 ICTM1612S02H1 systemd-udevd[1486]: passed 229 byte device to netlink monitor 0x565114712ae0
Apr 14 10:10:06 ICTM1612S02H1 systemd-udevd[3127]: creating symlink '/dev/char/21:84' to '../sg84'
Apr 14 10:10:06 ICTM1612S02H1 systemd-udevd[3127]: created empty file '/run/udev/data/c21:84' for '/devices/platform/host22/session7/target22:0:0/22:0:0:143/scsi_generic/sg84'
Apr 14 10:10:06 ICTM1612S02H1 systemd-udevd[3130]: seq 5144 running
Apr 14 10:10:06 ICTM1612S02H1 systemd-udevd[3127]: passed device to netlink monitor 0x565114765180
Apr 14 10:10:06 ICTM1612S02H1 systemd-udevd[3127]: seq 5133 processed
Apr 14 10:10:06 ICTM1612S02H1 systemd-udevd[1486]: seq 5145 queued, 'add' 'scsi_disk'
Apr 14 10:10:06 ICTM1612S02H1 systemd-udevd[1486]: seq 5146 queued, 'add' 'scsi_device'
Apr 14 10:10:06 ICTM1612S02H1 systemd-udevd[3232]: value '[dmi/id]sys_vendor' is 'Dell Inc.'
Apr 14 10:10:06 ICTM1612S02H1 systemd-udevd[1486]: seq 5147 queued, 'add' 'bsg'
Apr 14 10:10:06 ICTM1612S02H1 systemd-udevd[1486]: passed 231 byte device to netlink monitor 0x565114712ae0
Apr 14 10:10:06 ICTM1612S02H1 systemd-udevd[1486]: seq 5148 queued, 'add' 'scsi_generic'
Apr 14 10:10:06 ICTM1612S02H1 systemd-udevd[3074]: seq 5147 running
Apr 14 10:10:06 ICTM1612S02H1 systemd-udevd[3102]: value '[dmi/id]sys_vendor' is 'Dell Inc.'
Apr 14 10:10:06 ICTM1612S02H1 systemd-udevd[3090]: value '[dmi/id]sys_vendor' is 'Dell Inc.'
Apr 14 10:10:06 ICTM1612S02H1 systemd-udevd[3236]: value '[dmi/id]sys_vendor' is 'Dell Inc.'
Apr 14 10:10:06 ICTM1612S02H1 systemd-udevd[3232]: value '[dmi/id]sys_vendor' is 'Dell Inc.'
Apr 14 10:10:06 ICTM1612S02H1 systemd-udevd[3102]: value '[dmi/id]sys_vendor' is 'Dell Inc.'
Apr 14 10:10:06 ICTM1612S02H1 systemd-udevd[3068]: value '[dmi/id]sys_vendor' is 'Dell Inc.'
Apr 14 10:10:06 ICTM1612S02H1 systemd-udevd[3130]: value '[dmi/id]sys_vendor' is 'Dell Inc.'
Apr 14 10:10:06 ICTM1612S02H1 systemd-udevd[3135]: '/usr/bin/sg_inq --export /dev/sdai'(out) 'SCSI_TPGS=0'
Apr 14 10:10:06 ICTM1612S02H1 systemd-udevd[3119]: value '[dmi/id]sys_vendor' is 'Dell Inc.'
Apr 14 10:10:06 ICTM1612S02H1 systemd-udevd[1486]: seq 5149 queued, 'add' 'bsg'
Apr 14 10:10:06 ICTM1612S02H1 systemd-udevd[1486]: seq 5150 queued, 'add' 'bdi'
Apr 14 10:10:06 ICTM1612S02H1 systemd-udevd[3110]: value '[dmi/id]sys_vendor' is 'Dell Inc.'
Apr 14 10:10:06 ICTM1612S02H1 systemd-udevd[3102]: GROUP 6 /lib/udev/rules.d/50-udev-default.rules:63
Apr 14 10:10:06 ICTM1612S02H1 systemd-udevd[3135]: '/usr/bin/sg_inq --export /dev/sdai'(out) 'SCSI_TYPE=disk'
Apr 14 10:10:06 ICTM1612S02H1 systemd-udevd[3236]: value '[dmi/id]sys_vendor' is 'Dell Inc.'
Apr 14 10:10:06 ICTM1612S02H1 systemd-udevd[3102]: handling device node '/dev/sg85', devnum=c21:85, mode=0660, uid=0, gid=6
Apr 14 10:10:06 ICTM1612S02H1 systemd-udevd[3232]: IMPORT builtin 'hwdb' /lib/udev/rules.d/50-udev-default.rules:15
Apr 14 10:10:06 ICTM1612S02H1 systemd-udevd[1486]: passed 139 byte device to netlink monitor 0x565114712ae0
Apr 14 10:10:06 ICTM1612S02H1 systemd-udevd[3127]: seq 5150 running
Apr 14 10:10:06 ICTM1612S02H1 systemd-udevd[3068]: value '[dmi/id]sys_vendor' is 'Dell Inc.'
Apr 14 10:10:06 ICTM1612S02H1 systemd-udevd[3135]: '/usr/bin/sg_inq --export /dev/sdai'(out) 'SCSI_VENDOR=NETAPP'
Apr 14 10:10:06 ICTM1612S02H1 systemd-udevd[3130]: value '[dmi/id]sys_vendor' is 'Dell Inc.'
Apr 14 10:10:06 ICTM1612S02H1 systemd-udevd[3119]: value '[dmi/id]sys_vendor' is 'Dell Inc.'
Apr 14 10:10:06 ICTM1612S02H1 systemd-udevd[3110]: value '[dmi/id]sys_vendor' is 'Dell Inc.'
Apr 14 10:10:06 ICTM1612S02H1 systemd-udevd[3090]: value '[dmi/id]sys_vendor' is 'Dell Inc.'
Apr 14 10:10:06 ICTM1612S02H1 systemd-udevd[3102]: set permissions /dev/sg85, 020660, uid=0, gid=6
Apr 14 10:10:06 ICTM1612S02H1 systemd-udevd[3102]: creating symlink '/dev/char/21:85' to '../sg85'
Apr 14 10:10:06 ICTM1612S02H1 systemd-udevd[3232]: IMPORT builtin 'hwdb' returned non-zero
Apr 14 10:10:06 ICTM1612S02H1 systemd-udevd[1486]: seq 5151 queued, 'add' 'bdi'
Apr 14 10:10:06 ICTM1612S02H1 systemd-udevd[3135]: '/usr/bin/sg_inq --export /dev/sdai'(out) 'SCSI_VENDOR_ENC=NETAPP\x20\x20'
Apr 14 10:10:06 ICTM1612S02H1 systemd-udevd[3118]: seq 5151 running
Apr 14 10:10:06 ICTM1612S02H1 systemd-udevd[3068]: passed device to netlink monitor 0x565114713cd0
Apr 14 10:10:06 ICTM1612S02H1 systemd-udevd[3130]: GROUP 6 /lib/udev/rules.d/50-udev-default.rules:55
Apr 14 10:10:06 ICTM1612S02H1 systemd-udevd[3119]: passed device to netlink monitor 0x565114761270
Apr 14 10:10:06 ICTM1612S02H1 systemd-udevd[3110]: GROUP 6 /lib/udev/rules.d/50-udev-default.rules:63
Apr 14 10:10:06 ICTM1612S02H1 systemd-udevd[3236]: passed device to netlink monitor 0x5651147839c0
Apr 14 10:10:06 ICTM1612S02H1 systemd-udevd[3127]: value '[dmi/id]sys_vendor' is 'Dell Inc.'
Apr 14 10:10:06 ICTM1612S02H1 systemd-udevd[3110]: handling device node '/dev/sg86', devnum=c21:86, mode=0660, uid=0, gid=6
Apr 14 10:10:06 ICTM1612S02H1 systemd-udevd[3090]: handling device node '/dev/bsg/19:0:0:7', devnum=c249:89, mode=0600, uid=0, gid=0
Apr 14 10:10:06 ICTM1612S02H1 systemd-udevd[3232]: path '[module/sg](null)' is '/sys/module/sg'
Apr 14 10:10:06 ICTM1612S02H1 systemd-udevd[1486]: passed 139 byte device to netlink monitor 0x565114712ae0
Apr 14 10:10:06 ICTM1612S02H1 systemd-udevd[3135]: '/usr/bin/sg_inq --export /dev/sdai'(out) 'SCSI_MODEL=INF-01-00'
Apr 14 10:10:06 ICTM1612S02H1 systemd-udevd[3074]: value '[dmi/id]sys_vendor' is 'Dell Inc.'
Apr 14 10:10:06 ICTM1612S02H1 systemd-udevd[3113]: '/sbin/multipath -c /dev/sdab'(out) '/dev/sdab is not a valid multipath device path'
Apr 14 10:10:06 ICTM1612S02H1 systemd-udevd[3068]: seq 5141 processed
Apr 14 10:10:06 ICTM1612S02H1 systemd-udevd[3130]: IMPORT '/usr/bin/sg_inq --export /dev/sdah' /lib/udev/rules.d/55-scsi-sg3_id.rules:10
Apr 14 10:10:06 ICTM1612S02H1 systemd-udevd[3119]: seq 5134 processed
Apr 14 10:10:06 ICTM1612S02H1 systemd-udevd[3118]: value '[dmi/id]sys_vendor' is 'Dell Inc.'
Apr 14 10:10:06 ICTM1612S02H1 systemd-udevd[3236]: seq 5139 processed
Apr 14 10:10:06 ICTM1612S02H1 systemd-udevd[3102]: created empty file '/run/udev/data/c21:85' for '/devices/platform/host19/session4/target19:0:0/19:0:0:7/scsi_generic/sg85'
Apr 14 10:10:06 ICTM1612S02H1 systemd-udevd[3102]: passed device to netlink monitor 0x5651147277a0
Apr 14 10:10:06 ICTM1612S02H1 systemd-udevd[3127]: value '[dmi/id]sys_vendor' is 'Dell Inc.'
Apr 14 10:10:06 ICTM1612S02H1 systemd-udevd[3090]: preserve permissions /dev/bsg/19:0:0:7, 020600, uid=0, gid=0
Apr 14 10:10:06 ICTM1612S02H1 kernel: [ 56.539611] sd 19:0:0:19: [sdgj] Attached SCSI disk
Apr 14 10:10:06 ICTM1612S02H1 kernel: [ 56.539781] sd 19:0:0:125: Attached scsi generic sg221 type 0
Apr 14 10:10:06 ICTM1612S02H1 kernel: [ 56.539971] sd 16:0:0:125: [sdhb] Write cache: enabled, read cache: enabled, supports DPO and FUA
Apr 14 10:10:06 ICTM1612S02H1 kernel: [ 56.540078] sd 18:0:0:122: [sdha] Write cache: enabled, read cache: enabled, supports DPO and FUA
Apr 14 10:10:06 ICTM1612S02H1 kernel: [ 56.541813] sd 17:0:0:124: [sdhc] Write Protect is off
Apr 14 10:10:06 ICTM1612S02H1 kernel: [ 56.541817] sd 17:0:0:124: [sdhc] Mode Sense: 83 00 10 08
Apr 14 10:10:06 ICTM1612S02H1 systemd-udevd[3232]: RUN 'kmod load $env{MODALIAS}' /lib/udev/rules.d/80-drivers.rules:5
Apr 14 10:10:06 ICTM1612S02H1 kernel: [ 56.542588] sd 17:0:0:125: [sdhg] 37748736 512-byte logical blocks: (19.3 GB/18.0 GiB)
Apr 14 10:10:06 ICTM1612S02H1 kernel: [ 56.542830] scsi 17:0:0:126: Direct-Access NETAPP INF-01-00 9820 PQ: 0 ANSI: 5
Apr 14 10:10:06 ICTM1612S02H1 kernel: [ 56.542864] sd 19:0:0:124: [sdhd] Write Protect is off
Apr 14 10:10:06 ICTM1612S02H1 kernel: [ 56.542869] sd 19:0:0:124: [sdhd] Mode Sense: 83 00 10 08
Apr 14 10:10:06 ICTM1612S02H1 kernel: [ 56.543049] sd 18:0:0:18: [sdgk] Attached SCSI disk
Apr 14 10:10:06 ICTM1612S02H1 kernel: [ 56.543078] sd 20:0:0:157: [sdfm] Attached SCSI disk
Apr 14 10:10:06 ICTM1612S02H1 kernel: [ 56.543378] sd 19:0:0:125: [sdhh] 37748736 512-byte logical blocks: (19.3 GB/18.0 GiB)
Apr 14 10:10:06 ICTM1612S02H1 kernel: [ 56.543797] sd 16:0:0:121: [sdgl] Attached SCSI disk
Apr 14 10:10:06 ICTM1612S02H1 kernel: [ 56.544494] sd 16:0:0:127: Attached scsi generic sg222 type 0
Apr 14 10:10:06 ICTM1612S02H1 kernel: [ 56.544597] scsi 19:0:0:126: Direct-Access NETAPP INF-01-00 9820 PQ: 0 ANSI: 5
Apr 14 10:10:06 ICTM1612S02H1 kernel: [ 56.545059] sd 18:0:0:124: Attached scsi generic sg223 type 0
Apr 14 10:10:06 ICTM1612S02H1 kernel: [ 56.545853] sd 17:0:0:124: [sdhc] Write cache: enabled, read cache: enabled, supports DPO and FUA
Apr 14 10:10:06 ICTM1612S02H1 systemd-udevd[3232]: Execute 'load' 'scsi:t-0x00'
Apr 14 10:10:06 ICTM1612S02H1 systemd-udevd[1486]: seq 5152 queued, 'add' 'block'
Apr 14 10:10:06 ICTM1612S02H1 systemd-udevd[3074]: value '[dmi/id]sys_vendor' is 'Dell Inc.'
Apr 14 10:10:06 ICTM1612S02H1 systemd-udevd[3113]: Process '/sbin/multipath -c /dev/sdab' failed with exit code 1.
Apr 14 10:10:06 ICTM1612S02H1 systemd-udevd[3118]: value '[dmi/id]sys_vendor' is 'Dell Inc.'
Apr 14 10:10:06 ICTM1612S02H1 systemd-udevd[3110]: set permissions /dev/sg86, 020660, uid=0, gid=6
Apr 14 10:10:06 ICTM1612S02H1 systemd-udevd[3102]: seq 5138 processed
Apr 14 10:10:06 ICTM1612S02H1 systemd-udevd[3606]: starting '/usr/bin/sg_inq --export /dev/sdah'
Apr 14 10:10:06 ICTM1612S02H1 systemd-udevd[3090]: creating symlink '/dev/char/249:89' to '../bsg/19:0:0:7'
Apr 14 10:10:06 ICTM1612S02H1 systemd-udevd[3127]: passed device to netlink monitor 0x565114765180
Apr 14 10:10:06 ICTM1612S02H1 systemd-udevd[3135]: '/usr/bin/sg_inq --export /dev/sdai'(out) 'SCSI_MODEL_ENC=INF-01-00\x20\x20\x20\x20\x20\x20\x20'
Apr 14 10:10:06 ICTM1612S02H1 systemd-udevd[3232]: No module matches 'scsi:t-0x00'
Apr 14 10:10:06 ICTM1612S02H1 systemd-udevd[1486]: passed 231 byte device to netlink monitor 0x565114712ae0
Apr 14 10:10:06 ICTM1612S02H1 systemd-udevd[3126]: seq 5152 running
Apr 14 10:10:06 ICTM1612S02H1 systemd-udevd[3113]: LINK 'disk/by-id/scsi-SNETAPP_INF-01-00_SR21500107' /lib/udev/rules.d/58-scsi-sg3_symlink.rules:12
Apr 14 10:10:06 ICTM1612S02H1 systemd-udevd[3074]: handling device node '/dev/bsg/21:0:0:140', devnum=c249:90, mode=0600, uid=0, gid=0
Apr 14 10:10:06 ICTM1612S02H1 systemd-udevd[3110]: creating symlink '/dev/char/21:86' to '../sg86'
Apr 14 10:10:06 ICTM1612S02H1 systemd-udevd[3118]: passed device to netlink monitor 0x5651147290e0
Apr 14 10:10:06 ICTM1612S02H1 systemd-udevd[3127]: seq 5150 processed
Apr 14 10:10:06 ICTM1612S02H1 kernel: [ 56.546562] sd 19:0:0:124: [sdhd] Write cache: enabled, read cache: enabled, supports DPO and FUA
Apr 14 10:10:06 ICTM1612S02H1 kernel: [ 56.546876] sd 16:0:0:126: [sdhe] Write Protect is off
Apr 14 10:10:06 ICTM1612S02H1 systemd-udevd[3090]: created empty file '/run/udev/data/c249:89' for '/devices/platform/host19/session4/target19:0:0/19:0:0:7/bsg/19:0:0:7'
Apr 14 10:10:06 ICTM1612S02H1 kernel: [ 56.546880] sd 16:0:0:126: [sdhe] Mode Sense: 83 00 10 08
Apr 14 10:10:06 ICTM1612S02H1 kernel: [ 56.547121] sd 16:0:0:127: [sdhi] 37748736 512-byte logical blocks: (19.3 GB/18.0 GiB)
Apr 14 10:10:06 ICTM1612S02H1 kernel: [ 56.547886] sd 18:0:0:123: [sdhf] Write Protect is off
Apr 14 10:10:06 ICTM1612S02H1 kernel: [ 56.547889] sd 18:0:0:123: [sdhf] Mode Sense: 83 00 10 08
Apr 14 10:10:06 ICTM1612S02H1 systemd-udevd[3135]: '/usr/bin/sg_inq --export /dev/sdai'(out) 'SCSI_REVISION=9820'
Apr 14 10:10:06 ICTM1612S02H1 systemd-udevd[3232]: passed device to netlink monitor 0x5651147837b0
Apr 14 10:10:06 ICTM1612S02H1 systemd-udevd[1486]: seq 5153 queued, 'add' 'bdi'
Apr 14 10:10:06 ICTM1612S02H1 systemd-udevd[3113]: LINK 'disk/by-id/scsi-360080e5000290b5400008a2f5605fd8a' /lib/udev/rules.d/58-scsi-sg3_symlink.rules:15
Apr 14 10:10:06 ICTM1612S02H1 systemd-udevd[3074]: preserve permissions /dev/bsg/21:0:0:140, 020600, uid=0, gid=0
Apr 14 10:10:06 ICTM1612S02H1 systemd-udevd[3118]: seq 5151 processed
Apr 14 10:10:06 ICTM1612S02H1 systemd-udevd[3110]: created empty file '/run/udev/data/c21:86' for '/devices/platform/host21/session6/target21:0:0/21:0:0:140/scsi_generic/sg86'
Apr 14 10:10:06 ICTM1612S02H1 systemd-udevd[3110]: passed device to netlink monitor 0x56511475de20
Apr 14 10:10:06 ICTM1612S02H1 systemd-udevd[3090]: passed device to netlink monitor 0x565114726620
Apr 14 10:10:06 ICTM1612S02H1 systemd-udevd[3232]: seq 5143 processed
Apr 14 10:10:06 ICTM1612S02H1 systemd-udevd[3135]: Process '/usr/bin/sg_inq --export /dev/sdai' succeeded.
Apr 14 10:10:06 ICTM1612S02H1 systemd-udevd[1486]: passed 138 byte device to netlink monitor 0x565114712ae0
Apr 14 10:10:06 ICTM1612S02H1 systemd-udevd[3113]: LINK 'disk/by-id/scsi-360080e5000290b5400008a2f5605fd8a' /lib/udev/rules.d/60-persistent-storage.rules:36
Apr 14 10:10:06 ICTM1612S02H1 systemd-udevd[3236]: seq 5145 running
Apr 14 10:10:06 ICTM1612S02H1 systemd-udevd[3074]: creating symlink '/dev/char/249:90' to '../bsg/21:0:0:140'
Apr 14 10:10:06 ICTM1612S02H1 systemd-udevd[3110]: seq 5142 processed
Apr 14 10:10:06 ICTM1612S02H1 systemd-udevd[3126]: value '[dmi/id]sys_vendor' is 'Dell Inc.'
Apr 14 10:10:06 ICTM1612S02H1 systemd-udevd[3090]: seq 5140 processed
Apr 14 10:10:06 ICTM1612S02H1 systemd-udevd[1486]: passed 192 byte device to netlink monitor 0x565114712ae0
Apr 14 10:10:06 ICTM1612S02H1 systemd-udevd[1486]: passed 196 byte device to netlink monitor 0x565114712ae0
Apr 14 10:10:06 ICTM1612S02H1 systemd-udevd[3113]: IMPORT builtin 'path_id' /lib/udev/rules.d/60-persistent-storage.rules:54
Apr 14 10:10:06 ICTM1612S02H1 systemd-udevd[3119]: seq 5153 running
Apr 14 10:10:06 ICTM1612S02H1 systemd-udevd[3145]: '/usr/bin/sg_inq --export --page=sn /dev/sdad'(out) 'SCSI_IDENT_SERIAL=SR21500247'
Apr 14 10:10:06 ICTM1612S02H1 systemd-udevd[3074]: created empty file '/run/udev/data/c249:90' for '/devices/platform/host21/session6/target21:0:0/21:0:0:140/bsg/21:0:0:140'
Apr 14 10:10:06 ICTM1612S02H1 systemd-udevd[3074]: passed device to netlink monitor 0x565114714100
Apr 14 10:10:06 ICTM1612S02H1 systemd-udevd[3135]: IMPORT '/usr/bin/sg_inq --export --page=sn /dev/sdai' /lib/udev/rules.d/55-scsi-sg3_id.rules:19
Apr 14 10:10:06 ICTM1612S02H1 systemd-udevd[1486]: passed 230 byte device to netlink monitor 0x565114712ae0
Apr 14 10:10:06 ICTM1612S02H1 systemd-udevd[3127]: seq 5146 running
Apr 14 10:10:06 ICTM1612S02H1 systemd-udevd[3118]: seq 5148 running
Apr 14 10:10:06 ICTM1612S02H1 systemd-udevd[3236]: value '[dmi/id]sys_vendor' is 'Dell Inc.'
Apr 14 10:10:06 ICTM1612S02H1 systemd-udevd[3145]: Process '/usr/bin/sg_inq --export --page=sn /dev/sdad' succeeded.
Apr 14 10:10:06 ICTM1612S02H1 systemd-udevd[3126]: value '[dmi/id]sys_vendor' is 'Dell Inc.'
Apr 14 10:10:06 ICTM1612S02H1 systemd-udevd[3074]: seq 5147 processed
Apr 14 10:10:06 ICTM1612S02H1 systemd-udevd[1486]: passed 225 byte device to netlink monitor 0x565114712ae0
Apr 14 10:10:06 ICTM1612S02H1 systemd-udevd[3102]: seq 5149 running
Apr 14 10:10:06 ICTM1612S02H1 systemd-udevd[3119]: value '[dmi/id]sys_vendor' is 'Dell Inc.'
Apr 14 10:10:06 ICTM1612S02H1 systemd-udevd[3145]: IMPORT '/usr/bin/sg_inq --export --page=di /dev/sdad' /lib/udev/rules.d/55-scsi-sg3_id.rules:21
Apr 14 10:10:06 ICTM1612S02H1 systemd-udevd[3608]: starting '/usr/bin/sg_inq --export --page=sn /dev/sdai'
Apr 14 10:10:06 ICTM1612S02H1 systemd-udevd[3126]: GROUP 6 /lib/udev/rules.d/50-udev-default.rules:55
Apr 14 10:10:06 ICTM1612S02H1 systemd-udevd[1486]: seq 5154 queued, 'add' 'block'
Apr 14 10:10:06 ICTM1612S02H1 systemd-udevd[3236]: value '[dmi/id]sys_vendor' is 'Dell Inc.'
Apr 14 10:10:06 ICTM1612S02H1 systemd-udevd[3068]: seq 5154 running
Apr 14 10:10:06 ICTM1612S02H1 systemd-udevd[3118]: value '[dmi/id]sys_vendor' is 'Dell Inc.'
Apr 14 10:10:06 ICTM1612S02H1 systemd-udevd[3127]: value '[dmi/id]sys_vendor' is 'Dell Inc.'
Apr 14 10:10:06 ICTM1612S02H1 systemd-udevd[3102]: value '[dmi/id]sys_vendor' is 'Dell Inc.'
Apr 14 10:10:06 ICTM1612S02H1 systemd-udevd[3119]: value '[dmi/id]sys_vendor' is 'Dell Inc.'
Apr 14 10:10:06 ICTM1612S02H1 systemd-udevd[3126]: IMPORT '/usr/bin/sg_inq --export /dev/sdbb' /lib/udev/rules.d/55-scsi-sg3_id.rules:10
Apr 14 10:10:06 ICTM1612S02H1 systemd-udevd[3119]: passed device to netlink monitor 0x565114761270
Apr 14 10:10:06 ICTM1612S02H1 systemd-udevd[1486]: passed 231 byte device to netlink monitor 0x565114712ae0
Apr 14 10:10:06 ICTM1612S02H1 systemd-udevd[3236]: passed device to netlink monitor 0x5651147839c0
Apr 14 10:10:06 ICTM1612S02H1 systemd-udevd[3118]: value '[dmi/id]sys_vendor' is 'Dell Inc.'
Apr 14 10:10:06 ICTM1612S02H1 systemd-udevd[3119]: seq 5153 processed
Apr 14 10:10:06 ICTM1612S02H1 systemd-udevd[3113]: LINK 'disk/by-path/ip-fe80:0000:0000:0000:0192:0012:0021:0112:3260-iscsi-iqn.1992-08.com.netapp:5504.60080e5000290924000000005525f5de-lun-2' /lib/udev/rules.d/60-persistent-storage.rules:55
Apr 14 10:10:06 ICTM1612S02H1 systemd-udevd[3113]: IMPORT builtin 'blkid' /lib/udev/rules.d/60-persistent-storage.rules:66
Apr 14 10:10:06 ICTM1612S02H1 systemd-udevd[3610]: starting '/usr/bin/sg_inq --export --page=di /dev/sdad'
Apr 14 10:10:06 ICTM1612S02H1 systemd-udevd[1486]: seq 5155 queued, 'add' 'scsi'
Apr 14 10:10:06 ICTM1612S02H1 systemd-udevd[3127]: value '[dmi/id]sys_vendor' is 'Dell Inc.'
Apr 14 10:10:06 ICTM1612S02H1 systemd-udevd[3236]: seq 5145 processed
Apr 14 10:10:06 ICTM1612S02H1 systemd-udevd[3102]: value '[dmi/id]sys_vendor' is 'Dell Inc.'
Apr 14 10:10:06 ICTM1612S02H1 systemd-udevd[3611]: starting '/usr/bin/sg_inq --export /dev/sdbb'
Apr 14 10:10:06 ICTM1612S02H1 systemd-udevd[3118]: GROUP 6 /lib/udev/rules.d/50-udev-default.rules:63
Apr 14 10:10:06 ICTM1612S02H1 systemd-udevd[1486]: passed 211 byte device to netlink monitor 0x565114712ae0
Apr 14 10:10:06 ICTM1612S02H1 systemd-udevd[3074]: seq 5155 running
Apr 14 10:10:06 ICTM1612S02H1 systemd-udevd[3113]: probe /dev/sdab raid offset=0
Apr 14 10:10:06 ICTM1612S02H1 systemd-udevd[3127]: passed device to netlink monitor 0x565114765180
Apr 14 10:10:06 ICTM1612S02H1 systemd-udevd[3102]: handling device node '/dev/bsg/17:0:0:8', devnum=c249:91, mode=0600, uid=0, gid=0
Apr 14 10:10:06 ICTM1612S02H1 systemd-udevd[3068]: value '[dmi/id]sys_vendor' is 'Dell Inc.'
Apr 14 10:10:06 ICTM1612S02H1 systemd-udevd[1486]: seq 5156 queued, 'add' 'scsi_disk'
Apr 14 10:10:06 ICTM1612S02H1 systemd-udevd[3127]: seq 5146 processed
Apr 14 10:10:06 ICTM1612S02H1 systemd-udevd[3118]: handling device node '/dev/sg87', devnum=c21:87, mode=0660, uid=0, gid=6
Apr 14 10:10:06 ICTM1612S02H1 systemd-udevd[3074]: value '[dmi/id]sys_vendor' is 'Dell Inc.'
Apr 14 10:10:06 ICTM1612S02H1 systemd-udevd[3102]: preserve permissions /dev/bsg/17:0:0:8, 020600, uid=0, gid=0
Apr 14 10:10:06 ICTM1612S02H1 systemd-udevd[3068]: value '[dmi/id]sys_vendor' is 'Dell Inc.'
Apr 14 10:10:06 ICTM1612S02H1 systemd-udevd[1486]: seq 5157 queued, 'add' 'scsi_device'
Apr 14 10:10:06 ICTM1612S02H1 systemd-udevd[3118]: set permissions /dev/sg87, 020660, uid=0, gid=6
Apr 14 10:10:06 ICTM1612S02H1 systemd-udevd[3102]: creating symlink '/dev/char/249:91' to '../bsg/17:0:0:8'
Apr 14 10:10:06 ICTM1612S02H1 systemd-udevd[3074]: value '[dmi/id]sys_vendor' is 'Dell Inc.'
Apr 14 10:10:06 ICTM1612S02H1 systemd-udevd[3068]: GROUP 6 /lib/udev/rules.d/50-udev-default.rules:55
Apr 14 10:10:06 ICTM1612S02H1 systemd-udevd[3118]: creating symlink '/dev/char/21:87' to '../sg87'
Apr 14 10:10:06 ICTM1612S02H1 systemd-udevd[1486]: seq 5158 queued, 'add' 'scsi'
Apr 14 10:10:06 ICTM1612S02H1 systemd-udevd[3074]: IMPORT builtin 'hwdb' /lib/udev/rules.d/50-udev-default.rules:15
Apr 14 10:10:06 ICTM1612S02H1 systemd-udevd[3102]: created empty file '/run/udev/data/c249:91' for '/devices/platform/host17/session2/target17:0:0/17:0:0:8/bsg/17:0:0:8'
Apr 14 10:10:06 ICTM1612S02H1 systemd-udevd[3068]: IMPORT '/usr/bin/sg_inq --export /dev/sdaz' /lib/udev/rules.d/55-scsi-sg3_id.rules:10
Apr 14 10:10:06 ICTM1612S02H1 systemd-udevd[3118]: created empty file '/run/udev/data/c21:87' for '/devices/platform/host17/session2/target17:0:0/17:0:0:8/scsi_generic/sg87'
Apr 14 10:10:06 ICTM1612S02H1 systemd-udevd[1486]: passed 211 byte device to netlink monitor 0x565114712ae0
Apr 14 10:10:06 ICTM1612S02H1 systemd-udevd[3119]: seq 5158 running
Apr 14 10:10:06 ICTM1612S02H1 systemd-udevd[3074]: IMPORT builtin 'hwdb' returned non-zero
Apr 14 10:10:06 ICTM1612S02H1 systemd-udevd[3102]: passed device to netlink monitor 0x5651147277a0
Apr 14 10:10:06 ICTM1612S02H1 systemd-udevd[3118]: passed device to netlink monitor 0x5651147290e0
Apr 14 10:10:06 ICTM1612S02H1 kernel: [ 56.548328] sd 19:0:0:20: [sdgn] Attached SCSI disk
Apr 14 10:10:06 ICTM1612S02H1 kernel: [ 56.548352] sd 17:0:0:20: [sdgm] Attached SCSI disk
Apr 14 10:10:06 ICTM1612S02H1 kernel: [ 56.549241] sd 18:0:0:124: [sdhj] 37748736 512-byte logical blocks: (19.3 GB/18.0 GiB)
Apr 14 10:10:06 ICTM1612S02H1 kernel: [ 56.549437] sd 19:0:0:126: Attached scsi generic sg224 type 0
Apr 14 10:10:06 ICTM1612S02H1 kernel: [ 56.549644] sd 16:0:0:126: [sdhe] Write cache: enabled, read cache: enabled, supports DPO and FUA
Apr 14 10:10:06 ICTM1612S02H1 kernel: [ 56.549973] sd 17:0:0:126: Attached scsi generic sg225 type 0
Apr 14 10:10:06 ICTM1612S02H1 kernel: [ 56.550104] scsi 18:0:0:125: Direct-Access NETAPP INF-01-00 9820 PQ: 0 ANSI: 5
Apr 14 10:10:06 ICTM1612S02H1 systemd-udevd[1486]: seq 5159 queued, 'add' 'scsi_generic'
Apr 14 10:10:06 ICTM1612S02H1 systemd-udevd[3102]: seq 5149 processed
Apr 14 10:10:06 ICTM1612S02H1 systemd-udevd[3074]: path '[module/sg](null)' is '/sys/module/sg'
Apr 14 10:10:06 ICTM1612S02H1 systemd-udevd[3118]: seq 5148 processed
Apr 14 10:10:06 ICTM1612S02H1 systemd-udevd[3074]: RUN 'kmod load $env{MODALIAS}' /lib/udev/rules.d/80-drivers.rules:5
Apr 14 10:10:06 ICTM1612S02H1 systemd-udevd[1486]: seq 5160 queued, 'add' 'scsi_disk'
Apr 14 10:10:06 ICTM1612S02H1 systemd-udevd[3119]: value '[dmi/id]sys_vendor' is 'Dell Inc.'
Apr 14 10:10:06 ICTM1612S02H1 systemd-udevd[1486]: seq 5161 queued, 'add' 'bsg'
Apr 14 10:10:06 ICTM1612S02H1 systemd-udevd[3119]: value '[dmi/id]sys_vendor' is 'Dell Inc.'
Apr 14 10:10:06 ICTM1612S02H1 systemd-udevd[1486]: seq 5162 queued, 'add' 'scsi_device'
Apr 14 10:10:06 ICTM1612S02H1 systemd-udevd[3119]: IMPORT builtin 'hwdb' /lib/udev/rules.d/50-udev-default.rules:15
Apr 14 10:10:06 ICTM1612S02H1 systemd-udevd[3074]: Execute 'load' 'scsi:t-0x00'
Apr 14 10:10:06 ICTM1612S02H1 systemd-udevd[3613]: starting '/usr/bin/sg_inq --export /dev/sdaz'
Apr 14 10:10:06 ICTM1612S02H1 systemd-udevd[1486]: seq 5163 queued, 'add' 'scsi_generic'
Apr 14 10:10:06 ICTM1612S02H1 systemd-udevd[3119]: IMPORT builtin 'hwdb' returned non-zero
Apr 14 10:10:06 ICTM1612S02H1 systemd-udevd[3074]: No module matches 'scsi:t-0x00'
Apr 14 10:10:06 ICTM1612S02H1 systemd-udevd[3126]: '/usr/bin/sg_inq --export /dev/sdbb'(out) 'SCSI_TPGS=0'
Apr 14 10:10:06 ICTM1612S02H1 systemd-udevd[1486]: seq 5164 queued, 'add' 'bsg'
Apr 14 10:10:06 ICTM1612S02H1 systemd-udevd[3119]: path '[module/sg](null)' is '/sys/module/sg'
Apr 14 10:10:06 ICTM1612S02H1 systemd-udevd[3074]: passed device to netlink monitor 0x565114714100
Apr 14 10:10:06 ICTM1612S02H1 systemd-udevd[3126]: '/usr/bin/sg_inq --export /dev/sdbb'(out) 'SCSI_TYPE=disk'
Apr 14 10:10:06 ICTM1612S02H1 systemd-udevd[3119]: RUN 'kmod load $env{MODALIAS}' /lib/udev/rules.d/80-drivers.rules:5
Apr 14 10:10:06 ICTM1612S02H1 systemd-udevd[3119]: Execute 'load' 'scsi:t-0x00'
Apr 14 10:10:06 ICTM1612S02H1 systemd-udevd[3074]: seq 5155 processed
Apr 14 10:10:06 ICTM1612S02H1 systemd-udevd[3126]: '/usr/bin/sg_inq --export /dev/sdbb'(out) 'SCSI_VENDOR=NETAPP'
Apr 14 10:10:06 ICTM1612S02H1 systemd-udevd[1486]: seq 5165 queued, 'add' 'bdi'
Apr 14 10:10:06 ICTM1612S02H1 systemd-udevd[3119]: No module matches 'scsi:t-0x00'
Apr 14 10:10:06 ICTM1612S02H1 systemd-udevd[3073]: '/lib/udev/hdparm'(out) ''
Apr 14 10:10:06 ICTM1612S02H1 systemd-udevd[1486]: passed 139 byte device to netlink monitor 0x565114712ae0
Apr 14 10:10:06 ICTM1612S02H1 systemd-udevd[1486]: passed 196 byte device to netlink monitor 0x565114712ae0
Apr 14 10:10:06 ICTM1612S02H1 systemd-udevd[3074]: seq 5156 running
Apr 14 10:10:06 ICTM1612S02H1 systemd-udevd[3073]: '/lib/udev/hdparm'(out) '/dev/sdv:'
Apr 14 10:10:06 ICTM1612S02H1 systemd-udevd[3126]: '/usr/bin/sg_inq --export /dev/sdbb'(out) 'SCSI_VENDOR_ENC=NETAPP\x20\x20'
Apr 14 10:10:06 ICTM1612S02H1 systemd-udevd[3236]: seq 5165 running
Apr 14 10:10:06 ICTM1612S02H1 systemd-udevd[1486]: passed 200 byte device to netlink monitor 0x565114712ae0
Apr 14 10:10:06 ICTM1612S02H1 systemd-udevd[3119]: passed device to netlink monitor 0x565114761270
Apr 14 10:10:06 ICTM1612S02H1 systemd-udevd[3118]: seq 5159 running
Apr 14 10:10:06 ICTM1612S02H1 systemd-udevd[3127]: seq 5157 running
Apr 14 10:10:06 ICTM1612S02H1 systemd-udevd[3126]: '/usr/bin/sg_inq --export /dev/sdbb'(out) 'SCSI_MODEL=INF-01-00'
Apr 14 10:10:06 ICTM1612S02H1 systemd-udevd[1486]: passed 232 byte device to netlink monitor 0x565114712ae0
Apr 14 10:10:06 ICTM1612S02H1 systemd-udevd[3119]: seq 5158 processed
Apr 14 10:10:06 ICTM1612S02H1 systemd-udevd[3073]: '/lib/udev/hdparm'(out) ' setting Advanced Power Management level to 0xfe (254)'
Apr 14 10:10:06 ICTM1612S02H1 systemd-udevd[3126]: '/usr/bin/sg_inq --export /dev/sdbb'(out) 'SCSI_MODEL_ENC=INF-01-00\x20\x20\x20\x20\x20\x20\x20'
Apr 14 10:10:06 ICTM1612S02H1 systemd-udevd[1486]: passed 231 byte device to netlink monitor 0x565114712ae0
Apr 14 10:10:06 ICTM1612S02H1 systemd-udevd[3102]: seq 5161 running
Apr 14 10:10:06 ICTM1612S02H1 systemd-udevd[1486]: seq 5166 queued, 'add' 'bdi'
Apr 14 10:10:06 ICTM1612S02H1 systemd-udevd[3126]: '/usr/bin/sg_inq --export /dev/sdbb'(out) 'SCSI_REVISION=9825'
Apr 14 10:10:06 ICTM1612S02H1 systemd-udevd[3236]: value '[dmi/id]sys_vendor' is 'Dell Inc.'
Apr 14 10:10:06 ICTM1612S02H1 systemd-udevd[3073]: '/lib/udev/hdparm'(out) ' APM_level#011= not supported'
Apr 14 10:10:06 ICTM1612S02H1 systemd-udevd[1486]: passed 138 byte device to netlink monitor 0x565114712ae0
Apr 14 10:10:06 ICTM1612S02H1 systemd-udevd[1486]: passed 196 byte device to netlink monitor 0x565114712ae0
Apr 14 10:10:06 ICTM1612S02H1 systemd-udevd[3126]: Process '/usr/bin/sg_inq --export /dev/sdbb' succeeded.
Apr 14 10:10:06 ICTM1612S02H1 systemd-udevd[3074]: value '[dmi/id]sys_vendor' is 'Dell Inc.'
Apr 14 10:10:06 ICTM1612S02H1 systemd-udevd[3073]: Process '/lib/udev/hdparm' succeeded.
Apr 14 10:10:06 ICTM1612S02H1 systemd-udevd[1486]: passed 200 byte device to netlink monitor 0x565114712ae0
Apr 14 10:10:06 ICTM1612S02H1 systemd-udevd[3119]: seq 5160 running
Apr 14 10:10:06 ICTM1612S02H1 systemd-udevd[3110]: seq 5162 running
Apr 14 10:10:06 ICTM1612S02H1 systemd-udevd[3090]: seq 5166 running
Apr 14 10:10:06 ICTM1612S02H1 systemd-udevd[3130]: '/usr/bin/sg_inq --export /dev/sdah'(out) 'SCSI_TPGS=0'
Apr 14 10:10:06 ICTM1612S02H1 systemd-udevd[3126]: IMPORT '/usr/bin/sg_inq --export --page=sn /dev/sdbb' /lib/udev/rules.d/55-scsi-sg3_id.rules:19
Apr 14 10:10:06 ICTM1612S02H1 systemd-udevd[3073]: adding watch on '/dev/sdv'
Apr 14 10:10:06 ICTM1612S02H1 systemd-udevd[1486]: passed 232 byte device to netlink monitor 0x565114712ae0
Apr 14 10:10:06 ICTM1612S02H1 systemd-udevd[3232]: seq 5163 running
Apr 14 10:10:06 ICTM1612S02H1 systemd-udevd[3130]: '/usr/bin/sg_inq --export /dev/sdah'(out) 'SCSI_TYPE=disk'
Apr 14 10:10:06 ICTM1612S02H1 systemd-udevd[3236]: value '[dmi/id]sys_vendor' is 'Dell Inc.'
Apr 14 10:10:06 ICTM1612S02H1 systemd-udevd[3074]: value '[dmi/id]sys_vendor' is 'Dell Inc.'
Apr 14 10:10:06 ICTM1612S02H1 systemd-udevd[3068]: '/usr/bin/sg_inq --export /dev/sdaz'(out) 'SCSI_TPGS=0'
Apr 14 10:10:06 ICTM1612S02H1 systemd-udevd[3142]: seq 5164 running
Apr 14 10:10:06 ICTM1612S02H1 systemd-udevd[3073]: created db file '/run/udev/data/b65:80' for '/devices/platform/host17/session2/target17:0:0/17:0:0:3/block/sdv'
Apr 14 10:10:06 ICTM1612S02H1 systemd-udevd[3130]: '/usr/bin/sg_inq --export /dev/sdah'(out) 'SCSI_VENDOR=NETAPP'
Apr 14 10:10:06 ICTM1612S02H1 systemd-udevd[3614]: starting '/usr/bin/sg_inq --export --page=sn /dev/sdbb'
Apr 14 10:10:06 ICTM1612S02H1 systemd-udevd[3236]: passed device to netlink monitor 0x5651147839c0
Apr 14 10:10:06 ICTM1612S02H1 systemd-udevd[3074]: passed device to netlink monitor 0x565114714100
Apr 14 10:10:06 ICTM1612S02H1 systemd-udevd[1486]: passed 231 byte device to netlink monitor 0x565114712ae0
Apr 14 10:10:06 ICTM1612S02H1 systemd-udevd[3068]: '/usr/bin/sg_inq --export /dev/sdaz'(out) 'SCSI_TYPE=disk'
Apr 14 10:10:06 ICTM1612S02H1 systemd-udevd[3090]: value '[dmi/id]sys_vendor' is 'Dell Inc.'
Apr 14 10:10:06 ICTM1612S02H1 systemd-udevd[3142]: value '[dmi/id]sys_vendor' is 'Dell Inc.'
Apr 14 10:10:06 ICTM1612S02H1 systemd-udevd[3118]: value '[dmi/id]sys_vendor' is 'Dell Inc.'
Apr 14 10:10:06 ICTM1612S02H1 systemd-udevd[3135]: '/usr/bin/sg_inq --export --page=sn /dev/sdai'(out) 'SCSI_IDENT_SERIAL=SR21500107'
Apr 14 10:10:06 ICTM1612S02H1 systemd-udevd[3142]: value '[dmi/id]sys_vendor' is 'Dell Inc.'
Apr 14 10:10:06 ICTM1612S02H1 systemd-udevd[3102]: value '[dmi/id]sys_vendor' is 'Dell Inc.'
Apr 14 10:10:06 ICTM1612S02H1 systemd-udevd[3118]: value '[dmi/id]sys_vendor' is 'Dell Inc.'
Apr 14 10:10:06 ICTM1612S02H1 systemd-udevd[3110]: value '[dmi/id]sys_vendor' is 'Dell Inc.'
Apr 14 10:10:06 ICTM1612S02H1 systemd-udevd[3232]: value '[dmi/id]sys_vendor' is 'Dell Inc.'
Apr 14 10:10:06 ICTM1612S02H1 systemd-udevd[3130]: '/usr/bin/sg_inq --export /dev/sdah'(out) 'SCSI_VENDOR_ENC=NETAPP\x20\x20'
Apr 14 10:10:06 ICTM1612S02H1 systemd-udevd[3236]: seq 5165 processed
Apr 14 10:10:06 ICTM1612S02H1 systemd-udevd[3232]: value '[dmi/id]sys_vendor' is 'Dell Inc.'
Apr 14 10:10:06 ICTM1612S02H1 systemd-udevd[3073]: passed device to netlink monitor 0x565114710f20
Apr 14 10:10:06 ICTM1612S02H1 systemd-udevd[3068]: '/usr/bin/sg_inq --export /dev/sdaz'(out) 'SCSI_VENDOR=NETAPP'
Apr 14 10:10:06 ICTM1612S02H1 systemd-udevd[1486]: seq 5167 queued, 'add' 'scsi'
Apr 14 10:10:06 ICTM1612S02H1 systemd-udevd[3145]: '/usr/bin/sg_inq --export --page=di /dev/sdad'(out) 'SCSI_IDENT_LUN_NAA=60080e5000290b5400008a315605fd95'
Apr 14 10:10:06 ICTM1612S02H1 systemd-udevd[3090]: value '[dmi/id]sys_vendor' is 'Dell Inc.'
Apr 14 10:10:06 ICTM1612S02H1 systemd-udevd[3127]: value '[dmi/id]sys_vendor' is 'Dell Inc.'
Apr 14 10:10:06 ICTM1612S02H1 systemd-udevd[3135]: Process '/usr/bin/sg_inq --export --page=sn /dev/sdai' succeeded.
Apr 14 10:10:06 ICTM1612S02H1 systemd-udevd[3135]: IMPORT '/usr/bin/sg_inq --export --page=di /dev/sdai' /lib/udev/rules.d/55-scsi-sg3_id.rules:21
Apr 14 10:10:06 ICTM1612S02H1 systemd-udevd[3142]: handling device node '/dev/bsg/23:0:0:141', devnum=c249:93, mode=0600, uid=0, gid=0
Apr 14 10:10:06 ICTM1612S02H1 systemd[1]: dev-disk-by\x2did-scsi\x2d360080e500029092400008d525605f996.device: Dev dev-disk-by\x2did-scsi\x2d360080e500029092400008d525605f996.device appeared twice with different sysfs paths /sys/devices/platform/host16/session1/target16:0:0/16:0:0:3/block/sdp and /sys/devices/platform/host17/session2/target17:0:0/17:0:0:3/block/sdv
Apr 14 10:10:06 ICTM1612S02H1 systemd-udevd[3102]: value '[dmi/id]sys_vendor' is 'Dell Inc.'
Apr 14 10:10:06 ICTM1612S02H1 systemd-udevd[3130]: '/usr/bin/sg_inq --export /dev/sdah'(out) 'SCSI_MODEL=INF-01-00'
Apr 14 10:10:06 ICTM1612S02H1 systemd-udevd[3118]: GROUP 6 /lib/udev/rules.d/50-udev-default.rules:63
Apr 14 10:10:06 ICTM1612S02H1 systemd-udevd[3074]: seq 5156 processed
Apr 14 10:10:06 ICTM1612S02H1 systemd-udevd[3110]: value '[dmi/id]sys_vendor' is 'Dell Inc.'
Apr 14 10:10:06 ICTM1612S02H1 systemd-udevd[3073]: seq 5030 processed
Apr 14 10:10:06 ICTM1612S02H1 systemd-udevd[3232]: GROUP 6 /lib/udev/rules.d/50-udev-default.rules:63
Apr 14 10:10:06 ICTM1612S02H1 systemd-udevd[3615]: starting '/usr/bin/sg_inq --export --page=di /dev/sdai'
Apr 14 10:10:06 ICTM1612S02H1 systemd-udevd[1486]: passed 211 byte device to netlink monitor 0x565114712ae0
Apr 14 10:10:06 ICTM1612S02H1 systemd-udevd[3110]: passed device to netlink monitor 0x56511475de20
Apr 14 10:10:06 ICTM1612S02H1 systemd-udevd[3123]: seq 5167 running
Apr 14 10:10:06 ICTM1612S02H1 systemd-udevd[3126]: '/usr/bin/sg_inq --export --page=sn /dev/sdbb'(out) 'SCSI_IDENT_SERIAL=021414003152'
Apr 14 10:10:06 ICTM1612S02H1 systemd-udevd[1486]: seq 5168 queued, 'add' 'block'
Apr 14 10:10:06 ICTM1612S02H1 systemd-udevd[3073]: seq 5168 running
Apr 14 10:10:06 ICTM1612S02H1 systemd[1]: dev-disk-by\x2did-scsi\x2dSNETAPP_INF\x2d01\x2d00_SR21500107.device: Dev dev-disk-by\x2did-scsi\x2dSNETAPP_INF\x2d01\x2d00_SR21500107.device appeared twice with different sysfs paths /sys/devices/platform/host17/session2/target17:0:0/17:0:0:1/block/sdg and /sys/devices/platform/host17/session2/target17:0:0/17:0:0:3/block/sdv
Apr 14 10:10:06 ICTM1612S02H1 systemd-udevd[3142]: preserve permissions /dev/bsg/23:0:0:141, 020600, uid=0, gid=0
Apr 14 10:10:06 ICTM1612S02H1 systemd-udevd[3130]: '/usr/bin/sg_inq --export /dev/sdah'(out) 'SCSI_MODEL_ENC=INF-01-00\x20\x20\x20\x20\x20\x20\x20'
Apr 14 10:10:06 ICTM1612S02H1 systemd-udevd[3102]: handling device node '/dev/bsg/20:0:0:142', devnum=c249:92, mode=0600, uid=0, gid=0
Apr 14 10:10:06 ICTM1612S02H1 systemd-udevd[3118]: handling device node '/dev/sg88', devnum=c21:88, mode=0660, uid=0, gid=6
Apr 14 10:10:06 ICTM1612S02H1 systemd-udevd[3068]: '/usr/bin/sg_inq --export /dev/sdaz'(out) 'SCSI_VENDOR_ENC=NETAPP\x20\x20'
Apr 14 10:10:06 ICTM1612S02H1 systemd-udevd[3145]: '/usr/bin/sg_inq --export --page=di /dev/sdad'(out) 'SCSI_IDENT_PORT_RELATIVE=1'
Apr 14 10:10:06 ICTM1612S02H1 systemd-udevd[3110]: seq 5162 processed
Apr 14 10:10:06 ICTM1612S02H1 systemd-udevd[3232]: handling device node '/dev/sg89', devnum=c21:89, mode=0660, uid=0, gid=6
Apr 14 10:10:06 ICTM1612S02H1 systemd-udevd[3090]: passed device to netlink monitor 0x565114726620
Apr 14 10:10:06 ICTM1612S02H1 systemd-udevd[3127]: value '[dmi/id]sys_vendor' is 'Dell Inc.'
Apr 14 10:10:06 ICTM1612S02H1 systemd-udevd[1486]: passed 230 byte device to netlink monitor 0x565114712ae0
Apr 14 10:10:06 ICTM1612S02H1 systemd-udevd[3119]: value '[dmi/id]sys_vendor' is 'Dell Inc.'
Apr 14 10:10:06 ICTM1612S02H1 systemd-udevd[1486]: seq 5169 queued, 'add' 'scsi_disk'
Apr 14 10:10:06 ICTM1612S02H1 systemd-udevd[3126]: Process '/usr/bin/sg_inq --export --page=sn /dev/sdbb' succeeded.
Apr 14 10:10:06 ICTM1612S02H1 systemd-udevd[3142]: creating symlink '/dev/char/249:93' to '../bsg/23:0:0:141'
Apr 14 10:10:06 ICTM1612S02H1 systemd-udevd[3130]: '/usr/bin/sg_inq --export /dev/sdah'(out) 'SCSI_REVISION=9820'
Apr 14 10:10:06 ICTM1612S02H1 systemd-udevd[3102]: preserve permissions /dev/bsg/20:0:0:142, 020600, uid=0, gid=0
Apr 14 10:10:06 ICTM1612S02H1 systemd-udevd[3068]: '/usr/bin/sg_inq --export /dev/sdaz'(out) 'SCSI_MODEL=INF-01-00'
Apr 14 10:10:06 ICTM1612S02H1 systemd-udevd[3118]: set permissions /dev/sg88, 020660, uid=0, gid=6
Apr 14 10:10:06 ICTM1612S02H1 systemd-udevd[3123]: value '[dmi/id]sys_vendor' is 'Dell Inc.'
Apr 14 10:10:06 ICTM1612S02H1 systemd-udevd[3145]: Process '/usr/bin/sg_inq --export --page=di /dev/sdad' succeeded.
Apr 14 10:10:06 ICTM1612S02H1 systemd-udevd[3232]: set permissions /dev/sg89, 020660, uid=0, gid=6
Apr 14 10:10:06 ICTM1612S02H1 systemd-udevd[3090]: seq 5166 processed
Apr 14 10:10:06 ICTM1612S02H1 systemd-udevd[3073]: value '[dmi/id]sys_vendor' is 'Dell Inc.'
Apr 14 10:10:06 ICTM1612S02H1 systemd-udevd[3073]: value '[dmi/id]sys_vendor' is 'Dell Inc.'
Apr 14 10:10:06 ICTM1612S02H1 systemd-udevd[3127]: passed device to netlink monitor 0x565114765180
Apr 14 10:10:06 ICTM1612S02H1 systemd-udevd[1486]: seq 5170 queued, 'add' 'bdi'
Apr 14 10:10:06 ICTM1612S02H1 systemd-udevd[3236]: seq 5170 running
Apr 14 10:10:06 ICTM1612S02H1 systemd-udevd[3126]: IMPORT '/usr/bin/sg_inq --export --page=di /dev/sdbb' /lib/udev/rules.d/55-scsi-sg3_id.rules:21
Apr 14 10:10:06 ICTM1612S02H1 systemd-udevd[3142]: created empty file '/run/udev/data/c249:93' for '/devices/platform/host23/session8/target23:0:0/23:0:0:141/bsg/23:0:0:141'
Apr 14 10:10:06 ICTM1612S02H1 systemd-udevd[3102]: creating symlink '/dev/char/249:92' to '../bsg/20:0:0:142'
Apr 14 10:10:06 ICTM1612S02H1 systemd-udevd[3130]: Process '/usr/bin/sg_inq --export /dev/sdah' succeeded.
Apr 14 10:10:06 ICTM1612S02H1 systemd-udevd[3068]: '/usr/bin/sg_inq --export /dev/sdaz'(out) 'SCSI_MODEL_ENC=INF-01-00\x20\x20\x20\x20\x20\x20\x20'
Apr 14 10:10:06 ICTM1612S02H1 systemd-udevd[3118]: creating symlink '/dev/char/21:88' to '../sg88'
Apr 14 10:10:06 ICTM1612S02H1 systemd-udevd[3123]: value '[dmi/id]sys_vendor' is 'Dell Inc.'
Apr 14 10:10:06 ICTM1612S02H1 kernel: [ 56.551239] sd 19:0:0:125: [sdhh] Write Protect is off
Apr 14 10:10:06 ICTM1612S02H1 kernel: [ 56.551242] sd 19:0:0:125: [sdhh] Mode Sense: 83 00 10 08
Apr 14 10:10:06 ICTM1612S02H1 kernel: [ 56.552189] sd 18:0:0:123: [sdhf] Write cache: enabled, read cache: enabled, supports DPO and FUA
Apr 14 10:10:06 ICTM1612S02H1 kernel: [ 56.552428] sd 19:0:0:126: [sdhk] 37748736 512-byte logical blocks: (19.3 GB/18.0 GiB)
Apr 14 10:10:06 ICTM1612S02H1 kernel: [ 56.552653] scsi 19:0:0:127: Direct-Access NETAPP INF-01-00 9820 PQ: 0 ANSI: 5
Apr 14 10:10:06 ICTM1612S02H1 kernel: [ 56.552921] sd 18:0:0:19: [sdgo] Attached SCSI disk
Apr 14 10:10:06 ICTM1612S02H1 kernel: [ 56.553646] sd 17:0:0:125: [sdhg] Write Protect is off
Apr 14 10:10:06 ICTM1612S02H1 kernel: [ 56.553649] sd 17:0:0:125: [sdhg] Mode Sense: 83 00 10 08
Apr 14 10:10:06 ICTM1612S02H1 kernel: [ 56.553896] sd 17:0:0:126: [sdhl] 37748736 512-byte logical blocks: (19.3 GB/18.0 GiB)
Apr 14 10:10:06 ICTM1612S02H1 kernel: [ 56.554111] sd 16:0:0:127: [sdhi] Write Protect is off
Apr 14 10:10:06 ICTM1612S02H1 kernel: [ 56.554145] sd 16:0:0:127: [sdhi] Mode Sense: 83 00 10 08
Apr 14 10:10:06 ICTM1612S02H1 kernel: [ 56.554150] sd 19:0:0:125: [sdhh] Write cache: enabled, read cache: enabled, supports DPO and FUA
Apr 14 10:10:06 ICTM1612S02H1 kernel: [ 56.554169] scsi 17:0:0:127: Direct-Access NETAPP INF-01-00 9820 PQ: 0 ANSI: 5
Apr 14 10:10:06 ICTM1612S02H1 systemd-udevd[3232]: creating symlink '/dev/char/21:89' to '../sg89'
Apr 14 10:10:06 ICTM1612S02H1 systemd-udevd[3145]: PROGRAM '/sbin/multipath -c /dev/sdad' /lib/udev/rules.d/56-dm-mpath-lvm.rules:21
Apr 14 10:10:06 ICTM1612S02H1 systemd[1]: dev-disk-by\x2did-wwn\x2d0x60080e500029092400008d525605f996.device: Dev dev-disk-by\x2did-wwn\x2d0x60080e500029092400008d525605f996.device appeared twice with different sysfs paths /sys/devices/platform/host16/session1/target16:0:0/16:0:0:3/block/sdp and /sys/devices/platform/host17/session2/target17:0:0/17:0:0:3/block/sdv
Apr 14 10:10:06 ICTM1612S02H1 systemd-udevd[3073]: GROUP 6 /lib/udev/rules.d/50-udev-default.rules:55
Apr 14 10:10:06 ICTM1612S02H1 systemd-udevd[3127]: seq 5157 processed
Apr 14 10:10:06 ICTM1612S02H1 systemd-udevd[1486]: passed 139 byte device to netlink monitor 0x565114712ae0
Apr 14 10:10:06 ICTM1612S02H1 systemd-udevd[3119]: value '[dmi/id]sys_vendor' is 'Dell Inc.'
Apr 14 10:10:06 ICTM1612S02H1 systemd-udevd[3142]: passed device to netlink monitor 0x56511477d7a0
Apr 14 10:10:06 ICTM1612S02H1 systemd-udevd[3102]: created empty file '/run/udev/data/c249:92' for '/devices/platform/host20/session5/target20:0:0/20:0:0:142/bsg/20:0:0:142'
Apr 14 10:10:06 ICTM1612S02H1 systemd[1]: dev-disk-by\x2dpath-ip\x2dfe80:0000:0000:0000:0192:0012:0022:0112:3260\x2discsi\x2diqn.1992\x2d08.com.netapp:5504.60080e5000290924000000005525f5de\x2dlun\x2d3.device: Changed dead -> plugged
Apr 14 10:10:06 ICTM1612S02H1 systemd-udevd[3068]: '/usr/bin/sg_inq --export /dev/sdaz'(out) 'SCSI_REVISION=9825'
Apr 14 10:10:06 ICTM1612S02H1 systemd-udevd[3130]: IMPORT '/usr/bin/sg_inq --export --page=sn /dev/sdah' /lib/udev/rules.d/55-scsi-sg3_id.rules:19
Apr 14 10:10:06 ICTM1612S02H1 systemd-udevd[3616]: starting '/usr/bin/sg_inq --export --page=di /dev/sdbb'
Apr 14 10:10:06 ICTM1612S02H1 systemd-udevd[3118]: created empty file '/run/udev/data/c21:88' for '/devices/platform/host20/session5/target20:0:0/20:0:0:142/scsi_generic/sg88'
Apr 14 10:10:06 ICTM1612S02H1 systemd-udevd[3123]: IMPORT builtin 'hwdb' /lib/udev/rules.d/50-udev-default.rules:15
Apr 14 10:10:06 ICTM1612S02H1 systemd-udevd[3232]: created empty file '/run/udev/data/c21:89' for '/devices/platform/host23/session8/target23:0:0/23:0:0:141/scsi_generic/sg89'
Apr 14 10:10:06 ICTM1612S02H1 systemd-udevd[3123]: IMPORT builtin 'hwdb' returned non-zero
Apr 14 10:10:06 ICTM1612S02H1 systemd-udevd[1486]: seq 5171 queued, 'add' 'scsi_device'
Apr 14 10:10:06 ICTM1612S02H1 systemd-udevd[3618]: starting '/usr/bin/sg_inq --export --page=sn /dev/sdah'
Apr 14 10:10:06 ICTM1612S02H1 systemd-udevd[3119]: passed device to netlink monitor 0x565114761270
Apr 14 10:10:06 ICTM1612S02H1 systemd-udevd[3142]: seq 5164 processed
