Apr 14 10:10:06 ICTM1612S02H1 systemd-udevd[3139]: passed device to netlink monitor 0x565114779240
Apr 14 10:10:06 ICTM1612S02H1 systemd-udevd[3110]: created db file '/run/udev/data/b66:208' for '/devices/platform/host19/session4/target19:0:0/19:0:0:4/block/sdat'
Apr 14 10:10:06 ICTM1612S02H1 systemd-udevd[3130]: LINK 'disk/by-id/scsi-360080e500034153e0000ed085605fab1' /lib/udev/rules.d/58-scsi-sg3_symlink.rules:15
Apr 14 10:10:06 ICTM1612S02H1 systemd-udevd[3093]: passed device to netlink monitor 0x565114743be0
Apr 14 10:10:06 ICTM1612S02H1 systemd-udevd[3117]: IMPORT '/usr/bin/sg_inq --export --page=sn /dev/sdbr' /lib/udev/rules.d/55-scsi-sg3_id.rules:19
Apr 14 10:10:06 ICTM1612S02H1 systemd-udevd[3123]: IMPORT '/usr/bin/sg_inq --export --page=di /dev/sdbn' /lib/udev/rules.d/55-scsi-sg3_id.rules:21
Apr 14 10:10:06 ICTM1612S02H1 systemd-udevd[3135]: '/usr/bin/sg_inq --export /dev/sdbw'(out) 'SCSI_VENDOR=NETAPP'
Apr 14 10:10:06 ICTM1612S02H1 systemd-udevd[1486]: passed 211 byte device to netlink monitor 0x565114712ae0
Apr 14 10:10:06 ICTM1612S02H1 systemd-udevd[3145]: seq 5310 running
Apr 14 10:10:06 ICTM1612S02H1 systemd-udevd[3118]: found 'b66:32' claiming '/run/udev/links/\x2fdisk\x2fby-id\x2fscsi-SNETAPP_INF-01-00_SR21500107'
Apr 14 10:10:06 ICTM1612S02H1 systemd-udevd[3134]: IMPORT '/usr/bin/sg_inq --export --page=sn /dev/sdbi' /lib/udev/rules.d/55-scsi-sg3_id.rules:19
Apr 14 10:10:06 ICTM1612S02H1 systemd-udevd[3073]: LINK 'disk/by-id/scsi-360080e50003415e6000014775605f7d5' /lib/udev/rules.d/60-persistent-storage.rules:36
Apr 14 10:10:06 ICTM1612S02H1 systemd-udevd[3139]: seq 5303 processed
Apr 14 10:10:06 ICTM1612S02H1 systemd-udevd[3145]: value '[dmi/id]sys_vendor' is 'Dell Inc.'
Apr 14 10:10:06 ICTM1612S02H1 systemd-udevd[3093]: seq 5301 processed
Apr 14 10:10:06 ICTM1612S02H1 systemd-udevd[3130]: LINK 'disk/by-id/scsi-360080e500034153e0000ed085605fab1' /lib/udev/rules.d/60-persistent-storage.rules:36
Apr 14 10:10:06 ICTM1612S02H1 systemd-udevd[3135]: '/usr/bin/sg_inq --export /dev/sdbw'(out) 'SCSI_VENDOR_ENC=NETAPP\x20\x20'
Apr 14 10:10:06 ICTM1612S02H1 systemd-udevd[3719]: starting '/usr/bin/sg_inq --export --page=sn /dev/sdbr'
Apr 14 10:10:06 ICTM1612S02H1 systemd-udevd[1486]: seq 5311 queued, 'add' 'block'
Apr 14 10:10:06 ICTM1612S02H1 systemd-udevd[1486]: passed 232 byte device to netlink monitor 0x565114712ae0
Apr 14 10:10:06 ICTM1612S02H1 systemd-udevd[3118]: found 'b65:176' claiming '/run/udev/links/\x2fdisk\x2fby-id\x2fscsi-SNETAPP_INF-01-00_SR21500107'
Apr 14 10:10:06 ICTM1612S02H1 systemd-udevd[3109]: '/usr/bin/sg_inq --export --page=sn /dev/sdbg'(out) 'SCSI_IDENT_SERIAL=SR21500107'
Apr 14 10:10:06 ICTM1612S02H1 systemd-udevd[3110]: adding watch on '/dev/sdat'
Apr 14 10:10:06 ICTM1612S02H1 systemd-udevd[3145]: value '[dmi/id]sys_vendor' is 'Dell Inc.'
Apr 14 10:10:06 ICTM1612S02H1 systemd-udevd[3721]: starting '/usr/bin/sg_inq --export --page=sn /dev/sdbi'
Apr 14 10:10:06 ICTM1612S02H1 systemd-udevd[3135]: '/usr/bin/sg_inq --export /dev/sdbw'(out) 'SCSI_MODEL=INF-01-00'
Apr 14 10:10:06 ICTM1612S02H1 systemd-udevd[3130]: IMPORT builtin 'path_id' /lib/udev/rules.d/60-persistent-storage.rules:54
Apr 14 10:10:06 ICTM1612S02H1 systemd-udevd[3073]: IMPORT builtin 'path_id' /lib/udev/rules.d/60-persistent-storage.rules:54
Apr 14 10:10:06 ICTM1612S02H1 systemd-udevd[3720]: starting '/usr/bin/sg_inq --export --page=di /dev/sdbn'
Apr 14 10:10:06 ICTM1612S02H1 systemd-udevd[1486]: passed 196 byte device to netlink monitor 0x565114712ae0
Apr 14 10:10:06 ICTM1612S02H1 kernel: [ 56.618755] sd 17:0:0:125: [sdhg] Attached SCSI disk
Apr 14 10:10:06 ICTM1612S02H1 kernel: [ 56.620338] sd 18:0:0:123: [sdhf] Attached SCSI disk
Apr 14 10:10:06 ICTM1612S02H1 kernel: [ 56.620998] sd 18:0:0:125: [sdhm] Attached SCSI disk
Apr 14 10:10:06 ICTM1612S02H1 systemd-udevd[3090]: seq 5306 running
Apr 14 10:10:06 ICTM1612S02H1 systemd-udevd[3102]: seq 5311 running
Apr 14 10:10:06 ICTM1612S02H1 systemd-udevd[3109]: Process '/usr/bin/sg_inq --export --page=sn /dev/sdbg' succeeded.
Apr 14 10:10:06 ICTM1612S02H1 systemd-udevd[3118]: found 'b65:80' claiming '/run/udev/links/\x2fdisk\x2fby-id\x2fscsi-SNETAPP_INF-01-00_SR21500107'
Apr 14 10:10:06 ICTM1612S02H1 systemd-udevd[3124]: '/usr/bin/sg_inq --export --page=di /dev/sdbu'(out) 'SCSI_IDENT_LUN_NAA=60080e500034153e0000ed065605faa2'
Apr 14 10:10:06 ICTM1612S02H1 systemd-udevd[3124]: '/usr/bin/sg_inq --export --page=di /dev/sdbu'(out) 'SCSI_IDENT_PORT_RELATIVE=32772'
Apr 14 10:10:06 ICTM1612S02H1 systemd-udevd[3110]: created db file '/run/udev/data/b66:208' for '/devices/platform/host19/session4/target19:0:0/19:0:0:4/block/sdat'
Apr 14 10:10:06 ICTM1612S02H1 systemd-udevd[3135]: '/usr/bin/sg_inq --export /dev/sdbw'(out) 'SCSI_MODEL_ENC=INF-01-00\x20\x20\x20\x20\x20\x20\x20'
Apr 14 10:10:06 ICTM1612S02H1 systemd-udevd[1486]: passed 200 byte device to netlink monitor 0x565114712ae0
Apr 14 10:10:06 ICTM1612S02H1 systemd-udevd[3113]: seq 5307 running
Apr 14 10:10:06 ICTM1612S02H1 systemd-udevd[3109]: IMPORT '/usr/bin/sg_inq --export --page=di /dev/sdbg' /lib/udev/rules.d/55-scsi-sg3_id.rules:21
Apr 14 10:10:06 ICTM1612S02H1 systemd-udevd[3145]: IMPORT builtin 'hwdb' /lib/udev/rules.d/50-udev-default.rules:15
Apr 14 10:10:06 ICTM1612S02H1 systemd-udevd[3124]: Process '/usr/bin/sg_inq --export --page=di /dev/sdbu' succeeded.
Apr 14 10:10:06 ICTM1612S02H1 systemd-udevd[3135]: '/usr/bin/sg_inq --export /dev/sdbw'(out) 'SCSI_REVISION=9825'
Apr 14 10:10:06 ICTM1612S02H1 systemd-udevd[1486]: passed 235 byte device to netlink monitor 0x565114712ae0
Apr 14 10:10:06 ICTM1612S02H1 systemd-udevd[3131]: seq 5308 running
Apr 14 10:10:06 ICTM1612S02H1 systemd-udevd[3110]: passed device to netlink monitor 0x56511475de20
Apr 14 10:10:06 ICTM1612S02H1 systemd-udevd[3124]: PROGRAM '/sbin/multipath -c /dev/sdbu' /lib/udev/rules.d/56-dm-mpath-lvm.rules:21
Apr 14 10:10:06 ICTM1612S02H1 systemd-udevd[1486]: passed 232 byte device to netlink monitor 0x565114712ae0
Apr 14 10:10:06 ICTM1612S02H1 systemd-udevd[3135]: Process '/usr/bin/sg_inq --export /dev/sdbw' succeeded.
Apr 14 10:10:06 ICTM1612S02H1 systemd-udevd[3145]: IMPORT builtin 'hwdb' returned non-zero
Apr 14 10:10:06 ICTM1612S02H1 systemd-udevd[3139]: seq 5309 running
Apr 14 10:10:06 ICTM1612S02H1 systemd-udevd[3110]: seq 5216 processed
Apr 14 10:10:06 ICTM1612S02H1 systemd-udevd[3722]: starting '/usr/bin/sg_inq --export --page=di /dev/sdbg'
Apr 14 10:10:06 ICTM1612S02H1 systemd-udevd[3118]: found 'b8:208' claiming '/run/udev/links/\x2fdisk\x2fby-id\x2fscsi-SNETAPP_INF-01-00_SR21500107'
Apr 14 10:10:06 ICTM1612S02H1 systemd-udevd[1486]: seq 5312 queued, 'add' 'scsi_disk'
Apr 14 10:10:06 ICTM1612S02H1 systemd-udevd[3117]: '/usr/bin/sg_inq --export --page=sn /dev/sdbr'(out) 'SCSI_IDENT_SERIAL=021414003152'
Apr 14 10:10:06 ICTM1612S02H1 systemd-udevd[3130]: LINK 'disk/by-path/ip-fe80:0000:0000:0000:0192:0012:0021:0114:3260-iscsi-iqn.1992-08.com.netapp:2752.60080e500034153e0000000054dd6c63-lun-141' /lib/udev/rules.d/60-persistent-storage.rules:55
Apr 14 10:10:06 ICTM1612S02H1 systemd-udevd[3117]: Process '/usr/bin/sg_inq --export --page=sn /dev/sdbr' succeeded.
Apr 14 10:10:06 ICTM1612S02H1 systemd[1]: dev-disk-by\x2did-scsi\x2d360080e5000290b5400008a315605fd95.device: Dev dev-disk-by\x2did-scsi\x2d360080e5000290b5400008a315605fd95.device appeared twice with different sysfs paths /sys/devices/platform/host16/session1/target16:0:0/16:0:0:4/block/sdad and /sys/devices/platform/host19/session4/target19:0:0/19:0:0:4/block/sdat
Apr 14 10:10:06 ICTM1612S02H1 systemd-udevd[3723]: starting '/sbin/multipath -c /dev/sdbu'
Apr 14 10:10:06 ICTM1612S02H1 systemd-udevd[3145]: path '[module/sg](null)' is '/sys/module/sg'
Apr 14 10:10:06 ICTM1612S02H1 systemd-udevd[3130]: IMPORT builtin 'blkid' /lib/udev/rules.d/60-persistent-storage.rules:66
Apr 14 10:10:06 ICTM1612S02H1 systemd-udevd[3135]: IMPORT '/usr/bin/sg_inq --export --page=sn /dev/sdbw' /lib/udev/rules.d/55-scsi-sg3_id.rules:19
Apr 14 10:10:06 ICTM1612S02H1 systemd-udevd[1486]: seq 5313 queued, 'add' 'scsi_device'
Apr 14 10:10:06 ICTM1612S02H1 systemd-udevd[3117]: IMPORT '/usr/bin/sg_inq --export --page=di /dev/sdbr' /lib/udev/rules.d/55-scsi-sg3_id.rules:21
Apr 14 10:10:06 ICTM1612S02H1 systemd[1]: dev-disk-by\x2did-scsi\x2dSNETAPP_INF\x2d01\x2d00_SR21500247.device: Dev dev-disk-by\x2did-scsi\x2dSNETAPP_INF\x2d01\x2d00_SR21500247.device appeared twice with different sysfs paths /sys/devices/platform/host16/session1/target16:0:0/16:0:0:0/block/sdb and /sys/devices/platform/host19/session4/target19:0:0/19:0:0:4/block/sdat
Apr 14 10:10:06 ICTM1612S02H1 systemd[1]: dev-disk-by\x2did-wwn\x2d0x60080e5000290b5400008a315605fd95.device: Dev dev-disk-by\x2did-wwn\x2d0x60080e5000290b5400008a315605fd95.device appeared twice with different sysfs paths /sys/devices/platform/host16/session1/target16:0:0/16:0:0:4/block/sdad and /sys/devices/platform/host19/session4/target19:0:0/19:0:0:4/block/sdat
Apr 14 10:10:06 ICTM1612S02H1 systemd-udevd[1486]: seq 5314 queued, 'add' 'scsi_generic'
Apr 14 10:10:06 ICTM1612S02H1 systemd-udevd[3145]: RUN 'kmod load $env{MODALIAS}' /lib/udev/rules.d/80-drivers.rules:5
Apr 14 10:10:06 ICTM1612S02H1 systemd-udevd[3123]: '/usr/bin/sg_inq --export --page=di /dev/sdbn'(out) 'SCSI_IDENT_LUN_NAA=60080e50003415e6000014755605f7c7'
Apr 14 10:10:06 ICTM1612S02H1 systemd-udevd[1486]: seq 5315 queued, 'add' 'bsg'
Apr 14 10:10:06 ICTM1612S02H1 systemd-udevd[3123]: '/usr/bin/sg_inq --export --page=di /dev/sdbn'(out) 'SCSI_IDENT_PORT_RELATIVE=32772'
Apr 14 10:10:06 ICTM1612S02H1 systemd-udevd[3145]: Execute 'load' 'scsi:t-0x00'
Apr 14 10:10:06 ICTM1612S02H1 systemd-udevd[3123]: Process '/usr/bin/sg_inq --export --page=di /dev/sdbn' succeeded.
Apr 14 10:10:06 ICTM1612S02H1 systemd-udevd[3130]: probe /dev/sdby raid offset=0
Apr 14 10:10:06 ICTM1612S02H1 systemd-udevd[3145]: No module matches 'scsi:t-0x00'
Apr 14 10:10:06 ICTM1612S02H1 systemd-udevd[3123]: PROGRAM '/sbin/multipath -c /dev/sdbn' /lib/udev/rules.d/56-dm-mpath-lvm.rules:21
Apr 14 10:10:06 ICTM1612S02H1 systemd-udevd[1486]: seq 5316 queued, 'add' 'bdi'
Apr 14 10:10:06 ICTM1612S02H1 systemd-udevd[3145]: passed device to netlink monitor 0x56511477ed60
Apr 14 10:10:06 ICTM1612S02H1 systemd-udevd[3110]: seq 5316 running
Apr 14 10:10:06 ICTM1612S02H1 systemd-udevd[1486]: passed 139 byte device to netlink monitor 0x565114712ae0
Apr 14 10:10:06 ICTM1612S02H1 systemd-udevd[3145]: seq 5310 processed
Apr 14 10:10:06 ICTM1612S02H1 systemd-udevd[3725]: starting '/usr/bin/sg_inq --export --page=di /dev/sdbr'
Apr 14 10:10:06 ICTM1612S02H1 systemd-udevd[3118]: found 'b8:224' claiming '/run/udev/links/\x2fdisk\x2fby-id\x2fscsi-SNETAPP_INF-01-00_SR21500107'
Apr 14 10:10:06 ICTM1612S02H1 systemd-udevd[1486]: seq 5317 queued, 'add' 'bdi'
Apr 14 10:10:06 ICTM1612S02H1 systemd-udevd[1486]: passed 139 byte device to netlink monitor 0x565114712ae0
Apr 14 10:10:06 ICTM1612S02H1 systemd-udevd[1486]: passed 196 byte device to netlink monitor 0x565114712ae0
Apr 14 10:10:06 ICTM1612S02H1 systemd-udevd[3145]: seq 5312 running
Apr 14 10:10:06 ICTM1612S02H1 systemd-udevd[3724]: starting '/usr/bin/sg_inq --export --page=sn /dev/sdbw'
Apr 14 10:10:06 ICTM1612S02H1 systemd-udevd[3726]: starting '/sbin/multipath -c /dev/sdbn'
Apr 14 10:10:06 ICTM1612S02H1 systemd-udevd[3075]: seq 5317 running
Apr 14 10:10:06 ICTM1612S02H1 systemd-udevd[3134]: '/usr/bin/sg_inq --export --page=sn /dev/sdbi'(out) 'SCSI_IDENT_SERIAL=SR21500247'
Apr 14 10:10:06 ICTM1612S02H1 systemd-udevd[1486]: passed 200 byte device to netlink monitor 0x565114712ae0
Apr 14 10:10:06 ICTM1612S02H1 systemd-udevd[3134]: Process '/usr/bin/sg_inq --export --page=sn /dev/sdbi' succeeded.
Apr 14 10:10:06 ICTM1612S02H1 systemd-udevd[3107]: seq 5313 running
Apr 14 10:10:06 ICTM1612S02H1 systemd-udevd[3073]: LINK 'disk/by-path/ip-fe80:0000:0000:0000:0192:0012:0021:0114:3260-iscsi-iqn.1992-08.com.netapp:2752.60080e500034153e0000000054dd6c63-lun-140' /lib/udev/rules.d/60-persistent-storage.rules:55
Apr 14 10:10:06 ICTM1612S02H1 systemd-udevd[3109]: '/usr/bin/sg_inq --export --page=di /dev/sdbg'(out) 'SCSI_IDENT_LUN_NAA=60080e5000290b5400008a335605fd9f'
Apr 14 10:10:06 ICTM1612S02H1 systemd-udevd[1486]: passed 235 byte device to netlink monitor 0x565114712ae0
Apr 14 10:10:06 ICTM1612S02H1 systemd-udevd[1486]: passed 232 byte device to netlink monitor 0x565114712ae0
Apr 14 10:10:06 ICTM1612S02H1 systemd-udevd[3093]: seq 5314 running
Apr 14 10:10:06 ICTM1612S02H1 systemd-udevd[3134]: IMPORT '/usr/bin/sg_inq --export --page=di /dev/sdbi' /lib/udev/rules.d/55-scsi-sg3_id.rules:21
Apr 14 10:10:06 ICTM1612S02H1 systemd-udevd[3073]: IMPORT builtin 'blkid' /lib/udev/rules.d/60-persistent-storage.rules:66
Apr 14 10:10:06 ICTM1612S02H1 systemd-udevd[3109]: '/usr/bin/sg_inq --export --page=di /dev/sdbg'(out) 'SCSI_IDENT_PORT_RELATIVE=32770'
Apr 14 10:10:06 ICTM1612S02H1 systemd[1]: dev-disk-by\x2dpath-ip\x2dfe80:0000:0000:0000:0192:0012:0022:0111:3260\x2discsi\x2diqn.1992\x2d08.com.netapp:5504.60080e5000290924000000005525f5de\x2dlun\x2d4.device: Changed dead -> plugged
Apr 14 10:10:06 ICTM1612S02H1 systemd-udevd[3136]: seq 5315 running
Apr 14 10:10:06 ICTM1612S02H1 systemd-udevd[1486]: seq 5318 queued, 'add' 'scsi'
Apr 14 10:10:06 ICTM1612S02H1 systemd-udevd[3109]: Process '/usr/bin/sg_inq --export --page=di /dev/sdbg' succeeded.
Apr 14 10:10:06 ICTM1612S02H1 systemd[1]: dev-sdat.device: Changed dead -> plugged
Apr 14 10:10:06 ICTM1612S02H1 systemd-udevd[3109]: PROGRAM '/sbin/multipath -c /dev/sdbg' /lib/udev/rules.d/56-dm-mpath-lvm.rules:21
Apr 14 10:10:06 ICTM1612S02H1 systemd-udevd[3129]: seq 5318 running
Apr 14 10:10:06 ICTM1612S02H1 systemd-udevd[3073]: probe /dev/sdbt raid offset=0
Apr 14 10:10:06 ICTM1612S02H1 systemd[1]: sys-devices-platform-host19-session4-target19:0:0-19:0:0:4-block-sdat.device: Changed dead -> plugged
Apr 14 10:10:06 ICTM1612S02H1 systemd-udevd[3727]: starting '/usr/bin/sg_inq --export --page=di /dev/sdbi'
Apr 14 10:10:06 ICTM1612S02H1 systemd-udevd[3118]: found 'b8:96' claiming '/run/udev/links/\x2fdisk\x2fby-id\x2fscsi-SNETAPP_INF-01-00_SR21500107'
Apr 14 10:10:06 ICTM1612S02H1 systemd[1]: Sent message type=signal sender=n/a destination=n/a object=/org/freedesktop/systemd1 interface=org.freedesktop.systemd1.Manager member=UnitNew cookie=156 reply_cookie=0 error=n/a
Apr 14 10:10:06 ICTM1612S02H1 systemd[1]: Sent message type=signal sender=n/a destination=n/a object=/org/freedesktop/systemd1 interface=org.freedesktop.systemd1.Manager member=UnitNew cookie=157 reply_cookie=0 error=n/a
Apr 14 10:10:06 ICTM1612S02H1 systemd[1]: Sent message type=signal sender=n/a destination=n/a object=/org/freedesktop/systemd1 interface=org.freedesktop.systemd1.Manager member=UnitNew cookie=158 reply_cookie=0 error=n/a
Apr 14 10:10:06 ICTM1612S02H1 systemd-udevd[3728]: starting '/sbin/multipath -c /dev/sdbg'
Apr 14 10:10:06 ICTM1612S02H1 systemd-udevd[3110]: value '[dmi/id]sys_vendor' is 'Dell Inc.'
Apr 14 10:10:06 ICTM1612S02H1 systemd-udevd[3117]: '/usr/bin/sg_inq --export --page=di /dev/sdbr'(out) 'SCSI_IDENT_LUN_NAA=60080e500034153e0000ed065605faa2'
Apr 14 10:10:06 ICTM1612S02H1 systemd-udevd[3117]: '/usr/bin/sg_inq --export --page=di /dev/sdbr'(out) 'SCSI_IDENT_PORT_RELATIVE=4'
Apr 14 10:10:06 ICTM1612S02H1 systemd-udevd[3090]: value '[dmi/id]sys_vendor' is 'Dell Inc.'
Apr 14 10:10:06 ICTM1612S02H1 systemd-udevd[3135]: '/usr/bin/sg_inq --export --page=sn /dev/sdbw'(out) 'SCSI_IDENT_SERIAL=021414003152'
Apr 14 10:10:06 ICTM1612S02H1 systemd-udevd[3117]: Process '/usr/bin/sg_inq --export --page=di /dev/sdbr' succeeded.
Apr 14 10:10:06 ICTM1612S02H1 systemd-udevd[3135]: Process '/usr/bin/sg_inq --export --page=sn /dev/sdbw' succeeded.
Apr 14 10:10:06 ICTM1612S02H1 systemd-udevd[3117]: PROGRAM '/sbin/multipath -c /dev/sdbr' /lib/udev/rules.d/56-dm-mpath-lvm.rules:21
Apr 14 10:10:06 ICTM1612S02H1 systemd-udevd[3135]: IMPORT '/usr/bin/sg_inq --export --page=di /dev/sdbw' /lib/udev/rules.d/55-scsi-sg3_id.rules:21
Apr 14 10:10:06 ICTM1612S02H1 systemd-udevd[3075]: value '[dmi/id]sys_vendor' is 'Dell Inc.'
Apr 14 10:10:06 ICTM1612S02H1 systemd-udevd[3102]: value '[dmi/id]sys_vendor' is 'Dell Inc.'
Apr 14 10:10:06 ICTM1612S02H1 systemd-udevd[3131]: value '[dmi/id]sys_vendor' is 'Dell Inc.'
Apr 14 10:10:06 ICTM1612S02H1 systemd-udevd[3729]: starting '/usr/bin/sg_inq --export --page=di /dev/sdbw'
Apr 14 10:10:06 ICTM1612S02H1 systemd-udevd[3730]: starting '/sbin/multipath -c /dev/sdbr'
Apr 14 10:10:06 ICTM1612S02H1 systemd-udevd[3110]: value '[dmi/id]sys_vendor' is 'Dell Inc.'
Apr 14 10:10:06 ICTM1612S02H1 systemd-udevd[3090]: value '[dmi/id]sys_vendor' is 'Dell Inc.'
Apr 14 10:10:06 ICTM1612S02H1 systemd-udevd[3102]: value '[dmi/id]sys_vendor' is 'Dell Inc.'
Apr 14 10:10:06 ICTM1612S02H1 systemd-udevd[3118]: found 'b8:32' claiming '/run/udev/links/\x2fdisk\x2fby-id\x2fscsi-SNETAPP_INF-01-00_SR21500107'
Apr 14 10:10:06 ICTM1612S02H1 systemd-udevd[3075]: value '[dmi/id]sys_vendor' is 'Dell Inc.'
Apr 14 10:10:06 ICTM1612S02H1 systemd-udevd[3134]: '/usr/bin/sg_inq --export --page=di /dev/sdbi'(out) 'SCSI_IDENT_LUN_NAA=60080e500029092400008d545605f9a0'
Apr 14 10:10:06 ICTM1612S02H1 systemd-udevd[3139]: value '[dmi/id]sys_vendor' is 'Dell Inc.'
Apr 14 10:10:06 ICTM1612S02H1 systemd-udevd[3107]: value '[dmi/id]sys_vendor' is 'Dell Inc.'
Apr 14 10:10:06 ICTM1612S02H1 systemd-udevd[3129]: value '[dmi/id]sys_vendor' is 'Dell Inc.'
Apr 14 10:10:06 ICTM1612S02H1 systemd-udevd[1486]: passed 211 byte device to netlink monitor 0x565114712ae0
Apr 14 10:10:06 ICTM1612S02H1 systemd-udevd[3145]: value '[dmi/id]sys_vendor' is 'Dell Inc.'
Apr 14 10:10:06 ICTM1612S02H1 systemd-udevd[3136]: value '[dmi/id]sys_vendor' is 'Dell Inc.'
Apr 14 10:10:06 ICTM1612S02H1 systemd-udevd[3093]: value '[dmi/id]sys_vendor' is 'Dell Inc.'
Apr 14 10:10:06 ICTM1612S02H1 systemd-udevd[3144]: LINK 'disk/by-id/wwn-0x60080e5000290b5400008a315605fd95' /lib/udev/rules.d/60-persistent-storage.rules:73
Apr 14 10:10:06 ICTM1612S02H1 systemd-udevd[3110]: passed device to netlink monitor 0x56511475de20
Apr 14 10:10:06 ICTM1612S02H1 systemd-udevd[3102]: GROUP 6 /lib/udev/rules.d/50-udev-default.rules:55
Apr 14 10:10:06 ICTM1612S02H1 systemd-udevd[3113]: value '[dmi/id]sys_vendor' is 'Dell Inc.'
Apr 14 10:10:06 ICTM1612S02H1 systemd-udevd[3134]: '/usr/bin/sg_inq --export --page=di /dev/sdbi'(out) 'SCSI_IDENT_PORT_RELATIVE=2'
Apr 14 10:10:06 ICTM1612S02H1 systemd-udevd[3131]: value '[dmi/id]sys_vendor' is 'Dell Inc.'
Apr 14 10:10:06 ICTM1612S02H1 systemd-udevd[3090]: passed device to netlink monitor 0x565114726620
Apr 14 10:10:06 ICTM1612S02H1 systemd-udevd[3075]: passed device to netlink monitor 0x565114710790
Apr 14 10:10:06 ICTM1612S02H1 systemd-udevd[1486]: seq 5319 queued, 'add' 'scsi_disk'
Apr 14 10:10:06 ICTM1612S02H1 systemd-udevd[3110]: seq 5316 processed
Apr 14 10:10:06 ICTM1612S02H1 systemd-udevd[3144]: IMPORT 'probe-bcache -o udev /dev/sdba' /lib/udev/rules.d/69-bcache.rules:16
Apr 14 10:10:06 ICTM1612S02H1 systemd-udevd[3102]: IMPORT '/usr/bin/sg_inq --export /dev/sdbx' /lib/udev/rules.d/55-scsi-sg3_id.rules:10
Apr 14 10:10:06 ICTM1612S02H1 systemd-udevd[3134]: Process '/usr/bin/sg_inq --export --page=di /dev/sdbi' succeeded.
Apr 14 10:10:06 ICTM1612S02H1 systemd-udevd[3139]: value '[dmi/id]sys_vendor' is 'Dell Inc.'
Apr 14 10:10:06 ICTM1612S02H1 systemd-udevd[3090]: seq 5306 processed
Apr 14 10:10:06 ICTM1612S02H1 systemd-udevd[3075]: seq 5317 processed
Apr 14 10:10:06 ICTM1612S02H1 systemd-udevd[3124]: '/sbin/multipath -c /dev/sdbu'(out) '/dev/sdbu is not a valid multipath device path'
Apr 14 10:10:06 ICTM1612S02H1 systemd-udevd[3118]: found 'b8:80' claiming '/run/udev/links/\x2fdisk\x2fby-id\x2fscsi-SNETAPP_INF-01-00_SR21500107'
Apr 14 10:10:06 ICTM1612S02H1 systemd-udevd[3145]: value '[dmi/id]sys_vendor' is 'Dell Inc.'
Apr 14 10:10:06 ICTM1612S02H1 systemd-udevd[3129]: value '[dmi/id]sys_vendor' is 'Dell Inc.'
Apr 14 10:10:06 ICTM1612S02H1 systemd-udevd[3131]: GROUP 6 /lib/udev/rules.d/50-udev-default.rules:63
Apr 14 10:10:06 ICTM1612S02H1 systemd-udevd[3107]: value '[dmi/id]sys_vendor' is 'Dell Inc.'
Apr 14 10:10:06 ICTM1612S02H1 systemd-udevd[3093]: value '[dmi/id]sys_vendor' is 'Dell Inc.'
Apr 14 10:10:06 ICTM1612S02H1 systemd-udevd[3112]: LINK 'disk/by-id/wwn-0x60080e5000290b5400008a335605fd9f' /lib/udev/rules.d/60-persistent-storage.rules:73
Apr 14 10:10:06 ICTM1612S02H1 systemd-udevd[3136]: value '[dmi/id]sys_vendor' is 'Dell Inc.'
Apr 14 10:10:06 ICTM1612S02H1 systemd-udevd[3113]: value '[dmi/id]sys_vendor' is 'Dell Inc.'
Apr 14 10:10:06 ICTM1612S02H1 systemd-udevd[3135]: '/usr/bin/sg_inq --export --page=di /dev/sdbw'(out) 'SCSI_IDENT_LUN_NAA=60080e50003415e6000014795605f7e2'
Apr 14 10:10:06 ICTM1612S02H1 systemd-udevd[3134]: PROGRAM '/sbin/multipath -c /dev/sdbi' /lib/udev/rules.d/56-dm-mpath-lvm.rules:21
Apr 14 10:10:06 ICTM1612S02H1 systemd-udevd[3139]: handling device node '/dev/bsg/23:0:0:144', devnum=c249:113, mode=0600, uid=0, gid=0
Apr 14 10:10:06 ICTM1612S02H1 systemd-udevd[1486]: seq 5320 queued, 'add' 'scsi_device'
Apr 14 10:10:06 ICTM1612S02H1 systemd-udevd[3731]: starting 'probe-bcache -o udev /dev/sdba'
Apr 14 10:10:06 ICTM1612S02H1 systemd-udevd[3129]: IMPORT builtin 'hwdb' /lib/udev/rules.d/50-udev-default.rules:15
Apr 14 10:10:06 ICTM1612S02H1 systemd-udevd[3124]: Process '/sbin/multipath -c /dev/sdbu' failed with exit code 1.
Apr 14 10:10:06 ICTM1612S02H1 systemd-udevd[3732]: starting '/usr/bin/sg_inq --export /dev/sdbx'
Apr 14 10:10:06 ICTM1612S02H1 kernel: [ 56.623020] sd 19:0:0:123: [sdgz] Attached SCSI disk
Apr 14 10:10:06 ICTM1612S02H1 systemd-udevd[3145]: passed device to netlink monitor 0x56511477ed60
Apr 14 10:10:06 ICTM1612S02H1 systemd-udevd[3118]: creating link '/dev/disk/by-id/scsi-SNETAPP_INF-01-00_SR21500107' to '/dev/sdav'
Apr 14 10:10:06 ICTM1612S02H1 systemd-udevd[3131]: handling device node '/dev/sg109', devnum=c21:109, mode=0660, uid=0, gid=6
Apr 14 10:10:06 ICTM1612S02H1 systemd-udevd[3107]: passed device to netlink monitor 0x565114758a90
Apr 14 10:10:06 ICTM1612S02H1 systemd-udevd[3093]: GROUP 6 /lib/udev/rules.d/50-udev-default.rules:63
Apr 14 10:10:06 ICTM1612S02H1 systemd-udevd[3123]: '/sbin/multipath -c /dev/sdbn'(out) '/dev/sdbn is not a valid multipath device path'
Apr 14 10:10:06 ICTM1612S02H1 systemd-udevd[3112]: IMPORT 'probe-bcache -o udev /dev/sdbe' /lib/udev/rules.d/69-bcache.rules:16
Apr 14 10:10:06 ICTM1612S02H1 systemd-udevd[3109]: '/sbin/multipath -c /dev/sdbg'(out) '/dev/sdbg is not a valid multipath device path'
Apr 14 10:10:06 ICTM1612S02H1 systemd-udevd[3136]: handling device node '/dev/bsg/22:0:0:147', devnum=c249:114, mode=0600, uid=0, gid=0
Apr 14 10:10:06 ICTM1612S02H1 systemd-udevd[3113]: passed device to netlink monitor 0x565114729780
Apr 14 10:10:06 ICTM1612S02H1 systemd-udevd[3135]: '/usr/bin/sg_inq --export --page=di /dev/sdbw'(out) 'SCSI_IDENT_PORT_RELATIVE=3'
Apr 14 10:10:06 ICTM1612S02H1 systemd-udevd[3139]: preserve permissions /dev/bsg/23:0:0:144, 020600, uid=0, gid=0
Apr 14 10:10:06 ICTM1612S02H1 systemd-udevd[3733]: starting '/sbin/multipath -c /dev/sdbi'
Apr 14 10:10:06 ICTM1612S02H1 systemd-udevd[1486]: seq 5321 queued, 'add' 'scsi_generic'
Apr 14 10:10:06 ICTM1612S02H1 systemd-udevd[3117]: '/sbin/multipath -c /dev/sdbr'(out) '/dev/sdbr is not a valid multipath device path'
Apr 14 10:10:06 ICTM1612S02H1 systemd-udevd[3124]: LINK 'disk/by-id/scsi-SNETAPP_INF-01-00_021414003089' /lib/udev/rules.d/58-scsi-sg3_symlink.rules:12
Apr 14 10:10:06 ICTM1612S02H1 systemd-udevd[3124]: LINK 'disk/by-id/scsi-360080e500034153e0000ed065605faa2' /lib/udev/rules.d/58-scsi-sg3_symlink.rules:15
Apr 14 10:10:06 ICTM1612S02H1 systemd-udevd[3129]: IMPORT builtin 'hwdb' returned non-zero
Apr 14 10:10:06 ICTM1612S02H1 systemd-udevd[3118]: atomically replace '/dev/disk/by-id/scsi-SNETAPP_INF-01-00_SR21500107'
Apr 14 10:10:06 ICTM1612S02H1 systemd-udevd[3131]: set permissions /dev/sg109, 020660, uid=0, gid=6
Apr 14 10:10:06 ICTM1612S02H1 systemd-udevd[3118]: found 'b66:192' claiming '/run/udev/links/\x2fdisk\x2fby-id\x2fwwn-0x60080e500029092400008d545605f9a0'
Apr 14 10:10:06 ICTM1612S02H1 systemd-udevd[3123]: Process '/sbin/multipath -c /dev/sdbn' failed with exit code 1.
Apr 14 10:10:06 ICTM1612S02H1 systemd-udevd[3093]: handling device node '/dev/sg110', devnum=c21:110, mode=0660, uid=0, gid=6
Apr 14 10:10:06 ICTM1612S02H1 systemd-udevd[3109]: Process '/sbin/multipath -c /dev/sdbg' failed with exit code 1.
Apr 14 10:10:06 ICTM1612S02H1 systemd-udevd[3136]: preserve permissions /dev/bsg/22:0:0:147, 020600, uid=0, gid=0
Apr 14 10:10:06 ICTM1612S02H1 systemd-udevd[3113]: seq 5307 processed
Apr 14 10:10:06 ICTM1612S02H1 systemd-udevd[3139]: creating symlink '/dev/char/249:113' to '../bsg/23:0:0:144'
Apr 14 10:10:06 ICTM1612S02H1 systemd-udevd[3135]: Process '/usr/bin/sg_inq --export --page=di /dev/sdbw' succeeded.
Apr 14 10:10:06 ICTM1612S02H1 systemd-udevd[3734]: starting 'probe-bcache -o udev /dev/sdbe'
Apr 14 10:10:06 ICTM1612S02H1 systemd-udevd[3117]: Process '/sbin/multipath -c /dev/sdbr' failed with exit code 1.
Apr 14 10:10:06 ICTM1612S02H1 systemd-udevd[1486]: seq 5322 queued, 'add' 'bsg'
Apr 14 10:10:06 ICTM1612S02H1 systemd-udevd[3145]: seq 5312 processed
Apr 14 10:10:06 ICTM1612S02H1 systemd-udevd[3124]: LINK 'disk/by-id/scsi-360080e500034153e0000ed065605faa2' /lib/udev/rules.d/60-persistent-storage.rules:36
Apr 14 10:10:06 ICTM1612S02H1 systemd-udevd[3129]: path '[module/sg](null)' is '/sys/module/sg'
Apr 14 10:10:06 ICTM1612S02H1 systemd-udevd[3107]: seq 5313 processed
Apr 14 10:10:06 ICTM1612S02H1 systemd-udevd[3131]: creating symlink '/dev/char/21:109' to '../sg109'
Apr 14 10:10:06 ICTM1612S02H1 systemd-udevd[3123]: LINK 'disk/by-id/scsi-SNETAPP_INF-01-00_021414003089' /lib/udev/rules.d/58-scsi-sg3_symlink.rules:12
Apr 14 10:10:06 ICTM1612S02H1 systemd-udevd[3093]: set permissions /dev/sg110, 020660, uid=0, gid=6
Apr 14 10:10:06 ICTM1612S02H1 systemd-udevd[3109]: LINK 'disk/by-id/scsi-SNETAPP_INF-01-00_SR21500107' /lib/udev/rules.d/58-scsi-sg3_symlink.rules:12
Apr 14 10:10:06 ICTM1612S02H1 systemd-udevd[3136]: creating symlink '/dev/char/249:114' to '../bsg/22:0:0:147'
Apr 14 10:10:06 ICTM1612S02H1 systemd-udevd[3118]: creating link '/dev/disk/by-id/wwn-0x60080e500029092400008d545605f9a0' to '/dev/sdav'
Apr 14 10:10:06 ICTM1612S02H1 systemd-udevd[3118]: atomically replace '/dev/disk/by-id/wwn-0x60080e500029092400008d545605f9a0'
Apr 14 10:10:06 ICTM1612S02H1 systemd-udevd[3135]: PROGRAM '/sbin/multipath -c /dev/sdbw' /lib/udev/rules.d/56-dm-mpath-lvm.rules:21
Apr 14 10:10:06 ICTM1612S02H1 systemd-udevd[3117]: LINK 'disk/by-id/scsi-SNETAPP_INF-01-00_021414003152' /lib/udev/rules.d/58-scsi-sg3_symlink.rules:12
Apr 14 10:10:06 ICTM1612S02H1 systemd-udevd[3129]: RUN 'kmod load $env{MODALIAS}' /lib/udev/rules.d/80-drivers.rules:5
Apr 14 10:10:06 ICTM1612S02H1 systemd-udevd[1486]: seq 5323 queued, 'add' 'block'
Apr 14 10:10:06 ICTM1612S02H1 systemd-udevd[1486]: passed 230 byte device to netlink monitor 0x565114712ae0
Apr 14 10:10:06 ICTM1612S02H1 systemd-udevd[3123]: LINK 'disk/by-id/scsi-360080e50003415e6000014755605f7c7' /lib/udev/rules.d/58-scsi-sg3_symlink.rules:15
Apr 14 10:10:06 ICTM1612S02H1 systemd-udevd[3131]: created empty file '/run/udev/data/c21:109' for '/devices/platform/host23/session8/target23:0:0/23:0:0:144/scsi_generic/sg109'
Apr 14 10:10:06 ICTM1612S02H1 systemd-udevd[1486]: seq 5324 queued, 'add' 'scsi'
Apr 14 10:10:06 ICTM1612S02H1 systemd-udevd[3109]: LINK 'disk/by-id/scsi-360080e5000290b5400008a335605fd9f' /lib/udev/rules.d/58-scsi-sg3_symlink.rules:15
Apr 14 10:10:06 ICTM1612S02H1 systemd-udevd[3139]: created empty file '/run/udev/data/c249:113' for '/devices/platform/host23/session8/target23:0:0/23:0:0:144/bsg/23:0:0:144'
Apr 14 10:10:06 ICTM1612S02H1 systemd-udevd[3102]: '/usr/bin/sg_inq --export /dev/sdbx'(out) 'SCSI_TPGS=0'
Apr 14 10:10:06 ICTM1612S02H1 systemd-udevd[3118]: creating link '/dev/disk/by-path/ip-fe80:0000:0000:0000:0192:0012:0022:0112:3260-iscsi-iqn.1992-08.com.netapp:5504.60080e5000290924000000005525f5de-lun-5' to '/dev/sdav'
Apr 14 10:10:06 ICTM1612S02H1 systemd-udevd[3118]: creating symlink '/dev/disk/by-path/ip-fe80:0000:0000:0000:0192:0012:0022:0112:3260-iscsi-iqn.1992-08.com.netapp:5504.60080e5000290924000000005525f5de-lun-5' to '../../sdav'
Apr 14 10:10:06 ICTM1612S02H1 systemd-udevd[3129]: Execute 'load' 'scsi:t-0x00'
Apr 14 10:10:06 ICTM1612S02H1 systemd-udevd[3124]: IMPORT builtin 'path_id' /lib/udev/rules.d/60-persistent-storage.rules:54
Apr 14 10:10:06 ICTM1612S02H1 systemd-udevd[3144]: Process 'probe-bcache -o udev /dev/sdba' succeeded.
Apr 14 10:10:06 ICTM1612S02H1 systemd-udevd[3129]: No module matches 'scsi:t-0x00'
Apr 14 10:10:06 ICTM1612S02H1 systemd-udevd[3123]: LINK 'disk/by-id/scsi-360080e50003415e6000014755605f7c7' /lib/udev/rules.d/60-persistent-storage.rules:36
Apr 14 10:10:06 ICTM1612S02H1 systemd-udevd[3093]: creating symlink '/dev/char/21:110' to '../sg110'
Apr 14 10:10:06 ICTM1612S02H1 systemd-udevd[3131]: passed device to netlink monitor 0x56511471b0c0
Apr 14 10:10:06 ICTM1612S02H1 systemd-udevd[1486]: passed 211 byte device to netlink monitor 0x565114712ae0
Apr 14 10:10:06 ICTM1612S02H1 systemd-udevd[3145]: seq 5324 running
Apr 14 10:10:06 ICTM1612S02H1 systemd-udevd[1486]: seq 5325 queued, 'add' 'scsi_disk'
Apr 14 10:10:06 ICTM1612S02H1 systemd-udevd[3735]: starting '/sbin/multipath -c /dev/sdbw'
Apr 14 10:10:06 ICTM1612S02H1 systemd-udevd[3139]: passed device to netlink monitor 0x565114779240
Apr 14 10:10:06 ICTM1612S02H1 systemd-udevd[3102]: '/usr/bin/sg_inq --export /dev/sdbx'(out) 'SCSI_TYPE=disk'
Apr 14 10:10:06 ICTM1612S02H1 systemd-udevd[3136]: created empty file '/run/udev/data/c249:114' for '/devices/platform/host22/session7/target22:0:0/22:0:0:147/bsg/22:0:0:147'
Apr 14 10:10:06 ICTM1612S02H1 systemd-udevd[3145]: value '[dmi/id]sys_vendor' is 'Dell Inc.'
Apr 14 10:10:06 ICTM1612S02H1 systemd-udevd[3136]: passed device to netlink monitor 0x565114771450
Apr 14 10:10:06 ICTM1612S02H1 systemd-udevd[3118]: created db file '/run/udev/data/b66:240' for '/devices/platform/host17/session2/target17:0:0/17:0:0:5/block/sdav'
Apr 14 10:10:06 ICTM1612S02H1 systemd-udevd[3129]: passed device to netlink monitor 0x5651147661f0
Apr 14 10:10:06 ICTM1612S02H1 systemd-udevd[3123]: IMPORT builtin 'path_id' /lib/udev/rules.d/60-persistent-storage.rules:54
Apr 14 10:10:06 ICTM1612S02H1 systemd-udevd[3093]: created empty file '/run/udev/data/c21:110' for '/devices/platform/host22/session7/target22:0:0/22:0:0:147/scsi_generic/sg110'
Apr 14 10:10:06 ICTM1612S02H1 systemd-udevd[3131]: seq 5308 processed
Apr 14 10:10:06 ICTM1612S02H1 systemd-udevd[3144]: ATTR '/sys/devices/platform/host18/session3/target18:0:0/18:0:0:4/block/sdba/queue/max_sectors_kb' writing '32767' /etc/udev/rules.d/99-largeio-udev.rules:1
Apr 14 10:10:06 ICTM1612S02H1 systemd-udevd[3109]: LINK 'disk/by-id/scsi-360080e5000290b5400008a335605fd9f' /lib/udev/rules.d/60-persistent-storage.rules:36
Apr 14 10:10:06 ICTM1612S02H1 systemd-udevd[1486]: seq 5326 queued, 'add' 'scsi_device'
Apr 14 10:10:06 ICTM1612S02H1 systemd-udevd[3124]: LINK 'disk/by-path/ip-fe80:0000:0000:0000:0192:0012:0022:0114:3260-iscsi-iqn.1992-08.com.netapp:2752.60080e500034153e0000000054dd6c63-lun-139' /lib/udev/rules.d/60-persistent-storage.rules:55
Apr 14 10:10:06 ICTM1612S02H1 systemd-udevd[3139]: seq 5309 processed
Apr 14 10:10:06 ICTM1612S02H1 systemd-udevd[3102]: '/usr/bin/sg_inq --export /dev/sdbx'(out) 'SCSI_VENDOR=NETAPP'
Apr 14 10:10:06 ICTM1612S02H1 systemd-udevd[3123]: LINK 'disk/by-path/ip-fe80:0000:0000:0000:0192:0012:0022:0114:3260-iscsi-iqn.1992-08.com.netapp:2752.60080e500034153e0000000054dd6c63-lun-138' /lib/udev/rules.d/60-persistent-storage.rules:55
Apr 14 10:10:06 ICTM1612S02H1 systemd-udevd[3090]: seq 5323 running
Apr 14 10:10:06 ICTM1612S02H1 systemd-udevd[3136]: seq 5315 processed
Apr 14 10:10:06 ICTM1612S02H1 systemd-udevd[3145]: value '[dmi/id]sys_vendor' is 'Dell Inc.'
Apr 14 10:10:06 ICTM1612S02H1 systemd-udevd[3118]: adding watch on '/dev/sdav'
Apr 14 10:10:06 ICTM1612S02H1 systemd-udevd[3129]: seq 5318 processed
Apr 14 10:10:06 ICTM1612S02H1 systemd-udevd[3093]: passed device to netlink monitor 0x565114743be0
Apr 14 10:10:06 ICTM1612S02H1 systemd-udevd[3118]: created db file '/run/udev/data/b66:240' for '/devices/platform/host17/session2/target17:0:0/17:0:0:5/block/sdav'
Apr 14 10:10:06 ICTM1612S02H1 systemd-udevd[3109]: IMPORT builtin 'path_id' /lib/udev/rules.d/60-persistent-storage.rules:54
Apr 14 10:10:06 ICTM1612S02H1 systemd-udevd[3124]: IMPORT builtin 'blkid' /lib/udev/rules.d/60-persistent-storage.rules:66
Apr 14 10:10:06 ICTM1612S02H1 systemd-udevd[1486]: seq 5327 queued, 'add' 'scsi_generic'
Apr 14 10:10:06 ICTM1612S02H1 systemd-udevd[3102]: '/usr/bin/sg_inq --export /dev/sdbx'(out) 'SCSI_VENDOR_ENC=NETAPP\x20\x20'
Apr 14 10:10:06 ICTM1612S02H1 systemd-udevd[3117]: LINK 'disk/by-id/scsi-360080e500034153e0000ed065605faa2' /lib/udev/rules.d/58-scsi-sg3_symlink.rules:15
Apr 14 10:10:06 ICTM1612S02H1 systemd-udevd[3123]: IMPORT builtin 'blkid' /lib/udev/rules.d/60-persistent-storage.rules:66
Apr 14 10:10:06 ICTM1612S02H1 systemd-udevd[3117]: LINK 'disk/by-id/scsi-360080e500034153e0000ed065605faa2' /lib/udev/rules.d/60-persistent-storage.rules:36
Apr 14 10:10:06 ICTM1612S02H1 systemd-udevd[3145]: IMPORT builtin 'hwdb' /lib/udev/rules.d/50-udev-default.rules:15
Apr 14 10:10:06 ICTM1612S02H1 systemd[1]: dev-disk-by\x2did-scsi\x2d360080e500029092400008d545605f9a0.device: Dev dev-disk-by\x2did-scsi\x2d360080e500029092400008d545605f9a0.device appeared twice with different sysfs paths /sys/devices/platform/host16/session1/target16:0:0/16:0:0:5/block/sdas and /sys/devices/platform/host17/session2/target17:0:0/17:0:0:5/block/sdav
Apr 14 10:10:06 ICTM1612S02H1 systemd-udevd[3144]: handling device node '/dev/sdba', devnum=b67:64, mode=0660, uid=0, gid=6
Apr 14 10:10:06 ICTM1612S02H1 systemd-udevd[3118]: passed device to netlink monitor 0x5651147290e0
Apr 14 10:10:06 ICTM1612S02H1 systemd-udevd[1486]: passed 196 byte device to netlink monitor 0x565114712ae0
Apr 14 10:10:06 ICTM1612S02H1 systemd-udevd[3110]: seq 5320 running
Apr 14 10:10:06 ICTM1612S02H1 systemd-udevd[3113]: seq 5319 running
Apr 14 10:10:06 ICTM1612S02H1 systemd-udevd[3112]: Process 'probe-bcache -o udev /dev/sdbe' succeeded.
Apr 14 10:10:06 ICTM1612S02H1 systemd-udevd[3090]: value '[dmi/id]sys_vendor' is 'Dell Inc.'
Apr 14 10:10:06 ICTM1612S02H1 systemd-udevd[3093]: seq 5314 processed
Apr 14 10:10:06 ICTM1612S02H1 systemd[1]: dev-disk-by\x2did-scsi\x2dSNETAPP_INF\x2d01\x2d00_SR21500107.device: Dev dev-disk-by\x2did-scsi\x2dSNETAPP_INF\x2d01\x2d00_SR21500107.device appeared twice with different sysfs paths /sys/devices/platform/host17/session2/target17:0:0/17:0:0:1/block/sdg and /sys/devices/platform/host17/session2/target17:0:0/17:0:0:5/block/sdav
Apr 14 10:10:06 ICTM1612S02H1 systemd-udevd[3113]: value '[dmi/id]sys_vendor' is 'Dell Inc.'
Apr 14 10:10:06 ICTM1612S02H1 systemd-udevd[3144]: set permissions /dev/sdba, 060660, uid=0, gid=6
Apr 14 10:10:06 ICTM1612S02H1 systemd-udevd[3145]: IMPORT builtin 'hwdb' returned non-zero
Apr 14 10:10:06 ICTM1612S02H1 systemd-udevd[3118]: seq 5218 processed
Apr 14 10:10:06 ICTM1612S02H1 systemd-udevd[3117]: IMPORT builtin 'path_id' /lib/udev/rules.d/60-persistent-storage.rules:54
Apr 14 10:10:06 ICTM1612S02H1 systemd-udevd[3123]: probe /dev/sdbn raid offset=0
Apr 14 10:10:06 ICTM1612S02H1 systemd-udevd[1486]: passed 200 byte device to netlink monitor 0x565114712ae0
Apr 14 10:10:06 ICTM1612S02H1 systemd-udevd[1486]: passed 235 byte device to netlink monitor 0x565114712ae0
Apr 14 10:10:06 ICTM1612S02H1 systemd-udevd[3109]: LINK 'disk/by-path/ip-fe80:0000:0000:0000:0192:0012:0022:0112:3260-iscsi-iqn.1992-08.com.netapp:5504.60080e5000290924000000005525f5de-lun-6' /lib/udev/rules.d/60-persistent-storage.rules:55
Apr 14 10:10:06 ICTM1612S02H1 systemd-udevd[3112]: ATTR '/sys/devices/platform/host16/session1/target16:0:0/16:0:0:6/block/sdbe/queue/max_sectors_kb' writing '32767' /etc/udev/rules.d/99-largeio-udev.rules:1
Apr 14 10:10:06 ICTM1612S02H1 systemd-udevd[3090]: value '[dmi/id]sys_vendor' is 'Dell Inc.'
Apr 14 10:10:06 ICTM1612S02H1 systemd-udevd[3110]: value '[dmi/id]sys_vendor' is 'Dell Inc.'
Apr 14 10:10:06 ICTM1612S02H1 systemd-udevd[3124]: probe /dev/sdbu raid offset=0
Apr 14 10:10:06 ICTM1612S02H1 systemd-udevd[3134]: '/sbin/multipath -c /dev/sdbi'(out) '/dev/sdbi is not a valid multipath device path'
Apr 14 10:10:06 ICTM1612S02H1 systemd[1]: dev-disk-by\x2did-wwn\x2d0x60080e500029092400008d545605f9a0.device: Dev dev-disk-by\x2did-wwn\x2d0x60080e500029092400008d545605f9a0.device appeared twice with different sysfs paths /sys/devices/platform/host16/session1/target16:0:0/16:0:0:5/block/sdas and /sys/devices/platform/host17/session2/target17:0:0/17:0:0:5/block/sdav
Apr 14 10:10:06 ICTM1612S02H1 systemd-udevd[3113]: value '[dmi/id]sys_vendor' is 'Dell Inc.'
Apr 14 10:10:06 ICTM1612S02H1 systemd-udevd[3144]: creating symlink '/dev/block/67:64' to '../sdba'
Apr 14 10:10:06 ICTM1612S02H1 systemd-udevd[3145]: path '[module/sg](null)' is '/sys/module/sg'
Apr 14 10:10:06 ICTM1612S02H1 systemd-udevd[1486]: passed 232 byte device to netlink monitor 0x565114712ae0
Apr 14 10:10:06 ICTM1612S02H1 systemd-udevd[3113]: passed device to netlink monitor 0x565114729780
Apr 14 10:10:06 ICTM1612S02H1 systemd-udevd[3102]: '/usr/bin/sg_inq --export /dev/sdbx'(out) 'SCSI_MODEL=INF-01-00'
Apr 14 10:10:06 ICTM1612S02H1 systemd-udevd[3139]: seq 5322 running
Apr 14 10:10:06 ICTM1612S02H1 systemd-udevd[3109]: IMPORT builtin 'blkid' /lib/udev/rules.d/60-persistent-storage.rules:66
Apr 14 10:10:06 ICTM1612S02H1 systemd-udevd[3090]: GROUP 6 /lib/udev/rules.d/50-udev-default.rules:55
Apr 14 10:10:06 ICTM1612S02H1 systemd-udevd[3112]: handling device node '/dev/sdbe', devnum=b67:128, mode=0660, uid=0, gid=6
Apr 14 10:10:06 ICTM1612S02H1 systemd-udevd[3110]: value '[dmi/id]sys_vendor' is 'Dell Inc.'
Apr 14 10:10:06 ICTM1612S02H1 systemd-udevd[3134]: Process '/sbin/multipath -c /dev/sdbi' failed with exit code 1.
Apr 14 10:10:06 ICTM1612S02H1 systemd-udevd[3117]: LINK 'disk/by-path/ip-fe80:0000:0000:0000:0192:0012:0022:0113:3260-iscsi-iqn.1992-08.com.netapp:2752.60080e500034153e0000000054dd6c63-lun-139' /lib/udev/rules.d/60-persistent-storage.rules:55
Apr 14 10:10:06 ICTM1612S02H1 systemd-udevd[3135]: '/sbin/multipath -c /dev/sdbw'(out) '/dev/sdbw is not a valid multipath device path'
Apr 14 10:10:06 ICTM1612S02H1 systemd-udevd[3144]: found 'b66:208' claiming '/run/udev/links/\x2fdisk\x2fby-id\x2fscsi-360080e5000290b5400008a315605fd95'
Apr 14 10:10:06 ICTM1612S02H1 systemd-udevd[3145]: RUN 'kmod load $env{MODALIAS}' /lib/udev/rules.d/80-drivers.rules:5
Apr 14 10:10:06 ICTM1612S02H1 systemd-udevd[3145]: Execute 'load' 'scsi:t-0x00'
Apr 14 10:10:06 ICTM1612S02H1 systemd-udevd[3131]: seq 5321 running
Apr 14 10:10:06 ICTM1612S02H1 systemd-udevd[3102]: '/usr/bin/sg_inq --export /dev/sdbx'(out) 'SCSI_MODEL_ENC=INF-01-00\x20\x20\x20\x20\x20\x20\x20'
Apr 14 10:10:06 ICTM1612S02H1 systemd-udevd[1486]: seq 5328 queued, 'add' 'bsg'
Apr 14 10:10:06 ICTM1612S02H1 systemd-udevd[3090]: IMPORT '/usr/bin/sg_inq --export /dev/sdbl' /lib/udev/rules.d/55-scsi-sg3_id.rules:10
Apr 14 10:10:06 ICTM1612S02H1 systemd-udevd[3109]: probe /dev/sdbg raid offset=0
Apr 14 10:10:06 ICTM1612S02H1 systemd-udevd[3112]: set permissions /dev/sdbe, 060660, uid=0, gid=6
Apr 14 10:10:06 ICTM1612S02H1 systemd-udevd[3139]: value '[dmi/id]sys_vendor' is 'Dell Inc.'
Apr 14 10:10:06 ICTM1612S02H1 systemd-udevd[3131]: value '[dmi/id]sys_vendor' is 'Dell Inc.'
Apr 14 10:10:06 ICTM1612S02H1 systemd-udevd[3131]: value '[dmi/id]sys_vendor' is 'Dell Inc.'
Apr 14 10:10:06 ICTM1612S02H1 systemd-udevd[3110]: passed device to netlink monitor 0x56511475de20
Apr 14 10:10:06 ICTM1612S02H1 systemd-udevd[3135]: Process '/sbin/multipath -c /dev/sdbw' failed with exit code 1.
Apr 14 10:10:06 ICTM1612S02H1 systemd[1]: dev-disk-by\x2dpath-ip\x2dfe80:0000:0000:0000:0192:0012:0022:0112:3260\x2discsi\x2diqn.1992\x2d08.com.netapp:5504.60080e5000290924000000005525f5de\x2dlun\x2d5.device: Changed dead -> plugged
Apr 14 10:10:06 ICTM1612S02H1 systemd-udevd[3113]: seq 5319 processed
Apr 14 10:10:06 ICTM1612S02H1 systemd-udevd[3145]: No module matches 'scsi:t-0x00'
Apr 14 10:10:06 ICTM1612S02H1 systemd-udevd[3102]: '/usr/bin/sg_inq --export /dev/sdbx'(out) 'SCSI_REVISION=9825'
Apr 14 10:10:06 ICTM1612S02H1 systemd-udevd[3144]: found 'b66:32' claiming '/run/udev/links/\x2fdisk\x2fby-id\x2fscsi-360080e5000290b5400008a315605fd95'
Apr 14 10:10:06 ICTM1612S02H1 systemd-udevd[1486]: seq 5329 queued, 'add' 'bdi'
Apr 14 10:10:06 ICTM1612S02H1 systemd-udevd[3112]: creating symlink '/dev/block/67:128' to '../sdbe'
Apr 14 10:10:06 ICTM1612S02H1 systemd-udevd[3134]: LINK 'disk/by-id/scsi-SNETAPP_INF-01-00_SR21500247' /lib/udev/rules.d/58-scsi-sg3_symlink.rules:12
Apr 14 10:10:06 ICTM1612S02H1 systemd-udevd[3139]: value '[dmi/id]sys_vendor' is 'Dell Inc.'
Apr 14 10:10:06 ICTM1612S02H1 systemd-udevd[3117]: IMPORT builtin 'blkid' /lib/udev/rules.d/60-persistent-storage.rules:66
Apr 14 10:10:06 ICTM1612S02H1 systemd-udevd[3131]: GROUP 6 /lib/udev/rules.d/50-udev-default.rules:63
Apr 14 10:10:06 ICTM1612S02H1 systemd-udevd[3139]: handling device node '/dev/bsg/20:0:0:146', devnum=c249:115, mode=0600, uid=0, gid=0
Apr 14 10:10:06 ICTM1612S02H1 systemd-udevd[3736]: starting '/usr/bin/sg_inq --export /dev/sdbl'
Apr 14 10:10:06 ICTM1612S02H1 systemd-udevd[3135]: LINK 'disk/by-id/scsi-SNETAPP_INF-01-00_021414003152' /lib/udev/rules.d/58-scsi-sg3_symlink.rules:12
Apr 14 10:10:06 ICTM1612S02H1 systemd[1]: dev-sdav.device: Changed dead -> plugged
Apr 14 10:10:06 ICTM1612S02H1 systemd-udevd[3145]: passed device to netlink monitor 0x56511477ed60
Apr 14 10:10:06 ICTM1612S02H1 systemd-udevd[1486]: passed 139 byte device to netlink monitor 0x565114712ae0
Apr 14 10:10:06 ICTM1612S02H1 systemd-udevd[1486]: seq 5330 queued, 'add' 'bdi'
Apr 14 10:10:06 ICTM1612S02H1 systemd-udevd[3102]: Process '/usr/bin/sg_inq --export /dev/sdbx' succeeded.
Apr 14 10:10:06 ICTM1612S02H1 systemd-udevd[3113]: seq 5330 running
Apr 14 10:10:06 ICTM1612S02H1 systemd-udevd[3112]: creating link '/dev/disk/by-id/scsi-360080e5000290b5400008a335605fd9f' to '/dev/sdbe'
Apr 14 10:10:06 ICTM1612S02H1 systemd-udevd[3134]: LINK 'disk/by-id/scsi-360080e500029092400008d545605f9a0' /lib/udev/rules.d/58-scsi-sg3_symlink.rules:15
Apr 14 10:10:06 ICTM1612S02H1 systemd-udevd[3110]: seq 5320 processed
Apr 14 10:10:06 ICTM1612S02H1 systemd-udevd[3139]: preserve permissions /dev/bsg/20:0:0:146, 020600, uid=0, gid=0
Apr 14 10:10:06 ICTM1612S02H1 systemd-udevd[3131]: handling device node '/dev/sg111', devnum=c21:111, mode=0660, uid=0, gid=6
Apr 14 10:10:06 ICTM1612S02H1 systemd-udevd[3135]: LINK 'disk/by-id/scsi-360080e50003415e6000014795605f7e2' /lib/udev/rules.d/58-scsi-sg3_symlink.rules:15
Apr 14 10:10:06 ICTM1612S02H1 systemd[1]: sys-devices-platform-host17-session2-target17:0:0-17:0:0:5-block-sdav.device: Changed dead -> plugged
Apr 14 10:10:06 ICTM1612S02H1 systemd-udevd[3145]: seq 5324 processed
Apr 14 10:10:06 ICTM1612S02H1 systemd-udevd[3117]: probe /dev/sdbr raid offset=0
Apr 14 10:10:06 ICTM1612S02H1 systemd-udevd[1486]: passed 139 byte device to netlink monitor 0x565114712ae0
Apr 14 10:10:06 ICTM1612S02H1 systemd-udevd[1486]: passed 196 byte device to netlink monitor 0x565114712ae0
Apr 14 10:10:06 ICTM1612S02H1 systemd-udevd[3145]: seq 5325 running
Apr 14 10:10:06 ICTM1612S02H1 systemd-udevd[3112]: creating symlink '/dev/disk/by-id/scsi-360080e5000290b5400008a335605fd9f' to '../../sdbe'
Apr 14 10:10:06 ICTM1612S02H1 systemd-udevd[3102]: IMPORT '/usr/bin/sg_inq --export --page=sn /dev/sdbx' /lib/udev/rules.d/55-scsi-sg3_id.rules:19
Apr 14 10:10:06 ICTM1612S02H1 systemd-udevd[3134]: LINK 'disk/by-id/scsi-360080e500029092400008d545605f9a0' /lib/udev/rules.d/60-persistent-storage.rules:36
Apr 14 10:10:06 ICTM1612S02H1 systemd-udevd[3112]: found 'b66:208' claiming '/run/udev/links/\x2fdisk\x2fby-id\x2fscsi-SNETAPP_INF-01-00_SR21500247'
Apr 14 10:10:06 ICTM1612S02H1 systemd-udevd[3113]: value '[dmi/id]sys_vendor' is 'Dell Inc.'
Apr 14 10:10:06 ICTM1612S02H1 systemd-udevd[3131]: set permissions /dev/sg111, 020660, uid=0, gid=6
Apr 14 10:10:06 ICTM1612S02H1 systemd-udevd[3135]: LINK 'disk/by-id/scsi-360080e50003415e6000014795605f7e2' /lib/udev/rules.d/60-persistent-storage.rules:36
Apr 14 10:10:06 ICTM1612S02H1 systemd[1]: Sent message type=signal sender=n/a destination=n/a object=/org/freedesktop/systemd1 interface=org.freedesktop.systemd1.Manager member=UnitNew cookie=159 reply_cookie=0 error=n/a
Apr 14 10:10:06 ICTM1612S02H1 systemd-udevd[3134]: IMPORT builtin 'path_id' /lib/udev/rules.d/60-persistent-storage.rules:54
Apr 14 10:10:06 ICTM1612S02H1 systemd-udevd[1486]: passed 200 byte device to netlink monitor 0x565114712ae0
Apr 14 10:10:06 ICTM1612S02H1 systemd-udevd[3144]: found 'b65:208' claiming '/run/udev/links/\x2fdisk\x2fby-id\x2fscsi-360080e5000290b5400008a315605fd95'
Apr 14 10:10:06 ICTM1612S02H1 systemd-udevd[3110]: seq 5326 running
Apr 14 10:10:06 ICTM1612S02H1 systemd-udevd[3139]: creating symlink '/dev/char/249:115' to '../bsg/20:0:0:146'
Apr 14 10:10:06 ICTM1612S02H1 systemd-udevd[3131]: creating symlink '/dev/char/21:111' to '../sg111'
Apr 14 10:10:06 ICTM1612S02H1 systemd-udevd[3139]: created empty file '/run/udev/data/c249:115' for '/devices/platform/host20/session5/target20:0:0/20:0:0:146/bsg/20:0:0:146'
Apr 14 10:10:06 ICTM1612S02H1 systemd-udevd[3118]: seq 5329 running
Apr 14 10:10:06 ICTM1612S02H1 systemd-udevd[1486]: passed 235 byte device to netlink monitor 0x565114712ae0
Apr 14 10:10:06 ICTM1612S02H1 systemd-udevd[3737]: starting '/usr/bin/sg_inq --export --page=sn /dev/sdbx'
Apr 14 10:10:06 ICTM1612S02H1 systemd-udevd[3075]: seq 5327 running
Apr 14 10:10:06 ICTM1612S02H1 systemd-udevd[3135]: IMPORT builtin 'path_id' /lib/udev/rules.d/60-persistent-storage.rules:54
Apr 14 10:10:06 ICTM1612S02H1 systemd[1]: Sent message type=signal sender=n/a destination=n/a object=/org/freedesktop/systemd1 interface=org.freedesktop.systemd1.Manager member=UnitNew cookie=160 reply_cookie=0 error=n/a
Apr 14 10:10:06 ICTM1612S02H1 systemd[1]: Sent message type=signal sender=n/a destination=n/a object=/org/freedesktop/systemd1 interface=org.freedesktop.systemd1.Manager member=UnitNew cookie=161 reply_cookie=0 error=n/a
Apr 14 10:10:06 ICTM1612S02H1 systemd-udevd[3139]: passed device to netlink monitor 0x565114779240
Apr 14 10:10:06 ICTM1612S02H1 systemd-udevd[3139]: seq 5322 processed
Apr 14 10:10:06 ICTM1612S02H1 systemd-udevd[3107]: seq 5328 running
Apr 14 10:10:06 ICTM1612S02H1 systemd-udevd[3131]: created empty file '/run/udev/data/c21:111' for '/devices/platform/host20/session5/target20:0:0/20:0:0:146/scsi_generic/sg111'
Apr 14 10:10:06 ICTM1612S02H1 systemd-udevd[3113]: value '[dmi/id]sys_vendor' is 'Dell Inc.'
Apr 14 10:10:06 ICTM1612S02H1 systemd-udevd[1486]: passed 232 byte device to netlink monitor 0x565114712ae0
Apr 14 10:10:06 ICTM1612S02H1 systemd-udevd[1486]: seq 5331 queued, 'add' 'scsi'
Apr 14 10:10:06 ICTM1612S02H1 systemd-udevd[3113]: passed device to netlink monitor 0x565114729780
Apr 14 10:10:06 ICTM1612S02H1 systemd-udevd[3131]: passed device to netlink monitor 0x56511471b0c0
Apr 14 10:10:06 ICTM1612S02H1 systemd-udevd[1486]: passed 211 byte device to netlink monitor 0x565114712ae0
Apr 14 10:10:06 ICTM1612S02H1 systemd-udevd[3112]: found 'b66:192' claiming '/run/udev/links/\x2fdisk\x2fby-id\x2fscsi-SNETAPP_INF-01-00_SR21500247'
Apr 14 10:10:06 ICTM1612S02H1 systemd-udevd[3113]: seq 5330 processed
Apr 14 10:10:06 ICTM1612S02H1 systemd-udevd[3093]: seq 5331 running
Apr 14 10:10:06 ICTM1612S02H1 systemd-udevd[3131]: seq 5321 processed
Apr 14 10:10:06 ICTM1612S02H1 systemd-udevd[3145]: value '[dmi/id]sys_vendor' is 'Dell Inc.'
Apr 14 10:10:06 ICTM1612S02H1 systemd-udevd[1486]: seq 5332 queued, 'add' 'scsi_disk'
Apr 14 10:10:06 ICTM1612S02H1 systemd-udevd[3144]: creating link '/dev/disk/by-id/scsi-360080e5000290b5400008a315605fd95' to '/dev/sdba'
Apr 14 10:10:06 ICTM1612S02H1 systemd-udevd[3118]: value '[dmi/id]sys_vendor' is 'Dell Inc.'
Apr 14 10:10:06 ICTM1612S02H1 systemd-udevd[1486]: seq 5333 queued, 'add' 'scsi_device'
Apr 14 10:10:06 ICTM1612S02H1 systemd-udevd[3144]: atomically replace '/dev/disk/by-id/scsi-360080e5000290b5400008a315605fd95'
Apr 14 10:10:06 ICTM1612S02H1 systemd-udevd[1486]: seq 5334 queued, 'add' 'scsi_generic'
Apr 14 10:10:06 ICTM1612S02H1 systemd-udevd[3144]: found 'b66:240' claiming '/run/udev/links/\x2fdisk\x2fby-id\x2fscsi-SNETAPP_INF-01-00_SR21500107'
Apr 14 10:10:06 ICTM1612S02H1 systemd-udevd[1486]: seq 5335 queued, 'add' 'bsg'
Apr 14 10:10:06 ICTM1612S02H1 systemd-udevd[1486]: seq 5336 queued, 'add' 'scsi'
Apr 14 10:10:06 ICTM1612S02H1 systemd-udevd[1486]: passed 211 byte device to netlink monitor 0x565114712ae0
Apr 14 10:10:06 ICTM1612S02H1 systemd-udevd[3113]: seq 5336 running
Apr 14 10:10:06 ICTM1612S02H1 systemd-udevd[1486]: seq 5337 queued, 'add' 'scsi'
Apr 14 10:10:06 ICTM1612S02H1 systemd-udevd[1486]: passed 210 byte device to netlink monitor 0x565114712ae0
Apr 14 10:10:06 ICTM1612S02H1 systemd-udevd[1486]: seq 5338 queued, 'add' 'bdi'
Apr 14 10:10:06 ICTM1612S02H1 systemd-udevd[3139]: seq 5338 running
Apr 14 10:10:06 ICTM1612S02H1 systemd-udevd[3090]: '/usr/bin/sg_inq --export /dev/sdbl'(out) 'SCSI_TPGS=0'
Apr 14 10:10:06 ICTM1612S02H1 systemd-udevd[1486]: passed 138 byte device to netlink monitor 0x565114712ae0
Apr 14 10:10:06 ICTM1612S02H1 systemd-udevd[1486]: seq 5339 queued, 'add' 'scsi_disk'
Apr 14 10:10:06 ICTM1612S02H1 systemd-udevd[3090]: '/usr/bin/sg_inq --export /dev/sdbl'(out) 'SCSI_TYPE=disk'
Apr 14 10:10:06 ICTM1612S02H1 systemd-udevd[3131]: seq 5337 running
Apr 14 10:10:06 ICTM1612S02H1 systemd-udevd[1486]: seq 5340 queued, 'add' 'scsi_disk'
