Apr 14 10:10:06 ICTM1612S02H1 systemd-udevd[3073]: '/lib/udev/hdparm'(out) '/dev/sde:'
Apr 14 10:10:06 ICTM1612S02H1 systemd-udevd[3068]: found 'b8:80' claiming '/run/udev/links/\x2fdisk\x2fby-id\x2fwwn-0x60080e5000290b5400008a2d5605fd7e'
Apr 14 10:10:06 ICTM1612S02H1 systemd-udevd[3145]: creating symlink '/dev/disk/by-id/wwn-0x60080e5000290b5400008a2f5605fd8a' to '../../sdh'
Apr 14 10:10:06 ICTM1612S02H1 systemd-udevd[3090]: atomically replace '/dev/disk/by-id/scsi-SNETAPP_INF-01-00_SR21500107'
Apr 14 10:10:06 ICTM1612S02H1 systemd-udevd[3130]: value '[dmi/id]sys_vendor' is 'Dell Inc.'
Apr 14 10:10:06 ICTM1612S02H1 systemd-udevd[1486]: passed 231 byte device to netlink monitor 0x565114712ae0
Apr 14 10:10:06 ICTM1612S02H1 systemd-udevd[3102]: seq 4872 processed
Apr 14 10:10:06 ICTM1612S02H1 kernel: [ 56.437416] sd 21:0:0:149: [sdeh] Attached SCSI disk
Apr 14 10:10:06 ICTM1612S02H1 kernel: [ 56.437580] sd 23:0:0:150: [sdei] Attached SCSI disk
Apr 14 10:10:06 ICTM1612S02H1 kernel: [ 56.437648] sd 19:0:0:16: Attached scsi generic sg182 type 0
Apr 14 10:10:06 ICTM1612S02H1 kernel: [ 56.438042] sd 16:0:0:16: [sdfi] Write Protect is off
Apr 14 10:10:06 ICTM1612S02H1 kernel: [ 56.438044] sd 16:0:0:16: [sdfi] Mode Sense: 83 00 10 08
Apr 14 10:10:06 ICTM1612S02H1 systemd-udevd[3113]: seq 4870 running
Apr 14 10:10:06 ICTM1612S02H1 systemd-udevd[3118]: passed device to netlink monitor 0x5651147290e0
Apr 14 10:10:06 ICTM1612S02H1 systemd-udevd[3135]: value '[dmi/id]sys_vendor' is 'Dell Inc.'
Apr 14 10:10:06 ICTM1612S02H1 systemd-udevd[3074]: value '[dmi/id]sys_vendor' is 'Dell Inc.'
Apr 14 10:10:06 ICTM1612S02H1 systemd-udevd[3236]: value '[dmi/id]sys_vendor' is 'Dell Inc.'
Apr 14 10:10:06 ICTM1612S02H1 systemd-udevd[3112]: '/lib/udev/hdparm'(out) ''
Apr 14 10:10:06 ICTM1612S02H1 systemd-udevd[3127]: '/usr/bin/sg_inq --export /dev/sdi'(out) 'SCSI_TPGS=0'
Apr 14 10:10:06 ICTM1612S02H1 systemd-udevd[3074]: value '[dmi/id]sys_vendor' is 'Dell Inc.'
Apr 14 10:10:06 ICTM1612S02H1 systemd-udevd[3145]: creating link '/dev/disk/by-path/ip-fe80:0000:0000:0000:0192:0012:0021:0111:3260-iscsi-iqn.1992-08.com.netapp:5504.60080e5000290924000000005525f5de-lun-2' to '/dev/sdh'
Apr 14 10:10:06 ICTM1612S02H1 systemd-udevd[3074]: GROUP 6 /lib/udev/rules.d/50-udev-default.rules:63
Apr 14 10:10:06 ICTM1612S02H1 systemd-udevd[3068]: found 'b8:64' claiming '/run/udev/links/\x2fdisk\x2fby-id\x2fwwn-0x60080e5000290b5400008a2d5605fd7e'
Apr 14 10:10:06 ICTM1612S02H1 systemd-udevd[3130]: value '[dmi/id]sys_vendor' is 'Dell Inc.'
Apr 14 10:10:06 ICTM1612S02H1 systemd-udevd[1486]: seq 4874 queued, 'add' 'scsi_disk'
Apr 14 10:10:06 ICTM1612S02H1 systemd-udevd[3118]: seq 4863 processed
Apr 14 10:10:06 ICTM1612S02H1 systemd-udevd[3112]: '/lib/udev/hdparm'(out) '/dev/sdd:'
Apr 14 10:10:06 ICTM1612S02H1 systemd-udevd[3135]: passed device to netlink monitor 0x56511476c140
Apr 14 10:10:06 ICTM1612S02H1 systemd-udevd[3127]: '/usr/bin/sg_inq --export /dev/sdi'(out) 'SCSI_TYPE=disk'
Apr 14 10:10:06 ICTM1612S02H1 systemd-udevd[3073]: '/lib/udev/hdparm'(out) ' setting Advanced Power Management level to 0xfe (254)'
Apr 14 10:10:06 ICTM1612S02H1 systemd-udevd[3236]: value '[dmi/id]sys_vendor' is 'Dell Inc.'
Apr 14 10:10:06 ICTM1612S02H1 systemd-udevd[3145]: creating symlink '/dev/disk/by-path/ip-fe80:0000:0000:0000:0192:0012:0021:0111:3260-iscsi-iqn.1992-08.com.netapp:5504.60080e5000290924000000005525f5de-lun-2' to '../../sdh'
Apr 14 10:10:06 ICTM1612S02H1 systemd-udevd[3090]: found 'b8:48' claiming '/run/udev/links/\x2fdisk\x2fby-id\x2fwwn-0x60080e500029092400008d505605f98b'
Apr 14 10:10:06 ICTM1612S02H1 systemd-udevd[3113]: value '[dmi/id]sys_vendor' is 'Dell Inc.'
Apr 14 10:10:06 ICTM1612S02H1 systemd-udevd[3130]: IMPORT builtin 'hwdb' /lib/udev/rules.d/50-udev-default.rules:15
Apr 14 10:10:06 ICTM1612S02H1 systemd-udevd[3113]: value '[dmi/id]sys_vendor' is 'Dell Inc.'
Apr 14 10:10:06 ICTM1612S02H1 systemd-udevd[3130]: IMPORT builtin 'hwdb' returned non-zero
Apr 14 10:10:06 ICTM1612S02H1 systemd-udevd[1486]: seq 4875 queued, 'add' 'scsi_device'
Apr 14 10:10:06 ICTM1612S02H1 systemd-udevd[3112]: '/lib/udev/hdparm'(out) ' setting Advanced Power Management level to 0xfe (254)'
Apr 14 10:10:06 ICTM1612S02H1 systemd-udevd[3135]: seq 4867 processed
Apr 14 10:10:06 ICTM1612S02H1 systemd-udevd[3127]: '/usr/bin/sg_inq --export /dev/sdi'(out) 'SCSI_VENDOR=NETAPP'
Apr 14 10:10:06 ICTM1612S02H1 kernel: [ 56.438368] sd 19:0:0:10: [sddh] Attached SCSI disk
Apr 14 10:10:06 ICTM1612S02H1 systemd-udevd[3073]: '/lib/udev/hdparm'(out) ' APM_level#011= not supported'
Apr 14 10:10:06 ICTM1612S02H1 kernel: [ 56.438543] sd 16:0:0:17: [sdfq] 4194304 512-byte logical blocks: (2.15 GB/2.00 GiB)
Apr 14 10:10:06 ICTM1612S02H1 kernel: [ 56.438593] scsi 16:0:0:18: Direct-Access NETAPP INF-01-00 9820 PQ: 0 ANSI: 5
Apr 14 10:10:06 ICTM1612S02H1 systemd-udevd[3236]: passed device to netlink monitor 0x5651147839c0
Apr 14 10:10:06 ICTM1612S02H1 systemd-udevd[3073]: Process '/lib/udev/hdparm' succeeded.
Apr 14 10:10:06 ICTM1612S02H1 systemd-udevd[3074]: handling device node '/dev/sg41', devnum=c21:41, mode=0660, uid=0, gid=6
Apr 14 10:10:06 ICTM1612S02H1 systemd-udevd[3068]: found 'b8:16' claiming '/run/udev/links/\x2fdisk\x2fby-id\x2fwwn-0x60080e5000290b5400008a2d5605fd7e'
Apr 14 10:10:06 ICTM1612S02H1 systemd-udevd[3090]: creating link '/dev/disk/by-id/wwn-0x60080e500029092400008d505605f98b' to '/dev/sdg'
Apr 14 10:10:06 ICTM1612S02H1 systemd-udevd[3130]: path '[module/sg](null)' is '/sys/module/sg'
Apr 14 10:10:06 ICTM1612S02H1 systemd-udevd[3113]: handling device node '/dev/bsg/20:0:0:134', devnum=c249:45, mode=0600, uid=0, gid=0
Apr 14 10:10:06 ICTM1612S02H1 systemd-udevd[3112]: '/lib/udev/hdparm'(out) ' APM_level#011= not supported'
Apr 14 10:10:06 ICTM1612S02H1 systemd-udevd[3068]: creating link '/dev/disk/by-id/wwn-0x60080e5000290b5400008a2d5605fd7e' to '/dev/sdc'
Apr 14 10:10:06 ICTM1612S02H1 systemd-udevd[3127]: '/usr/bin/sg_inq --export /dev/sdi'(out) 'SCSI_VENDOR_ENC=NETAPP\x20\x20'
Apr 14 10:10:06 ICTM1612S02H1 systemd-udevd[3236]: seq 4868 processed
Apr 14 10:10:06 ICTM1612S02H1 systemd-udevd[3145]: created db file '/run/udev/data/b8:112' for '/devices/platform/host16/session1/target16:0:0/16:0:0:2/block/sdh'
Apr 14 10:10:06 ICTM1612S02H1 systemd-udevd[3073]: adding watch on '/dev/sde'
Apr 14 10:10:06 ICTM1612S02H1 systemd-udevd[3074]: set permissions /dev/sg41, 020660, uid=0, gid=6
Apr 14 10:10:06 ICTM1612S02H1 systemd-udevd[3090]: atomically replace '/dev/disk/by-id/wwn-0x60080e500029092400008d505605f98b'
Apr 14 10:10:06 ICTM1612S02H1 systemd-udevd[3073]: created db file '/run/udev/data/b8:64' for '/devices/platform/host19/session4/target19:0:0/19:0:0:0/block/sde'
Apr 14 10:10:06 ICTM1612S02H1 systemd-udevd[3113]: preserve permissions /dev/bsg/20:0:0:134, 020600, uid=0, gid=0
Apr 14 10:10:06 ICTM1612S02H1 systemd-udevd[1486]: seq 4876 queued, 'add' 'scsi_generic'
Apr 14 10:10:06 ICTM1612S02H1 systemd-udevd[3068]: atomically replace '/dev/disk/by-id/wwn-0x60080e5000290b5400008a2d5605fd7e'
Apr 14 10:10:06 ICTM1612S02H1 systemd-udevd[3127]: '/usr/bin/sg_inq --export /dev/sdi'(out) 'SCSI_MODEL=INF-01-00'
Apr 14 10:10:06 ICTM1612S02H1 systemd-udevd[3112]: Process '/lib/udev/hdparm' succeeded.
Apr 14 10:10:06 ICTM1612S02H1 systemd-udevd[3074]: creating symlink '/dev/char/21:41' to '../sg41'
Apr 14 10:10:06 ICTM1612S02H1 systemd-udevd[3130]: RUN 'kmod load $env{MODALIAS}' /lib/udev/rules.d/80-drivers.rules:5
Apr 14 10:10:06 ICTM1612S02H1 systemd-udevd[3090]: creating link '/dev/disk/by-path/ip-fe80:0000:0000:0000:0192:0012:0022:0112:3260-iscsi-iqn.1992-08.com.netapp:5504.60080e5000290924000000005525f5de-lun-1' to '/dev/sdg'
Apr 14 10:10:06 ICTM1612S02H1 systemd-udevd[3440]: starting '/lib/udev/hdparm'
Apr 14 10:10:06 ICTM1612S02H1 systemd-udevd[3073]: passed device to netlink monitor 0x565114710f20
Apr 14 10:10:06 ICTM1612S02H1 systemd[1]: dev-disk-by\x2dpath-ip\x2dfe80:0000:0000:0000:0192:0012:0022:0111:3260\x2discsi\x2diqn.1992\x2d08.com.netapp:5504.60080e5000290924000000005525f5de\x2dlun\x2d0.device: Changed dead -> plugged
Apr 14 10:10:06 ICTM1612S02H1 systemd-udevd[3113]: creating symlink '/dev/char/249:45' to '../bsg/20:0:0:134'
Apr 14 10:10:06 ICTM1612S02H1 systemd-udevd[3068]: creating link '/dev/disk/by-path/ip-fe80:0000:0000:0000:0192:0012:0022:0112:3260-iscsi-iqn.1992-08.com.netapp:5504.60080e5000290924000000005525f5de-lun-0' to '/dev/sdc'
Apr 14 10:10:06 ICTM1612S02H1 systemd-udevd[3127]: '/usr/bin/sg_inq --export /dev/sdi'(out) 'SCSI_MODEL_ENC=INF-01-00\x20\x20\x20\x20\x20\x20\x20'
Apr 14 10:10:06 ICTM1612S02H1 systemd-udevd[1486]: seq 4877 queued, 'add' 'block'
Apr 14 10:10:06 ICTM1612S02H1 systemd-udevd[3112]: adding watch on '/dev/sdd'
Apr 14 10:10:06 ICTM1612S02H1 systemd-udevd[3074]: created empty file '/run/udev/data/c21:41' for '/devices/platform/host20/session5/target20:0:0/20:0:0:134/scsi_generic/sg41'
Apr 14 10:10:06 ICTM1612S02H1 systemd-udevd[3130]: Execute 'load' 'scsi:t-0x00'
Apr 14 10:10:06 ICTM1612S02H1 systemd-udevd[3090]: creating symlink '/dev/disk/by-path/ip-fe80:0000:0000:0000:0192:0012:0022:0112:3260-iscsi-iqn.1992-08.com.netapp:5504.60080e5000290924000000005525f5de-lun-1' to '../../sdg'
Apr 14 10:10:06 ICTM1612S02H1 systemd-udevd[3073]: seq 4765 processed
Apr 14 10:10:06 ICTM1612S02H1 systemd[1]: dev-sde.device: Changed dead -> plugged
Apr 14 10:10:06 ICTM1612S02H1 systemd-udevd[3113]: created empty file '/run/udev/data/c249:45' for '/devices/platform/host20/session5/target20:0:0/20:0:0:134/bsg/20:0:0:134'
Apr 14 10:10:06 ICTM1612S02H1 systemd-udevd[3113]: passed device to netlink monitor 0x565114729780
Apr 14 10:10:06 ICTM1612S02H1 systemd-udevd[3127]: '/usr/bin/sg_inq --export /dev/sdi'(out) 'SCSI_REVISION=9820'
Apr 14 10:10:06 ICTM1612S02H1 systemd-udevd[1486]: passed 227 byte device to netlink monitor 0x565114712ae0
Apr 14 10:10:06 ICTM1612S02H1 systemd-udevd[3135]: seq 4877 running
Apr 14 10:10:06 ICTM1612S02H1 systemd-udevd[3074]: passed device to netlink monitor 0x565114714100
Apr 14 10:10:06 ICTM1612S02H1 systemd-udevd[3130]: No module matches 'scsi:t-0x00'
Apr 14 10:10:06 ICTM1612S02H1 systemd-udevd[3112]: created db file '/run/udev/data/b8:48' for '/devices/platform/host16/session1/target16:0:0/16:0:0:1/block/sdd'
Apr 14 10:10:06 ICTM1612S02H1 systemd[1]: sys-devices-platform-host19-session4-target19:0:0-19:0:0:0-block-sde.device: Changed dead -> plugged
Apr 14 10:10:06 ICTM1612S02H1 systemd-udevd[3090]: created db file '/run/udev/data/b8:96' for '/devices/platform/host17/session2/target17:0:0/17:0:0:1/block/sdg'
Apr 14 10:10:06 ICTM1612S02H1 systemd-udevd[3068]: creating symlink '/dev/disk/by-path/ip-fe80:0000:0000:0000:0192:0012:0022:0112:3260-iscsi-iqn.1992-08.com.netapp:5504.60080e5000290924000000005525f5de-lun-0' to '../../sdc'
Apr 14 10:10:06 ICTM1612S02H1 systemd-udevd[3113]: seq 4870 processed
Apr 14 10:10:06 ICTM1612S02H1 systemd-udevd[3127]: Process '/usr/bin/sg_inq --export /dev/sdi' succeeded.
Apr 14 10:10:06 ICTM1612S02H1 systemd-udevd[3074]: seq 4869 processed
Apr 14 10:10:06 ICTM1612S02H1 systemd-udevd[1486]: seq 4878 queued, 'add' 'bsg'
Apr 14 10:10:06 ICTM1612S02H1 systemd-udevd[3130]: passed device to netlink monitor 0x565114760a80
Apr 14 10:10:06 ICTM1612S02H1 systemd-udevd[1486]: seq 4879 queued, 'add' 'scsi'
Apr 14 10:10:06 ICTM1612S02H1 systemd-udevd[3135]: value '[dmi/id]sys_vendor' is 'Dell Inc.'
Apr 14 10:10:06 ICTM1612S02H1 systemd-udevd[3068]: created db file '/run/udev/data/b8:32' for '/devices/platform/host17/session2/target17:0:0/17:0:0:0/block/sdc'
Apr 14 10:10:06 ICTM1612S02H1 systemd-udevd[3112]: passed device to netlink monitor 0x565114760ca0
Apr 14 10:10:06 ICTM1612S02H1 systemd-udevd[3127]: IMPORT '/usr/bin/sg_inq --export --page=sn /dev/sdi' /lib/udev/rules.d/55-scsi-sg3_id.rules:19
Apr 14 10:10:06 ICTM1612S02H1 systemd-udevd[3130]: seq 4873 processed
Apr 14 10:10:06 ICTM1612S02H1 systemd-udevd[3443]: starting '/lib/udev/hdparm'
Apr 14 10:10:06 ICTM1612S02H1 systemd[1]: Sent message type=signal sender=n/a destination=n/a object=/org/freedesktop/systemd1 interface=org.freedesktop.systemd1.Manager member=UnitNew cookie=91 reply_cookie=0 error=n/a
Apr 14 10:10:06 ICTM1612S02H1 systemd[1]: Sent message type=signal sender=n/a destination=n/a object=/org/freedesktop/systemd1 interface=org.freedesktop.systemd1.Manager member=UnitNew cookie=92 reply_cookie=0 error=n/a
Apr 14 10:10:06 ICTM1612S02H1 systemd-udevd[3073]: seq 4879 running
Apr 14 10:10:06 ICTM1612S02H1 systemd-udevd[3135]: value '[dmi/id]sys_vendor' is 'Dell Inc.'
Apr 14 10:10:06 ICTM1612S02H1 systemd-udevd[3112]: seq 4762 processed
Apr 14 10:10:06 ICTM1612S02H1 systemd-udevd[1486]: passed 211 byte device to netlink monitor 0x565114712ae0
Apr 14 10:10:06 ICTM1612S02H1 systemd[1]: Sent message type=signal sender=n/a destination=n/a object=/org/freedesktop/systemd1 interface=org.freedesktop.systemd1.Manager member=UnitNew cookie=93 reply_cookie=0 error=n/a
Apr 14 10:10:06 ICTM1612S02H1 systemd-udevd[3445]: starting '/lib/udev/hdparm'
Apr 14 10:10:06 ICTM1612S02H1 systemd-udevd[3135]: GROUP 6 /lib/udev/rules.d/50-udev-default.rules:55
Apr 14 10:10:06 ICTM1612S02H1 systemd-udevd[3446]: starting '/usr/bin/sg_inq --export --page=sn /dev/sdi'
Apr 14 10:10:06 ICTM1612S02H1 systemd-udevd[1486]: passed 196 byte device to netlink monitor 0x565114712ae0
Apr 14 10:10:06 ICTM1612S02H1 systemd-udevd[3236]: seq 4874 running
Apr 14 10:10:06 ICTM1612S02H1 systemd-udevd[3135]: IMPORT '/usr/bin/sg_inq --export /dev/sdo' /lib/udev/rules.d/55-scsi-sg3_id.rules:10
Apr 14 10:10:06 ICTM1612S02H1 systemd-udevd[3073]: value '[dmi/id]sys_vendor' is 'Dell Inc.'
Apr 14 10:10:06 ICTM1612S02H1 systemd-udevd[1486]: passed 200 byte device to netlink monitor 0x565114712ae0
Apr 14 10:10:06 ICTM1612S02H1 systemd-udevd[3130]: seq 4875 running
Apr 14 10:10:06 ICTM1612S02H1 systemd-udevd[3236]: value '[dmi/id]sys_vendor' is 'Dell Inc.'
Apr 14 10:10:06 ICTM1612S02H1 systemd[1]: dev-disk-by\x2dpath-ip\x2dfe80:0000:0000:0000:0192:0012:0021:0111:3260\x2discsi\x2diqn.1992\x2d08.com.netapp:5504.60080e5000290924000000005525f5de\x2dlun\x2d1.device: Changed dead -> plugged
Apr 14 10:10:06 ICTM1612S02H1 systemd-udevd[3073]: value '[dmi/id]sys_vendor' is 'Dell Inc.'
Apr 14 10:10:06 ICTM1612S02H1 systemd-udevd[1486]: passed 232 byte device to netlink monitor 0x565114712ae0
Apr 14 10:10:06 ICTM1612S02H1 systemd-udevd[3118]: seq 4878 running
Apr 14 10:10:06 ICTM1612S02H1 systemd-udevd[3119]: '/lib/udev/hdparm'(out) ''
Apr 14 10:10:06 ICTM1612S02H1 systemd[1]: dev-sdd.device: Changed dead -> plugged
Apr 14 10:10:06 ICTM1612S02H1 systemd-udevd[3236]: value '[dmi/id]sys_vendor' is 'Dell Inc.'
Apr 14 10:10:06 ICTM1612S02H1 kernel: [ 56.439407] scsi 23:0:0:157: Direct-Access NETAPP INF-01-00 9825 PQ: 0 ANSI: 5
Apr 14 10:10:06 ICTM1612S02H1 kernel: [ 56.439420] scsi 21:0:0:156: Direct-Access NETAPP INF-01-00 9825 PQ: 0 ANSI: 5
Apr 14 10:10:06 ICTM1612S02H1 kernel: [ 56.439440] sd 21:0:0:155: [sdfr] 37748736 512-byte logical blocks: (19.3 GB/18.0 GiB)
Apr 14 10:10:06 ICTM1612S02H1 kernel: [ 56.439943] sd 23:0:0:156: [sdft] 37748736 512-byte logical blocks: (19.3 GB/18.0 GiB)
Apr 14 10:10:06 ICTM1612S02H1 kernel: [ 56.440284] sd 18:0:0:13: [sdfh] Write cache: enabled, read cache: enabled, supports DPO and FUA
Apr 14 10:10:06 ICTM1612S02H1 kernel: [ 56.440303] sd 22:0:0:131: [sdr] Attached SCSI disk
Apr 14 10:10:06 ICTM1612S02H1 kernel: [ 56.440306] sd 17:0:0:15: [sdfj] Write Protect is off
Apr 14 10:10:06 ICTM1612S02H1 kernel: [ 56.440309] sd 17:0:0:15: [sdfj] Mode Sense: 83 00 10 08
Apr 14 10:10:06 ICTM1612S02H1 kernel: [ 56.440525] sd 17:0:0:16: [sdfs] 4194304 512-byte logical blocks: (2.15 GB/2.00 GiB)
Apr 14 10:10:06 ICTM1612S02H1 kernel: [ 56.440602] scsi 17:0:0:17: Direct-Access NETAPP INF-01-00 9820 PQ: 0 ANSI: 5
Apr 14 10:10:06 ICTM1612S02H1 kernel: [ 56.441410] sd 20:0:0:157: [sdfm] Write Protect is off
Apr 14 10:10:06 ICTM1612S02H1 kernel: [ 56.441412] sd 20:0:0:157: [sdfm] Mode Sense: 83 00 10 08
Apr 14 10:10:06 ICTM1612S02H1 kernel: [ 56.441435] sd 23:0:0:155: [sdfo] Write Protect is off
Apr 14 10:10:06 ICTM1612S02H1 kernel: [ 56.441438] sd 23:0:0:155: [sdfo] Mode Sense: 83 00 10 08
Apr 14 10:10:06 ICTM1612S02H1 kernel: [ 56.441534] scsi 19:0:0:17: Direct-Access NETAPP INF-01-00 9820 PQ: 0 ANSI: 5
Apr 14 10:10:06 ICTM1612S02H1 kernel: [ 56.441783] sd 23:0:0:131: [sdu] Attached SCSI disk
Apr 14 10:10:06 ICTM1612S02H1 kernel: [ 56.441792] sd 21:0:0:154: [sdfn] Write Protect is off
Apr 14 10:10:06 ICTM1612S02H1 kernel: [ 56.441795] sd 21:0:0:154: [sdfn] Mode Sense: 83 00 10 08
Apr 14 10:10:06 ICTM1612S02H1 kernel: [ 56.441917] sd 16:0:0:16: [sdfi] Write cache: enabled, read cache: enabled, supports DPO and FUA
Apr 14 10:10:06 ICTM1612S02H1 kernel: [ 56.442042] sd 19:0:0:16: [sdfu] 4194304 512-byte logical blocks: (2.15 GB/2.00 GiB)
Apr 14 10:10:06 ICTM1612S02H1 systemd-udevd[3073]: IMPORT builtin 'hwdb' /lib/udev/rules.d/50-udev-default.rules:15
Apr 14 10:10:06 ICTM1612S02H1 systemd-udevd[1486]: passed 231 byte device to netlink monitor 0x565114712ae0
Apr 14 10:10:06 ICTM1612S02H1 systemd-udevd[3074]: seq 4876 running
Apr 14 10:10:06 ICTM1612S02H1 systemd-udevd[3455]: starting '/usr/bin/sg_inq --export /dev/sdo'
Apr 14 10:10:06 ICTM1612S02H1 systemd-udevd[3130]: value '[dmi/id]sys_vendor' is 'Dell Inc.'
Apr 14 10:10:06 ICTM1612S02H1 systemd-udevd[3119]: '/lib/udev/hdparm'(out) '/dev/sdf:'
Apr 14 10:10:06 ICTM1612S02H1 systemd[1]: sys-devices-platform-host16-session1-target16:0:0-16:0:0:1-block-sdd.device: Changed dead -> plugged
Apr 14 10:10:06 ICTM1612S02H1 systemd-udevd[3118]: value '[dmi/id]sys_vendor' is 'Dell Inc.'
Apr 14 10:10:06 ICTM1612S02H1 systemd-udevd[3130]: value '[dmi/id]sys_vendor' is 'Dell Inc.'
Apr 14 10:10:06 ICTM1612S02H1 systemd-udevd[3236]: passed device to netlink monitor 0x5651147839c0
Apr 14 10:10:06 ICTM1612S02H1 systemd-udevd[1486]: seq 4880 queued, 'add' 'scsi_disk'
Apr 14 10:10:06 ICTM1612S02H1 systemd-udevd[3119]: '/lib/udev/hdparm'(out) ' setting Advanced Power Management level to 0xfe (254)'
Apr 14 10:10:06 ICTM1612S02H1 systemd[1]: Sent message type=signal sender=n/a destination=n/a object=/org/freedesktop/systemd1 interface=org.freedesktop.systemd1.Manager member=UnitNew cookie=94 reply_cookie=0 error=n/a
Apr 14 10:10:06 ICTM1612S02H1 systemd-udevd[3073]: IMPORT builtin 'hwdb' returned non-zero
Apr 14 10:10:06 ICTM1612S02H1 systemd-udevd[3074]: value '[dmi/id]sys_vendor' is 'Dell Inc.'
Apr 14 10:10:06 ICTM1612S02H1 systemd-udevd[3118]: value '[dmi/id]sys_vendor' is 'Dell Inc.'
Apr 14 10:10:06 ICTM1612S02H1 systemd-udevd[3074]: value '[dmi/id]sys_vendor' is 'Dell Inc.'
Apr 14 10:10:06 ICTM1612S02H1 systemd-udevd[3236]: seq 4874 processed
Apr 14 10:10:06 ICTM1612S02H1 systemd-udevd[3119]: '/lib/udev/hdparm'(out) ' APM_level#011= not supported'
Apr 14 10:10:06 ICTM1612S02H1 systemd-udevd[1486]: seq 4881 queued, 'add' 'scsi_device'
Apr 14 10:10:06 ICTM1612S02H1 systemd[1]: Sent message type=signal sender=n/a destination=n/a object=/org/freedesktop/systemd1 interface=org.freedesktop.systemd1.Manager member=UnitNew cookie=95 reply_cookie=0 error=n/a
Apr 14 10:10:06 ICTM1612S02H1 systemd-udevd[3073]: path '[module/sg](null)' is '/sys/module/sg'
Apr 14 10:10:06 ICTM1612S02H1 systemd-udevd[3130]: passed device to netlink monitor 0x565114760a80
Apr 14 10:10:06 ICTM1612S02H1 systemd-udevd[3074]: GROUP 6 /lib/udev/rules.d/50-udev-default.rules:63
Apr 14 10:10:06 ICTM1612S02H1 systemd-udevd[3118]: handling device node '/dev/bsg/23:0:0:134', devnum=c249:46, mode=0600, uid=0, gid=0
Apr 14 10:10:06 ICTM1612S02H1 systemd-udevd[3119]: Process '/lib/udev/hdparm' succeeded.
Apr 14 10:10:06 ICTM1612S02H1 systemd[1]: Sent message type=signal sender=n/a destination=n/a object=/org/freedesktop/systemd1 interface=org.freedesktop.systemd1.Manager member=UnitNew cookie=96 reply_cookie=0 error=n/a
Apr 14 10:10:06 ICTM1612S02H1 kernel: [ 56.442164] sd 19:0:0:15: [sdfl] Write Protect is off
Apr 14 10:10:06 ICTM1612S02H1 kernel: [ 56.442166] sd 19:0:0:15: [sdfl] Mode Sense: 83 00 10 08
Apr 14 10:10:06 ICTM1612S02H1 systemd-udevd[1486]: seq 4882 queued, 'add' 'scsi_generic'
Apr 14 10:10:06 ICTM1612S02H1 kernel: [ 56.442354] sd 18:0:0:9: [sddq] Attached SCSI disk
Apr 14 10:10:06 ICTM1612S02H1 kernel: [ 56.442500] sd 22:0:0:132: [sdw] Attached SCSI disk
Apr 14 10:10:06 ICTM1612S02H1 kernel: [ 56.442671] sd 23:0:0:132: [sdy] Attached SCSI disk
Apr 14 10:10:06 ICTM1612S02H1 kernel: [ 56.443211] sd 20:0:0:131: [sdq] Attached SCSI disk
Apr 14 10:10:06 ICTM1612S02H1 kernel: [ 56.443550] sd 23:0:0:157: Attached scsi generic sg183 type 0
Apr 14 10:10:06 ICTM1612S02H1 kernel: [ 56.443974] sd 22:0:0:153: [sdef] Attached SCSI disk
Apr 14 10:10:06 ICTM1612S02H1 kernel: [ 56.443996] sd 21:0:0:131: [sdt] Attached SCSI disk
Apr 14 10:10:06 ICTM1612S02H1 kernel: [ 56.444319] sd 16:0:0:12: [sddo] Attached SCSI disk
Apr 14 10:10:06 ICTM1612S02H1 kernel: [ 56.444433] sd 18:0:0:15: Attached scsi generic sg184 type 0
Apr 14 10:10:06 ICTM1612S02H1 kernel: [ 56.444435] sd 20:0:0:157: [sdfm] Write cache: enabled, read cache: enabled, supports DPO and FUA
Apr 14 10:10:06 ICTM1612S02H1 kernel: [ 56.444467] sd 23:0:0:155: [sdfo] Write cache: enabled, read cache: enabled, supports DPO and FUA
Apr 14 10:10:06 ICTM1612S02H1 kernel: [ 56.444990] sd 16:0:0:18: Attached scsi generic sg185 type 0
Apr 14 10:10:06 ICTM1612S02H1 kernel: [ 56.445073] sd 21:0:0:156: Attached scsi generic sg186 type 0
Apr 14 10:10:06 ICTM1612S02H1 kernel: [ 56.445120] sd 17:0:0:15: [sdfj] Write cache: enabled, read cache: enabled, supports DPO and FUA
Apr 14 10:10:06 ICTM1612S02H1 kernel: [ 56.445147] sd 22:0:0:133: [sdaa] Attached SCSI disk
Apr 14 10:10:06 ICTM1612S02H1 systemd-udevd[3073]: RUN 'kmod load $env{MODALIAS}' /lib/udev/rules.d/80-drivers.rules:5
Apr 14 10:10:06 ICTM1612S02H1 systemd-udevd[3130]: seq 4875 processed
Apr 14 10:10:06 ICTM1612S02H1 systemd-udevd[3127]: '/usr/bin/sg_inq --export --page=sn /dev/sdi'(out) 'SCSI_IDENT_SERIAL=SR21500247'
Apr 14 10:10:06 ICTM1612S02H1 systemd-udevd[3119]: adding watch on '/dev/sdf'
Apr 14 10:10:06 ICTM1612S02H1 systemd-udevd[3074]: handling device node '/dev/sg42', devnum=c21:42, mode=0660, uid=0, gid=6
Apr 14 10:10:06 ICTM1612S02H1 systemd-udevd[1486]: seq 4883 queued, 'add' 'bsg'
Apr 14 10:10:06 ICTM1612S02H1 systemd-udevd[3073]: Execute 'load' 'scsi:t-0x00'
Apr 14 10:10:06 ICTM1612S02H1 systemd-udevd[3118]: preserve permissions /dev/bsg/23:0:0:134, 020600, uid=0, gid=0
Apr 14 10:10:06 ICTM1612S02H1 systemd-udevd[3127]: Process '/usr/bin/sg_inq --export --page=sn /dev/sdi' succeeded.
Apr 14 10:10:06 ICTM1612S02H1 systemd-udevd[3074]: set permissions /dev/sg42, 020660, uid=0, gid=6
Apr 14 10:10:06 ICTM1612S02H1 systemd-udevd[3119]: created db file '/run/udev/data/b8:80' for '/devices/platform/host18/session3/target18:0:0/18:0:0:0/block/sdf'
Apr 14 10:10:06 ICTM1612S02H1 systemd-udevd[3073]: No module matches 'scsi:t-0x00'
Apr 14 10:10:06 ICTM1612S02H1 systemd-udevd[1486]: seq 4884 queued, 'add' 'scsi'
Apr 14 10:10:06 ICTM1612S02H1 systemd-udevd[3118]: creating symlink '/dev/char/249:46' to '../bsg/23:0:0:134'
Apr 14 10:10:06 ICTM1612S02H1 systemd-udevd[3127]: IMPORT '/usr/bin/sg_inq --export --page=di /dev/sdi' /lib/udev/rules.d/55-scsi-sg3_id.rules:21
Apr 14 10:10:06 ICTM1612S02H1 systemd-udevd[3074]: creating symlink '/dev/char/21:42' to '../sg42'
Apr 14 10:10:06 ICTM1612S02H1 systemd-udevd[3073]: passed device to netlink monitor 0x565114710f20
Apr 14 10:10:06 ICTM1612S02H1 systemd-udevd[3119]: passed device to netlink monitor 0x565114761270
Apr 14 10:10:06 ICTM1612S02H1 systemd-udevd[1486]: passed 211 byte device to netlink monitor 0x565114712ae0
Apr 14 10:10:06 ICTM1612S02H1 systemd-udevd[3236]: seq 4884 running
Apr 14 10:10:06 ICTM1612S02H1 systemd-udevd[3118]: created empty file '/run/udev/data/c249:46' for '/devices/platform/host23/session8/target23:0:0/23:0:0:134/bsg/23:0:0:134'
Apr 14 10:10:06 ICTM1612S02H1 systemd[1]: dev-disk-by\x2dpath-ip\x2dfe80:0000:0000:0000:0192:0012:0021:0112:3260\x2discsi\x2diqn.1992\x2d08.com.netapp:5504.60080e5000290924000000005525f5de\x2dlun\x2d0.device: Changed dead -> plugged
Apr 14 10:10:06 ICTM1612S02H1 kernel: [ 56.445224] sd 21:0:0:154: [sdfn] Write cache: enabled, read cache: enabled, supports DPO and FUA
Apr 14 10:10:06 ICTM1612S02H1 kernel: [ 56.446058] sd 23:0:0:133: [sdae] Attached SCSI disk
Apr 14 10:10:06 ICTM1612S02H1 systemd-udevd[3073]: seq 4879 processed
Apr 14 10:10:06 ICTM1612S02H1 systemd-udevd[3074]: created empty file '/run/udev/data/c21:42' for '/devices/platform/host23/session8/target23:0:0/23:0:0:134/scsi_generic/sg42'
Apr 14 10:10:06 ICTM1612S02H1 systemd-udevd[3119]: seq 4767 processed
Apr 14 10:10:06 ICTM1612S02H1 systemd-udevd[3476]: starting '/usr/bin/sg_inq --export --page=di /dev/sdi'
Apr 14 10:10:06 ICTM1612S02H1 systemd-udevd[1486]: seq 4885 queued, 'add' 'scsi_disk'
Apr 14 10:10:06 ICTM1612S02H1 systemd-udevd[3118]: passed device to netlink monitor 0x5651147290e0
Apr 14 10:10:06 ICTM1612S02H1 systemd[1]: dev-sdf.device: Changed dead -> plugged
Apr 14 10:10:06 ICTM1612S02H1 systemd-udevd[3074]: passed device to netlink monitor 0x565114714100
Apr 14 10:10:06 ICTM1612S02H1 systemd-udevd[3236]: value '[dmi/id]sys_vendor' is 'Dell Inc.'
Apr 14 10:10:06 ICTM1612S02H1 systemd-udevd[3118]: seq 4878 processed
Apr 14 10:10:06 ICTM1612S02H1 systemd-udevd[1486]: passed 196 byte device to netlink monitor 0x565114712ae0
Apr 14 10:10:06 ICTM1612S02H1 systemd-udevd[3073]: seq 4880 running
Apr 14 10:10:06 ICTM1612S02H1 systemd[1]: sys-devices-platform-host18-session3-target18:0:0-18:0:0:0-block-sdf.device: Changed dead -> plugged
Apr 14 10:10:06 ICTM1612S02H1 systemd-udevd[3074]: seq 4876 processed
Apr 14 10:10:06 ICTM1612S02H1 systemd-udevd[3236]: value '[dmi/id]sys_vendor' is 'Dell Inc.'
Apr 14 10:10:06 ICTM1612S02H1 systemd-udevd[1486]: passed 200 byte device to netlink monitor 0x565114712ae0
Apr 14 10:10:06 ICTM1612S02H1 systemd-udevd[3119]: seq 4881 running
Apr 14 10:10:06 ICTM1612S02H1 systemd[1]: Sent message type=signal sender=n/a destination=n/a object=/org/freedesktop/systemd1 interface=org.freedesktop.systemd1.Manager member=UnitNew cookie=97 reply_cookie=0 error=n/a
Apr 14 10:10:06 ICTM1612S02H1 systemd[1]: Sent message type=signal sender=n/a destination=n/a object=/org/freedesktop/systemd1 interface=org.freedesktop.systemd1.Manager member=UnitNew cookie=98 reply_cookie=0 error=n/a
Apr 14 10:10:06 ICTM1612S02H1 systemd-udevd[1486]: passed 232 byte device to netlink monitor 0x565114712ae0
Apr 14 10:10:06 ICTM1612S02H1 systemd-udevd[3073]: value '[dmi/id]sys_vendor' is 'Dell Inc.'
Apr 14 10:10:06 ICTM1612S02H1 systemd-udevd[3130]: seq 4882 running
Apr 14 10:10:06 ICTM1612S02H1 systemd-udevd[3236]: IMPORT builtin 'hwdb' /lib/udev/rules.d/50-udev-default.rules:15
Apr 14 10:10:06 ICTM1612S02H1 systemd[1]: Sent message type=signal sender=n/a destination=n/a object=/org/freedesktop/systemd1 interface=org.freedesktop.systemd1.Manager member=UnitNew cookie=99 reply_cookie=0 error=n/a
Apr 14 10:10:06 ICTM1612S02H1 systemd-udevd[3236]: IMPORT builtin 'hwdb' returned non-zero
Apr 14 10:10:06 ICTM1612S02H1 systemd-udevd[3236]: path '[module/sg](null)' is '/sys/module/sg'
Apr 14 10:10:06 ICTM1612S02H1 systemd-udevd[3073]: value '[dmi/id]sys_vendor' is 'Dell Inc.'
Apr 14 10:10:06 ICTM1612S02H1 systemd-udevd[3119]: value '[dmi/id]sys_vendor' is 'Dell Inc.'
Apr 14 10:10:06 ICTM1612S02H1 systemd-udevd[1486]: passed 231 byte device to netlink monitor 0x565114712ae0
Apr 14 10:10:06 ICTM1612S02H1 systemd-udevd[3126]: seq 4883 running
Apr 14 10:10:06 ICTM1612S02H1 systemd-udevd[3236]: RUN 'kmod load $env{MODALIAS}' /lib/udev/rules.d/80-drivers.rules:5
Apr 14 10:10:06 ICTM1612S02H1 systemd-udevd[3236]: Execute 'load' 'scsi:t-0x00'
Apr 14 10:10:06 ICTM1612S02H1 systemd-udevd[3073]: passed device to netlink monitor 0x565114710f20
Apr 14 10:10:06 ICTM1612S02H1 systemd-udevd[3130]: value '[dmi/id]sys_vendor' is 'Dell Inc.'
Apr 14 10:10:06 ICTM1612S02H1 systemd-udevd[1486]: seq 4886 queued, 'add' 'scsi_device'
Apr 14 10:10:06 ICTM1612S02H1 systemd-udevd[3119]: value '[dmi/id]sys_vendor' is 'Dell Inc.'
Apr 14 10:10:06 ICTM1612S02H1 systemd-udevd[3236]: No module matches 'scsi:t-0x00'
Apr 14 10:10:06 ICTM1612S02H1 systemd-udevd[3126]: value '[dmi/id]sys_vendor' is 'Dell Inc.'
Apr 14 10:10:06 ICTM1612S02H1 systemd-udevd[3130]: value '[dmi/id]sys_vendor' is 'Dell Inc.'
Apr 14 10:10:06 ICTM1612S02H1 systemd-udevd[1486]: seq 4887 queued, 'add' 'scsi_generic'
Apr 14 10:10:06 ICTM1612S02H1 systemd-udevd[3236]: passed device to netlink monitor 0x5651147839c0
Apr 14 10:10:06 ICTM1612S02H1 systemd-udevd[3119]: passed device to netlink monitor 0x565114761270
Apr 14 10:10:06 ICTM1612S02H1 systemd-udevd[3073]: seq 4880 processed
Apr 14 10:10:06 ICTM1612S02H1 systemd-udevd[3126]: value '[dmi/id]sys_vendor' is 'Dell Inc.'
Apr 14 10:10:06 ICTM1612S02H1 systemd-udevd[3130]: GROUP 6 /lib/udev/rules.d/50-udev-default.rules:63
Apr 14 10:10:06 ICTM1612S02H1 systemd-udevd[3236]: seq 4884 processed
Apr 14 10:10:06 ICTM1612S02H1 systemd-udevd[1486]: seq 4888 queued, 'add' 'bdi'
Apr 14 10:10:06 ICTM1612S02H1 systemd-udevd[3119]: seq 4881 processed
Apr 14 10:10:06 ICTM1612S02H1 systemd-udevd[3126]: handling device node '/dev/bsg/22:0:0:135', devnum=c249:47, mode=0600, uid=0, gid=0
Apr 14 10:10:06 ICTM1612S02H1 systemd-udevd[3130]: handling device node '/dev/sg43', devnum=c21:43, mode=0660, uid=0, gid=6
Apr 14 10:10:06 ICTM1612S02H1 systemd-udevd[3135]: '/usr/bin/sg_inq --export /dev/sdo'(out) 'SCSI_TPGS=0'
Apr 14 10:10:06 ICTM1612S02H1 systemd-udevd[1486]: passed 139 byte device to netlink monitor 0x565114712ae0
Apr 14 10:10:06 ICTM1612S02H1 systemd-udevd[3074]: seq 4888 running
Apr 14 10:10:06 ICTM1612S02H1 systemd-udevd[3126]: preserve permissions /dev/bsg/22:0:0:135, 020600, uid=0, gid=0
Apr 14 10:10:06 ICTM1612S02H1 systemd-udevd[3130]: set permissions /dev/sg43, 020660, uid=0, gid=6
Apr 14 10:10:06 ICTM1612S02H1 systemd-udevd[3135]: '/usr/bin/sg_inq --export /dev/sdo'(out) 'SCSI_TYPE=disk'
Apr 14 10:10:06 ICTM1612S02H1 systemd-udevd[1486]: passed 196 byte device to netlink monitor 0x565114712ae0
Apr 14 10:10:06 ICTM1612S02H1 kernel: [ 56.446250] sd 23:0:0:157: [sdfv] 37748736 512-byte logical blocks: (19.3 GB/18.0 GiB)
Apr 14 10:10:06 ICTM1612S02H1 kernel: [ 56.446250] sd 19:0:0:15: [sdfl] Write cache: enabled, read cache: enabled, supports DPO and FUA
Apr 14 10:10:06 ICTM1612S02H1 kernel: [ 56.446561] sd 20:0:0:132: [sdx] Attached SCSI disk
Apr 14 10:10:06 ICTM1612S02H1 kernel: [ 56.447563] sd 17:0:0:11: [sddt] Attached SCSI disk
Apr 14 10:10:06 ICTM1612S02H1 kernel: [ 56.447689] sd 19:0:0:17: Attached scsi generic sg187 type 0
Apr 14 10:10:06 ICTM1612S02H1 kernel: [ 56.447701] sd 20:0:0:133: [sdac] Attached SCSI disk
Apr 14 10:10:06 ICTM1612S02H1 kernel: [ 56.447712] sd 23:0:0:156: [sdft] Write Protect is off
Apr 14 10:10:06 ICTM1612S02H1 kernel: [ 56.447715] sd 23:0:0:156: [sdft] Mode Sense: 83 00 10 08
Apr 14 10:10:06 ICTM1612S02H1 kernel: [ 56.447734] sd 18:0:0:14: [sdfp] Write Protect is off
Apr 14 10:10:06 ICTM1612S02H1 kernel: [ 56.447737] sd 18:0:0:14: [sdfp] Mode Sense: 83 00 10 08
Apr 14 10:10:06 ICTM1612S02H1 kernel: [ 56.447770] sd 17:0:0:17: Attached scsi generic sg188 type 0
Apr 14 10:10:06 ICTM1612S02H1 kernel: [ 56.448207] sd 21:0:0:132: [sdz] Attached SCSI disk
Apr 14 10:10:06 ICTM1612S02H1 kernel: [ 56.448487] sd 22:0:0:134: [sdag] Attached SCSI disk
Apr 14 10:10:06 ICTM1612S02H1 kernel: [ 56.448542] sd 16:0:0:17: [sdfq] Write Protect is off
Apr 14 10:10:06 ICTM1612S02H1 kernel: [ 56.448545] sd 16:0:0:17: [sdfq] Mode Sense: 83 00 10 08
Apr 14 10:10:06 ICTM1612S02H1 kernel: [ 56.448616] sd 18:0:0:15: [sdfw] 4194304 512-byte logical blocks: (2.15 GB/2.00 GiB)
Apr 14 10:10:06 ICTM1612S02H1 systemd-udevd[3073]: seq 4885 running
Apr 14 10:10:06 ICTM1612S02H1 systemd-udevd[3126]: creating symlink '/dev/char/249:47' to '../bsg/22:0:0:135'
Apr 14 10:10:06 ICTM1612S02H1 systemd-udevd[3130]: creating symlink '/dev/char/21:43' to '../sg43'
Apr 14 10:10:06 ICTM1612S02H1 systemd-udevd[3135]: '/usr/bin/sg_inq --export /dev/sdo'(out) 'SCSI_VENDOR=NETAPP'
Apr 14 10:10:06 ICTM1612S02H1 systemd-udevd[1486]: passed 200 byte device to netlink monitor 0x565114712ae0
Apr 14 10:10:06 ICTM1612S02H1 systemd-udevd[3074]: value '[dmi/id]sys_vendor' is 'Dell Inc.'
Apr 14 10:10:06 ICTM1612S02H1 systemd-udevd[3119]: seq 4886 running
Apr 14 10:10:06 ICTM1612S02H1 systemd-udevd[3126]: created empty file '/run/udev/data/c249:47' for '/devices/platform/host22/session7/target22:0:0/22:0:0:135/bsg/22:0:0:135'
Apr 14 10:10:06 ICTM1612S02H1 kernel: [ 56.448770] scsi 21:0:0:157: Direct-Access NETAPP INF-01-00 9825 PQ: 0 ANSI: 5
Apr 14 10:10:06 ICTM1612S02H1 kernel: [ 56.448774] sd 16:0:0:18: [sdfx] 4194304 512-byte logical blocks: (2.15 GB/2.00 GiB)
Apr 14 10:10:06 ICTM1612S02H1 kernel: [ 56.448797] sd 21:0:0:156: [sdfy] 37748736 512-byte logical blocks: (19.3 GB/18.0 GiB)
Apr 14 10:10:06 ICTM1612S02H1 kernel: [ 56.448836] scsi 18:0:0:16: Direct-Access NETAPP INF-01-00 9820 PQ: 0 ANSI: 5
Apr 14 10:10:06 ICTM1612S02H1 kernel: [ 56.448897] sd 21:0:0:133: [sdaf] Attached SCSI disk
Apr 14 10:10:06 ICTM1612S02H1 kernel: [ 56.449119] sd 23:0:0:151: [sdeq] Attached SCSI disk
Apr 14 10:10:06 ICTM1612S02H1 kernel: [ 56.449148] sd 19:0:0:11: [sdds] Attached SCSI disk
Apr 14 10:10:06 ICTM1612S02H1 kernel: [ 56.449150] sd 23:0:0:134: [sdak] Attached SCSI disk
Apr 14 10:10:06 ICTM1612S02H1 kernel: [ 56.449187] sd 23:0:0:156: [sdft] Write cache: enabled, read cache: enabled, supports DPO and FUA
Apr 14 10:10:06 ICTM1612S02H1 kernel: [ 56.449287] scsi 16:0:0:19: Direct-Access NETAPP INF-01-00 9820 PQ: 0 ANSI: 5
Apr 14 10:10:06 ICTM1612S02H1 systemd-udevd[3130]: created empty file '/run/udev/data/c21:43' for '/devices/platform/host22/session7/target22:0:0/22:0:0:135/scsi_generic/sg43'
Apr 14 10:10:06 ICTM1612S02H1 systemd-udevd[3135]: '/usr/bin/sg_inq --export /dev/sdo'(out) 'SCSI_VENDOR_ENC=NETAPP\x20\x20'
Apr 14 10:10:06 ICTM1612S02H1 systemd-udevd[1486]: passed 232 byte device to netlink monitor 0x565114712ae0
Apr 14 10:10:06 ICTM1612S02H1 systemd-udevd[3236]: seq 4887 running
Apr 14 10:10:06 ICTM1612S02H1 systemd-udevd[3073]: value '[dmi/id]sys_vendor' is 'Dell Inc.'
Apr 14 10:10:06 ICTM1612S02H1 systemd-udevd[3074]: value '[dmi/id]sys_vendor' is 'Dell Inc.'
Apr 14 10:10:06 ICTM1612S02H1 systemd-udevd[3126]: passed device to netlink monitor 0x565114746ba0
Apr 14 10:10:06 ICTM1612S02H1 systemd-udevd[3073]: value '[dmi/id]sys_vendor' is 'Dell Inc.'
Apr 14 10:10:06 ICTM1612S02H1 systemd-udevd[3135]: '/usr/bin/sg_inq --export /dev/sdo'(out) 'SCSI_MODEL=INF-01-00'
Apr 14 10:10:06 ICTM1612S02H1 systemd-udevd[1486]: seq 4889 queued, 'add' 'bsg'
Apr 14 10:10:06 ICTM1612S02H1 systemd-udevd[3119]: value '[dmi/id]sys_vendor' is 'Dell Inc.'
Apr 14 10:10:06 ICTM1612S02H1 systemd-udevd[3236]: value '[dmi/id]sys_vendor' is 'Dell Inc.'
Apr 14 10:10:06 ICTM1612S02H1 systemd-udevd[3074]: passed device to netlink monitor 0x565114714100
Apr 14 10:10:06 ICTM1612S02H1 systemd-udevd[3130]: passed device to netlink monitor 0x565114760a80
Apr 14 10:10:06 ICTM1612S02H1 systemd-udevd[3135]: '/usr/bin/sg_inq --export /dev/sdo'(out) 'SCSI_MODEL_ENC=INF-01-00\x20\x20\x20\x20\x20\x20\x20'
Apr 14 10:10:06 ICTM1612S02H1 systemd-udevd[3073]: passed device to netlink monitor 0x565114710f20
Apr 14 10:10:06 ICTM1612S02H1 systemd-udevd[1486]: passed 231 byte device to netlink monitor 0x565114712ae0
Apr 14 10:10:06 ICTM1612S02H1 systemd-udevd[3118]: seq 4889 running
Apr 14 10:10:06 ICTM1612S02H1 systemd-udevd[3126]: seq 4883 processed
Apr 14 10:10:06 ICTM1612S02H1 systemd-udevd[3127]: '/usr/bin/sg_inq --export --page=di /dev/sdi'(out) 'SCSI_IDENT_LUN_NAA=60080e500029092400008d505605f98b'
Apr 14 10:10:06 ICTM1612S02H1 systemd-udevd[3074]: seq 4888 processed
Apr 14 10:10:06 ICTM1612S02H1 systemd-udevd[3119]: value '[dmi/id]sys_vendor' is 'Dell Inc.'
Apr 14 10:10:06 ICTM1612S02H1 systemd-udevd[3118]: value '[dmi/id]sys_vendor' is 'Dell Inc.'
Apr 14 10:10:06 ICTM1612S02H1 systemd-udevd[3130]: seq 4882 processed
Apr 14 10:10:06 ICTM1612S02H1 systemd-udevd[3135]: '/usr/bin/sg_inq --export /dev/sdo'(out) 'SCSI_REVISION=9820'
Apr 14 10:10:06 ICTM1612S02H1 systemd-udevd[3073]: seq 4885 processed
Apr 14 10:10:06 ICTM1612S02H1 systemd-udevd[1486]: seq 4890 queued, 'add' 'bdi'
Apr 14 10:10:06 ICTM1612S02H1 systemd-udevd[3127]: '/usr/bin/sg_inq --export --page=di /dev/sdi'(out) 'SCSI_IDENT_PORT_RELATIVE=2'
Apr 14 10:10:06 ICTM1612S02H1 systemd-udevd[3127]: Process '/usr/bin/sg_inq --export --page=di /dev/sdi' succeeded.
Apr 14 10:10:06 ICTM1612S02H1 systemd-udevd[3118]: value '[dmi/id]sys_vendor' is 'Dell Inc.'
Apr 14 10:10:06 ICTM1612S02H1 systemd-udevd[3119]: passed device to netlink monitor 0x565114761270
Apr 14 10:10:06 ICTM1612S02H1 systemd-udevd[3135]: Process '/usr/bin/sg_inq --export /dev/sdo' succeeded.
Apr 14 10:10:06 ICTM1612S02H1 systemd-udevd[1486]: passed 139 byte device to netlink monitor 0x565114712ae0
Apr 14 10:10:06 ICTM1612S02H1 systemd-udevd[3102]: seq 4890 running
Apr 14 10:10:06 ICTM1612S02H1 systemd-udevd[3236]: value '[dmi/id]sys_vendor' is 'Dell Inc.'
Apr 14 10:10:06 ICTM1612S02H1 systemd-udevd[3127]: PROGRAM '/sbin/multipath -c /dev/sdi' /lib/udev/rules.d/56-dm-mpath-lvm.rules:21
Apr 14 10:10:06 ICTM1612S02H1 systemd-udevd[3090]: '/lib/udev/hdparm'(out) ''
Apr 14 10:10:06 ICTM1612S02H1 systemd-udevd[3145]: '/lib/udev/hdparm'(out) ''
Apr 14 10:10:06 ICTM1612S02H1 systemd-udevd[3119]: seq 4886 processed
Apr 14 10:10:06 ICTM1612S02H1 systemd-udevd[3118]: handling device node '/dev/bsg/21:0:0:134', devnum=c249:48, mode=0600, uid=0, gid=0
Apr 14 10:10:06 ICTM1612S02H1 systemd-udevd[3135]: IMPORT '/usr/bin/sg_inq --export --page=sn /dev/sdo' /lib/udev/rules.d/55-scsi-sg3_id.rules:19
Apr 14 10:10:06 ICTM1612S02H1 systemd-udevd[1486]: seq 4891 queued, 'add' 'scsi'
Apr 14 10:10:06 ICTM1612S02H1 systemd-udevd[3236]: GROUP 6 /lib/udev/rules.d/50-udev-default.rules:63
Apr 14 10:10:06 ICTM1612S02H1 systemd-udevd[3102]: value '[dmi/id]sys_vendor' is 'Dell Inc.'
Apr 14 10:10:06 ICTM1612S02H1 systemd-udevd[3090]: '/lib/udev/hdparm'(out) '/dev/sdg:'
Apr 14 10:10:06 ICTM1612S02H1 systemd-udevd[3068]: '/lib/udev/hdparm'(out) ''
Apr 14 10:10:06 ICTM1612S02H1 systemd-udevd[3145]: '/lib/udev/hdparm'(out) '/dev/sdh:'
Apr 14 10:10:06 ICTM1612S02H1 systemd-udevd[3118]: preserve permissions /dev/bsg/21:0:0:134, 020600, uid=0, gid=0
Apr 14 10:10:06 ICTM1612S02H1 systemd-udevd[1486]: passed 211 byte device to netlink monitor 0x565114712ae0
Apr 14 10:10:06 ICTM1612S02H1 systemd-udevd[3073]: seq 4891 running
Apr 14 10:10:06 ICTM1612S02H1 systemd-udevd[3480]: starting '/sbin/multipath -c /dev/sdi'
Apr 14 10:10:06 ICTM1612S02H1 systemd-udevd[3090]: '/lib/udev/hdparm'(out) ' setting Advanced Power Management level to 0xfe (254)'
Apr 14 10:10:06 ICTM1612S02H1 systemd-udevd[3236]: handling device node '/dev/sg44', devnum=c21:44, mode=0660, uid=0, gid=6
Apr 14 10:10:06 ICTM1612S02H1 systemd-udevd[3068]: '/lib/udev/hdparm'(out) '/dev/sdc:'
Apr 14 10:10:06 ICTM1612S02H1 systemd-udevd[3102]: value '[dmi/id]sys_vendor' is 'Dell Inc.'
Apr 14 10:10:06 ICTM1612S02H1 systemd-udevd[3145]: '/lib/udev/hdparm'(out) ' setting Advanced Power Management level to 0xfe (254)'
Apr 14 10:10:06 ICTM1612S02H1 systemd-udevd[3118]: creating symlink '/dev/char/249:48' to '../bsg/21:0:0:134'
Apr 14 10:10:06 ICTM1612S02H1 systemd-udevd[3481]: starting '/usr/bin/sg_inq --export --page=sn /dev/sdo'
Apr 14 10:10:06 ICTM1612S02H1 systemd-udevd[1486]: seq 4892 queued, 'add' 'scsi_disk'
Apr 14 10:10:06 ICTM1612S02H1 systemd-udevd[3090]: '/lib/udev/hdparm'(out) ' APM_level#011= not supported'
Apr 14 10:10:06 ICTM1612S02H1 systemd-udevd[3236]: set permissions /dev/sg44, 020660, uid=0, gid=6
Apr 14 10:10:06 ICTM1612S02H1 systemd-udevd[3068]: '/lib/udev/hdparm'(out) ' setting Advanced Power Management level to 0xfe (254)'
Apr 14 10:10:06 ICTM1612S02H1 systemd-udevd[3073]: value '[dmi/id]sys_vendor' is 'Dell Inc.'
Apr 14 10:10:06 ICTM1612S02H1 systemd-udevd[3145]: '/lib/udev/hdparm'(out) ' APM_level#011= not supported'
Apr 14 10:10:06 ICTM1612S02H1 systemd-udevd[3102]: passed device to netlink monitor 0x5651147277a0
Apr 14 10:10:06 ICTM1612S02H1 systemd-udevd[3118]: created empty file '/run/udev/data/c249:48' for '/devices/platform/host21/session6/target21:0:0/21:0:0:134/bsg/21:0:0:134'
Apr 14 10:10:06 ICTM1612S02H1 systemd-udevd[1486]: seq 4893 queued, 'add' 'scsi_device'
Apr 14 10:10:06 ICTM1612S02H1 systemd-udevd[3090]: Process '/lib/udev/hdparm' succeeded.
Apr 14 10:10:06 ICTM1612S02H1 systemd-udevd[3236]: creating symlink '/dev/char/21:44' to '../sg44'
Apr 14 10:10:06 ICTM1612S02H1 systemd-udevd[3068]: '/lib/udev/hdparm'(out) ' APM_level#011= not supported'
Apr 14 10:10:06 ICTM1612S02H1 systemd-udevd[3102]: seq 4890 processed
Apr 14 10:10:06 ICTM1612S02H1 systemd-udevd[3073]: value '[dmi/id]sys_vendor' is 'Dell Inc.'
Apr 14 10:10:06 ICTM1612S02H1 systemd-udevd[3145]: Process '/lib/udev/hdparm' succeeded.
Apr 14 10:10:06 ICTM1612S02H1 systemd-udevd[3145]: adding watch on '/dev/sdh'
Apr 14 10:10:06 ICTM1612S02H1 systemd-udevd[3090]: adding watch on '/dev/sdg'
Apr 14 10:10:06 ICTM1612S02H1 systemd-udevd[1486]: seq 4894 queued, 'add' 'scsi_generic'
Apr 14 10:10:06 ICTM1612S02H1 systemd-udevd[3236]: created empty file '/run/udev/data/c21:44' for '/devices/platform/host21/session6/target21:0:0/21:0:0:134/scsi_generic/sg44'
Apr 14 10:10:06 ICTM1612S02H1 systemd-udevd[3068]: Process '/lib/udev/hdparm' succeeded.
Apr 14 10:10:06 ICTM1612S02H1 systemd-udevd[3073]: IMPORT builtin 'hwdb' /lib/udev/rules.d/50-udev-default.rules:15
Apr 14 10:10:06 ICTM1612S02H1 systemd-udevd[3118]: passed device to netlink monitor 0x5651147290e0
Apr 14 10:10:06 ICTM1612S02H1 systemd-udevd[3145]: created db file '/run/udev/data/b8:112' for '/devices/platform/host16/session1/target16:0:0/16:0:0:2/block/sdh'
Apr 14 10:10:06 ICTM1612S02H1 systemd-udevd[3090]: created db file '/run/udev/data/b8:96' for '/devices/platform/host17/session2/target17:0:0/17:0:0:1/block/sdg'
Apr 14 10:10:06 ICTM1612S02H1 systemd-udevd[3236]: passed device to netlink monitor 0x5651147839c0
Apr 14 10:10:06 ICTM1612S02H1 systemd-udevd[1486]: seq 4895 queued, 'add' 'bsg'
Apr 14 10:10:06 ICTM1612S02H1 systemd-udevd[3068]: adding watch on '/dev/sdc'
Apr 14 10:10:06 ICTM1612S02H1 systemd-udevd[3090]: passed device to netlink monitor 0x565114726620
Apr 14 10:10:06 ICTM1612S02H1 systemd-udevd[3073]: IMPORT builtin 'hwdb' returned non-zero
Apr 14 10:10:06 ICTM1612S02H1 systemd-udevd[3236]: seq 4887 processed
Apr 14 10:10:06 ICTM1612S02H1 systemd-udevd[1486]: seq 4896 queued, 'add' 'bdi'
Apr 14 10:10:06 ICTM1612S02H1 systemd-udevd[3145]: passed device to netlink monitor 0x56511477ed60
Apr 14 10:10:06 ICTM1612S02H1 systemd-udevd[3118]: seq 4889 processed
Apr 14 10:10:06 ICTM1612S02H1 systemd-udevd[3090]: seq 4777 processed
Apr 14 10:10:06 ICTM1612S02H1 systemd-udevd[3068]: created db file '/run/udev/data/b8:32' for '/devices/platform/host17/session2/target17:0:0/17:0:0:0/block/sdc'
Apr 14 10:10:06 ICTM1612S02H1 systemd-udevd[3073]: path '[module/sg](null)' is '/sys/module/sg'
Apr 14 10:10:06 ICTM1612S02H1 systemd-udevd[1486]: passed 138 byte device to netlink monitor 0x565114712ae0
Apr 14 10:10:06 ICTM1612S02H1 systemd-udevd[3119]: seq 4896 running
Apr 14 10:10:06 ICTM1612S02H1 systemd[1]: dev-disk-by\x2did-scsi\x2dSNETAPP_INF\x2d01\x2d00_SR21500247.device: Dev dev-disk-by\x2did-scsi\x2dSNETAPP_INF\x2d01\x2d00_SR21500247.device appeared twice with different sysfs paths /sys/devices/platform/host16/session1/target16:0:0/16:0:0:0/block/sdb and /sys/devices/platform/host16/session1/target16:0:0/16:0:0:2/block/sdh
Apr 14 10:10:06 ICTM1612S02H1 systemd-udevd[3145]: seq 4796 processed
Apr 14 10:10:06 ICTM1612S02H1 systemd-udevd[3068]: passed device to netlink monitor 0x565114713cd0
Apr 14 10:10:06 ICTM1612S02H1 systemd-udevd[3073]: RUN 'kmod load $env{MODALIAS}' /lib/udev/rules.d/80-drivers.rules:5
Apr 14 10:10:06 ICTM1612S02H1 systemd-udevd[3073]: Execute 'load' 'scsi:t-0x00'
Apr 14 10:10:06 ICTM1612S02H1 systemd-udevd[1486]: seq 4897 queued, 'add' 'block'
Apr 14 10:10:06 ICTM1612S02H1 systemd-udevd[3119]: value '[dmi/id]sys_vendor' is 'Dell Inc.'
Apr 14 10:10:06 ICTM1612S02H1 systemd-udevd[3068]: seq 4760 processed
Apr 14 10:10:06 ICTM1612S02H1 systemd-udevd[3127]: '/sbin/multipath -c /dev/sdi'(out) '/dev/sdi is not a valid multipath device path'
Apr 14 10:10:06 ICTM1612S02H1 systemd-udevd[3073]: No module matches 'scsi:t-0x00'
Apr 14 10:10:06 ICTM1612S02H1 systemd-udevd[3135]: '/usr/bin/sg_inq --export --page=sn /dev/sdo'(out) 'SCSI_IDENT_SERIAL=SR21500107'
Apr 14 10:10:06 ICTM1612S02H1 systemd-udevd[1486]: passed 227 byte device to netlink monitor 0x565114712ae0
Apr 14 10:10:06 ICTM1612S02H1 systemd-udevd[3236]: seq 4897 running
Apr 14 10:10:06 ICTM1612S02H1 systemd-udevd[3119]: value '[dmi/id]sys_vendor' is 'Dell Inc.'
Apr 14 10:10:06 ICTM1612S02H1 systemd-udevd[3073]: passed device to netlink monitor 0x565114710f20
Apr 14 10:10:06 ICTM1612S02H1 systemd-udevd[3127]: Process '/sbin/multipath -c /dev/sdi' failed with exit code 1.
Apr 14 10:10:06 ICTM1612S02H1 systemd-udevd[3135]: Process '/usr/bin/sg_inq --export --page=sn /dev/sdo' succeeded.
Apr 14 10:10:06 ICTM1612S02H1 systemd-udevd[1486]: seq 4898 queued, 'add' 'scsi'
Apr 14 10:10:06 ICTM1612S02H1 kernel: [ 56.450299] sd 21:0:0:150: [sden] Attached SCSI disk
Apr 14 10:10:06 ICTM1612S02H1 kernel: [ 56.450716] sd 21:0:0:155: [sdfr] Write Protect is off
Apr 14 10:10:06 ICTM1612S02H1 kernel: [ 56.450719] sd 21:0:0:155: [sdfr] Mode Sense: 83 00 10 08
Apr 14 10:10:06 ICTM1612S02H1 kernel: [ 56.450722] sd 20:0:0:153: [sder] Attached SCSI disk
Apr 14 10:10:06 ICTM1612S02H1 kernel: [ 56.450859] sd 22:0:0:135: [sdal] Attached SCSI disk
Apr 14 10:10:06 ICTM1612S02H1 kernel: [ 56.451121] sd 23:0:0:157: [sdfv] Write Protect is off
Apr 14 10:10:06 ICTM1612S02H1 kernel: [ 56.451124] sd 23:0:0:157: [sdfv] Mode Sense: 83 00 10 08
Apr 14 10:10:06 ICTM1612S02H1 kernel: [ 56.451513] sd 17:0:0:16: [sdfs] Write Protect is off
Apr 14 10:10:06 ICTM1612S02H1 kernel: [ 56.451515] sd 17:0:0:16: [sdfs] Mode Sense: 83 00 10 08
Apr 14 10:10:06 ICTM1612S02H1 kernel: [ 56.451662] sd 23:0:0:135: [sdaq] Attached SCSI disk
Apr 14 10:10:06 ICTM1612S02H1 kernel: [ 56.451671] sd 18:0:0:14: [sdfp] Write cache: enabled, read cache: enabled, supports DPO and FUA
Apr 14 10:10:06 ICTM1612S02H1 kernel: [ 56.451900] sd 22:0:0:152: [sddy] Attached SCSI disk
Apr 14 10:10:06 ICTM1612S02H1 kernel: [ 56.451936] sd 19:0:0:17: [sdfz] 4194304 512-byte logical blocks: (2.15 GB/2.00 GiB)
Apr 14 10:10:06 ICTM1612S02H1 kernel: [ 56.451956] sd 21:0:0:151: [sdet] Attached SCSI disk
Apr 14 10:10:06 ICTM1612S02H1 kernel: [ 56.452063] sd 17:0:0:17: [sdga] 4194304 512-byte logical blocks: (2.15 GB/2.00 GiB)
Apr 14 10:10:06 ICTM1612S02H1 kernel: [ 56.452112] sd 23:0:0:157: [sdfv] Write cache: enabled, read cache: enabled, supports DPO and FUA
Apr 14 10:10:06 ICTM1612S02H1 kernel: [ 56.452375] scsi 17:0:0:18: Direct-Access NETAPP INF-01-00 9820 PQ: 0 ANSI: 5
Apr 14 10:10:06 ICTM1612S02H1 kernel: [ 56.452528] scsi 19:0:0:18: Direct-Access NETAPP INF-01-00 9820 PQ: 0 ANSI: 5
Apr 14 10:10:06 ICTM1612S02H1 kernel: [ 56.452723] sd 19:0:0:16: [sdfu] Write Protect is off
Apr 14 10:10:06 ICTM1612S02H1 kernel: [ 56.452726] sd 19:0:0:16: [sdfu] Mode Sense: 83 00 10 08
Apr 14 10:10:06 ICTM1612S02H1 kernel: [ 56.453198] sd 16:0:0:17: [sdfq] Write cache: enabled, read cache: enabled, supports DPO and FUA
Apr 14 10:10:06 ICTM1612S02H1 kernel: [ 56.453443] sd 21:0:0:157: Attached scsi generic sg189 type 0
Apr 14 10:10:06 ICTM1612S02H1 kernel: [ 56.453650] sd 20:0:0:134: [sdaj] Attached SCSI disk
Apr 14 10:10:06 ICTM1612S02H1 systemd-udevd[3073]: seq 4891 processed
Apr 14 10:10:06 ICTM1612S02H1 systemd-udevd[3119]: passed device to netlink monitor 0x565114761270
Apr 14 10:10:06 ICTM1612S02H1 kernel: [ 56.453936] sd 21:0:0:155: [sdfr] Write cache: enabled, read cache: enabled, supports DPO and FUA
Apr 14 10:10:06 ICTM1612S02H1 systemd-udevd[3127]: LINK 'disk/by-id/scsi-SNETAPP_INF-01-00_SR21500247' /lib/udev/rules.d/58-scsi-sg3_symlink.rules:12
Apr 14 10:10:06 ICTM1612S02H1 systemd-udevd[3135]: IMPORT '/usr/bin/sg_inq --export --page=di /dev/sdo' /lib/udev/rules.d/55-scsi-sg3_id.rules:21
Apr 14 10:10:06 ICTM1612S02H1 systemd[1]: dev-disk-by\x2dpath-ip\x2dfe80:0000:0000:0000:0192:0012:0021:0111:3260\x2discsi\x2diqn.1992\x2d08.com.netapp:5504.60080e5000290924000000005525f5de\x2dlun\x2d2.device: Changed dead -> plugged
Apr 14 10:10:06 ICTM1612S02H1 systemd-udevd[1486]: passed 209 byte device to netlink monitor 0x565114712ae0
Apr 14 10:10:06 ICTM1612S02H1 systemd-udevd[3145]: seq 4898 running
Apr 14 10:10:06 ICTM1612S02H1 systemd-udevd[3119]: seq 4896 processed
Apr 14 10:10:06 ICTM1612S02H1 systemd-udevd[3127]: LINK 'disk/by-id/scsi-360080e500029092400008d505605f98b' /lib/udev/rules.d/58-scsi-sg3_symlink.rules:15
Apr 14 10:10:06 ICTM1612S02H1 systemd-udevd[3236]: value '[dmi/id]sys_vendor' is 'Dell Inc.'
Apr 14 10:10:06 ICTM1612S02H1 systemd[1]: dev-disk-by\x2did-wwn\x2d0x60080e5000290b5400008a2f5605fd8a.device: Changed dead -> plugged
Apr 14 10:10:06 ICTM1612S02H1 systemd-udevd[3236]: value '[dmi/id]sys_vendor' is 'Dell Inc.'
Apr 14 10:10:06 ICTM1612S02H1 systemd-udevd[3073]: seq 4892 running
Apr 14 10:10:06 ICTM1612S02H1 systemd-udevd[3484]: starting '/usr/bin/sg_inq --export --page=di /dev/sdo'
Apr 14 10:10:06 ICTM1612S02H1 systemd-udevd[3145]: value '[dmi/id]sys_vendor' is 'Dell Inc.'
Apr 14 10:10:06 ICTM1612S02H1 systemd-udevd[3127]: LINK 'disk/by-id/scsi-360080e500029092400008d505605f98b' /lib/udev/rules.d/60-persistent-storage.rules:36
Apr 14 10:10:06 ICTM1612S02H1 systemd[1]: dev-disk-by\x2did-scsi\x2d360080e5000290b5400008a2f5605fd8a.device: Changed dead -> plugged
