Apr 14 10:10:06 ICTM1612S02H1 kernel: [ 56.567575] sd 18:0:0:125: [sdhm] Write Protect is off
Apr 14 10:10:06 ICTM1612S02H1 kernel: [ 56.567579] sd 18:0:0:125: [sdhm] Mode Sense: 83 00 10 08
Apr 14 10:10:06 ICTM1612S02H1 kernel: [ 56.568842] sd 18:0:0:126: [sdhp] 37748736 512-byte logical blocks: (19.3 GB/18.0 GiB)
Apr 14 10:10:06 ICTM1612S02H1 kernel: [ 56.569004] scsi 18:0:0:127: Direct-Access NETAPP INF-01-00 9820 PQ: 0 ANSI: 5
Apr 14 10:10:06 ICTM1612S02H1 systemd-udevd[1486]: passed 200 byte device to netlink monitor 0x565114712ae0
Apr 14 10:10:06 ICTM1612S02H1 systemd-udevd[3127]: '/usr/bin/sg_inq --export /dev/sdbm'(out) 'SCSI_VENDOR=NETAPP'
Apr 14 10:10:06 ICTM1612S02H1 systemd-udevd[3232]: PROGRAM '/sbin/multipath -c /dev/sdbd' /lib/udev/rules.d/56-dm-mpath-lvm.rules:21
Apr 14 10:10:06 ICTM1612S02H1 systemd-udevd[3068]: probe /dev/sdaz raid offset=0
Apr 14 10:10:06 ICTM1612S02H1 systemd-udevd[3119]: LINK 'disk/by-id/scsi-360080e500034153e0000ed065605faa2' /lib/udev/rules.d/60-persistent-storage.rules:36
Apr 14 10:10:06 ICTM1612S02H1 systemd-udevd[3119]: IMPORT builtin 'path_id' /lib/udev/rules.d/60-persistent-storage.rules:54
Apr 14 10:10:06 ICTM1612S02H1 systemd-udevd[3118]: passed device to netlink monitor 0x5651147290e0
Apr 14 10:10:06 ICTM1612S02H1 systemd-udevd[3139]: seq 5182 processed
Apr 14 10:10:06 ICTM1612S02H1 systemd-udevd[3106]: IMPORT '/usr/bin/sg_inq --export --page=sn /dev/sdbk' /lib/udev/rules.d/55-scsi-sg3_id.rules:19
Apr 14 10:10:06 ICTM1612S02H1 systemd-udevd[1486]: passed 200 byte device to netlink monitor 0x565114712ae0
Apr 14 10:10:06 ICTM1612S02H1 systemd-udevd[3090]: value '[dmi/id]sys_vendor' is 'Dell Inc.'
Apr 14 10:10:06 ICTM1612S02H1 systemd-udevd[3127]: '/usr/bin/sg_inq --export /dev/sdbm'(out) 'SCSI_VENDOR_ENC=NETAPP\x20\x20'
Apr 14 10:10:06 ICTM1612S02H1 systemd-udevd[3090]: value '[dmi/id]sys_vendor' is 'Dell Inc.'
Apr 14 10:10:06 ICTM1612S02H1 systemd-udevd[3651]: starting '/usr/bin/sg_inq --export /dev/sdas'
Apr 14 10:10:06 ICTM1612S02H1 systemd-udevd[3090]: passed device to netlink monitor 0x565114726620
Apr 14 10:10:06 ICTM1612S02H1 systemd-udevd[3118]: seq 5188 processed
Apr 14 10:10:06 ICTM1612S02H1 systemd-udevd[3652]: starting '/sbin/multipath -c /dev/sdbd'
Apr 14 10:10:06 ICTM1612S02H1 systemd-udevd[1486]: passed 232 byte device to netlink monitor 0x565114712ae0
Apr 14 10:10:06 ICTM1612S02H1 systemd-udevd[3110]: seq 5196 running
Apr 14 10:10:06 ICTM1612S02H1 systemd-udevd[3130]: LINK 'disk/by-path/ip-fe80:0000:0000:0000:0192:0012:0022:0111:3260-iscsi-iqn.1992-08.com.netapp:5504.60080e5000290924000000005525f5de-lun-3' /lib/udev/rules.d/60-persistent-storage.rules:55
Apr 14 10:10:06 ICTM1612S02H1 systemd-udevd[3123]: seq 5198 running
Apr 14 10:10:06 ICTM1612S02H1 systemd-udevd[3127]: '/usr/bin/sg_inq --export /dev/sdbm'(out) 'SCSI_MODEL=INF-01-00'
Apr 14 10:10:06 ICTM1612S02H1 systemd-udevd[3112]: passed device to netlink monitor 0x565114760ca0
Apr 14 10:10:06 ICTM1612S02H1 systemd-udevd[3102]: value '[dmi/id]sys_vendor' is 'Dell Inc.'
Apr 14 10:10:06 ICTM1612S02H1 systemd-udevd[3090]: seq 5194 processed
Apr 14 10:10:06 ICTM1612S02H1 systemd-udevd[3110]: value '[dmi/id]sys_vendor' is 'Dell Inc.'
Apr 14 10:10:06 ICTM1612S02H1 systemd-udevd[3653]: starting '/usr/bin/sg_inq --export --page=sn /dev/sdbk'
Apr 14 10:10:06 ICTM1612S02H1 systemd-udevd[3110]: value '[dmi/id]sys_vendor' is 'Dell Inc.'
Apr 14 10:10:06 ICTM1612S02H1 systemd-udevd[3113]: Process 'probe-bcache -o udev /dev/sdab' succeeded.
Apr 14 10:10:06 ICTM1612S02H1 systemd-udevd[3138]: seq 5200 running
Apr 14 10:10:06 ICTM1612S02H1 systemd-udevd[3110]: passed device to netlink monitor 0x56511475de20
Apr 14 10:10:06 ICTM1612S02H1 systemd-udevd[3127]: '/usr/bin/sg_inq --export /dev/sdbm'(out) 'SCSI_MODEL_ENC=INF-01-00\x20\x20\x20\x20\x20\x20\x20'
Apr 14 10:10:06 ICTM1612S02H1 systemd-udevd[3073]: '/usr/bin/sg_inq --export --page=di /dev/sdao'(out) 'SCSI_IDENT_LUN_NAA=60080e500029092400008d525605f996'
Apr 14 10:10:06 ICTM1612S02H1 systemd-udevd[3112]: seq 5186 processed
Apr 14 10:10:06 ICTM1612S02H1 systemd-udevd[3119]: LINK 'disk/by-path/ip-fe80:0000:0000:0000:0192:0012:0021:0113:3260-iscsi-iqn.1992-08.com.netapp:2752.60080e500034153e0000000054dd6c63-lun-139' /lib/udev/rules.d/60-persistent-storage.rules:55
Apr 14 10:10:06 ICTM1612S02H1 systemd-udevd[3119]: IMPORT builtin 'blkid' /lib/udev/rules.d/60-persistent-storage.rules:66
Apr 14 10:10:06 ICTM1612S02H1 systemd-udevd[1486]: passed 231 byte device to netlink monitor 0x565114712ae0
Apr 14 10:10:06 ICTM1612S02H1 systemd-udevd[1486]: passed 232 byte device to netlink monitor 0x565114712ae0
Apr 14 10:10:06 ICTM1612S02H1 systemd-udevd[3124]: seq 5201 running
Apr 14 10:10:06 ICTM1612S02H1 systemd-udevd[3123]: value '[dmi/id]sys_vendor' is 'Dell Inc.'
Apr 14 10:10:06 ICTM1612S02H1 systemd-udevd[3117]: seq 5205 running
Apr 14 10:10:06 ICTM1612S02H1 systemd-udevd[3073]: '/usr/bin/sg_inq --export --page=di /dev/sdao'(out) 'SCSI_IDENT_PORT_RELATIVE=32769'
Apr 14 10:10:06 ICTM1612S02H1 systemd-udevd[3113]: ATTR '/sys/devices/platform/host18/session3/target18:0:0/18:0:0:2/block/sdab/queue/max_sectors_kb' writing '32767' /etc/udev/rules.d/99-largeio-udev.rules:1
Apr 14 10:10:06 ICTM1612S02H1 systemd-udevd[3073]: Process '/usr/bin/sg_inq --export --page=di /dev/sdao' succeeded.
Apr 14 10:10:06 ICTM1612S02H1 systemd-udevd[3119]: probe /dev/sdbh raid offset=0
Apr 14 10:10:06 ICTM1612S02H1 systemd-udevd[3130]: IMPORT builtin 'blkid' /lib/udev/rules.d/60-persistent-storage.rules:66
Apr 14 10:10:06 ICTM1612S02H1 systemd-udevd[1486]: passed 231 byte device to netlink monitor 0x565114712ae0
Apr 14 10:10:06 ICTM1612S02H1 kernel: [ 56.570676] sd 18:0:0:125: [sdhm] Write cache: enabled, read cache: enabled, supports DPO and FUA
Apr 14 10:10:06 ICTM1612S02H1 systemd-udevd[3110]: seq 5196 processed
Apr 14 10:10:06 ICTM1612S02H1 systemd-udevd[3138]: value '[dmi/id]sys_vendor' is 'Dell Inc.'
Apr 14 10:10:06 ICTM1612S02H1 systemd-udevd[3127]: '/usr/bin/sg_inq --export /dev/sdbm'(out) 'SCSI_REVISION=9825'
Apr 14 10:10:06 ICTM1612S02H1 systemd-udevd[3102]: passed device to netlink monitor 0x5651147277a0
Apr 14 10:10:06 ICTM1612S02H1 systemd-udevd[3123]: value '[dmi/id]sys_vendor' is 'Dell Inc.'
Apr 14 10:10:06 ICTM1612S02H1 systemd-udevd[3113]: handling device node '/dev/sdab', devnum=b65:176, mode=0660, uid=0, gid=6
Apr 14 10:10:06 ICTM1612S02H1 systemd-udevd[3073]: PROGRAM '/sbin/multipath -c /dev/sdao' /lib/udev/rules.d/56-dm-mpath-lvm.rules:21
Apr 14 10:10:06 ICTM1612S02H1 systemd-udevd[1486]: seq 5209 queued, 'add' 'bsg'
Apr 14 10:10:06 ICTM1612S02H1 systemd-udevd[3102]: seq 5191 processed
Apr 14 10:10:06 ICTM1612S02H1 systemd-udevd[3127]: Process '/usr/bin/sg_inq --export /dev/sdbm' succeeded.
Apr 14 10:10:06 ICTM1612S02H1 systemd-udevd[3130]: probe /dev/sdah raid offset=0
Apr 14 10:10:06 ICTM1612S02H1 systemd-udevd[3113]: set permissions /dev/sdab, 060660, uid=0, gid=6
Apr 14 10:10:06 ICTM1612S02H1 systemd-udevd[3123]: GROUP 6 /lib/udev/rules.d/50-udev-default.rules:63
Apr 14 10:10:06 ICTM1612S02H1 systemd-udevd[1486]: passed 196 byte device to netlink monitor 0x565114712ae0
Apr 14 10:10:06 ICTM1612S02H1 systemd-udevd[3118]: seq 5193 running
Apr 14 10:10:06 ICTM1612S02H1 systemd-udevd[3654]: starting '/sbin/multipath -c /dev/sdao'
Apr 14 10:10:06 ICTM1612S02H1 systemd-udevd[3138]: value '[dmi/id]sys_vendor' is 'Dell Inc.'
Apr 14 10:10:06 ICTM1612S02H1 systemd-udevd[3106]: '/usr/bin/sg_inq --export --page=sn /dev/sdbk'(out) 'SCSI_IDENT_SERIAL=021414003152'
Apr 14 10:10:06 ICTM1612S02H1 systemd-udevd[3124]: value '[dmi/id]sys_vendor' is 'Dell Inc.'
Apr 14 10:10:06 ICTM1612S02H1 systemd-udevd[3117]: value '[dmi/id]sys_vendor' is 'Dell Inc.'
Apr 14 10:10:06 ICTM1612S02H1 systemd-udevd[3074]: '/sbin/multipath -c /dev/sdaw'(out) '/dev/sdaw is not a valid multipath device path'
Apr 14 10:10:06 ICTM1612S02H1 systemd-udevd[3232]: '/sbin/multipath -c /dev/sdbd'(out) '/dev/sdbd is not a valid multipath device path'
Apr 14 10:10:06 ICTM1612S02H1 systemd-udevd[3127]: IMPORT '/usr/bin/sg_inq --export --page=sn /dev/sdbm' /lib/udev/rules.d/55-scsi-sg3_id.rules:19
Apr 14 10:10:06 ICTM1612S02H1 systemd-udevd[3142]: '/usr/bin/sg_inq --export /dev/sdbf'(out) 'SCSI_TPGS=0'
Apr 14 10:10:06 ICTM1612S02H1 systemd-udevd[3146]: '/usr/bin/sg_inq --export /dev/sdbj'(out) 'SCSI_TPGS=0'
Apr 14 10:10:06 ICTM1612S02H1 systemd-udevd[3236]: '/usr/bin/sg_inq --export /dev/sdbc'(out) 'SCSI_TPGS=0'
Apr 14 10:10:06 ICTM1612S02H1 systemd-udevd[3113]: creating symlink '/dev/block/65:176' to '../sdab'
Apr 14 10:10:06 ICTM1612S02H1 systemd-udevd[1486]: passed 200 byte device to netlink monitor 0x565114712ae0
Apr 14 10:10:06 ICTM1612S02H1 systemd-udevd[3090]: seq 5197 running
Apr 14 10:10:06 ICTM1612S02H1 systemd-udevd[3123]: handling device node '/dev/sg92', devnum=c21:92, mode=0660, uid=0, gid=6
Apr 14 10:10:06 ICTM1612S02H1 systemd-udevd[3106]: Process '/usr/bin/sg_inq --export --page=sn /dev/sdbk' succeeded.
Apr 14 10:10:06 ICTM1612S02H1 systemd-udevd[3138]: handling device node '/dev/bsg/21:0:0:141', devnum=c249:96, mode=0600, uid=0, gid=0
Apr 14 10:10:06 ICTM1612S02H1 systemd-udevd[3074]: Process '/sbin/multipath -c /dev/sdaw' failed with exit code 1.
Apr 14 10:10:06 ICTM1612S02H1 systemd-udevd[3074]: LINK 'disk/by-id/scsi-SNETAPP_INF-01-00_021414003152' /lib/udev/rules.d/58-scsi-sg3_symlink.rules:12
Apr 14 10:10:06 ICTM1612S02H1 systemd-udevd[3232]: Process '/sbin/multipath -c /dev/sdbd' failed with exit code 1.
Apr 14 10:10:06 ICTM1612S02H1 systemd-udevd[3232]: LINK 'disk/by-id/scsi-SNETAPP_INF-01-00_021414003152' /lib/udev/rules.d/58-scsi-sg3_symlink.rules:12
Apr 14 10:10:06 ICTM1612S02H1 systemd-udevd[3232]: LINK 'disk/by-id/scsi-360080e500034153e0000ed045605fa95' /lib/udev/rules.d/58-scsi-sg3_symlink.rules:15
Apr 14 10:10:06 ICTM1612S02H1 systemd-udevd[3232]: LINK 'disk/by-id/scsi-360080e500034153e0000ed045605fa95' /lib/udev/rules.d/60-persistent-storage.rules:36
Apr 14 10:10:06 ICTM1612S02H1 systemd-udevd[3118]: value '[dmi/id]sys_vendor' is 'Dell Inc.'
Apr 14 10:10:06 ICTM1612S02H1 systemd-udevd[3117]: value '[dmi/id]sys_vendor' is 'Dell Inc.'
Apr 14 10:10:06 ICTM1612S02H1 systemd-udevd[3118]: value '[dmi/id]sys_vendor' is 'Dell Inc.'
Apr 14 10:10:06 ICTM1612S02H1 systemd-udevd[3113]: found 'b65:32' claiming '/run/udev/links/\x2fdisk\x2fby-id\x2fscsi-360080e5000290b5400008a2f5605fd8a'
Apr 14 10:10:06 ICTM1612S02H1 systemd-udevd[3110]: seq 5204 running
Apr 14 10:10:06 ICTM1612S02H1 systemd-udevd[3655]: starting '/usr/bin/sg_inq --export --page=sn /dev/sdbm'
Apr 14 10:10:06 ICTM1612S02H1 systemd-udevd[3123]: set permissions /dev/sg92, 020660, uid=0, gid=6
Apr 14 10:10:06 ICTM1612S02H1 systemd-udevd[3138]: preserve permissions /dev/bsg/21:0:0:141, 020600, uid=0, gid=0
Apr 14 10:10:06 ICTM1612S02H1 systemd-udevd[3106]: IMPORT '/usr/bin/sg_inq --export --page=di /dev/sdbk' /lib/udev/rules.d/55-scsi-sg3_id.rules:21
Apr 14 10:10:06 ICTM1612S02H1 systemd-udevd[3090]: value '[dmi/id]sys_vendor' is 'Dell Inc.'
Apr 14 10:10:06 ICTM1612S02H1 systemd-udevd[3124]: value '[dmi/id]sys_vendor' is 'Dell Inc.'
Apr 14 10:10:06 ICTM1612S02H1 systemd-udevd[3074]: LINK 'disk/by-id/scsi-360080e500034153e0000ed045605fa95' /lib/udev/rules.d/58-scsi-sg3_symlink.rules:15
Apr 14 10:10:06 ICTM1612S02H1 systemd-udevd[3142]: '/usr/bin/sg_inq --export /dev/sdbf'(out) 'SCSI_TYPE=disk'
Apr 14 10:10:06 ICTM1612S02H1 systemd-udevd[3146]: '/usr/bin/sg_inq --export /dev/sdbj'(out) 'SCSI_TYPE=disk'
Apr 14 10:10:06 ICTM1612S02H1 systemd-udevd[3236]: '/usr/bin/sg_inq --export /dev/sdbc'(out) 'SCSI_TYPE=disk'
Apr 14 10:10:06 ICTM1612S02H1 systemd-udevd[3131]: '/usr/bin/sg_inq --export /dev/sdas'(out) 'SCSI_TPGS=0'
Apr 14 10:10:06 ICTM1612S02H1 systemd-udevd[3232]: IMPORT builtin 'path_id' /lib/udev/rules.d/60-persistent-storage.rules:54
Apr 14 10:10:06 ICTM1612S02H1 systemd-udevd[1486]: passed 192 byte device to netlink monitor 0x565114712ae0
Apr 14 10:10:06 ICTM1612S02H1 systemd-udevd[3117]: handling device node '/dev/bsg/20:0:0:143', devnum=c249:97, mode=0600, uid=0, gid=0
Apr 14 10:10:06 ICTM1612S02H1 systemd-udevd[3118]: passed device to netlink monitor 0x5651147290e0
Apr 14 10:10:06 ICTM1612S02H1 systemd-udevd[3113]: found 'b8:208' claiming '/run/udev/links/\x2fdisk\x2fby-id\x2fscsi-360080e5000290b5400008a2f5605fd8a'
Apr 14 10:10:06 ICTM1612S02H1 systemd-udevd[3123]: creating symlink '/dev/char/21:92' to '../sg92'
Apr 14 10:10:06 ICTM1612S02H1 systemd-udevd[3138]: creating symlink '/dev/char/249:96' to '../bsg/21:0:0:141'
Apr 14 10:10:06 ICTM1612S02H1 systemd-udevd[3110]: value '[dmi/id]sys_vendor' is 'Dell Inc.'
Apr 14 10:10:06 ICTM1612S02H1 systemd-udevd[3142]: '/usr/bin/sg_inq --export /dev/sdbf'(out) 'SCSI_VENDOR=NETAPP'
Apr 14 10:10:06 ICTM1612S02H1 systemd-udevd[3074]: LINK 'disk/by-id/scsi-360080e500034153e0000ed045605fa95' /lib/udev/rules.d/60-persistent-storage.rules:36
Apr 14 10:10:06 ICTM1612S02H1 systemd-udevd[3124]: GROUP 6 /lib/udev/rules.d/50-udev-default.rules:63
Apr 14 10:10:06 ICTM1612S02H1 systemd-udevd[3090]: value '[dmi/id]sys_vendor' is 'Dell Inc.'
Apr 14 10:10:06 ICTM1612S02H1 systemd-udevd[3146]: '/usr/bin/sg_inq --export /dev/sdbj'(out) 'SCSI_VENDOR=NETAPP'
Apr 14 10:10:06 ICTM1612S02H1 systemd-udevd[3113]: found 'b8:112' claiming '/run/udev/links/\x2fdisk\x2fby-id\x2fscsi-360080e5000290b5400008a2f5605fd8a'
Apr 14 10:10:06 ICTM1612S02H1 systemd-udevd[3236]: '/usr/bin/sg_inq --export /dev/sdbc'(out) 'SCSI_VENDOR=NETAPP'
Apr 14 10:10:06 ICTM1612S02H1 systemd-udevd[3232]: LINK 'disk/by-path/ip-fe80:0000:0000:0000:0192:0012:0022:0113:3260-iscsi-iqn.1992-08.com.netapp:2752.60080e500034153e0000000054dd6c63-lun-137' /lib/udev/rules.d/60-persistent-storage.rules:55
Apr 14 10:10:06 ICTM1612S02H1 systemd-udevd[1486]: passed 196 byte device to netlink monitor 0x565114712ae0
Apr 14 10:10:06 ICTM1612S02H1 systemd-udevd[3110]: value '[dmi/id]sys_vendor' is 'Dell Inc.'
Apr 14 10:10:06 ICTM1612S02H1 systemd-udevd[3117]: preserve permissions /dev/bsg/20:0:0:143, 020600, uid=0, gid=0
Apr 14 10:10:06 ICTM1612S02H1 systemd-udevd[3118]: seq 5193 processed
Apr 14 10:10:06 ICTM1612S02H1 systemd-udevd[3123]: created empty file '/run/udev/data/c21:92' for '/devices/platform/host21/session6/target21:0:0/21:0:0:141/scsi_generic/sg92'
Apr 14 10:10:06 ICTM1612S02H1 systemd-udevd[3123]: passed device to netlink monitor 0x565114758870
Apr 14 10:10:06 ICTM1612S02H1 systemd-udevd[3142]: '/usr/bin/sg_inq --export /dev/sdbf'(out) 'SCSI_VENDOR_ENC=NETAPP\x20\x20'
Apr 14 10:10:06 ICTM1612S02H1 systemd-udevd[3146]: '/usr/bin/sg_inq --export /dev/sdbj'(out) 'SCSI_VENDOR_ENC=NETAPP\x20\x20'
Apr 14 10:10:06 ICTM1612S02H1 systemd-udevd[3657]: starting '/usr/bin/sg_inq --export --page=di /dev/sdbk'
Apr 14 10:10:06 ICTM1612S02H1 systemd-udevd[3236]: '/usr/bin/sg_inq --export /dev/sdbc'(out) 'SCSI_VENDOR_ENC=NETAPP\x20\x20'
Apr 14 10:10:06 ICTM1612S02H1 systemd-udevd[3124]: handling device node '/dev/sg93', devnum=c21:93, mode=0660, uid=0, gid=6
Apr 14 10:10:06 ICTM1612S02H1 systemd-udevd[3090]: passed device to netlink monitor 0x565114726620
Apr 14 10:10:06 ICTM1612S02H1 systemd-udevd[3131]: '/usr/bin/sg_inq --export /dev/sdas'(out) 'SCSI_TYPE=disk'
Apr 14 10:10:06 ICTM1612S02H1 systemd-udevd[3074]: IMPORT builtin 'path_id' /lib/udev/rules.d/60-persistent-storage.rules:54
Apr 14 10:10:06 ICTM1612S02H1 systemd-udevd[3232]: IMPORT builtin 'blkid' /lib/udev/rules.d/60-persistent-storage.rules:66
Apr 14 10:10:06 ICTM1612S02H1 systemd-udevd[1486]: passed 232 byte device to netlink monitor 0x565114712ae0
Apr 14 10:10:06 ICTM1612S02H1 systemd-udevd[3112]: seq 5206 running
Apr 14 10:10:06 ICTM1612S02H1 systemd-udevd[3139]: seq 5207 running
Apr 14 10:10:06 ICTM1612S02H1 systemd-udevd[3117]: creating symlink '/dev/char/249:97' to '../bsg/20:0:0:143'
Apr 14 10:10:06 ICTM1612S02H1 systemd-udevd[3138]: created empty file '/run/udev/data/c249:96' for '/devices/platform/host21/session6/target21:0:0/21:0:0:141/bsg/21:0:0:141'
Apr 14 10:10:06 ICTM1612S02H1 systemd-udevd[3123]: seq 5198 processed
Apr 14 10:10:06 ICTM1612S02H1 systemd-udevd[3110]: passed device to netlink monitor 0x56511475de20
Apr 14 10:10:06 ICTM1612S02H1 systemd-udevd[3142]: '/usr/bin/sg_inq --export /dev/sdbf'(out) 'SCSI_MODEL=INF-01-00'
Apr 14 10:10:06 ICTM1612S02H1 systemd-udevd[3146]: '/usr/bin/sg_inq --export /dev/sdbj'(out) 'SCSI_MODEL=INF-01-00'
Apr 14 10:10:06 ICTM1612S02H1 systemd-udevd[3113]: creating link '/dev/disk/by-id/scsi-360080e5000290b5400008a2f5605fd8a' to '/dev/sdab'
Apr 14 10:10:06 ICTM1612S02H1 systemd-udevd[3113]: atomically replace '/dev/disk/by-id/scsi-360080e5000290b5400008a2f5605fd8a'
Apr 14 10:10:06 ICTM1612S02H1 systemd-udevd[3124]: set permissions /dev/sg93, 020660, uid=0, gid=6
Apr 14 10:10:06 ICTM1612S02H1 systemd-udevd[3090]: seq 5197 processed
Apr 14 10:10:06 ICTM1612S02H1 systemd-udevd[3131]: '/usr/bin/sg_inq --export /dev/sdas'(out) 'SCSI_VENDOR=NETAPP'
Apr 14 10:10:06 ICTM1612S02H1 systemd-udevd[1486]: passed 231 byte device to netlink monitor 0x565114712ae0
Apr 14 10:10:06 ICTM1612S02H1 systemd-udevd[3134]: seq 5209 running
Apr 14 10:10:06 ICTM1612S02H1 systemd-udevd[3117]: created empty file '/run/udev/data/c249:97' for '/devices/platform/host20/session5/target20:0:0/20:0:0:143/bsg/20:0:0:143'
Apr 14 10:10:06 ICTM1612S02H1 systemd-udevd[3117]: passed device to netlink monitor 0x56511473d340
Apr 14 10:10:06 ICTM1612S02H1 systemd-udevd[3110]: seq 5204 processed
Apr 14 10:10:06 ICTM1612S02H1 systemd-udevd[3142]: '/usr/bin/sg_inq --export /dev/sdbf'(out) 'SCSI_MODEL_ENC=INF-01-00\x20\x20\x20\x20\x20\x20\x20'
Apr 14 10:10:06 ICTM1612S02H1 systemd-udevd[3146]: '/usr/bin/sg_inq --export /dev/sdbj'(out) 'SCSI_MODEL_ENC=INF-01-00\x20\x20\x20\x20\x20\x20\x20'
Apr 14 10:10:06 ICTM1612S02H1 systemd-udevd[3236]: '/usr/bin/sg_inq --export /dev/sdbc'(out) 'SCSI_MODEL=INF-01-00'
Apr 14 10:10:06 ICTM1612S02H1 systemd-udevd[3124]: creating symlink '/dev/char/21:93' to '../sg93'
Apr 14 10:10:06 ICTM1612S02H1 systemd-udevd[3113]: found 'b65:80' claiming '/run/udev/links/\x2fdisk\x2fby-id\x2fscsi-SNETAPP_INF-01-00_SR21500107'
Apr 14 10:10:06 ICTM1612S02H1 systemd-udevd[3131]: '/usr/bin/sg_inq --export /dev/sdas'(out) 'SCSI_VENDOR_ENC=NETAPP\x20\x20'
Apr 14 10:10:06 ICTM1612S02H1 systemd-udevd[1486]: seq 5210 queued, 'add' 'scsi_generic'
Apr 14 10:10:06 ICTM1612S02H1 systemd-udevd[3138]: passed device to netlink monitor 0x565114778170
Apr 14 10:10:06 ICTM1612S02H1 systemd-udevd[3117]: seq 5205 processed
Apr 14 10:10:06 ICTM1612S02H1 systemd-udevd[3074]: LINK 'disk/by-path/ip-fe80:0000:0000:0000:0192:0012:0021:0113:3260-iscsi-iqn.1992-08.com.netapp:2752.60080e500034153e0000000054dd6c63-lun-137' /lib/udev/rules.d/60-persistent-storage.rules:55
Apr 14 10:10:06 ICTM1612S02H1 systemd-udevd[3144]: seq 5210 running
Apr 14 10:10:06 ICTM1612S02H1 systemd-udevd[3232]: probe /dev/sdbd raid offset=0
Apr 14 10:10:06 ICTM1612S02H1 systemd-udevd[3112]: value '[dmi/id]sys_vendor' is 'Dell Inc.'
Apr 14 10:10:06 ICTM1612S02H1 systemd-udevd[3139]: value '[dmi/id]sys_vendor' is 'Dell Inc.'
Apr 14 10:10:06 ICTM1612S02H1 systemd-udevd[3134]: value '[dmi/id]sys_vendor' is 'Dell Inc.'
Apr 14 10:10:06 ICTM1612S02H1 systemd-udevd[3142]: '/usr/bin/sg_inq --export /dev/sdbf'(out) 'SCSI_REVISION=9825'
Apr 14 10:10:06 ICTM1612S02H1 systemd-udevd[3146]: '/usr/bin/sg_inq --export /dev/sdbj'(out) 'SCSI_REVISION=9825'
Apr 14 10:10:06 ICTM1612S02H1 systemd-udevd[3142]: Process '/usr/bin/sg_inq --export /dev/sdbf' succeeded.
Apr 14 10:10:06 ICTM1612S02H1 systemd-udevd[3146]: Process '/usr/bin/sg_inq --export /dev/sdbj' succeeded.
Apr 14 10:10:06 ICTM1612S02H1 systemd-udevd[3131]: '/usr/bin/sg_inq --export /dev/sdas'(out) 'SCSI_MODEL=INF-01-00'
Apr 14 10:10:06 ICTM1612S02H1 systemd-udevd[3142]: IMPORT '/usr/bin/sg_inq --export --page=sn /dev/sdbf' /lib/udev/rules.d/55-scsi-sg3_id.rules:19
Apr 14 10:10:06 ICTM1612S02H1 systemd-udevd[3134]: value '[dmi/id]sys_vendor' is 'Dell Inc.'
Apr 14 10:10:06 ICTM1612S02H1 systemd-udevd[3074]: IMPORT builtin 'blkid' /lib/udev/rules.d/60-persistent-storage.rules:66
Apr 14 10:10:06 ICTM1612S02H1 systemd-udevd[3073]: '/sbin/multipath -c /dev/sdao'(out) '/dev/sdao is not a valid multipath device path'
Apr 14 10:10:06 ICTM1612S02H1 systemd-udevd[3113]: found 'b8:208' claiming '/run/udev/links/\x2fdisk\x2fby-id\x2fscsi-SNETAPP_INF-01-00_SR21500107'
Apr 14 10:10:06 ICTM1612S02H1 systemd-udevd[3112]: value '[dmi/id]sys_vendor' is 'Dell Inc.'
Apr 14 10:10:06 ICTM1612S02H1 systemd-udevd[3236]: '/usr/bin/sg_inq --export /dev/sdbc'(out) 'SCSI_MODEL_ENC=INF-01-00\x20\x20\x20\x20\x20\x20\x20'
Apr 14 10:10:06 ICTM1612S02H1 systemd-udevd[3124]: created empty file '/run/udev/data/c21:93' for '/devices/platform/host20/session5/target20:0:0/20:0:0:143/scsi_generic/sg93'
Apr 14 10:10:06 ICTM1612S02H1 systemd-udevd[3124]: passed device to netlink monitor 0x565114744010
Apr 14 10:10:06 ICTM1612S02H1 systemd-udevd[3074]: probe /dev/sdaw raid offset=0
Apr 14 10:10:06 ICTM1612S02H1 systemd-udevd[3112]: passed device to netlink monitor 0x565114760ca0
Apr 14 10:10:06 ICTM1612S02H1 systemd-udevd[3139]: value '[dmi/id]sys_vendor' is 'Dell Inc.'
Apr 14 10:10:06 ICTM1612S02H1 systemd-udevd[1486]: passed 230 byte device to netlink monitor 0x565114712ae0
Apr 14 10:10:06 ICTM1612S02H1 systemd-udevd[3134]: handling device node '/dev/bsg/23:0:0:142', devnum=c249:98, mode=0600, uid=0, gid=0
Apr 14 10:10:06 ICTM1612S02H1 systemd-udevd[3073]: Process '/sbin/multipath -c /dev/sdao' failed with exit code 1.
Apr 14 10:10:06 ICTM1612S02H1 systemd-udevd[3236]: '/usr/bin/sg_inq --export /dev/sdbc'(out) 'SCSI_REVISION=9825'
Apr 14 10:10:06 ICTM1612S02H1 systemd-udevd[3658]: starting '/usr/bin/sg_inq --export --page=sn /dev/sdbf'
Apr 14 10:10:06 ICTM1612S02H1 kernel: [ 56.571169] sd 17:0:0:127: [sdho] Write Protect is off
Apr 14 10:10:06 ICTM1612S02H1 kernel: [ 56.571172] sd 17:0:0:127: [sdho] Mode Sense: 83 00 10 08
Apr 14 10:10:06 ICTM1612S02H1 kernel: [ 56.571966] sd 18:0:0:121: [sdgw] Attached SCSI disk
Apr 14 10:10:06 ICTM1612S02H1 kernel: [ 56.573913] sd 17:0:0:127: [sdho] Write cache: enabled, read cache: enabled, supports DPO and FUA
Apr 14 10:10:06 ICTM1612S02H1 systemd-udevd[3131]: '/usr/bin/sg_inq --export /dev/sdas'(out) 'SCSI_MODEL_ENC=INF-01-00\x20\x20\x20\x20\x20\x20\x20'
Apr 14 10:10:06 ICTM1612S02H1 systemd-udevd[3124]: seq 5201 processed
Apr 14 10:10:06 ICTM1612S02H1 systemd-udevd[3138]: seq 5200 processed
Apr 14 10:10:06 ICTM1612S02H1 systemd-udevd[3146]: IMPORT '/usr/bin/sg_inq --export --page=sn /dev/sdbj' /lib/udev/rules.d/55-scsi-sg3_id.rules:19
Apr 14 10:10:06 ICTM1612S02H1 systemd-udevd[3112]: seq 5206 processed
Apr 14 10:10:06 ICTM1612S02H1 systemd-udevd[3144]: value '[dmi/id]sys_vendor' is 'Dell Inc.'
Apr 14 10:10:06 ICTM1612S02H1 systemd-udevd[3139]: GROUP 6 /lib/udev/rules.d/50-udev-default.rules:63
Apr 14 10:10:06 ICTM1612S02H1 systemd-udevd[3134]: preserve permissions /dev/bsg/23:0:0:142, 020600, uid=0, gid=0
Apr 14 10:10:06 ICTM1612S02H1 systemd-udevd[3113]: found 'b8:224' claiming '/run/udev/links/\x2fdisk\x2fby-id\x2fscsi-SNETAPP_INF-01-00_SR21500107'
Apr 14 10:10:06 ICTM1612S02H1 systemd-udevd[3139]: handling device node '/dev/sg94', devnum=c21:94, mode=0660, uid=0, gid=6
Apr 14 10:10:06 ICTM1612S02H1 systemd-udevd[3073]: LINK 'disk/by-id/scsi-SNETAPP_INF-01-00_SR21500107' /lib/udev/rules.d/58-scsi-sg3_symlink.rules:12
Apr 14 10:10:06 ICTM1612S02H1 systemd-udevd[3073]: LINK 'disk/by-id/scsi-360080e500029092400008d525605f996' /lib/udev/rules.d/58-scsi-sg3_symlink.rules:15
Apr 14 10:10:06 ICTM1612S02H1 systemd-udevd[3131]: '/usr/bin/sg_inq --export /dev/sdas'(out) 'SCSI_REVISION=9820'
Apr 14 10:10:06 ICTM1612S02H1 systemd-udevd[3144]: value '[dmi/id]sys_vendor' is 'Dell Inc.'
Apr 14 10:10:06 ICTM1612S02H1 systemd-udevd[3134]: creating symlink '/dev/char/249:98' to '../bsg/23:0:0:142'
Apr 14 10:10:06 ICTM1612S02H1 systemd-udevd[1486]: seq 5211 queued, 'add' 'bsg'
Apr 14 10:10:06 ICTM1612S02H1 systemd-udevd[3139]: set permissions /dev/sg94, 020660, uid=0, gid=6
Apr 14 10:10:06 ICTM1612S02H1 systemd-udevd[3236]: Process '/usr/bin/sg_inq --export /dev/sdbc' succeeded.
Apr 14 10:10:06 ICTM1612S02H1 systemd-udevd[3659]: starting '/usr/bin/sg_inq --export --page=sn /dev/sdbj'
Apr 14 10:10:06 ICTM1612S02H1 systemd-udevd[3073]: LINK 'disk/by-id/scsi-360080e500029092400008d525605f996' /lib/udev/rules.d/60-persistent-storage.rules:36
Apr 14 10:10:06 ICTM1612S02H1 systemd-udevd[3113]: found 'b8:96' claiming '/run/udev/links/\x2fdisk\x2fby-id\x2fscsi-SNETAPP_INF-01-00_SR21500107'
Apr 14 10:10:06 ICTM1612S02H1 systemd-udevd[3144]: GROUP 6 /lib/udev/rules.d/50-udev-default.rules:63
Apr 14 10:10:06 ICTM1612S02H1 systemd-udevd[3131]: Process '/usr/bin/sg_inq --export /dev/sdas' succeeded.
Apr 14 10:10:06 ICTM1612S02H1 systemd-udevd[3134]: created empty file '/run/udev/data/c249:98' for '/devices/platform/host23/session8/target23:0:0/23:0:0:142/bsg/23:0:0:142'
Apr 14 10:10:06 ICTM1612S02H1 systemd-udevd[1486]: passed 225 byte device to netlink monitor 0x565114712ae0
Apr 14 10:10:06 ICTM1612S02H1 systemd-udevd[3139]: creating symlink '/dev/char/21:94' to '../sg94'
Apr 14 10:10:06 ICTM1612S02H1 systemd-udevd[3118]: seq 5211 running
Apr 14 10:10:06 ICTM1612S02H1 systemd-udevd[3236]: IMPORT '/usr/bin/sg_inq --export --page=sn /dev/sdbc' /lib/udev/rules.d/55-scsi-sg3_id.rules:19
Apr 14 10:10:06 ICTM1612S02H1 systemd-udevd[3073]: IMPORT builtin 'path_id' /lib/udev/rules.d/60-persistent-storage.rules:54
Apr 14 10:10:06 ICTM1612S02H1 systemd-udevd[3144]: handling device node '/dev/sg95', devnum=c21:95, mode=0660, uid=0, gid=6
Apr 14 10:10:06 ICTM1612S02H1 systemd-udevd[3134]: passed device to netlink monitor 0x565114719d90
Apr 14 10:10:06 ICTM1612S02H1 systemd-udevd[3145]: LINK 'disk/by-id/wwn-0x60080e5000290b5400008a315605fd95' /lib/udev/rules.d/60-persistent-storage.rules:73
Apr 14 10:10:06 ICTM1612S02H1 systemd-udevd[3131]: IMPORT '/usr/bin/sg_inq --export --page=sn /dev/sdas' /lib/udev/rules.d/55-scsi-sg3_id.rules:19
Apr 14 10:10:06 ICTM1612S02H1 systemd-udevd[3113]: found 'b8:32' claiming '/run/udev/links/\x2fdisk\x2fby-id\x2fscsi-SNETAPP_INF-01-00_SR21500107'
Apr 14 10:10:06 ICTM1612S02H1 systemd-udevd[3139]: created empty file '/run/udev/data/c21:94' for '/devices/platform/host23/session8/target23:0:0/23:0:0:142/scsi_generic/sg94'
Apr 14 10:10:06 ICTM1612S02H1 systemd-udevd[1486]: seq 5212 queued, 'add' 'bdi'
Apr 14 10:10:06 ICTM1612S02H1 systemd-udevd[3144]: set permissions /dev/sg95, 020660, uid=0, gid=6
Apr 14 10:10:06 ICTM1612S02H1 systemd-udevd[3142]: '/usr/bin/sg_inq --export --page=sn /dev/sdbf'(out) 'SCSI_IDENT_SERIAL=021414003089'
Apr 14 10:10:06 ICTM1612S02H1 systemd-udevd[3134]: seq 5209 processed
Apr 14 10:10:06 ICTM1612S02H1 systemd-udevd[3145]: IMPORT 'probe-bcache -o udev /dev/sdad' /lib/udev/rules.d/69-bcache.rules:16
Apr 14 10:10:06 ICTM1612S02H1 systemd-udevd[3139]: passed device to netlink monitor 0x565114779240
Apr 14 10:10:06 ICTM1612S02H1 systemd-udevd[1486]: passed 138 byte device to netlink monitor 0x565114712ae0
Apr 14 10:10:06 ICTM1612S02H1 systemd-udevd[3102]: seq 5212 running
Apr 14 10:10:06 ICTM1612S02H1 systemd-udevd[3144]: creating symlink '/dev/char/21:95' to '../sg95'
Apr 14 10:10:06 ICTM1612S02H1 kernel: [ 56.574448] sd 18:0:0:127: Attached scsi generic sg230 type 0
Apr 14 10:10:06 ICTM1612S02H1 kernel: [ 56.575865] sd 18:0:0:126: [sdhp] Write Protect is off
Apr 14 10:10:06 ICTM1612S02H1 kernel: [ 56.575868] sd 18:0:0:126: [sdhp] Mode Sense: 83 00 10 08
Apr 14 10:10:06 ICTM1612S02H1 kernel: [ 56.576906] sd 18:0:0:127: [sdhq] 37748736 512-byte logical blocks: (19.3 GB/18.0 GiB)
Apr 14 10:10:06 ICTM1612S02H1 kernel: [ 56.577877] sd 18:0:0:126: [sdhp] Write cache: enabled, read cache: enabled, supports DPO and FUA
Apr 14 10:10:06 ICTM1612S02H1 systemd-udevd[3660]: starting '/usr/bin/sg_inq --export --page=sn /dev/sdbc'
Apr 14 10:10:06 ICTM1612S02H1 systemd-udevd[3142]: Process '/usr/bin/sg_inq --export --page=sn /dev/sdbf' succeeded.
Apr 14 10:10:06 ICTM1612S02H1 systemd-udevd[3118]: value '[dmi/id]sys_vendor' is 'Dell Inc.'
Apr 14 10:10:06 ICTM1612S02H1 systemd-udevd[3142]: IMPORT '/usr/bin/sg_inq --export --page=di /dev/sdbf' /lib/udev/rules.d/55-scsi-sg3_id.rules:21
Apr 14 10:10:06 ICTM1612S02H1 systemd-udevd[3139]: seq 5207 processed
Apr 14 10:10:06 ICTM1612S02H1 systemd-udevd[3661]: starting '/usr/bin/sg_inq --export --page=sn /dev/sdas'
Apr 14 10:10:06 ICTM1612S02H1 systemd-udevd[3113]: found 'b8:80' claiming '/run/udev/links/\x2fdisk\x2fby-id\x2fscsi-SNETAPP_INF-01-00_SR21500107'
Apr 14 10:10:06 ICTM1612S02H1 systemd-udevd[1486]: seq 5213 queued, 'add' 'scsi'
Apr 14 10:10:06 ICTM1612S02H1 systemd-udevd[3144]: created empty file '/run/udev/data/c21:95' for '/devices/platform/host16/session1/target16:0:0/16:0:0:9/scsi_generic/sg95'
Apr 14 10:10:06 ICTM1612S02H1 systemd-udevd[3144]: passed device to netlink monitor 0x56511477eb50
Apr 14 10:10:06 ICTM1612S02H1 systemd-udevd[3662]: starting 'probe-bcache -o udev /dev/sdad'
Apr 14 10:10:06 ICTM1612S02H1 systemd-udevd[3118]: value '[dmi/id]sys_vendor' is 'Dell Inc.'
Apr 14 10:10:06 ICTM1612S02H1 systemd-udevd[3102]: value '[dmi/id]sys_vendor' is 'Dell Inc.'
Apr 14 10:10:06 ICTM1612S02H1 systemd-udevd[1486]: passed 209 byte device to netlink monitor 0x565114712ae0
Apr 14 10:10:06 ICTM1612S02H1 systemd-udevd[3118]: handling device node '/dev/bsg/16:0:0:9', devnum=c249:99, mode=0600, uid=0, gid=0
Apr 14 10:10:06 ICTM1612S02H1 systemd-udevd[3144]: seq 5210 processed
Apr 14 10:10:06 ICTM1612S02H1 systemd-udevd[3090]: seq 5213 running
Apr 14 10:10:06 ICTM1612S02H1 systemd-udevd[3113]: creating link '/dev/disk/by-id/scsi-SNETAPP_INF-01-00_SR21500107' to '/dev/sdab'
Apr 14 10:10:06 ICTM1612S02H1 systemd-udevd[3663]: starting '/usr/bin/sg_inq --export --page=di /dev/sdbf'
Apr 14 10:10:06 ICTM1612S02H1 systemd-udevd[3073]: LINK 'disk/by-path/ip-fe80:0000:0000:0000:0192:0012:0021:0112:3260-iscsi-iqn.1992-08.com.netapp:5504.60080e5000290924000000005525f5de-lun-3' /lib/udev/rules.d/60-persistent-storage.rules:55
Apr 14 10:10:06 ICTM1612S02H1 systemd-udevd[3102]: value '[dmi/id]sys_vendor' is 'Dell Inc.'
Apr 14 10:10:06 ICTM1612S02H1 systemd-udevd[3118]: preserve permissions /dev/bsg/16:0:0:9, 020600, uid=0, gid=0
Apr 14 10:10:06 ICTM1612S02H1 systemd-udevd[1486]: seq 5214 queued, 'add' 'scsi_disk'
Apr 14 10:10:06 ICTM1612S02H1 systemd-udevd[3146]: '/usr/bin/sg_inq --export --page=sn /dev/sdbj'(out) 'SCSI_IDENT_SERIAL=021414003089'
Apr 14 10:10:06 ICTM1612S02H1 systemd-udevd[1486]: seq 5215 queued, 'add' 'scsi_device'
Apr 14 10:10:06 ICTM1612S02H1 systemd-udevd[3073]: IMPORT builtin 'blkid' /lib/udev/rules.d/60-persistent-storage.rules:66
Apr 14 10:10:06 ICTM1612S02H1 systemd-udevd[1486]: seq 5216 queued, 'add' 'block'
Apr 14 10:10:06 ICTM1612S02H1 systemd-udevd[3090]: value '[dmi/id]sys_vendor' is 'Dell Inc.'
Apr 14 10:10:06 ICTM1612S02H1 systemd-udevd[3118]: creating symlink '/dev/char/249:99' to '../bsg/16:0:0:9'
Apr 14 10:10:06 ICTM1612S02H1 systemd-udevd[3090]: value '[dmi/id]sys_vendor' is 'Dell Inc.'
Apr 14 10:10:06 ICTM1612S02H1 systemd-udevd[3118]: created empty file '/run/udev/data/c249:99' for '/devices/platform/host16/session1/target16:0:0/16:0:0:9/bsg/16:0:0:9'
Apr 14 10:10:06 ICTM1612S02H1 systemd-udevd[3102]: passed device to netlink monitor 0x5651147277a0
Apr 14 10:10:06 ICTM1612S02H1 systemd-udevd[1486]: passed 230 byte device to netlink monitor 0x565114712ae0
Apr 14 10:10:06 ICTM1612S02H1 systemd-udevd[3073]: probe /dev/sdao raid offset=0
Apr 14 10:10:06 ICTM1612S02H1 systemd-udevd[3110]: seq 5216 running
Apr 14 10:10:06 ICTM1612S02H1 systemd-udevd[3113]: atomically replace '/dev/disk/by-id/scsi-SNETAPP_INF-01-00_SR21500107'
Apr 14 10:10:06 ICTM1612S02H1 systemd-udevd[3090]: IMPORT builtin 'hwdb' /lib/udev/rules.d/50-udev-default.rules:15
Apr 14 10:10:06 ICTM1612S02H1 systemd-udevd[3146]: Process '/usr/bin/sg_inq --export --page=sn /dev/sdbj' succeeded.
Apr 14 10:10:06 ICTM1612S02H1 systemd-udevd[3118]: passed device to netlink monitor 0x5651147290e0
Apr 14 10:10:06 ICTM1612S02H1 systemd-udevd[3146]: IMPORT '/usr/bin/sg_inq --export --page=di /dev/sdbj' /lib/udev/rules.d/55-scsi-sg3_id.rules:21
Apr 14 10:10:06 ICTM1612S02H1 systemd-udevd[3102]: seq 5212 processed
Apr 14 10:10:06 ICTM1612S02H1 systemd-udevd[3090]: IMPORT builtin 'hwdb' returned non-zero
Apr 14 10:10:06 ICTM1612S02H1 systemd-udevd[3113]: found 'b65:32' claiming '/run/udev/links/\x2fdisk\x2fby-id\x2fwwn-0x60080e5000290b5400008a2f5605fd8a'
Apr 14 10:10:06 ICTM1612S02H1 systemd-udevd[3236]: '/usr/bin/sg_inq --export --page=sn /dev/sdbc'(out) 'SCSI_IDENT_SERIAL=021414003089'
Apr 14 10:10:06 ICTM1612S02H1 systemd-udevd[3118]: seq 5211 processed
Apr 14 10:10:06 ICTM1612S02H1 systemd-udevd[1486]: seq 5217 queued, 'add' 'scsi_generic'
Apr 14 10:10:06 ICTM1612S02H1 systemd-udevd[3090]: path '[module/sg](null)' is '/sys/module/sg'
Apr 14 10:10:06 ICTM1612S02H1 systemd-udevd[3236]: Process '/usr/bin/sg_inq --export --page=sn /dev/sdbc' succeeded.
Apr 14 10:10:06 ICTM1612S02H1 systemd-udevd[1486]: seq 5218 queued, 'add' 'block'
Apr 14 10:10:06 ICTM1612S02H1 systemd-udevd[1486]: passed 230 byte device to netlink monitor 0x565114712ae0
Apr 14 10:10:06 ICTM1612S02H1 systemd-udevd[3142]: '/usr/bin/sg_inq --export --page=di /dev/sdbf'(out) 'SCSI_IDENT_LUN_NAA=60080e500034153e0000ed045605fa95'
Apr 14 10:10:06 ICTM1612S02H1 systemd-udevd[3113]: found 'b8:208' claiming '/run/udev/links/\x2fdisk\x2fby-id\x2fwwn-0x60080e5000290b5400008a2f5605fd8a'
Apr 14 10:10:06 ICTM1612S02H1 systemd-udevd[3664]: starting '/usr/bin/sg_inq --export --page=di /dev/sdbj'
Apr 14 10:10:06 ICTM1612S02H1 systemd-udevd[3236]: IMPORT '/usr/bin/sg_inq --export --page=di /dev/sdbc' /lib/udev/rules.d/55-scsi-sg3_id.rules:21
Apr 14 10:10:06 ICTM1612S02H1 systemd-udevd[3110]: value '[dmi/id]sys_vendor' is 'Dell Inc.'
Apr 14 10:10:06 ICTM1612S02H1 systemd-udevd[3090]: RUN 'kmod load $env{MODALIAS}' /lib/udev/rules.d/80-drivers.rules:5
Apr 14 10:10:06 ICTM1612S02H1 systemd-udevd[3090]: Execute 'load' 'scsi:t-0x00'
Apr 14 10:10:06 ICTM1612S02H1 systemd-udevd[1486]: seq 5219 queued, 'add' 'bsg'
Apr 14 10:10:06 ICTM1612S02H1 systemd-udevd[1486]: seq 5220 queued, 'add' 'scsi'
Apr 14 10:10:06 ICTM1612S02H1 systemd-udevd[3127]: '/usr/bin/sg_inq --export --page=sn /dev/sdbm'(out) 'SCSI_IDENT_SERIAL=021414003152'
Apr 14 10:10:06 ICTM1612S02H1 systemd-udevd[3102]: seq 5220 running
Apr 14 10:10:06 ICTM1612S02H1 systemd-udevd[3142]: '/usr/bin/sg_inq --export --page=di /dev/sdbf'(out) 'SCSI_IDENT_PORT_RELATIVE=32772'
Apr 14 10:10:06 ICTM1612S02H1 systemd-udevd[3090]: No module matches 'scsi:t-0x00'
Apr 14 10:10:06 ICTM1612S02H1 systemd-udevd[3110]: value '[dmi/id]sys_vendor' is 'Dell Inc.'
Apr 14 10:10:06 ICTM1612S02H1 systemd-udevd[3113]: found 'b8:112' claiming '/run/udev/links/\x2fdisk\x2fby-id\x2fwwn-0x60080e5000290b5400008a2f5605fd8a'
Apr 14 10:10:06 ICTM1612S02H1 systemd-udevd[3118]: seq 5218 running
Apr 14 10:10:06 ICTM1612S02H1 systemd-udevd[1486]: passed 209 byte device to netlink monitor 0x565114712ae0
Apr 14 10:10:06 ICTM1612S02H1 systemd-udevd[3131]: '/usr/bin/sg_inq --export --page=sn /dev/sdas'(out) 'SCSI_IDENT_SERIAL=SR21500247'
Apr 14 10:10:06 ICTM1612S02H1 systemd-udevd[3106]: '/usr/bin/sg_inq --export --page=di /dev/sdbk'(out) 'SCSI_IDENT_LUN_NAA=60080e50003415e6000014755605f7c7'
Apr 14 10:10:06 ICTM1612S02H1 systemd-udevd[3102]: value '[dmi/id]sys_vendor' is 'Dell Inc.'
Apr 14 10:10:06 ICTM1612S02H1 systemd-udevd[3145]: Process 'probe-bcache -o udev /dev/sdad' succeeded.
Apr 14 10:10:06 ICTM1612S02H1 systemd-udevd[3090]: passed device to netlink monitor 0x565114726620
Apr 14 10:10:06 ICTM1612S02H1 systemd-udevd[3102]: value '[dmi/id]sys_vendor' is 'Dell Inc.'
Apr 14 10:10:06 ICTM1612S02H1 systemd-udevd[3665]: starting '/usr/bin/sg_inq --export --page=di /dev/sdbc'
Apr 14 10:10:06 ICTM1612S02H1 systemd-udevd[3110]: GROUP 6 /lib/udev/rules.d/50-udev-default.rules:55
Apr 14 10:10:06 ICTM1612S02H1 systemd-udevd[1486]: seq 5221 queued, 'add' 'bdi'
Apr 14 10:10:06 ICTM1612S02H1 systemd-udevd[3123]: seq 5221 running
Apr 14 10:10:06 ICTM1612S02H1 systemd-udevd[3118]: value '[dmi/id]sys_vendor' is 'Dell Inc.'
Apr 14 10:10:06 ICTM1612S02H1 systemd-udevd[3131]: Process '/usr/bin/sg_inq --export --page=sn /dev/sdas' succeeded.
Apr 14 10:10:06 ICTM1612S02H1 systemd-udevd[3118]: value '[dmi/id]sys_vendor' is 'Dell Inc.'
Apr 14 10:10:06 ICTM1612S02H1 systemd-udevd[3102]: IMPORT builtin 'hwdb' /lib/udev/rules.d/50-udev-default.rules:15
Apr 14 10:10:06 ICTM1612S02H1 systemd-udevd[3142]: Process '/usr/bin/sg_inq --export --page=di /dev/sdbf' succeeded.
Apr 14 10:10:06 ICTM1612S02H1 systemd-udevd[3113]: creating link '/dev/disk/by-id/wwn-0x60080e5000290b5400008a2f5605fd8a' to '/dev/sdab'
Apr 14 10:10:06 ICTM1612S02H1 systemd-udevd[3110]: IMPORT '/usr/bin/sg_inq --export /dev/sdat' /lib/udev/rules.d/55-scsi-sg3_id.rules:10
Apr 14 10:10:06 ICTM1612S02H1 systemd-udevd[3145]: ATTR '/sys/devices/platform/host16/session1/target16:0:0/16:0:0:4/block/sdad/queue/max_sectors_kb' writing '32767' /etc/udev/rules.d/99-largeio-udev.rules:1
Apr 14 10:10:06 ICTM1612S02H1 systemd-udevd[1486]: passed 138 byte device to netlink monitor 0x565114712ae0
Apr 14 10:10:06 ICTM1612S02H1 systemd-udevd[3106]: '/usr/bin/sg_inq --export --page=di /dev/sdbk'(out) 'SCSI_IDENT_PORT_RELATIVE=4'
Apr 14 10:10:06 ICTM1612S02H1 systemd-udevd[3127]: Process '/usr/bin/sg_inq --export --page=sn /dev/sdbm' succeeded.
Apr 14 10:10:06 ICTM1612S02H1 systemd-udevd[3106]: Process '/usr/bin/sg_inq --export --page=di /dev/sdbk' succeeded.
Apr 14 10:10:06 ICTM1612S02H1 systemd-udevd[3118]: GROUP 6 /lib/udev/rules.d/50-udev-default.rules:55
Apr 14 10:10:06 ICTM1612S02H1 systemd-udevd[3131]: IMPORT '/usr/bin/sg_inq --export --page=di /dev/sdas' /lib/udev/rules.d/55-scsi-sg3_id.rules:21
Apr 14 10:10:06 ICTM1612S02H1 systemd-udevd[3123]: value '[dmi/id]sys_vendor' is 'Dell Inc.'
Apr 14 10:10:06 ICTM1612S02H1 systemd-udevd[3102]: IMPORT builtin 'hwdb' returned non-zero
Apr 14 10:10:06 ICTM1612S02H1 systemd-udevd[3113]: atomically replace '/dev/disk/by-id/wwn-0x60080e5000290b5400008a2f5605fd8a'
Apr 14 10:10:06 ICTM1612S02H1 systemd-udevd[3142]: PROGRAM '/sbin/multipath -c /dev/sdbf' /lib/udev/rules.d/56-dm-mpath-lvm.rules:21
Apr 14 10:10:06 ICTM1612S02H1 systemd-udevd[3145]: handling device node '/dev/sdad', devnum=b65:208, mode=0660, uid=0, gid=6
Apr 14 10:10:06 ICTM1612S02H1 systemd-udevd[1486]: seq 5222 queued, 'add' 'scsi_disk'
Apr 14 10:10:06 ICTM1612S02H1 systemd-udevd[1486]: seq 5223 queued, 'add' 'scsi_device'
Apr 14 10:10:06 ICTM1612S02H1 systemd-udevd[3127]: IMPORT '/usr/bin/sg_inq --export --page=di /dev/sdbm' /lib/udev/rules.d/55-scsi-sg3_id.rules:21
Apr 14 10:10:06 ICTM1612S02H1 systemd-udevd[1486]: seq 5224 queued, 'add' 'scsi_generic'
Apr 14 10:10:06 ICTM1612S02H1 systemd-udevd[1486]: seq 5225 queued, 'add' 'bsg'
Apr 14 10:10:06 ICTM1612S02H1 systemd-udevd[3146]: '/usr/bin/sg_inq --export --page=di /dev/sdbj'(out) 'SCSI_IDENT_LUN_NAA=60080e500034153e0000ed065605faa2'
Apr 14 10:10:06 ICTM1612S02H1 systemd-udevd[3123]: value '[dmi/id]sys_vendor' is 'Dell Inc.'
Apr 14 10:10:06 ICTM1612S02H1 systemd-udevd[3668]: starting '/sbin/multipath -c /dev/sdbf'
Apr 14 10:10:06 ICTM1612S02H1 systemd-udevd[3123]: passed device to netlink monitor 0x565114758870
Apr 14 10:10:06 ICTM1612S02H1 systemd-udevd[3145]: set permissions /dev/sdad, 060660, uid=0, gid=6
Apr 14 10:10:06 ICTM1612S02H1 systemd-udevd[3145]: creating symlink '/dev/block/65:208' to '../sdad'
Apr 14 10:10:06 ICTM1612S02H1 systemd-udevd[3090]: seq 5213 processed
Apr 14 10:10:06 ICTM1612S02H1 systemd-udevd[3118]: IMPORT '/usr/bin/sg_inq --export /dev/sdav' /lib/udev/rules.d/55-scsi-sg3_id.rules:10
Apr 14 10:10:06 ICTM1612S02H1 systemd-udevd[3667]: starting '/usr/bin/sg_inq --export --page=di /dev/sdas'
Apr 14 10:10:06 ICTM1612S02H1 systemd-udevd[3106]: PROGRAM '/sbin/multipath -c /dev/sdbk' /lib/udev/rules.d/56-dm-mpath-lvm.rules:21
Apr 14 10:10:06 ICTM1612S02H1 systemd-udevd[3146]: '/usr/bin/sg_inq --export --page=di /dev/sdbj'(out) 'SCSI_IDENT_PORT_RELATIVE=32771'
Apr 14 10:10:06 ICTM1612S02H1 systemd-udevd[1486]: seq 5226 queued, 'add' 'bdi'
Apr 14 10:10:06 ICTM1612S02H1 systemd-udevd[3102]: path '[module/sg](null)' is '/sys/module/sg'
Apr 14 10:10:06 ICTM1612S02H1 systemd-udevd[3123]: seq 5221 processed
Apr 14 10:10:06 ICTM1612S02H1 systemd-udevd[3113]: creating link '/dev/disk/by-path/ip-fe80:0000:0000:0000:0192:0012:0021:0112:3260-iscsi-iqn.1992-08.com.netapp:5504.60080e5000290924000000005525f5de-lun-2' to '/dev/sdab'
Apr 14 10:10:06 ICTM1612S02H1 systemd-udevd[3666]: starting '/usr/bin/sg_inq --export /dev/sdat'
Apr 14 10:10:06 ICTM1612S02H1 systemd-udevd[3145]: creating link '/dev/disk/by-id/scsi-360080e5000290b5400008a315605fd95' to '/dev/sdad'
Apr 14 10:10:06 ICTM1612S02H1 systemd-udevd[3669]: starting '/usr/bin/sg_inq --export --page=di /dev/sdbm'
Apr 14 10:10:06 ICTM1612S02H1 systemd-udevd[3670]: starting '/usr/bin/sg_inq --export /dev/sdav'
Apr 14 10:10:06 ICTM1612S02H1 systemd-udevd[1486]: passed 139 byte device to netlink monitor 0x565114712ae0
Apr 14 10:10:06 ICTM1612S02H1 systemd-udevd[3102]: RUN 'kmod load $env{MODALIAS}' /lib/udev/rules.d/80-drivers.rules:5
Apr 14 10:10:06 ICTM1612S02H1 systemd-udevd[3102]: Execute 'load' 'scsi:t-0x00'
Apr 14 10:10:06 ICTM1612S02H1 systemd-udevd[3113]: creating symlink '/dev/disk/by-path/ip-fe80:0000:0000:0000:0192:0012:0021:0112:3260-iscsi-iqn.1992-08.com.netapp:5504.60080e5000290924000000005525f5de-lun-2' to '../../sdab'
Apr 14 10:10:06 ICTM1612S02H1 systemd-udevd[3145]: creating symlink '/dev/disk/by-id/scsi-360080e5000290b5400008a315605fd95' to '../../sdad'
Apr 14 10:10:06 ICTM1612S02H1 systemd-udevd[3146]: Process '/usr/bin/sg_inq --export --page=di /dev/sdbj' succeeded.
Apr 14 10:10:06 ICTM1612S02H1 systemd-udevd[1486]: passed 192 byte device to netlink monitor 0x565114712ae0
Apr 14 10:10:06 ICTM1612S02H1 systemd-udevd[3671]: starting '/sbin/multipath -c /dev/sdbk'
Apr 14 10:10:06 ICTM1612S02H1 systemd-udevd[3138]: seq 5226 running
Apr 14 10:10:06 ICTM1612S02H1 systemd-udevd[3090]: seq 5214 running
Apr 14 10:10:06 ICTM1612S02H1 systemd-udevd[3102]: No module matches 'scsi:t-0x00'
Apr 14 10:10:06 ICTM1612S02H1 systemd-udevd[3102]: passed device to netlink monitor 0x5651147277a0
Apr 14 10:10:06 ICTM1612S02H1 systemd-udevd[3145]: found 'b65:32' claiming '/run/udev/links/\x2fdisk\x2fby-id\x2fscsi-SNETAPP_INF-01-00_SR21500247'
Apr 14 10:10:06 ICTM1612S02H1 systemd-udevd[1486]: passed 196 byte device to netlink monitor 0x565114712ae0
Apr 14 10:10:06 ICTM1612S02H1 systemd-udevd[3113]: created db file '/run/udev/data/b65:176' for '/devices/platform/host18/session3/target18:0:0/18:0:0:2/block/sdab'
Apr 14 10:10:06 ICTM1612S02H1 systemd-udevd[3113]: adding watch on '/dev/sdab'
Apr 14 10:10:06 ICTM1612S02H1 systemd-udevd[3123]: seq 5215 running
Apr 14 10:10:06 ICTM1612S02H1 systemd-udevd[3236]: '/usr/bin/sg_inq --export --page=di /dev/sdbc'(out) 'SCSI_IDENT_LUN_NAA=60080e50003415e6000014755605f7c7'
Apr 14 10:10:06 ICTM1612S02H1 systemd-udevd[3102]: seq 5220 processed
Apr 14 10:10:06 ICTM1612S02H1 systemd-udevd[1486]: passed 230 byte device to netlink monitor 0x565114712ae0
Apr 14 10:10:06 ICTM1612S02H1 systemd-udevd[3112]: seq 5217 running
Apr 14 10:10:06 ICTM1612S02H1 systemd-udevd[3139]: seq 5219 running
Apr 14 10:10:06 ICTM1612S02H1 systemd-udevd[3138]: value '[dmi/id]sys_vendor' is 'Dell Inc.'
Apr 14 10:10:06 ICTM1612S02H1 systemd-udevd[3236]: '/usr/bin/sg_inq --export --page=di /dev/sdbc'(out) 'SCSI_IDENT_PORT_RELATIVE=32771'
Apr 14 10:10:06 ICTM1612S02H1 systemd-udevd[3113]: created db file '/run/udev/data/b65:176' for '/devices/platform/host18/session3/target18:0:0/18:0:0:2/block/sdab'
Apr 14 10:10:06 ICTM1612S02H1 systemd-udevd[1486]: passed 226 byte device to netlink monitor 0x565114712ae0
Apr 14 10:10:06 ICTM1612S02H1 systemd-udevd[3146]: PROGRAM '/sbin/multipath -c /dev/sdbj' /lib/udev/rules.d/56-dm-mpath-lvm.rules:21
Apr 14 10:10:06 ICTM1612S02H1 systemd-udevd[3145]: found 'b8:240' claiming '/run/udev/links/\x2fdisk\x2fby-id\x2fscsi-SNETAPP_INF-01-00_SR21500247'
Apr 14 10:10:06 ICTM1612S02H1 systemd-udevd[3236]: Process '/usr/bin/sg_inq --export --page=di /dev/sdbc' succeeded.
Apr 14 10:10:06 ICTM1612S02H1 systemd-udevd[1486]: seq 5227 queued, 'add' 'bdi'
Apr 14 10:10:06 ICTM1612S02H1 systemd-udevd[3090]: value '[dmi/id]sys_vendor' is 'Dell Inc.'
Apr 14 10:10:06 ICTM1612S02H1 systemd-udevd[3113]: passed device to netlink monitor 0x565114729780
Apr 14 10:10:06 ICTM1612S02H1 systemd-udevd[3138]: value '[dmi/id]sys_vendor' is 'Dell Inc.'
Apr 14 10:10:06 ICTM1612S02H1 systemd[1]: dev-disk-by\x2did-scsi\x2d360080e5000290b5400008a2f5605fd8a.device: Dev dev-disk-by\x2did-scsi\x2d360080e5000290b5400008a2f5605fd8a.device appeared twice with different sysfs paths /sys/devices/platform/host16/session1/target16:0:0/16:0:0:2/block/sdh and /sys/devices/platform/host18/session3/target18:0:0/18:0:0:2/block/sdab
Apr 14 10:10:06 ICTM1612S02H1 systemd-udevd[3127]: '/usr/bin/sg_inq --export --page=di /dev/sdbm'(out) 'SCSI_IDENT_LUN_NAA=60080e50003415e6000014775605f7d5'
Apr 14 10:10:06 ICTM1612S02H1 systemd-udevd[3131]: '/usr/bin/sg_inq --export --page=di /dev/sdas'(out) 'SCSI_IDENT_LUN_NAA=60080e500029092400008d545605f9a0'
Apr 14 10:10:06 ICTM1612S02H1 systemd-udevd[3123]: value '[dmi/id]sys_vendor' is 'Dell Inc.'
Apr 14 10:10:06 ICTM1612S02H1 systemd-udevd[3139]: value '[dmi/id]sys_vendor' is 'Dell Inc.'
Apr 14 10:10:06 ICTM1612S02H1 systemd-udevd[3112]: value '[dmi/id]sys_vendor' is 'Dell Inc.'
Apr 14 10:10:06 ICTM1612S02H1 systemd-udevd[1486]: passed 138 byte device to netlink monitor 0x565114712ae0
Apr 14 10:10:06 ICTM1612S02H1 systemd-udevd[1486]: passed 192 byte device to netlink monitor 0x565114712ae0
Apr 14 10:10:06 ICTM1612S02H1 systemd-udevd[3102]: seq 5222 running
Apr 14 10:10:06 ICTM1612S02H1 systemd-udevd[3236]: PROGRAM '/sbin/multipath -c /dev/sdbc' /lib/udev/rules.d/56-dm-mpath-lvm.rules:21
Apr 14 10:10:06 ICTM1612S02H1 systemd-udevd[3123]: value '[dmi/id]sys_vendor' is 'Dell Inc.'
Apr 14 10:10:06 ICTM1612S02H1 systemd-udevd[3145]: found 'b8:128' claiming '/run/udev/links/\x2fdisk\x2fby-id\x2fscsi-SNETAPP_INF-01-00_SR21500247'
Apr 14 10:10:06 ICTM1612S02H1 systemd-udevd[3113]: seq 5102 processed
Apr 14 10:10:06 ICTM1612S02H1 systemd-udevd[3138]: passed device to netlink monitor 0x565114778170
Apr 14 10:10:06 ICTM1612S02H1 systemd[1]: dev-disk-by\x2did-scsi\x2dSNETAPP_INF\x2d01\x2d00_SR21500107.device: Dev dev-disk-by\x2did-scsi\x2dSNETAPP_INF\x2d01\x2d00_SR21500107.device appeared twice with different sysfs paths /sys/devices/platform/host17/session2/target17:0:0/17:0:0:1/block/sdg and /sys/devices/platform/host18/session3/target18:0:0/18:0:0:2/block/sdab
Apr 14 10:10:06 ICTM1612S02H1 kernel: [ 56.580445] sd 18:0:0:127: [sdhq] Write Protect is off
Apr 14 10:10:06 ICTM1612S02H1 kernel: [ 56.580449] sd 18:0:0:127: [sdhq] Mode Sense: 83 00 10 08
Apr 14 10:10:06 ICTM1612S02H1 kernel: [ 56.581661] sd 18:0:0:127: [sdhq] Write cache: enabled, read cache: enabled, supports DPO and FUA
Apr 14 10:10:06 ICTM1612S02H1 systemd-udevd[3127]: '/usr/bin/sg_inq --export --page=di /dev/sdbm'(out) 'SCSI_IDENT_PORT_RELATIVE=3'
Apr 14 10:10:06 ICTM1612S02H1 systemd-udevd[3131]: '/usr/bin/sg_inq --export --page=di /dev/sdas'(out) 'SCSI_IDENT_PORT_RELATIVE=1'
Apr 14 10:10:06 ICTM1612S02H1 systemd-udevd[3127]: Process '/usr/bin/sg_inq --export --page=di /dev/sdbm' succeeded.
Apr 14 10:10:06 ICTM1612S02H1 systemd-udevd[1486]: passed 196 byte device to netlink monitor 0x565114712ae0
Apr 14 10:10:06 ICTM1612S02H1 systemd-udevd[3673]: starting '/sbin/multipath -c /dev/sdbj'
Apr 14 10:10:06 ICTM1612S02H1 systemd-udevd[3106]: '/sbin/multipath -c /dev/sdbk'(out) '/dev/sdbk is not a valid multipath device path'
Apr 14 10:10:06 ICTM1612S02H1 systemd-udevd[3106]: Process '/sbin/multipath -c /dev/sdbk' failed with exit code 1.
Apr 14 10:10:06 ICTM1612S02H1 systemd-udevd[3134]: seq 5223 running
Apr 14 10:10:06 ICTM1612S02H1 systemd-udevd[3138]: seq 5226 processed
Apr 14 10:10:06 ICTM1612S02H1 systemd-udevd[3145]: found 'b8:112' claiming '/run/udev/links/\x2fdisk\x2fby-id\x2fscsi-SNETAPP_INF-01-00_SR21500247'
Apr 14 10:10:06 ICTM1612S02H1 systemd[1]: dev-disk-by\x2did-wwn\x2d0x60080e5000290b5400008a2f5605fd8a.device: Dev dev-disk-by\x2did-wwn\x2d0x60080e5000290b5400008a2f5605fd8a.device appeared twice with different sysfs paths /sys/devices/platform/host16/session1/target16:0:0/16:0:0:2/block/sdh and /sys/devices/platform/host18/session3/target18:0:0/18:0:0:2/block/sdab
Apr 14 10:10:06 ICTM1612S02H1 systemd-udevd[3139]: value '[dmi/id]sys_vendor' is 'Dell Inc.'
Apr 14 10:10:06 ICTM1612S02H1 systemd-udevd[3112]: value '[dmi/id]sys_vendor' is 'Dell Inc.'
Apr 14 10:10:06 ICTM1612S02H1 systemd-udevd[3124]: seq 5227 running
Apr 14 10:10:06 ICTM1612S02H1 systemd-udevd[3131]: Process '/usr/bin/sg_inq --export --page=di /dev/sdas' succeeded.
Apr 14 10:10:06 ICTM1612S02H1 systemd-udevd[1486]: passed 230 byte device to netlink monitor 0x565114712ae0
Apr 14 10:10:06 ICTM1612S02H1 systemd-udevd[1486]: passed 226 byte device to netlink monitor 0x565114712ae0
Apr 14 10:10:06 ICTM1612S02H1 systemd-udevd[3117]: seq 5224 running
Apr 14 10:10:06 ICTM1612S02H1 systemd-udevd[3127]: PROGRAM '/sbin/multipath -c /dev/sdbm' /lib/udev/rules.d/56-dm-mpath-lvm.rules:21
Apr 14 10:10:06 ICTM1612S02H1 systemd-udevd[3090]: value '[dmi/id]sys_vendor' is 'Dell Inc.'
Apr 14 10:10:06 ICTM1612S02H1 systemd-udevd[3145]: found 'b8:48' claiming '/run/udev/links/\x2fdisk\x2fby-id\x2fscsi-SNETAPP_INF-01-00_SR21500247'
Apr 14 10:10:06 ICTM1612S02H1 systemd-udevd[3123]: passed device to netlink monitor 0x565114758870
Apr 14 10:10:06 ICTM1612S02H1 systemd-udevd[3110]: '/usr/bin/sg_inq --export /dev/sdat'(out) 'SCSI_TPGS=0'
Apr 14 10:10:06 ICTM1612S02H1 systemd-udevd[3131]: PROGRAM '/sbin/multipath -c /dev/sdas' /lib/udev/rules.d/56-dm-mpath-lvm.rules:21
