Apr 14 10:10:06 ICTM1612S02H1 kernel: [ 56.404546] scsi 23:0:0:152: Direct-Access NETAPP INF-01-00 9825 PQ: 0 ANSI: 5
Apr 14 10:10:06 ICTM1612S02H1 kernel: [ 56.404549] sd 23:0:0:151: [sdeq] 4194304 512-byte logical blocks: (2.15 GB/2.00 GiB)
Apr 14 10:10:06 ICTM1612S02H1 kernel: [ 56.404580] sd 19:0:0:12: [sdee] Write Protect is off
Apr 14 10:10:06 ICTM1612S02H1 kernel: [ 56.404582] sd 19:0:0:12: [sdee] Mode Sense: 83 00 10 08
Apr 14 10:10:06 ICTM1612S02H1 kernel: [ 56.404636] sd 18:0:0:6: [sdbv] Attached SCSI disk
Apr 14 10:10:06 ICTM1612S02H1 kernel: [ 56.404644] sd 19:0:0:13: [sdeo] 4194304 512-byte logical blocks: (2.15 GB/2.00 GiB)
Apr 14 10:10:06 ICTM1612S02H1 kernel: [ 56.404705] scsi 20:0:0:154: Direct-Access NETAPP INF-01-00 9825 PQ: 0 ANSI: 5
Apr 14 10:10:06 ICTM1612S02H1 kernel: [ 56.404807] sd 18:0:0:10: [sdeb] Write cache: enabled, read cache: enabled, supports DPO and FUA
Apr 14 10:10:06 ICTM1612S02H1 kernel: [ 56.404824] sd 16:0:0:13: [sdea] Write cache: enabled, read cache: enabled, supports DPO and FUA
Apr 14 10:10:06 ICTM1612S02H1 kernel: [ 56.404921] sd 20:0:0:153: [sder] 37748736 512-byte logical blocks: (19.3 GB/18.0 GiB)
Apr 14 10:10:06 ICTM1612S02H1 kernel: [ 56.404971] sd 17:0:0:12: [sdeg] Write Protect is off
Apr 14 10:10:06 ICTM1612S02H1 kernel: [ 56.404975] sd 17:0:0:12: [sdeg] Mode Sense: 83 00 10 08
Apr 14 10:10:06 ICTM1612S02H1 kernel: [ 56.404982] sd 22:0:0:148: [sddf] Attached SCSI disk
Apr 14 10:10:06 ICTM1612S02H1 kernel: [ 56.405095] sd 22:0:0:145: [sdco] Attached SCSI disk
Apr 14 10:10:06 ICTM1612S02H1 kernel: [ 56.405121] scsi 19:0:0:14: Direct-Access NETAPP INF-01-00 9820 PQ: 0 ANSI: 5
Apr 14 10:10:06 ICTM1612S02H1 kernel: [ 56.405230] sd 21:0:0:149: [sdeh] Write cache: enabled, read cache: enabled, supports DPO and FUA
Apr 14 10:10:06 ICTM1612S02H1 kernel: [ 56.405531] sd 22:0:0:144: [sdcg] Attached SCSI disk
Apr 14 10:10:06 ICTM1612S02H1 kernel: [ 56.405586] sd 17:0:0:13: [sdep] 4194304 512-byte logical blocks: (2.15 GB/2.00 GiB)
Apr 14 10:10:06 ICTM1612S02H1 kernel: [ 56.405712] scsi 22:0:0:156: Direct-Access NETAPP INF-01-00 9825 PQ: 0 ANSI: 5
Apr 14 10:10:06 ICTM1612S02H1 kernel: [ 56.405898] sd 20:0:0:144: [sdcp] Attached SCSI disk
Apr 14 10:10:06 ICTM1612S02H1 kernel: [ 56.405960] sd 22:0:0:155: [sdes] 37748736 512-byte logical blocks: (19.3 GB/18.0 GiB)
Apr 14 10:10:06 ICTM1612S02H1 kernel: [ 56.406193] sd 23:0:0:146: [sddj] Attached SCSI disk
Apr 14 10:10:06 ICTM1612S02H1 kernel: [ 56.406244] sd 20:0:0:152: [sdek] Write Protect is off
Apr 14 10:10:06 ICTM1612S02H1 kernel: [ 56.406248] sd 20:0:0:152: [sdek] Mode Sense: 83 00 10 08
Apr 14 10:10:06 ICTM1612S02H1 kernel: [ 56.406264] sd 23:0:0:144: [sdcz] Attached SCSI disk
Apr 14 10:10:06 ICTM1612S02H1 systemd-udevd[3120]: creating link '/dev/disk/by-id/wwn-0x60080e5000290b5400008a2d5605fd7e' to '/dev/sdb'
Apr 14 10:10:06 ICTM1612S02H1 systemd-udevd[3102]: created empty file '/run/udev/data/c249:34' for '/devices/platform/host23/session8/target23:0:0/23:0:0:132/bsg/23:0:0:132'
Apr 14 10:10:06 ICTM1612S02H1 systemd-udevd[3102]: passed device to netlink monitor 0x5651147277a0
Apr 14 10:10:06 ICTM1612S02H1 systemd-udevd[3360]: starting '/usr/bin/sg_inq --export --page=di /dev/sdg'
Apr 14 10:10:06 ICTM1612S02H1 systemd-udevd[3119]: LINK 'disk/by-id/scsi-360080e5000290b5400008a2d5605fd7e' /lib/udev/rules.d/60-persistent-storage.rules:36
Apr 14 10:10:06 ICTM1612S02H1 systemd-udevd[3127]: seq 4814 processed
Apr 14 10:10:06 ICTM1612S02H1 systemd-udevd[3068]: LINK 'disk/by-id/scsi-360080e5000290b5400008a2d5605fd7e' /lib/udev/rules.d/60-persistent-storage.rules:36
Apr 14 10:10:06 ICTM1612S02H1 systemd-udevd[3120]: creating symlink '/dev/disk/by-id/wwn-0x60080e5000290b5400008a2d5605fd7e' to '../../sdb'
Apr 14 10:10:06 ICTM1612S02H1 systemd-udevd[3120]: creating link '/dev/disk/by-path/ip-fe80:0000:0000:0000:0192:0012:0021:0111:3260-iscsi-iqn.1992-08.com.netapp:5504.60080e5000290924000000005525f5de-lun-0' to '/dev/sdb'
Apr 14 10:10:06 ICTM1612S02H1 systemd-udevd[1486]: passed 231 byte device to netlink monitor 0x565114712ae0
Apr 14 10:10:06 ICTM1612S02H1 systemd-udevd[3102]: seq 4811 processed
Apr 14 10:10:06 ICTM1612S02H1 systemd-udevd[3074]: creating symlink '/dev/char/21:30' to '../sg30'
Apr 14 10:10:06 ICTM1612S02H1 systemd-udevd[3135]: value '[dmi/id]sys_vendor' is 'Dell Inc.'
Apr 14 10:10:06 ICTM1612S02H1 systemd-udevd[3074]: created empty file '/run/udev/data/c21:30' for '/devices/platform/host23/session8/target23:0:0/23:0:0:132/scsi_generic/sg30'
Apr 14 10:10:06 ICTM1612S02H1 systemd-udevd[3068]: IMPORT builtin 'path_id' /lib/udev/rules.d/60-persistent-storage.rules:54
Apr 14 10:10:06 ICTM1612S02H1 systemd-udevd[3118]: GROUP 6 /lib/udev/rules.d/50-udev-default.rules:63
Apr 14 10:10:06 ICTM1612S02H1 systemd-udevd[3120]: creating symlink '/dev/disk/by-path/ip-fe80:0000:0000:0000:0192:0012:0021:0111:3260-iscsi-iqn.1992-08.com.netapp:5504.60080e5000290924000000005525f5de-lun-0' to '../../sdb'
Apr 14 10:10:06 ICTM1612S02H1 systemd-udevd[3119]: IMPORT builtin 'path_id' /lib/udev/rules.d/60-persistent-storage.rules:54
Apr 14 10:10:06 ICTM1612S02H1 systemd-udevd[1486]: seq 4817 queued, 'add' 'scsi'
Apr 14 10:10:06 ICTM1612S02H1 systemd-udevd[3120]: created db file '/run/udev/data/b8:16' for '/devices/platform/host16/session1/target16:0:0/16:0:0:0/block/sdb'
Apr 14 10:10:06 ICTM1612S02H1 systemd-udevd[3135]: value '[dmi/id]sys_vendor' is 'Dell Inc.'
Apr 14 10:10:06 ICTM1612S02H1 systemd-udevd[3118]: handling device node '/dev/sg31', devnum=c21:31, mode=0660, uid=0, gid=6
Apr 14 10:10:06 ICTM1612S02H1 systemd-udevd[1486]: passed 211 byte device to netlink monitor 0x565114712ae0
Apr 14 10:10:06 ICTM1612S02H1 systemd-udevd[3236]: seq 4817 running
Apr 14 10:10:06 ICTM1612S02H1 systemd-udevd[3074]: passed device to netlink monitor 0x565114714100
Apr 14 10:10:06 ICTM1612S02H1 systemd-udevd[3118]: set permissions /dev/sg31, 020660, uid=0, gid=6
Apr 14 10:10:06 ICTM1612S02H1 systemd-udevd[3135]: handling device node '/dev/bsg/21:0:0:132', devnum=c249:35, mode=0600, uid=0, gid=0
Apr 14 10:10:06 ICTM1612S02H1 systemd-udevd[3068]: LINK 'disk/by-path/ip-fe80:0000:0000:0000:0192:0012:0022:0112:3260-iscsi-iqn.1992-08.com.netapp:5504.60080e5000290924000000005525f5de-lun-0' /lib/udev/rules.d/60-persistent-storage.rules:55
Apr 14 10:10:06 ICTM1612S02H1 systemd-udevd[1486]: seq 4818 queued, 'add' 'scsi_disk'
Apr 14 10:10:06 ICTM1612S02H1 systemd-udevd[3074]: seq 4810 processed
Apr 14 10:10:06 ICTM1612S02H1 systemd-udevd[3119]: LINK 'disk/by-path/ip-fe80:0000:0000:0000:0192:0012:0021:0112:3260-iscsi-iqn.1992-08.com.netapp:5504.60080e5000290924000000005525f5de-lun-0' /lib/udev/rules.d/60-persistent-storage.rules:55
Apr 14 10:10:06 ICTM1612S02H1 systemd-udevd[3118]: creating symlink '/dev/char/21:31' to '../sg31'
Apr 14 10:10:06 ICTM1612S02H1 systemd-udevd[3365]: starting '/lib/udev/hdparm'
Apr 14 10:10:06 ICTM1612S02H1 systemd-udevd[3135]: preserve permissions /dev/bsg/21:0:0:132, 020600, uid=0, gid=0
Apr 14 10:10:06 ICTM1612S02H1 systemd-udevd[3068]: IMPORT builtin 'blkid' /lib/udev/rules.d/60-persistent-storage.rules:66
Apr 14 10:10:06 ICTM1612S02H1 systemd-udevd[3236]: value '[dmi/id]sys_vendor' is 'Dell Inc.'
Apr 14 10:10:06 ICTM1612S02H1 systemd-udevd[1486]: seq 4819 queued, 'add' 'scsi_device'
Apr 14 10:10:06 ICTM1612S02H1 systemd-udevd[3068]: probe /dev/sdc raid offset=0
Apr 14 10:10:06 ICTM1612S02H1 systemd-udevd[1486]: seq 4820 queued, 'add' 'scsi_generic'
Apr 14 10:10:06 ICTM1612S02H1 kernel: [ 56.406491] scsi 17:0:0:14: Direct-Access NETAPP INF-01-00 9820 PQ: 0 ANSI: 5
Apr 14 10:10:06 ICTM1612S02H1 kernel: [ 56.406498] sd 23:0:0:150: [sdei] Write cache: enabled, read cache: enabled, supports DPO and FUA
Apr 14 10:10:06 ICTM1612S02H1 kernel: [ 56.406722] sd 21:0:0:145: [sddi] Attached SCSI disk
Apr 14 10:10:06 ICTM1612S02H1 kernel: [ 56.406916] sd 21:0:0:151: Attached scsi generic sg155 type 0
Apr 14 10:10:06 ICTM1612S02H1 kernel: [ 56.407234] sd 22:0:0:154: [sdej] Write Protect is off
Apr 14 10:10:06 ICTM1612S02H1 kernel: [ 56.407238] sd 22:0:0:154: [sdej] Mode Sense: 83 00 10 08
Apr 14 10:10:06 ICTM1612S02H1 kernel: [ 56.407506] sd 21:0:0:144: [sddc] Attached SCSI disk
Apr 14 10:10:06 ICTM1612S02H1 systemd-udevd[3135]: creating symlink '/dev/char/249:35' to '../bsg/21:0:0:132'
Apr 14 10:10:06 ICTM1612S02H1 systemd-udevd[3236]: value '[dmi/id]sys_vendor' is 'Dell Inc.'
Apr 14 10:10:06 ICTM1612S02H1 systemd-udevd[3119]: IMPORT builtin 'blkid' /lib/udev/rules.d/60-persistent-storage.rules:66
Apr 14 10:10:06 ICTM1612S02H1 systemd-udevd[3118]: created empty file '/run/udev/data/c21:31' for '/devices/platform/host21/session6/target21:0:0/21:0:0:132/scsi_generic/sg31'
Apr 14 10:10:06 ICTM1612S02H1 systemd-udevd[1486]: seq 4821 queued, 'add' 'bsg'
Apr 14 10:10:06 ICTM1612S02H1 systemd-udevd[3135]: created empty file '/run/udev/data/c249:35' for '/devices/platform/host21/session6/target21:0:0/21:0:0:132/bsg/21:0:0:132'
Apr 14 10:10:06 ICTM1612S02H1 systemd-udevd[3236]: IMPORT builtin 'hwdb' /lib/udev/rules.d/50-udev-default.rules:15
Apr 14 10:10:06 ICTM1612S02H1 systemd-udevd[3118]: passed device to netlink monitor 0x5651147290e0
Apr 14 10:10:06 ICTM1612S02H1 systemd-udevd[3135]: passed device to netlink monitor 0x56511476c140
Apr 14 10:10:06 ICTM1612S02H1 systemd-udevd[1486]: seq 4822 queued, 'add' 'bdi'
Apr 14 10:10:06 ICTM1612S02H1 systemd-udevd[3145]: '/usr/bin/sg_inq --export --page=sn /dev/sdh'(out) 'SCSI_IDENT_SERIAL=SR21500247'
Apr 14 10:10:06 ICTM1612S02H1 kernel: [ 56.408017] sd 16:0:0:15: Attached scsi generic sg156 type 0
Apr 14 10:10:06 ICTM1612S02H1 kernel: [ 56.408133] sd 20:0:0:154: Attached scsi generic sg157 type 0
Apr 14 10:10:06 ICTM1612S02H1 kernel: [ 56.408241] sd 20:0:0:152: [sdek] Write cache: enabled, read cache: enabled, supports DPO and FUA
Apr 14 10:10:06 ICTM1612S02H1 kernel: [ 56.408350] sd 23:0:0:152: Attached scsi generic sg158 type 0
Apr 14 10:10:06 ICTM1612S02H1 systemd-udevd[3119]: probe /dev/sdf raid offset=0
Apr 14 10:10:06 ICTM1612S02H1 systemd-udevd[3118]: seq 4815 processed
Apr 14 10:10:06 ICTM1612S02H1 systemd-udevd[3236]: IMPORT builtin 'hwdb' returned non-zero
Apr 14 10:10:06 ICTM1612S02H1 systemd-udevd[3135]: seq 4816 processed
Apr 14 10:10:06 ICTM1612S02H1 systemd-udevd[1486]: passed 138 byte device to netlink monitor 0x565114712ae0
Apr 14 10:10:06 ICTM1612S02H1 systemd-udevd[3130]: seq 4822 running
Apr 14 10:10:06 ICTM1612S02H1 systemd-udevd[1486]: seq 4823 queued, 'add' 'scsi'
Apr 14 10:10:06 ICTM1612S02H1 systemd-udevd[3135]: seq 4823 running
Apr 14 10:10:06 ICTM1612S02H1 systemd-udevd[3145]: Process '/usr/bin/sg_inq --export --page=sn /dev/sdh' succeeded.
Apr 14 10:10:06 ICTM1612S02H1 systemd-udevd[1486]: passed 209 byte device to netlink monitor 0x565114712ae0
Apr 14 10:10:06 ICTM1612S02H1 systemd-udevd[3236]: path '[module/sg](null)' is '/sys/module/sg'
Apr 14 10:10:06 ICTM1612S02H1 systemd-udevd[3130]: value '[dmi/id]sys_vendor' is 'Dell Inc.'
Apr 14 10:10:06 ICTM1612S02H1 systemd-udevd[3145]: IMPORT '/usr/bin/sg_inq --export --page=di /dev/sdh' /lib/udev/rules.d/55-scsi-sg3_id.rules:21
Apr 14 10:10:06 ICTM1612S02H1 systemd-udevd[3135]: value '[dmi/id]sys_vendor' is 'Dell Inc.'
Apr 14 10:10:06 ICTM1612S02H1 systemd-udevd[3236]: RUN 'kmod load $env{MODALIAS}' /lib/udev/rules.d/80-drivers.rules:5
Apr 14 10:10:06 ICTM1612S02H1 systemd-udevd[1486]: seq 4824 queued, 'add' 'scsi_disk'
Apr 14 10:10:06 ICTM1612S02H1 systemd-udevd[3130]: value '[dmi/id]sys_vendor' is 'Dell Inc.'
Apr 14 10:10:06 ICTM1612S02H1 systemd-udevd[3135]: value '[dmi/id]sys_vendor' is 'Dell Inc.'
Apr 14 10:10:06 ICTM1612S02H1 systemd-udevd[3236]: Execute 'load' 'scsi:t-0x00'
Apr 14 10:10:06 ICTM1612S02H1 systemd-udevd[3090]: '/usr/bin/sg_inq --export --page=di /dev/sdg'(out) 'SCSI_IDENT_LUN_NAA=60080e500029092400008d505605f98b'
Apr 14 10:10:06 ICTM1612S02H1 systemd-udevd[3369]: starting '/usr/bin/sg_inq --export --page=di /dev/sdh'
Apr 14 10:10:06 ICTM1612S02H1 systemd-udevd[3130]: passed device to netlink monitor 0x565114760a80
Apr 14 10:10:06 ICTM1612S02H1 systemd-udevd[3135]: IMPORT builtin 'hwdb' /lib/udev/rules.d/50-udev-default.rules:15
Apr 14 10:10:06 ICTM1612S02H1 systemd-udevd[3236]: No module matches 'scsi:t-0x00'
Apr 14 10:10:06 ICTM1612S02H1 systemd-udevd[3135]: IMPORT builtin 'hwdb' returned non-zero
Apr 14 10:10:06 ICTM1612S02H1 systemd-udevd[1486]: seq 4825 queued, 'add' 'scsi_device'
Apr 14 10:10:06 ICTM1612S02H1 systemd-udevd[3130]: seq 4822 processed
Apr 14 10:10:06 ICTM1612S02H1 systemd-udevd[3236]: passed device to netlink monitor 0x5651147839c0
Apr 14 10:10:06 ICTM1612S02H1 systemd-udevd[3090]: '/usr/bin/sg_inq --export --page=di /dev/sdg'(out) 'SCSI_IDENT_PORT_RELATIVE=32770'
Apr 14 10:10:06 ICTM1612S02H1 systemd-udevd[3135]: path '[module/sg](null)' is '/sys/module/sg'
Apr 14 10:10:06 ICTM1612S02H1 systemd-udevd[1486]: seq 4826 queued, 'add' 'scsi'
Apr 14 10:10:06 ICTM1612S02H1 systemd-udevd[3236]: seq 4817 processed
Apr 14 10:10:06 ICTM1612S02H1 systemd-udevd[3135]: RUN 'kmod load $env{MODALIAS}' /lib/udev/rules.d/80-drivers.rules:5
Apr 14 10:10:06 ICTM1612S02H1 systemd-udevd[3135]: Execute 'load' 'scsi:t-0x00'
Apr 14 10:10:06 ICTM1612S02H1 systemd-udevd[1486]: passed 211 byte device to netlink monitor 0x565114712ae0
Apr 14 10:10:06 ICTM1612S02H1 systemd-udevd[1486]: passed 196 byte device to netlink monitor 0x565114712ae0
Apr 14 10:10:06 ICTM1612S02H1 systemd-udevd[3130]: seq 4819 running
Apr 14 10:10:06 ICTM1612S02H1 systemd-udevd[3135]: No module matches 'scsi:t-0x00'
Apr 14 10:10:06 ICTM1612S02H1 systemd-udevd[3074]: seq 4826 running
Apr 14 10:10:06 ICTM1612S02H1 systemd-udevd[1486]: passed 200 byte device to netlink monitor 0x565114712ae0
Apr 14 10:10:06 ICTM1612S02H1 systemd-udevd[3236]: seq 4818 running
Apr 14 10:10:06 ICTM1612S02H1 systemd-udevd[3090]: Process '/usr/bin/sg_inq --export --page=di /dev/sdg' succeeded.
Apr 14 10:10:06 ICTM1612S02H1 systemd-udevd[3135]: passed device to netlink monitor 0x56511476c140
Apr 14 10:10:06 ICTM1612S02H1 kernel: [ 56.408686] sd 16:0:0:9: [sdcl] Attached SCSI disk
Apr 14 10:10:06 ICTM1612S02H1 kernel: [ 56.408896] sd 19:0:0:12: [sdee] Write cache: enabled, read cache: enabled, supports DPO and FUA
Apr 14 10:10:06 ICTM1612S02H1 systemd-udevd[1486]: passed 232 byte device to netlink monitor 0x565114712ae0
Apr 14 10:10:06 ICTM1612S02H1 kernel: [ 56.409259] scsi 21:0:0:152: Direct-Access NETAPP INF-01-00 9825 PQ: 0 ANSI: 5
Apr 14 10:10:06 ICTM1612S02H1 kernel: [ 56.409284] sd 18:0:0:12: Attached scsi generic sg159 type 0
Apr 14 10:10:06 ICTM1612S02H1 kernel: [ 56.409285] sd 21:0:0:151: [sdet] 4194304 512-byte logical blocks: (2.15 GB/2.00 GiB)
Apr 14 10:10:06 ICTM1612S02H1 kernel: [ 56.409392] sd 21:0:0:150: [sden] Write Protect is off
Apr 14 10:10:06 ICTM1612S02H1 kernel: [ 56.409395] sd 21:0:0:150: [sden] Mode Sense: 83 00 10 08
Apr 14 10:10:06 ICTM1612S02H1 kernel: [ 56.409662] sd 20:0:0:136: [sdau] Attached SCSI disk
Apr 14 10:10:06 ICTM1612S02H1 kernel: [ 56.409747] sd 19:0:0:8: [sdcm] Attached SCSI disk
Apr 14 10:10:06 ICTM1612S02H1 kernel: [ 56.409757] sd 17:0:0:12: [sdeg] Write cache: enabled, read cache: enabled, supports DPO and FUA
Apr 14 10:10:06 ICTM1612S02H1 systemd-udevd[3118]: seq 4821 running
Apr 14 10:10:06 ICTM1612S02H1 systemd-udevd[3135]: seq 4823 processed
Apr 14 10:10:06 ICTM1612S02H1 systemd-udevd[3090]: PROGRAM '/sbin/multipath -c /dev/sdg' /lib/udev/rules.d/56-dm-mpath-lvm.rules:21
Apr 14 10:10:06 ICTM1612S02H1 systemd-udevd[1486]: passed 231 byte device to netlink monitor 0x565114712ae0
Apr 14 10:10:06 ICTM1612S02H1 systemd-udevd[3127]: seq 4820 running
Apr 14 10:10:06 ICTM1612S02H1 systemd-udevd[1486]: seq 4827 queued, 'add' 'scsi_generic'
Apr 14 10:10:06 ICTM1612S02H1 systemd-udevd[1486]: passed 192 byte device to netlink monitor 0x565114712ae0
Apr 14 10:10:06 ICTM1612S02H1 systemd-udevd[1486]: passed 196 byte device to netlink monitor 0x565114712ae0
Apr 14 10:10:06 ICTM1612S02H1 systemd-udevd[3373]: starting '/sbin/multipath -c /dev/sdg'
Apr 14 10:10:06 ICTM1612S02H1 systemd-udevd[3126]: seq 4825 running
Apr 14 10:10:06 ICTM1612S02H1 systemd-udevd[1486]: passed 230 byte device to netlink monitor 0x565114712ae0
Apr 14 10:10:06 ICTM1612S02H1 systemd-udevd[3135]: seq 4824 running
Apr 14 10:10:06 ICTM1612S02H1 systemd-udevd[3102]: seq 4827 running
Apr 14 10:10:06 ICTM1612S02H1 systemd-udevd[3074]: value '[dmi/id]sys_vendor' is 'Dell Inc.'
Apr 14 10:10:06 ICTM1612S02H1 systemd-udevd[3130]: value '[dmi/id]sys_vendor' is 'Dell Inc.'
Apr 14 10:10:06 ICTM1612S02H1 systemd-udevd[1486]: seq 4828 queued, 'add' 'scsi_disk'
Apr 14 10:10:06 ICTM1612S02H1 systemd-udevd[1486]: seq 4829 queued, 'add' 'bsg'
Apr 14 10:10:06 ICTM1612S02H1 systemd-udevd[1486]: passed 225 byte device to netlink monitor 0x565114712ae0
Apr 14 10:10:06 ICTM1612S02H1 systemd-udevd[3074]: value '[dmi/id]sys_vendor' is 'Dell Inc.'
Apr 14 10:10:06 ICTM1612S02H1 systemd-udevd[3113]: seq 4829 running
Apr 14 10:10:06 ICTM1612S02H1 systemd-udevd[3130]: value '[dmi/id]sys_vendor' is 'Dell Inc.'
Apr 14 10:10:06 ICTM1612S02H1 systemd-udevd[3236]: value '[dmi/id]sys_vendor' is 'Dell Inc.'
Apr 14 10:10:06 ICTM1612S02H1 systemd-udevd[3118]: value '[dmi/id]sys_vendor' is 'Dell Inc.'
Apr 14 10:10:06 ICTM1612S02H1 systemd-udevd[3135]: value '[dmi/id]sys_vendor' is 'Dell Inc.'
Apr 14 10:10:06 ICTM1612S02H1 systemd-udevd[3102]: value '[dmi/id]sys_vendor' is 'Dell Inc.'
Apr 14 10:10:06 ICTM1612S02H1 systemd-udevd[3126]: value '[dmi/id]sys_vendor' is 'Dell Inc.'
Apr 14 10:10:06 ICTM1612S02H1 systemd-udevd[3127]: value '[dmi/id]sys_vendor' is 'Dell Inc.'
Apr 14 10:10:06 ICTM1612S02H1 systemd-udevd[1486]: seq 4830 queued, 'add' 'scsi_device'
Apr 14 10:10:06 ICTM1612S02H1 systemd-udevd[3074]: IMPORT builtin 'hwdb' /lib/udev/rules.d/50-udev-default.rules:15
Apr 14 10:10:06 ICTM1612S02H1 systemd-udevd[3145]: '/usr/bin/sg_inq --export --page=di /dev/sdh'(out) 'SCSI_IDENT_LUN_NAA=60080e5000290b5400008a2f5605fd8a'
Apr 14 10:10:06 ICTM1612S02H1 systemd-udevd[3236]: value '[dmi/id]sys_vendor' is 'Dell Inc.'
Apr 14 10:10:06 ICTM1612S02H1 systemd-udevd[1486]: seq 4831 queued, 'add' 'scsi_generic'
Apr 14 10:10:06 ICTM1612S02H1 systemd-udevd[1486]: seq 4832 queued, 'add' 'bsg'
Apr 14 10:10:06 ICTM1612S02H1 systemd-udevd[3074]: IMPORT builtin 'hwdb' returned non-zero
Apr 14 10:10:06 ICTM1612S02H1 systemd-udevd[1486]: seq 4833 queued, 'add' 'scsi'
Apr 14 10:10:06 ICTM1612S02H1 systemd-udevd[1486]: passed 209 byte device to netlink monitor 0x565114712ae0
Apr 14 10:10:06 ICTM1612S02H1 systemd-udevd[3102]: value '[dmi/id]sys_vendor' is 'Dell Inc.'
Apr 14 10:10:06 ICTM1612S02H1 systemd-udevd[3118]: value '[dmi/id]sys_vendor' is 'Dell Inc.'
Apr 14 10:10:06 ICTM1612S02H1 systemd-udevd[3135]: value '[dmi/id]sys_vendor' is 'Dell Inc.'
Apr 14 10:10:06 ICTM1612S02H1 systemd-udevd[3236]: passed device to netlink monitor 0x5651147839c0
Apr 14 10:10:06 ICTM1612S02H1 systemd-udevd[3074]: path '[module/sg](null)' is '/sys/module/sg'
Apr 14 10:10:06 ICTM1612S02H1 systemd-udevd[3126]: value '[dmi/id]sys_vendor' is 'Dell Inc.'
Apr 14 10:10:06 ICTM1612S02H1 systemd-udevd[3145]: '/usr/bin/sg_inq --export --page=di /dev/sdh'(out) 'SCSI_IDENT_PORT_RELATIVE=1'
Apr 14 10:10:06 ICTM1612S02H1 systemd-udevd[1486]: seq 4834 queued, 'add' 'scsi'
Apr 14 10:10:06 ICTM1612S02H1 systemd-udevd[3126]: passed device to netlink monitor 0x565114746ba0
Apr 14 10:10:06 ICTM1612S02H1 systemd-udevd[3127]: value '[dmi/id]sys_vendor' is 'Dell Inc.'
Apr 14 10:10:06 ICTM1612S02H1 systemd-udevd[3130]: passed device to netlink monitor 0x565114760a80
Apr 14 10:10:06 ICTM1612S02H1 systemd-udevd[3236]: seq 4818 processed
Apr 14 10:10:06 ICTM1612S02H1 systemd-udevd[3102]: GROUP 6 /lib/udev/rules.d/50-udev-default.rules:63
Apr 14 10:10:06 ICTM1612S02H1 systemd-udevd[3074]: RUN 'kmod load $env{MODALIAS}' /lib/udev/rules.d/80-drivers.rules:5
Apr 14 10:10:06 ICTM1612S02H1 systemd-udevd[3118]: handling device node '/dev/bsg/22:0:0:133', devnum=c249:36, mode=0600, uid=0, gid=0
Apr 14 10:10:06 ICTM1612S02H1 systemd-udevd[3135]: passed device to netlink monitor 0x56511476c140
Apr 14 10:10:06 ICTM1612S02H1 systemd-udevd[3145]: Process '/usr/bin/sg_inq --export --page=di /dev/sdh' succeeded.
Apr 14 10:10:06 ICTM1612S02H1 systemd-udevd[1486]: passed 211 byte device to netlink monitor 0x565114712ae0
Apr 14 10:10:06 ICTM1612S02H1 systemd-udevd[3145]: PROGRAM '/sbin/multipath -c /dev/sdh' /lib/udev/rules.d/56-dm-mpath-lvm.rules:21
Apr 14 10:10:06 ICTM1612S02H1 systemd-udevd[3126]: seq 4825 processed
Apr 14 10:10:06 ICTM1612S02H1 systemd-udevd[3232]: seq 4834 running
Apr 14 10:10:06 ICTM1612S02H1 systemd-udevd[3130]: seq 4819 processed
Apr 14 10:10:06 ICTM1612S02H1 systemd-udevd[3127]: GROUP 6 /lib/udev/rules.d/50-udev-default.rules:63
Apr 14 10:10:06 ICTM1612S02H1 systemd-udevd[3113]: value '[dmi/id]sys_vendor' is 'Dell Inc.'
Apr 14 10:10:06 ICTM1612S02H1 systemd-udevd[3074]: Execute 'load' 'scsi:t-0x00'
Apr 14 10:10:06 ICTM1612S02H1 systemd-udevd[3118]: preserve permissions /dev/bsg/22:0:0:133, 020600, uid=0, gid=0
Apr 14 10:10:06 ICTM1612S02H1 systemd-udevd[3135]: seq 4824 processed
Apr 14 10:10:06 ICTM1612S02H1 systemd-udevd[3102]: handling device node '/dev/sg33', devnum=c21:33, mode=0660, uid=0, gid=6
Apr 14 10:10:06 ICTM1612S02H1 systemd-udevd[3110]: seq 4833 running
Apr 14 10:10:06 ICTM1612S02H1 systemd-udevd[1486]: seq 4835 queued, 'add' 'scsi_disk'
Apr 14 10:10:06 ICTM1612S02H1 systemd-udevd[3074]: No module matches 'scsi:t-0x00'
Apr 14 10:10:06 ICTM1612S02H1 systemd-udevd[1486]: seq 4836 queued, 'add' 'scsi_device'
Apr 14 10:10:06 ICTM1612S02H1 systemd-udevd[3118]: creating symlink '/dev/char/249:36' to '../bsg/22:0:0:133'
Apr 14 10:10:06 ICTM1612S02H1 systemd-udevd[3118]: created empty file '/run/udev/data/c249:36' for '/devices/platform/host22/session7/target22:0:0/22:0:0:133/bsg/22:0:0:133'
Apr 14 10:10:06 ICTM1612S02H1 systemd-udevd[3382]: starting '/sbin/multipath -c /dev/sdh'
Apr 14 10:10:06 ICTM1612S02H1 systemd-udevd[3113]: value '[dmi/id]sys_vendor' is 'Dell Inc.'
Apr 14 10:10:06 ICTM1612S02H1 systemd-udevd[3102]: set permissions /dev/sg33, 020660, uid=0, gid=6
Apr 14 10:10:06 ICTM1612S02H1 systemd-udevd[3232]: value '[dmi/id]sys_vendor' is 'Dell Inc.'
Apr 14 10:10:06 ICTM1612S02H1 systemd-udevd[3074]: passed device to netlink monitor 0x565114714100
Apr 14 10:10:06 ICTM1612S02H1 systemd-udevd[3127]: handling device node '/dev/sg32', devnum=c21:32, mode=0660, uid=0, gid=6
Apr 14 10:10:06 ICTM1612S02H1 systemd-udevd[1486]: seq 4837 queued, 'add' 'scsi_disk'
Apr 14 10:10:06 ICTM1612S02H1 systemd-udevd[3090]: '/sbin/multipath -c /dev/sdg'(out) '/dev/sdg is not a valid multipath device path'
Apr 14 10:10:06 ICTM1612S02H1 systemd-udevd[3110]: value '[dmi/id]sys_vendor' is 'Dell Inc.'
Apr 14 10:10:06 ICTM1612S02H1 systemd-udevd[3118]: passed device to netlink monitor 0x5651147290e0
Apr 14 10:10:06 ICTM1612S02H1 systemd-udevd[3102]: creating symlink '/dev/char/21:33' to '../sg33'
Apr 14 10:10:06 ICTM1612S02H1 systemd-udevd[3074]: seq 4826 processed
Apr 14 10:10:06 ICTM1612S02H1 systemd-udevd[3232]: value '[dmi/id]sys_vendor' is 'Dell Inc.'
Apr 14 10:10:06 ICTM1612S02H1 systemd-udevd[3127]: set permissions /dev/sg32, 020660, uid=0, gid=6
Apr 14 10:10:06 ICTM1612S02H1 systemd-udevd[3113]: handling device node '/dev/bsg/18:0:0:2', devnum=c249:37, mode=0600, uid=0, gid=0
Apr 14 10:10:06 ICTM1612S02H1 systemd-udevd[1486]: seq 4838 queued, 'add' 'scsi_device'
Apr 14 10:10:06 ICTM1612S02H1 systemd-udevd[3090]: Process '/sbin/multipath -c /dev/sdg' failed with exit code 1.
Apr 14 10:10:06 ICTM1612S02H1 systemd-udevd[3118]: seq 4821 processed
Apr 14 10:10:06 ICTM1612S02H1 systemd-udevd[3110]: value '[dmi/id]sys_vendor' is 'Dell Inc.'
Apr 14 10:10:06 ICTM1612S02H1 systemd-udevd[3102]: created empty file '/run/udev/data/c21:33' for '/devices/platform/host18/session3/target18:0:0/18:0:0:2/scsi_generic/sg33'
Apr 14 10:10:06 ICTM1612S02H1 systemd-udevd[3102]: passed device to netlink monitor 0x5651147277a0
Apr 14 10:10:06 ICTM1612S02H1 systemd-udevd[3127]: creating symlink '/dev/char/21:32' to '../sg32'
Apr 14 10:10:06 ICTM1612S02H1 systemd-udevd[3113]: preserve permissions /dev/bsg/18:0:0:2, 020600, uid=0, gid=0
Apr 14 10:10:06 ICTM1612S02H1 systemd-udevd[1486]: passed 196 byte device to netlink monitor 0x565114712ae0
Apr 14 10:10:06 ICTM1612S02H1 systemd-udevd[3135]: seq 4828 running
Apr 14 10:10:06 ICTM1612S02H1 systemd-udevd[3090]: LINK 'disk/by-id/scsi-SNETAPP_INF-01-00_SR21500107' /lib/udev/rules.d/58-scsi-sg3_symlink.rules:12
Apr 14 10:10:06 ICTM1612S02H1 systemd-udevd[3110]: IMPORT builtin 'hwdb' /lib/udev/rules.d/50-udev-default.rules:15
Apr 14 10:10:06 ICTM1612S02H1 systemd-udevd[3232]: IMPORT builtin 'hwdb' /lib/udev/rules.d/50-udev-default.rules:15
Apr 14 10:10:06 ICTM1612S02H1 systemd-udevd[3102]: seq 4827 processed
Apr 14 10:10:06 ICTM1612S02H1 systemd-udevd[3127]: created empty file '/run/udev/data/c21:32' for '/devices/platform/host22/session7/target22:0:0/22:0:0:133/scsi_generic/sg32'
Apr 14 10:10:06 ICTM1612S02H1 systemd-udevd[3113]: creating symlink '/dev/char/249:37' to '../bsg/18:0:0:2'
Apr 14 10:10:06 ICTM1612S02H1 systemd-udevd[1486]: passed 200 byte device to netlink monitor 0x565114712ae0
Apr 14 10:10:06 ICTM1612S02H1 systemd-udevd[3135]: value '[dmi/id]sys_vendor' is 'Dell Inc.'
Apr 14 10:10:06 ICTM1612S02H1 systemd-udevd[3090]: LINK 'disk/by-id/scsi-360080e500029092400008d505605f98b' /lib/udev/rules.d/58-scsi-sg3_symlink.rules:15
Apr 14 10:10:06 ICTM1612S02H1 systemd-udevd[3110]: IMPORT builtin 'hwdb' returned non-zero
Apr 14 10:10:06 ICTM1612S02H1 systemd-udevd[3127]: passed device to netlink monitor 0x565114765180
Apr 14 10:10:06 ICTM1612S02H1 systemd-udevd[3232]: IMPORT builtin 'hwdb' returned non-zero
Apr 14 10:10:06 ICTM1612S02H1 systemd-udevd[3113]: created empty file '/run/udev/data/c249:37' for '/devices/platform/host18/session3/target18:0:0/18:0:0:2/bsg/18:0:0:2'
Apr 14 10:10:06 ICTM1612S02H1 systemd-udevd[1486]: passed 232 byte device to netlink monitor 0x565114712ae0
Apr 14 10:10:06 ICTM1612S02H1 systemd-udevd[3236]: seq 4830 running
Apr 14 10:10:06 ICTM1612S02H1 systemd-udevd[3130]: seq 4831 running
Apr 14 10:10:06 ICTM1612S02H1 systemd-udevd[3090]: LINK 'disk/by-id/scsi-360080e500029092400008d505605f98b' /lib/udev/rules.d/60-persistent-storage.rules:36
Apr 14 10:10:06 ICTM1612S02H1 systemd-udevd[3135]: value '[dmi/id]sys_vendor' is 'Dell Inc.'
Apr 14 10:10:06 ICTM1612S02H1 systemd-udevd[3110]: path '[module/sg](null)' is '/sys/module/sg'
Apr 14 10:10:06 ICTM1612S02H1 systemd-udevd[3127]: seq 4820 processed
Apr 14 10:10:06 ICTM1612S02H1 systemd-udevd[3232]: path '[module/sg](null)' is '/sys/module/sg'
Apr 14 10:10:06 ICTM1612S02H1 systemd-udevd[3113]: passed device to netlink monitor 0x565114729780
Apr 14 10:10:06 ICTM1612S02H1 systemd-udevd[1486]: passed 231 byte device to netlink monitor 0x565114712ae0
Apr 14 10:10:06 ICTM1612S02H1 systemd-udevd[3074]: seq 4832 running
Apr 14 10:10:06 ICTM1612S02H1 kernel: [ 56.410232] sd 22:0:0:156: Attached scsi generic sg160 type 0
Apr 14 10:10:06 ICTM1612S02H1 kernel: [ 56.410380] sd 23:0:0:145: [sddd] Attached SCSI disk
Apr 14 10:10:06 ICTM1612S02H1 kernel: [ 56.410531] sd 22:0:0:154: [sdej] Write cache: enabled, read cache: enabled, supports DPO and FUA
Apr 14 10:10:06 ICTM1612S02H1 kernel: [ 56.410593] scsi 20:0:0:155: Direct-Access NETAPP INF-01-00 9825 PQ: 0 ANSI: 5
Apr 14 10:10:06 ICTM1612S02H1 kernel: [ 56.410619] sd 20:0:0:154: [sdev] 37748736 512-byte logical blocks: (19.3 GB/18.0 GiB)
Apr 14 10:10:06 ICTM1612S02H1 kernel: [ 56.411391] sd 19:0:0:14: Attached scsi generic sg161 type 0
Apr 14 10:10:06 ICTM1612S02H1 kernel: [ 56.411558] sd 22:0:0:136: [sdap] Attached SCSI disk
Apr 14 10:10:06 ICTM1612S02H1 kernel: [ 56.411906] sd 21:0:0:150: [sden] Write cache: enabled, read cache: enabled, supports DPO and FUA
Apr 14 10:10:06 ICTM1612S02H1 kernel: [ 56.412006] sd 20:0:0:153: [sder] Write Protect is off
Apr 14 10:10:06 ICTM1612S02H1 kernel: [ 56.412009] sd 20:0:0:153: [sder] Mode Sense: 83 00 10 08
Apr 14 10:10:06 ICTM1612S02H1 kernel: [ 56.412014] sd 16:0:0:15: [sdeu] 4194304 512-byte logical blocks: (2.15 GB/2.00 GiB)
Apr 14 10:10:06 ICTM1612S02H1 kernel: [ 56.412215] scsi 23:0:0:153: Direct-Access NETAPP INF-01-00 9825 PQ: 0 ANSI: 5
Apr 14 10:10:06 ICTM1612S02H1 kernel: [ 56.412235] sd 18:0:0:11: [sdel] Write Protect is off
Apr 14 10:10:06 ICTM1612S02H1 kernel: [ 56.412238] sd 23:0:0:152: [sdew] 37748736 512-byte logical blocks: (19.3 GB/18.0 GiB)
Apr 14 10:10:06 ICTM1612S02H1 kernel: [ 56.412239] sd 18:0:0:11: [sdel] Mode Sense: 83 00 10 08
Apr 14 10:10:06 ICTM1612S02H1 kernel: [ 56.412302] sd 23:0:0:151: [sdeq] Write Protect is off
Apr 14 10:10:06 ICTM1612S02H1 kernel: [ 56.412305] sd 23:0:0:151: [sdeq] Mode Sense: 83 00 10 08
Apr 14 10:10:06 ICTM1612S02H1 kernel: [ 56.412406] scsi 16:0:0:16: Direct-Access NETAPP INF-01-00 9820 PQ: 0 ANSI: 5
Apr 14 10:10:06 ICTM1612S02H1 kernel: [ 56.412430] sd 16:0:0:14: [sdem] Write Protect is off
Apr 14 10:10:06 ICTM1612S02H1 kernel: [ 56.412433] sd 16:0:0:14: [sdem] Mode Sense: 83 00 10 08
Apr 14 10:10:06 ICTM1612S02H1 kernel: [ 56.412518] sd 17:0:0:8: [sdcd] Attached SCSI disk
Apr 14 10:10:06 ICTM1612S02H1 kernel: [ 56.412670] sd 20:0:0:148: [sddl] Attached SCSI disk
Apr 14 10:10:06 ICTM1612S02H1 kernel: [ 56.412737] sd 23:0:0:136: [sdax] Attached SCSI disk
Apr 14 10:10:06 ICTM1612S02H1 kernel: [ 56.412932] sd 21:0:0:152: Attached scsi generic sg162 type 0
Apr 14 10:10:06 ICTM1612S02H1 kernel: [ 56.412991] sd 17:0:0:14: Attached scsi generic sg163 type 0
Apr 14 10:10:06 ICTM1612S02H1 kernel: [ 56.413004] sd 21:0:0:136: [sday] Attached SCSI disk
Apr 14 10:10:06 ICTM1612S02H1 kernel: [ 56.413124] sd 20:0:0:147: [sddg] Attached SCSI disk
Apr 14 10:10:06 ICTM1612S02H1 kernel: [ 56.413305] scsi 22:0:0:157: Direct-Access NETAPP INF-01-00 9825 PQ: 0 ANSI: 5
Apr 14 10:10:06 ICTM1612S02H1 kernel: [ 56.413393] sd 22:0:0:156: [sdey] 37748736 512-byte logical blocks: (19.3 GB/18.0 GiB)
Apr 14 10:10:06 ICTM1612S02H1 kernel: [ 56.413415] sd 18:0:0:12: [sdex] 4194304 512-byte logical blocks: (2.15 GB/2.00 GiB)
Apr 14 10:10:06 ICTM1612S02H1 kernel: [ 56.413683] scsi 18:0:0:13: Direct-Access NETAPP INF-01-00 9820 PQ: 0 ANSI: 5
Apr 14 10:10:06 ICTM1612S02H1 kernel: [ 56.414071] sd 20:0:0:153: [sder] Write cache: enabled, read cache: enabled, supports DPO and FUA
Apr 14 10:10:06 ICTM1612S02H1 systemd-udevd[3110]: RUN 'kmod load $env{MODALIAS}' /lib/udev/rules.d/80-drivers.rules:5
Apr 14 10:10:06 ICTM1612S02H1 systemd-udevd[3090]: IMPORT builtin 'path_id' /lib/udev/rules.d/60-persistent-storage.rules:54
Apr 14 10:10:06 ICTM1612S02H1 systemd-udevd[3135]: passed device to netlink monitor 0x56511476c140
Apr 14 10:10:06 ICTM1612S02H1 systemd-udevd[3236]: value '[dmi/id]sys_vendor' is 'Dell Inc.'
Apr 14 10:10:06 ICTM1612S02H1 systemd-udevd[3130]: value '[dmi/id]sys_vendor' is 'Dell Inc.'
Apr 14 10:10:06 ICTM1612S02H1 systemd-udevd[3145]: '/sbin/multipath -c /dev/sdh'(out) '/dev/sdh is not a valid multipath device path'
Apr 14 10:10:06 ICTM1612S02H1 systemd-udevd[3232]: RUN 'kmod load $env{MODALIAS}' /lib/udev/rules.d/80-drivers.rules:5
Apr 14 10:10:06 ICTM1612S02H1 systemd-udevd[3145]: Process '/sbin/multipath -c /dev/sdh' failed with exit code 1.
Apr 14 10:10:06 ICTM1612S02H1 systemd-udevd[1486]: seq 4839 queued, 'add' 'scsi_generic'
Apr 14 10:10:06 ICTM1612S02H1 systemd-udevd[3110]: Execute 'load' 'scsi:t-0x00'
Apr 14 10:10:06 ICTM1612S02H1 systemd-udevd[3135]: seq 4828 processed
Apr 14 10:10:06 ICTM1612S02H1 systemd-udevd[3113]: seq 4829 processed
Apr 14 10:10:06 ICTM1612S02H1 systemd-udevd[3232]: Execute 'load' 'scsi:t-0x00'
Apr 14 10:10:06 ICTM1612S02H1 systemd-udevd[3145]: LINK 'disk/by-id/scsi-SNETAPP_INF-01-00_SR21500247' /lib/udev/rules.d/58-scsi-sg3_symlink.rules:12
Apr 14 10:10:06 ICTM1612S02H1 systemd-udevd[3236]: value '[dmi/id]sys_vendor' is 'Dell Inc.'
Apr 14 10:10:06 ICTM1612S02H1 systemd-udevd[1486]: seq 4840 queued, 'add' 'bsg'
Apr 14 10:10:06 ICTM1612S02H1 systemd-udevd[3130]: value '[dmi/id]sys_vendor' is 'Dell Inc.'
Apr 14 10:10:06 ICTM1612S02H1 systemd-udevd[3130]: GROUP 6 /lib/udev/rules.d/50-udev-default.rules:63
Apr 14 10:10:06 ICTM1612S02H1 systemd-udevd[3090]: LINK 'disk/by-path/ip-fe80:0000:0000:0000:0192:0012:0022:0112:3260-iscsi-iqn.1992-08.com.netapp:5504.60080e5000290924000000005525f5de-lun-1' /lib/udev/rules.d/60-persistent-storage.rules:55
Apr 14 10:10:06 ICTM1612S02H1 systemd-udevd[3130]: handling device node '/dev/sg34', devnum=c21:34, mode=0660, uid=0, gid=6
Apr 14 10:10:06 ICTM1612S02H1 systemd-udevd[3110]: No module matches 'scsi:t-0x00'
Apr 14 10:10:06 ICTM1612S02H1 systemd-udevd[3110]: passed device to netlink monitor 0x56511475de20
Apr 14 10:10:06 ICTM1612S02H1 systemd-udevd[3232]: No module matches 'scsi:t-0x00'
Apr 14 10:10:06 ICTM1612S02H1 systemd-udevd[3120]: '/lib/udev/hdparm'(out) ''
Apr 14 10:10:06 ICTM1612S02H1 systemd-udevd[3236]: passed device to netlink monitor 0x5651147839c0
Apr 14 10:10:06 ICTM1612S02H1 systemd-udevd[3074]: value '[dmi/id]sys_vendor' is 'Dell Inc.'
Apr 14 10:10:06 ICTM1612S02H1 systemd-udevd[1486]: seq 4841 queued, 'add' 'scsi_generic'
Apr 14 10:10:06 ICTM1612S02H1 systemd-udevd[3090]: IMPORT builtin 'blkid' /lib/udev/rules.d/60-persistent-storage.rules:66
Apr 14 10:10:06 ICTM1612S02H1 systemd-udevd[3130]: set permissions /dev/sg34, 020660, uid=0, gid=6
Apr 14 10:10:06 ICTM1612S02H1 systemd-udevd[3073]: LINK 'disk/by-id/wwn-0x60080e5000290b5400008a2d5605fd7e' /lib/udev/rules.d/60-persistent-storage.rules:73
Apr 14 10:10:06 ICTM1612S02H1 systemd-udevd[3090]: probe /dev/sdg raid offset=0
Apr 14 10:10:06 ICTM1612S02H1 systemd-udevd[3110]: seq 4833 processed
Apr 14 10:10:06 ICTM1612S02H1 systemd-udevd[3232]: passed device to netlink monitor 0x5651147837b0
Apr 14 10:10:06 ICTM1612S02H1 systemd-udevd[3120]: '/lib/udev/hdparm'(out) '/dev/sdb:'
Apr 14 10:10:06 ICTM1612S02H1 systemd-udevd[3236]: seq 4830 processed
Apr 14 10:10:06 ICTM1612S02H1 systemd-udevd[3074]: value '[dmi/id]sys_vendor' is 'Dell Inc.'
Apr 14 10:10:06 ICTM1612S02H1 systemd-udevd[1486]: seq 4842 queued, 'add' 'bsg'
Apr 14 10:10:06 ICTM1612S02H1 systemd-udevd[3130]: creating symlink '/dev/char/21:34' to '../sg34'
Apr 14 10:10:06 ICTM1612S02H1 systemd-udevd[3135]: seq 4835 running
Apr 14 10:10:06 ICTM1612S02H1 systemd-udevd[3232]: seq 4834 processed
Apr 14 10:10:06 ICTM1612S02H1 systemd-udevd[3073]: IMPORT 'probe-bcache -o udev /dev/sde' /lib/udev/rules.d/69-bcache.rules:16
Apr 14 10:10:06 ICTM1612S02H1 systemd-udevd[3120]: '/lib/udev/hdparm'(out) ' setting Advanced Power Management level to 0xfe (254)'
Apr 14 10:10:06 ICTM1612S02H1 systemd-udevd[1486]: passed 192 byte device to netlink monitor 0x565114712ae0
Apr 14 10:10:06 ICTM1612S02H1 systemd-udevd[3236]: seq 4836 running
Apr 14 10:10:06 ICTM1612S02H1 systemd-udevd[3145]: LINK 'disk/by-id/scsi-360080e5000290b5400008a2f5605fd8a' /lib/udev/rules.d/58-scsi-sg3_symlink.rules:15
Apr 14 10:10:06 ICTM1612S02H1 systemd-udevd[3130]: created empty file '/run/udev/data/c21:34' for '/devices/platform/host20/session5/target20:0:0/20:0:0:133/scsi_generic/sg34'
Apr 14 10:10:06 ICTM1612S02H1 systemd-udevd[3120]: '/lib/udev/hdparm'(out) ' APM_level#011= not supported'
Apr 14 10:10:06 ICTM1612S02H1 systemd-udevd[1486]: passed 196 byte device to netlink monitor 0x565114712ae0
Apr 14 10:10:06 ICTM1612S02H1 systemd-udevd[3074]: handling device node '/dev/bsg/20:0:0:133', devnum=c249:38, mode=0600, uid=0, gid=0
Apr 14 10:10:06 ICTM1612S02H1 systemd-udevd[3145]: LINK 'disk/by-id/scsi-360080e5000290b5400008a2f5605fd8a' /lib/udev/rules.d/60-persistent-storage.rules:36
Apr 14 10:10:06 ICTM1612S02H1 systemd-udevd[3130]: passed device to netlink monitor 0x565114760a80
Apr 14 10:10:06 ICTM1612S02H1 systemd-udevd[3120]: Process '/lib/udev/hdparm' succeeded.
Apr 14 10:10:06 ICTM1612S02H1 systemd-udevd[3120]: adding watch on '/dev/sdb'
Apr 14 10:10:06 ICTM1612S02H1 kernel: [ 56.414197] sd 20:0:0:155: Attached scsi generic sg164 type 0
Apr 14 10:10:06 ICTM1612S02H1 kernel: [ 56.414817] sd 20:0:0:149: [sddr] Attached SCSI disk
Apr 14 10:10:06 ICTM1612S02H1 kernel: [ 56.415053] sd 21:0:0:151: [sdet] Write Protect is off
Apr 14 10:10:06 ICTM1612S02H1 kernel: [ 56.415057] sd 21:0:0:151: [sdet] Mode Sense: 83 00 10 08
Apr 14 10:10:06 ICTM1612S02H1 kernel: [ 56.415549] sd 19:0:0:13: [sdeo] Write Protect is off
Apr 14 10:10:06 ICTM1612S02H1 kernel: [ 56.415553] sd 19:0:0:13: [sdeo] Mode Sense: 83 00 10 08
Apr 14 10:10:06 ICTM1612S02H1 kernel: [ 56.415605] sd 21:0:0:152: [sdfa] 37748736 512-byte logical blocks: (19.3 GB/18.0 GiB)
Apr 14 10:10:06 ICTM1612S02H1 kernel: [ 56.415622] sd 22:0:0:150: [sddm] Attached SCSI disk
Apr 14 10:10:06 ICTM1612S02H1 kernel: [ 56.415667] scsi 21:0:0:153: Direct-Access NETAPP INF-01-00 9825 PQ: 0 ANSI: 5
Apr 14 10:10:06 ICTM1612S02H1 kernel: [ 56.415689] sd 19:0:0:14: [sdez] 4194304 512-byte logical blocks: (2.15 GB/2.00 GiB)
Apr 14 10:10:06 ICTM1612S02H1 kernel: [ 56.415755] sd 22:0:0:155: [sdes] Write Protect is off
Apr 14 10:10:06 ICTM1612S02H1 kernel: [ 56.415758] sd 22:0:0:155: [sdes] Mode Sense: 83 00 10 08
Apr 14 10:10:06 ICTM1612S02H1 kernel: [ 56.415792] sd 23:0:0:151: [sdeq] Write cache: enabled, read cache: enabled, supports DPO and FUA
Apr 14 10:10:06 ICTM1612S02H1 kernel: [ 56.415989] scsi 19:0:0:15: Direct-Access NETAPP INF-01-00 9820 PQ: 0 ANSI: 5
Apr 14 10:10:06 ICTM1612S02H1 kernel: [ 56.416038] sd 18:0:0:11: [sdel] Write cache: enabled, read cache: enabled, supports DPO and FUA
Apr 14 10:10:06 ICTM1612S02H1 kernel: [ 56.416294] sd 17:0:0:13: [sdep] Write Protect is off
Apr 14 10:10:06 ICTM1612S02H1 kernel: [ 56.416296] sd 17:0:0:13: [sdep] Mode Sense: 83 00 10 08
Apr 14 10:10:06 ICTM1612S02H1 systemd-udevd[3388]: starting 'probe-bcache -o udev /dev/sde'
Apr 14 10:10:06 ICTM1612S02H1 systemd-udevd[3074]: preserve permissions /dev/bsg/20:0:0:133, 020600, uid=0, gid=0
Apr 14 10:10:06 ICTM1612S02H1 systemd-udevd[3127]: seq 4839 running
Apr 14 10:10:06 ICTM1612S02H1 systemd-udevd[3135]: value '[dmi/id]sys_vendor' is 'Dell Inc.'
Apr 14 10:10:06 ICTM1612S02H1 kernel: [ 56.416693] scsi 20:0:0:156: Direct-Access NETAPP INF-01-00 9825 PQ: 0 ANSI: 5
Apr 14 10:10:06 ICTM1612S02H1 kernel: [ 56.416719] sd 23:0:0:153: Attached scsi generic sg165 type 0
Apr 14 10:10:06 ICTM1612S02H1 kernel: [ 56.416755] sd 20:0:0:155: [sdfc] 37748736 512-byte logical blocks: (19.3 GB/18.0 GiB)
Apr 14 10:10:06 ICTM1612S02H1 kernel: [ 56.416797] sd 18:0:0:7: [sdch] Attached SCSI disk
Apr 14 10:10:06 ICTM1612S02H1 kernel: [ 56.416807] scsi 17:0:0:15: Direct-Access NETAPP INF-01-00 9820 PQ: 0 ANSI: 5
Apr 14 10:10:06 ICTM1612S02H1 kernel: [ 56.416875] sd 22:0:0:147: [sdda] Attached SCSI disk
Apr 14 10:10:06 ICTM1612S02H1 kernel: [ 56.417076] sd 17:0:0:14: [sdfb] 4194304 512-byte logical blocks: (2.15 GB/2.00 GiB)
Apr 14 10:10:06 ICTM1612S02H1 kernel: [ 56.417197] sd 21:0:0:146: [sddn] Attached SCSI disk
Apr 14 10:10:06 ICTM1612S02H1 kernel: [ 56.417227] sd 21:0:0:151: [sdet] Write cache: enabled, read cache: enabled, supports DPO and FUA
Apr 14 10:10:06 ICTM1612S02H1 kernel: [ 56.417438] sd 22:0:0:157: Attached scsi generic sg166 type 0
Apr 14 10:10:06 ICTM1612S02H1 kernel: [ 56.417549] sd 20:0:0:154: [sdev] Write Protect is off
Apr 14 10:10:06 ICTM1612S02H1 kernel: [ 56.417552] sd 20:0:0:154: [sdev] Mode Sense: 83 00 10 08
Apr 14 10:10:06 ICTM1612S02H1 kernel: [ 56.417702] sd 22:0:0:155: [sdes] Write cache: enabled, read cache: enabled, supports DPO and FUA
Apr 14 10:10:06 ICTM1612S02H1 systemd-udevd[3130]: seq 4831 processed
Apr 14 10:10:06 ICTM1612S02H1 systemd-udevd[1486]: passed 230 byte device to netlink monitor 0x565114712ae0
Apr 14 10:10:06 ICTM1612S02H1 systemd-udevd[3145]: IMPORT builtin 'path_id' /lib/udev/rules.d/60-persistent-storage.rules:54
Apr 14 10:10:06 ICTM1612S02H1 systemd-udevd[3120]: created db file '/run/udev/data/b8:16' for '/devices/platform/host16/session1/target16:0:0/16:0:0:0/block/sdb'
Apr 14 10:10:06 ICTM1612S02H1 systemd-udevd[3074]: creating symlink '/dev/char/249:38' to '../bsg/20:0:0:133'
Apr 14 10:10:06 ICTM1612S02H1 systemd-udevd[3236]: value '[dmi/id]sys_vendor' is 'Dell Inc.'
Apr 14 10:10:06 ICTM1612S02H1 systemd-udevd[3074]: created empty file '/run/udev/data/c249:38' for '/devices/platform/host20/session5/target20:0:0/20:0:0:133/bsg/20:0:0:133'
Apr 14 10:10:06 ICTM1612S02H1 systemd-udevd[3074]: passed device to netlink monitor 0x565114714100
Apr 14 10:10:06 ICTM1612S02H1 systemd-udevd[3118]: seq 4840 running
Apr 14 10:10:06 ICTM1612S02H1 systemd-udevd[3112]: LINK 'disk/by-id/wwn-0x60080e500029092400008d505605f98b' /lib/udev/rules.d/60-persistent-storage.rules:73
Apr 14 10:10:06 ICTM1612S02H1 systemd-udevd[3135]: value '[dmi/id]sys_vendor' is 'Dell Inc.'
Apr 14 10:10:06 ICTM1612S02H1 systemd-udevd[1486]: passed 225 byte device to netlink monitor 0x565114712ae0
Apr 14 10:10:06 ICTM1612S02H1 systemd-udevd[3074]: seq 4832 processed
Apr 14 10:10:06 ICTM1612S02H1 systemd-udevd[3120]: passed device to netlink monitor 0x565114761dd0
Apr 14 10:10:06 ICTM1612S02H1 systemd-udevd[3127]: value '[dmi/id]sys_vendor' is 'Dell Inc.'
Apr 14 10:10:06 ICTM1612S02H1 systemd-udevd[3112]: IMPORT 'probe-bcache -o udev /dev/sdd' /lib/udev/rules.d/69-bcache.rules:16
Apr 14 10:10:06 ICTM1612S02H1 systemd-udevd[3236]: value '[dmi/id]sys_vendor' is 'Dell Inc.'
Apr 14 10:10:06 ICTM1612S02H1 systemd-udevd[1486]: seq 4843 queued, 'add' 'scsi'
Apr 14 10:10:06 ICTM1612S02H1 systemd-udevd[3120]: seq 4716 processed
Apr 14 10:10:06 ICTM1612S02H1 systemd-udevd[3135]: passed device to netlink monitor 0x56511476c140
Apr 14 10:10:06 ICTM1612S02H1 systemd-udevd[3127]: value '[dmi/id]sys_vendor' is 'Dell Inc.'
Apr 14 10:10:06 ICTM1612S02H1 systemd-udevd[3145]: LINK 'disk/by-path/ip-fe80:0000:0000:0000:0192:0012:0021:0111:3260-iscsi-iqn.1992-08.com.netapp:5504.60080e5000290924000000005525f5de-lun-2' /lib/udev/rules.d/60-persistent-storage.rules:55
Apr 14 10:10:06 ICTM1612S02H1 systemd-udevd[1486]: passed 211 byte device to netlink monitor 0x565114712ae0
Apr 14 10:10:06 ICTM1612S02H1 systemd-udevd[3236]: passed device to netlink monitor 0x5651147839c0
Apr 14 10:10:06 ICTM1612S02H1 systemd-udevd[3126]: seq 4843 running
Apr 14 10:10:06 ICTM1612S02H1 systemd-udevd[3130]: seq 4837 running
Apr 14 10:10:06 ICTM1612S02H1 systemd-udevd[3135]: seq 4835 processed
Apr 14 10:10:06 ICTM1612S02H1 systemd-udevd[3127]: GROUP 6 /lib/udev/rules.d/50-udev-default.rules:63
Apr 14 10:10:06 ICTM1612S02H1 systemd-udevd[3145]: IMPORT builtin 'blkid' /lib/udev/rules.d/60-persistent-storage.rules:66
Apr 14 10:10:06 ICTM1612S02H1 systemd-udevd[3391]: starting 'probe-bcache -o udev /dev/sdd'
Apr 14 10:10:06 ICTM1612S02H1 systemd-udevd[3127]: handling device node '/dev/sg35', devnum=c21:35, mode=0660, uid=0, gid=6
Apr 14 10:10:06 ICTM1612S02H1 systemd-udevd[1486]: passed 196 byte device to netlink monitor 0x565114712ae0
Apr 14 10:10:06 ICTM1612S02H1 systemd-udevd[3118]: value '[dmi/id]sys_vendor' is 'Dell Inc.'
Apr 14 10:10:06 ICTM1612S02H1 systemd-udevd[3126]: value '[dmi/id]sys_vendor' is 'Dell Inc.'
Apr 14 10:10:06 ICTM1612S02H1 systemd[1]: dev-disk-by\x2dpath-ip\x2dfe80:0000:0000:0000:0192:0012:0021:0111:3260\x2discsi\x2diqn.1992\x2d08.com.netapp:5504.60080e5000290924000000005525f5de\x2dlun\x2d0.device: Changed dead -> plugged
Apr 14 10:10:06 ICTM1612S02H1 systemd-udevd[3130]: value '[dmi/id]sys_vendor' is 'Dell Inc.'
Apr 14 10:10:06 ICTM1612S02H1 systemd-udevd[3073]: Process 'probe-bcache -o udev /dev/sde' succeeded.
Apr 14 10:10:06 ICTM1612S02H1 systemd-udevd[3130]: value '[dmi/id]sys_vendor' is 'Dell Inc.'
Apr 14 10:10:06 ICTM1612S02H1 systemd-udevd[3127]: set permissions /dev/sg35, 020660, uid=0, gid=6
Apr 14 10:10:06 ICTM1612S02H1 systemd-udevd[1486]: passed 200 byte device to netlink monitor 0x565114712ae0
Apr 14 10:10:06 ICTM1612S02H1 systemd-udevd[3102]: seq 4841 running
Apr 14 10:10:06 ICTM1612S02H1 systemd-udevd[3145]: probe /dev/sdh raid offset=0
Apr 14 10:10:06 ICTM1612S02H1 systemd-udevd[3118]: value '[dmi/id]sys_vendor' is 'Dell Inc.'
Apr 14 10:10:06 ICTM1612S02H1 systemd[1]: dev-disk-by\x2did-wwn\x2d0x60080e5000290b5400008a2d5605fd7e.device: Changed dead -> plugged
Apr 14 10:10:06 ICTM1612S02H1 systemd-udevd[3126]: value '[dmi/id]sys_vendor' is 'Dell Inc.'
Apr 14 10:10:06 ICTM1612S02H1 systemd-udevd[3236]: seq 4836 processed
Apr 14 10:10:06 ICTM1612S02H1 systemd-udevd[3073]: RUN '/lib/udev/hdparm' /lib/udev/rules.d/85-hdparm.rules:1
Apr 14 10:10:06 ICTM1612S02H1 systemd-udevd[3127]: creating symlink '/dev/char/21:35' to '../sg35'
Apr 14 10:10:06 ICTM1612S02H1 systemd-udevd[1486]: passed 232 byte device to netlink monitor 0x565114712ae0
Apr 14 10:10:06 ICTM1612S02H1 systemd-udevd[1486]: passed 231 byte device to netlink monitor 0x565114712ae0
Apr 14 10:10:06 ICTM1612S02H1 systemd-udevd[3074]: seq 4838 running
Apr 14 10:10:06 ICTM1612S02H1 systemd[1]: dev-disk-by\x2did-scsi\x2dSNETAPP_INF\x2d01\x2d00_SR21500247.device: Changed dead -> plugged
Apr 14 10:10:06 ICTM1612S02H1 kernel: [ 56.418555] sd 22:0:0:149: [sddk] Attached SCSI disk
Apr 14 10:10:06 ICTM1612S02H1 kernel: [ 56.419306] sd 20:0:0:156: Attached scsi generic sg167 type 0
Apr 14 10:10:06 ICTM1612S02H1 kernel: [ 56.419320] sd 16:0:0:14: [sdem] Write cache: enabled, read cache: enabled, supports DPO and FUA
Apr 14 10:10:06 ICTM1612S02H1 kernel: [ 56.419346] scsi 23:0:0:154: Direct-Access NETAPP INF-01-00 9825 PQ: 0 ANSI: 5
Apr 14 10:10:06 ICTM1612S02H1 kernel: [ 56.419436] sd 23:0:0:153: [sdfd] 37748736 512-byte logical blocks: (19.3 GB/18.0 GiB)
Apr 14 10:10:06 ICTM1612S02H1 kernel: [ 56.419511] sd 23:0:0:147: [sddp] Attached SCSI disk
Apr 14 10:10:06 ICTM1612S02H1 kernel: [ 56.419516] sd 21:0:0:153: Attached scsi generic sg168 type 0
Apr 14 10:10:06 ICTM1612S02H1 kernel: [ 56.419568] sd 20:0:0:154: [sdev] Write cache: enabled, read cache: enabled, supports DPO and FUA
Apr 14 10:10:06 ICTM1612S02H1 kernel: [ 56.419688] sd 18:0:0:13: Attached scsi generic sg169 type 0
Apr 14 10:10:06 ICTM1612S02H1 systemd-udevd[3126]: IMPORT builtin 'hwdb' /lib/udev/rules.d/50-udev-default.rules:15
Apr 14 10:10:06 ICTM1612S02H1 systemd-udevd[3118]: handling device node '/dev/bsg/16:0:0:4', devnum=c249:39, mode=0600, uid=0, gid=0
Apr 14 10:10:06 ICTM1612S02H1 systemd-udevd[3127]: created empty file '/run/udev/data/c21:35' for '/devices/platform/host16/session1/target16:0:0/16:0:0:4/scsi_generic/sg35'
Apr 14 10:10:06 ICTM1612S02H1 systemd-udevd[3127]: passed device to netlink monitor 0x565114765180
Apr 14 10:10:06 ICTM1612S02H1 systemd-udevd[3130]: passed device to netlink monitor 0x565114760a80
Apr 14 10:10:06 ICTM1612S02H1 systemd-udevd[3102]: value '[dmi/id]sys_vendor' is 'Dell Inc.'
Apr 14 10:10:06 ICTM1612S02H1 systemd-udevd[3113]: seq 4842 running
Apr 14 10:10:06 ICTM1612S02H1 systemd-udevd[1486]: seq 4844 queued, 'add' 'scsi_disk'
Apr 14 10:10:06 ICTM1612S02H1 systemd[1]: dev-disk-by\x2did-scsi\x2d360080e5000290b5400008a2d5605fd7e.device: Changed dead -> plugged
Apr 14 10:10:06 ICTM1612S02H1 systemd-udevd[3118]: preserve permissions /dev/bsg/16:0:0:4, 020600, uid=0, gid=0
Apr 14 10:10:06 ICTM1612S02H1 systemd-udevd[3126]: IMPORT builtin 'hwdb' returned non-zero
Apr 14 10:10:06 ICTM1612S02H1 systemd-udevd[3127]: seq 4839 processed
Apr 14 10:10:06 ICTM1612S02H1 systemd-udevd[3073]: ATTR '/sys/devices/platform/host19/session4/target19:0:0/19:0:0:0/block/sde/queue/max_sectors_kb' writing '32767' /etc/udev/rules.d/99-largeio-udev.rules:1
Apr 14 10:10:06 ICTM1612S02H1 systemd-udevd[3130]: seq 4837 processed
Apr 14 10:10:06 ICTM1612S02H1 systemd[1]: dev-sdb.device: Changed dead -> plugged
Apr 14 10:10:06 ICTM1612S02H1 kernel: [ 56.420118] sd 17:0:0:13: [sdep] Write cache: enabled, read cache: enabled, supports DPO and FUA
Apr 14 10:10:06 ICTM1612S02H1 kernel: [ 56.420123] sd 22:0:0:157: [sdfe] 37748736 512-byte logical blocks: (19.3 GB/18.0 GiB)
Apr 14 10:10:06 ICTM1612S02H1 kernel: [ 56.420435] sd 21:0:0:147: [sddv] Attached SCSI disk
Apr 14 10:10:06 ICTM1612S02H1 kernel: [ 56.420528] sd 16:0:0:10: [sdcu] Attached SCSI disk
Apr 14 10:10:06 ICTM1612S02H1 systemd-udevd[3118]: creating symlink '/dev/char/249:39' to '../bsg/16:0:0:4'
Apr 14 10:10:06 ICTM1612S02H1 systemd-udevd[1486]: seq 4845 queued, 'add' 'scsi_device'
Apr 14 10:10:06 ICTM1612S02H1 systemd-udevd[3102]: value '[dmi/id]sys_vendor' is 'Dell Inc.'
Apr 14 10:10:06 ICTM1612S02H1 systemd-udevd[3074]: value '[dmi/id]sys_vendor' is 'Dell Inc.'
Apr 14 10:10:06 ICTM1612S02H1 systemd-udevd[3126]: path '[module/sg](null)' is '/sys/module/sg'
Apr 14 10:10:06 ICTM1612S02H1 systemd[1]: sys-devices-platform-host16-session1-target16:0:0-16:0:0:0-block-sdb.device: Changed dead -> plugged
Apr 14 10:10:06 ICTM1612S02H1 kernel: [ 56.421343] sd 23:0:0:152: [sdew] Write Protect is off
Apr 14 10:10:06 ICTM1612S02H1 kernel: [ 56.421346] sd 23:0:0:152: [sdew] Mode Sense: 83 00 10 08
Apr 14 10:10:06 ICTM1612S02H1 systemd-udevd[3073]: handling device node '/dev/sde', devnum=b8:64, mode=0660, uid=0, gid=6
Apr 14 10:10:06 ICTM1612S02H1 systemd-udevd[3118]: created empty file '/run/udev/data/c249:39' for '/devices/platform/host16/session1/target16:0:0/16:0:0:4/bsg/16:0:0:4'
Apr 14 10:10:06 ICTM1612S02H1 systemd-udevd[3118]: passed device to netlink monitor 0x5651147290e0
Apr 14 10:10:06 ICTM1612S02H1 systemd-udevd[3126]: RUN 'kmod load $env{MODALIAS}' /lib/udev/rules.d/80-drivers.rules:5
Apr 14 10:10:06 ICTM1612S02H1 systemd-udevd[3126]: Execute 'load' 'scsi:t-0x00'
Apr 14 10:10:06 ICTM1612S02H1 systemd-udevd[3073]: set permissions /dev/sde, 060660, uid=0, gid=6
Apr 14 10:10:06 ICTM1612S02H1 systemd-udevd[3074]: value '[dmi/id]sys_vendor' is 'Dell Inc.'
Apr 14 10:10:06 ICTM1612S02H1 systemd[1]: Sent message type=signal sender=n/a destination=n/a object=/org/freedesktop/systemd1 interface=org.freedesktop.systemd1.Manager member=UnitNew cookie=85 reply_cookie=0 error=n/a
Apr 14 10:10:06 ICTM1612S02H1 systemd-udevd[3113]: value '[dmi/id]sys_vendor' is 'Dell Inc.'
