Apr 14 10:10:06 ICTM1612S02H1 kernel: [ 56.390750] scsi 22:0:0:154: Direct-Access NETAPP INF-01-00 9825 PQ: 0 ANSI: 5
Apr 14 10:10:06 ICTM1612S02H1 systemd-udevd[3068]: '/usr/bin/sg_inq --export /dev/sdc'(out) 'SCSI_MODEL_ENC=INF-01-00\x20\x20\x20\x20\x20\x20\x20'
Apr 14 10:10:06 ICTM1612S02H1 systemd-udevd[3232]: seq 4782 processed
Apr 14 10:10:06 ICTM1612S02H1 systemd-udevd[3145]: seq 4785 running
Apr 14 10:10:06 ICTM1612S02H1 systemd-udevd[3120]: probe /dev/sdb raid offset=0
Apr 14 10:10:06 ICTM1612S02H1 systemd-udevd[3135]: handling device node '/dev/sg24', devnum=c21:24, mode=0660, uid=0, gid=6
Apr 14 10:10:06 ICTM1612S02H1 systemd-udevd[1486]: seq 4787 queued, 'add' 'scsi_generic'
Apr 14 10:10:06 ICTM1612S02H1 systemd-udevd[3068]: '/usr/bin/sg_inq --export /dev/sdc'(out) 'SCSI_REVISION=9820'
Apr 14 10:10:06 ICTM1612S02H1 systemd-udevd[3236]: seq 4787 running
Apr 14 10:10:06 ICTM1612S02H1 systemd-udevd[1486]: passed 232 byte device to netlink monitor 0x565114712ae0
Apr 14 10:10:06 ICTM1612S02H1 systemd-udevd[3135]: set permissions /dev/sg24, 020660, uid=0, gid=6
Apr 14 10:10:06 ICTM1612S02H1 systemd-udevd[3135]: creating symlink '/dev/char/21:24' to '../sg24'
Apr 14 10:10:06 ICTM1612S02H1 systemd-udevd[3068]: Process '/usr/bin/sg_inq --export /dev/sdc' succeeded.
Apr 14 10:10:06 ICTM1612S02H1 systemd-udevd[3130]: value '[dmi/id]sys_vendor' is 'Dell Inc.'
Apr 14 10:10:06 ICTM1612S02H1 systemd-udevd[3135]: created empty file '/run/udev/data/c21:24' for '/devices/platform/host19/session4/target19:0:0/19:0:0:2/scsi_generic/sg24'
Apr 14 10:10:06 ICTM1612S02H1 systemd-udevd[1486]: seq 4788 queued, 'add' 'bdi'
Apr 14 10:10:06 ICTM1612S02H1 systemd-udevd[3135]: passed device to netlink monitor 0x56511476c140
Apr 14 10:10:06 ICTM1612S02H1 systemd-udevd[3074]: seq 4788 running
Apr 14 10:10:06 ICTM1612S02H1 systemd-udevd[3135]: seq 4784 processed
Apr 14 10:10:06 ICTM1612S02H1 systemd-udevd[3068]: IMPORT '/usr/bin/sg_inq --export --page=sn /dev/sdc' /lib/udev/rules.d/55-scsi-sg3_id.rules:19
Apr 14 10:10:06 ICTM1612S02H1 systemd-udevd[1486]: passed 137 byte device to netlink monitor 0x565114712ae0
Apr 14 10:10:06 ICTM1612S02H1 systemd-udevd[3130]: value '[dmi/id]sys_vendor' is 'Dell Inc.'
Apr 14 10:10:06 ICTM1612S02H1 systemd-udevd[1486]: seq 4789 queued, 'add' 'bsg'
Apr 14 10:10:06 ICTM1612S02H1 systemd-udevd[1486]: passed 231 byte device to netlink monitor 0x565114712ae0
Apr 14 10:10:06 ICTM1612S02H1 systemd-udevd[3130]: handling device node '/dev/bsg/19:0:0:2', devnum=c249:28, mode=0600, uid=0, gid=0
Apr 14 10:10:06 ICTM1612S02H1 systemd-udevd[3135]: seq 4789 running
Apr 14 10:10:06 ICTM1612S02H1 systemd-udevd[3326]: starting '/usr/bin/sg_inq --export --page=sn /dev/sdc'
Apr 14 10:10:06 ICTM1612S02H1 systemd-udevd[3074]: value '[dmi/id]sys_vendor' is 'Dell Inc.'
Apr 14 10:10:06 ICTM1612S02H1 systemd-udevd[3145]: value '[dmi/id]sys_vendor' is 'Dell Inc.'
Apr 14 10:10:06 ICTM1612S02H1 systemd-udevd[3236]: value '[dmi/id]sys_vendor' is 'Dell Inc.'
Apr 14 10:10:06 ICTM1612S02H1 systemd-udevd[3130]: preserve permissions /dev/bsg/19:0:0:2, 020600, uid=0, gid=0
Apr 14 10:10:06 ICTM1612S02H1 systemd-udevd[1486]: seq 4790 queued, 'add' 'scsi_generic'
Apr 14 10:10:06 ICTM1612S02H1 systemd-udevd[3130]: creating symlink '/dev/char/249:28' to '../bsg/19:0:0:2'
Apr 14 10:10:06 ICTM1612S02H1 systemd-udevd[1486]: passed 230 byte device to netlink monitor 0x565114712ae0
Apr 14 10:10:06 ICTM1612S02H1 systemd-udevd[3127]: seq 4790 running
Apr 14 10:10:06 ICTM1612S02H1 systemd-udevd[1486]: seq 4791 queued, 'add' 'bsg'
Apr 14 10:10:06 ICTM1612S02H1 systemd-udevd[3074]: value '[dmi/id]sys_vendor' is 'Dell Inc.'
Apr 14 10:10:06 ICTM1612S02H1 systemd-udevd[3130]: created empty file '/run/udev/data/c249:28' for '/devices/platform/host19/session4/target19:0:0/19:0:0:2/bsg/19:0:0:2'
Apr 14 10:10:06 ICTM1612S02H1 systemd-udevd[3074]: passed device to netlink monitor 0x565114714100
Apr 14 10:10:06 ICTM1612S02H1 systemd-udevd[3118]: seq 4791 running
Apr 14 10:10:06 ICTM1612S02H1 systemd-udevd[3130]: passed device to netlink monitor 0x565114760a80
Apr 14 10:10:06 ICTM1612S02H1 systemd-udevd[1486]: passed 225 byte device to netlink monitor 0x565114712ae0
Apr 14 10:10:06 ICTM1612S02H1 systemd-udevd[3074]: seq 4788 processed
Apr 14 10:10:06 ICTM1612S02H1 systemd-udevd[3145]: value '[dmi/id]sys_vendor' is 'Dell Inc.'
Apr 14 10:10:06 ICTM1612S02H1 systemd-udevd[3130]: seq 4786 processed
Apr 14 10:10:06 ICTM1612S02H1 systemd-udevd[1486]: seq 4792 queued, 'add' 'scsi_generic'
Apr 14 10:10:06 ICTM1612S02H1 systemd-udevd[3236]: value '[dmi/id]sys_vendor' is 'Dell Inc.'
Apr 14 10:10:06 ICTM1612S02H1 systemd-udevd[1486]: passed 232 byte device to netlink monitor 0x565114712ae0
Apr 14 10:10:06 ICTM1612S02H1 systemd-udevd[3126]: seq 4792 running
Apr 14 10:10:06 ICTM1612S02H1 systemd-udevd[3145]: handling device node '/dev/bsg/22:0:0:131', devnum=c249:27, mode=0600, uid=0, gid=0
Apr 14 10:10:06 ICTM1612S02H1 systemd-udevd[3145]: preserve permissions /dev/bsg/22:0:0:131, 020600, uid=0, gid=0
Apr 14 10:10:06 ICTM1612S02H1 systemd-udevd[1486]: seq 4793 queued, 'add' 'bdi'
Apr 14 10:10:06 ICTM1612S02H1 systemd-udevd[3145]: creating symlink '/dev/char/249:27' to '../bsg/22:0:0:131'
Apr 14 10:10:06 ICTM1612S02H1 systemd-udevd[1486]: passed 138 byte device to netlink monitor 0x565114712ae0
Apr 14 10:10:06 ICTM1612S02H1 systemd-udevd[3145]: created empty file '/run/udev/data/c249:27' for '/devices/platform/host22/session7/target22:0:0/22:0:0:131/bsg/22:0:0:131'
Apr 14 10:10:06 ICTM1612S02H1 systemd-udevd[3130]: seq 4793 running
Apr 14 10:10:06 ICTM1612S02H1 systemd-udevd[1486]: seq 4794 queued, 'add' 'bdi'
Apr 14 10:10:06 ICTM1612S02H1 systemd-udevd[1486]: passed 138 byte device to netlink monitor 0x565114712ae0
Apr 14 10:10:06 ICTM1612S02H1 systemd-udevd[3074]: seq 4794 running
Apr 14 10:10:06 ICTM1612S02H1 systemd-udevd[1486]: seq 4795 queued, 'add' 'bsg'
Apr 14 10:10:06 ICTM1612S02H1 systemd-udevd[3073]: '/usr/bin/sg_inq --export --page=sn /dev/sde'(out) 'SCSI_IDENT_SERIAL=SR21500247'
Apr 14 10:10:06 ICTM1612S02H1 systemd-udevd[3118]: value '[dmi/id]sys_vendor' is 'Dell Inc.'
Apr 14 10:10:06 ICTM1612S02H1 systemd-udevd[3127]: value '[dmi/id]sys_vendor' is 'Dell Inc.'
Apr 14 10:10:06 ICTM1612S02H1 systemd-udevd[3126]: value '[dmi/id]sys_vendor' is 'Dell Inc.'
Apr 14 10:10:06 ICTM1612S02H1 systemd-udevd[3145]: passed device to netlink monitor 0x56511477ed60
Apr 14 10:10:06 ICTM1612S02H1 systemd-udevd[3236]: GROUP 6 /lib/udev/rules.d/50-udev-default.rules:63
Apr 14 10:10:06 ICTM1612S02H1 kernel: [ 56.391616] sd 21:0:0:143: [sdcy] Attached SCSI disk
Apr 14 10:10:06 ICTM1612S02H1 kernel: [ 56.392067] sd 21:0:0:149: Attached scsi generic sg143 type 0
Apr 14 10:10:06 ICTM1612S02H1 kernel: [ 56.392098] sd 19:0:0:11: [sdds] Write Protect is off
Apr 14 10:10:06 ICTM1612S02H1 kernel: [ 56.392102] sd 19:0:0:11: [sdds] Mode Sense: 83 00 10 08
Apr 14 10:10:06 ICTM1612S02H1 kernel: [ 56.392131] sd 22:0:0:146: [sdct] Attached SCSI disk
Apr 14 10:10:06 ICTM1612S02H1 kernel: [ 56.392449] sd 18:0:0:5: [sdbl] Attached SCSI disk
Apr 14 10:10:06 ICTM1612S02H1 systemd-udevd[3112]: '/usr/bin/sg_inq --export --page=sn /dev/sdd'(out) 'SCSI_IDENT_SERIAL=SR21500247'
Apr 14 10:10:06 ICTM1612S02H1 systemd-udevd[3135]: value '[dmi/id]sys_vendor' is 'Dell Inc.'
Apr 14 10:10:06 ICTM1612S02H1 systemd-udevd[3112]: Process '/usr/bin/sg_inq --export --page=sn /dev/sdd' succeeded.
Apr 14 10:10:06 ICTM1612S02H1 systemd-udevd[3102]: seq 4795 running
Apr 14 10:10:06 ICTM1612S02H1 systemd-udevd[3236]: handling device node '/dev/sg25', devnum=c21:25, mode=0660, uid=0, gid=6
Apr 14 10:10:06 ICTM1612S02H1 systemd-udevd[3130]: value '[dmi/id]sys_vendor' is 'Dell Inc.'
Apr 14 10:10:06 ICTM1612S02H1 systemd-udevd[3145]: seq 4785 processed
Apr 14 10:10:06 ICTM1612S02H1 systemd-udevd[1486]: passed 231 byte device to netlink monitor 0x565114712ae0
Apr 14 10:10:06 ICTM1612S02H1 systemd-udevd[3074]: value '[dmi/id]sys_vendor' is 'Dell Inc.'
Apr 14 10:10:06 ICTM1612S02H1 systemd-udevd[3112]: IMPORT '/usr/bin/sg_inq --export --page=di /dev/sdd' /lib/udev/rules.d/55-scsi-sg3_id.rules:21
Apr 14 10:10:06 ICTM1612S02H1 systemd-udevd[3127]: value '[dmi/id]sys_vendor' is 'Dell Inc.'
Apr 14 10:10:06 ICTM1612S02H1 systemd-udevd[3073]: Process '/usr/bin/sg_inq --export --page=sn /dev/sde' succeeded.
Apr 14 10:10:06 ICTM1612S02H1 systemd-udevd[3236]: set permissions /dev/sg25, 020660, uid=0, gid=6
Apr 14 10:10:06 ICTM1612S02H1 systemd-udevd[3126]: value '[dmi/id]sys_vendor' is 'Dell Inc.'
Apr 14 10:10:06 ICTM1612S02H1 systemd-udevd[3135]: value '[dmi/id]sys_vendor' is 'Dell Inc.'
Apr 14 10:10:06 ICTM1612S02H1 systemd-udevd[1486]: seq 4796 queued, 'add' 'block'
Apr 14 10:10:06 ICTM1612S02H1 systemd-udevd[3118]: value '[dmi/id]sys_vendor' is 'Dell Inc.'
Apr 14 10:10:06 ICTM1612S02H1 systemd-udevd[3073]: IMPORT '/usr/bin/sg_inq --export --page=di /dev/sde' /lib/udev/rules.d/55-scsi-sg3_id.rules:21
Apr 14 10:10:06 ICTM1612S02H1 systemd-udevd[3236]: creating symlink '/dev/char/21:25' to '../sg25'
Apr 14 10:10:06 ICTM1612S02H1 systemd-udevd[3130]: value '[dmi/id]sys_vendor' is 'Dell Inc.'
Apr 14 10:10:06 ICTM1612S02H1 systemd-udevd[3074]: value '[dmi/id]sys_vendor' is 'Dell Inc.'
Apr 14 10:10:06 ICTM1612S02H1 systemd-udevd[1486]: passed 227 byte device to netlink monitor 0x565114712ae0
Apr 14 10:10:06 ICTM1612S02H1 systemd-udevd[3330]: starting '/usr/bin/sg_inq --export --page=di /dev/sdd'
Apr 14 10:10:06 ICTM1612S02H1 systemd-udevd[3127]: GROUP 6 /lib/udev/rules.d/50-udev-default.rules:63
Apr 14 10:10:06 ICTM1612S02H1 systemd-udevd[3145]: seq 4796 running
Apr 14 10:10:06 ICTM1612S02H1 systemd-udevd[3135]: handling device node '/dev/bsg/23:0:0:131', devnum=c249:29, mode=0600, uid=0, gid=0
Apr 14 10:10:06 ICTM1612S02H1 systemd-udevd[3118]: handling device node '/dev/bsg/17:0:0:3', devnum=c249:30, mode=0600, uid=0, gid=0
Apr 14 10:10:06 ICTM1612S02H1 systemd-udevd[3236]: created empty file '/run/udev/data/c21:25' for '/devices/platform/host23/session8/target23:0:0/23:0:0:131/scsi_generic/sg25'
Apr 14 10:10:06 ICTM1612S02H1 systemd-udevd[3126]: GROUP 6 /lib/udev/rules.d/50-udev-default.rules:63
Apr 14 10:10:06 ICTM1612S02H1 systemd-udevd[3130]: passed device to netlink monitor 0x565114760a80
Apr 14 10:10:06 ICTM1612S02H1 systemd-udevd[3074]: passed device to netlink monitor 0x565114714100
Apr 14 10:10:06 ICTM1612S02H1 systemd-udevd[1486]: seq 4797 queued, 'add' 'scsi'
Apr 14 10:10:06 ICTM1612S02H1 kernel: [ 56.392642] sd 23:0:0:150: Attached scsi generic sg144 type 0
Apr 14 10:10:06 ICTM1612S02H1 kernel: [ 56.392673] sd 19:0:0:12: [sdee] 4194304 512-byte logical blocks: (2.15 GB/2.00 GiB)
Apr 14 10:10:06 ICTM1612S02H1 kernel: [ 56.392674] sd 16:0:0:12: [sddo] Write cache: enabled, read cache: enabled, supports DPO and FUA
Apr 14 10:10:06 ICTM1612S02H1 kernel: [ 56.392733] sd 20:0:0:150: [sddx] Write cache: enabled, read cache: enabled, supports DPO and FUA
Apr 14 10:10:06 ICTM1612S02H1 kernel: [ 56.392776] sd 22:0:0:152: [sddy] Write Protect is off
Apr 14 10:10:06 ICTM1612S02H1 kernel: [ 56.392781] sd 22:0:0:152: [sddy] Mode Sense: 83 00 10 08
Apr 14 10:10:06 ICTM1612S02H1 kernel: [ 56.393030] scsi 19:0:0:13: Direct-Access NETAPP INF-01-00 9820 PQ: 0 ANSI: 5
Apr 14 10:10:06 ICTM1612S02H1 kernel: [ 56.393217] sd 18:0:0:9: [sddq] Write cache: enabled, read cache: enabled, supports DPO and FUA
Apr 14 10:10:06 ICTM1612S02H1 kernel: [ 56.393244] sd 17:0:0:11: [sddt] Write Protect is off
Apr 14 10:10:06 ICTM1612S02H1 kernel: [ 56.393247] sd 17:0:0:11: [sddt] Mode Sense: 83 00 10 08
Apr 14 10:10:06 ICTM1612S02H1 kernel: [ 56.393703] sd 17:0:0:12: [sdeg] 4194304 512-byte logical blocks: (2.15 GB/2.00 GiB)
Apr 14 10:10:06 ICTM1612S02H1 kernel: [ 56.394057] sd 21:0:0:142: [sdcq] Attached SCSI disk
Apr 14 10:10:06 ICTM1612S02H1 kernel: [ 56.394085] scsi 17:0:0:13: Direct-Access NETAPP INF-01-00 9820 PQ: 0 ANSI: 5
Apr 14 10:10:06 ICTM1612S02H1 systemd-udevd[1486]: passed 211 byte device to netlink monitor 0x565114712ae0
Apr 14 10:10:06 ICTM1612S02H1 systemd-udevd[1486]: seq 4798 queued, 'add' 'scsi_disk'
Apr 14 10:10:06 ICTM1612S02H1 systemd-udevd[3102]: value '[dmi/id]sys_vendor' is 'Dell Inc.'
Apr 14 10:10:06 ICTM1612S02H1 systemd-udevd[3135]: preserve permissions /dev/bsg/23:0:0:131, 020600, uid=0, gid=0
Apr 14 10:10:06 ICTM1612S02H1 systemd-udevd[3118]: preserve permissions /dev/bsg/17:0:0:3, 020600, uid=0, gid=0
Apr 14 10:10:06 ICTM1612S02H1 systemd-udevd[3236]: passed device to netlink monitor 0x5651147839c0
Apr 14 10:10:06 ICTM1612S02H1 systemd-udevd[3130]: seq 4793 processed
Apr 14 10:10:06 ICTM1612S02H1 systemd-udevd[3074]: seq 4794 processed
Apr 14 10:10:06 ICTM1612S02H1 systemd-udevd[3126]: handling device node '/dev/sg27', devnum=c21:27, mode=0660, uid=0, gid=6
Apr 14 10:10:06 ICTM1612S02H1 systemd-udevd[3331]: starting '/usr/bin/sg_inq --export --page=di /dev/sde'
Apr 14 10:10:06 ICTM1612S02H1 systemd-udevd[3145]: value '[dmi/id]sys_vendor' is 'Dell Inc.'
Apr 14 10:10:06 ICTM1612S02H1 systemd-udevd[3113]: seq 4797 running
Apr 14 10:10:06 ICTM1612S02H1 systemd-udevd[3127]: handling device node '/dev/sg26', devnum=c21:26, mode=0660, uid=0, gid=6
Apr 14 10:10:06 ICTM1612S02H1 systemd-udevd[1486]: seq 4799 queued, 'add' 'scsi_device'
Apr 14 10:10:06 ICTM1612S02H1 kernel: [ 56.394228] sd 21:0:0:148: [sddz] Write Protect is off
Apr 14 10:10:06 ICTM1612S02H1 kernel: [ 56.394232] sd 21:0:0:148: [sddz] Mode Sense: 83 00 10 08
Apr 14 10:10:06 ICTM1612S02H1 kernel: [ 56.394976] sd 23:0:0:149: [sdec] Write Protect is off
Apr 14 10:10:06 ICTM1612S02H1 kernel: [ 56.394979] sd 23:0:0:149: [sdec] Mode Sense: 83 00 10 08
Apr 14 10:10:06 ICTM1612S02H1 kernel: [ 56.395026] sd 22:0:0:154: Attached scsi generic sg145 type 0
Apr 14 10:10:06 ICTM1612S02H1 kernel: [ 56.395062] sd 16:0:0:8: [sdbz] Attached SCSI disk
Apr 14 10:10:06 ICTM1612S02H1 kernel: [ 56.395082] scsi 21:0:0:150: Direct-Access NETAPP INF-01-00 9825 PQ: 0 ANSI: 5
Apr 14 10:10:06 ICTM1612S02H1 kernel: [ 56.395085] sd 21:0:0:149: [sdeh] 4194304 512-byte logical blocks: (2.15 GB/2.00 GiB)
Apr 14 10:10:06 ICTM1612S02H1 kernel: [ 56.395162] sd 20:0:0:152: Attached scsi generic sg146 type 0
Apr 14 10:10:06 ICTM1612S02H1 kernel: [ 56.395485] sd 22:0:0:152: [sddy] Write cache: enabled, read cache: enabled, supports DPO and FUA
Apr 14 10:10:06 ICTM1612S02H1 kernel: [ 56.395562] sd 23:0:0:150: [sdei] 4194304 512-byte logical blocks: (2.15 GB/2.00 GiB)
Apr 14 10:10:06 ICTM1612S02H1 systemd-udevd[3102]: value '[dmi/id]sys_vendor' is 'Dell Inc.'
Apr 14 10:10:06 ICTM1612S02H1 systemd-udevd[3135]: creating symlink '/dev/char/249:29' to '../bsg/23:0:0:131'
Apr 14 10:10:06 ICTM1612S02H1 systemd-udevd[3135]: created empty file '/run/udev/data/c249:29' for '/devices/platform/host23/session8/target23:0:0/23:0:0:131/bsg/23:0:0:131'
Apr 14 10:10:06 ICTM1612S02H1 systemd-udevd[3236]: seq 4787 processed
Apr 14 10:10:06 ICTM1612S02H1 systemd-udevd[3126]: set permissions /dev/sg27, 020660, uid=0, gid=6
Apr 14 10:10:06 ICTM1612S02H1 systemd-udevd[3127]: set permissions /dev/sg26, 020660, uid=0, gid=6
Apr 14 10:10:06 ICTM1612S02H1 systemd-udevd[3145]: value '[dmi/id]sys_vendor' is 'Dell Inc.'
Apr 14 10:10:06 ICTM1612S02H1 systemd-udevd[1486]: seq 4800 queued, 'add' 'scsi_generic'
Apr 14 10:10:06 ICTM1612S02H1 systemd-udevd[3102]: handling device node '/dev/bsg/21:0:0:131', devnum=c249:31, mode=0600, uid=0, gid=0
Apr 14 10:10:06 ICTM1612S02H1 systemd-udevd[3118]: creating symlink '/dev/char/249:30' to '../bsg/17:0:0:3'
Apr 14 10:10:06 ICTM1612S02H1 systemd-udevd[3113]: value '[dmi/id]sys_vendor' is 'Dell Inc.'
Apr 14 10:10:06 ICTM1612S02H1 systemd-udevd[3135]: passed device to netlink monitor 0x56511476c140
Apr 14 10:10:06 ICTM1612S02H1 systemd-udevd[3112]: '/usr/bin/sg_inq --export --page=di /dev/sdd'(out) 'SCSI_IDENT_LUN_NAA=60080e500029092400008d505605f98b'
Apr 14 10:10:06 ICTM1612S02H1 systemd-udevd[3126]: creating symlink '/dev/char/21:27' to '../sg27'
Apr 14 10:10:06 ICTM1612S02H1 systemd-udevd[3127]: creating symlink '/dev/char/21:26' to '../sg26'
Apr 14 10:10:06 ICTM1612S02H1 systemd-udevd[3145]: GROUP 6 /lib/udev/rules.d/50-udev-default.rules:55
Apr 14 10:10:06 ICTM1612S02H1 systemd-udevd[3102]: preserve permissions /dev/bsg/21:0:0:131, 020600, uid=0, gid=0
Apr 14 10:10:06 ICTM1612S02H1 systemd-udevd[1486]: seq 4801 queued, 'add' 'bsg'
Apr 14 10:10:06 ICTM1612S02H1 systemd-udevd[3118]: created empty file '/run/udev/data/c249:30' for '/devices/platform/host17/session2/target17:0:0/17:0:0:3/bsg/17:0:0:3'
Apr 14 10:10:06 ICTM1612S02H1 systemd-udevd[3118]: passed device to netlink monitor 0x5651147290e0
Apr 14 10:10:06 ICTM1612S02H1 systemd-udevd[3113]: value '[dmi/id]sys_vendor' is 'Dell Inc.'
Apr 14 10:10:06 ICTM1612S02H1 systemd-udevd[3112]: '/usr/bin/sg_inq --export --page=di /dev/sdd'(out) 'SCSI_IDENT_PORT_RELATIVE=1'
Apr 14 10:10:06 ICTM1612S02H1 systemd-udevd[3126]: created empty file '/run/udev/data/c21:27' for '/devices/platform/host21/session6/target21:0:0/21:0:0:131/scsi_generic/sg27'
Apr 14 10:10:06 ICTM1612S02H1 systemd-udevd[3127]: created empty file '/run/udev/data/c21:26' for '/devices/platform/host17/session2/target17:0:0/17:0:0:3/scsi_generic/sg26'
Apr 14 10:10:06 ICTM1612S02H1 systemd-udevd[3145]: IMPORT '/usr/bin/sg_inq --export /dev/sdh' /lib/udev/rules.d/55-scsi-sg3_id.rules:10
Apr 14 10:10:06 ICTM1612S02H1 systemd-udevd[3102]: creating symlink '/dev/char/249:31' to '../bsg/21:0:0:131'
Apr 14 10:10:06 ICTM1612S02H1 systemd-udevd[3102]: created empty file '/run/udev/data/c249:31' for '/devices/platform/host21/session6/target21:0:0/21:0:0:131/bsg/21:0:0:131'
Apr 14 10:10:06 ICTM1612S02H1 systemd-udevd[3118]: seq 4791 processed
Apr 14 10:10:06 ICTM1612S02H1 systemd-udevd[3135]: seq 4789 processed
Apr 14 10:10:06 ICTM1612S02H1 systemd-udevd[3113]: IMPORT builtin 'hwdb' /lib/udev/rules.d/50-udev-default.rules:15
Apr 14 10:10:06 ICTM1612S02H1 systemd-udevd[3112]: Process '/usr/bin/sg_inq --export --page=di /dev/sdd' succeeded.
Apr 14 10:10:06 ICTM1612S02H1 systemd-udevd[3126]: passed device to netlink monitor 0x565114746ba0
Apr 14 10:10:06 ICTM1612S02H1 systemd-udevd[3127]: passed device to netlink monitor 0x565114765180
Apr 14 10:10:06 ICTM1612S02H1 systemd-udevd[1486]: seq 4802 queued, 'add' 'scsi'
Apr 14 10:10:06 ICTM1612S02H1 systemd-udevd[3102]: passed device to netlink monitor 0x5651147277a0
Apr 14 10:10:06 ICTM1612S02H1 systemd-udevd[3126]: seq 4792 processed
Apr 14 10:10:06 ICTM1612S02H1 systemd-udevd[3113]: IMPORT builtin 'hwdb' returned non-zero
Apr 14 10:10:06 ICTM1612S02H1 systemd-udevd[3112]: PROGRAM '/sbin/multipath -c /dev/sdd' /lib/udev/rules.d/56-dm-mpath-lvm.rules:21
Apr 14 10:10:06 ICTM1612S02H1 systemd-udevd[3127]: seq 4790 processed
Apr 14 10:10:06 ICTM1612S02H1 systemd-udevd[3335]: starting '/usr/bin/sg_inq --export /dev/sdh'
Apr 14 10:10:06 ICTM1612S02H1 systemd-udevd[1486]: passed 211 byte device to netlink monitor 0x565114712ae0
Apr 14 10:10:06 ICTM1612S02H1 systemd-udevd[3102]: seq 4795 processed
Apr 14 10:10:06 ICTM1612S02H1 systemd-udevd[3236]: seq 4802 running
Apr 14 10:10:06 ICTM1612S02H1 systemd-udevd[1486]: seq 4803 queued, 'add' 'scsi_disk'
Apr 14 10:10:06 ICTM1612S02H1 systemd-udevd[3113]: path '[module/sg](null)' is '/sys/module/sg'
Apr 14 10:10:06 ICTM1612S02H1 systemd-udevd[1486]: seq 4804 queued, 'add' 'scsi_device'
Apr 14 10:10:06 ICTM1612S02H1 systemd-udevd[3113]: RUN 'kmod load $env{MODALIAS}' /lib/udev/rules.d/80-drivers.rules:5
Apr 14 10:10:06 ICTM1612S02H1 systemd-udevd[3336]: starting '/sbin/multipath -c /dev/sdd'
Apr 14 10:10:06 ICTM1612S02H1 systemd-udevd[1486]: seq 4805 queued, 'add' 'scsi_generic'
Apr 14 10:10:06 ICTM1612S02H1 systemd-udevd[3113]: Execute 'load' 'scsi:t-0x00'
Apr 14 10:10:06 ICTM1612S02H1 systemd-udevd[3236]: value '[dmi/id]sys_vendor' is 'Dell Inc.'
Apr 14 10:10:06 ICTM1612S02H1 systemd-udevd[1486]: seq 4806 queued, 'add' 'scsi'
Apr 14 10:10:06 ICTM1612S02H1 systemd-udevd[1486]: passed 211 byte device to netlink monitor 0x565114712ae0
Apr 14 10:10:06 ICTM1612S02H1 systemd-udevd[3113]: No module matches 'scsi:t-0x00'
Apr 14 10:10:06 ICTM1612S02H1 systemd-udevd[3135]: seq 4806 running
Apr 14 10:10:06 ICTM1612S02H1 systemd-udevd[1486]: seq 4807 queued, 'add' 'bsg'
Apr 14 10:10:06 ICTM1612S02H1 systemd-udevd[3236]: value '[dmi/id]sys_vendor' is 'Dell Inc.'
Apr 14 10:10:06 ICTM1612S02H1 systemd-udevd[3113]: passed device to netlink monitor 0x565114729780
Apr 14 10:10:06 ICTM1612S02H1 systemd-udevd[1486]: seq 4808 queued, 'add' 'scsi_disk'
Apr 14 10:10:06 ICTM1612S02H1 systemd-udevd[3236]: IMPORT builtin 'hwdb' /lib/udev/rules.d/50-udev-default.rules:15
Apr 14 10:10:06 ICTM1612S02H1 systemd-udevd[3113]: seq 4797 processed
Apr 14 10:10:06 ICTM1612S02H1 systemd-udevd[1486]: seq 4809 queued, 'add' 'scsi_device'
Apr 14 10:10:06 ICTM1612S02H1 systemd-udevd[1486]: passed 196 byte device to netlink monitor 0x565114712ae0
Apr 14 10:10:06 ICTM1612S02H1 systemd-udevd[1486]: passed 200 byte device to netlink monitor 0x565114712ae0
Apr 14 10:10:06 ICTM1612S02H1 systemd-udevd[3130]: seq 4798 running
Apr 14 10:10:06 ICTM1612S02H1 systemd-udevd[3074]: seq 4799 running
Apr 14 10:10:06 ICTM1612S02H1 systemd-udevd[1486]: passed 232 byte device to netlink monitor 0x565114712ae0
Apr 14 10:10:06 ICTM1612S02H1 systemd-udevd[3236]: IMPORT builtin 'hwdb' returned non-zero
Apr 14 10:10:06 ICTM1612S02H1 systemd-udevd[3135]: value '[dmi/id]sys_vendor' is 'Dell Inc.'
Apr 14 10:10:06 ICTM1612S02H1 systemd-udevd[3127]: seq 4800 running
Apr 14 10:10:06 ICTM1612S02H1 systemd-udevd[3236]: path '[module/sg](null)' is '/sys/module/sg'
Apr 14 10:10:06 ICTM1612S02H1 systemd-udevd[1486]: passed 231 byte device to netlink monitor 0x565114712ae0
Apr 14 10:10:06 ICTM1612S02H1 systemd-udevd[3118]: seq 4801 running
Apr 14 10:10:06 ICTM1612S02H1 kernel: [ 56.395657] scsi 23:0:0:151: Direct-Access NETAPP INF-01-00 9825 PQ: 0 ANSI: 5
Apr 14 10:10:06 ICTM1612S02H1 systemd-udevd[3120]: LINK 'disk/by-id/wwn-0x60080e5000290b5400008a2d5605fd7e' /lib/udev/rules.d/60-persistent-storage.rules:73
Apr 14 10:10:06 ICTM1612S02H1 kernel: [ 56.396507] sd 18:0:0:11: Attached scsi generic sg147 type 0
Apr 14 10:10:06 ICTM1612S02H1 kernel: [ 56.396801] sd 21:0:0:148: [sddz] Write cache: enabled, read cache: enabled, supports DPO and FUA
Apr 14 10:10:06 ICTM1612S02H1 kernel: [ 56.396854] sd 16:0:0:14: Attached scsi generic sg148 type 0
Apr 14 10:10:06 ICTM1612S02H1 kernel: [ 56.397040] sd 19:0:0:11: [sdds] Write cache: enabled, read cache: enabled, supports DPO and FUA
Apr 14 10:10:06 ICTM1612S02H1 kernel: [ 56.397090] sd 17:0:0:11: [sddt] Write cache: enabled, read cache: enabled, supports DPO and FUA
Apr 14 10:10:06 ICTM1612S02H1 kernel: [ 56.397219] sd 20:0:0:151: [sded] Write Protect is off
Apr 14 10:10:06 ICTM1612S02H1 kernel: [ 56.397222] sd 20:0:0:151: [sded] Mode Sense: 83 00 10 08
Apr 14 10:10:06 ICTM1612S02H1 kernel: [ 56.397280] sd 20:0:0:152: [sdek] 37748736 512-byte logical blocks: (19.3 GB/18.0 GiB)
Apr 14 10:10:06 ICTM1612S02H1 kernel: [ 56.397398] scsi 20:0:0:153: Direct-Access NETAPP INF-01-00 9825 PQ: 0 ANSI: 5
Apr 14 10:10:06 ICTM1612S02H1 kernel: [ 56.397792] sd 23:0:0:149: [sdec] Write cache: enabled, read cache: enabled, supports DPO and FUA
Apr 14 10:10:06 ICTM1612S02H1 kernel: [ 56.397819] sd 22:0:0:154: [sdej] 37748736 512-byte logical blocks: (19.3 GB/18.0 GiB)
Apr 14 10:10:06 ICTM1612S02H1 kernel: [ 56.397925] scsi 22:0:0:155: Direct-Access NETAPP INF-01-00 9825 PQ: 0 ANSI: 5
Apr 14 10:10:06 ICTM1612S02H1 systemd-udevd[3236]: RUN 'kmod load $env{MODALIAS}' /lib/udev/rules.d/80-drivers.rules:5
Apr 14 10:10:06 ICTM1612S02H1 systemd-udevd[3236]: Execute 'load' 'scsi:t-0x00'
Apr 14 10:10:06 ICTM1612S02H1 systemd-udevd[3120]: IMPORT 'probe-bcache -o udev /dev/sdb' /lib/udev/rules.d/69-bcache.rules:16
Apr 14 10:10:06 ICTM1612S02H1 systemd-udevd[1486]: seq 4810 queued, 'add' 'scsi_generic'
Apr 14 10:10:06 ICTM1612S02H1 systemd-udevd[3073]: '/usr/bin/sg_inq --export --page=di /dev/sde'(out) 'SCSI_IDENT_LUN_NAA=60080e5000290b5400008a2d5605fd7e'
Apr 14 10:10:06 ICTM1612S02H1 systemd-udevd[3135]: value '[dmi/id]sys_vendor' is 'Dell Inc.'
Apr 14 10:10:06 ICTM1612S02H1 systemd-udevd[3236]: No module matches 'scsi:t-0x00'
Apr 14 10:10:06 ICTM1612S02H1 systemd-udevd[3073]: '/usr/bin/sg_inq --export --page=di /dev/sde'(out) 'SCSI_IDENT_PORT_RELATIVE=2'
Apr 14 10:10:06 ICTM1612S02H1 systemd-udevd[1486]: seq 4811 queued, 'add' 'bsg'
Apr 14 10:10:06 ICTM1612S02H1 systemd-udevd[3135]: IMPORT builtin 'hwdb' /lib/udev/rules.d/50-udev-default.rules:15
Apr 14 10:10:06 ICTM1612S02H1 systemd-udevd[3236]: passed device to netlink monitor 0x5651147839c0
Apr 14 10:10:06 ICTM1612S02H1 systemd-udevd[3073]: Process '/usr/bin/sg_inq --export --page=di /dev/sde' succeeded.
Apr 14 10:10:06 ICTM1612S02H1 systemd-udevd[1486]: seq 4812 queued, 'add' 'scsi'
Apr 14 10:10:06 ICTM1612S02H1 systemd-udevd[3339]: starting 'probe-bcache -o udev /dev/sdb'
Apr 14 10:10:06 ICTM1612S02H1 systemd-udevd[3236]: seq 4802 processed
Apr 14 10:10:06 ICTM1612S02H1 systemd-udevd[3073]: PROGRAM '/sbin/multipath -c /dev/sde' /lib/udev/rules.d/56-dm-mpath-lvm.rules:21
Apr 14 10:10:06 ICTM1612S02H1 systemd-udevd[3135]: IMPORT builtin 'hwdb' returned non-zero
Apr 14 10:10:06 ICTM1612S02H1 systemd-udevd[3130]: value '[dmi/id]sys_vendor' is 'Dell Inc.'
Apr 14 10:10:06 ICTM1612S02H1 systemd-udevd[3135]: path '[module/sg](null)' is '/sys/module/sg'
Apr 14 10:10:06 ICTM1612S02H1 systemd-udevd[3127]: value '[dmi/id]sys_vendor' is 'Dell Inc.'
Apr 14 10:10:06 ICTM1612S02H1 systemd-udevd[3130]: value '[dmi/id]sys_vendor' is 'Dell Inc.'
Apr 14 10:10:06 ICTM1612S02H1 systemd-udevd[3118]: value '[dmi/id]sys_vendor' is 'Dell Inc.'
Apr 14 10:10:06 ICTM1612S02H1 systemd-udevd[3112]: '/sbin/multipath -c /dev/sdd'(out) '/dev/sdd is not a valid multipath device path'
Apr 14 10:10:06 ICTM1612S02H1 systemd-udevd[3119]: '/usr/bin/sg_inq --export --page=sn /dev/sdf'(out) 'SCSI_IDENT_SERIAL=SR21500107'
Apr 14 10:10:06 ICTM1612S02H1 systemd-udevd[1486]: passed 211 byte device to netlink monitor 0x565114712ae0
Apr 14 10:10:06 ICTM1612S02H1 systemd-udevd[3126]: seq 4812 running
Apr 14 10:10:06 ICTM1612S02H1 systemd-udevd[3090]: '/usr/bin/sg_inq --export /dev/sdg'(out) 'SCSI_TPGS=0'
Apr 14 10:10:06 ICTM1612S02H1 systemd-udevd[3068]: '/usr/bin/sg_inq --export --page=sn /dev/sdc'(out) 'SCSI_IDENT_SERIAL=SR21500107'
Apr 14 10:10:06 ICTM1612S02H1 systemd-udevd[3236]: seq 4803 running
Apr 14 10:10:06 ICTM1612S02H1 systemd-udevd[3074]: value '[dmi/id]sys_vendor' is 'Dell Inc.'
Apr 14 10:10:06 ICTM1612S02H1 systemd-udevd[3130]: passed device to netlink monitor 0x565114760a80
Apr 14 10:10:06 ICTM1612S02H1 systemd-udevd[3344]: starting '/sbin/multipath -c /dev/sde'
Apr 14 10:10:06 ICTM1612S02H1 systemd-udevd[3127]: value '[dmi/id]sys_vendor' is 'Dell Inc.'
Apr 14 10:10:06 ICTM1612S02H1 systemd-udevd[3118]: value '[dmi/id]sys_vendor' is 'Dell Inc.'
Apr 14 10:10:06 ICTM1612S02H1 systemd-udevd[3112]: Process '/sbin/multipath -c /dev/sdd' failed with exit code 1.
Apr 14 10:10:06 ICTM1612S02H1 systemd-udevd[3119]: Process '/usr/bin/sg_inq --export --page=sn /dev/sdf' succeeded.
Apr 14 10:10:06 ICTM1612S02H1 systemd-udevd[3074]: value '[dmi/id]sys_vendor' is 'Dell Inc.'
Apr 14 10:10:06 ICTM1612S02H1 systemd-udevd[3090]: '/usr/bin/sg_inq --export /dev/sdg'(out) 'SCSI_TYPE=disk'
Apr 14 10:10:06 ICTM1612S02H1 systemd-udevd[3127]: GROUP 6 /lib/udev/rules.d/50-udev-default.rules:63
Apr 14 10:10:06 ICTM1612S02H1 systemd-udevd[3068]: Process '/usr/bin/sg_inq --export --page=sn /dev/sdc' succeeded.
Apr 14 10:10:06 ICTM1612S02H1 systemd-udevd[3130]: seq 4798 processed
Apr 14 10:10:06 ICTM1612S02H1 systemd-udevd[3112]: LINK 'disk/by-id/scsi-SNETAPP_INF-01-00_SR21500247' /lib/udev/rules.d/58-scsi-sg3_symlink.rules:12
Apr 14 10:10:06 ICTM1612S02H1 systemd-udevd[1486]: passed 196 byte device to netlink monitor 0x565114712ae0
Apr 14 10:10:06 ICTM1612S02H1 systemd-udevd[3119]: IMPORT '/usr/bin/sg_inq --export --page=di /dev/sdf' /lib/udev/rules.d/55-scsi-sg3_id.rules:21
Apr 14 10:10:06 ICTM1612S02H1 systemd-udevd[3090]: '/usr/bin/sg_inq --export /dev/sdg'(out) 'SCSI_VENDOR=NETAPP'
Apr 14 10:10:06 ICTM1612S02H1 systemd-udevd[3118]: handling device node '/dev/bsg/22:0:0:132', devnum=c249:32, mode=0600, uid=0, gid=0
Apr 14 10:10:06 ICTM1612S02H1 systemd-udevd[3135]: RUN 'kmod load $env{MODALIAS}' /lib/udev/rules.d/80-drivers.rules:5
Apr 14 10:10:06 ICTM1612S02H1 systemd-udevd[3074]: passed device to netlink monitor 0x565114714100
Apr 14 10:10:06 ICTM1612S02H1 systemd-udevd[3236]: value '[dmi/id]sys_vendor' is 'Dell Inc.'
Apr 14 10:10:06 ICTM1612S02H1 systemd-udevd[3112]: LINK 'disk/by-id/scsi-360080e500029092400008d505605f98b' /lib/udev/rules.d/58-scsi-sg3_symlink.rules:15
Apr 14 10:10:06 ICTM1612S02H1 systemd-udevd[3126]: value '[dmi/id]sys_vendor' is 'Dell Inc.'
Apr 14 10:10:06 ICTM1612S02H1 systemd-udevd[3127]: handling device node '/dev/sg28', devnum=c21:28, mode=0660, uid=0, gid=6
Apr 14 10:10:06 ICTM1612S02H1 systemd-udevd[1486]: passed 200 byte device to netlink monitor 0x565114712ae0
Apr 14 10:10:06 ICTM1612S02H1 systemd-udevd[3102]: seq 4804 running
Apr 14 10:10:06 ICTM1612S02H1 systemd-udevd[3090]: '/usr/bin/sg_inq --export /dev/sdg'(out) 'SCSI_VENDOR_ENC=NETAPP\x20\x20'
Apr 14 10:10:06 ICTM1612S02H1 kernel: [ 56.398200] sd 19:0:0:7: [sdcb] Attached SCSI disk
Apr 14 10:10:06 ICTM1612S02H1 kernel: [ 56.398297] sd 20:0:0:145: [sdcv] Attached SCSI disk
Apr 14 10:10:06 ICTM1612S02H1 kernel: [ 56.398962] sd 20:0:0:146: [sddb] Attached SCSI disk
Apr 14 10:10:06 ICTM1612S02H1 systemd-udevd[3118]: preserve permissions /dev/bsg/22:0:0:132, 020600, uid=0, gid=0
Apr 14 10:10:06 ICTM1612S02H1 kernel: [ 56.399344] sd 21:0:0:150: Attached scsi generic sg149 type 0
Apr 14 10:10:06 ICTM1612S02H1 kernel: [ 56.399533] sd 17:0:0:7: [sdbq] Attached SCSI disk
Apr 14 10:10:06 ICTM1612S02H1 kernel: [ 56.399608] sd 20:0:0:151: [sded] Write cache: enabled, read cache: enabled, supports DPO and FUA
Apr 14 10:10:06 ICTM1612S02H1 systemd-udevd[3135]: Execute 'load' 'scsi:t-0x00'
Apr 14 10:10:06 ICTM1612S02H1 systemd-udevd[3074]: seq 4799 processed
Apr 14 10:10:06 ICTM1612S02H1 systemd-udevd[3068]: IMPORT '/usr/bin/sg_inq --export --page=di /dev/sdc' /lib/udev/rules.d/55-scsi-sg3_id.rules:21
Apr 14 10:10:06 ICTM1612S02H1 systemd-udevd[3236]: value '[dmi/id]sys_vendor' is 'Dell Inc.'
Apr 14 10:10:06 ICTM1612S02H1 systemd-udevd[3112]: LINK 'disk/by-id/scsi-360080e500029092400008d505605f98b' /lib/udev/rules.d/60-persistent-storage.rules:36
Apr 14 10:10:06 ICTM1612S02H1 systemd-udevd[3102]: value '[dmi/id]sys_vendor' is 'Dell Inc.'
Apr 14 10:10:06 ICTM1612S02H1 systemd-udevd[3126]: value '[dmi/id]sys_vendor' is 'Dell Inc.'
Apr 14 10:10:06 ICTM1612S02H1 systemd-udevd[3346]: starting '/usr/bin/sg_inq --export --page=di /dev/sdf'
Apr 14 10:10:06 ICTM1612S02H1 systemd-udevd[3102]: value '[dmi/id]sys_vendor' is 'Dell Inc.'
Apr 14 10:10:06 ICTM1612S02H1 systemd-udevd[3113]: seq 4805 running
Apr 14 10:10:06 ICTM1612S02H1 systemd-udevd[3090]: '/usr/bin/sg_inq --export /dev/sdg'(out) 'SCSI_MODEL=INF-01-00'
Apr 14 10:10:06 ICTM1612S02H1 systemd-udevd[3102]: passed device to netlink monitor 0x5651147277a0
Apr 14 10:10:06 ICTM1612S02H1 systemd-udevd[3135]: No module matches 'scsi:t-0x00'
Apr 14 10:10:06 ICTM1612S02H1 systemd-udevd[3127]: set permissions /dev/sg28, 020660, uid=0, gid=6
Apr 14 10:10:06 ICTM1612S02H1 systemd-udevd[3126]: IMPORT builtin 'hwdb' /lib/udev/rules.d/50-udev-default.rules:15
Apr 14 10:10:06 ICTM1612S02H1 systemd-udevd[3112]: IMPORT builtin 'path_id' /lib/udev/rules.d/60-persistent-storage.rules:54
Apr 14 10:10:06 ICTM1612S02H1 systemd-udevd[1486]: passed 232 byte device to netlink monitor 0x565114712ae0
Apr 14 10:10:06 ICTM1612S02H1 systemd-udevd[3126]: IMPORT builtin 'hwdb' returned non-zero
Apr 14 10:10:06 ICTM1612S02H1 systemd-udevd[3347]: starting '/usr/bin/sg_inq --export --page=di /dev/sdc'
Apr 14 10:10:06 ICTM1612S02H1 kernel: [ 56.400292] sd 22:0:0:153: [sdef] Write Protect is off
Apr 14 10:10:06 ICTM1612S02H1 kernel: [ 56.400295] sd 22:0:0:153: [sdef] Mode Sense: 83 00 10 08
Apr 14 10:10:06 ICTM1612S02H1 kernel: [ 56.400349] sd 18:0:0:10: [sdeb] Write Protect is off
Apr 14 10:10:06 ICTM1612S02H1 kernel: [ 56.400351] sd 18:0:0:10: [sdeb] Mode Sense: 83 00 10 08
Apr 14 10:10:06 ICTM1612S02H1 kernel: [ 56.400434] sd 19:0:0:13: Attached scsi generic sg150 type 0
Apr 14 10:10:06 ICTM1612S02H1 systemd-udevd[3090]: '/usr/bin/sg_inq --export /dev/sdg'(out) 'SCSI_MODEL_ENC=INF-01-00\x20\x20\x20\x20\x20\x20\x20'
Apr 14 10:10:06 ICTM1612S02H1 kernel: [ 56.400698] sd 16:0:0:13: [sdea] Write Protect is off
Apr 14 10:10:06 ICTM1612S02H1 kernel: [ 56.400701] sd 16:0:0:13: [sdea] Mode Sense: 83 00 10 08
Apr 14 10:10:06 ICTM1612S02H1 systemd-udevd[3118]: creating symlink '/dev/char/249:32' to '../bsg/22:0:0:132'
Apr 14 10:10:06 ICTM1612S02H1 systemd-udevd[3102]: seq 4804 processed
Apr 14 10:10:06 ICTM1612S02H1 systemd-udevd[3135]: passed device to netlink monitor 0x56511476c140
Apr 14 10:10:06 ICTM1612S02H1 systemd-udevd[3127]: creating symlink '/dev/char/21:28' to '../sg28'
Apr 14 10:10:06 ICTM1612S02H1 systemd-udevd[1486]: passed 231 byte device to netlink monitor 0x565114712ae0
Apr 14 10:10:06 ICTM1612S02H1 systemd-udevd[3236]: passed device to netlink monitor 0x5651147839c0
Apr 14 10:10:06 ICTM1612S02H1 systemd-udevd[3110]: seq 4807 running
Apr 14 10:10:06 ICTM1612S02H1 systemd-udevd[3126]: path '[module/sg](null)' is '/sys/module/sg'
Apr 14 10:10:06 ICTM1612S02H1 systemd-udevd[3113]: value '[dmi/id]sys_vendor' is 'Dell Inc.'
Apr 14 10:10:06 ICTM1612S02H1 systemd-udevd[3090]: '/usr/bin/sg_inq --export /dev/sdg'(out) 'SCSI_REVISION=9820'
Apr 14 10:10:06 ICTM1612S02H1 systemd-udevd[3118]: created empty file '/run/udev/data/c249:32' for '/devices/platform/host22/session7/target22:0:0/22:0:0:132/bsg/22:0:0:132'
Apr 14 10:10:06 ICTM1612S02H1 systemd-udevd[3135]: seq 4806 processed
Apr 14 10:10:06 ICTM1612S02H1 systemd-udevd[3112]: LINK 'disk/by-path/ip-fe80:0000:0000:0000:0192:0012:0021:0111:3260-iscsi-iqn.1992-08.com.netapp:5504.60080e5000290924000000005525f5de-lun-1' /lib/udev/rules.d/60-persistent-storage.rules:55
Apr 14 10:10:06 ICTM1612S02H1 systemd-udevd[3127]: created empty file '/run/udev/data/c21:28' for '/devices/platform/host22/session7/target22:0:0/22:0:0:132/scsi_generic/sg28'
Apr 14 10:10:06 ICTM1612S02H1 systemd-udevd[3120]: Process 'probe-bcache -o udev /dev/sdb' succeeded.
Apr 14 10:10:06 ICTM1612S02H1 kernel: [ 56.401020] sd 17:0:0:13: Attached scsi generic sg151 type 0
Apr 14 10:10:06 ICTM1612S02H1 kernel: [ 56.401094] sd 23:0:0:151: Attached scsi generic sg152 type 0
Apr 14 10:10:06 ICTM1612S02H1 kernel: [ 56.401278] sd 18:0:0:11: [sdel] 4194304 512-byte logical blocks: (2.15 GB/2.00 GiB)
Apr 14 10:10:06 ICTM1612S02H1 kernel: [ 56.401317] sd 20:0:0:153: Attached scsi generic sg153 type 0
Apr 14 10:10:06 ICTM1612S02H1 systemd-udevd[1486]: seq 4813 queued, 'add' 'scsi_disk'
Apr 14 10:10:06 ICTM1612S02H1 systemd-udevd[3145]: '/usr/bin/sg_inq --export /dev/sdh'(out) 'SCSI_TPGS=0'
Apr 14 10:10:06 ICTM1612S02H1 systemd-udevd[3068]: '/usr/bin/sg_inq --export --page=di /dev/sdc'(out) 'SCSI_IDENT_LUN_NAA=60080e5000290b5400008a2d5605fd7e'
Apr 14 10:10:06 ICTM1612S02H1 systemd-udevd[3126]: RUN 'kmod load $env{MODALIAS}' /lib/udev/rules.d/80-drivers.rules:5
Apr 14 10:10:06 ICTM1612S02H1 systemd-udevd[3126]: Execute 'load' 'scsi:t-0x00'
Apr 14 10:10:06 ICTM1612S02H1 systemd-udevd[3118]: passed device to netlink monitor 0x5651147290e0
Apr 14 10:10:06 ICTM1612S02H1 systemd-udevd[3112]: IMPORT builtin 'blkid' /lib/udev/rules.d/60-persistent-storage.rules:66
Apr 14 10:10:06 ICTM1612S02H1 systemd-udevd[3113]: value '[dmi/id]sys_vendor' is 'Dell Inc.'
Apr 14 10:10:06 ICTM1612S02H1 systemd-udevd[3110]: value '[dmi/id]sys_vendor' is 'Dell Inc.'
Apr 14 10:10:06 ICTM1612S02H1 systemd-udevd[3073]: '/sbin/multipath -c /dev/sde'(out) '/dev/sde is not a valid multipath device path'
Apr 14 10:10:06 ICTM1612S02H1 systemd-udevd[3119]: '/usr/bin/sg_inq --export --page=di /dev/sdf'(out) 'SCSI_IDENT_LUN_NAA=60080e5000290b5400008a2d5605fd7e'
Apr 14 10:10:06 ICTM1612S02H1 systemd-udevd[3119]: '/usr/bin/sg_inq --export --page=di /dev/sdf'(out) 'SCSI_IDENT_PORT_RELATIVE=32769'
Apr 14 10:10:06 ICTM1612S02H1 systemd-udevd[3145]: '/usr/bin/sg_inq --export /dev/sdh'(out) 'SCSI_TYPE=disk'
Apr 14 10:10:06 ICTM1612S02H1 systemd-udevd[3119]: Process '/usr/bin/sg_inq --export --page=di /dev/sdf' succeeded.
Apr 14 10:10:06 ICTM1612S02H1 systemd-udevd[3068]: '/usr/bin/sg_inq --export --page=di /dev/sdc'(out) 'SCSI_IDENT_PORT_RELATIVE=32770'
Apr 14 10:10:06 ICTM1612S02H1 systemd-udevd[3236]: seq 4803 processed
Apr 14 10:10:06 ICTM1612S02H1 kernel: [ 56.401565] scsi 18:0:0:12: Direct-Access NETAPP INF-01-00 9820 PQ: 0 ANSI: 5
Apr 14 10:10:06 ICTM1612S02H1 kernel: [ 56.401610] scsi 16:0:0:15: Direct-Access NETAPP INF-01-00 9820 PQ: 0 ANSI: 5
Apr 14 10:10:06 ICTM1612S02H1 kernel: [ 56.401807] sd 16:0:0:14: [sdem] 4194304 512-byte logical blocks: (2.15 GB/2.00 GiB)
Apr 14 10:10:06 ICTM1612S02H1 systemd-udevd[1486]: passed 196 byte device to netlink monitor 0x565114712ae0
Apr 14 10:10:06 ICTM1612S02H1 systemd-udevd[3135]: seq 4808 running
Apr 14 10:10:06 ICTM1612S02H1 systemd-udevd[3090]: Process '/usr/bin/sg_inq --export /dev/sdg' succeeded.
Apr 14 10:10:06 ICTM1612S02H1 systemd-udevd[3118]: seq 4801 processed
Apr 14 10:10:06 ICTM1612S02H1 systemd-udevd[3126]: No module matches 'scsi:t-0x00'
Apr 14 10:10:06 ICTM1612S02H1 systemd-udevd[3113]: GROUP 6 /lib/udev/rules.d/50-udev-default.rules:63
Apr 14 10:10:06 ICTM1612S02H1 systemd-udevd[3073]: Process '/sbin/multipath -c /dev/sde' failed with exit code 1.
Apr 14 10:10:06 ICTM1612S02H1 systemd-udevd[3127]: passed device to netlink monitor 0x565114765180
Apr 14 10:10:06 ICTM1612S02H1 systemd-udevd[3113]: handling device node '/dev/sg29', devnum=c21:29, mode=0660, uid=0, gid=6
Apr 14 10:10:06 ICTM1612S02H1 systemd-udevd[3110]: value '[dmi/id]sys_vendor' is 'Dell Inc.'
Apr 14 10:10:06 ICTM1612S02H1 systemd-udevd[3145]: '/usr/bin/sg_inq --export /dev/sdh'(out) 'SCSI_VENDOR=NETAPP'
Apr 14 10:10:06 ICTM1612S02H1 systemd-udevd[3120]: RUN '/lib/udev/hdparm' /lib/udev/rules.d/85-hdparm.rules:1
Apr 14 10:10:06 ICTM1612S02H1 systemd-udevd[3110]: handling device node '/dev/bsg/20:0:0:132', devnum=c249:33, mode=0600, uid=0, gid=0
Apr 14 10:10:06 ICTM1612S02H1 systemd-udevd[3120]: ATTR '/sys/devices/platform/host16/session1/target16:0:0/16:0:0:0/block/sdb/queue/max_sectors_kb' writing '32767' /etc/udev/rules.d/99-largeio-udev.rules:1
Apr 14 10:10:06 ICTM1612S02H1 systemd-udevd[1486]: passed 200 byte device to netlink monitor 0x565114712ae0
Apr 14 10:10:06 ICTM1612S02H1 systemd-udevd[3130]: seq 4809 running
Apr 14 10:10:06 ICTM1612S02H1 systemd-udevd[3090]: IMPORT '/usr/bin/sg_inq --export --page=sn /dev/sdg' /lib/udev/rules.d/55-scsi-sg3_id.rules:19
Apr 14 10:10:06 ICTM1612S02H1 systemd-udevd[3126]: passed device to netlink monitor 0x565114746ba0
Apr 14 10:10:06 ICTM1612S02H1 systemd-udevd[3127]: seq 4800 processed
Apr 14 10:10:06 ICTM1612S02H1 systemd-udevd[3073]: LINK 'disk/by-id/scsi-SNETAPP_INF-01-00_SR21500247' /lib/udev/rules.d/58-scsi-sg3_symlink.rules:12
Apr 14 10:10:06 ICTM1612S02H1 systemd-udevd[3112]: probe /dev/sdd raid offset=0
Apr 14 10:10:06 ICTM1612S02H1 systemd-udevd[3113]: set permissions /dev/sg29, 020660, uid=0, gid=6
Apr 14 10:10:06 ICTM1612S02H1 systemd-udevd[3135]: value '[dmi/id]sys_vendor' is 'Dell Inc.'
Apr 14 10:10:06 ICTM1612S02H1 systemd-udevd[3145]: '/usr/bin/sg_inq --export /dev/sdh'(out) 'SCSI_VENDOR_ENC=NETAPP\x20\x20'
Apr 14 10:10:06 ICTM1612S02H1 systemd-udevd[3068]: Process '/usr/bin/sg_inq --export --page=di /dev/sdc' succeeded.
Apr 14 10:10:06 ICTM1612S02H1 systemd-udevd[3110]: preserve permissions /dev/bsg/20:0:0:132, 020600, uid=0, gid=0
Apr 14 10:10:06 ICTM1612S02H1 systemd-udevd[3119]: PROGRAM '/sbin/multipath -c /dev/sdf' /lib/udev/rules.d/56-dm-mpath-lvm.rules:21
Apr 14 10:10:06 ICTM1612S02H1 systemd-udevd[3120]: handling device node '/dev/sdb', devnum=b8:16, mode=0660, uid=0, gid=6
Apr 14 10:10:06 ICTM1612S02H1 systemd-udevd[1486]: passed 232 byte device to netlink monitor 0x565114712ae0
Apr 14 10:10:06 ICTM1612S02H1 systemd-udevd[3074]: seq 4810 running
Apr 14 10:10:06 ICTM1612S02H1 systemd-udevd[3102]: seq 4811 running
Apr 14 10:10:06 ICTM1612S02H1 systemd-udevd[3073]: LINK 'disk/by-id/scsi-360080e5000290b5400008a2d5605fd7e' /lib/udev/rules.d/58-scsi-sg3_symlink.rules:15
Apr 14 10:10:06 ICTM1612S02H1 systemd-udevd[3113]: creating symlink '/dev/char/21:29' to '../sg29'
Apr 14 10:10:06 ICTM1612S02H1 systemd-udevd[3130]: value '[dmi/id]sys_vendor' is 'Dell Inc.'
Apr 14 10:10:06 ICTM1612S02H1 systemd-udevd[3145]: '/usr/bin/sg_inq --export /dev/sdh'(out) 'SCSI_MODEL=INF-01-00'
Apr 14 10:10:06 ICTM1612S02H1 systemd-udevd[3135]: value '[dmi/id]sys_vendor' is 'Dell Inc.'
Apr 14 10:10:06 ICTM1612S02H1 systemd-udevd[3353]: starting '/sbin/multipath -c /dev/sdf'
Apr 14 10:10:06 ICTM1612S02H1 systemd-udevd[3110]: creating symlink '/dev/char/249:33' to '../bsg/20:0:0:132'
Apr 14 10:10:06 ICTM1612S02H1 systemd-udevd[3068]: PROGRAM '/sbin/multipath -c /dev/sdc' /lib/udev/rules.d/56-dm-mpath-lvm.rules:21
Apr 14 10:10:06 ICTM1612S02H1 systemd-udevd[3110]: created empty file '/run/udev/data/c249:33' for '/devices/platform/host20/session5/target20:0:0/20:0:0:132/bsg/20:0:0:132'
Apr 14 10:10:06 ICTM1612S02H1 kernel: [ 56.402344] sd 21:0:0:149: [sdeh] Write Protect is off
Apr 14 10:10:06 ICTM1612S02H1 kernel: [ 56.402347] sd 21:0:0:149: [sdeh] Mode Sense: 83 00 10 08
Apr 14 10:10:06 ICTM1612S02H1 kernel: [ 56.402767] sd 22:0:0:155: Attached scsi generic sg154 type 0
Apr 14 10:10:06 ICTM1612S02H1 kernel: [ 56.402886] scsi 21:0:0:151: Direct-Access NETAPP INF-01-00 9825 PQ: 0 ANSI: 5
Apr 14 10:10:06 ICTM1612S02H1 kernel: [ 56.403086] sd 21:0:0:150: [sden] 4194304 512-byte logical blocks: (2.15 GB/2.00 GiB)
Apr 14 10:10:06 ICTM1612S02H1 kernel: [ 56.403559] sd 22:0:0:153: [sdef] Write cache: enabled, read cache: enabled, supports DPO and FUA
Apr 14 10:10:06 ICTM1612S02H1 kernel: [ 56.403578] sd 23:0:0:150: [sdei] Write Protect is off
Apr 14 10:10:06 ICTM1612S02H1 kernel: [ 56.403582] sd 23:0:0:150: [sdei] Mode Sense: 83 00 10 08
Apr 14 10:10:06 ICTM1612S02H1 systemd-udevd[1486]: passed 231 byte device to netlink monitor 0x565114712ae0
Apr 14 10:10:06 ICTM1612S02H1 systemd-udevd[3126]: seq 4812 processed
Apr 14 10:10:06 ICTM1612S02H1 systemd-udevd[1486]: seq 4814 queued, 'add' 'scsi_device'
Apr 14 10:10:06 ICTM1612S02H1 systemd-udevd[3113]: created empty file '/run/udev/data/c21:29' for '/devices/platform/host20/session5/target20:0:0/20:0:0:132/scsi_generic/sg29'
Apr 14 10:10:06 ICTM1612S02H1 systemd-udevd[3145]: '/usr/bin/sg_inq --export /dev/sdh'(out) 'SCSI_MODEL_ENC=INF-01-00\x20\x20\x20\x20\x20\x20\x20'
Apr 14 10:10:06 ICTM1612S02H1 systemd-udevd[3352]: starting '/usr/bin/sg_inq --export --page=sn /dev/sdg'
Apr 14 10:10:06 ICTM1612S02H1 systemd-udevd[3135]: passed device to netlink monitor 0x56511476c140
Apr 14 10:10:06 ICTM1612S02H1 systemd-udevd[3120]: set permissions /dev/sdb, 060660, uid=0, gid=6
Apr 14 10:10:06 ICTM1612S02H1 systemd-udevd[3130]: value '[dmi/id]sys_vendor' is 'Dell Inc.'
Apr 14 10:10:06 ICTM1612S02H1 systemd-udevd[3110]: passed device to netlink monitor 0x56511475de20
Apr 14 10:10:06 ICTM1612S02H1 systemd-udevd[3073]: LINK 'disk/by-id/scsi-360080e5000290b5400008a2d5605fd7e' /lib/udev/rules.d/60-persistent-storage.rules:36
Apr 14 10:10:06 ICTM1612S02H1 systemd-udevd[3113]: passed device to netlink monitor 0x565114729780
Apr 14 10:10:06 ICTM1612S02H1 systemd-udevd[1486]: passed 196 byte device to netlink monitor 0x565114712ae0
Apr 14 10:10:06 ICTM1612S02H1 systemd-udevd[3236]: seq 4813 running
Apr 14 10:10:06 ICTM1612S02H1 systemd-udevd[3145]: '/usr/bin/sg_inq --export /dev/sdh'(out) 'SCSI_REVISION=9820'
Apr 14 10:10:06 ICTM1612S02H1 systemd-udevd[3135]: seq 4808 processed
Apr 14 10:10:06 ICTM1612S02H1 systemd-udevd[3354]: starting '/sbin/multipath -c /dev/sdc'
Apr 14 10:10:06 ICTM1612S02H1 systemd-udevd[3073]: IMPORT builtin 'path_id' /lib/udev/rules.d/60-persistent-storage.rules:54
Apr 14 10:10:06 ICTM1612S02H1 systemd-udevd[3110]: seq 4807 processed
Apr 14 10:10:06 ICTM1612S02H1 systemd-udevd[3113]: seq 4805 processed
Apr 14 10:10:06 ICTM1612S02H1 systemd-udevd[3074]: value '[dmi/id]sys_vendor' is 'Dell Inc.'
Apr 14 10:10:06 ICTM1612S02H1 systemd-udevd[3127]: seq 4814 running
Apr 14 10:10:06 ICTM1612S02H1 systemd-udevd[3130]: passed device to netlink monitor 0x565114760a80
Apr 14 10:10:06 ICTM1612S02H1 systemd-udevd[3102]: value '[dmi/id]sys_vendor' is 'Dell Inc.'
Apr 14 10:10:06 ICTM1612S02H1 systemd-udevd[3120]: creating symlink '/dev/block/8:16' to '../sdb'
Apr 14 10:10:06 ICTM1612S02H1 systemd-udevd[1486]: passed 200 byte device to netlink monitor 0x565114712ae0
Apr 14 10:10:06 ICTM1612S02H1 systemd-udevd[3130]: seq 4809 processed
Apr 14 10:10:06 ICTM1612S02H1 systemd-udevd[3145]: Process '/usr/bin/sg_inq --export /dev/sdh' succeeded.
Apr 14 10:10:06 ICTM1612S02H1 systemd-udevd[3120]: creating link '/dev/disk/by-id/scsi-360080e5000290b5400008a2d5605fd7e' to '/dev/sdb'
Apr 14 10:10:06 ICTM1612S02H1 systemd-udevd[3074]: value '[dmi/id]sys_vendor' is 'Dell Inc.'
Apr 14 10:10:06 ICTM1612S02H1 systemd-udevd[3102]: value '[dmi/id]sys_vendor' is 'Dell Inc.'
Apr 14 10:10:06 ICTM1612S02H1 systemd-udevd[3073]: LINK 'disk/by-path/ip-fe80:0000:0000:0000:0192:0012:0022:0111:3260-iscsi-iqn.1992-08.com.netapp:5504.60080e5000290924000000005525f5de-lun-0' /lib/udev/rules.d/60-persistent-storage.rules:55
Apr 14 10:10:06 ICTM1612S02H1 systemd-udevd[3236]: value '[dmi/id]sys_vendor' is 'Dell Inc.'
Apr 14 10:10:06 ICTM1612S02H1 systemd-udevd[3127]: value '[dmi/id]sys_vendor' is 'Dell Inc.'
Apr 14 10:10:06 ICTM1612S02H1 systemd-udevd[3090]: '/usr/bin/sg_inq --export --page=sn /dev/sdg'(out) 'SCSI_IDENT_SERIAL=SR21500107'
Apr 14 10:10:06 ICTM1612S02H1 systemd-udevd[3119]: '/sbin/multipath -c /dev/sdf'(out) '/dev/sdf is not a valid multipath device path'
Apr 14 10:10:06 ICTM1612S02H1 systemd-udevd[3068]: '/sbin/multipath -c /dev/sdc'(out) '/dev/sdc is not a valid multipath device path'
Apr 14 10:10:06 ICTM1612S02H1 systemd-udevd[1486]: seq 4815 queued, 'add' 'scsi_generic'
Apr 14 10:10:06 ICTM1612S02H1 systemd-udevd[3120]: creating symlink '/dev/disk/by-id/scsi-360080e5000290b5400008a2d5605fd7e' to '../../sdb'
Apr 14 10:10:06 ICTM1612S02H1 systemd-udevd[3145]: IMPORT '/usr/bin/sg_inq --export --page=sn /dev/sdh' /lib/udev/rules.d/55-scsi-sg3_id.rules:19
Apr 14 10:10:06 ICTM1612S02H1 systemd-udevd[3074]: GROUP 6 /lib/udev/rules.d/50-udev-default.rules:63
Apr 14 10:10:06 ICTM1612S02H1 systemd-udevd[3073]: IMPORT builtin 'blkid' /lib/udev/rules.d/60-persistent-storage.rules:66
Apr 14 10:10:06 ICTM1612S02H1 systemd-udevd[3102]: handling device node '/dev/bsg/23:0:0:132', devnum=c249:34, mode=0600, uid=0, gid=0
Apr 14 10:10:06 ICTM1612S02H1 systemd-udevd[3074]: handling device node '/dev/sg30', devnum=c21:30, mode=0660, uid=0, gid=6
Apr 14 10:10:06 ICTM1612S02H1 systemd-udevd[3236]: value '[dmi/id]sys_vendor' is 'Dell Inc.'
Apr 14 10:10:06 ICTM1612S02H1 systemd-udevd[3127]: value '[dmi/id]sys_vendor' is 'Dell Inc.'
Apr 14 10:10:06 ICTM1612S02H1 systemd-udevd[3119]: Process '/sbin/multipath -c /dev/sdf' failed with exit code 1.
Apr 14 10:10:06 ICTM1612S02H1 systemd-udevd[3068]: Process '/sbin/multipath -c /dev/sdc' failed with exit code 1.
Apr 14 10:10:06 ICTM1612S02H1 systemd-udevd[1486]: passed 232 byte device to netlink monitor 0x565114712ae0
Apr 14 10:10:06 ICTM1612S02H1 systemd-udevd[3118]: seq 4815 running
Apr 14 10:10:06 ICTM1612S02H1 systemd-udevd[3120]: creating link '/dev/disk/by-id/scsi-SNETAPP_INF-01-00_SR21500247' to '/dev/sdb'
Apr 14 10:10:06 ICTM1612S02H1 systemd-udevd[3102]: preserve permissions /dev/bsg/23:0:0:132, 020600, uid=0, gid=0
Apr 14 10:10:06 ICTM1612S02H1 systemd-udevd[3090]: Process '/usr/bin/sg_inq --export --page=sn /dev/sdg' succeeded.
Apr 14 10:10:06 ICTM1612S02H1 systemd-udevd[3074]: set permissions /dev/sg30, 020660, uid=0, gid=6
Apr 14 10:10:06 ICTM1612S02H1 systemd-udevd[3073]: probe /dev/sde raid offset=0
Apr 14 10:10:06 ICTM1612S02H1 systemd-udevd[3236]: passed device to netlink monitor 0x5651147839c0
Apr 14 10:10:06 ICTM1612S02H1 systemd-udevd[3119]: LINK 'disk/by-id/scsi-SNETAPP_INF-01-00_SR21500107' /lib/udev/rules.d/58-scsi-sg3_symlink.rules:12
Apr 14 10:10:06 ICTM1612S02H1 systemd-udevd[3068]: LINK 'disk/by-id/scsi-SNETAPP_INF-01-00_SR21500107' /lib/udev/rules.d/58-scsi-sg3_symlink.rules:12
Apr 14 10:10:06 ICTM1612S02H1 systemd-udevd[3127]: passed device to netlink monitor 0x565114765180
Apr 14 10:10:06 ICTM1612S02H1 systemd-udevd[3359]: starting '/usr/bin/sg_inq --export --page=sn /dev/sdh'
Apr 14 10:10:06 ICTM1612S02H1 systemd-udevd[3120]: creating symlink '/dev/disk/by-id/scsi-SNETAPP_INF-01-00_SR21500247' to '../../sdb'
Apr 14 10:10:06 ICTM1612S02H1 systemd-udevd[3102]: creating symlink '/dev/char/249:34' to '../bsg/23:0:0:132'
Apr 14 10:10:06 ICTM1612S02H1 systemd-udevd[1486]: seq 4816 queued, 'add' 'bsg'
Apr 14 10:10:06 ICTM1612S02H1 systemd-udevd[3090]: IMPORT '/usr/bin/sg_inq --export --page=di /dev/sdg' /lib/udev/rules.d/55-scsi-sg3_id.rules:21
Apr 14 10:10:06 ICTM1612S02H1 systemd-udevd[3135]: seq 4816 running
Apr 14 10:10:06 ICTM1612S02H1 systemd-udevd[3236]: seq 4813 processed
Apr 14 10:10:06 ICTM1612S02H1 systemd-udevd[3119]: LINK 'disk/by-id/scsi-360080e5000290b5400008a2d5605fd7e' /lib/udev/rules.d/58-scsi-sg3_symlink.rules:15
Apr 14 10:10:06 ICTM1612S02H1 systemd-udevd[3118]: value '[dmi/id]sys_vendor' is 'Dell Inc.'
Apr 14 10:10:06 ICTM1612S02H1 systemd-udevd[3068]: LINK 'disk/by-id/scsi-360080e5000290b5400008a2d5605fd7e' /lib/udev/rules.d/58-scsi-sg3_symlink.rules:15
Apr 14 10:10:06 ICTM1612S02H1 systemd-udevd[3118]: value '[dmi/id]sys_vendor' is 'Dell Inc.'
