Apr 14 10:10:06 ICTM1612S02H1 systemd-udevd[1486]: seq 5050 queued, 'add' 'scsi_disk'
Apr 14 10:10:06 ICTM1612S02H1 systemd-udevd[3073]: IMPORT '/usr/bin/sg_inq --export --page=sn /dev/sdv' /lib/udev/rules.d/55-scsi-sg3_id.rules:19
Apr 14 10:10:06 ICTM1612S02H1 systemd-udevd[3145]: '/lib/udev/hdparm'(out) '/dev/sdp:'
Apr 14 10:10:06 ICTM1612S02H1 systemd-udevd[3135]: seq 5047 processed
Apr 14 10:10:06 ICTM1612S02H1 systemd[1]: sys-devices-platform-host17-session2-target17:0:0-17:0:0:2-block-sdn.device: Changed dead -> plugged
Apr 14 10:10:06 ICTM1612S02H1 systemd-udevd[3119]: creating symlink '/dev/char/21:70' to '../sg70'
Apr 14 10:10:06 ICTM1612S02H1 systemd-udevd[1486]: seq 5051 queued, 'add' 'scsi_device'
Apr 14 10:10:06 ICTM1612S02H1 systemd-udevd[3145]: '/lib/udev/hdparm'(out) ' setting Advanced Power Management level to 0xfe (254)'
Apr 14 10:10:06 ICTM1612S02H1 systemd-udevd[3118]: creating link '/dev/disk/by-id/scsi-360080e5000290b5400008a2f5605fd8a' to '/dev/sds'
Apr 14 10:10:06 ICTM1612S02H1 systemd[1]: Sent message type=signal sender=n/a destination=n/a object=/org/freedesktop/systemd1 interface=org.freedesktop.systemd1.Manager member=UnitNew cookie=120 reply_cookie=0 error=n/a
Apr 14 10:10:06 ICTM1612S02H1 systemd-udevd[3236]: value '[dmi/id]sys_vendor' is 'Dell Inc.'
Apr 14 10:10:06 ICTM1612S02H1 systemd-udevd[3119]: created empty file '/run/udev/data/c21:70' for '/devices/platform/host22/session7/target22:0:0/22:0:0:140/scsi_generic/sg70'
Apr 14 10:10:06 ICTM1612S02H1 systemd-udevd[3145]: '/lib/udev/hdparm'(out) ' APM_level#011= not supported'
Apr 14 10:10:06 ICTM1612S02H1 systemd-udevd[3118]: atomically replace '/dev/disk/by-id/scsi-360080e5000290b5400008a2f5605fd8a'
Apr 14 10:10:06 ICTM1612S02H1 systemd-udevd[3145]: Process '/lib/udev/hdparm' succeeded.
Apr 14 10:10:06 ICTM1612S02H1 systemd-udevd[3565]: starting '/usr/bin/sg_inq --export --page=sn /dev/sdv'
Apr 14 10:10:06 ICTM1612S02H1 systemd[1]: Sent message type=signal sender=n/a destination=n/a object=/org/freedesktop/systemd1 interface=org.freedesktop.systemd1.Manager member=UnitNew cookie=121 reply_cookie=0 error=n/a
Apr 14 10:10:06 ICTM1612S02H1 systemd-udevd[3236]: value '[dmi/id]sys_vendor' is 'Dell Inc.'
Apr 14 10:10:06 ICTM1612S02H1 systemd-udevd[3119]: passed device to netlink monitor 0x565114761270
Apr 14 10:10:06 ICTM1612S02H1 systemd-udevd[1486]: seq 5052 queued, 'add' 'scsi_generic'
Apr 14 10:10:06 ICTM1612S02H1 systemd-udevd[3118]: found 'b8:240' claiming '/run/udev/links/\x2fdisk\x2fby-id\x2fscsi-SNETAPP_INF-01-00_SR21500247'
Apr 14 10:10:06 ICTM1612S02H1 systemd-udevd[3145]: adding watch on '/dev/sdp'
Apr 14 10:10:06 ICTM1612S02H1 systemd-udevd[3236]: IMPORT builtin 'hwdb' /lib/udev/rules.d/50-udev-default.rules:15
Apr 14 10:10:06 ICTM1612S02H1 systemd-udevd[3145]: created db file '/run/udev/data/b8:240' for '/devices/platform/host16/session1/target16:0:0/16:0:0:3/block/sdp'
Apr 14 10:10:06 ICTM1612S02H1 systemd-udevd[3119]: seq 5046 processed
Apr 14 10:10:06 ICTM1612S02H1 systemd-udevd[1486]: seq 5053 queued, 'add' 'bsg'
Apr 14 10:10:06 ICTM1612S02H1 systemd-udevd[3236]: IMPORT builtin 'hwdb' returned non-zero
Apr 14 10:10:06 ICTM1612S02H1 systemd[1]: Sent message type=signal sender=n/a destination=n/a object=/org/freedesktop/systemd1 interface=org.freedesktop.systemd1.Manager member=UnitNew cookie=122 reply_cookie=0 error=n/a
Apr 14 10:10:06 ICTM1612S02H1 systemd-udevd[3118]: found 'b8:128' claiming '/run/udev/links/\x2fdisk\x2fby-id\x2fscsi-SNETAPP_INF-01-00_SR21500247'
Apr 14 10:10:06 ICTM1612S02H1 systemd-udevd[1486]: seq 5054 queued, 'add' 'bdi'
Apr 14 10:10:06 ICTM1612S02H1 systemd-udevd[3236]: path '[module/sg](null)' is '/sys/module/sg'
Apr 14 10:10:06 ICTM1612S02H1 systemd-udevd[1486]: passed 139 byte device to netlink monitor 0x565114712ae0
Apr 14 10:10:06 ICTM1612S02H1 systemd-udevd[3145]: passed device to netlink monitor 0x56511477ed60
Apr 14 10:10:06 ICTM1612S02H1 systemd-udevd[1486]: seq 5055 queued, 'add' 'scsi'
Apr 14 10:10:06 ICTM1612S02H1 systemd-udevd[3119]: seq 5054 running
Apr 14 10:10:06 ICTM1612S02H1 systemd-udevd[3145]: seq 4912 processed
Apr 14 10:10:06 ICTM1612S02H1 systemd-udevd[3118]: found 'b8:112' claiming '/run/udev/links/\x2fdisk\x2fby-id\x2fscsi-SNETAPP_INF-01-00_SR21500247'
Apr 14 10:10:06 ICTM1612S02H1 systemd-udevd[3236]: RUN 'kmod load $env{MODALIAS}' /lib/udev/rules.d/80-drivers.rules:5
Apr 14 10:10:06 ICTM1612S02H1 systemd-udevd[1486]: passed 211 byte device to netlink monitor 0x565114712ae0
Apr 14 10:10:06 ICTM1612S02H1 systemd-udevd[3135]: seq 5055 running
Apr 14 10:10:06 ICTM1612S02H1 systemd-udevd[1486]: seq 5056 queued, 'add' 'scsi_disk'
Apr 14 10:10:06 ICTM1612S02H1 systemd-udevd[3236]: Execute 'load' 'scsi:t-0x00'
Apr 14 10:10:06 ICTM1612S02H1 systemd-udevd[3119]: value '[dmi/id]sys_vendor' is 'Dell Inc.'
Apr 14 10:10:06 ICTM1612S02H1 systemd[1]: dev-disk-by\x2did-scsi\x2dSNETAPP_INF\x2d01\x2d00_SR21500247.device: Dev dev-disk-by\x2did-scsi\x2dSNETAPP_INF\x2d01\x2d00_SR21500247.device appeared twice with different sysfs paths /sys/devices/platform/host16/session1/target16:0:0/16:0:0:0/block/sdb and /sys/devices/platform/host16/session1/target16:0:0/16:0:0:3/block/sdp
Apr 14 10:10:06 ICTM1612S02H1 systemd-udevd[3236]: No module matches 'scsi:t-0x00'
Apr 14 10:10:06 ICTM1612S02H1 systemd-udevd[1486]: seq 5057 queued, 'add' 'scsi_device'
Apr 14 10:10:06 ICTM1612S02H1 systemd-udevd[3118]: found 'b8:48' claiming '/run/udev/links/\x2fdisk\x2fby-id\x2fscsi-SNETAPP_INF-01-00_SR21500247'
Apr 14 10:10:06 ICTM1612S02H1 systemd-udevd[3236]: passed device to netlink monitor 0x5651147839c0
Apr 14 10:10:06 ICTM1612S02H1 systemd-udevd[3119]: value '[dmi/id]sys_vendor' is 'Dell Inc.'
Apr 14 10:10:06 ICTM1612S02H1 systemd-udevd[1486]: seq 5058 queued, 'add' 'bdi'
Apr 14 10:10:06 ICTM1612S02H1 systemd-udevd[3236]: seq 5049 processed
Apr 14 10:10:06 ICTM1612S02H1 systemd-udevd[1486]: passed 139 byte device to netlink monitor 0x565114712ae0
Apr 14 10:10:06 ICTM1612S02H1 systemd-udevd[3118]: found 'b8:64' claiming '/run/udev/links/\x2fdisk\x2fby-id\x2fscsi-SNETAPP_INF-01-00_SR21500247'
Apr 14 10:10:06 ICTM1612S02H1 systemd-udevd[3135]: value '[dmi/id]sys_vendor' is 'Dell Inc.'
Apr 14 10:10:06 ICTM1612S02H1 systemd-udevd[3145]: seq 5058 running
Apr 14 10:10:06 ICTM1612S02H1 systemd-udevd[1486]: passed 196 byte device to netlink monitor 0x565114712ae0
Apr 14 10:10:06 ICTM1612S02H1 systemd-udevd[3119]: passed device to netlink monitor 0x565114761270
Apr 14 10:10:06 ICTM1612S02H1 systemd-udevd[3236]: seq 5050 running
Apr 14 10:10:06 ICTM1612S02H1 kernel: [ 56.510357] sd 17:0:0:121: [sdgq] Write cache: enabled, read cache: enabled, supports DPO and FUA
Apr 14 10:10:06 ICTM1612S02H1 kernel: [ 56.510391] scsi 19:0:0:123: Direct-Access NETAPP INF-01-00 9820 PQ: 0 ANSI: 5
Apr 14 10:10:06 ICTM1612S02H1 kernel: [ 56.511556] sd 16:0:0:18: [sdfx] Attached SCSI disk
Apr 14 10:10:06 ICTM1612S02H1 kernel: [ 56.511599] sd 16:0:0:124: Attached scsi generic sg211 type 0
Apr 14 10:10:06 ICTM1612S02H1 kernel: [ 56.512412] sd 18:0:0:20: [sdgs] Write Protect is off
Apr 14 10:10:06 ICTM1612S02H1 kernel: [ 56.512415] sd 18:0:0:20: [sdgs] Mode Sense: 83 00 10 08
Apr 14 10:10:06 ICTM1612S02H1 kernel: [ 56.512897] sd 18:0:0:121: [sdgw] 4194304 512-byte logical blocks: (2.15 GB/2.00 GiB)
Apr 14 10:10:06 ICTM1612S02H1 systemd-udevd[1486]: passed 200 byte device to netlink monitor 0x565114712ae0
Apr 14 10:10:06 ICTM1612S02H1 systemd-udevd[3135]: value '[dmi/id]sys_vendor' is 'Dell Inc.'
Apr 14 10:10:06 ICTM1612S02H1 systemd-udevd[3118]: found 'b8:16' claiming '/run/udev/links/\x2fdisk\x2fby-id\x2fscsi-SNETAPP_INF-01-00_SR21500247'
Apr 14 10:10:06 ICTM1612S02H1 systemd-udevd[3119]: seq 5054 processed
Apr 14 10:10:06 ICTM1612S02H1 kernel: [ 56.513131] scsi 18:0:0:122: Direct-Access NETAPP INF-01-00 9820 PQ: 0 ANSI: 5
Apr 14 10:10:06 ICTM1612S02H1 systemd-udevd[3130]: seq 5051 running
Apr 14 10:10:06 ICTM1612S02H1 systemd-udevd[1486]: passed 232 byte device to netlink monitor 0x565114712ae0
Apr 14 10:10:06 ICTM1612S02H1 systemd-udevd[3127]: seq 5053 running
Apr 14 10:10:06 ICTM1612S02H1 systemd-udevd[3074]: seq 5052 running
Apr 14 10:10:06 ICTM1612S02H1 systemd[1]: dev-disk-by\x2dpath-ip\x2dfe80:0000:0000:0000:0192:0012:0021:0111:3260\x2discsi\x2diqn.1992\x2d08.com.netapp:5504.60080e5000290924000000005525f5de\x2dlun\x2d3.device: Changed dead -> plugged
Apr 14 10:10:06 ICTM1612S02H1 systemd-udevd[1486]: passed 231 byte device to netlink monitor 0x565114712ae0
Apr 14 10:10:06 ICTM1612S02H1 systemd-udevd[3145]: value '[dmi/id]sys_vendor' is 'Dell Inc.'
Apr 14 10:10:06 ICTM1612S02H1 systemd-udevd[3118]: creating link '/dev/disk/by-id/scsi-SNETAPP_INF-01-00_SR21500247' to '/dev/sds'
Apr 14 10:10:06 ICTM1612S02H1 systemd-udevd[3135]: IMPORT builtin 'hwdb' /lib/udev/rules.d/50-udev-default.rules:15
Apr 14 10:10:06 ICTM1612S02H1 systemd[1]: dev-disk-by\x2did-wwn\x2d0x60080e500029092400008d525605f996.device: Changed dead -> plugged
Apr 14 10:10:06 ICTM1612S02H1 systemd-udevd[1486]: seq 5059 queued, 'add' 'scsi_generic'
Apr 14 10:10:06 ICTM1612S02H1 systemd-udevd[3118]: atomically replace '/dev/disk/by-id/scsi-SNETAPP_INF-01-00_SR21500247'
Apr 14 10:10:06 ICTM1612S02H1 systemd-udevd[3236]: value '[dmi/id]sys_vendor' is 'Dell Inc.'
Apr 14 10:10:06 ICTM1612S02H1 systemd-udevd[3145]: value '[dmi/id]sys_vendor' is 'Dell Inc.'
Apr 14 10:10:06 ICTM1612S02H1 systemd-udevd[3135]: IMPORT builtin 'hwdb' returned non-zero
Apr 14 10:10:06 ICTM1612S02H1 systemd-udevd[1486]: seq 5060 queued, 'add' 'bsg'
Apr 14 10:10:06 ICTM1612S02H1 systemd-udevd[1486]: seq 5061 queued, 'add' 'scsi'
Apr 14 10:10:06 ICTM1612S02H1 systemd[1]: dev-disk-by\x2did-scsi\x2d360080e500029092400008d525605f996.device: Changed dead -> plugged
Apr 14 10:10:06 ICTM1612S02H1 systemd-udevd[3236]: value '[dmi/id]sys_vendor' is 'Dell Inc.'
Apr 14 10:10:06 ICTM1612S02H1 kernel: [ 56.513703] sd 19:0:0:121: [sdgr] Write cache: enabled, read cache: enabled, supports DPO and FUA
Apr 14 10:10:06 ICTM1612S02H1 kernel: [ 56.513830] sd 17:0:0:17: [sdga] Attached SCSI disk
Apr 14 10:10:06 ICTM1612S02H1 kernel: [ 56.513887] sd 17:0:0:123: Attached scsi generic sg212 type 0
Apr 14 10:10:06 ICTM1612S02H1 systemd-udevd[3118]: found 'b8:208' claiming '/run/udev/links/\x2fdisk\x2fby-id\x2fwwn-0x60080e5000290b5400008a2f5605fd8a'
Apr 14 10:10:06 ICTM1612S02H1 systemd-udevd[3135]: path '[module/sg](null)' is '/sys/module/sg'
Apr 14 10:10:06 ICTM1612S02H1 systemd-udevd[3236]: passed device to netlink monitor 0x5651147839c0
Apr 14 10:10:06 ICTM1612S02H1 systemd-udevd[3119]: seq 5061 running
Apr 14 10:10:06 ICTM1612S02H1 systemd[1]: dev-sdp.device: Changed dead -> plugged
Apr 14 10:10:06 ICTM1612S02H1 systemd-udevd[3145]: passed device to netlink monitor 0x56511477ed60
Apr 14 10:10:06 ICTM1612S02H1 systemd-udevd[3135]: RUN 'kmod load $env{MODALIAS}' /lib/udev/rules.d/80-drivers.rules:5
Apr 14 10:10:06 ICTM1612S02H1 systemd-udevd[1486]: passed 209 byte device to netlink monitor 0x565114712ae0
Apr 14 10:10:06 ICTM1612S02H1 systemd-udevd[1486]: seq 5062 queued, 'add' 'scsi_disk'
Apr 14 10:10:06 ICTM1612S02H1 systemd[1]: sys-devices-platform-host16-session1-target16:0:0-16:0:0:3-block-sdp.device: Changed dead -> plugged
Apr 14 10:10:06 ICTM1612S02H1 systemd-udevd[3145]: seq 5058 processed
Apr 14 10:10:06 ICTM1612S02H1 systemd-udevd[3135]: Execute 'load' 'scsi:t-0x00'
Apr 14 10:10:06 ICTM1612S02H1 systemd-udevd[3236]: seq 5050 processed
Apr 14 10:10:06 ICTM1612S02H1 systemd-udevd[1486]: seq 5063 queued, 'add' 'scsi_device'
Apr 14 10:10:06 ICTM1612S02H1 systemd-udevd[3127]: value '[dmi/id]sys_vendor' is 'Dell Inc.'
Apr 14 10:10:06 ICTM1612S02H1 systemd[1]: Sent message type=signal sender=n/a destination=n/a object=/org/freedesktop/systemd1 interface=org.freedesktop.systemd1.Manager member=UnitNew cookie=123 reply_cookie=0 error=n/a
Apr 14 10:10:06 ICTM1612S02H1 systemd-udevd[3135]: No module matches 'scsi:t-0x00'
Apr 14 10:10:06 ICTM1612S02H1 systemd-udevd[3118]: found 'b8:112' claiming '/run/udev/links/\x2fdisk\x2fby-id\x2fwwn-0x60080e5000290b5400008a2f5605fd8a'
Apr 14 10:10:06 ICTM1612S02H1 systemd-udevd[1486]: seq 5064 queued, 'add' 'scsi_generic'
Apr 14 10:10:06 ICTM1612S02H1 systemd-udevd[3127]: value '[dmi/id]sys_vendor' is 'Dell Inc.'
Apr 14 10:10:06 ICTM1612S02H1 systemd-udevd[3135]: passed device to netlink monitor 0x56511476c140
Apr 14 10:10:06 ICTM1612S02H1 systemd-udevd[3130]: value '[dmi/id]sys_vendor' is 'Dell Inc.'
Apr 14 10:10:06 ICTM1612S02H1 systemd[1]: Sent message type=signal sender=n/a destination=n/a object=/org/freedesktop/systemd1 interface=org.freedesktop.systemd1.Manager member=UnitNew cookie=124 reply_cookie=0 error=n/a
Apr 14 10:10:06 ICTM1612S02H1 systemd-udevd[1486]: seq 5065 queued, 'add' 'bsg'
Apr 14 10:10:06 ICTM1612S02H1 systemd-udevd[3135]: seq 5055 processed
Apr 14 10:10:06 ICTM1612S02H1 systemd-udevd[3074]: value '[dmi/id]sys_vendor' is 'Dell Inc.'
Apr 14 10:10:06 ICTM1612S02H1 systemd-udevd[3127]: handling device node '/dev/bsg/21:0:0:138', devnum=c249:75, mode=0600, uid=0, gid=0
Apr 14 10:10:06 ICTM1612S02H1 systemd-udevd[3074]: value '[dmi/id]sys_vendor' is 'Dell Inc.'
Apr 14 10:10:06 ICTM1612S02H1 systemd-udevd[3118]: creating link '/dev/disk/by-id/wwn-0x60080e5000290b5400008a2f5605fd8a' to '/dev/sds'
Apr 14 10:10:06 ICTM1612S02H1 systemd-udevd[3130]: value '[dmi/id]sys_vendor' is 'Dell Inc.'
Apr 14 10:10:06 ICTM1612S02H1 systemd-udevd[3073]: '/usr/bin/sg_inq --export --page=sn /dev/sdv'(out) 'SCSI_IDENT_SERIAL=SR21500107'
Apr 14 10:10:06 ICTM1612S02H1 systemd[1]: Sent message type=signal sender=n/a destination=n/a object=/org/freedesktop/systemd1 interface=org.freedesktop.systemd1.Manager member=UnitNew cookie=125 reply_cookie=0 error=n/a
Apr 14 10:10:06 ICTM1612S02H1 systemd-udevd[1486]: seq 5066 queued, 'add' 'scsi'
Apr 14 10:10:06 ICTM1612S02H1 systemd-udevd[3127]: preserve permissions /dev/bsg/21:0:0:138, 020600, uid=0, gid=0
Apr 14 10:10:06 ICTM1612S02H1 systemd-udevd[3119]: value '[dmi/id]sys_vendor' is 'Dell Inc.'
Apr 14 10:10:06 ICTM1612S02H1 systemd-udevd[3118]: atomically replace '/dev/disk/by-id/wwn-0x60080e5000290b5400008a2f5605fd8a'
Apr 14 10:10:06 ICTM1612S02H1 systemd-udevd[3118]: creating link '/dev/disk/by-path/ip-fe80:0000:0000:0000:0192:0012:0022:0111:3260-iscsi-iqn.1992-08.com.netapp:5504.60080e5000290924000000005525f5de-lun-2' to '/dev/sds'
Apr 14 10:10:06 ICTM1612S02H1 systemd-udevd[3074]: GROUP 6 /lib/udev/rules.d/50-udev-default.rules:63
Apr 14 10:10:06 ICTM1612S02H1 systemd[1]: Sent message type=signal sender=n/a destination=n/a object=/org/freedesktop/systemd1 interface=org.freedesktop.systemd1.Manager member=UnitNew cookie=126 reply_cookie=0 error=n/a
Apr 14 10:10:06 ICTM1612S02H1 systemd-udevd[3130]: passed device to netlink monitor 0x565114760a80
Apr 14 10:10:06 ICTM1612S02H1 systemd-udevd[1486]: passed 209 byte device to netlink monitor 0x565114712ae0
Apr 14 10:10:06 ICTM1612S02H1 systemd-udevd[1486]: passed 196 byte device to netlink monitor 0x565114712ae0
Apr 14 10:10:06 ICTM1612S02H1 systemd-udevd[3135]: seq 5056 running
Apr 14 10:10:06 ICTM1612S02H1 systemd-udevd[3118]: creating symlink '/dev/disk/by-path/ip-fe80:0000:0000:0000:0192:0012:0022:0111:3260-iscsi-iqn.1992-08.com.netapp:5504.60080e5000290924000000005525f5de-lun-2' to '../../sds'
Apr 14 10:10:06 ICTM1612S02H1 systemd-udevd[3119]: value '[dmi/id]sys_vendor' is 'Dell Inc.'
Apr 14 10:10:06 ICTM1612S02H1 systemd-udevd[3073]: Process '/usr/bin/sg_inq --export --page=sn /dev/sdv' succeeded.
Apr 14 10:10:06 ICTM1612S02H1 systemd[1]: Sent message type=signal sender=n/a destination=n/a object=/org/freedesktop/systemd1 interface=org.freedesktop.systemd1.Manager member=UnitNew cookie=127 reply_cookie=0 error=n/a
Apr 14 10:10:06 ICTM1612S02H1 systemd-udevd[3130]: seq 5051 processed
Apr 14 10:10:06 ICTM1612S02H1 systemd-udevd[3074]: handling device node '/dev/sg71', devnum=c21:71, mode=0660, uid=0, gid=6
Apr 14 10:10:06 ICTM1612S02H1 systemd-udevd[3145]: seq 5066 running
Apr 14 10:10:06 ICTM1612S02H1 systemd-udevd[1486]: passed 200 byte device to netlink monitor 0x565114712ae0
Apr 14 10:10:06 ICTM1612S02H1 systemd-udevd[3127]: creating symlink '/dev/char/249:75' to '../bsg/21:0:0:138'
Apr 14 10:10:06 ICTM1612S02H1 systemd-udevd[3236]: seq 5057 running
Apr 14 10:10:06 ICTM1612S02H1 systemd-udevd[3119]: IMPORT builtin 'hwdb' /lib/udev/rules.d/50-udev-default.rules:15
Apr 14 10:10:06 ICTM1612S02H1 systemd-udevd[3118]: created db file '/run/udev/data/b65:32' for '/devices/platform/host19/session4/target19:0:0/19:0:0:2/block/sds'
Apr 14 10:10:06 ICTM1612S02H1 systemd-udevd[3073]: IMPORT '/usr/bin/sg_inq --export --page=di /dev/sdv' /lib/udev/rules.d/55-scsi-sg3_id.rules:21
Apr 14 10:10:06 ICTM1612S02H1 systemd-udevd[3074]: set permissions /dev/sg71, 020660, uid=0, gid=6
Apr 14 10:10:06 ICTM1612S02H1 systemd-udevd[1486]: passed 232 byte device to netlink monitor 0x565114712ae0
Apr 14 10:10:06 ICTM1612S02H1 systemd-udevd[1486]: passed 231 byte device to netlink monitor 0x565114712ae0
Apr 14 10:10:06 ICTM1612S02H1 systemd-udevd[3126]: seq 5059 running
Apr 14 10:10:06 ICTM1612S02H1 systemd-udevd[3127]: created empty file '/run/udev/data/c249:75' for '/devices/platform/host21/session6/target21:0:0/21:0:0:138/bsg/21:0:0:138'
Apr 14 10:10:06 ICTM1612S02H1 systemd-udevd[3127]: passed device to netlink monitor 0x565114765180
Apr 14 10:10:06 ICTM1612S02H1 systemd-udevd[3074]: creating symlink '/dev/char/21:71' to '../sg71'
Apr 14 10:10:06 ICTM1612S02H1 systemd-udevd[3135]: value '[dmi/id]sys_vendor' is 'Dell Inc.'
Apr 14 10:10:06 ICTM1612S02H1 systemd-udevd[3102]: seq 5060 running
Apr 14 10:10:06 ICTM1612S02H1 systemd-udevd[1486]: seq 5067 queued, 'add' 'scsi_disk'
Apr 14 10:10:06 ICTM1612S02H1 systemd-udevd[3145]: value '[dmi/id]sys_vendor' is 'Dell Inc.'
Apr 14 10:10:06 ICTM1612S02H1 systemd-udevd[3127]: seq 5053 processed
Apr 14 10:10:06 ICTM1612S02H1 systemd-udevd[3568]: starting '/lib/udev/hdparm'
Apr 14 10:10:06 ICTM1612S02H1 kernel: [ 56.514886] sd 16:0:0:123: [sdgt] Write Protect is off
Apr 14 10:10:06 ICTM1612S02H1 kernel: [ 56.514889] sd 16:0:0:123: [sdgt] Mode Sense: 83 00 10 08
Apr 14 10:10:06 ICTM1612S02H1 kernel: [ 56.515034] sd 23:0:0:157: [sdfv] Attached SCSI disk
Apr 14 10:10:06 ICTM1612S02H1 kernel: [ 56.515267] sd 16:0:0:124: [sdgx] 37748736 512-byte logical blocks: (19.3 GB/18.0 GiB)
Apr 14 10:10:06 ICTM1612S02H1 kernel: [ 56.515392] scsi 16:0:0:125: Direct-Access NETAPP INF-01-00 9820 PQ: 0 ANSI: 5
Apr 14 10:10:06 ICTM1612S02H1 kernel: [ 56.516023] sd 19:0:0:17: [sdfz] Attached SCSI disk
Apr 14 10:10:06 ICTM1612S02H1 kernel: [ 56.516210] sd 18:0:0:20: [sdgs] Write cache: enabled, read cache: enabled, supports DPO and FUA
Apr 14 10:10:06 ICTM1612S02H1 kernel: [ 56.516233] sd 19:0:0:123: Attached scsi generic sg213 type 0
Apr 14 10:10:06 ICTM1612S02H1 systemd-udevd[3119]: IMPORT builtin 'hwdb' returned non-zero
Apr 14 10:10:06 ICTM1612S02H1 systemd-udevd[3074]: created empty file '/run/udev/data/c21:71' for '/devices/platform/host21/session6/target21:0:0/21:0:0:138/scsi_generic/sg71'
Apr 14 10:10:06 ICTM1612S02H1 systemd-udevd[3569]: starting '/usr/bin/sg_inq --export --page=di /dev/sdv'
Apr 14 10:10:06 ICTM1612S02H1 systemd-udevd[3145]: value '[dmi/id]sys_vendor' is 'Dell Inc.'
Apr 14 10:10:06 ICTM1612S02H1 systemd-udevd[3074]: passed device to netlink monitor 0x565114714100
Apr 14 10:10:06 ICTM1612S02H1 systemd-udevd[1486]: seq 5068 queued, 'add' 'scsi_device'
Apr 14 10:10:06 ICTM1612S02H1 systemd-udevd[3236]: value '[dmi/id]sys_vendor' is 'Dell Inc.'
Apr 14 10:10:06 ICTM1612S02H1 systemd-udevd[3145]: IMPORT builtin 'hwdb' /lib/udev/rules.d/50-udev-default.rules:15
Apr 14 10:10:06 ICTM1612S02H1 systemd-udevd[3119]: path '[module/sg](null)' is '/sys/module/sg'
Apr 14 10:10:06 ICTM1612S02H1 systemd-udevd[3135]: value '[dmi/id]sys_vendor' is 'Dell Inc.'
Apr 14 10:10:06 ICTM1612S02H1 systemd-udevd[3119]: RUN 'kmod load $env{MODALIAS}' /lib/udev/rules.d/80-drivers.rules:5
Apr 14 10:10:06 ICTM1612S02H1 systemd-udevd[1486]: seq 5069 queued, 'add' 'scsi_generic'
Apr 14 10:10:06 ICTM1612S02H1 systemd-udevd[3074]: seq 5052 processed
Apr 14 10:10:06 ICTM1612S02H1 systemd-udevd[3145]: IMPORT builtin 'hwdb' returned non-zero
Apr 14 10:10:06 ICTM1612S02H1 systemd-udevd[3135]: passed device to netlink monitor 0x56511476c140
Apr 14 10:10:06 ICTM1612S02H1 systemd-udevd[3145]: path '[module/sg](null)' is '/sys/module/sg'
Apr 14 10:10:06 ICTM1612S02H1 systemd-udevd[3236]: value '[dmi/id]sys_vendor' is 'Dell Inc.'
Apr 14 10:10:06 ICTM1612S02H1 systemd-udevd[3119]: Execute 'load' 'scsi:t-0x00'
Apr 14 10:10:06 ICTM1612S02H1 systemd-udevd[3236]: passed device to netlink monitor 0x5651147839c0
Apr 14 10:10:06 ICTM1612S02H1 systemd-udevd[3126]: value '[dmi/id]sys_vendor' is 'Dell Inc.'
Apr 14 10:10:06 ICTM1612S02H1 systemd-udevd[1486]: seq 5070 queued, 'add' 'bdi'
Apr 14 10:10:06 ICTM1612S02H1 systemd-udevd[3145]: RUN 'kmod load $env{MODALIAS}' /lib/udev/rules.d/80-drivers.rules:5
Apr 14 10:10:06 ICTM1612S02H1 systemd-udevd[3102]: value '[dmi/id]sys_vendor' is 'Dell Inc.'
Apr 14 10:10:06 ICTM1612S02H1 systemd-udevd[3119]: No module matches 'scsi:t-0x00'
Apr 14 10:10:06 ICTM1612S02H1 systemd-udevd[3236]: seq 5057 processed
Apr 14 10:10:06 ICTM1612S02H1 kernel: [ 56.517474] sd 17:0:0:122: [sdgu] Write Protect is off
Apr 14 10:10:06 ICTM1612S02H1 kernel: [ 56.517477] sd 17:0:0:122: [sdgu] Mode Sense: 83 00 10 08
Apr 14 10:10:06 ICTM1612S02H1 systemd-udevd[3135]: seq 5056 processed
Apr 14 10:10:06 ICTM1612S02H1 systemd-udevd[1486]: passed 139 byte device to netlink monitor 0x565114712ae0
Apr 14 10:10:06 ICTM1612S02H1 systemd-udevd[3126]: value '[dmi/id]sys_vendor' is 'Dell Inc.'
Apr 14 10:10:06 ICTM1612S02H1 systemd-udevd[3130]: seq 5070 running
Apr 14 10:10:06 ICTM1612S02H1 systemd-udevd[3145]: Execute 'load' 'scsi:t-0x00'
Apr 14 10:10:06 ICTM1612S02H1 systemd-udevd[3119]: passed device to netlink monitor 0x565114761270
Apr 14 10:10:06 ICTM1612S02H1 systemd-udevd[3102]: value '[dmi/id]sys_vendor' is 'Dell Inc.'
Apr 14 10:10:06 ICTM1612S02H1 systemd-udevd[1486]: seq 5071 queued, 'add' 'scsi'
Apr 14 10:10:06 ICTM1612S02H1 systemd-udevd[3102]: handling device node '/dev/bsg/22:0:0:141', devnum=c249:76, mode=0600, uid=0, gid=0
Apr 14 10:10:06 ICTM1612S02H1 systemd-udevd[3145]: No module matches 'scsi:t-0x00'
Apr 14 10:10:06 ICTM1612S02H1 systemd-udevd[3119]: seq 5061 processed
Apr 14 10:10:06 ICTM1612S02H1 systemd-udevd[3130]: value '[dmi/id]sys_vendor' is 'Dell Inc.'
Apr 14 10:10:06 ICTM1612S02H1 systemd-udevd[1486]: passed 211 byte device to netlink monitor 0x565114712ae0
Apr 14 10:10:06 ICTM1612S02H1 systemd-udevd[3135]: seq 5071 running
Apr 14 10:10:06 ICTM1612S02H1 systemd-udevd[3102]: preserve permissions /dev/bsg/22:0:0:141, 020600, uid=0, gid=0
Apr 14 10:10:06 ICTM1612S02H1 kernel: [ 56.518039] sd 17:0:0:123: [sdgy] 37748736 512-byte logical blocks: (19.3 GB/18.0 GiB)
Apr 14 10:10:06 ICTM1612S02H1 systemd-udevd[3126]: GROUP 6 /lib/udev/rules.d/50-udev-default.rules:63
Apr 14 10:10:06 ICTM1612S02H1 systemd-udevd[3145]: passed device to netlink monitor 0x56511477ed60
Apr 14 10:10:06 ICTM1612S02H1 systemd-udevd[1486]: passed 192 byte device to netlink monitor 0x565114712ae0
Apr 14 10:10:06 ICTM1612S02H1 systemd-udevd[3130]: value '[dmi/id]sys_vendor' is 'Dell Inc.'
Apr 14 10:10:06 ICTM1612S02H1 systemd-udevd[3126]: handling device node '/dev/sg72', devnum=c21:72, mode=0660, uid=0, gid=6
Apr 14 10:10:06 ICTM1612S02H1 systemd-udevd[3102]: creating symlink '/dev/char/249:76' to '../bsg/22:0:0:141'
Apr 14 10:10:06 ICTM1612S02H1 systemd-udevd[3145]: seq 5066 processed
Apr 14 10:10:06 ICTM1612S02H1 systemd-udevd[1486]: passed 196 byte device to netlink monitor 0x565114712ae0
Apr 14 10:10:06 ICTM1612S02H1 systemd-udevd[3236]: seq 5063 running
Apr 14 10:10:06 ICTM1612S02H1 systemd-udevd[3119]: seq 5062 running
Apr 14 10:10:06 ICTM1612S02H1 systemd-udevd[3126]: set permissions /dev/sg72, 020660, uid=0, gid=6
Apr 14 10:10:06 ICTM1612S02H1 systemd-udevd[3135]: value '[dmi/id]sys_vendor' is 'Dell Inc.'
Apr 14 10:10:06 ICTM1612S02H1 systemd-udevd[3130]: passed device to netlink monitor 0x565114760a80
Apr 14 10:10:06 ICTM1612S02H1 systemd-udevd[3102]: created empty file '/run/udev/data/c249:76' for '/devices/platform/host22/session7/target22:0:0/22:0:0:141/bsg/22:0:0:141'
Apr 14 10:10:06 ICTM1612S02H1 systemd-udevd[1486]: passed 230 byte device to netlink monitor 0x565114712ae0
Apr 14 10:10:06 ICTM1612S02H1 systemd-udevd[3074]: seq 5064 running
Apr 14 10:10:06 ICTM1612S02H1 systemd-udevd[3135]: value '[dmi/id]sys_vendor' is 'Dell Inc.'
Apr 14 10:10:06 ICTM1612S02H1 systemd-udevd[3130]: seq 5070 processed
Apr 14 10:10:06 ICTM1612S02H1 systemd-udevd[3102]: passed device to netlink monitor 0x5651147277a0
Apr 14 10:10:06 ICTM1612S02H1 systemd-udevd[1486]: passed 225 byte device to netlink monitor 0x565114712ae0
Apr 14 10:10:06 ICTM1612S02H1 systemd-udevd[3127]: seq 5065 running
Apr 14 10:10:06 ICTM1612S02H1 systemd-udevd[3126]: creating symlink '/dev/char/21:72' to '../sg72'
Apr 14 10:10:06 ICTM1612S02H1 systemd-udevd[3126]: created empty file '/run/udev/data/c21:72' for '/devices/platform/host22/session7/target22:0:0/22:0:0:141/scsi_generic/sg72'
Apr 14 10:10:06 ICTM1612S02H1 systemd-udevd[3102]: seq 5060 processed
Apr 14 10:10:06 ICTM1612S02H1 systemd-udevd[1486]: seq 5072 queued, 'add' 'bsg'
Apr 14 10:10:06 ICTM1612S02H1 systemd-udevd[3135]: IMPORT builtin 'hwdb' /lib/udev/rules.d/50-udev-default.rules:15
Apr 14 10:10:06 ICTM1612S02H1 systemd-udevd[3126]: passed device to netlink monitor 0x565114746ba0
Apr 14 10:10:06 ICTM1612S02H1 systemd-udevd[3236]: value '[dmi/id]sys_vendor' is 'Dell Inc.'
Apr 14 10:10:06 ICTM1612S02H1 systemd-udevd[3126]: seq 5059 processed
Apr 14 10:10:06 ICTM1612S02H1 systemd-udevd[3145]: seq 5067 running
Apr 14 10:10:06 ICTM1612S02H1 systemd-udevd[1486]: passed 192 byte device to netlink monitor 0x565114712ae0
Apr 14 10:10:06 ICTM1612S02H1 systemd-udevd[3135]: IMPORT builtin 'hwdb' returned non-zero
Apr 14 10:10:06 ICTM1612S02H1 systemd-udevd[1486]: passed 196 byte device to netlink monitor 0x565114712ae0
Apr 14 10:10:06 ICTM1612S02H1 systemd-udevd[3130]: seq 5068 running
Apr 14 10:10:06 ICTM1612S02H1 systemd-udevd[1486]: passed 230 byte device to netlink monitor 0x565114712ae0
Apr 14 10:10:06 ICTM1612S02H1 systemd-udevd[3135]: path '[module/sg](null)' is '/sys/module/sg'
Apr 14 10:10:06 ICTM1612S02H1 systemd-udevd[3102]: seq 5069 running
Apr 14 10:10:06 ICTM1612S02H1 systemd-udevd[3236]: value '[dmi/id]sys_vendor' is 'Dell Inc.'
Apr 14 10:10:06 ICTM1612S02H1 systemd-udevd[1486]: passed 225 byte device to netlink monitor 0x565114712ae0
Apr 14 10:10:06 ICTM1612S02H1 systemd-udevd[1486]: seq 5073 queued, 'add' 'scsi_disk'
Apr 14 10:10:06 ICTM1612S02H1 systemd-udevd[3119]: value '[dmi/id]sys_vendor' is 'Dell Inc.'
Apr 14 10:10:06 ICTM1612S02H1 systemd-udevd[3135]: RUN 'kmod load $env{MODALIAS}' /lib/udev/rules.d/80-drivers.rules:5
Apr 14 10:10:06 ICTM1612S02H1 systemd-udevd[3236]: passed device to netlink monitor 0x5651147839c0
Apr 14 10:10:06 ICTM1612S02H1 systemd-udevd[3236]: seq 5063 processed
Apr 14 10:10:06 ICTM1612S02H1 systemd-udevd[3074]: value '[dmi/id]sys_vendor' is 'Dell Inc.'
Apr 14 10:10:06 ICTM1612S02H1 systemd-udevd[3127]: value '[dmi/id]sys_vendor' is 'Dell Inc.'
Apr 14 10:10:06 ICTM1612S02H1 systemd-udevd[3145]: value '[dmi/id]sys_vendor' is 'Dell Inc.'
Apr 14 10:10:06 ICTM1612S02H1 systemd-udevd[3130]: value '[dmi/id]sys_vendor' is 'Dell Inc.'
Apr 14 10:10:06 ICTM1612S02H1 systemd-udevd[3102]: value '[dmi/id]sys_vendor' is 'Dell Inc.'
Apr 14 10:10:06 ICTM1612S02H1 systemd-udevd[3102]: value '[dmi/id]sys_vendor' is 'Dell Inc.'
Apr 14 10:10:06 ICTM1612S02H1 systemd-udevd[1486]: seq 5074 queued, 'add' 'scsi_device'
Apr 14 10:10:06 ICTM1612S02H1 systemd-udevd[3119]: value '[dmi/id]sys_vendor' is 'Dell Inc.'
Apr 14 10:10:06 ICTM1612S02H1 systemd-udevd[3135]: Execute 'load' 'scsi:t-0x00'
Apr 14 10:10:06 ICTM1612S02H1 systemd-udevd[3073]: '/usr/bin/sg_inq --export --page=di /dev/sdv'(out) 'SCSI_IDENT_LUN_NAA=60080e500029092400008d525605f996'
Apr 14 10:10:06 ICTM1612S02H1 systemd-udevd[3074]: value '[dmi/id]sys_vendor' is 'Dell Inc.'
Apr 14 10:10:06 ICTM1612S02H1 systemd-udevd[3127]: value '[dmi/id]sys_vendor' is 'Dell Inc.'
Apr 14 10:10:06 ICTM1612S02H1 systemd-udevd[3145]: value '[dmi/id]sys_vendor' is 'Dell Inc.'
Apr 14 10:10:06 ICTM1612S02H1 systemd-udevd[3130]: value '[dmi/id]sys_vendor' is 'Dell Inc.'
Apr 14 10:10:06 ICTM1612S02H1 systemd-udevd[3090]: seq 5072 running
Apr 14 10:10:06 ICTM1612S02H1 systemd-udevd[3102]: GROUP 6 /lib/udev/rules.d/50-udev-default.rules:63
Apr 14 10:10:06 ICTM1612S02H1 systemd-udevd[1486]: seq 5075 queued, 'add' 'scsi_generic'
Apr 14 10:10:06 ICTM1612S02H1 systemd-udevd[3135]: No module matches 'scsi:t-0x00'
Apr 14 10:10:06 ICTM1612S02H1 systemd-udevd[3073]: '/usr/bin/sg_inq --export --page=di /dev/sdv'(out) 'SCSI_IDENT_PORT_RELATIVE=32770'
Apr 14 10:10:06 ICTM1612S02H1 systemd-udevd[3119]: passed device to netlink monitor 0x565114761270
Apr 14 10:10:06 ICTM1612S02H1 systemd-udevd[3073]: Process '/usr/bin/sg_inq --export --page=di /dev/sdv' succeeded.
Apr 14 10:10:06 ICTM1612S02H1 systemd-udevd[3127]: handling device node '/dev/bsg/16:0:0:7', devnum=c249:77, mode=0600, uid=0, gid=0
Apr 14 10:10:06 ICTM1612S02H1 systemd-udevd[3145]: passed device to netlink monitor 0x56511477ed60
Apr 14 10:10:06 ICTM1612S02H1 systemd-udevd[3130]: passed device to netlink monitor 0x565114760a80
Apr 14 10:10:06 ICTM1612S02H1 systemd-udevd[3102]: handling device node '/dev/sg74', devnum=c21:74, mode=0660, uid=0, gid=6
Apr 14 10:10:06 ICTM1612S02H1 systemd-udevd[3090]: value '[dmi/id]sys_vendor' is 'Dell Inc.'
Apr 14 10:10:06 ICTM1612S02H1 systemd-udevd[1486]: seq 5076 queued, 'add' 'bsg'
Apr 14 10:10:06 ICTM1612S02H1 systemd-udevd[3135]: passed device to netlink monitor 0x56511476c140
Apr 14 10:10:06 ICTM1612S02H1 systemd-udevd[3119]: seq 5062 processed
Apr 14 10:10:06 ICTM1612S02H1 systemd-udevd[3074]: GROUP 6 /lib/udev/rules.d/50-udev-default.rules:63
Apr 14 10:10:06 ICTM1612S02H1 systemd-udevd[3127]: preserve permissions /dev/bsg/16:0:0:7, 020600, uid=0, gid=0
Apr 14 10:10:06 ICTM1612S02H1 systemd-udevd[3145]: seq 5067 processed
Apr 14 10:10:06 ICTM1612S02H1 systemd-udevd[3074]: handling device node '/dev/sg73', devnum=c21:73, mode=0660, uid=0, gid=6
Apr 14 10:10:06 ICTM1612S02H1 systemd-udevd[3074]: set permissions /dev/sg73, 020660, uid=0, gid=6
Apr 14 10:10:06 ICTM1612S02H1 systemd-udevd[3102]: set permissions /dev/sg74, 020660, uid=0, gid=6
Apr 14 10:10:06 ICTM1612S02H1 systemd-udevd[3135]: seq 5071 processed
Apr 14 10:10:06 ICTM1612S02H1 systemd-udevd[1486]: seq 5077 queued, 'add' 'scsi'
Apr 14 10:10:06 ICTM1612S02H1 systemd-udevd[3090]: value '[dmi/id]sys_vendor' is 'Dell Inc.'
Apr 14 10:10:06 ICTM1612S02H1 systemd-udevd[3127]: creating symlink '/dev/char/249:77' to '../bsg/16:0:0:7'
Apr 14 10:10:06 ICTM1612S02H1 systemd-udevd[3073]: PROGRAM '/sbin/multipath -c /dev/sdv' /lib/udev/rules.d/56-dm-mpath-lvm.rules:21
Apr 14 10:10:06 ICTM1612S02H1 systemd-udevd[3130]: seq 5068 processed
Apr 14 10:10:06 ICTM1612S02H1 systemd-udevd[3074]: creating symlink '/dev/char/21:73' to '../sg73'
Apr 14 10:10:06 ICTM1612S02H1 systemd-udevd[3102]: creating symlink '/dev/char/21:74' to '../sg74'
Apr 14 10:10:06 ICTM1612S02H1 systemd-udevd[1486]: passed 209 byte device to netlink monitor 0x565114712ae0
Apr 14 10:10:06 ICTM1612S02H1 systemd-udevd[3236]: seq 5077 running
Apr 14 10:10:06 ICTM1612S02H1 systemd-udevd[3145]: seq 5073 running
Apr 14 10:10:06 ICTM1612S02H1 systemd-udevd[3090]: handling device node '/dev/bsg/17:0:0:7', devnum=c249:78, mode=0600, uid=0, gid=0
Apr 14 10:10:06 ICTM1612S02H1 kernel: [ 56.518440] scsi 17:0:0:124: Direct-Access NETAPP INF-01-00 9820 PQ: 0 ANSI: 5
Apr 14 10:10:06 ICTM1612S02H1 kernel: [ 56.518540] sd 16:0:0:123: [sdgt] Write cache: enabled, read cache: enabled, supports DPO and FUA
Apr 14 10:10:06 ICTM1612S02H1 kernel: [ 56.518941] sd 19:0:0:122: [sdgv] Write Protect is off
Apr 14 10:10:06 ICTM1612S02H1 kernel: [ 56.518944] sd 19:0:0:122: [sdgv] Mode Sense: 83 00 10 08
Apr 14 10:10:06 ICTM1612S02H1 kernel: [ 56.519657] sd 19:0:0:123: [sdgz] 37748736 512-byte logical blocks: (19.3 GB/18.0 GiB)
Apr 14 10:10:06 ICTM1612S02H1 kernel: [ 56.519847] sd 18:0:0:122: Attached scsi generic sg214 type 0
Apr 14 10:10:06 ICTM1612S02H1 kernel: [ 56.520042] scsi 19:0:0:124: Direct-Access NETAPP INF-01-00 9820 PQ: 0 ANSI: 5
Apr 14 10:10:06 ICTM1612S02H1 kernel: [ 56.520047] sd 18:0:0:16: [sdgc] Attached SCSI disk
Apr 14 10:10:06 ICTM1612S02H1 systemd-udevd[3074]: created empty file '/run/udev/data/c21:73' for '/devices/platform/host16/session1/target16:0:0/16:0:0:7/scsi_generic/sg73'
Apr 14 10:10:06 ICTM1612S02H1 systemd-udevd[3580]: starting '/sbin/multipath -c /dev/sdv'
Apr 14 10:10:06 ICTM1612S02H1 systemd-udevd[1486]: passed 196 byte device to netlink monitor 0x565114712ae0
Apr 14 10:10:06 ICTM1612S02H1 systemd-udevd[3119]: seq 5074 running
Apr 14 10:10:06 ICTM1612S02H1 systemd-udevd[3090]: preserve permissions /dev/bsg/17:0:0:7, 020600, uid=0, gid=0
Apr 14 10:10:06 ICTM1612S02H1 systemd-udevd[3074]: passed device to netlink monitor 0x565114714100
Apr 14 10:10:06 ICTM1612S02H1 systemd-udevd[3102]: created empty file '/run/udev/data/c21:74' for '/devices/platform/host17/session2/target17:0:0/17:0:0:7/scsi_generic/sg74'
Apr 14 10:10:06 ICTM1612S02H1 systemd-udevd[1486]: passed 200 byte device to netlink monitor 0x565114712ae0
Apr 14 10:10:06 ICTM1612S02H1 systemd-udevd[3127]: created empty file '/run/udev/data/c249:77' for '/devices/platform/host16/session1/target16:0:0/16:0:0:7/bsg/16:0:0:7'
Apr 14 10:10:06 ICTM1612S02H1 systemd-udevd[3127]: passed device to netlink monitor 0x565114765180
Apr 14 10:10:06 ICTM1612S02H1 systemd-udevd[3074]: seq 5064 processed
Apr 14 10:10:06 ICTM1612S02H1 systemd-udevd[3102]: passed device to netlink monitor 0x5651147277a0
Apr 14 10:10:06 ICTM1612S02H1 systemd-udevd[1486]: passed 232 byte device to netlink monitor 0x565114712ae0
Apr 14 10:10:06 ICTM1612S02H1 systemd-udevd[3236]: value '[dmi/id]sys_vendor' is 'Dell Inc.'
Apr 14 10:10:06 ICTM1612S02H1 systemd-udevd[3090]: creating symlink '/dev/char/249:78' to '../bsg/17:0:0:7'
Apr 14 10:10:06 ICTM1612S02H1 systemd-udevd[3127]: seq 5065 processed
Apr 14 10:10:06 ICTM1612S02H1 systemd-udevd[3135]: seq 5075 running
Apr 14 10:10:06 ICTM1612S02H1 systemd-udevd[3102]: seq 5069 processed
Apr 14 10:10:06 ICTM1612S02H1 systemd-udevd[1486]: passed 231 byte device to netlink monitor 0x565114712ae0
Apr 14 10:10:06 ICTM1612S02H1 systemd-udevd[3145]: value '[dmi/id]sys_vendor' is 'Dell Inc.'
Apr 14 10:10:06 ICTM1612S02H1 systemd-udevd[3130]: seq 5076 running
Apr 14 10:10:06 ICTM1612S02H1 systemd-udevd[3236]: value '[dmi/id]sys_vendor' is 'Dell Inc.'
Apr 14 10:10:06 ICTM1612S02H1 systemd-udevd[3119]: value '[dmi/id]sys_vendor' is 'Dell Inc.'
Apr 14 10:10:06 ICTM1612S02H1 systemd-udevd[3090]: created empty file '/run/udev/data/c249:78' for '/devices/platform/host17/session2/target17:0:0/17:0:0:7/bsg/17:0:0:7'
Apr 14 10:10:06 ICTM1612S02H1 systemd-udevd[1486]: seq 5078 queued, 'add' 'scsi_disk'
Apr 14 10:10:06 ICTM1612S02H1 systemd-udevd[3145]: value '[dmi/id]sys_vendor' is 'Dell Inc.'
Apr 14 10:10:06 ICTM1612S02H1 systemd-udevd[3236]: IMPORT builtin 'hwdb' /lib/udev/rules.d/50-udev-default.rules:15
Apr 14 10:10:06 ICTM1612S02H1 systemd-udevd[3090]: passed device to netlink monitor 0x565114726620
Apr 14 10:10:06 ICTM1612S02H1 systemd-udevd[3119]: value '[dmi/id]sys_vendor' is 'Dell Inc.'
Apr 14 10:10:06 ICTM1612S02H1 systemd-udevd[3135]: value '[dmi/id]sys_vendor' is 'Dell Inc.'
Apr 14 10:10:06 ICTM1612S02H1 systemd-udevd[3130]: value '[dmi/id]sys_vendor' is 'Dell Inc.'
Apr 14 10:10:06 ICTM1612S02H1 systemd-udevd[1486]: seq 5079 queued, 'add' 'scsi_device'
Apr 14 10:10:06 ICTM1612S02H1 systemd-udevd[3090]: seq 5072 processed
Apr 14 10:10:06 ICTM1612S02H1 systemd-udevd[3145]: passed device to netlink monitor 0x56511477ed60
Apr 14 10:10:06 ICTM1612S02H1 systemd-udevd[3236]: IMPORT builtin 'hwdb' returned non-zero
Apr 14 10:10:06 ICTM1612S02H1 systemd-udevd[3236]: path '[module/sg](null)' is '/sys/module/sg'
Apr 14 10:10:06 ICTM1612S02H1 systemd-udevd[3119]: passed device to netlink monitor 0x565114761270
Apr 14 10:10:06 ICTM1612S02H1 systemd-udevd[3130]: value '[dmi/id]sys_vendor' is 'Dell Inc.'
Apr 14 10:10:06 ICTM1612S02H1 systemd-udevd[1486]: seq 5080 queued, 'add' 'scsi_generic'
Apr 14 10:10:06 ICTM1612S02H1 systemd-udevd[3145]: seq 5073 processed
Apr 14 10:10:06 ICTM1612S02H1 systemd-udevd[3236]: RUN 'kmod load $env{MODALIAS}' /lib/udev/rules.d/80-drivers.rules:5
Apr 14 10:10:06 ICTM1612S02H1 systemd-udevd[3135]: value '[dmi/id]sys_vendor' is 'Dell Inc.'
Apr 14 10:10:06 ICTM1612S02H1 systemd-udevd[3119]: seq 5074 processed
Apr 14 10:10:06 ICTM1612S02H1 systemd-udevd[1486]: seq 5081 queued, 'add' 'bsg'
Apr 14 10:10:06 ICTM1612S02H1 systemd-udevd[3130]: handling device node '/dev/bsg/23:0:0:139', devnum=c249:79, mode=0600, uid=0, gid=0
Apr 14 10:10:06 ICTM1612S02H1 systemd-udevd[3236]: Execute 'load' 'scsi:t-0x00'
Apr 14 10:10:06 ICTM1612S02H1 systemd-udevd[3135]: GROUP 6 /lib/udev/rules.d/50-udev-default.rules:63
Apr 14 10:10:06 ICTM1612S02H1 systemd-udevd[3130]: preserve permissions /dev/bsg/23:0:0:139, 020600, uid=0, gid=0
Apr 14 10:10:06 ICTM1612S02H1 systemd-udevd[1486]: seq 5082 queued, 'add' 'bdi'
Apr 14 10:10:06 ICTM1612S02H1 systemd-udevd[3236]: No module matches 'scsi:t-0x00'
Apr 14 10:10:06 ICTM1612S02H1 systemd-udevd[3145]: seq 5082 running
Apr 14 10:10:06 ICTM1612S02H1 systemd-udevd[1486]: passed 139 byte device to netlink monitor 0x565114712ae0
Apr 14 10:10:06 ICTM1612S02H1 systemd-udevd[3135]: handling device node '/dev/sg75', devnum=c21:75, mode=0660, uid=0, gid=6
Apr 14 10:10:06 ICTM1612S02H1 systemd-udevd[3145]: value '[dmi/id]sys_vendor' is 'Dell Inc.'
Apr 14 10:10:06 ICTM1612S02H1 systemd-udevd[3130]: creating symlink '/dev/char/249:79' to '../bsg/23:0:0:139'
Apr 14 10:10:06 ICTM1612S02H1 systemd-udevd[3130]: created empty file '/run/udev/data/c249:79' for '/devices/platform/host23/session8/target23:0:0/23:0:0:139/bsg/23:0:0:139'
Apr 14 10:10:06 ICTM1612S02H1 systemd-udevd[3135]: set permissions /dev/sg75, 020660, uid=0, gid=6
Apr 14 10:10:06 ICTM1612S02H1 systemd-udevd[3236]: passed device to netlink monitor 0x5651147839c0
Apr 14 10:10:06 ICTM1612S02H1 systemd-udevd[3145]: value '[dmi/id]sys_vendor' is 'Dell Inc.'
Apr 14 10:10:06 ICTM1612S02H1 systemd-udevd[1486]: seq 5083 queued, 'add' 'bdi'
Apr 14 10:10:06 ICTM1612S02H1 kernel: [ 56.520748] sd 20:0:0:154: [sdev] Attached SCSI disk
Apr 14 10:10:06 ICTM1612S02H1 kernel: [ 56.520751] sd 16:0:0:125: Attached scsi generic sg215 type 0
Apr 14 10:10:06 ICTM1612S02H1 kernel: [ 56.521874] sd 17:0:0:122: [sdgu] Write cache: enabled, read cache: enabled, supports DPO and FUA
Apr 14 10:10:06 ICTM1612S02H1 kernel: [ 56.522084] sd 16:0:0:19: [sdgd] Attached SCSI disk
Apr 14 10:10:06 ICTM1612S02H1 systemd-udevd[3130]: passed device to netlink monitor 0x565114760a80
Apr 14 10:10:06 ICTM1612S02H1 systemd-udevd[3135]: creating symlink '/dev/char/21:75' to '../sg75'
Apr 14 10:10:06 ICTM1612S02H1 systemd-udevd[3236]: seq 5077 processed
Apr 14 10:10:06 ICTM1612S02H1 systemd-udevd[1486]: passed 138 byte device to netlink monitor 0x565114712ae0
Apr 14 10:10:06 ICTM1612S02H1 systemd-udevd[1486]: passed 192 byte device to netlink monitor 0x565114712ae0
Apr 14 10:10:06 ICTM1612S02H1 systemd-udevd[3119]: seq 5083 running
Apr 14 10:10:06 ICTM1612S02H1 systemd-udevd[3130]: seq 5076 processed
Apr 14 10:10:06 ICTM1612S02H1 systemd-udevd[3135]: created empty file '/run/udev/data/c21:75' for '/devices/platform/host23/session8/target23:0:0/23:0:0:139/scsi_generic/sg75'
Apr 14 10:10:06 ICTM1612S02H1 systemd-udevd[3073]: '/sbin/multipath -c /dev/sdv'(out) '/dev/sdv is not a valid multipath device path'
Apr 14 10:10:06 ICTM1612S02H1 systemd-udevd[3145]: passed device to netlink monitor 0x56511477ed60
Apr 14 10:10:06 ICTM1612S02H1 systemd-udevd[1486]: passed 196 byte device to netlink monitor 0x565114712ae0
Apr 14 10:10:06 ICTM1612S02H1 systemd-udevd[3236]: seq 5078 running
Apr 14 10:10:06 ICTM1612S02H1 systemd-udevd[3074]: seq 5079 running
Apr 14 10:10:06 ICTM1612S02H1 systemd-udevd[3135]: passed device to netlink monitor 0x56511476c140
Apr 14 10:10:06 ICTM1612S02H1 systemd-udevd[3119]: value '[dmi/id]sys_vendor' is 'Dell Inc.'
Apr 14 10:10:06 ICTM1612S02H1 systemd-udevd[3145]: seq 5082 processed
Apr 14 10:10:06 ICTM1612S02H1 systemd-udevd[3073]: Process '/sbin/multipath -c /dev/sdv' failed with exit code 1.
Apr 14 10:10:06 ICTM1612S02H1 systemd-udevd[1486]: passed 230 byte device to netlink monitor 0x565114712ae0
Apr 14 10:10:06 ICTM1612S02H1 systemd-udevd[3127]: seq 5080 running
Apr 14 10:10:06 ICTM1612S02H1 systemd-udevd[3119]: value '[dmi/id]sys_vendor' is 'Dell Inc.'
Apr 14 10:10:06 ICTM1612S02H1 systemd-udevd[3073]: LINK 'disk/by-id/scsi-SNETAPP_INF-01-00_SR21500107' /lib/udev/rules.d/58-scsi-sg3_symlink.rules:12
Apr 14 10:10:06 ICTM1612S02H1 systemd-udevd[1486]: passed 225 byte device to netlink monitor 0x565114712ae0
Apr 14 10:10:06 ICTM1612S02H1 systemd-udevd[3126]: seq 5081 running
Apr 14 10:10:06 ICTM1612S02H1 systemd-udevd[3135]: seq 5075 processed
Apr 14 10:10:06 ICTM1612S02H1 systemd-udevd[3073]: LINK 'disk/by-id/scsi-360080e500029092400008d525605f996' /lib/udev/rules.d/58-scsi-sg3_symlink.rules:15
Apr 14 10:10:06 ICTM1612S02H1 systemd-udevd[3119]: passed device to netlink monitor 0x565114761270
Apr 14 10:10:06 ICTM1612S02H1 systemd-udevd[1486]: seq 5084 queued, 'add' 'scsi'
Apr 14 10:10:06 ICTM1612S02H1 systemd-udevd[3073]: LINK 'disk/by-id/scsi-360080e500029092400008d525605f996' /lib/udev/rules.d/60-persistent-storage.rules:36
Apr 14 10:10:06 ICTM1612S02H1 systemd-udevd[3102]: seq 5084 running
Apr 14 10:10:06 ICTM1612S02H1 systemd-udevd[3119]: seq 5083 processed
Apr 14 10:10:06 ICTM1612S02H1 systemd-udevd[1486]: passed 211 byte device to netlink monitor 0x565114712ae0
Apr 14 10:10:06 ICTM1612S02H1 systemd-udevd[1486]: seq 5085 queued, 'add' 'scsi_disk'
Apr 14 10:10:06 ICTM1612S02H1 systemd-udevd[3073]: IMPORT builtin 'path_id' /lib/udev/rules.d/60-persistent-storage.rules:54
Apr 14 10:10:06 ICTM1612S02H1 systemd-udevd[1486]: seq 5086 queued, 'add' 'scsi_device'
Apr 14 10:10:06 ICTM1612S02H1 systemd-udevd[1486]: seq 5087 queued, 'add' 'scsi_generic'
Apr 14 10:10:06 ICTM1612S02H1 systemd-udevd[1486]: seq 5088 queued, 'add' 'bsg'
Apr 14 10:10:06 ICTM1612S02H1 systemd-udevd[3236]: value '[dmi/id]sys_vendor' is 'Dell Inc.'
Apr 14 10:10:06 ICTM1612S02H1 systemd-udevd[1486]: seq 5089 queued, 'add' 'bdi'
Apr 14 10:10:06 ICTM1612S02H1 systemd-udevd[1486]: passed 139 byte device to netlink monitor 0x565114712ae0
Apr 14 10:10:06 ICTM1612S02H1 systemd-udevd[3145]: seq 5089 running
Apr 14 10:10:06 ICTM1612S02H1 systemd-udevd[1486]: seq 5090 queued, 'add' 'scsi'
Apr 14 10:10:06 ICTM1612S02H1 systemd-udevd[1486]: passed 211 byte device to netlink monitor 0x565114712ae0
Apr 14 10:10:06 ICTM1612S02H1 systemd-udevd[3119]: seq 5090 running
Apr 14 10:10:06 ICTM1612S02H1 systemd-udevd[1486]: seq 5091 queued, 'add' 'scsi_disk'
Apr 14 10:10:06 ICTM1612S02H1 systemd-udevd[1486]: seq 5092 queued, 'add' 'scsi'
Apr 14 10:10:06 ICTM1612S02H1 systemd-udevd[1486]: passed 209 byte device to netlink monitor 0x565114712ae0
Apr 14 10:10:06 ICTM1612S02H1 systemd-udevd[1486]: seq 5093 queued, 'add' 'scsi_device'
Apr 14 10:10:06 ICTM1612S02H1 systemd-udevd[1486]: seq 5094 queued, 'add' 'scsi_disk'
Apr 14 10:10:06 ICTM1612S02H1 systemd-udevd[1486]: seq 5095 queued, 'add' 'scsi_generic'
Apr 14 10:10:06 ICTM1612S02H1 systemd-udevd[1486]: seq 5096 queued, 'add' 'scsi_device'
Apr 14 10:10:06 ICTM1612S02H1 systemd-udevd[1486]: seq 5097 queued, 'add' 'bsg'
Apr 14 10:10:06 ICTM1612S02H1 systemd-udevd[1486]: seq 5098 queued, 'add' 'scsi_generic'
Apr 14 10:10:06 ICTM1612S02H1 systemd-udevd[1486]: seq 5099 queued, 'add' 'bsg'
Apr 14 10:10:06 ICTM1612S02H1 systemd-udevd[3236]: value '[dmi/id]sys_vendor' is 'Dell Inc.'
Apr 14 10:10:06 ICTM1612S02H1 systemd-udevd[1486]: seq 5100 queued, 'add' 'bdi'
Apr 14 10:10:06 ICTM1612S02H1 systemd-udevd[1486]: passed 138 byte device to netlink monitor 0x565114712ae0
Apr 14 10:10:06 ICTM1612S02H1 systemd-udevd[3074]: value '[dmi/id]sys_vendor' is 'Dell Inc.'
Apr 14 10:10:06 ICTM1612S02H1 systemd-udevd[3130]: seq 5100 running
Apr 14 10:10:06 ICTM1612S02H1 systemd-udevd[1486]: seq 5101 queued, 'add' 'scsi'
Apr 14 10:10:06 ICTM1612S02H1 systemd-udevd[1486]: passed 211 byte device to netlink monitor 0x565114712ae0
Apr 14 10:10:06 ICTM1612S02H1 systemd-udevd[3090]: seq 5101 running
Apr 14 10:10:06 ICTM1612S02H1 systemd-udevd[3236]: passed device to netlink monitor 0x5651147839c0
Apr 14 10:10:06 ICTM1612S02H1 systemd-udevd[3236]: seq 5078 processed
Apr 14 10:10:06 ICTM1612S02H1 systemd-udevd[1486]: seq 5102 queued, 'add' 'block'
Apr 14 10:10:06 ICTM1612S02H1 systemd-udevd[1486]: passed 230 byte device to netlink monitor 0x565114712ae0
Apr 14 10:10:06 ICTM1612S02H1 systemd-udevd[3113]: seq 5102 running
Apr 14 10:10:06 ICTM1612S02H1 systemd-udevd[3145]: value '[dmi/id]sys_vendor' is 'Dell Inc.'
Apr 14 10:10:06 ICTM1612S02H1 systemd-udevd[1486]: seq 5103 queued, 'add' 'bdi'
Apr 14 10:10:06 ICTM1612S02H1 systemd-udevd[3135]: seq 5092 running
Apr 14 10:10:06 ICTM1612S02H1 systemd-udevd[1486]: passed 137 byte device to netlink monitor 0x565114712ae0
Apr 14 10:10:06 ICTM1612S02H1 systemd-udevd[3236]: seq 5103 running
Apr 14 10:10:06 ICTM1612S02H1 systemd-udevd[3073]: LINK 'disk/by-path/ip-fe80:0000:0000:0000:0192:0012:0022:0112:3260-iscsi-iqn.1992-08.com.netapp:5504.60080e5000290924000000005525f5de-lun-3' /lib/udev/rules.d/60-persistent-storage.rules:55
Apr 14 10:10:06 ICTM1612S02H1 systemd-udevd[1486]: seq 5104 queued, 'add' 'scsi_disk'
Apr 14 10:10:06 ICTM1612S02H1 systemd-udevd[3074]: value '[dmi/id]sys_vendor' is 'Dell Inc.'
Apr 14 10:10:06 ICTM1612S02H1 systemd-udevd[3073]: IMPORT builtin 'blkid' /lib/udev/rules.d/60-persistent-storage.rules:66
Apr 14 10:10:06 ICTM1612S02H1 systemd-udevd[1486]: seq 5105 queued, 'add' 'scsi_device'
Apr 14 10:10:06 ICTM1612S02H1 systemd-udevd[1486]: seq 5106 queued, 'add' 'scsi_generic'
Apr 14 10:10:06 ICTM1612S02H1 systemd-udevd[3074]: passed device to netlink monitor 0x565114714100
Apr 14 10:10:06 ICTM1612S02H1 systemd-udevd[3074]: seq 5079 processed
Apr 14 10:10:06 ICTM1612S02H1 systemd-udevd[3145]: value '[dmi/id]sys_vendor' is 'Dell Inc.'
Apr 14 10:10:06 ICTM1612S02H1 systemd-udevd[3102]: value '[dmi/id]sys_vendor' is 'Dell Inc.'
Apr 14 10:10:06 ICTM1612S02H1 systemd-udevd[1486]: seq 5107 queued, 'add' 'bsg'
Apr 14 10:10:06 ICTM1612S02H1 systemd-udevd[3130]: value '[dmi/id]sys_vendor' is 'Dell Inc.'
Apr 14 10:10:06 ICTM1612S02H1 systemd-udevd[3145]: passed device to netlink monitor 0x56511477ed60
Apr 14 10:10:06 ICTM1612S02H1 systemd-udevd[1486]: seq 5108 queued, 'add' 'bdi'
Apr 14 10:10:06 ICTM1612S02H1 systemd-udevd[3145]: seq 5089 processed
Apr 14 10:10:06 ICTM1612S02H1 systemd-udevd[3118]: '/lib/udev/hdparm'(out) ''
Apr 14 10:10:06 ICTM1612S02H1 systemd-udevd[1486]: passed 139 byte device to netlink monitor 0x565114712ae0
Apr 14 10:10:06 ICTM1612S02H1 systemd-udevd[3074]: seq 5108 running
Apr 14 10:10:06 ICTM1612S02H1 systemd-udevd[3236]: value '[dmi/id]sys_vendor' is 'Dell Inc.'
Apr 14 10:10:06 ICTM1612S02H1 systemd-udevd[3118]: '/lib/udev/hdparm'(out) '/dev/sds:'
Apr 14 10:10:06 ICTM1612S02H1 systemd-udevd[3127]: value '[dmi/id]sys_vendor' is 'Dell Inc.'
Apr 14 10:10:06 ICTM1612S02H1 systemd-udevd[1486]: seq 5109 queued, 'add' 'scsi'
Apr 14 10:10:06 ICTM1612S02H1 systemd-udevd[3119]: value '[dmi/id]sys_vendor' is 'Dell Inc.'
Apr 14 10:10:06 ICTM1612S02H1 systemd-udevd[3073]: probe /dev/sdv raid offset=0
Apr 14 10:10:06 ICTM1612S02H1 systemd-udevd[3118]: '/lib/udev/hdparm'(out) ' setting Advanced Power Management level to 0xfe (254)'
Apr 14 10:10:06 ICTM1612S02H1 systemd-udevd[3126]: value '[dmi/id]sys_vendor' is 'Dell Inc.'
Apr 14 10:10:06 ICTM1612S02H1 systemd-udevd[3102]: value '[dmi/id]sys_vendor' is 'Dell Inc.'
Apr 14 10:10:06 ICTM1612S02H1 systemd-udevd[3130]: value '[dmi/id]sys_vendor' is 'Dell Inc.'
Apr 14 10:10:06 ICTM1612S02H1 systemd-udevd[1486]: passed 211 byte device to netlink monitor 0x565114712ae0
Apr 14 10:10:06 ICTM1612S02H1 systemd-udevd[3145]: seq 5109 running
Apr 14 10:10:06 ICTM1612S02H1 systemd-udevd[3118]: '/lib/udev/hdparm'(out) ' APM_level#011= not supported'
Apr 14 10:10:06 ICTM1612S02H1 systemd-udevd[3119]: value '[dmi/id]sys_vendor' is 'Dell Inc.'
Apr 14 10:10:06 ICTM1612S02H1 systemd-udevd[3090]: value '[dmi/id]sys_vendor' is 'Dell Inc.'
Apr 14 10:10:06 ICTM1612S02H1 systemd-udevd[3236]: value '[dmi/id]sys_vendor' is 'Dell Inc.'
Apr 14 10:10:06 ICTM1612S02H1 systemd-udevd[3130]: passed device to netlink monitor 0x565114760a80
Apr 14 10:10:06 ICTM1612S02H1 systemd-udevd[1486]: seq 5110 queued, 'add' 'bdi'
Apr 14 10:10:06 ICTM1612S02H1 systemd-udevd[3135]: value '[dmi/id]sys_vendor' is 'Dell Inc.'
Apr 14 10:10:06 ICTM1612S02H1 systemd-udevd[3090]: value '[dmi/id]sys_vendor' is 'Dell Inc.'
Apr 14 10:10:06 ICTM1612S02H1 systemd-udevd[3102]: IMPORT builtin 'hwdb' /lib/udev/rules.d/50-udev-default.rules:15
Apr 14 10:10:06 ICTM1612S02H1 systemd-udevd[3074]: value '[dmi/id]sys_vendor' is 'Dell Inc.'
Apr 14 10:10:06 ICTM1612S02H1 systemd-udevd[3119]: IMPORT builtin 'hwdb' /lib/udev/rules.d/50-udev-default.rules:15
Apr 14 10:10:06 ICTM1612S02H1 systemd-udevd[3102]: IMPORT builtin 'hwdb' returned non-zero
Apr 14 10:10:06 ICTM1612S02H1 systemd-udevd[3118]: Process '/lib/udev/hdparm' succeeded.
Apr 14 10:10:06 ICTM1612S02H1 systemd-udevd[3118]: adding watch on '/dev/sds'
Apr 14 10:10:06 ICTM1612S02H1 systemd-udevd[3236]: passed device to netlink monitor 0x5651147839c0
Apr 14 10:10:06 ICTM1612S02H1 systemd-udevd[1486]: passed 139 byte device to netlink monitor 0x565114712ae0
