Apr 14 10:10:06 ICTM1612S02H1 kernel: [ 56.307403] sd 18:0:0:0: [sdf] Attached SCSI disk
Apr 14 10:10:06 ICTM1612S02H1 kernel: [ 56.307461] sd 20:0:0:133: [sdac] Write Protect is off
Apr 14 10:10:06 ICTM1612S02H1 kernel: [ 56.307463] sd 20:0:0:133: [sdac] Mode Sense: 83 00 10 08
Apr 14 10:10:06 ICTM1612S02H1 kernel: [ 56.307535] sd 16:0:0:4: [sdad] 4194304 512-byte logical blocks: (2.15 GB/2.00 GiB)
Apr 14 10:10:06 ICTM1612S02H1 kernel: [ 56.307788] scsi 16:0:0:5: Direct-Access NETAPP INF-01-00 9820 PQ: 0 ANSI: 5
Apr 14 10:10:06 ICTM1612S02H1 kernel: [ 56.307823] sd 23:0:0:134: Attached scsi generic sg42 type 0
Apr 14 10:10:06 ICTM1612S02H1 kernel: [ 56.308029] sd 20:0:0:134: [sdaj] 4194304 512-byte logical blocks: (2.15 GB/2.00 GiB)
Apr 14 10:10:06 ICTM1612S02H1 kernel: [ 56.308040] scsi 20:0:0:135: Direct-Access NETAPP INF-01-00 9825 PQ: 0 ANSI: 5
Apr 14 10:10:06 ICTM1612S02H1 kernel: [ 56.308077] sd 19:0:0:0: [sde] Attached SCSI disk
Apr 14 10:10:06 ICTM1612S02H1 kernel: [ 56.308097] sd 22:0:0:135: Attached scsi generic sg43 type 0
Apr 14 10:10:06 ICTM1612S02H1 kernel: [ 56.308212] sd 20:0:0:133: [sdac] Write cache: enabled, read cache: enabled, supports DPO and FUA
Apr 14 10:10:06 ICTM1612S02H1 kernel: [ 56.308337] sd 21:0:0:134: Attached scsi generic sg44 type 0
Apr 14 10:10:06 ICTM1612S02H1 kernel: [ 56.308438] sd 19:0:0:3: [sdah] 4194304 512-byte logical blocks: (2.15 GB/2.00 GiB)
Apr 14 10:10:06 ICTM1612S02H1 kernel: [ 56.308452] sd 17:0:0:4: [sdai] 4194304 512-byte logical blocks: (2.15 GB/2.00 GiB)
Apr 14 10:10:06 ICTM1612S02H1 kernel: [ 56.308549] sd 22:0:0:134: [sdag] Write Protect is off
Apr 14 10:10:06 ICTM1612S02H1 kernel: [ 56.308551] sd 22:0:0:134: [sdag] Mode Sense: 83 00 10 08
Apr 14 10:10:06 ICTM1612S02H1 kernel: [ 56.308774] scsi 17:0:0:5: Direct-Access NETAPP INF-01-00 9820 PQ: 0 ANSI: 5
Apr 14 10:10:06 ICTM1612S02H1 kernel: [ 56.308853] sd 23:0:0:133: [sdae] Write Protect is off
Apr 14 10:10:06 ICTM1612S02H1 kernel: [ 56.308855] sd 23:0:0:133: [sdae] Mode Sense: 83 00 10 08
Apr 14 10:10:06 ICTM1612S02H1 kernel: [ 56.308977] sd 23:0:0:134: [sdak] 4194304 512-byte logical blocks: (2.15 GB/2.00 GiB)
Apr 14 10:10:06 ICTM1612S02H1 kernel: [ 56.309000] sd 21:0:0:133: [sdaf] Write Protect is off
Apr 14 10:10:06 ICTM1612S02H1 kernel: [ 56.309001] sd 21:0:0:133: [sdaf] Mode Sense: 83 00 10 08
Apr 14 10:10:06 ICTM1612S02H1 kernel: [ 56.309070] scsi 19:0:0:4: Direct-Access NETAPP INF-01-00 9820 PQ: 0 ANSI: 5
Apr 14 10:10:06 ICTM1612S02H1 kernel: [ 56.309127] scsi 23:0:0:135: Direct-Access NETAPP INF-01-00 9825 PQ: 0 ANSI: 5
Apr 14 10:10:06 ICTM1612S02H1 kernel: [ 56.309220] sd 22:0:0:135: [sdal] 4194304 512-byte logical blocks: (2.15 GB/2.00 GiB)
Apr 14 10:10:06 ICTM1612S02H1 kernel: [ 56.309237] scsi 22:0:0:136: Direct-Access NETAPP INF-01-00 9825 PQ: 0 ANSI: 5
Apr 14 10:10:06 ICTM1612S02H1 kernel: [ 56.309460] sd 22:0:0:134: [sdag] Write cache: enabled, read cache: enabled, supports DPO and FUA
Apr 14 10:10:06 ICTM1612S02H1 kernel: [ 56.309516] sd 20:0:0:135: Attached scsi generic sg45 type 0
Apr 14 10:10:06 ICTM1612S02H1 kernel: [ 56.309602] scsi 21:0:0:135: Direct-Access NETAPP INF-01-00 9825 PQ: 0 ANSI: 5
Apr 14 10:10:06 ICTM1612S02H1 kernel: [ 56.309677] sd 21:0:0:134: [sdam] 4194304 512-byte logical blocks: (2.15 GB/2.00 GiB)
Apr 14 10:10:06 ICTM1612S02H1 kernel: [ 56.309782] sd 23:0:0:133: [sdae] Write cache: enabled, read cache: enabled, supports DPO and FUA
Apr 14 10:10:06 ICTM1612S02H1 kernel: [ 56.309955] sd 21:0:0:133: [sdaf] Write cache: enabled, read cache: enabled, supports DPO and FUA
Apr 14 10:10:06 ICTM1612S02H1 kernel: [ 56.310121] sd 20:0:0:134: [sdaj] Write Protect is off
Apr 14 10:10:06 ICTM1612S02H1 kernel: [ 56.310123] sd 20:0:0:134: [sdaj] Mode Sense: 83 00 10 08
Apr 14 10:10:06 ICTM1612S02H1 kernel: [ 56.310269] sd 17:0:0:1: [sdg] Attached SCSI disk
Apr 14 10:10:06 ICTM1612S02H1 kernel: [ 56.310630] sd 20:0:0:135: [sdan] 4194304 512-byte logical blocks: (2.15 GB/2.00 GiB)
Apr 14 10:10:06 ICTM1612S02H1 kernel: [ 56.310745] scsi 20:0:0:136: Direct-Access NETAPP INF-01-00 9825 PQ: 0 ANSI: 5
Apr 14 10:10:06 ICTM1612S02H1 kernel: [ 56.310796] sd 18:0:0:3: Attached scsi generic sg46 type 0
Apr 14 10:10:06 ICTM1612S02H1 kernel: [ 56.310978] sd 20:0:0:134: [sdaj] Write cache: enabled, read cache: enabled, supports DPO and FUA
Apr 14 10:10:06 ICTM1612S02H1 kernel: [ 56.311036] sd 22:0:0:136: Attached scsi generic sg47 type 0
Apr 14 10:10:06 ICTM1612S02H1 kernel: [ 56.311391] sd 23:0:0:135: Attached scsi generic sg48 type 0
Apr 14 10:10:06 ICTM1612S02H1 kernel: [ 56.311468] sd 21:0:0:135: Attached scsi generic sg49 type 0
Apr 14 10:10:06 ICTM1612S02H1 kernel: [ 56.311494] sd 22:0:0:135: [sdal] Write Protect is off
Apr 14 10:10:06 ICTM1612S02H1 kernel: [ 56.311497] sd 22:0:0:135: [sdal] Mode Sense: 83 00 10 08
Apr 14 10:10:06 ICTM1612S02H1 kernel: [ 56.311561] sd 16:0:0:5: Attached scsi generic sg50 type 0
Apr 14 10:10:06 ICTM1612S02H1 kernel: [ 56.311905] sd 23:0:0:134: [sdak] Write Protect is off
Apr 14 10:10:06 ICTM1612S02H1 kernel: [ 56.311908] sd 23:0:0:134: [sdak] Mode Sense: 83 00 10 08
Apr 14 10:10:06 ICTM1612S02H1 kernel: [ 56.312152] sd 18:0:0:2: [sdab] Write Protect is off
Apr 14 10:10:06 ICTM1612S02H1 kernel: [ 56.312155] sd 18:0:0:2: [sdab] Mode Sense: 83 00 10 08
Apr 14 10:10:06 ICTM1612S02H1 kernel: [ 56.312291] sd 19:0:0:4: Attached scsi generic sg51 type 0
Apr 14 10:10:06 ICTM1612S02H1 kernel: [ 56.312367] sd 21:0:0:134: [sdam] Write Protect is off
Apr 14 10:10:06 ICTM1612S02H1 kernel: [ 56.312369] sd 21:0:0:134: [sdam] Mode Sense: 83 00 10 08
Apr 14 10:10:06 ICTM1612S02H1 kernel: [ 56.312374] sd 22:0:0:136: [sdap] 4194304 512-byte logical blocks: (2.15 GB/2.00 GiB)
Apr 14 10:10:06 ICTM1612S02H1 kernel: [ 56.312382] scsi 22:0:0:137: Direct-Access NETAPP INF-01-00 9825 PQ: 0 ANSI: 5
Apr 14 10:10:06 ICTM1612S02H1 kernel: [ 56.312398] sd 22:0:0:135: [sdal] Write cache: enabled, read cache: enabled, supports DPO and FUA
Apr 14 10:10:06 ICTM1612S02H1 kernel: [ 56.312500] sd 20:0:0:136: Attached scsi generic sg52 type 0
Apr 14 10:10:06 ICTM1612S02H1 kernel: [ 56.312588] sd 18:0:0:3: [sdao] 4194304 512-byte logical blocks: (2.15 GB/2.00 GiB)
Apr 14 10:10:06 ICTM1612S02H1 kernel: [ 56.312621] sd 17:0:0:5: Attached scsi generic sg53 type 0
Apr 14 10:10:06 ICTM1612S02H1 kernel: [ 56.312798] sd 16:0:0:2: [sdh] Attached SCSI disk
Apr 14 10:10:06 ICTM1612S02H1 kernel: [ 56.312837] scsi 23:0:0:136: Direct-Access NETAPP INF-01-00 9825 PQ: 0 ANSI: 5
Apr 14 10:10:06 ICTM1612S02H1 kernel: [ 56.312869] sd 23:0:0:135: [sdaq] 4194304 512-byte logical blocks: (2.15 GB/2.00 GiB)
Apr 14 10:10:06 ICTM1612S02H1 kernel: [ 56.312970] sd 20:0:0:135: [sdan] Write Protect is off
Apr 14 10:10:06 ICTM1612S02H1 kernel: [ 56.312972] sd 20:0:0:135: [sdan] Mode Sense: 83 00 10 08
Apr 14 10:10:06 ICTM1612S02H1 kernel: [ 56.313090] scsi 18:0:0:4: Direct-Access NETAPP INF-01-00 9820 PQ: 0 ANSI: 5
Apr 14 10:10:06 ICTM1612S02H1 kernel: [ 56.313144] sd 21:0:0:135: [sdar] 4194304 512-byte logical blocks: (2.15 GB/2.00 GiB)
Apr 14 10:10:06 ICTM1612S02H1 kernel: [ 56.313148] scsi 21:0:0:136: Direct-Access NETAPP INF-01-00 9825 PQ: 0 ANSI: 5
Apr 14 10:10:06 ICTM1612S02H1 kernel: [ 56.313354] sd 23:0:0:134: [sdak] Write cache: enabled, read cache: enabled, supports DPO and FUA
Apr 14 10:10:06 ICTM1612S02H1 kernel: [ 56.313412] sd 16:0:0:4: [sdad] Write Protect is off
Apr 14 10:10:06 ICTM1612S02H1 kernel: [ 56.313418] sd 16:0:0:4: [sdad] Mode Sense: 83 00 10 08
Apr 14 10:10:06 ICTM1612S02H1 kernel: [ 56.313517] sd 21:0:0:134: [sdam] Write cache: enabled, read cache: enabled, supports DPO and FUA
Apr 14 10:10:06 ICTM1612S02H1 kernel: [ 56.313800] sd 20:0:0:136: [sdau] 4194304 512-byte logical blocks: (2.15 GB/2.00 GiB)
Apr 14 10:10:06 ICTM1612S02H1 kernel: [ 56.313852] scsi 20:0:0:137: Direct-Access NETAPP INF-01-00 9825 PQ: 0 ANSI: 5
Apr 14 10:10:06 ICTM1612S02H1 kernel: [ 56.313875] sd 16:0:0:5: [sdas] 4194304 512-byte logical blocks: (2.15 GB/2.00 GiB)
Apr 14 10:10:06 ICTM1612S02H1 kernel: [ 56.313974] sd 20:0:0:135: [sdan] Write cache: enabled, read cache: enabled, supports DPO and FUA
Apr 14 10:10:06 ICTM1612S02H1 kernel: [ 56.314151] scsi 16:0:0:6: Direct-Access NETAPP INF-01-00 9820 PQ: 0 ANSI: 5
Apr 14 10:10:06 ICTM1612S02H1 systemd-udevd[1486]: seq 4656 queued, 'add' 'scsi_device'
Apr 14 10:10:06 ICTM1612S02H1 systemd-udevd[3075]: value '[dmi/id]sys_vendor' is 'Dell Inc.'
Apr 14 10:10:06 ICTM1612S02H1 systemd-udevd[3075]: handling device node '/dev/bsg/16:0:0:0', devnum=c249:7, mode=0600, uid=0, gid=0
Apr 14 10:10:06 ICTM1612S02H1 systemd-udevd[3075]: preserve permissions /dev/bsg/16:0:0:0, 020600, uid=0, gid=0
Apr 14 10:10:06 ICTM1612S02H1 systemd-udevd[3075]: creating symlink '/dev/char/249:7' to '../bsg/16:0:0:0'
Apr 14 10:10:06 ICTM1612S02H1 systemd-udevd[3075]: created empty file '/run/udev/data/c249:7' for '/devices/platform/host16/session1/target16:0:0/16:0:0:0/bsg/16:0:0:0'
Apr 14 10:10:06 ICTM1612S02H1 systemd-udevd[3075]: passed device to netlink monitor 0x565114710790
Apr 14 10:10:06 ICTM1612S02H1 systemd-udevd[3075]: seq 4647 processed
Apr 14 10:10:06 ICTM1612S02H1 systemd-udevd[1486]: seq 4657 queued, 'add' 'scsi_generic'
Apr 14 10:10:06 ICTM1612S02H1 systemd-udevd[3070]: value '[dmi/id]sys_vendor' is 'Dell Inc.'
Apr 14 10:10:06 ICTM1612S02H1 systemd-udevd[3074]: value '[dmi/id]sys_vendor' is 'Dell Inc.'
Apr 14 10:10:06 ICTM1612S02H1 systemd-udevd[1486]: seq 4658 queued, 'add' 'bsg'
Apr 14 10:10:06 ICTM1612S02H1 systemd-udevd[3080]: seq 4653 running
Apr 14 10:10:06 ICTM1612S02H1 systemd-udevd[3068]: value '[dmi/id]sys_vendor' is 'Dell Inc.'
Apr 14 10:10:06 ICTM1612S02H1 systemd-udevd[3070]: value '[dmi/id]sys_vendor' is 'Dell Inc.'
Apr 14 10:10:06 ICTM1612S02H1 kernel: [ 56.314176] sd 17:0:0:4: [sdai] Write Protect is off
Apr 14 10:10:06 ICTM1612S02H1 kernel: [ 56.314178] sd 17:0:0:4: [sdai] Mode Sense: 83 00 10 08
Apr 14 10:10:06 ICTM1612S02H1 kernel: [ 56.314275] sd 22:0:0:137: Attached scsi generic sg54 type 0
Apr 14 10:10:06 ICTM1612S02H1 kernel: [ 56.314297] sd 19:0:0:3: [sdah] Write Protect is off
Apr 14 10:10:06 ICTM1612S02H1 kernel: [ 56.314298] sd 19:0:0:3: [sdah] Mode Sense: 83 00 10 08
Apr 14 10:10:06 ICTM1612S02H1 kernel: [ 56.314459] sd 18:0:0:2: [sdab] Write cache: enabled, read cache: enabled, supports DPO and FUA
Apr 14 10:10:06 ICTM1612S02H1 kernel: [ 56.314727] sd 17:0:0:5: [sdav] 4194304 512-byte logical blocks: (2.15 GB/2.00 GiB)
Apr 14 10:10:06 ICTM1612S02H1 kernel: [ 56.314924] sd 23:0:0:136: Attached scsi generic sg55 type 0
Apr 14 10:10:06 ICTM1612S02H1 kernel: [ 56.315039] sd 21:0:0:136: Attached scsi generic sg56 type 0
Apr 14 10:10:06 ICTM1612S02H1 kernel: [ 56.315059] sd 22:0:0:136: [sdap] Write Protect is off
Apr 14 10:10:06 ICTM1612S02H1 kernel: [ 56.315062] sd 22:0:0:136: [sdap] Mode Sense: 83 00 10 08
Apr 14 10:10:06 ICTM1612S02H1 kernel: [ 56.315081] sd 19:0:0:4: [sdat] 4194304 512-byte logical blocks: (2.15 GB/2.00 GiB)
Apr 14 10:10:06 ICTM1612S02H1 kernel: [ 56.315253] scsi 19:0:0:5: Direct-Access NETAPP INF-01-00 9820 PQ: 0 ANSI: 5
Apr 14 10:10:06 ICTM1612S02H1 kernel: [ 56.315254] scsi 17:0:0:6: Direct-Access NETAPP INF-01-00 9820 PQ: 0 ANSI: 5
Apr 14 10:10:06 ICTM1612S02H1 kernel: [ 56.315313] sd 20:0:0:137: Attached scsi generic sg57 type 0
Apr 14 10:10:06 ICTM1612S02H1 kernel: [ 56.315514] scsi 22:0:0:138: Direct-Access NETAPP INF-01-00 9825 PQ: 0 ANSI: 5
Apr 14 10:10:06 ICTM1612S02H1 kernel: [ 56.315548] sd 22:0:0:137: [sdaw] 4194304 512-byte logical blocks: (2.15 GB/2.00 GiB)
Apr 14 10:10:06 ICTM1612S02H1 kernel: [ 56.315693] sd 21:0:0:135: [sdar] Write Protect is off
Apr 14 10:10:06 ICTM1612S02H1 kernel: [ 56.315694] sd 23:0:0:135: [sdaq] Write Protect is off
Apr 14 10:10:06 ICTM1612S02H1 kernel: [ 56.315696] sd 21:0:0:135: [sdar] Mode Sense: 83 00 10 08
Apr 14 10:10:06 ICTM1612S02H1 kernel: [ 56.315697] sd 23:0:0:135: [sdaq] Mode Sense: 83 00 10 08
Apr 14 10:10:06 ICTM1612S02H1 kernel: [ 56.315761] sd 16:0:0:4: [sdad] Write cache: enabled, read cache: enabled, supports DPO and FUA
Apr 14 10:10:06 ICTM1612S02H1 kernel: [ 56.316029] sd 20:0:0:136: [sdau] Write Protect is off
Apr 14 10:10:06 ICTM1612S02H1 kernel: [ 56.316031] sd 20:0:0:136: [sdau] Mode Sense: 83 00 10 08
Apr 14 10:10:06 ICTM1612S02H1 kernel: [ 56.316062] sd 22:0:0:136: [sdap] Write cache: enabled, read cache: enabled, supports DPO and FUA
Apr 14 10:10:06 ICTM1612S02H1 kernel: [ 56.316333] sd 20:0:0:137: [sdaz] 4194304 512-byte logical blocks: (2.15 GB/2.00 GiB)
Apr 14 10:10:06 ICTM1612S02H1 kernel: [ 56.316376] scsi 23:0:0:137: Direct-Access NETAPP INF-01-00 9825 PQ: 0 ANSI: 5
Apr 14 10:10:06 ICTM1612S02H1 kernel: [ 56.316382] scsi 20:0:0:138: Direct-Access NETAPP INF-01-00 9825 PQ: 0 ANSI: 5
Apr 14 10:10:06 ICTM1612S02H1 kernel: [ 56.316401] sd 23:0:0:136: [sdax] 4194304 512-byte logical blocks: (2.15 GB/2.00 GiB)
Apr 14 10:10:06 ICTM1612S02H1 kernel: [ 56.316594] scsi 21:0:0:137: Direct-Access NETAPP INF-01-00 9825 PQ: 0 ANSI: 5
Apr 14 10:10:06 ICTM1612S02H1 kernel: [ 56.316619] sd 21:0:0:136: [sday] 4194304 512-byte logical blocks: (2.15 GB/2.00 GiB)
Apr 14 10:10:06 ICTM1612S02H1 kernel: [ 56.316708] sd 21:0:0:135: [sdar] Write cache: enabled, read cache: enabled, supports DPO and FUA
Apr 14 10:10:06 ICTM1612S02H1 kernel: [ 56.316711] sd 23:0:0:135: [sdaq] Write cache: enabled, read cache: enabled, supports DPO and FUA
Apr 14 10:10:06 ICTM1612S02H1 kernel: [ 56.316713] sd 17:0:0:4: [sdai] Write cache: enabled, read cache: enabled, supports DPO and FUA
Apr 14 10:10:06 ICTM1612S02H1 kernel: [ 56.316739] sd 18:0:0:4: Attached scsi generic sg58 type 0
Apr 14 10:10:06 ICTM1612S02H1 kernel: [ 56.316816] sd 19:0:0:3: [sdah] Write cache: enabled, read cache: enabled, supports DPO and FUA
Apr 14 10:10:06 ICTM1612S02H1 kernel: [ 56.316967] sd 20:0:0:136: [sdau] Write cache: enabled, read cache: enabled, supports DPO and FUA
Apr 14 10:10:06 ICTM1612S02H1 kernel: [ 56.317003] sd 22:0:0:138: Attached scsi generic sg59 type 0
Apr 14 10:10:06 ICTM1612S02H1 kernel: [ 56.318041] sd 22:0:0:137: [sdaw] Write Protect is off
Apr 14 10:10:06 ICTM1612S02H1 kernel: [ 56.318044] sd 22:0:0:137: [sdaw] Mode Sense: 83 00 10 08
Apr 14 10:10:06 ICTM1612S02H1 kernel: [ 56.318082] sd 19:0:0:1: [sdi] Attached SCSI disk
Apr 14 10:10:06 ICTM1612S02H1 kernel: [ 56.318295] scsi 22:0:0:139: Direct-Access NETAPP INF-01-00 9825 PQ: 0 ANSI: 5
Apr 14 10:10:06 ICTM1612S02H1 kernel: [ 56.318377] sd 22:0:0:138: [sdbb] 4194304 512-byte logical blocks: (2.15 GB/2.00 GiB)
Apr 14 10:10:06 ICTM1612S02H1 kernel: [ 56.318456] sd 18:0:0:3: [sdao] Write Protect is off
Apr 14 10:10:06 ICTM1612S02H1 kernel: [ 56.318457] sd 18:0:0:3: [sdao] Mode Sense: 83 00 10 08
Apr 14 10:10:06 ICTM1612S02H1 kernel: [ 56.318666] sd 20:0:0:137: [sdaz] Write Protect is off
Apr 14 10:10:06 ICTM1612S02H1 kernel: [ 56.318669] sd 20:0:0:137: [sdaz] Mode Sense: 83 00 10 08
Apr 14 10:10:06 ICTM1612S02H1 kernel: [ 56.318824] sd 20:0:0:138: Attached scsi generic sg60 type 0
Apr 14 10:10:06 ICTM1612S02H1 kernel: [ 56.318868] sd 22:0:0:137: [sdaw] Write cache: enabled, read cache: enabled, supports DPO and FUA
Apr 14 10:10:06 ICTM1612S02H1 kernel: [ 56.318931] sd 21:0:0:136: [sday] Write Protect is off
Apr 14 10:10:06 ICTM1612S02H1 kernel: [ 56.318933] sd 21:0:0:136: [sday] Mode Sense: 83 00 10 08
Apr 14 10:10:06 ICTM1612S02H1 kernel: [ 56.318980] sd 23:0:0:136: [sdax] Write Protect is off
Apr 14 10:10:06 ICTM1612S02H1 kernel: [ 56.318982] sd 23:0:0:136: [sdax] Mode Sense: 83 00 10 08
Apr 14 10:10:06 ICTM1612S02H1 kernel: [ 56.318998] sd 23:0:0:137: Attached scsi generic sg61 type 0
Apr 14 10:10:06 ICTM1612S02H1 kernel: [ 56.319075] sd 18:0:0:4: [sdba] 4194304 512-byte logical blocks: (2.15 GB/2.00 GiB)
Apr 14 10:10:06 ICTM1612S02H1 kernel: [ 56.319203] sd 16:0:0:6: Attached scsi generic sg62 type 0
Apr 14 10:10:06 ICTM1612S02H1 kernel: [ 56.319380] sd 21:0:0:137: Attached scsi generic sg63 type 0
Apr 14 10:10:06 ICTM1612S02H1 kernel: [ 56.319471] scsi 18:0:0:5: Direct-Access NETAPP INF-01-00 9820 PQ: 0 ANSI: 5
Apr 14 10:10:06 ICTM1612S02H1 kernel: [ 56.319536] sd 20:0:0:137: [sdaz] Write cache: enabled, read cache: enabled, supports DPO and FUA
Apr 14 10:10:06 ICTM1612S02H1 kernel: [ 56.319667] sd 18:0:0:1: [sdo] Attached SCSI disk
Apr 14 10:10:06 ICTM1612S02H1 kernel: [ 56.319677] sd 17:0:0:6: Attached scsi generic sg64 type 0
Apr 14 10:10:06 ICTM1612S02H1 kernel: [ 56.319777] sd 20:0:0:138: [sdbc] 4194304 512-byte logical blocks: (2.15 GB/2.00 GiB)
Apr 14 10:10:06 ICTM1612S02H1 kernel: [ 56.319904] sd 22:0:0:139: Attached scsi generic sg65 type 0
Apr 14 10:10:06 ICTM1612S02H1 kernel: [ 56.319992] sd 23:0:0:136: [sdax] Write cache: enabled, read cache: enabled, supports DPO and FUA
Apr 14 10:10:06 ICTM1612S02H1 kernel: [ 56.320041] sd 21:0:0:136: [sday] Write cache: enabled, read cache: enabled, supports DPO and FUA
Apr 14 10:10:06 ICTM1612S02H1 kernel: [ 56.320103] sd 19:0:0:5: Attached scsi generic sg66 type 0
Apr 14 10:10:06 ICTM1612S02H1 kernel: [ 56.320123] scsi 20:0:0:139: Direct-Access NETAPP INF-01-00 9825 PQ: 0 ANSI: 5
Apr 14 10:10:06 ICTM1612S02H1 kernel: [ 56.320328] sd 23:0:0:137: [sdbd] 4194304 512-byte logical blocks: (2.15 GB/2.00 GiB)
Apr 14 10:10:06 ICTM1612S02H1 kernel: [ 56.320399] sd 21:0:0:137: [sdbf] 4194304 512-byte logical blocks: (2.15 GB/2.00 GiB)
Apr 14 10:10:06 ICTM1612S02H1 kernel: [ 56.320472] scsi 23:0:0:138: Direct-Access NETAPP INF-01-00 9825 PQ: 0 ANSI: 5
Apr 14 10:10:06 ICTM1612S02H1 kernel: [ 56.320524] sd 22:0:0:138: [sdbb] Write Protect is off
Apr 14 10:10:06 ICTM1612S02H1 kernel: [ 56.320526] sd 22:0:0:138: [sdbb] Mode Sense: 83 00 10 08
Apr 14 10:10:06 ICTM1612S02H1 kernel: [ 56.320656] sd 18:0:0:3: [sdao] Write cache: enabled, read cache: enabled, supports DPO and FUA
Apr 14 10:10:06 ICTM1612S02H1 kernel: [ 56.320962] sd 16:0:0:5: [sdas] Write Protect is off
Apr 14 10:10:06 ICTM1612S02H1 kernel: [ 56.320965] sd 16:0:0:5: [sdas] Mode Sense: 83 00 10 08
Apr 14 10:10:06 ICTM1612S02H1 kernel: [ 56.321017] sd 17:0:0:5: [sdav] Write Protect is off
Apr 14 10:10:06 ICTM1612S02H1 kernel: [ 56.321019] sd 17:0:0:5: [sdav] Mode Sense: 83 00 10 08
Apr 14 10:10:06 ICTM1612S02H1 kernel: [ 56.321023] scsi 21:0:0:138: Direct-Access NETAPP INF-01-00 9825 PQ: 0 ANSI: 5
Apr 14 10:10:06 ICTM1612S02H1 kernel: [ 56.321184] sd 16:0:0:6: [sdbe] 4194304 512-byte logical blocks: (2.15 GB/2.00 GiB)
Apr 14 10:10:06 ICTM1612S02H1 kernel: [ 56.321262] scsi 22:0:0:140: Direct-Access NETAPP INF-01-00 9825 PQ: 0 ANSI: 5
Apr 14 10:10:06 ICTM1612S02H1 kernel: [ 56.321265] sd 17:0:0:2: [sdn] Attached SCSI disk
Apr 14 10:10:06 ICTM1612S02H1 kernel: [ 56.321344] sd 22:0:0:139: [sdbh] 4194304 512-byte logical blocks: (2.15 GB/2.00 GiB)
Apr 14 10:10:06 ICTM1612S02H1 kernel: [ 56.321512] sd 20:0:0:139: Attached scsi generic sg67 type 0
Apr 14 10:10:06 ICTM1612S02H1 kernel: [ 56.321532] sd 22:0:0:138: [sdbb] Write cache: enabled, read cache: enabled, supports DPO and FUA
Apr 14 10:10:06 ICTM1612S02H1 systemd-udevd[3074]: value '[dmi/id]sys_vendor' is 'Dell Inc.'
Apr 14 10:10:06 ICTM1612S02H1 systemd-udevd[3070]: passed device to netlink monitor 0x56511471f170
Apr 14 10:10:06 ICTM1612S02H1 systemd-udevd[3070]: seq 4651 processed
Apr 14 10:10:06 ICTM1612S02H1 systemd-udevd[3079]: value '[dmi/id]sys_vendor' is 'Dell Inc.'
Apr 14 10:10:06 ICTM1612S02H1 kernel: [ 56.321953] sd 17:0:0:6: [sdbg] 4194304 512-byte logical blocks: (2.15 GB/2.00 GiB)
Apr 14 10:10:06 ICTM1612S02H1 systemd-udevd[3068]: value '[dmi/id]sys_vendor' is 'Dell Inc.'
Apr 14 10:10:06 ICTM1612S02H1 systemd-udevd[1486]: seq 4659 queued, 'add' 'scsi'
Apr 14 10:10:06 ICTM1612S02H1 systemd-udevd[1486]: passed 179 byte device to netlink monitor 0x565114712ae0
Apr 14 10:10:06 ICTM1612S02H1 systemd-udevd[3074]: GROUP 6 /lib/udev/rules.d/50-udev-default.rules:63
Apr 14 10:10:06 ICTM1612S02H1 systemd-udevd[3073]: value '[dmi/id]sys_vendor' is 'Dell Inc.'
Apr 14 10:10:06 ICTM1612S02H1 systemd-udevd[3075]: seq 4659 running
Apr 14 10:10:06 ICTM1612S02H1 systemd-udevd[3079]: value '[dmi/id]sys_vendor' is 'Dell Inc.'
Apr 14 10:10:06 ICTM1612S02H1 systemd-udevd[3068]: passed device to netlink monitor 0x565114713cd0
Apr 14 10:10:06 ICTM1612S02H1 systemd-udevd[3068]: seq 4650 processed
Apr 14 10:10:06 ICTM1612S02H1 systemd-udevd[3074]: handling device node '/dev/sg3', devnum=c21:3, mode=0660, uid=0, gid=6
Apr 14 10:10:06 ICTM1612S02H1 systemd-udevd[3074]: set permissions /dev/sg3, 020660, uid=0, gid=6
Apr 14 10:10:06 ICTM1612S02H1 systemd-udevd[3074]: creating symlink '/dev/char/21:3' to '../sg3'
Apr 14 10:10:06 ICTM1612S02H1 systemd-udevd[3074]: created empty file '/run/udev/data/c21:3' for '/devices/platform/host16/session1/target16:0:0/16:0:0:0/scsi_generic/sg3'
Apr 14 10:10:06 ICTM1612S02H1 systemd-udevd[1486]: seq 4660 queued, 'add' 'scsi'
Apr 14 10:10:06 ICTM1612S02H1 systemd-udevd[3074]: passed device to netlink monitor 0x565114714100
Apr 14 10:10:06 ICTM1612S02H1 systemd-udevd[3074]: seq 4646 processed
Apr 14 10:10:06 ICTM1612S02H1 systemd-udevd[3079]: GROUP 6 /lib/udev/rules.d/50-udev-default.rules:63
Apr 14 10:10:06 ICTM1612S02H1 systemd-udevd[3073]: value '[dmi/id]sys_vendor' is 'Dell Inc.'
Apr 14 10:10:06 ICTM1612S02H1 systemd-udevd[1486]: seq 4661 queued, 'add' 'bdi'
Apr 14 10:10:06 ICTM1612S02H1 systemd-udevd[3073]: IMPORT builtin 'hwdb' /lib/udev/rules.d/50-udev-default.rules:15
Apr 14 10:10:06 ICTM1612S02H1 systemd-udevd[1486]: passed 137 byte device to netlink monitor 0x565114712ae0
Apr 14 10:10:06 ICTM1612S02H1 systemd-udevd[3074]: seq 4661 running
Apr 14 10:10:06 ICTM1612S02H1 systemd-udevd[1486]: seq 4662 queued, 'add' 'scsi_disk'
Apr 14 10:10:06 ICTM1612S02H1 systemd-udevd[3079]: handling device node '/dev/sg4', devnum=c21:4, mode=0660, uid=0, gid=6
Apr 14 10:10:06 ICTM1612S02H1 systemd-udevd[3079]: set permissions /dev/sg4, 020660, uid=0, gid=6
Apr 14 10:10:06 ICTM1612S02H1 systemd-udevd[3073]: IMPORT builtin 'hwdb' returned non-zero
Apr 14 10:10:06 ICTM1612S02H1 systemd-udevd[3079]: creating symlink '/dev/char/21:4' to '../sg4'
Apr 14 10:10:06 ICTM1612S02H1 systemd-udevd[3079]: created empty file '/run/udev/data/c21:4' for '/devices/platform/host17/session2/target17:0:0/17:0:0:0/scsi_generic/sg4'
Apr 14 10:10:06 ICTM1612S02H1 systemd-udevd[3079]: passed device to netlink monitor 0x56511473cc70
Apr 14 10:10:06 ICTM1612S02H1 systemd-udevd[3079]: seq 4652 processed
Apr 14 10:10:06 ICTM1612S02H1 systemd-udevd[3073]: path '[module/sg](null)' is '/sys/module/sg'
Apr 14 10:10:06 ICTM1612S02H1 systemd-udevd[1486]: seq 4663 queued, 'add' 'scsi_device'
Apr 14 10:10:06 ICTM1612S02H1 systemd-udevd[3073]: RUN 'kmod load $env{MODALIAS}' /lib/udev/rules.d/80-drivers.rules:5
Apr 14 10:10:06 ICTM1612S02H1 systemd-udevd[3073]: Execute 'load' 'scsi:t-0x00'
Apr 14 10:10:06 ICTM1612S02H1 systemd-udevd[1486]: seq 4664 queued, 'add' 'scsi_generic'
Apr 14 10:10:06 ICTM1612S02H1 systemd-udevd[3073]: No module matches 'scsi:t-0x00'
Apr 14 10:10:06 ICTM1612S02H1 systemd-udevd[3073]: passed device to netlink monitor 0x565114710f20
Apr 14 10:10:06 ICTM1612S02H1 systemd-udevd[3073]: seq 4654 processed
Apr 14 10:10:06 ICTM1612S02H1 systemd-udevd[1486]: seq 4665 queued, 'add' 'bsg'
Apr 14 10:10:06 ICTM1612S02H1 systemd-udevd[1486]: passed 192 byte device to netlink monitor 0x565114712ae0
Apr 14 10:10:06 ICTM1612S02H1 systemd-udevd[1486]: passed 196 byte device to netlink monitor 0x565114712ae0
Apr 14 10:10:06 ICTM1612S02H1 systemd-udevd[3073]: seq 4655 running
Apr 14 10:10:06 ICTM1612S02H1 systemd-udevd[1486]: passed 227 byte device to netlink monitor 0x565114712ae0
Apr 14 10:10:06 ICTM1612S02H1 systemd-udevd[1486]: passed 224 byte device to netlink monitor 0x565114712ae0
Apr 14 10:10:06 ICTM1612S02H1 systemd-udevd[3075]: value '[dmi/id]sys_vendor' is 'Dell Inc.'
Apr 14 10:10:06 ICTM1612S02H1 systemd-udevd[3068]: seq 4656 running
Apr 14 10:10:06 ICTM1612S02H1 systemd-udevd[3074]: value '[dmi/id]sys_vendor' is 'Dell Inc.'
Apr 14 10:10:06 ICTM1612S02H1 systemd-udevd[3079]: seq 4658 running
Apr 14 10:10:06 ICTM1612S02H1 systemd-udevd[3070]: seq 4657 running
Apr 14 10:10:06 ICTM1612S02H1 systemd-udevd[3075]: value '[dmi/id]sys_vendor' is 'Dell Inc.'
Apr 14 10:10:06 ICTM1612S02H1 systemd-udevd[3075]: passed device to netlink monitor 0x565114710790
Apr 14 10:10:06 ICTM1612S02H1 systemd-udevd[3075]: seq 4659 processed
Apr 14 10:10:06 ICTM1612S02H1 systemd-udevd[1486]: seq 4666 queued, 'add' 'scsi'
Apr 14 10:10:06 ICTM1612S02H1 systemd-udevd[3074]: value '[dmi/id]sys_vendor' is 'Dell Inc.'
Apr 14 10:10:06 ICTM1612S02H1 systemd-udevd[3080]: value '[dmi/id]sys_vendor' is 'Dell Inc.'
Apr 14 10:10:06 ICTM1612S02H1 systemd-udevd[3074]: passed device to netlink monitor 0x565114714100
Apr 14 10:10:06 ICTM1612S02H1 systemd-udevd[3074]: seq 4661 processed
Apr 14 10:10:06 ICTM1612S02H1 systemd-udevd[1486]: seq 4666 forked new worker [3090]
Apr 14 10:10:06 ICTM1612S02H1 systemd-udevd[1486]: passed 209 byte device to netlink monitor 0x565114712ae0
Apr 14 10:10:06 ICTM1612S02H1 systemd-udevd[1486]: seq 4667 queued, 'add' 'scsi'
Apr 14 10:10:06 ICTM1612S02H1 systemd-udevd[3074]: seq 4660 running
Apr 14 10:10:06 ICTM1612S02H1 systemd-udevd[1486]: seq 4668 queued, 'add' 'scsi_device'
Apr 14 10:10:06 ICTM1612S02H1 systemd-udevd[1486]: seq 4669 queued, 'add' 'scsi'
Apr 14 10:10:06 ICTM1612S02H1 systemd-udevd[1486]: passed 179 byte device to netlink monitor 0x565114712ae0
Apr 14 10:10:06 ICTM1612S02H1 systemd-udevd[3075]: seq 4669 running
Apr 14 10:10:06 ICTM1612S02H1 systemd-udevd[3090]: seq 4666 running
Apr 14 10:10:06 ICTM1612S02H1 systemd-udevd[1486]: seq 4670 queued, 'add' 'scsi_generic'
Apr 14 10:10:06 ICTM1612S02H1 systemd-udevd[3080]: value '[dmi/id]sys_vendor' is 'Dell Inc.'
Apr 14 10:10:06 ICTM1612S02H1 systemd-udevd[1486]: seq 4671 queued, 'add' 'scsi'
Apr 14 10:10:06 ICTM1612S02H1 systemd-udevd[3080]: handling device node '/dev/bsg/17:0:0:0', devnum=c249:8, mode=0600, uid=0, gid=0
Apr 14 10:10:06 ICTM1612S02H1 systemd-udevd[3080]: preserve permissions /dev/bsg/17:0:0:0, 020600, uid=0, gid=0
Apr 14 10:10:06 ICTM1612S02H1 systemd-udevd[1486]: seq 4672 queued, 'add' 'bsg'
Apr 14 10:10:06 ICTM1612S02H1 systemd-udevd[3080]: creating symlink '/dev/char/249:8' to '../bsg/17:0:0:0'
Apr 14 10:10:06 ICTM1612S02H1 systemd-udevd[1486]: seq 4673 queued, 'add' 'scsi_device'
Apr 14 10:10:06 ICTM1612S02H1 systemd-udevd[3080]: created empty file '/run/udev/data/c249:8' for '/devices/platform/host17/session2/target17:0:0/17:0:0:0/bsg/17:0:0:0'
Apr 14 10:10:06 ICTM1612S02H1 systemd-udevd[3080]: passed device to netlink monitor 0x56511471f8a0
Apr 14 10:10:06 ICTM1612S02H1 systemd-udevd[3080]: seq 4653 processed
Apr 14 10:10:06 ICTM1612S02H1 systemd-udevd[1486]: seq 4674 queued, 'add' 'scsi'
Apr 14 10:10:06 ICTM1612S02H1 systemd-udevd[1486]: seq 4674 forked new worker [3092]
Apr 14 10:10:06 ICTM1612S02H1 systemd-udevd[1486]: seq 4675 queued, 'add' 'scsi_generic'
Apr 14 10:10:06 ICTM1612S02H1 systemd-udevd[1486]: seq 4676 queued, 'add' 'scsi'
Apr 14 10:10:06 ICTM1612S02H1 systemd-udevd[1486]: passed 179 byte device to netlink monitor 0x565114712ae0
Apr 14 10:10:06 ICTM1612S02H1 systemd-udevd[3092]: seq 4674 running
Apr 14 10:10:06 ICTM1612S02H1 systemd-udevd[3080]: seq 4676 running
Apr 14 10:10:06 ICTM1612S02H1 systemd-udevd[1486]: seq 4677 queued, 'add' 'bsg'
Apr 14 10:10:06 ICTM1612S02H1 systemd-udevd[1486]: seq 4678 queued, 'add' 'scsi'
Apr 14 10:10:06 ICTM1612S02H1 systemd-udevd[1486]: seq 4678 forked new worker [3093]
Apr 14 10:10:06 ICTM1612S02H1 systemd-udevd[1486]: seq 4679 queued, 'add' 'scsi'
Apr 14 10:10:06 ICTM1612S02H1 systemd-udevd[1486]: seq 4680 queued, 'add' 'scsi_device'
Apr 14 10:10:06 ICTM1612S02H1 systemd-udevd[1486]: seq 4681 queued, 'add' 'scsi'
Apr 14 10:10:06 ICTM1612S02H1 systemd-udevd[1486]: seq 4682 queued, 'add' 'scsi'
Apr 14 10:10:06 ICTM1612S02H1 systemd-udevd[1486]: seq 4683 queued, 'add' 'scsi_generic'
Apr 14 10:10:06 ICTM1612S02H1 systemd-udevd[3093]: seq 4678 running
Apr 14 10:10:06 ICTM1612S02H1 systemd-udevd[1486]: seq 4684 queued, 'add' 'scsi_device'
Apr 14 10:10:06 ICTM1612S02H1 systemd-udevd[1486]: seq 4685 queued, 'add' 'scsi'
Apr 14 10:10:06 ICTM1612S02H1 systemd-udevd[1486]: seq 4685 forked new worker [3095]
Apr 14 10:10:06 ICTM1612S02H1 systemd-udevd[1486]: seq 4686 queued, 'add' 'bsg'
Apr 14 10:10:06 ICTM1612S02H1 systemd-udevd[3073]: value '[dmi/id]sys_vendor' is 'Dell Inc.'
Apr 14 10:10:06 ICTM1612S02H1 systemd-udevd[1486]: seq 4687 queued, 'add' 'scsi_disk'
Apr 14 10:10:06 ICTM1612S02H1 systemd-udevd[1486]: seq 4688 queued, 'add' 'scsi_generic'
Apr 14 10:10:06 ICTM1612S02H1 systemd-udevd[1486]: seq 4689 queued, 'add' 'scsi_disk'
Apr 14 10:10:06 ICTM1612S02H1 systemd-udevd[3095]: seq 4685 running
Apr 14 10:10:06 ICTM1612S02H1 systemd-udevd[1486]: seq 4690 queued, 'add' 'scsi_device'
Apr 14 10:10:06 ICTM1612S02H1 systemd-udevd[1486]: seq 4691 queued, 'add' 'bsg'
Apr 14 10:10:06 ICTM1612S02H1 systemd-udevd[3070]: value '[dmi/id]sys_vendor' is 'Dell Inc.'
Apr 14 10:10:06 ICTM1612S02H1 systemd-udevd[1486]: seq 4692 queued, 'add' 'scsi_device'
Apr 14 10:10:06 ICTM1612S02H1 systemd-udevd[3075]: value '[dmi/id]sys_vendor' is 'Dell Inc.'
Apr 14 10:10:06 ICTM1612S02H1 systemd-udevd[3090]: value '[dmi/id]sys_vendor' is 'Dell Inc.'
Apr 14 10:10:06 ICTM1612S02H1 systemd-udevd[1486]: seq 4693 queued, 'add' 'scsi_generic'
Apr 14 10:10:06 ICTM1612S02H1 systemd-udevd[1486]: seq 4694 queued, 'add' 'scsi_generic'
Apr 14 10:10:06 ICTM1612S02H1 systemd-udevd[1486]: seq 4695 queued, 'add' 'bsg'
Apr 14 10:10:06 ICTM1612S02H1 systemd-udevd[3079]: value '[dmi/id]sys_vendor' is 'Dell Inc.'
Apr 14 10:10:06 ICTM1612S02H1 systemd-udevd[3073]: value '[dmi/id]sys_vendor' is 'Dell Inc.'
Apr 14 10:10:06 ICTM1612S02H1 systemd-udevd[3068]: value '[dmi/id]sys_vendor' is 'Dell Inc.'
Apr 14 10:10:06 ICTM1612S02H1 systemd-udevd[3074]: value '[dmi/id]sys_vendor' is 'Dell Inc.'
Apr 14 10:10:06 ICTM1612S02H1 systemd-udevd[3070]: value '[dmi/id]sys_vendor' is 'Dell Inc.'
Apr 14 10:10:06 ICTM1612S02H1 systemd-udevd[3092]: value '[dmi/id]sys_vendor' is 'Dell Inc.'
Apr 14 10:10:06 ICTM1612S02H1 systemd-udevd[3073]: passed device to netlink monitor 0x565114710f20
Apr 14 10:10:06 ICTM1612S02H1 systemd-udevd[3073]: seq 4655 processed
Apr 14 10:10:06 ICTM1612S02H1 systemd-udevd[1486]: seq 4696 queued, 'add' 'bsg'
Apr 14 10:10:06 ICTM1612S02H1 systemd-udevd[3075]: value '[dmi/id]sys_vendor' is 'Dell Inc.'
Apr 14 10:10:06 ICTM1612S02H1 systemd-udevd[3090]: value '[dmi/id]sys_vendor' is 'Dell Inc.'
Apr 14 10:10:06 ICTM1612S02H1 systemd-udevd[3075]: passed device to netlink monitor 0x565114710790
Apr 14 10:10:06 ICTM1612S02H1 systemd-udevd[3075]: seq 4669 processed
Apr 14 10:10:06 ICTM1612S02H1 systemd-udevd[3080]: value '[dmi/id]sys_vendor' is 'Dell Inc.'
Apr 14 10:10:06 ICTM1612S02H1 systemd-udevd[1486]: passed 209 byte device to netlink monitor 0x565114712ae0
Apr 14 10:10:06 ICTM1612S02H1 systemd-udevd[3073]: seq 4671 running
Apr 14 10:10:06 ICTM1612S02H1 systemd-udevd[3070]: GROUP 6 /lib/udev/rules.d/50-udev-default.rules:63
Apr 14 10:10:06 ICTM1612S02H1 systemd-udevd[3090]: passed device to netlink monitor 0x565114726620
Apr 14 10:10:06 ICTM1612S02H1 systemd-udevd[3090]: seq 4666 processed
Apr 14 10:10:06 ICTM1612S02H1 systemd-udevd[1486]: passed 209 byte device to netlink monitor 0x565114712ae0
Apr 14 10:10:06 ICTM1612S02H1 systemd-udevd[3090]: seq 4667 running
Apr 14 10:10:06 ICTM1612S02H1 systemd-udevd[3074]: value '[dmi/id]sys_vendor' is 'Dell Inc.'
Apr 14 10:10:06 ICTM1612S02H1 systemd-udevd[3068]: value '[dmi/id]sys_vendor' is 'Dell Inc.'
Apr 14 10:10:06 ICTM1612S02H1 kernel: [ 56.322292] scsi 17:0:0:7: Direct-Access NETAPP INF-01-00 9820 PQ: 0 ANSI: 5
Apr 14 10:10:06 ICTM1612S02H1 kernel: [ 56.322835] scsi 16:0:0:7: Direct-Access NETAPP INF-01-00 9820 PQ: 0 ANSI: 5
Apr 14 10:10:06 ICTM1612S02H1 kernel: [ 56.323020] sd 23:0:0:137: [sdbd] Write Protect is off
Apr 14 10:10:06 ICTM1612S02H1 kernel: [ 56.323024] sd 23:0:0:137: [sdbd] Mode Sense: 83 00 10 08
Apr 14 10:10:06 ICTM1612S02H1 kernel: [ 56.323032] sd 19:0:0:4: [sdat] Write Protect is off
Apr 14 10:10:06 ICTM1612S02H1 kernel: [ 56.323036] sd 19:0:0:4: [sdat] Mode Sense: 83 00 10 08
Apr 14 10:10:06 ICTM1612S02H1 kernel: [ 56.323449] sd 23:0:0:138: Attached scsi generic sg68 type 0
Apr 14 10:10:06 ICTM1612S02H1 kernel: [ 56.323524] sd 18:0:0:5: Attached scsi generic sg69 type 0
Apr 14 10:10:06 ICTM1612S02H1 kernel: [ 56.323570] sd 19:0:0:5: [sdbi] 4194304 512-byte logical blocks: (2.15 GB/2.00 GiB)
Apr 14 10:10:06 ICTM1612S02H1 kernel: [ 56.323617] scsi 19:0:0:6: Direct-Access NETAPP INF-01-00 9820 PQ: 0 ANSI: 5
Apr 14 10:10:06 ICTM1612S02H1 kernel: [ 56.323642] sd 22:0:0:139: [sdbh] Write Protect is off
Apr 14 10:10:06 ICTM1612S02H1 kernel: [ 56.323645] sd 22:0:0:139: [sdbh] Mode Sense: 83 00 10 08
Apr 14 10:10:06 ICTM1612S02H1 kernel: [ 56.323648] sd 22:0:0:140: Attached scsi generic sg70 type 0
Apr 14 10:10:06 ICTM1612S02H1 kernel: [ 56.323866] sd 17:0:0:5: [sdav] Write cache: enabled, read cache: enabled, supports DPO and FUA
Apr 14 10:10:06 ICTM1612S02H1 kernel: [ 56.324046] sd 23:0:0:137: [sdbd] Write cache: enabled, read cache: enabled, supports DPO and FUA
Apr 14 10:10:06 ICTM1612S02H1 kernel: [ 56.324375] sd 16:0:0:5: [sdas] Write cache: enabled, read cache: enabled, supports DPO and FUA
Apr 14 10:10:06 ICTM1612S02H1 kernel: [ 56.324478] sd 22:0:0:139: [sdbh] Write cache: enabled, read cache: enabled, supports DPO and FUA
Apr 14 10:10:06 ICTM1612S02H1 kernel: [ 56.324618] sd 20:0:0:138: [sdbc] Write Protect is off
Apr 14 10:10:06 ICTM1612S02H1 kernel: [ 56.324619] sd 20:0:0:138: [sdbc] Mode Sense: 83 00 10 08
Apr 14 10:10:06 ICTM1612S02H1 kernel: [ 56.324683] sd 22:0:0:140: [sdbm] 4194304 512-byte logical blocks: (2.15 GB/2.00 GiB)
Apr 14 10:10:06 ICTM1612S02H1 kernel: [ 56.324727] scsi 22:0:0:141: Direct-Access NETAPP INF-01-00 9825 PQ: 0 ANSI: 5
Apr 14 10:10:06 ICTM1612S02H1 kernel: [ 56.324802] sd 23:0:0:138: [sdbk] 4194304 512-byte logical blocks: (2.15 GB/2.00 GiB)
Apr 14 10:10:06 ICTM1612S02H1 kernel: [ 56.325015] sd 16:0:0:3: [sdp] Attached SCSI disk
Apr 14 10:10:06 ICTM1612S02H1 kernel: [ 56.325103] scsi 23:0:0:139: Direct-Access NETAPP INF-01-00 9825 PQ: 0 ANSI: 5
Apr 14 10:10:06 ICTM1612S02H1 kernel: [ 56.325216] sd 18:0:0:4: [sdba] Write Protect is off
Apr 14 10:10:06 ICTM1612S02H1 kernel: [ 56.325219] sd 18:0:0:4: [sdba] Mode Sense: 83 00 10 08
Apr 14 10:10:06 ICTM1612S02H1 kernel: [ 56.325503] sd 19:0:0:4: [sdat] Write cache: enabled, read cache: enabled, supports DPO and FUA
Apr 14 10:10:06 ICTM1612S02H1 kernel: [ 56.325560] sd 21:0:0:138: Attached scsi generic sg71 type 0
Apr 14 10:10:06 ICTM1612S02H1 kernel: [ 56.325715] scsi 20:0:0:140: Direct-Access NETAPP INF-01-00 9825 PQ: 0 ANSI: 5
Apr 14 10:10:06 ICTM1612S02H1 kernel: [ 56.325734] sd 20:0:0:139: [sdbj] 4194304 512-byte logical blocks: (2.15 GB/2.00 GiB)
Apr 14 10:10:06 ICTM1612S02H1 kernel: [ 56.325763] sd 18:0:0:5: [sdbl] 4194304 512-byte logical blocks: (2.15 GB/2.00 GiB)
Apr 14 10:10:06 ICTM1612S02H1 kernel: [ 56.325924] sd 20:0:0:138: [sdbc] Write cache: enabled, read cache: enabled, supports DPO and FUA
Apr 14 10:10:06 ICTM1612S02H1 kernel: [ 56.325956] sd 21:0:0:137: [sdbf] Write Protect is off
Apr 14 10:10:06 ICTM1612S02H1 kernel: [ 56.325958] sd 21:0:0:137: [sdbf] Mode Sense: 83 00 10 08
Apr 14 10:10:06 ICTM1612S02H1 kernel: [ 56.326122] scsi 18:0:0:6: Direct-Access NETAPP INF-01-00 9820 PQ: 0 ANSI: 5
Apr 14 10:10:06 ICTM1612S02H1 systemd-udevd[3074]: IMPORT builtin 'hwdb' /lib/udev/rules.d/50-udev-default.rules:15
Apr 14 10:10:06 ICTM1612S02H1 systemd-udevd[3079]: value '[dmi/id]sys_vendor' is 'Dell Inc.'
Apr 14 10:10:06 ICTM1612S02H1 systemd-udevd[3070]: handling device node '/dev/sg5', devnum=c21:5, mode=0660, uid=0, gid=6
Apr 14 10:10:06 ICTM1612S02H1 systemd-udevd[3070]: set permissions /dev/sg5, 020660, uid=0, gid=6
Apr 14 10:10:06 ICTM1612S02H1 systemd-udevd[3070]: creating symlink '/dev/char/21:5' to '../sg5'
Apr 14 10:10:06 ICTM1612S02H1 systemd-udevd[3070]: created empty file '/run/udev/data/c21:5' for '/devices/platform/host16/session1/target16:0:0/16:0:0:1/scsi_generic/sg5'
Apr 14 10:10:06 ICTM1612S02H1 systemd-udevd[3070]: passed device to netlink monitor 0x56511471f170
Apr 14 10:10:06 ICTM1612S02H1 systemd-udevd[3070]: seq 4657 processed
Apr 14 10:10:06 ICTM1612S02H1 systemd-udevd[1486]: seq 4697 queued, 'add' 'scsi'
Apr 14 10:10:06 ICTM1612S02H1 systemd-udevd[3093]: value '[dmi/id]sys_vendor' is 'Dell Inc.'
Apr 14 10:10:06 ICTM1612S02H1 systemd-udevd[1486]: passed 209 byte device to netlink monitor 0x565114712ae0
Apr 14 10:10:06 ICTM1612S02H1 systemd-udevd[3068]: passed device to netlink monitor 0x565114713cd0
Apr 14 10:10:06 ICTM1612S02H1 systemd-udevd[3074]: IMPORT builtin 'hwdb' returned non-zero
Apr 14 10:10:06 ICTM1612S02H1 systemd-udevd[3068]: seq 4656 processed
Apr 14 10:10:06 ICTM1612S02H1 systemd-udevd[3079]: handling device node '/dev/bsg/16:0:0:1', devnum=c249:9, mode=0600, uid=0, gid=0
Apr 14 10:10:06 ICTM1612S02H1 systemd-udevd[3079]: preserve permissions /dev/bsg/16:0:0:1, 020600, uid=0, gid=0
Apr 14 10:10:06 ICTM1612S02H1 systemd-udevd[3079]: creating symlink '/dev/char/249:9' to '../bsg/16:0:0:1'
Apr 14 10:10:06 ICTM1612S02H1 systemd-udevd[3075]: seq 4697 running
Apr 14 10:10:06 ICTM1612S02H1 systemd-udevd[3080]: value '[dmi/id]sys_vendor' is 'Dell Inc.'
Apr 14 10:10:06 ICTM1612S02H1 systemd-udevd[3079]: created empty file '/run/udev/data/c249:9' for '/devices/platform/host16/session1/target16:0:0/16:0:0:1/bsg/16:0:0:1'
Apr 14 10:10:06 ICTM1612S02H1 systemd-udevd[3079]: passed device to netlink monitor 0x56511473cc70
Apr 14 10:10:06 ICTM1612S02H1 kernel: [ 56.326479] sd 22:0:0:141: Attached scsi generic sg72 type 0
Apr 14 10:10:06 ICTM1612S02H1 kernel: [ 56.326713] sd 16:0:0:7: Attached scsi generic sg73 type 0
Apr 14 10:10:06 ICTM1612S02H1 kernel: [ 56.327032] sd 17:0:0:7: Attached scsi generic sg74 type 0
Apr 14 10:10:06 ICTM1612S02H1 kernel: [ 56.327230] sd 23:0:0:139: Attached scsi generic sg75 type 0
Apr 14 10:10:06 ICTM1612S02H1 kernel: [ 56.327306] sd 22:0:0:140: [sdbm] Write Protect is off
Apr 14 10:10:06 ICTM1612S02H1 kernel: [ 56.327310] sd 22:0:0:140: [sdbm] Mode Sense: 83 00 10 08
Apr 14 10:10:06 ICTM1612S02H1 kernel: [ 56.327458] sd 22:0:0:141: [sdbo] 4194304 512-byte logical blocks: (2.15 GB/2.00 GiB)
Apr 14 10:10:06 ICTM1612S02H1 kernel: [ 56.327485] sd 19:0:0:2: [sds] Attached SCSI disk
Apr 14 10:10:06 ICTM1612S02H1 kernel: [ 56.327604] sd 19:0:0:6: Attached scsi generic sg76 type 0
Apr 14 10:10:06 ICTM1612S02H1 kernel: [ 56.327705] sd 18:0:0:4: [sdba] Write cache: enabled, read cache: enabled, supports DPO and FUA
Apr 14 10:10:06 ICTM1612S02H1 kernel: [ 56.327843] scsi 22:0:0:142: Direct-Access NETAPP INF-01-00 9825 PQ: 0 ANSI: 5
Apr 14 10:10:06 ICTM1612S02H1 kernel: [ 56.328052] sd 23:0:0:138: [sdbk] Write Protect is off
Apr 14 10:10:06 ICTM1612S02H1 kernel: [ 56.328055] sd 23:0:0:138: [sdbk] Mode Sense: 83 00 10 08
Apr 14 10:10:06 ICTM1612S02H1 kernel: [ 56.328157] sd 16:0:0:6: [sdbe] Write Protect is off
Apr 14 10:10:06 ICTM1612S02H1 kernel: [ 56.328159] sd 16:0:0:6: [sdbe] Mode Sense: 83 00 10 08
Apr 14 10:10:06 ICTM1612S02H1 kernel: [ 56.328377] scsi 21:0:0:139: Direct-Access NETAPP INF-01-00 9825 PQ: 0 ANSI: 5
Apr 14 10:10:06 ICTM1612S02H1 kernel: [ 56.328477] sd 22:0:0:140: [sdbm] Write cache: enabled, read cache: enabled, supports DPO and FUA
Apr 14 10:10:06 ICTM1612S02H1 kernel: [ 56.328736] sd 21:0:0:137: [sdbf] Write cache: enabled, read cache: enabled, supports DPO and FUA
Apr 14 10:10:06 ICTM1612S02H1 systemd-udevd[3079]: seq 4658 processed
Apr 14 10:10:06 ICTM1612S02H1 systemd-udevd[3092]: value '[dmi/id]sys_vendor' is 'Dell Inc.'
Apr 14 10:10:06 ICTM1612S02H1 systemd-udevd[3074]: path '[module/sg](null)' is '/sys/module/sg'
Apr 14 10:10:06 ICTM1612S02H1 systemd-udevd[3080]: passed device to netlink monitor 0x56511471f8a0
Apr 14 10:10:06 ICTM1612S02H1 systemd-udevd[3080]: seq 4676 processed
Apr 14 10:10:06 ICTM1612S02H1 systemd-udevd[3074]: RUN 'kmod load $env{MODALIAS}' /lib/udev/rules.d/80-drivers.rules:5
Apr 14 10:10:06 ICTM1612S02H1 systemd-udevd[3074]: Execute 'load' 'scsi:t-0x00'
Apr 14 10:10:06 ICTM1612S02H1 systemd-udevd[1486]: seq 4698 queued, 'add' 'scsi_disk'
Apr 14 10:10:06 ICTM1612S02H1 systemd-udevd[1486]: passed 209 byte device to netlink monitor 0x565114712ae0
Apr 14 10:10:06 ICTM1612S02H1 systemd-udevd[3092]: passed device to netlink monitor 0x5651147406a0
Apr 14 10:10:06 ICTM1612S02H1 systemd-udevd[3092]: seq 4674 processed
Apr 14 10:10:06 ICTM1612S02H1 systemd-udevd[3074]: No module matches 'scsi:t-0x00'
Apr 14 10:10:06 ICTM1612S02H1 systemd-udevd[3068]: seq 4681 running
Apr 14 10:10:06 ICTM1612S02H1 systemd-udevd[1486]: passed 209 byte device to netlink monitor 0x565114712ae0
Apr 14 10:10:06 ICTM1612S02H1 systemd-udevd[3074]: passed device to netlink monitor 0x565114714100
Apr 14 10:10:06 ICTM1612S02H1 systemd-udevd[3074]: seq 4660 processed
Apr 14 10:10:06 ICTM1612S02H1 systemd-udevd[3070]: seq 4679 running
Apr 14 10:10:06 ICTM1612S02H1 systemd-udevd[1486]: passed 192 byte device to netlink monitor 0x565114712ae0
Apr 14 10:10:06 ICTM1612S02H1 systemd-udevd[1486]: passed 196 byte device to netlink monitor 0x565114712ae0
Apr 14 10:10:06 ICTM1612S02H1 systemd-udevd[3074]: seq 4662 running
Apr 14 10:10:06 ICTM1612S02H1 systemd-udevd[1486]: passed 227 byte device to netlink monitor 0x565114712ae0
Apr 14 10:10:06 ICTM1612S02H1 systemd-udevd[1486]: passed 225 byte device to netlink monitor 0x565114712ae0
Apr 14 10:10:06 ICTM1612S02H1 systemd-udevd[3079]: seq 4663 running
Apr 14 10:10:06 ICTM1612S02H1 systemd-udevd[3092]: seq 4665 running
Apr 14 10:10:06 ICTM1612S02H1 systemd-udevd[3080]: seq 4664 running
Apr 14 10:10:06 ICTM1612S02H1 systemd-udevd[1486]: seq 4699 queued, 'add' 'scsi_device'
Apr 14 10:10:06 ICTM1612S02H1 systemd-udevd[3093]: value '[dmi/id]sys_vendor' is 'Dell Inc.'
Apr 14 10:10:06 ICTM1612S02H1 systemd-udevd[1486]: seq 4700 queued, 'add' 'scsi_generic'
Apr 14 10:10:06 ICTM1612S02H1 systemd-udevd[3095]: value '[dmi/id]sys_vendor' is 'Dell Inc.'
Apr 14 10:10:06 ICTM1612S02H1 systemd-udevd[3093]: passed device to netlink monitor 0x565114743be0
Apr 14 10:10:06 ICTM1612S02H1 systemd-udevd[3093]: seq 4678 processed
Apr 14 10:10:06 ICTM1612S02H1 systemd-udevd[1486]: passed 209 byte device to netlink monitor 0x565114712ae0
Apr 14 10:10:06 ICTM1612S02H1 systemd-udevd[3093]: seq 4682 running
Apr 14 10:10:06 ICTM1612S02H1 systemd-udevd[1486]: seq 4701 queued, 'add' 'bsg'
Apr 14 10:10:06 ICTM1612S02H1 systemd-udevd[1486]: seq 4702 queued, 'add' 'scsi'
Apr 14 10:10:06 ICTM1612S02H1 systemd-udevd[1486]: seq 4702 forked new worker [3102]
Apr 14 10:10:06 ICTM1612S02H1 systemd-udevd[3095]: value '[dmi/id]sys_vendor' is 'Dell Inc.'
Apr 14 10:10:06 ICTM1612S02H1 systemd-udevd[3095]: IMPORT builtin 'hwdb' /lib/udev/rules.d/50-udev-default.rules:15
Apr 14 10:10:06 ICTM1612S02H1 kernel: [ 56.328834] sd 21:0:0:138: [sdbn] 4194304 512-byte logical blocks: (2.15 GB/2.00 GiB)
Apr 14 10:10:06 ICTM1612S02H1 kernel: [ 56.328915] scsi 23:0:0:140: Direct-Access NETAPP INF-01-00 9825 PQ: 0 ANSI: 5
Apr 14 10:10:06 ICTM1612S02H1 kernel: [ 56.328936] sd 16:0:0:7: [sdbp] 4194304 512-byte logical blocks: (2.15 GB/2.00 GiB)
Apr 14 10:10:06 ICTM1612S02H1 kernel: [ 56.328958] sd 17:0:0:6: [sdbg] Write Protect is off
Apr 14 10:10:06 ICTM1612S02H1 kernel: [ 56.328961] sd 17:0:0:6: [sdbg] Mode Sense: 83 00 10 08
Apr 14 10:10:06 ICTM1612S02H1 kernel: [ 56.329076] sd 20:0:0:140: Attached scsi generic sg77 type 0
Apr 14 10:10:06 ICTM1612S02H1 kernel: [ 56.329201] scsi 16:0:0:8: Direct-Access NETAPP INF-01-00 9820 PQ: 0 ANSI: 5
Apr 14 10:10:06 ICTM1612S02H1 kernel: [ 56.329733] sd 19:0:0:5: [sdbi] Write Protect is off
Apr 14 10:10:06 ICTM1612S02H1 kernel: [ 56.329736] sd 19:0:0:5: [sdbi] Mode Sense: 83 00 10 08
Apr 14 10:10:06 ICTM1612S02H1 kernel: [ 56.329744] sd 17:0:0:7: [sdbq] 4194304 512-byte logical blocks: (2.15 GB/2.00 GiB)
Apr 14 10:10:06 ICTM1612S02H1 kernel: [ 56.329886] sd 20:0:0:139: [sdbj] Write Protect is off
Apr 14 10:10:06 ICTM1612S02H1 kernel: [ 56.329888] sd 20:0:0:139: [sdbj] Mode Sense: 83 00 10 08
Apr 14 10:10:06 ICTM1612S02H1 kernel: [ 56.330072] sd 19:0:0:6: [sdbs] 4194304 512-byte logical blocks: (2.15 GB/2.00 GiB)
Apr 14 10:10:06 ICTM1612S02H1 kernel: [ 56.330082] scsi 17:0:0:8: Direct-Access NETAPP INF-01-00 9820 PQ: 0 ANSI: 5
Apr 14 10:10:06 ICTM1612S02H1 kernel: [ 56.330231] scsi 20:0:0:141: Direct-Access NETAPP INF-01-00 9825 PQ: 0 ANSI: 5
Apr 14 10:10:06 ICTM1612S02H1 kernel: [ 56.330247] sd 23:0:0:139: [sdbr] 4194304 512-byte logical blocks: (2.15 GB/2.00 GiB)
Apr 14 10:10:06 ICTM1612S02H1 kernel: [ 56.330248] sd 20:0:0:140: [sdbt] 4194304 512-byte logical blocks: (2.15 GB/2.00 GiB)
Apr 14 10:10:06 ICTM1612S02H1 kernel: [ 56.330342] scsi 19:0:0:7: Direct-Access NETAPP INF-01-00 9820 PQ: 0 ANSI: 5
Apr 14 10:10:06 ICTM1612S02H1 kernel: [ 56.330421] sd 21:0:0:139: Attached scsi generic sg78 type 0
Apr 14 10:10:06 ICTM1612S02H1 kernel: [ 56.330499] sd 18:0:0:6: Attached scsi generic sg79 type 0
Apr 14 10:10:06 ICTM1612S02H1 kernel: [ 56.330690] sd 23:0:0:138: [sdbk] Write cache: enabled, read cache: enabled, supports DPO and FUA
Apr 14 10:10:06 ICTM1612S02H1 kernel: [ 56.330785] sd 16:0:0:6: [sdbe] Write cache: enabled, read cache: enabled, supports DPO and FUA
Apr 14 10:10:06 ICTM1612S02H1 systemd-udevd[1486]: seq 4703 queued, 'add' 'scsi_disk'
Apr 14 10:10:06 ICTM1612S02H1 systemd-udevd[3102]: seq 4702 running
Apr 14 10:10:06 ICTM1612S02H1 systemd-udevd[1486]: seq 4704 queued, 'add' 'scsi_device'
Apr 14 10:10:06 ICTM1612S02H1 systemd-udevd[3095]: IMPORT builtin 'hwdb' returned non-zero
Apr 14 10:10:06 ICTM1612S02H1 systemd-udevd[1486]: seq 4705 queued, 'add' 'scsi_generic'
Apr 14 10:10:06 ICTM1612S02H1 systemd-udevd[3095]: path '[module/sg](null)' is '/sys/module/sg'
Apr 14 10:10:06 ICTM1612S02H1 systemd-udevd[3095]: RUN 'kmod load $env{MODALIAS}' /lib/udev/rules.d/80-drivers.rules:5
Apr 14 10:10:06 ICTM1612S02H1 systemd-udevd[3095]: Execute 'load' 'scsi:t-0x00'
Apr 14 10:10:06 ICTM1612S02H1 systemd-udevd[3095]: No module matches 'scsi:t-0x00'
Apr 14 10:10:06 ICTM1612S02H1 systemd-udevd[3095]: passed device to netlink monitor 0x56511474adb0
Apr 14 10:10:06 ICTM1612S02H1 systemd-udevd[3095]: seq 4685 processed
Apr 14 10:10:06 ICTM1612S02H1 systemd-udevd[1486]: passed 192 byte device to netlink monitor 0x565114712ae0
Apr 14 10:10:06 ICTM1612S02H1 systemd-udevd[3095]: seq 4689 running
Apr 14 10:10:06 ICTM1612S02H1 systemd-udevd[1486]: seq 4692 forked new worker [3104]
Apr 14 10:10:06 ICTM1612S02H1 systemd-udevd[3075]: value '[dmi/id]sys_vendor' is 'Dell Inc.'
Apr 14 10:10:06 ICTM1612S02H1 systemd-udevd[3073]: value '[dmi/id]sys_vendor' is 'Dell Inc.'
Apr 14 10:10:06 ICTM1612S02H1 systemd-udevd[1486]: seq 4694 forked new worker [3105]
Apr 14 10:10:06 ICTM1612S02H1 systemd-udevd[3104]: seq 4692 running
Apr 14 10:10:06 ICTM1612S02H1 systemd-udevd[1486]: seq 4696 forked new worker [3106]
Apr 14 10:10:06 ICTM1612S02H1 systemd-udevd[1486]: seq 4706 queued, 'add' 'bsg'
Apr 14 10:10:06 ICTM1612S02H1 systemd-udevd[3090]: value '[dmi/id]sys_vendor' is 'Dell Inc.'
Apr 14 10:10:06 ICTM1612S02H1 systemd-udevd[1486]: seq 4707 queued, 'add' 'bdi'
Apr 14 10:10:06 ICTM1612S02H1 systemd-udevd[1486]: seq 4707 forked new worker [3107]
Apr 14 10:10:06 ICTM1612S02H1 systemd-udevd[1486]: seq 4708 queued, 'add' 'scsi'
Apr 14 10:10:06 ICTM1612S02H1 systemd-udevd[3073]: value '[dmi/id]sys_vendor' is 'Dell Inc.'
Apr 14 10:10:06 ICTM1612S02H1 systemd-udevd[3073]: IMPORT builtin 'hwdb' /lib/udev/rules.d/50-udev-default.rules:15
Apr 14 10:10:06 ICTM1612S02H1 systemd-udevd[1486]: seq 4708 forked new worker [3108]
Apr 14 10:10:06 ICTM1612S02H1 systemd-udevd[3075]: value '[dmi/id]sys_vendor' is 'Dell Inc.'
Apr 14 10:10:06 ICTM1612S02H1 systemd-udevd[3075]: IMPORT builtin 'hwdb' /lib/udev/rules.d/50-udev-default.rules:15
Apr 14 10:10:06 ICTM1612S02H1 systemd-udevd[3107]: seq 4707 running
Apr 14 10:10:06 ICTM1612S02H1 systemd-udevd[1486]: seq 4709 queued, 'add' 'scsi'
Apr 14 10:10:06 ICTM1612S02H1 systemd-udevd[3070]: value '[dmi/id]sys_vendor' is 'Dell Inc.'
Apr 14 10:10:06 ICTM1612S02H1 systemd-udevd[3068]: value '[dmi/id]sys_vendor' is 'Dell Inc.'
Apr 14 10:10:06 ICTM1612S02H1 systemd-udevd[1486]: seq 4709 forked new worker [3109]
Apr 14 10:10:06 ICTM1612S02H1 systemd-udevd[1486]: seq 4710 queued, 'add' 'scsi_disk'
Apr 14 10:10:06 ICTM1612S02H1 systemd-udevd[3090]: value '[dmi/id]sys_vendor' is 'Dell Inc.'
Apr 14 10:10:06 ICTM1612S02H1 systemd-udevd[3090]: IMPORT builtin 'hwdb' /lib/udev/rules.d/50-udev-default.rules:15
Apr 14 10:10:06 ICTM1612S02H1 systemd-udevd[3073]: IMPORT builtin 'hwdb' returned non-zero
Apr 14 10:10:06 ICTM1612S02H1 systemd-udevd[3075]: IMPORT builtin 'hwdb' returned non-zero
Apr 14 10:10:06 ICTM1612S02H1 systemd-udevd[1486]: seq 4711 queued, 'add' 'scsi_disk'
Apr 14 10:10:06 ICTM1612S02H1 systemd-udevd[1486]: seq 4712 queued, 'add' 'scsi'
Apr 14 10:10:06 ICTM1612S02H1 systemd-udevd[3075]: path '[module/sg](null)' is '/sys/module/sg'
Apr 14 10:10:06 ICTM1612S02H1 systemd-udevd[3090]: IMPORT builtin 'hwdb' returned non-zero
Apr 14 10:10:06 ICTM1612S02H1 systemd-udevd[1486]: seq 4712 forked new worker [3110]
Apr 14 10:10:06 ICTM1612S02H1 systemd-udevd[3075]: RUN 'kmod load $env{MODALIAS}' /lib/udev/rules.d/80-drivers.rules:5
Apr 14 10:10:06 ICTM1612S02H1 systemd-udevd[3075]: Execute 'load' 'scsi:t-0x00'
Apr 14 10:10:06 ICTM1612S02H1 systemd-udevd[1486]: seq 4713 queued, 'add' 'scsi_device'
Apr 14 10:10:06 ICTM1612S02H1 systemd-udevd[3073]: path '[module/sg](null)' is '/sys/module/sg'
Apr 14 10:10:06 ICTM1612S02H1 systemd-udevd[3075]: No module matches 'scsi:t-0x00'
Apr 14 10:10:06 ICTM1612S02H1 systemd-udevd[1486]: seq 4714 queued, 'add' 'scsi_device'
Apr 14 10:10:06 ICTM1612S02H1 systemd-udevd[3075]: passed device to netlink monitor 0x565114710790
