V/LocSvc_api_v02( 5252): V/isClientRegisteredForEvent:520]: eventId 36 registered mask = 0x00007eefb, eventMask = 0x00000001
V/LocSvc_api_v02( 5252): V/locClientHandlePosReportInd:621]: len = 416 lat = 29.716247, lon = -95.385253, alt = 50.000000
I/LocSvc_ApiV02( 5252): I/<--- void globalEventCb(locClientHandleType, uint32_t, locClientEventIndUnionType, void*) line 77 QMI_LOC_EVENT_POSITION_REPORT_IND_V02
V/LocSvc_ApiV02( 5252): V/void globalEventCb(locClientHandleType, uint32_t, locClientEventIndUnionType, void*):82] client = 0xb6100468, event id = 36, client cookie ptr = 0x111c4d0
D/LocSvc_ApiV02( 5252): D/virtual void LocApiV02::eventCb(locClientHandleType, uint32_t, locClientEventIndUnionType):2231]: event id = 36
D/LocSvc_ApiV02( 5252): D/Reporting postion from V2 Adapter
D/LocSvc_utils_q( 5252): D/msg_q_snd: Sending message with handle = 0xB4700610
D/LocSvc_utils_ll( 5252): D/linked_list_add: Adding to list data_obj = 0xB4700610
D/LocSvc_utils_q( 5252): D/msg_q_snd: Finished Sending message with handle = 0xB4700610
D/LocSvc_utils_ll( 5252): D/linked_list_remove: Removing from list
D/LocSvc_utils_q( 5252): D/msg_q_rcv: Received message 0xB4700610 rv = 0
I/LocSvc_eng_nmea( 5252): I/<=== nmea_cb line 59 0xb6caaccc
D/LocSvc_eng_nmea( 5252): D/NMEA <$GPGSA,A,1,,,,,,,,,,,,,,,*1E
I/LocSvc_eng_nmea( 5252): I/<=== nmea_cb line 59 0xb6caaccc
D/LocSvc_eng_nmea( 5252): D/NMEA <$GPVTG,,T,,M,,N,,K,N*2C
I/LocSvc_eng_nmea( 5252): I/<=== nmea_cb line 59 0xb6caaccc
D/LocSvc_eng_nmea( 5252): D/NMEA <$GPRMC,,V,,,,,,,,,,N*53
I/LocSvc_eng_nmea( 5252): I/<=== nmea_cb line 59 0xb6caaccc
D/LocSvc_eng_nmea( 5252): D/NMEA <$GPGGA,,,,,,0,,,,,,,,*66
D/LocSvc_MsgTask( 5252): D/MsgTask::loop() 726 listening ...
D/LocSvc_utils_q( 5252): D/msg_q_rcv: Waiting on message
V/LocSvc_api_v02( 5252): V/locClientIndCb:1164]: Indication: msg_id=36 buf_len=144 pCallbackData = 0xb6100468
V/LocSvc_api_v02( 5252): V/locClientGetSizeByEventIndId:2205]: event ind Id 36 size = 416
V/LocSvc_api_v02( 5252): V/locClientGetSizeAndTypeByIndId:475]: indId 36 is an event size = 416
V/LocSvc_api_v02( 5252): V/isClientRegisteredForEvent:520]: eventId 36 registered mask = 0x00007eefb, eventMask = 0x00000001
V/LocSvc_api_v02( 5252): V/locClientHandlePosReportInd:621]: len = 416 lat = 29.716247, lon = -95.385253, alt = 50.000000
I/LocSvc_ApiV02( 5252): I/<--- void globalEventCb(locClientHandleType, uint32_t, locClientEventIndUnionType, void*) line 77 QMI_LOC_EVENT_POSITION_REPORT_IND_V02
V/LocSvc_ApiV02( 5252): V/void globalEventCb(locClientHandleType, uint32_t, locClientEventIndUnionType, void*):82] client = 0xb6100468, event id = 36, client cookie ptr = 0x111c4d0
D/LocSvc_ApiV02( 5252): D/virtual void LocApiV02::eventCb(locClientHandleType, uint32_t, locClientEventIndUnionType):2231]: event id = 36
D/LocSvc_ApiV02( 5252): D/Reporting postion from V2 Adapter
D/LocSvc_utils_q( 5252): D/msg_q_snd: Sending message with handle = 0xB4700610
D/LocSvc_utils_ll( 5252): D/linked_list_add: Adding to list data_obj = 0xB4700610
D/LocSvc_utils_q( 5252): D/msg_q_snd: Finished Sending message with handle = 0xB4700610
D/LocSvc_utils_ll( 5252): D/linked_list_remove: Removing from list
D/LocSvc_utils_q( 5252): D/msg_q_rcv: Received message 0xB4700610 rv = 0
I/LocSvc_eng_nmea( 5252): I/<=== nmea_cb line 59 0xb6caaccc
D/LocSvc_eng_nmea( 5252): D/NMEA <$GPGSA,A,1,,,,,,,,,,,,,,,*1E
I/LocSvc_eng_nmea( 5252): I/<=== nmea_cb line 59 0xb6caaccc
D/LocSvc_eng_nmea( 5252): D/NMEA <$GPVTG,,T,,M,,N,,K,N*2C
I/LocSvc_eng_nmea( 5252): I/<=== nmea_cb line 59 0xb6caaccc
D/LocSvc_eng_nmea( 5252): D/NMEA <$GPRMC,,V,,,,,,,,,,N*53
I/LocSvc_eng_nmea( 5252): I/<=== nmea_cb line 59 0xb6caaccc
D/LocSvc_eng_nmea( 5252): D/NMEA <$GPGGA,,,,,,0,,,,,,,,*66
D/LocSvc_MsgTask( 5252): D/MsgTask::loop() 727 listening ...
D/LocSvc_utils_q( 5252): D/msg_q_rcv: Waiting on message
I/LocSvc_eng( 890): I/===> int loc_eng_inject_location(loc_eng_data_s_type&, double, double, float) line 1791
D/LocSvc_utils_q( 890): D/msg_q_snd: Sending message with handle = 0xAE0004C8
D/LocSvc_utils_ll( 890): D/linked_list_add: Adding to list data_obj = 0xAE0004C8
D/LocSvc_utils_q( 890): D/msg_q_snd: Finished Sending message with handle = 0xAE0004C8
D/LocSvc_utils_ll( 890): D/linked_list_remove: Removing from list
D/LocSvc_utils_q( 890): D/msg_q_rcv: Received message 0xAE0004C8 rv = 0
D/LocSvc_ApiV02( 890): D/virtual loc_api_adapter_err LocApiV02::injectPosition(double, double, float):476]: Lat=29.716248, Lon=-95.385255, Acc=1023.00
V/LocSvc_api_v02( 890): V/validateRequest:1355]: reqId = 57
V/LocSvc_api_v02( 890): V/validateRequest:1673]: reqId=57, len = 128
V/LocSvc_api_v02( 890): V/locClientSendReq:2110] sending reqId= 57, len = 128
I/LocSvc_api_v02( 890): I/---> locClientSendReq line 2116 QMI_LOC_INJECT_POSITION_REQ_V02
V/LocSvc_api_v02( 890): V/locClientSendReq:2127] qmi_client_send_msg_sync returned 0
V/LocSvc_api_v02( 890): V/convertQmiResponseToLocStatus:570]: result = 0, error = 0, status = 0
V/LocSvc_api_v02( 890): V/locClientIndCb:1164]: Indication: msg_id=57 buf_len=7 pCallbackData = 0xb3c00468
V/LocSvc_api_v02( 890): V/locClientGetSizeByRespIndId:2172]: resp ind Id 57 size = 4
V/LocSvc_api_v02( 890): V/locClientGetSizeAndTypeByIndId:485]: indId 57 is a resp size = 4
I/LocSvc_ApiV02( 890): I/<--- void globalRespCb(locClientHandleType, uint32_t, locClientRespIndUnionType, void*) line 102 QMI_LOC_INJECT_POSITION_REQ_V02
V/LocSvc_ApiV02( 890): V/void globalRespCb(locClientHandleType, uint32_t, locClientRespIndUnionType, void*):108] client = 0xb3c00468, resp id = 57, client cookie ptr = 0xb5219668
V/LocSvc_api_v02( 890): V/locClientGetSizeByRespIndId:2172]: resp ind Id 57 size = 4
D/LocSvc_api_v02( 890): D/loc_free_slot:299]: freeing slot 0
D/LocSvc_MsgTask( 890): D/MsgTask::loop() 69 listening ...
D/LocSvc_utils_q( 890): D/msg_q_rcv: Waiting on message
V/LocSvc_api_v02( 5252): V/locClientIndCb:1164]: Indication: msg_id=36 buf_len=144 pCallbackData = 0xb6100468
V/LocSvc_api_v02( 5252): V/locClientGetSizeByEventIndId:2205]: event ind Id 36 size = 416
V/LocSvc_api_v02( 5252): V/locClientGetSizeAndTypeByIndId:475]: indId 36 is an event size = 416
V/LocSvc_api_v02( 5252): V/isClientRegisteredForEvent:520]: eventId 36 registered mask = 0x00007eefb, eventMask = 0x00000001
V/LocSvc_api_v02( 5252): V/locClientHandlePosReportInd:621]: len = 416 lat = 29.716247, lon = -95.385253, alt = 50.000000
I/LocSvc_ApiV02( 5252): I/<--- void globalEventCb(locClientHandleType, uint32_t, locClientEventIndUnionType, void*) line 77 QMI_LOC_EVENT_POSITION_REPORT_IND_V02
V/LocSvc_ApiV02( 5252): V/void globalEventCb(locClientHandleType, uint32_t, locClientEventIndUnionType, void*):82] client = 0xb6100468, event id = 36, client cookie ptr = 0x111c4d0
D/LocSvc_ApiV02( 5252): D/virtual void LocApiV02::eventCb(locClientHandleType, uint32_t, locClientEventIndUnionType):2231]: event id = 36
D/LocSvc_ApiV02( 5252): D/Reporting postion from V2 Adapter
D/LocSvc_utils_q( 5252): D/msg_q_snd: Sending message with handle = 0xB4700610
D/LocSvc_utils_ll( 5252): D/linked_list_add: Adding to list data_obj = 0xB4700610
D/LocSvc_utils_q( 5252): D/msg_q_snd: Finished Sending message with handle = 0xB4700610
D/LocSvc_utils_ll( 5252): D/linked_list_remove: Removing from list
D/LocSvc_utils_q( 5252): D/msg_q_rcv: Received message 0xB4700610 rv = 0
I/LocSvc_eng_nmea( 5252): I/<=== nmea_cb line 59 0xb6caaccc
D/LocSvc_eng_nmea( 5252): D/NMEA <$GPGSA,A,1,,,,,,,,,,,,,,,*1E
I/LocSvc_eng_nmea( 5252): I/<=== nmea_cb line 59 0xb6caaccc
D/LocSvc_eng_nmea( 5252): D/NMEA <$GPVTG,,T,,M,,N,,K,N*2C
I/LocSvc_eng_nmea( 5252): I/<=== nmea_cb line 59 0xb6caaccc
D/LocSvc_eng_nmea( 5252): D/NMEA <$GPRMC,,V,,,,,,,,,,N*53
I/LocSvc_eng_nmea( 5252): I/<=== nmea_cb line 59 0xb6caaccc
D/LocSvc_eng_nmea( 5252): D/NMEA <$GPGGA,,,,,,0,,,,,,,,*66
D/LocSvc_MsgTask( 5252): D/MsgTask::loop() 728 listening ...
D/LocSvc_utils_q( 5252): D/msg_q_rcv: Waiting on message
V/LocSvc_api_v02( 5252): V/locClientIndCb:1164]: Indication: msg_id=36 buf_len=144 pCallbackData = 0xb6100468
V/LocSvc_api_v02( 5252): V/locClientGetSizeByEventIndId:2205]: event ind Id 36 size = 416
V/LocSvc_api_v02( 5252): V/locClientGetSizeAndTypeByIndId:475]: indId 36 is an event size = 416
V/LocSvc_api_v02( 5252): V/isClientRegisteredForEvent:520]: eventId 36 registered mask = 0x00007eefb, eventMask = 0x00000001
V/LocSvc_api_v02( 5252): V/locClientHandlePosReportInd:621]: len = 416 lat = 29.716247, lon = -95.385253, alt = 50.000000
I/LocSvc_ApiV02( 5252): I/<--- void globalEventCb(locClientHandleType, uint32_t, locClientEventIndUnionType, void*) line 77 QMI_LOC_EVENT_POSITION_REPORT_IND_V02
V/LocSvc_ApiV02( 5252): V/void globalEventCb(locClientHandleType, uint32_t, locClientEventIndUnionType, void*):82] client = 0xb6100468, event id = 36, client cookie ptr = 0x111c4d0
D/LocSvc_ApiV02( 5252): D/virtual void LocApiV02::eventCb(locClientHandleType, uint32_t, locClientEventIndUnionType):2231]: event id = 36
D/LocSvc_ApiV02( 5252): D/Reporting postion from V2 Adapter
D/LocSvc_utils_q( 5252): D/msg_q_snd: Sending message with handle = 0xB4700610
D/LocSvc_utils_ll( 5252): D/linked_list_add: Adding to list data_obj = 0xB4700610
D/LocSvc_utils_q( 5252): D/msg_q_snd: Finished Sending message with handle = 0xB4700610
D/LocSvc_utils_ll( 5252): D/linked_list_remove: Removing from list
D/LocSvc_utils_q( 5252): D/msg_q_rcv: Received message 0xB4700610 rv = 0
I/LocSvc_eng_nmea( 5252): I/<=== nmea_cb line 59 0xb6caaccc
D/LocSvc_eng_nmea( 5252): D/NMEA <$GPGSA,A,1,,,,,,,,,,,,,,,*1E
I/LocSvc_eng_nmea( 5252): I/<=== nmea_cb line 59 0xb6caaccc
D/LocSvc_eng_nmea( 5252): D/NMEA <$GPVTG,,T,,M,,N,,K,N*2C
I/LocSvc_eng_nmea( 5252): I/<=== nmea_cb line 59 0xb6caaccc
D/LocSvc_eng_nmea( 5252): D/NMEA <$GPRMC,,V,,,,,,,,,,N*53
I/LocSvc_eng_nmea( 5252): I/<=== nmea_cb line 59 0xb6caaccc
D/LocSvc_eng_nmea( 5252): D/NMEA <$GPGGA,,,,,,0,,,,,,,,*66
D/LocSvc_MsgTask( 5252): D/MsgTask::loop() 729 listening ...
D/LocSvc_utils_q( 5252): D/msg_q_rcv: Waiting on message
V/LocSvc_api_v02( 5252): V/locClientIndCb:1164]: Indication: msg_id=36 buf_len=144 pCallbackData = 0xb6100468
V/LocSvc_api_v02( 5252): V/locClientGetSizeByEventIndId:2205]: event ind Id 36 size = 416
V/LocSvc_api_v02( 5252): V/locClientGetSizeAndTypeByIndId:475]: indId 36 is an event size = 416
V/LocSvc_api_v02( 5252): V/isClientRegisteredForEvent:520]: eventId 36 registered mask = 0x00007eefb, eventMask = 0x00000001
V/LocSvc_api_v02( 5252): V/locClientHandlePosReportInd:621]: len = 416 lat = 29.716247, lon = -95.385253, alt = 50.000000
I/LocSvc_ApiV02( 5252): I/<--- void globalEventCb(locClientHandleType, uint32_t, locClientEventIndUnionType, void*) line 77 QMI_LOC_EVENT_POSITION_REPORT_IND_V02
V/LocSvc_ApiV02( 5252): V/void globalEventCb(locClientHandleType, uint32_t, locClientEventIndUnionType, void*):82] client = 0xb6100468, event id = 36, client cookie ptr = 0x111c4d0
D/LocSvc_ApiV02( 5252): D/virtual void LocApiV02::eventCb(locClientHandleType, uint32_t, locClientEventIndUnionType):2231]: event id = 36
D/LocSvc_ApiV02( 5252): D/Reporting postion from V2 Adapter
D/LocSvc_utils_q( 5252): D/msg_q_snd: Sending message with handle = 0xB4700610
D/LocSvc_utils_ll( 5252): D/linked_list_add: Adding to list data_obj = 0xB4700610
D/LocSvc_utils_q( 5252): D/msg_q_snd: Finished Sending message with handle = 0xB4700610
D/LocSvc_utils_ll( 5252): D/linked_list_remove: Removing from list
D/LocSvc_utils_q( 5252): D/msg_q_rcv: Received message 0xB4700610 rv = 0
I/LocSvc_eng_nmea( 5252): I/<=== nmea_cb line 59 0xb6caaccc
D/LocSvc_eng_nmea( 5252): D/NMEA <$GPGSA,A,1,,,,,,,,,,,,,,,*1E
I/LocSvc_eng_nmea( 5252): I/<=== nmea_cb line 59 0xb6caaccc
D/LocSvc_eng_nmea( 5252): D/NMEA <$GPVTG,,T,,M,,N,,K,N*2C
I/LocSvc_eng_nmea( 5252): I/<=== nmea_cb line 59 0xb6caaccc
D/LocSvc_eng_nmea( 5252): D/NMEA <$GPRMC,,V,,,,,,,,,,N*53
I/LocSvc_eng_nmea( 5252): I/<=== nmea_cb line 59 0xb6caaccc
D/LocSvc_eng_nmea( 5252): D/NMEA <$GPGGA,,,,,,0,,,,,,,,*66
D/LocSvc_MsgTask( 5252): D/MsgTask::loop() 730 listening ...
D/LocSvc_utils_q( 5252): D/msg_q_rcv: Waiting on message
V/LocSvc_api_v02( 5252): V/locClientIndCb:1164]: Indication: msg_id=36 buf_len=144 pCallbackData = 0xb6100468
V/LocSvc_api_v02( 5252): V/locClientGetSizeByEventIndId:2205]: event ind Id 36 size = 416
V/LocSvc_api_v02( 5252): V/locClientGetSizeAndTypeByIndId:475]: indId 36 is an event size = 416
V/LocSvc_api_v02( 5252): V/isClientRegisteredForEvent:520]: eventId 36 registered mask = 0x00007eefb, eventMask = 0x00000001
V/LocSvc_api_v02( 5252): V/locClientHandlePosReportInd:621]: len = 416 lat = 29.716247, lon = -95.385253, alt = 50.000000
I/LocSvc_ApiV02( 5252): I/<--- void globalEventCb(locClientHandleType, uint32_t, locClientEventIndUnionType, void*) line 77 QMI_LOC_EVENT_POSITION_REPORT_IND_V02
V/LocSvc_ApiV02( 5252): V/void globalEventCb(locClientHandleType, uint32_t, locClientEventIndUnionType, void*):82] client = 0xb6100468, event id = 36, client cookie ptr = 0x111c4d0
D/LocSvc_ApiV02( 5252): D/virtual void LocApiV02::eventCb(locClientHandleType, uint32_t, locClientEventIndUnionType):2231]: event id = 36
D/LocSvc_ApiV02( 5252): D/Reporting postion from V2 Adapter
D/LocSvc_utils_q( 5252): D/msg_q_snd: Sending message with handle = 0xB4700610
D/LocSvc_utils_ll( 5252): D/linked_list_add: Adding to list data_obj = 0xB4700610
D/LocSvc_utils_q( 5252): D/msg_q_snd: Finished Sending message with handle = 0xB4700610
D/LocSvc_utils_ll( 5252): D/linked_list_remove: Removing from list
D/LocSvc_utils_q( 5252): D/msg_q_rcv: Received message 0xB4700610 rv = 0
I/LocSvc_eng_nmea( 5252): I/<=== nmea_cb line 59 0xb6caaccc
D/LocSvc_eng_nmea( 5252): D/NMEA <$GPGSA,A,1,,,,,,,,,,,,,,,*1E
I/LocSvc_eng_nmea( 5252): I/<=== nmea_cb line 59 0xb6caaccc
D/LocSvc_eng_nmea( 5252): D/NMEA <$GPVTG,,T,,M,,N,,K,N*2C
I/LocSvc_eng_nmea( 5252): I/<=== nmea_cb line 59 0xb6caaccc
D/LocSvc_eng_nmea( 5252): D/NMEA <$GPRMC,,V,,,,,,,,,,N*53
I/LocSvc_eng_nmea( 5252): I/<=== nmea_cb line 59 0xb6caaccc
D/LocSvc_eng_nmea( 5252): D/NMEA <$GPGGA,,,,,,0,,,,,,,,*66
D/LocSvc_MsgTask( 5252): D/MsgTask::loop() 731 listening ...
D/LocSvc_utils_q( 5252): D/msg_q_rcv: Waiting on message
E/kickstart( 2625): Wrote to /sys/power/wake_lock
E/kickstart( 2625): Received file "/dev/block/platform/msm_sdcc.1/by-name/m9kefs2"
E/kickstart( 2625): 786432 bytes transferred in 0.128s (5.84 MBps)
E/kickstart( 2625): Successfully downloaded files from target
E/kickstart( 2625): Wrote to /sys/power/wake_unlock
E/kickstart( 2625): Sahara protocol completed
V/LocSvc_api_v02( 5252): V/locClientIndCb:1164]: Indication: msg_id=36 buf_len=144 pCallbackData = 0xb6100468
V/LocSvc_api_v02( 5252): V/locClientGetSizeByEventIndId:2205]: event ind Id 36 size = 416
V/LocSvc_api_v02( 5252): V/locClientGetSizeAndTypeByIndId:475]: indId 36 is an event size = 416
V/LocSvc_api_v02( 5252): V/isClientRegisteredForEvent:520]: eventId 36 registered mask = 0x00007eefb, eventMask = 0x00000001
V/LocSvc_api_v02( 5252): V/locClientHandlePosReportInd:621]: len = 416 lat = 29.716247, lon = -95.385253, alt = 50.000000
I/LocSvc_ApiV02( 5252): I/<--- void globalEventCb(locClientHandleType, uint32_t, locClientEventIndUnionType, void*) line 77 QMI_LOC_EVENT_POSITION_REPORT_IND_V02
V/LocSvc_ApiV02( 5252): V/void globalEventCb(locClientHandleType, uint32_t, locClientEventIndUnionType, void*):82] client = 0xb6100468, event id = 36, client cookie ptr = 0x111c4d0
D/LocSvc_ApiV02( 5252): D/virtual void LocApiV02::eventCb(locClientHandleType, uint32_t, locClientEventIndUnionType):2231]: event id = 36
D/LocSvc_ApiV02( 5252): D/Reporting postion from V2 Adapter
D/LocSvc_utils_q( 5252): D/msg_q_snd: Sending message with handle = 0xB4700610
D/LocSvc_utils_ll( 5252): D/linked_list_add: Adding to list data_obj = 0xB4700610
D/LocSvc_utils_q( 5252): D/msg_q_snd: Finished Sending message with handle = 0xB4700610
D/LocSvc_utils_ll( 5252): D/linked_list_remove: Removing from list
D/LocSvc_utils_q( 5252): D/msg_q_rcv: Received message 0xB4700610 rv = 0
I/LocSvc_eng_nmea( 5252): I/<=== nmea_cb line 59 0xb6caaccc
D/LocSvc_eng_nmea( 5252): D/NMEA <$GPGSA,A,1,,,,,,,,,,,,,,,*1E
I/LocSvc_eng_nmea( 5252): I/<=== nmea_cb line 59 0xb6caaccc
D/LocSvc_eng_nmea( 5252): D/NMEA <$GPVTG,,T,,M,,N,,K,N*2C
I/LocSvc_eng_nmea( 5252): I/<=== nmea_cb line 59 0xb6caaccc
D/LocSvc_eng_nmea( 5252): D/NMEA <$GPRMC,,V,,,,,,,,,,N*53
I/LocSvc_eng_nmea( 5252): I/<=== nmea_cb line 59 0xb6caaccc
D/LocSvc_eng_nmea( 5252): D/NMEA <$GPGGA,,,,,,0,,,,,,,,*66
D/LocSvc_MsgTask( 5252): D/MsgTask::loop() 732 listening ...
D/LocSvc_utils_q( 5252): D/msg_q_rcv: Waiting on message
V/LocSvc_api_v02( 5252): V/locClientIndCb:1164]: Indication: msg_id=36 buf_len=144 pCallbackData = 0xb6100468
V/LocSvc_api_v02( 5252): V/locClientGetSizeByEventIndId:2205]: event ind Id 36 size = 416
V/LocSvc_api_v02( 5252): V/locClientGetSizeAndTypeByIndId:475]: indId 36 is an event size = 416
V/LocSvc_api_v02( 5252): V/isClientRegisteredForEvent:520]: eventId 36 registered mask = 0x00007eefb, eventMask = 0x00000001
V/LocSvc_api_v02( 5252): V/locClientHandlePosReportInd:621]: len = 416 lat = 29.716247, lon = -95.385253, alt = 50.000000
I/LocSvc_ApiV02( 5252): I/<--- void globalEventCb(locClientHandleType, uint32_t, locClientEventIndUnionType, void*) line 77 QMI_LOC_EVENT_POSITION_REPORT_IND_V02
V/LocSvc_ApiV02( 5252): V/void globalEventCb(locClientHandleType, uint32_t, locClientEventIndUnionType, void*):82] client = 0xb6100468, event id = 36, client cookie ptr = 0x111c4d0
D/LocSvc_ApiV02( 5252): D/virtual void LocApiV02::eventCb(locClientHandleType, uint32_t, locClientEventIndUnionType):2231]: event id = 36
D/LocSvc_ApiV02( 5252): D/Reporting postion from V2 Adapter
D/LocSvc_utils_q( 5252): D/msg_q_snd: Sending message with handle = 0xB4700610
D/LocSvc_utils_ll( 5252): D/linked_list_add: Adding to list data_obj = 0xB4700610
D/LocSvc_utils_q( 5252): D/msg_q_snd: Finished Sending message with handle = 0xB4700610
D/LocSvc_utils_ll( 5252): D/linked_list_remove: Removing from list
D/LocSvc_utils_q( 5252): D/msg_q_rcv: Received message 0xB4700610 rv = 0
I/LocSvc_eng_nmea( 5252): I/<=== nmea_cb line 59 0xb6caaccc
D/LocSvc_eng_nmea( 5252): D/NMEA <$GPGSA,A,1,,,,,,,,,,,,,,,*1E
I/LocSvc_eng_nmea( 5252): I/<=== nmea_cb line 59 0xb6caaccc
D/LocSvc_eng_nmea( 5252): D/NMEA <$GPVTG,,T,,M,,N,,K,N*2C
I/LocSvc_eng_nmea( 5252): I/<=== nmea_cb line 59 0xb6caaccc
D/LocSvc_eng_nmea( 5252): D/NMEA <$GPRMC,,V,,,,,,,,,,N*53
I/LocSvc_eng_nmea( 5252): I/<=== nmea_cb line 59 0xb6caaccc
D/LocSvc_eng_nmea( 5252): D/NMEA <$GPGGA,,,,,,0,,,,,,,,*66
D/LocSvc_MsgTask( 5252): D/MsgTask::loop() 733 listening ...
D/LocSvc_utils_q( 5252): D/msg_q_rcv: Waiting on message
V/LocSvc_api_v02( 5252): V/locClientIndCb:1164]: Indication: msg_id=36 buf_len=144 pCallbackData = 0xb6100468
V/LocSvc_api_v02( 5252): V/locClientGetSizeByEventIndId:2205]: event ind Id 36 size = 416
V/LocSvc_api_v02( 5252): V/locClientGetSizeAndTypeByIndId:475]: indId 36 is an event size = 416
V/LocSvc_api_v02( 5252): V/isClientRegisteredForEvent:520]: eventId 36 registered mask = 0x00007eefb, eventMask = 0x00000001
V/LocSvc_api_v02( 5252): V/locClientHandlePosReportInd:621]: len = 416 lat = 29.716247, lon = -95.385253, alt = 50.000000
I/LocSvc_ApiV02( 5252): I/<--- void globalEventCb(locClientHandleType, uint32_t, locClientEventIndUnionType, void*) line 77 QMI_LOC_EVENT_POSITION_REPORT_IND_V02
V/LocSvc_ApiV02( 5252): V/void globalEventCb(locClientHandleType, uint32_t, locClientEventIndUnionType, void*):82] client = 0xb6100468, event id = 36, client cookie ptr = 0x111c4d0
D/LocSvc_ApiV02( 5252): D/virtual void LocApiV02::eventCb(locClientHandleType, uint32_t, locClientEventIndUnionType):2231]: event id = 36
D/LocSvc_ApiV02( 5252): D/Reporting postion from V2 Adapter
D/LocSvc_utils_q( 5252): D/msg_q_snd: Sending message with handle = 0xB4700610
D/LocSvc_utils_ll( 5252): D/linked_list_add: Adding to list data_obj = 0xB4700610
D/LocSvc_utils_q( 5252): D/msg_q_snd: Finished Sending message with handle = 0xB4700610
D/LocSvc_utils_ll( 5252): D/linked_list_remove: Removing from list
D/LocSvc_utils_q( 5252): D/msg_q_rcv: Received message 0xB4700610 rv = 0
I/LocSvc_eng_nmea( 5252): I/<=== nmea_cb line 59 0xb6caaccc
D/LocSvc_eng_nmea( 5252): D/NMEA <$GPGSA,A,1,,,,,,,,,,,,,,,*1E
I/LocSvc_eng_nmea( 5252): I/<=== nmea_cb line 59 0xb6caaccc
D/LocSvc_eng_nmea( 5252): D/NMEA <$GPVTG,,T,,M,,N,,K,N*2C
I/LocSvc_eng_nmea( 5252): I/<=== nmea_cb line 59 0xb6caaccc
D/LocSvc_eng_nmea( 5252): D/NMEA <$GPRMC,,V,,,,,,,,,,N*53
I/LocSvc_eng_nmea( 5252): I/<=== nmea_cb line 59 0xb6caaccc
D/LocSvc_eng_nmea( 5252): D/NMEA <$GPGGA,,,,,,0,,,,,,,,*66
D/LocSvc_MsgTask( 5252): D/MsgTask::loop() 734 listening ...
D/LocSvc_utils_q( 5252): D/msg_q_rcv: Waiting on message
I/LocSvc_eng( 5252): I/===> int loc_eng_stop(loc_eng_data_s_type&) line 1654
D/LocSvc_utils_q( 5252): D/msg_q_snd: Sending message with handle = 0x0111C928
D/LocSvc_utils_ll( 5252): D/linked_list_add: Adding to list data_obj = 0x0111C928
D/LocSvc_utils_q( 5252): D/msg_q_snd: Finished Sending message with handle = 0x0111C928
I/LocSvc_eng( 5252): I/===> void loc_eng_cleanup(loc_eng_data_s_type&) line 1548
D/LocSvc_eng( 5252): D/loc_eng_cleanup: fix not stopped. stop it now.
I/LocSvc_eng( 5252): I/===> int loc_eng_stop(loc_eng_data_s_type&) line 1654
D/LocSvc_utils_q( 5252): D/msg_q_snd: Sending message with handle = 0x0111C8A8
D/LocSvc_utils_ll( 5252): D/linked_list_add: Adding to list data_obj = 0x0111C8A8
D/LocSvc_utils_q( 5252): D/msg_q_snd: Finished Sending message with handle = 0x0111C8A8
V/LocSvc_api_v02( 890): V/locClientIndCb:1164]: Indication: msg_id=43 buf_len=7 pCallbackData = 0xb3c00468
V/LocSvc_api_v02( 890): V/locClientGetSizeByEventIndId:2205]: event ind Id 43 size = 4
V/LocSvc_api_v02( 890): V/locClientGetSizeAndTypeByIndId:475]: indId 43 is an event size = 4
V/LocSvc_api_v02( 890): V/isClientRegisteredForEvent:520]: eventId 43 registered mask = 0x00007eefb, eventMask = 0x00000080
I/LocSvc_ApiV02( 890): I/<--- void globalEventCb(locClientHandleType, uint32_t, locClientEventIndUnionType, void*) line 77 QMI_LOC_EVENT_ENGINE_STATE_IND_V02
V/LocSvc_ApiV02( 890): V/void globalEventCb(locClientHandleType, uint32_t, locClientEventIndUnionType, void*):82] client = 0xb3c00468, event id = 43, client cookie ptr = 0xb5219668
D/LocSvc_ApiV02( 890): D/virtual void LocApiV02::eventCb(locClientHandleType, uint32_t, locClientEventIndUnionType):2231]: event id = 43
V/LocSvc_ApiV02( 890): V/void LocApiV02::reportEngineState(const qmiLocEventEngineStateIndMsgT_v02*):1914]: state = 2
D/LocSvc_utils_q( 890): D/msg_q_snd: Sending message with handle = 0xADE00468
D/LocSvc_utils_ll( 890): D/linked_list_add: Adding to list data_obj = 0xADE00468
D/LocSvc_utils_q( 890): D/msg_q_snd: Finished Sending message with handle = 0xADE00468
D/LocSvc_utils_q( 890): D/msg_q_snd: Sending message with handle = 0xADE00478
D/LocSvc_utils_ll( 890): D/linked_list_add: Adding to list data_obj = 0xADE00478
D/LocSvc_utils_q( 890): D/msg_q_snd: Finished Sending message with handle = 0xADE00478
D/LocSvc_utils_ll( 890): D/linked_list_remove: Removing from list
D/LocSvc_utils_q( 890): D/msg_q_rcv: Received message 0xADE00468 rv = 0
I/LocSvc_eng( 890): I/<=== status_cb line 1857 GPS_STATUS_SESSION_END
D/LocSvc_MsgTask( 890): D/MsgTask::loop() 70 listening ...
D/LocSvc_utils_q( 890): D/msg_q_rcv: Waiting on message
D/LocSvc_utils_ll( 890): D/linked_list_remove: Removing from list
D/LocSvc_utils_q( 890): D/msg_q_rcv: Received message 0xADE00478 rv = 0
I/LocSvc_eng( 890): I/<=== status_cb line 1857 GPS_STATUS_ENGINE_OFF
D/LocSvc_MsgTask( 890): D/MsgTask::loop() 71 listening ...
D/LocSvc_utils_q( 890): D/msg_q_rcv: Waiting on message
I/LocSvc_eng( 890): I/===> int loc_eng_inject_location(loc_eng_data_s_type&, double, double, float) line 1791
D/LocSvc_utils_q( 890): D/msg_q_snd: Sending message with handle = 0xAE0004C8
D/LocSvc_utils_ll( 890): D/linked_list_add: Adding to list data_obj = 0xAE0004C8
D/LocSvc_utils_q( 890): D/msg_q_snd: Finished Sending message with handle = 0xAE0004C8
D/LocSvc_utils_ll( 890): D/linked_list_remove: Removing from list
D/LocSvc_utils_q( 890): D/msg_q_rcv: Received message 0xAE0004C8 rv = 0
D/LocSvc_ApiV02( 890): D/virtual loc_api_adapter_err LocApiV02::injectPosition(double, double, float):476]: Lat=29.716248, Lon=-95.385255, Acc=1023.00
V/LocSvc_api_v02( 890): V/validateRequest:1355]: reqId = 57
V/LocSvc_api_v02( 890): V/validateRequest:1673]: reqId=57, len = 128
V/LocSvc_api_v02( 890): V/locClientSendReq:2110] sending reqId= 57, len = 128
I/LocSvc_api_v02( 890): I/---> locClientSendReq line 2116 QMI_LOC_INJECT_POSITION_REQ_V02
V/LocSvc_api_v02( 890): V/locClientSendReq:2127] qmi_client_send_msg_sync returned 0
V/LocSvc_api_v02( 890): V/convertQmiResponseToLocStatus:570]: result = 0, error = 0, status = 0
V/LocSvc_api_v02( 890): V/locClientIndCb:1164]: Indication: msg_id=57 buf_len=7 pCallbackData = 0xb3c00468
V/LocSvc_api_v02( 890): V/locClientGetSizeByRespIndId:2172]: resp ind Id 57 size = 4
V/LocSvc_api_v02( 890): V/locClientGetSizeAndTypeByIndId:485]: indId 57 is a resp size = 4
I/LocSvc_ApiV02( 890): I/<--- void globalRespCb(locClientHandleType, uint32_t, locClientRespIndUnionType, void*) line 102 QMI_LOC_INJECT_POSITION_REQ_V02
V/LocSvc_ApiV02( 890): V/void globalRespCb(locClientHandleType, uint32_t, locClientRespIndUnionType, void*):108] client = 0xb3c00468, resp id = 57, client cookie ptr = 0xb5219668
V/LocSvc_api_v02( 890): V/locClientGetSizeByRespIndId:2172]: resp ind Id 57 size = 4
D/LocSvc_api_v02( 890): D/loc_free_slot:299]: freeing slot 0
D/LocSvc_MsgTask( 890): D/MsgTask::loop() 72 listening ...
D/LocSvc_utils_q( 890): D/msg_q_rcv: Waiting on message
I/LocSvc_eng( 890): I/===> int loc_eng_inject_location(loc_eng_data_s_type&, double, double, float) line 1791
D/LocSvc_utils_q( 890): D/msg_q_snd: Sending message with handle = 0xAE0004C8
D/LocSvc_utils_ll( 890): D/linked_list_add: Adding to list data_obj = 0xAE0004C8
D/LocSvc_utils_q( 890): D/msg_q_snd: Finished Sending message with handle = 0xAE0004C8
D/LocSvc_utils_ll( 890): D/linked_list_remove: Removing from list
D/LocSvc_utils_q( 890): D/msg_q_rcv: Received message 0xAE0004C8 rv = 0
D/LocSvc_ApiV02( 890): D/virtual loc_api_adapter_err LocApiV02::injectPosition(double, double, float):476]: Lat=29.718201, Lon=-95.380576, Acc=87.00
V/LocSvc_api_v02( 890): V/validateRequest:1355]: reqId = 57
V/LocSvc_api_v02( 890): V/validateRequest:1673]: reqId=57, len = 128
V/LocSvc_api_v02( 890): V/locClientSendReq:2110] sending reqId= 57, len = 128
I/LocSvc_api_v02( 890): I/---> locClientSendReq line 2116 QMI_LOC_INJECT_POSITION_REQ_V02
V/LocSvc_api_v02( 890): V/locClientSendReq:2127] qmi_client_send_msg_sync returned 0
V/LocSvc_api_v02( 890): V/convertQmiResponseToLocStatus:570]: result = 0, error = 0, status = 0
V/LocSvc_api_v02( 890): V/locClientIndCb:1164]: Indication: msg_id=57 buf_len=7 pCallbackData = 0xb3c00468
V/LocSvc_api_v02( 890): V/locClientGetSizeByRespIndId:2172]: resp ind Id 57 size = 4
V/LocSvc_api_v02( 890): V/locClientGetSizeAndTypeByIndId:485]: indId 57 is a resp size = 4
I/LocSvc_ApiV02( 890): I/<--- void globalRespCb(locClientHandleType, uint32_t, locClientRespIndUnionType, void*) line 102 QMI_LOC_INJECT_POSITION_REQ_V02
V/LocSvc_ApiV02( 890): V/void globalRespCb(locClientHandleType, uint32_t, locClientRespIndUnionType, void*):108] client = 0xb3c00468, resp id = 57, client cookie ptr = 0xb5219668
V/LocSvc_api_v02( 890): V/locClientGetSizeByRespIndId:2172]: resp ind Id 57 size = 4
D/LocSvc_api_v02( 890): D/loc_free_slot:299]: freeing slot 0
D/LocSvc_MsgTask( 890): D/MsgTask::loop() 73 listening ...
D/LocSvc_utils_q( 890): D/msg_q_rcv: Waiting on message
D/libEGL (18768): loaded /system/lib/egl/libEGL_adreno.so
D/libEGL (18768): loaded /system/lib/egl/libGLESv1_CM_adreno.so
D/libEGL (18768): loaded /system/lib/egl/libGLESv2_adreno.so
I/Adreno-EGL(18768): : EGL 1.4 QUALCOMM Build: I0404c4692afb8623f95c43aeb6d5e13ed4b30ddbDate: 11/06/13
E/libEGL (18768): validate_display:261 error 3008 (EGL_BAD_DISPLAY)
W/Adreno-EGL(18768): : EGL_BAD_CONTEXT
I/LocSvc_eng( 890): I/===> int loc_eng_inject_location(loc_eng_data_s_type&, double, double, float) line 1791
D/LocSvc_utils_q( 890): D/msg_q_snd: Sending message with handle = 0xAE0004C8
D/LocSvc_utils_ll( 890): D/linked_list_add: Adding to list data_obj = 0xAE0004C8
D/LocSvc_utils_q( 890): D/msg_q_snd: Finished Sending message with handle = 0xAE0004C8
D/LocSvc_utils_ll( 890): D/linked_list_remove: Removing from list
D/LocSvc_utils_q( 890): D/msg_q_rcv: Received message 0xAE0004C8 rv = 0
D/LocSvc_ApiV02( 890): D/virtual loc_api_adapter_err LocApiV02::injectPosition(double, double, float):476]: Lat=29.718197, Lon=-95.380573, Acc=81.00
V/LocSvc_api_v02( 890): V/validateRequest:1355]: reqId = 57
V/LocSvc_api_v02( 890): V/validateRequest:1673]: reqId=57, len = 128
V/LocSvc_api_v02( 890): V/locClientSendReq:2110] sending reqId= 57, len = 128
I/LocSvc_api_v02( 890): I/---> locClientSendReq line 2116 QMI_LOC_INJECT_POSITION_REQ_V02
V/LocSvc_api_v02( 890): V/locClientSendReq:2127] qmi_client_send_msg_sync returned 0
V/LocSvc_api_v02( 890): V/convertQmiResponseToLocStatus:570]: result = 0, error = 0, status = 0
V/LocSvc_api_v02( 890): V/locClientIndCb:1164]: Indication: msg_id=57 buf_len=7 pCallbackData = 0xb3c00468
V/LocSvc_api_v02( 890): V/locClientGetSizeByRespIndId:2172]: resp ind Id 57 size = 4
V/LocSvc_api_v02( 890): V/locClientGetSizeAndTypeByIndId:485]: indId 57 is a resp size = 4
I/LocSvc_ApiV02( 890): I/<--- void globalRespCb(locClientHandleType, uint32_t, locClientRespIndUnionType, void*) line 102 QMI_LOC_INJECT_POSITION_REQ_V02
V/LocSvc_ApiV02( 890): V/void globalRespCb(locClientHandleType, uint32_t, locClientRespIndUnionType, void*):108] client = 0xb3c00468, resp id = 57, client cookie ptr = 0xb5219668
V/LocSvc_api_v02( 890): V/locClientGetSizeByRespIndId:2172]: resp ind Id 57 size = 4
D/LocSvc_api_v02( 890): D/loc_free_slot:299]: freeing slot 0
D/LocSvc_MsgTask( 890): D/MsgTask::loop() 74 listening ...
D/LocSvc_utils_q( 890): D/msg_q_rcv: Waiting on message
W/Adreno-ES20(18768): : GL_INVALID_ENUM
I/LocSvc_eng( 890): I/===> int loc_eng_inject_location(loc_eng_data_s_type&, double, double, float) line 1791
D/LocSvc_utils_q( 890): D/msg_q_snd: Sending message with handle = 0xAE0004C8
D/LocSvc_utils_ll( 890): D/linked_list_add: Adding to list data_obj = 0xAE0004C8
D/LocSvc_utils_q( 890): D/msg_q_snd: Finished Sending message with handle = 0xAE0004C8
D/LocSvc_utils_ll( 890): D/linked_list_remove: Removing from list
D/LocSvc_utils_q( 890): D/msg_q_rcv: Received message 0xAE0004C8 rv = 0
D/LocSvc_ApiV02( 890): D/virtual loc_api_adapter_err LocApiV02::injectPosition(double, double, float):476]: Lat=29.718197, Lon=-95.380573, Acc=81.00
V/LocSvc_api_v02( 890): V/validateRequest:1355]: reqId = 57
V/LocSvc_api_v02( 890): V/validateRequest:1673]: reqId=57, len = 128
V/LocSvc_api_v02( 890): V/locClientSendReq:2110] sending reqId= 57, len = 128
I/LocSvc_api_v02( 890): I/---> locClientSendReq line 2116 QMI_LOC_INJECT_POSITION_REQ_V02
V/LocSvc_api_v02( 890): V/locClientSendReq:2127] qmi_client_send_msg_sync returned 0
V/LocSvc_api_v02( 890): V/convertQmiResponseToLocStatus:570]: result = 0, error = 0, status = 0
V/LocSvc_api_v02( 890): V/locClientIndCb:1164]: Indication: msg_id=57 buf_len=7 pCallbackData = 0xb3c00468
V/LocSvc_api_v02( 890): V/locClientGetSizeByRespIndId:2172]: resp ind Id 57 size = 4
V/LocSvc_api_v02( 890): V/locClientGetSizeAndTypeByIndId:485]: indId 57 is a resp size = 4
I/LocSvc_ApiV02( 890): I/<--- void globalRespCb(locClientHandleType, uint32_t, locClientRespIndUnionType, void*) line 102 QMI_LOC_INJECT_POSITION_REQ_V02
V/LocSvc_ApiV02( 890): V/void globalRespCb(locClientHandleType, uint32_t, locClientRespIndUnionType, void*):108] client = 0xb3c00468, resp id = 57, client cookie ptr = 0xb5219668
V/LocSvc_api_v02( 890): V/locClientGetSizeByRespIndId:2172]: resp ind Id 57 size = 4
D/LocSvc_api_v02( 890): D/loc_free_slot:299]: freeing slot 0
D/LocSvc_MsgTask( 890): D/MsgTask::loop() 75 listening ...
D/LocSvc_utils_q( 890): D/msg_q_rcv: Waiting on message
E/libEGL (18768): call to OpenGL ES API with no current context (logged once per thread)
I/LocSvc_eng( 890): I/===> int loc_eng_inject_location(loc_eng_data_s_type&, double, double, float) line 1791
D/LocSvc_utils_q( 890): D/msg_q_snd: Sending message with handle = 0xAE0004C8
D/LocSvc_utils_ll( 890): D/linked_list_add: Adding to list data_obj = 0xAE0004C8
D/LocSvc_utils_ll( 890): D/linked_list_remove: Removing from list
D/LocSvc_utils_q( 890): D/msg_q_snd: Finished Sending message with handle = 0xAE0004C8
D/LocSvc_utils_q( 890): D/msg_q_rcv: Received message 0xAE0004C8 rv = 0
D/LocSvc_ApiV02( 890): D/virtual loc_api_adapter_err LocApiV02::injectPosition(double, double, float):476]: Lat=29.718192, Lon=-95.380578, Acc=79.00
V/LocSvc_api_v02( 890): V/validateRequest:1355]: reqId = 57
V/LocSvc_api_v02( 890): V/validateRequest:1673]: reqId=57, len = 128
V/LocSvc_api_v02( 890): V/locClientSendReq:2110] sending reqId= 57, len = 128
I/LocSvc_api_v02( 890): I/---> locClientSendReq line 2116 QMI_LOC_INJECT_POSITION_REQ_V02
V/LocSvc_api_v02( 890): V/locClientSendReq:2127] qmi_client_send_msg_sync returned 0
V/LocSvc_api_v02( 890): V/convertQmiResponseToLocStatus:570]: result = 0, error = 0, status = 0
V/LocSvc_api_v02( 890): V/locClientIndCb:1164]: Indication: msg_id=57 buf_len=7 pCallbackData = 0xb3c00468
V/LocSvc_api_v02( 890): V/locClientGetSizeByRespIndId:2172]: resp ind Id 57 size = 4
V/LocSvc_api_v02( 890): V/locClientGetSizeAndTypeByIndId:485]: indId 57 is a resp size = 4
I/LocSvc_ApiV02( 890): I/<--- void globalRespCb(locClientHandleType, uint32_t, locClientRespIndUnionType, void*) line 102 QMI_LOC_INJECT_POSITION_REQ_V02
V/LocSvc_ApiV02( 890): V/void globalRespCb(locClientHandleType, uint32_t, locClientRespIndUnionType, void*):108] client = 0xb3c00468, resp id = 57, client cookie ptr = 0xb5219668
V/LocSvc_api_v02( 890): V/locClientGetSizeByRespIndId:2172]: resp ind Id 57 size = 4
D/LocSvc_api_v02( 890): D/loc_free_slot:299]: freeing slot 0
D/LocSvc_MsgTask( 890): D/MsgTask::loop() 76 listening ...
D/LocSvc_utils_q( 890): D/msg_q_rcv: Waiting on message
D/libEGL (19643): loaded /system/lib/egl/libEGL_adreno.so
D/libEGL (19643): loaded /system/lib/egl/libGLESv1_CM_adreno.so
D/libEGL (19643): loaded /system/lib/egl/libGLESv2_adreno.so
I/Adreno-EGL(19643): : EGL 1.4 QUALCOMM Build: I0404c4692afb8623f95c43aeb6d5e13ed4b30ddbDate: 11/06/13
E/libEGL (19643): validate_display:261 error 3008 (EGL_BAD_DISPLAY)
W/Adreno-EGL(19643): : EGL_BAD_CONTEXT
W/Adreno-ES20(19643): : GL_INVALID_ENUM
I/LocSvc_eng( 890): I/===> int loc_eng_inject_location(loc_eng_data_s_type&, double, double, float) line 1791
D/LocSvc_utils_q( 890): D/msg_q_snd: Sending message with handle = 0xAE0004C8
D/LocSvc_utils_ll( 890): D/linked_list_add: Adding to list data_obj = 0xAE0004C8
D/LocSvc_utils_q( 890): D/msg_q_snd: Finished Sending message with handle = 0xAE0004C8
D/LocSvc_utils_ll( 890): D/linked_list_remove: Removing from list
D/LocSvc_utils_q( 890): D/msg_q_rcv: Received message 0xAE0004C8 rv = 0
D/LocSvc_ApiV02( 890): D/virtual loc_api_adapter_err LocApiV02::injectPosition(double, double, float):476]: Lat=29.718192, Lon=-95.380578, Acc=79.00
V/LocSvc_api_v02( 890): V/validateRequest:1355]: reqId = 57
V/LocSvc_api_v02( 890): V/validateRequest:1673]: reqId=57, len = 128
V/LocSvc_api_v02( 890): V/locClientSendReq:2110] sending reqId= 57, len = 128
I/LocSvc_api_v02( 890): I/---> locClientSendReq line 2116 QMI_LOC_INJECT_POSITION_REQ_V02
V/LocSvc_api_v02( 890): V/locClientSendReq:2127] qmi_client_send_msg_sync returned 0
V/LocSvc_api_v02( 890): V/convertQmiResponseToLocStatus:570]: result = 0, error = 0, status = 0
V/LocSvc_api_v02( 890): V/locClientIndCb:1164]: Indication: msg_id=57 buf_len=7 pCallbackData = 0xb3c00468
V/LocSvc_api_v02( 890): V/locClientGetSizeByRespIndId:2172]: resp ind Id 57 size = 4
V/LocSvc_api_v02( 890): V/locClientGetSizeAndTypeByIndId:485]: indId 57 is a resp size = 4
I/LocSvc_ApiV02( 890): I/<--- void globalRespCb(locClientHandleType, uint32_t, locClientRespIndUnionType, void*) line 102 QMI_LOC_INJECT_POSITION_REQ_V02
V/LocSvc_ApiV02( 890): V/void globalRespCb(locClientHandleType, uint32_t, locClientRespIndUnionType, void*):108] client = 0xb3c00468, resp id = 57, client cookie ptr = 0xb5219668
V/LocSvc_api_v02( 890): V/locClientGetSizeByRespIndId:2172]: resp ind Id 57 size = 4
D/LocSvc_api_v02( 890): D/loc_free_slot:299]: freeing slot 0
D/LocSvc_MsgTask( 890): D/MsgTask::loop() 77 listening ...
D/LocSvc_utils_q( 890): D/msg_q_rcv: Waiting on message
I/LocSvc_eng( 890): I/===> int loc_eng_inject_location(loc_eng_data_s_type&, double, double, float) line 1791
D/LocSvc_utils_q( 890): D/msg_q_snd: Sending message with handle = 0xAE0004C8
D/LocSvc_utils_ll( 890): D/linked_list_add: Adding to list data_obj = 0xAE0004C8
D/LocSvc_utils_q( 890): D/msg_q_snd: Finished Sending message with handle = 0xAE0004C8
D/LocSvc_utils_ll( 890): D/linked_list_remove: Removing from list
D/LocSvc_utils_q( 890): D/msg_q_rcv: Received message 0xAE0004C8 rv = 0
D/LocSvc_ApiV02( 890): D/virtual loc_api_adapter_err LocApiV02::injectPosition(double, double, float):476]: Lat=29.718192, Lon=-95.380578, Acc=79.00
V/LocSvc_api_v02( 890): V/validateRequest:1355]: reqId = 57
V/LocSvc_api_v02( 890): V/validateRequest:1673]: reqId=57, len = 128
V/LocSvc_api_v02( 890): V/locClientSendReq:2110] sending reqId= 57, len = 128
I/LocSvc_api_v02( 890): I/---> locClientSendReq line 2116 QMI_LOC_INJECT_POSITION_REQ_V02
V/LocSvc_api_v02( 890): V/locClientSendReq:2127] qmi_client_send_msg_sync returned 0
V/LocSvc_api_v02( 890): V/convertQmiResponseToLocStatus:570]: result = 0, error = 0, status = 0
V/LocSvc_api_v02( 890): V/locClientIndCb:1164]: Indication: msg_id=57 buf_len=7 pCallbackData = 0xb3c00468
V/LocSvc_api_v02( 890): V/locClientGetSizeByRespIndId:2172]: resp ind Id 57 size = 4
V/LocSvc_api_v02( 890): V/locClientGetSizeAndTypeByIndId:485]: indId 57 is a resp size = 4
I/LocSvc_ApiV02( 890): I/<--- void globalRespCb(locClientHandleType, uint32_t, locClientRespIndUnionType, void*) line 102 QMI_LOC_INJECT_POSITION_REQ_V02
V/LocSvc_ApiV02( 890): V/void globalRespCb(locClientHandleType, uint32_t, locClientRespIndUnionType, void*):108] client = 0xb3c00468, resp id = 57, client cookie ptr = 0xb5219668
V/LocSvc_api_v02( 890): V/locClientGetSizeByRespIndId:2172]: resp ind Id 57 size = 4
D/LocSvc_api_v02( 890): D/loc_free_slot:299]: freeing slot 0
D/LocSvc_MsgTask( 890): D/MsgTask::loop() 78 listening ...
D/LocSvc_utils_q( 890): D/msg_q_rcv: Waiting on message
I/LocSvc_eng( 890): I/===> int loc_eng_inject_location(loc_eng_data_s_type&, double, double, float) line 1791
D/LocSvc_utils_q( 890): D/msg_q_snd: Sending message with handle = 0xAE0004C8
D/LocSvc_utils_ll( 890): D/linked_list_add: Adding to list data_obj = 0xAE0004C8
D/LocSvc_utils_q( 890): D/msg_q_snd: Finished Sending message with handle = 0xAE0004C8
D/LocSvc_utils_ll( 890): D/linked_list_remove: Removing from list
D/LocSvc_utils_q( 890): D/msg_q_rcv: Received message 0xAE0004C8 rv = 0
D/LocSvc_ApiV02( 890): D/virtual loc_api_adapter_err LocApiV02::injectPosition(double, double, float):476]: Lat=29.718207, Lon=-95.380580, Acc=70.00
V/LocSvc_api_v02( 890): V/validateRequest:1355]: reqId = 57
V/LocSvc_api_v02( 890): V/validateRequest:1673]: reqId=57, len = 128
V/LocSvc_api_v02( 890): V/locClientSendReq:2110] sending reqId= 57, len = 128
I/LocSvc_api_v02( 890): I/---> locClientSendReq line 2116 QMI_LOC_INJECT_POSITION_REQ_V02
V/LocSvc_api_v02( 890): V/locClientSendReq:2127] qmi_client_send_msg_sync returned 0
V/LocSvc_api_v02( 890): V/convertQmiResponseToLocStatus:570]: result = 0, error = 0, status = 0
V/LocSvc_api_v02( 890): V/locClientIndCb:1164]: Indication: msg_id=57 buf_len=7 pCallbackData = 0xb3c00468
V/LocSvc_api_v02( 890): V/locClientGetSizeByRespIndId:2172]: resp ind Id 57 size = 4
V/LocSvc_api_v02( 890): V/locClientGetSizeAndTypeByIndId:485]: indId 57 is a resp size = 4
I/LocSvc_ApiV02( 890): I/<--- void globalRespCb(locClientHandleType, uint32_t, locClientRespIndUnionType, void*) line 102 QMI_LOC_INJECT_POSITION_REQ_V02
V/LocSvc_ApiV02( 890): V/void globalRespCb(locClientHandleType, uint32_t, locClientRespIndUnionType, void*):108] client = 0xb3c00468, resp id = 57, client cookie ptr = 0xb5219668
V/LocSvc_api_v02( 890): V/locClientGetSizeByRespIndId:2172]: resp ind Id 57 size = 4
D/LocSvc_api_v02( 890): D/loc_free_slot:299]: freeing slot 0
D/LocSvc_MsgTask( 890): D/MsgTask::loop() 79 listening ...
D/LocSvc_utils_q( 890): D/msg_q_rcv: Waiting on message
I/LocSvc_eng( 890): I/===> int loc_eng_inject_location(loc_eng_data_s_type&, double, double, float) line 1791
D/LocSvc_utils_q( 890): D/msg_q_snd: Sending message with handle = 0xAE0004C8
D/LocSvc_utils_ll( 890): D/linked_list_add: Adding to list data_obj = 0xAE0004C8
D/LocSvc_utils_q( 890): D/msg_q_snd: Finished Sending message with handle = 0xAE0004C8
D/LocSvc_utils_ll( 890): D/linked_list_remove: Removing from list
D/LocSvc_utils_q( 890): D/msg_q_rcv: Received message 0xAE0004C8 rv = 0
D/LocSvc_ApiV02( 890): D/virtual loc_api_adapter_err LocApiV02::injectPosition(double, double, float):476]: Lat=29.718207, Lon=-95.380580, Acc=70.00
V/LocSvc_api_v02( 890): V/validateRequest:1355]: reqId = 57
V/LocSvc_api_v02( 890): V/validateRequest:1673]: reqId=57, len = 128
V/LocSvc_api_v02( 890): V/locClientSendReq:2110] sending reqId= 57, len = 128
I/LocSvc_api_v02( 890): I/---> locClientSendReq line 2116 QMI_LOC_INJECT_POSITION_REQ_V02
V/LocSvc_api_v02( 890): V/locClientSendReq:2127] qmi_client_send_msg_sync returned 0
V/LocSvc_api_v02( 890): V/convertQmiResponseToLocStatus:570]: result = 0, error = 0, status = 0
V/LocSvc_api_v02( 890): V/locClientIndCb:1164]: Indication: msg_id=57 buf_len=7 pCallbackData = 0xb3c00468
V/LocSvc_api_v02( 890): V/locClientGetSizeByRespIndId:2172]: resp ind Id 57 size = 4
V/LocSvc_api_v02( 890): V/locClientGetSizeAndTypeByIndId:485]: indId 57 is a resp size = 4
I/LocSvc_ApiV02( 890): I/<--- void globalRespCb(locClientHandleType, uint32_t, locClientRespIndUnionType, void*) line 102 QMI_LOC_INJECT_POSITION_REQ_V02
V/LocSvc_ApiV02( 890): V/void globalRespCb(locClientHandleType, uint32_t, locClientRespIndUnionType, void*):108] client = 0xb3c00468, resp id = 57, client cookie ptr = 0xb5219668
V/LocSvc_api_v02( 890): V/locClientGetSizeByRespIndId:2172]: resp ind Id 57 size = 4
D/LocSvc_api_v02( 890): D/loc_free_slot:299]: freeing slot 0
D/LocSvc_MsgTask( 890): D/MsgTask::loop() 80 listening ...
D/LocSvc_utils_q( 890): D/msg_q_rcv: Waiting on message
I/LocSvc_eng( 890): I/===> int loc_eng_inject_location(loc_eng_data_s_type&, double, double, float) line 1791
D/LocSvc_utils_q( 890): D/msg_q_snd: Sending message with handle = 0xAE0004C8
D/LocSvc_utils_ll( 890): D/linked_list_add: Adding to list data_obj = 0xAE0004C8
D/LocSvc_utils_q( 890): D/msg_q_snd: Finished Sending message with handle = 0xAE0004C8
D/LocSvc_utils_ll( 890): D/linked_list_remove: Removing from list
D/LocSvc_utils_q( 890): D/msg_q_rcv: Received message 0xAE0004C8 rv = 0
D/LocSvc_ApiV02( 890): D/virtual loc_api_adapter_err LocApiV02::injectPosition(double, double, float):476]: Lat=29.718207, Lon=-95.380580, Acc=70.00
V/LocSvc_api_v02( 890): V/validateRequest:1355]: reqId = 57
V/LocSvc_api_v02( 890): V/validateRequest:1673]: reqId=57, len = 128
V/LocSvc_api_v02( 890): V/locClientSendReq:2110] sending reqId= 57, len = 128
I/LocSvc_api_v02( 890): I/---> locClientSendReq line 2116 QMI_LOC_INJECT_POSITION_REQ_V02
V/LocSvc_api_v02( 890): V/locClientSendReq:2127] qmi_client_send_msg_sync returned 0
V/LocSvc_api_v02( 890): V/convertQmiResponseToLocStatus:570]: result = 0, error = 0, status = 0
V/LocSvc_api_v02( 890): V/locClientIndCb:1164]: Indication: msg_id=57 buf_len=7 pCallbackData = 0xb3c00468
V/LocSvc_api_v02( 890): V/locClientGetSizeByRespIndId:2172]: resp ind Id 57 size = 4
V/LocSvc_api_v02( 890): V/locClientGetSizeAndTypeByIndId:485]: indId 57 is a resp size = 4
I/LocSvc_ApiV02( 890): I/<--- void globalRespCb(locClientHandleType, uint32_t, locClientRespIndUnionType, void*) line 102 QMI_LOC_INJECT_POSITION_REQ_V02
V/LocSvc_ApiV02( 890): V/void globalRespCb(locClientHandleType, uint32_t, locClientRespIndUnionType, void*):108] client = 0xb3c00468, resp id = 57, client cookie ptr = 0xb5219668
V/LocSvc_api_v02( 890): V/locClientGetSizeByRespIndId:2172]: resp ind Id 57 size = 4
D/LocSvc_api_v02( 890): D/loc_free_slot:299]: freeing slot 0
D/LocSvc_MsgTask( 890): D/MsgTask::loop() 81 listening ...
D/LocSvc_utils_q( 890): D/msg_q_rcv: Waiting on message
I/ ( 893): UStatus ua_sensors_light_disable(UASensorsLight*)():348
I/LocSvc_eng( 890): I/===> int loc_eng_inject_location(loc_eng_data_s_type&, double, double, float) line 1791
D/LocSvc_utils_q( 890): D/msg_q_snd: Sending message with handle = 0xAE0004C8
D/LocSvc_utils_ll( 890): D/linked_list_add: Adding to list data_obj = 0xAE0004C8
D/LocSvc_utils_q( 890): D/msg_q_snd: Finished Sending message with handle = 0xAE0004C8
D/LocSvc_utils_ll( 890): D/linked_list_remove: Removing from list
D/LocSvc_utils_q( 890): D/msg_q_rcv: Received message 0xAE0004C8 rv = 0
D/LocSvc_ApiV02( 890): D/virtual loc_api_adapter_err LocApiV02::injectPosition(double, double, float):476]: Lat=29.718202, Lon=-95.380577, Acc=70.00
V/LocSvc_api_v02( 890): V/validateRequest:1355]: reqId = 57
V/LocSvc_api_v02( 890): V/validateRequest:1673]: reqId=57, len = 128
V/LocSvc_api_v02( 890): V/locClientSendReq:2110] sending reqId= 57, len = 128
I/LocSvc_api_v02( 890): I/---> locClientSendReq line 2116 QMI_LOC_INJECT_POSITION_REQ_V02
V/LocSvc_api_v02( 890): V/locClientSendReq:2127] qmi_client_send_msg_sync returned 0
V/LocSvc_api_v02( 890): V/convertQmiResponseToLocStatus:570]: result = 0, error = 0, status = 0
V/LocSvc_api_v02( 890): V/locClientIndCb:1164]: Indication: msg_id=57 buf_len=7 pCallbackData = 0xb3c00468
V/LocSvc_api_v02( 890): V/locClientGetSizeByRespIndId:2172]: resp ind Id 57 size = 4
V/LocSvc_api_v02( 890): V/locClientGetSizeAndTypeByIndId:485]: indId 57 is a resp size = 4
I/LocSvc_ApiV02( 890): I/<--- void globalRespCb(locClientHandleType, uint32_t, locClientRespIndUnionType, void*) line 102 QMI_LOC_INJECT_POSITION_REQ_V02
V/LocSvc_ApiV02( 890): V/void globalRespCb(locClientHandleType, uint32_t, locClientRespIndUnionType, void*):108] client = 0xb3c00468, resp id = 57, client cookie ptr = 0xb5219668
V/LocSvc_api_v02( 890): V/locClientGetSizeByRespIndId:2172]: resp ind Id 57 size = 4
D/LocSvc_api_v02( 890): D/loc_free_slot:299]: freeing slot 0
D/LocSvc_MsgTask( 890): D/MsgTask::loop() 82 listening ...
D/LocSvc_utils_q( 890): D/msg_q_rcv: Waiting on message
I/ ( 2933): UStatus ua_sensors_accelerometer_disable(UASensorsAccelerometer*)():509
I/LocSvc_eng( 890): I/===> int loc_eng_inject_location(loc_eng_data_s_type&, double, double, float) line 1791
D/LocSvc_utils_q( 890): D/msg_q_snd: Sending message with handle = 0xAE0004C8
D/LocSvc_utils_ll( 890): D/linked_list_add: Adding to list data_obj = 0xAE0004C8
D/LocSvc_utils_q( 890): D/msg_q_snd: Finished Sending message with handle = 0xAE0004C8
D/LocSvc_utils_ll( 890): D/linked_list_remove: Removing from list
D/LocSvc_utils_q( 890): D/msg_q_rcv: Received message 0xAE0004C8 rv = 0
D/LocSvc_ApiV02( 890): D/virtual loc_api_adapter_err LocApiV02::injectPosition(double, double, float):476]: Lat=29.718202, Lon=-95.380577, Acc=70.00
V/LocSvc_api_v02( 890): V/validateRequest:1355]: reqId = 57
V/LocSvc_api_v02( 890): V/validateRequest:1673]: reqId=57, len = 128
V/LocSvc_api_v02( 890): V/locClientSendReq:2110] sending reqId= 57, len = 128
I/LocSvc_api_v02( 890): I/---> locClientSendReq line 2116 QMI_LOC_INJECT_POSITION_REQ_V02
V/LocSvc_api_v02( 890): V/locClientSendReq:2127] qmi_client_send_msg_sync returned 0
V/LocSvc_api_v02( 890): V/convertQmiResponseToLocStatus:570]: result = 0, error = 0, status = 0
V/LocSvc_api_v02( 890): V/locClientIndCb:1164]: Indication: msg_id=57 buf_len=7 pCallbackData = 0xb3c00468
V/LocSvc_api_v02( 890): V/locClientGetSizeByRespIndId:2172]: resp ind Id 57 size = 4
V/LocSvc_api_v02( 890): V/locClientGetSizeAndTypeByIndId:485]: indId 57 is a resp size = 4
I/LocSvc_ApiV02( 890): I/<--- void globalRespCb(locClientHandleType, uint32_t, locClientRespIndUnionType, void*) line 102 QMI_LOC_INJECT_POSITION_REQ_V02
V/LocSvc_ApiV02( 890): V/void globalRespCb(locClientHandleType, uint32_t, locClientRespIndUnionType, void*):108] client = 0xb3c00468, resp id = 57, client cookie ptr = 0xb5219668
V/LocSvc_api_v02( 890): V/locClientGetSizeByRespIndId:2172]: resp ind Id 57 size = 4
D/LocSvc_api_v02( 890): D/loc_free_slot:299]: freeing slot 0
D/LocSvc_MsgTask( 890): D/MsgTask::loop() 83 listening ...
D/LocSvc_utils_q( 890): D/msg_q_rcv: Waiting on message
I/LocSvc_eng( 890): I/===> int loc_eng_inject_location(loc_eng_data_s_type&, double, double, float) line 1791
D/LocSvc_utils_q( 890): D/msg_q_snd: Sending message with handle = 0xAE0004C8
D/LocSvc_utils_ll( 890): D/linked_list_add: Adding to list data_obj = 0xAE0004C8
D/LocSvc_utils_q( 890): D/msg_q_snd: Finished Sending message with handle = 0xAE0004C8
D/LocSvc_utils_ll( 890): D/linked_list_remove: Removing from list
D/LocSvc_utils_q( 890): D/msg_q_rcv: Received message 0xAE0004C8 rv = 0
D/LocSvc_ApiV02( 890): D/virtual loc_api_adapter_err LocApiV02::injectPosition(double, double, float):476]: Lat=29.718202, Lon=-95.380577, Acc=70.00
V/LocSvc_api_v02( 890): V/validateRequest:1355]: reqId = 57
V/LocSvc_api_v02( 890): V/validateRequest:1673]: reqId=57, len = 128
V/LocSvc_api_v02( 890): V/locClientSendReq:2110] sending reqId= 57, len = 128
I/LocSvc_api_v02( 890): I/---> locClientSendReq line 2116 QMI_LOC_INJECT_POSITION_REQ_V02
V/LocSvc_api_v02( 890): V/locClientSendReq:2127] qmi_client_send_msg_sync returned 0
V/LocSvc_api_v02( 890): V/convertQmiResponseToLocStatus:570]: result = 0, error = 0, status = 0
V/LocSvc_api_v02( 890): V/locClientIndCb:1164]: Indication: msg_id=57 buf_len=7 pCallbackData = 0xb3c00468
