I/LocSvc_eng( 890): I/===> int loc_eng_inject_location(loc_eng_data_s_type&, double, double, float) line 1791
D/LocSvc_utils_q( 890): D/msg_q_snd: Sending message with handle = 0xAE000960
D/LocSvc_utils_ll( 890): D/linked_list_add: Adding to list data_obj = 0xAE000960
D/LocSvc_utils_q( 890): D/msg_q_snd: Finished Sending message with handle = 0xAE000960
D/LocSvc_utils_ll( 890): D/linked_list_remove: Removing from list
D/LocSvc_utils_q( 890): D/msg_q_rcv: Received message 0xAE000960 rv = 0
D/LocSvc_ApiV02( 890): D/virtual loc_api_adapter_err LocApiV02::injectPosition(double, double, float):476]: Lat=29.718178, Lon=-95.380590, Acc=67.00
V/LocSvc_api_v02( 890): V/validateRequest:1355]: reqId = 57
V/LocSvc_api_v02( 890): V/validateRequest:1673]: reqId=57, len = 128
V/LocSvc_api_v02( 890): V/locClientSendReq:2110] sending reqId= 57, len = 128
I/LocSvc_api_v02( 890): I/---> locClientSendReq line 2116 QMI_LOC_INJECT_POSITION_REQ_V02
V/LocSvc_api_v02( 890): V/locClientSendReq:2127] qmi_client_send_msg_sync returned 0
V/LocSvc_api_v02( 890): V/convertQmiResponseToLocStatus:570]: result = 0, error = 0, status = 0
V/LocSvc_api_v02( 890): V/locClientIndCb:1164]: Indication: msg_id=57 buf_len=7 pCallbackData = 0xb3c00468
V/LocSvc_api_v02( 890): V/locClientGetSizeByRespIndId:2172]: resp ind Id 57 size = 4
V/LocSvc_api_v02( 890): V/locClientGetSizeAndTypeByIndId:485]: indId 57 is a resp size = 4
I/LocSvc_ApiV02( 890): I/<--- void globalRespCb(locClientHandleType, uint32_t, locClientRespIndUnionType, void*) line 102 QMI_LOC_INJECT_POSITION_REQ_V02
V/LocSvc_ApiV02( 890): V/void globalRespCb(locClientHandleType, uint32_t, locClientRespIndUnionType, void*):108] client = 0xb3c00468, resp id = 57, client cookie ptr = 0xb5219668
V/LocSvc_api_v02( 890): V/locClientGetSizeByRespIndId:2172]: resp ind Id 57 size = 4
D/LocSvc_api_v02( 890): D/loc_free_slot:299]: freeing slot 0
D/LocSvc_MsgTask( 890): D/MsgTask::loop() 108 listening ...
D/LocSvc_utils_q( 890): D/msg_q_rcv: Waiting on message
I/ ( 893): UStatus ua_sensors_light_disable(UASensorsLight*)():348
I/LocSvc_eng( 890): I/===> int loc_eng_inject_location(loc_eng_data_s_type&, double, double, float) line 1791
D/LocSvc_utils_q( 890): D/msg_q_snd: Sending message with handle = 0xAE000960
D/LocSvc_utils_ll( 890): D/linked_list_add: Adding to list data_obj = 0xAE000960
D/LocSvc_utils_q( 890): D/msg_q_snd: Finished Sending message with handle = 0xAE000960
D/LocSvc_utils_ll( 890): D/linked_list_remove: Removing from list
D/LocSvc_utils_q( 890): D/msg_q_rcv: Received message 0xAE000960 rv = 0
D/LocSvc_ApiV02( 890): D/virtual loc_api_adapter_err LocApiV02::injectPosition(double, double, float):476]: Lat=29.718178, Lon=-95.380590, Acc=67.00
V/LocSvc_api_v02( 890): V/validateRequest:1355]: reqId = 57
V/LocSvc_api_v02( 890): V/validateRequest:1673]: reqId=57, len = 128
V/LocSvc_api_v02( 890): V/locClientSendReq:2110] sending reqId= 57, len = 128
I/LocSvc_api_v02( 890): I/---> locClientSendReq line 2116 QMI_LOC_INJECT_POSITION_REQ_V02
V/LocSvc_api_v02( 890): V/locClientSendReq:2127] qmi_client_send_msg_sync returned 0
V/LocSvc_api_v02( 890): V/convertQmiResponseToLocStatus:570]: result = 0, error = 0, status = 0
V/LocSvc_api_v02( 890): V/locClientIndCb:1164]: Indication: msg_id=57 buf_len=7 pCallbackData = 0xb3c00468
V/LocSvc_api_v02( 890): V/locClientGetSizeByRespIndId:2172]: resp ind Id 57 size = 4
V/LocSvc_api_v02( 890): V/locClientGetSizeAndTypeByIndId:485]: indId 57 is a resp size = 4
I/LocSvc_ApiV02( 890): I/<--- void globalRespCb(locClientHandleType, uint32_t, locClientRespIndUnionType, void*) line 102 QMI_LOC_INJECT_POSITION_REQ_V02
V/LocSvc_ApiV02( 890): V/void globalRespCb(locClientHandleType, uint32_t, locClientRespIndUnionType, void*):108] client = 0xb3c00468, resp id = 57, client cookie ptr = 0xb5219668
V/LocSvc_api_v02( 890): V/locClientGetSizeByRespIndId:2172]: resp ind Id 57 size = 4
D/LocSvc_api_v02( 890): D/loc_free_slot:299]: freeing slot 0
D/LocSvc_MsgTask( 890): D/MsgTask::loop() 109 listening ...
D/LocSvc_utils_q( 890): D/msg_q_rcv: Waiting on message
I/ ( 2933): UStatus ua_sensors_accelerometer_disable(UASensorsAccelerometer*)():509
I/LocSvc_eng( 890): I/===> int loc_eng_inject_location(loc_eng_data_s_type&, double, double, float) line 1791
D/LocSvc_utils_q( 890): D/msg_q_snd: Sending message with handle = 0xAE000960
D/LocSvc_utils_ll( 890): D/linked_list_add: Adding to list data_obj = 0xAE000960
D/LocSvc_utils_q( 890): D/msg_q_snd: Finished Sending message with handle = 0xAE000960
D/LocSvc_utils_ll( 890): D/linked_list_remove: Removing from list
D/LocSvc_utils_q( 890): D/msg_q_rcv: Received message 0xAE000960 rv = 0
D/LocSvc_ApiV02( 890): D/virtual loc_api_adapter_err LocApiV02::injectPosition(double, double, float):476]: Lat=29.718178, Lon=-95.380590, Acc=67.00
V/LocSvc_api_v02( 890): V/validateRequest:1355]: reqId = 57
V/LocSvc_api_v02( 890): V/validateRequest:1673]: reqId=57, len = 128
V/LocSvc_api_v02( 890): V/locClientSendReq:2110] sending reqId= 57, len = 128
I/LocSvc_api_v02( 890): I/---> locClientSendReq line 2116 QMI_LOC_INJECT_POSITION_REQ_V02
V/LocSvc_api_v02( 890): V/locClientSendReq:2127] qmi_client_send_msg_sync returned 0
V/LocSvc_api_v02( 890): V/convertQmiResponseToLocStatus:570]: result = 0, error = 0, status = 0
V/LocSvc_api_v02( 890): V/locClientIndCb:1164]: Indication: msg_id=57 buf_len=7 pCallbackData = 0xb3c00468
V/LocSvc_api_v02( 890): V/locClientGetSizeByRespIndId:2172]: resp ind Id 57 size = 4
V/LocSvc_api_v02( 890): V/locClientGetSizeAndTypeByIndId:485]: indId 57 is a resp size = 4
I/LocSvc_ApiV02( 890): I/<--- void globalRespCb(locClientHandleType, uint32_t, locClientRespIndUnionType, void*) line 102 QMI_LOC_INJECT_POSITION_REQ_V02
V/LocSvc_ApiV02( 890): V/void globalRespCb(locClientHandleType, uint32_t, locClientRespIndUnionType, void*):108] client = 0xb3c00468, resp id = 57, client cookie ptr = 0xb5219668
V/LocSvc_api_v02( 890): V/locClientGetSizeByRespIndId:2172]: resp ind Id 57 size = 4
D/LocSvc_api_v02( 890): D/loc_free_slot:299]: freeing slot 0
D/LocSvc_MsgTask( 890): D/MsgTask::loop() 110 listening ...
D/LocSvc_utils_q( 890): D/msg_q_rcv: Waiting on message
I/LocSvc_eng( 890): I/===> int loc_eng_inject_location(loc_eng_data_s_type&, double, double, float) line 1791
D/LocSvc_utils_q( 890): D/msg_q_snd: Sending message with handle = 0xAE000960
D/LocSvc_utils_ll( 890): D/linked_list_add: Adding to list data_obj = 0xAE000960
D/LocSvc_utils_q( 890): D/msg_q_snd: Finished Sending message with handle = 0xAE000960
D/LocSvc_utils_ll( 890): D/linked_list_remove: Removing from list
D/LocSvc_utils_q( 890): D/msg_q_rcv: Received message 0xAE000960 rv = 0
D/LocSvc_ApiV02( 890): D/virtual loc_api_adapter_err LocApiV02::injectPosition(double, double, float):476]: Lat=29.718178, Lon=-95.380590, Acc=67.00
V/LocSvc_api_v02( 890): V/validateRequest:1355]: reqId = 57
V/LocSvc_api_v02( 890): V/validateRequest:1673]: reqId=57, len = 128
V/LocSvc_api_v02( 890): V/locClientSendReq:2110] sending reqId= 57, len = 128
I/LocSvc_api_v02( 890): I/---> locClientSendReq line 2116 QMI_LOC_INJECT_POSITION_REQ_V02
V/LocSvc_api_v02( 890): V/locClientSendReq:2127] qmi_client_send_msg_sync returned 0
V/LocSvc_api_v02( 890): V/convertQmiResponseToLocStatus:570]: result = 0, error = 0, status = 0
V/LocSvc_api_v02( 890): V/locClientIndCb:1164]: Indication: msg_id=57 buf_len=7 pCallbackData = 0xb3c00468
V/LocSvc_api_v02( 890): V/locClientGetSizeByRespIndId:2172]: resp ind Id 57 size = 4
V/LocSvc_api_v02( 890): V/locClientGetSizeAndTypeByIndId:485]: indId 57 is a resp size = 4
I/LocSvc_ApiV02( 890): I/<--- void globalRespCb(locClientHandleType, uint32_t, locClientRespIndUnionType, void*) line 102 QMI_LOC_INJECT_POSITION_REQ_V02
V/LocSvc_ApiV02( 890): V/void globalRespCb(locClientHandleType, uint32_t, locClientRespIndUnionType, void*):108] client = 0xb3c00468, resp id = 57, client cookie ptr = 0xb5219668
V/LocSvc_api_v02( 890): V/locClientGetSizeByRespIndId:2172]: resp ind Id 57 size = 4
D/LocSvc_api_v02( 890): D/loc_free_slot:299]: freeing slot 0
D/LocSvc_MsgTask( 890): D/MsgTask::loop() 111 listening ...
D/LocSvc_utils_q( 890): D/msg_q_rcv: Waiting on message
I/LocSvc_eng( 890): I/===> int loc_eng_inject_location(loc_eng_data_s_type&, double, double, float) line 1791
D/LocSvc_utils_q( 890): D/msg_q_snd: Sending message with handle = 0xAE000960
D/LocSvc_utils_ll( 890): D/linked_list_add: Adding to list data_obj = 0xAE000960
D/LocSvc_utils_q( 890): D/msg_q_snd: Finished Sending message with handle = 0xAE000960
D/LocSvc_utils_ll( 890): D/linked_list_remove: Removing from list
D/LocSvc_utils_q( 890): D/msg_q_rcv: Received message 0xAE000960 rv = 0
D/LocSvc_ApiV02( 890): D/virtual loc_api_adapter_err LocApiV02::injectPosition(double, double, float):476]: Lat=29.718193, Lon=-95.380573, Acc=83.00
V/LocSvc_api_v02( 890): V/validateRequest:1355]: reqId = 57
V/LocSvc_api_v02( 890): V/validateRequest:1673]: reqId=57, len = 128
V/LocSvc_api_v02( 890): V/locClientSendReq:2110] sending reqId= 57, len = 128
I/LocSvc_api_v02( 890): I/---> locClientSendReq line 2116 QMI_LOC_INJECT_POSITION_REQ_V02
V/LocSvc_api_v02( 890): V/locClientSendReq:2127] qmi_client_send_msg_sync returned 0
V/LocSvc_api_v02( 890): V/locClientIndCb:1164]: Indication: msg_id=57 buf_len=7 pCallbackData = 0xb3c00468
V/LocSvc_api_v02( 890): V/locClientGetSizeByRespIndId:2172]: resp ind Id 57 size = 4
V/LocSvc_api_v02( 890): V/convertQmiResponseToLocStatus:570]: result = 0, error = 0, status = 0
V/LocSvc_api_v02( 890): V/locClientGetSizeAndTypeByIndId:485]: indId 57 is a resp size = 4
I/LocSvc_ApiV02( 890): I/<--- void globalRespCb(locClientHandleType, uint32_t, locClientRespIndUnionType, void*) line 102 QMI_LOC_INJECT_POSITION_REQ_V02
V/LocSvc_ApiV02( 890): V/void globalRespCb(locClientHandleType, uint32_t, locClientRespIndUnionType, void*):108] client = 0xb3c00468, resp id = 57, client cookie ptr = 0xb5219668
V/LocSvc_api_v02( 890): V/locClientGetSizeByRespIndId:2172]: resp ind Id 57 size = 4
D/LocSvc_api_v02( 890): D/loc_free_slot:299]: freeing slot 0
D/LocSvc_MsgTask( 890): D/MsgTask::loop() 112 listening ...
D/LocSvc_utils_q( 890): D/msg_q_rcv: Waiting on message
I/ ( 893): UStatus ua_sensors_light_enable(UASensorsLight*)():333
I/ ( 2933): UStatus ua_sensors_accelerometer_enable(UASensorsAccelerometer*)():494
I/ ( 2933): UStatus ua_sensors_accelerometer_set_event_rate(UASensorsAccelerometer*, uint32_t)():602
I/UpstartPropertyWatcher( 1267): Property changed: ril.ecclist=911,112
I/LocSvc_eng( 890): I/===> int loc_eng_inject_location(loc_eng_data_s_type&, double, double, float) line 1791
D/LocSvc_utils_q( 890): D/msg_q_snd: Sending message with handle = 0xAE000960
D/LocSvc_utils_ll( 890): D/linked_list_add: Adding to list data_obj = 0xAE000960
D/LocSvc_utils_q( 890): D/msg_q_snd: Finished Sending message with handle = 0xAE000960
D/LocSvc_utils_ll( 890): D/linked_list_remove: Removing from list
D/LocSvc_utils_q( 890): D/msg_q_rcv: Received message 0xAE000960 rv = 0
D/LocSvc_ApiV02( 890): D/virtual loc_api_adapter_err LocApiV02::injectPosition(double, double, float):476]: Lat=29.718185, Lon=-95.380583, Acc=78.00
V/LocSvc_api_v02( 890): V/validateRequest:1355]: reqId = 57
V/LocSvc_api_v02( 890): V/validateRequest:1673]: reqId=57, len = 128
V/LocSvc_api_v02( 890): V/locClientSendReq:2110] sending reqId= 57, len = 128
I/LocSvc_api_v02( 890): I/---> locClientSendReq line 2116 QMI_LOC_INJECT_POSITION_REQ_V02
V/LocSvc_api_v02( 890): V/locClientSendReq:2127] qmi_client_send_msg_sync returned 0
V/LocSvc_api_v02( 890): V/convertQmiResponseToLocStatus:570]: result = 0, error = 0, status = 0
V/LocSvc_api_v02( 890): V/locClientIndCb:1164]: Indication: msg_id=57 buf_len=7 pCallbackData = 0xb3c00468
V/LocSvc_api_v02( 890): V/locClientGetSizeByRespIndId:2172]: resp ind Id 57 size = 4
V/LocSvc_api_v02( 890): V/locClientGetSizeAndTypeByIndId:485]: indId 57 is a resp size = 4
I/LocSvc_ApiV02( 890): I/<--- void globalRespCb(locClientHandleType, uint32_t, locClientRespIndUnionType, void*) line 102 QMI_LOC_INJECT_POSITION_REQ_V02
V/LocSvc_ApiV02( 890): V/void globalRespCb(locClientHandleType, uint32_t, locClientRespIndUnionType, void*):108] client = 0xb3c00468, resp id = 57, client cookie ptr = 0xb5219668
V/LocSvc_api_v02( 890): V/locClientGetSizeByRespIndId:2172]: resp ind Id 57 size = 4
D/LocSvc_api_v02( 890): D/loc_free_slot:299]: freeing slot 0
D/LocSvc_MsgTask( 890): D/MsgTask::loop() 113 listening ...
D/LocSvc_utils_q( 890): D/msg_q_rcv: Waiting on message
I/LocSvc_eng( 890): I/===> int loc_eng_inject_location(loc_eng_data_s_type&, double, double, float) line 1791
D/LocSvc_utils_q( 890): D/msg_q_snd: Sending message with handle = 0xAE000960
D/LocSvc_utils_ll( 890): D/linked_list_add: Adding to list data_obj = 0xAE000960
D/LocSvc_utils_q( 890): D/msg_q_snd: Finished Sending message with handle = 0xAE000960
D/LocSvc_utils_ll( 890): D/linked_list_remove: Removing from list
D/LocSvc_utils_q( 890): D/msg_q_rcv: Received message 0xAE000960 rv = 0
D/LocSvc_ApiV02( 890): D/virtual loc_api_adapter_err LocApiV02::injectPosition(double, double, float):476]: Lat=29.718183, Lon=-95.380585, Acc=68.00
V/LocSvc_api_v02( 890): V/validateRequest:1355]: reqId = 57
V/LocSvc_api_v02( 890): V/validateRequest:1673]: reqId=57, len = 128
V/LocSvc_api_v02( 890): V/locClientSendReq:2110] sending reqId= 57, len = 128
I/LocSvc_api_v02( 890): I/---> locClientSendReq line 2116 QMI_LOC_INJECT_POSITION_REQ_V02
V/LocSvc_api_v02( 890): V/locClientSendReq:2127] qmi_client_send_msg_sync returned 0
V/LocSvc_api_v02( 890): V/convertQmiResponseToLocStatus:570]: result = 0, error = 0, status = 0
V/LocSvc_api_v02( 890): V/locClientIndCb:1164]: Indication: msg_id=57 buf_len=7 pCallbackData = 0xb3c00468
V/LocSvc_api_v02( 890): V/locClientGetSizeByRespIndId:2172]: resp ind Id 57 size = 4
V/LocSvc_api_v02( 890): V/locClientGetSizeAndTypeByIndId:485]: indId 57 is a resp size = 4
I/LocSvc_ApiV02( 890): I/<--- void globalRespCb(locClientHandleType, uint32_t, locClientRespIndUnionType, void*) line 102 QMI_LOC_INJECT_POSITION_REQ_V02
V/LocSvc_ApiV02( 890): V/void globalRespCb(locClientHandleType, uint32_t, locClientRespIndUnionType, void*):108] client = 0xb3c00468, resp id = 57, client cookie ptr = 0xb5219668
V/LocSvc_api_v02( 890): V/locClientGetSizeByRespIndId:2172]: resp ind Id 57 size = 4
D/LocSvc_api_v02( 890): D/loc_free_slot:299]: freeing slot 0
D/LocSvc_MsgTask( 890): D/MsgTask::loop() 114 listening ...
D/LocSvc_utils_q( 890): D/msg_q_rcv: Waiting on message
I/ ( 893): UStatus ua_sensors_light_disable(UASensorsLight*)():348
I/ ( 2933): UStatus ua_sensors_accelerometer_disable(UASensorsAccelerometer*)():509
I/LocSvc_eng( 890): I/===> int loc_eng_inject_location(loc_eng_data_s_type&, double, double, float) line 1791
D/LocSvc_utils_q( 890): D/msg_q_snd: Sending message with handle = 0xAE000960
D/LocSvc_utils_ll( 890): D/linked_list_add: Adding to list data_obj = 0xAE000960
D/LocSvc_utils_q( 890): D/msg_q_snd: Finished Sending message with handle = 0xAE000960
D/LocSvc_utils_ll( 890): D/linked_list_remove: Removing from list
D/LocSvc_utils_q( 890): D/msg_q_rcv: Received message 0xAE000960 rv = 0
D/LocSvc_ApiV02( 890): D/virtual loc_api_adapter_err LocApiV02::injectPosition(double, double, float):476]: Lat=29.718183, Lon=-95.380585, Acc=68.00
V/LocSvc_api_v02( 890): V/validateRequest:1355]: reqId = 57
V/LocSvc_api_v02( 890): V/validateRequest:1673]: reqId=57, len = 128
V/LocSvc_api_v02( 890): V/locClientSendReq:2110] sending reqId= 57, len = 128
I/LocSvc_api_v02( 890): I/---> locClientSendReq line 2116 QMI_LOC_INJECT_POSITION_REQ_V02
V/LocSvc_api_v02( 890): V/locClientSendReq:2127] qmi_client_send_msg_sync returned 0
V/LocSvc_api_v02( 890): V/convertQmiResponseToLocStatus:570]: result = 0, error = 0, status = 0
V/LocSvc_api_v02( 890): V/locClientIndCb:1164]: Indication: msg_id=57 buf_len=7 pCallbackData = 0xb3c00468
V/LocSvc_api_v02( 890): V/locClientGetSizeByRespIndId:2172]: resp ind Id 57 size = 4
V/LocSvc_api_v02( 890): V/locClientGetSizeAndTypeByIndId:485]: indId 57 is a resp size = 4
I/LocSvc_ApiV02( 890): I/<--- void globalRespCb(locClientHandleType, uint32_t, locClientRespIndUnionType, void*) line 102 QMI_LOC_INJECT_POSITION_REQ_V02
V/LocSvc_ApiV02( 890): V/void globalRespCb(locClientHandleType, uint32_t, locClientRespIndUnionType, void*):108] client = 0xb3c00468, resp id = 57, client cookie ptr = 0xb5219668
V/LocSvc_api_v02( 890): V/locClientGetSizeByRespIndId:2172]: resp ind Id 57 size = 4
D/LocSvc_api_v02( 890): D/loc_free_slot:299]: freeing slot 0
D/LocSvc_MsgTask( 890): D/MsgTask::loop() 115 listening ...
D/LocSvc_utils_q( 890): D/msg_q_rcv: Waiting on message
I/ ( 893): UStatus ua_sensors_light_enable(UASensorsLight*)():333
I/ ( 2933): UStatus ua_sensors_accelerometer_enable(UASensorsAccelerometer*)():494
I/ ( 2933): UStatus ua_sensors_accelerometer_set_event_rate(UASensorsAccelerometer*, uint32_t)():602
I/UpstartPropertyWatcher( 1267): Property changed: ril.ecclist=911,112
I/LocSvc_eng( 890): I/===> int loc_eng_inject_location(loc_eng_data_s_type&, double, double, float) line 1791
D/LocSvc_utils_q( 890): D/msg_q_snd: Sending message with handle = 0xAE000960
D/LocSvc_utils_ll( 890): D/linked_list_add: Adding to list data_obj = 0xAE000960
D/LocSvc_utils_q( 890): D/msg_q_snd: Finished Sending message with handle = 0xAE000960
D/LocSvc_utils_ll( 890): D/linked_list_remove: Removing from list
D/LocSvc_utils_q( 890): D/msg_q_rcv: Received message 0xAE000960 rv = 0
D/LocSvc_ApiV02( 890): D/virtual loc_api_adapter_err LocApiV02::injectPosition(double, double, float):476]: Lat=29.718183, Lon=-95.380585, Acc=68.00
V/LocSvc_api_v02( 890): V/validateRequest:1355]: reqId = 57
V/LocSvc_api_v02( 890): V/validateRequest:1673]: reqId=57, len = 128
V/LocSvc_api_v02( 890): V/locClientSendReq:2110] sending reqId= 57, len = 128
I/LocSvc_api_v02( 890): I/---> locClientSendReq line 2116 QMI_LOC_INJECT_POSITION_REQ_V02
V/LocSvc_api_v02( 890): V/locClientSendReq:2127] qmi_client_send_msg_sync returned 0
V/LocSvc_api_v02( 890): V/convertQmiResponseToLocStatus:570]: result = 0, error = 0, status = 0
V/LocSvc_api_v02( 890): V/locClientIndCb:1164]: Indication: msg_id=57 buf_len=7 pCallbackData = 0xb3c00468
V/LocSvc_api_v02( 890): V/locClientGetSizeByRespIndId:2172]: resp ind Id 57 size = 4
V/LocSvc_api_v02( 890): V/locClientGetSizeAndTypeByIndId:485]: indId 57 is a resp size = 4
I/LocSvc_ApiV02( 890): I/<--- void globalRespCb(locClientHandleType, uint32_t, locClientRespIndUnionType, void*) line 102 QMI_LOC_INJECT_POSITION_REQ_V02
V/LocSvc_ApiV02( 890): V/void globalRespCb(locClientHandleType, uint32_t, locClientRespIndUnionType, void*):108] client = 0xb3c00468, resp id = 57, client cookie ptr = 0xb5219668
V/LocSvc_api_v02( 890): V/locClientGetSizeByRespIndId:2172]: resp ind Id 57 size = 4
D/LocSvc_api_v02( 890): D/loc_free_slot:299]: freeing slot 0
D/LocSvc_MsgTask( 890): D/MsgTask::loop() 116 listening ...
D/LocSvc_utils_q( 890): D/msg_q_rcv: Waiting on message
I/ ( 893): UStatus ua_sensors_light_disable(UASensorsLight*)():348
I/LocSvc_eng( 890): I/===> int loc_eng_inject_location(loc_eng_data_s_type&, double, double, float) line 1791
D/LocSvc_utils_q( 890): D/msg_q_snd: Sending message with handle = 0xAE000960
D/LocSvc_utils_ll( 890): D/linked_list_add: Adding to list data_obj = 0xAE000960
D/LocSvc_utils_q( 890): D/msg_q_snd: Finished Sending message with handle = 0xAE000960
D/LocSvc_utils_ll( 890): D/linked_list_remove: Removing from list
D/LocSvc_utils_q( 890): D/msg_q_rcv: Received message 0xAE000960 rv = 0
D/LocSvc_ApiV02( 890): D/virtual loc_api_adapter_err LocApiV02::injectPosition(double, double, float):476]: Lat=29.718183, Lon=-95.380585, Acc=68.00
V/LocSvc_api_v02( 890): V/validateRequest:1355]: reqId = 57
V/LocSvc_api_v02( 890): V/validateRequest:1673]: reqId=57, len = 128
V/LocSvc_api_v02( 890): V/locClientSendReq:2110] sending reqId= 57, len = 128
I/LocSvc_api_v02( 890): I/---> locClientSendReq line 2116 QMI_LOC_INJECT_POSITION_REQ_V02
V/LocSvc_api_v02( 890): V/locClientSendReq:2127] qmi_client_send_msg_sync returned 0
V/LocSvc_api_v02( 890): V/convertQmiResponseToLocStatus:570]: result = 0, error = 0, status = 0
V/LocSvc_api_v02( 890): V/locClientIndCb:1164]: Indication: msg_id=57 buf_len=7 pCallbackData = 0xb3c00468
V/LocSvc_api_v02( 890): V/locClientGetSizeByRespIndId:2172]: resp ind Id 57 size = 4
V/LocSvc_api_v02( 890): V/locClientGetSizeAndTypeByIndId:485]: indId 57 is a resp size = 4
I/LocSvc_ApiV02( 890): I/<--- void globalRespCb(locClientHandleType, uint32_t, locClientRespIndUnionType, void*) line 102 QMI_LOC_INJECT_POSITION_REQ_V02
V/LocSvc_ApiV02( 890): V/void globalRespCb(locClientHandleType, uint32_t, locClientRespIndUnionType, void*):108] client = 0xb3c00468, resp id = 57, client cookie ptr = 0xb5219668
V/LocSvc_api_v02( 890): V/locClientGetSizeByRespIndId:2172]: resp ind Id 57 size = 4
D/LocSvc_api_v02( 890): D/loc_free_slot:299]: freeing slot 0
D/LocSvc_MsgTask( 890): D/MsgTask::loop() 117 listening ...
D/LocSvc_utils_q( 890): D/msg_q_rcv: Waiting on message
I/ ( 2933): UStatus ua_sensors_accelerometer_disable(UASensorsAccelerometer*)():509
I/LocSvc_eng( 890): I/===> int loc_eng_inject_location(loc_eng_data_s_type&, double, double, float) line 1791
D/LocSvc_utils_q( 890): D/msg_q_snd: Sending message with handle = 0xAE000960
D/LocSvc_utils_ll( 890): D/linked_list_add: Adding to list data_obj = 0xAE000960
D/LocSvc_utils_q( 890): D/msg_q_snd: Finished Sending message with handle = 0xAE000960
D/LocSvc_utils_ll( 890): D/linked_list_remove: Removing from list
D/LocSvc_utils_q( 890): D/msg_q_rcv: Received message 0xAE000960 rv = 0
D/LocSvc_ApiV02( 890): D/virtual loc_api_adapter_err LocApiV02::injectPosition(double, double, float):476]: Lat=29.718183, Lon=-95.380585, Acc=68.00
V/LocSvc_api_v02( 890): V/validateRequest:1355]: reqId = 57
V/LocSvc_api_v02( 890): V/validateRequest:1673]: reqId=57, len = 128
V/LocSvc_api_v02( 890): V/locClientSendReq:2110] sending reqId= 57, len = 128
I/LocSvc_api_v02( 890): I/---> locClientSendReq line 2116 QMI_LOC_INJECT_POSITION_REQ_V02
V/LocSvc_api_v02( 890): V/locClientSendReq:2127] qmi_client_send_msg_sync returned 0
V/LocSvc_api_v02( 890): V/convertQmiResponseToLocStatus:570]: result = 0, error = 0, status = 0
V/LocSvc_api_v02( 890): V/locClientIndCb:1164]: Indication: msg_id=57 buf_len=7 pCallbackData = 0xb3c00468
V/LocSvc_api_v02( 890): V/locClientGetSizeByRespIndId:2172]: resp ind Id 57 size = 4
V/LocSvc_api_v02( 890): V/locClientGetSizeAndTypeByIndId:485]: indId 57 is a resp size = 4
I/LocSvc_ApiV02( 890): I/<--- void globalRespCb(locClientHandleType, uint32_t, locClientRespIndUnionType, void*) line 102 QMI_LOC_INJECT_POSITION_REQ_V02
V/LocSvc_ApiV02( 890): V/void globalRespCb(locClientHandleType, uint32_t, locClientRespIndUnionType, void*):108] client = 0xb3c00468, resp id = 57, client cookie ptr = 0xb5219668
V/LocSvc_api_v02( 890): V/locClientGetSizeByRespIndId:2172]: resp ind Id 57 size = 4
D/LocSvc_api_v02( 890): D/loc_free_slot:299]: freeing slot 0
D/LocSvc_MsgTask( 890): D/MsgTask::loop() 118 listening ...
D/LocSvc_utils_q( 890): D/msg_q_rcv: Waiting on message