V/LocSvc_api_v02( 890): V/locClientGetSizeByRespIndId:2172]: resp ind Id 57 size = 4
V/LocSvc_api_v02( 890): V/locClientGetSizeAndTypeByIndId:485]: indId 57 is a resp size = 4
I/LocSvc_ApiV02( 890): I/<--- void globalRespCb(locClientHandleType, uint32_t, locClientRespIndUnionType, void*) line 102 QMI_LOC_INJECT_POSITION_REQ_V02
V/LocSvc_ApiV02( 890): V/void globalRespCb(locClientHandleType, uint32_t, locClientRespIndUnionType, void*):108] client = 0xb3c00468, resp id = 57, client cookie ptr = 0xb5219668
V/LocSvc_api_v02( 890): V/locClientGetSizeByRespIndId:2172]: resp ind Id 57 size = 4
D/LocSvc_api_v02( 890): D/loc_free_slot:299]: freeing slot 0
D/LocSvc_MsgTask( 890): D/MsgTask::loop() 84 listening ...
D/LocSvc_utils_q( 890): D/msg_q_rcv: Waiting on message
I/LocSvc_eng( 890): I/===> int loc_eng_inject_location(loc_eng_data_s_type&, double, double, float) line 1791
D/LocSvc_utils_q( 890): D/msg_q_snd: Sending message with handle = 0xAE0004C8
D/LocSvc_utils_ll( 890): D/linked_list_add: Adding to list data_obj = 0xAE0004C8
D/LocSvc_utils_q( 890): D/msg_q_snd: Finished Sending message with handle = 0xAE0004C8
D/LocSvc_utils_ll( 890): D/linked_list_remove: Removing from list
D/LocSvc_utils_q( 890): D/msg_q_rcv: Received message 0xAE0004C8 rv = 0
D/LocSvc_ApiV02( 890): D/virtual loc_api_adapter_err LocApiV02::injectPosition(double, double, float):476]: Lat=29.718177, Lon=-95.380600, Acc=80.00
V/LocSvc_api_v02( 890): V/validateRequest:1355]: reqId = 57
V/LocSvc_api_v02( 890): V/validateRequest:1673]: reqId=57, len = 128
V/LocSvc_api_v02( 890): V/locClientSendReq:2110] sending reqId= 57, len = 128
I/LocSvc_api_v02( 890): I/---> locClientSendReq line 2116 QMI_LOC_INJECT_POSITION_REQ_V02
V/LocSvc_api_v02( 890): V/locClientSendReq:2127] qmi_client_send_msg_sync returned 0
V/LocSvc_api_v02( 890): V/convertQmiResponseToLocStatus:570]: result = 0, error = 0, status = 0
V/LocSvc_api_v02( 890): V/locClientIndCb:1164]: Indication: msg_id=57 buf_len=7 pCallbackData = 0xb3c00468
V/LocSvc_api_v02( 890): V/locClientGetSizeByRespIndId:2172]: resp ind Id 57 size = 4
V/LocSvc_api_v02( 890): V/locClientGetSizeAndTypeByIndId:485]: indId 57 is a resp size = 4
I/LocSvc_ApiV02( 890): I/<--- void globalRespCb(locClientHandleType, uint32_t, locClientRespIndUnionType, void*) line 102 QMI_LOC_INJECT_POSITION_REQ_V02
V/LocSvc_ApiV02( 890): V/void globalRespCb(locClientHandleType, uint32_t, locClientRespIndUnionType, void*):108] client = 0xb3c00468, resp id = 57, client cookie ptr = 0xb5219668
V/LocSvc_api_v02( 890): V/locClientGetSizeByRespIndId:2172]: resp ind Id 57 size = 4
D/LocSvc_api_v02( 890): D/loc_free_slot:299]: freeing slot 0
D/LocSvc_MsgTask( 890): D/MsgTask::loop() 85 listening ...
D/LocSvc_utils_q( 890): D/msg_q_rcv: Waiting on message
I/ ( 893): UStatus ua_sensors_light_enable(UASensorsLight*)():333
I/ ( 2933): UStatus ua_sensors_accelerometer_enable(UASensorsAccelerometer*)():494
I/ ( 2933): UStatus ua_sensors_accelerometer_set_event_rate(UASensorsAccelerometer*, uint32_t)():602
I/UpstartPropertyWatcher( 1267): Property changed: ril.ecclist=911,112
I/LocSvc_eng( 890): I/===> int loc_eng_inject_location(loc_eng_data_s_type&, double, double, float) line 1791
D/LocSvc_utils_q( 890): D/msg_q_snd: Sending message with handle = 0xAE0004C8
D/LocSvc_utils_ll( 890): D/linked_list_add: Adding to list data_obj = 0xAE0004C8
D/LocSvc_utils_q( 890): D/msg_q_snd: Finished Sending message with handle = 0xAE0004C8
D/LocSvc_utils_ll( 890): D/linked_list_remove: Removing from list
D/LocSvc_utils_q( 890): D/msg_q_rcv: Received message 0xAE0004C8 rv = 0
D/LocSvc_ApiV02( 890): D/virtual loc_api_adapter_err LocApiV02::injectPosition(double, double, float):476]: Lat=29.718175, Lon=-95.380598, Acc=77.00
V/LocSvc_api_v02( 890): V/validateRequest:1355]: reqId = 57
V/LocSvc_api_v02( 890): V/validateRequest:1673]: reqId=57, len = 128
V/LocSvc_api_v02( 890): V/locClientSendReq:2110] sending reqId= 57, len = 128
I/LocSvc_api_v02( 890): I/---> locClientSendReq line 2116 QMI_LOC_INJECT_POSITION_REQ_V02
V/LocSvc_api_v02( 890): V/locClientSendReq:2127] qmi_client_send_msg_sync returned 0
V/LocSvc_api_v02( 890): V/convertQmiResponseToLocStatus:570]: result = 0, error = 0, status = 0
V/LocSvc_api_v02( 890): V/locClientIndCb:1164]: Indication: msg_id=57 buf_len=7 pCallbackData = 0xb3c00468
V/LocSvc_api_v02( 890): V/locClientGetSizeByRespIndId:2172]: resp ind Id 57 size = 4
V/LocSvc_api_v02( 890): V/locClientGetSizeAndTypeByIndId:485]: indId 57 is a resp size = 4
I/LocSvc_ApiV02( 890): I/<--- void globalRespCb(locClientHandleType, uint32_t, locClientRespIndUnionType, void*) line 102 QMI_LOC_INJECT_POSITION_REQ_V02
V/LocSvc_ApiV02( 890): V/void globalRespCb(locClientHandleType, uint32_t, locClientRespIndUnionType, void*):108] client = 0xb3c00468, resp id = 57, client cookie ptr = 0xb5219668
V/LocSvc_api_v02( 890): V/locClientGetSizeByRespIndId:2172]: resp ind Id 57 size = 4
D/LocSvc_api_v02( 890): D/loc_free_slot:299]: freeing slot 0
D/LocSvc_MsgTask( 890): D/MsgTask::loop() 86 listening ...
D/LocSvc_utils_q( 890): D/msg_q_rcv: Waiting on message
I/ ( 893): UStatus ua_sensors_light_disable(UASensorsLight*)():348
I/LocSvc_eng( 890): I/===> int loc_eng_inject_location(loc_eng_data_s_type&, double, double, float) line 1791
D/LocSvc_utils_q( 890): D/msg_q_snd: Sending message with handle = 0xAE0004C8
D/LocSvc_utils_ll( 890): D/linked_list_add: Adding to list data_obj = 0xAE0004C8
D/LocSvc_utils_q( 890): D/msg_q_snd: Finished Sending message with handle = 0xAE0004C8
D/LocSvc_utils_ll( 890): D/linked_list_remove: Removing from list
D/LocSvc_utils_q( 890): D/msg_q_rcv: Received message 0xAE0004C8 rv = 0
D/LocSvc_ApiV02( 890): D/virtual loc_api_adapter_err LocApiV02::injectPosition(double, double, float):476]: Lat=29.718175, Lon=-95.380598, Acc=77.00
V/LocSvc_api_v02( 890): V/validateRequest:1355]: reqId = 57
V/LocSvc_api_v02( 890): V/validateRequest:1673]: reqId=57, len = 128
V/LocSvc_api_v02( 890): V/locClientSendReq:2110] sending reqId= 57, len = 128
I/LocSvc_api_v02( 890): I/---> locClientSendReq line 2116 QMI_LOC_INJECT_POSITION_REQ_V02
V/LocSvc_api_v02( 890): V/locClientIndCb:1164]: Indication: msg_id=57 buf_len=7 pCallbackData = 0xb3c00468
V/LocSvc_api_v02( 890): V/locClientGetSizeByRespIndId:2172]: resp ind Id 57 size = 4
V/LocSvc_api_v02( 890): V/locClientGetSizeAndTypeByIndId:485]: indId 57 is a resp size = 4
I/LocSvc_ApiV02( 890): I/<--- void globalRespCb(locClientHandleType, uint32_t, locClientRespIndUnionType, void*) line 102 QMI_LOC_INJECT_POSITION_REQ_V02
V/LocSvc_ApiV02( 890): V/void globalRespCb(locClientHandleType, uint32_t, locClientRespIndUnionType, void*):108] client = 0xb3c00468, resp id = 57, client cookie ptr = 0xb5219668
V/LocSvc_api_v02( 890): V/locClientGetSizeByRespIndId:2172]: resp ind Id 57 size = 4
V/LocSvc_api_v02( 890): V/locClientSendReq:2127] qmi_client_send_msg_sync returned 0
V/LocSvc_api_v02( 890): V/convertQmiResponseToLocStatus:570]: result = 0, error = 0, status = 0
D/LocSvc_api_v02( 890): D/loc_free_slot:299]: freeing slot 0
D/LocSvc_MsgTask( 890): D/MsgTask::loop() 87 listening ...
D/LocSvc_utils_q( 890): D/msg_q_rcv: Waiting on message
I/ ( 2933): UStatus ua_sensors_accelerometer_disable(UASensorsAccelerometer*)():509
I/LocSvc_eng( 890): I/===> int loc_eng_inject_location(loc_eng_data_s_type&, double, double, float) line 1791
D/LocSvc_utils_q( 890): D/msg_q_snd: Sending message with handle = 0xAE0004C8
D/LocSvc_utils_ll( 890): D/linked_list_add: Adding to list data_obj = 0xAE0004C8
D/LocSvc_utils_q( 890): D/msg_q_snd: Finished Sending message with handle = 0xAE0004C8
D/LocSvc_utils_ll( 890): D/linked_list_remove: Removing from list
D/LocSvc_utils_q( 890): D/msg_q_rcv: Received message 0xAE0004C8 rv = 0
D/LocSvc_ApiV02( 890): D/virtual loc_api_adapter_err LocApiV02::injectPosition(double, double, float):476]: Lat=29.718175, Lon=-95.380598, Acc=77.00
V/LocSvc_api_v02( 890): V/validateRequest:1355]: reqId = 57
V/LocSvc_api_v02( 890): V/validateRequest:1673]: reqId=57, len = 128
V/LocSvc_api_v02( 890): V/locClientSendReq:2110] sending reqId= 57, len = 128
I/LocSvc_api_v02( 890): I/---> locClientSendReq line 2116 QMI_LOC_INJECT_POSITION_REQ_V02
V/LocSvc_api_v02( 890): V/locClientSendReq:2127] qmi_client_send_msg_sync returned 0
V/LocSvc_api_v02( 890): V/convertQmiResponseToLocStatus:570]: result = 0, error = 0, status = 0
V/LocSvc_api_v02( 890): V/locClientIndCb:1164]: Indication: msg_id=57 buf_len=7 pCallbackData = 0xb3c00468
V/LocSvc_api_v02( 890): V/locClientGetSizeByRespIndId:2172]: resp ind Id 57 size = 4
V/LocSvc_api_v02( 890): V/locClientGetSizeAndTypeByIndId:485]: indId 57 is a resp size = 4
I/LocSvc_ApiV02( 890): I/<--- void globalRespCb(locClientHandleType, uint32_t, locClientRespIndUnionType, void*) line 102 QMI_LOC_INJECT_POSITION_REQ_V02
V/LocSvc_ApiV02( 890): V/void globalRespCb(locClientHandleType, uint32_t, locClientRespIndUnionType, void*):108] client = 0xb3c00468, resp id = 57, client cookie ptr = 0xb5219668
V/LocSvc_api_v02( 890): V/locClientGetSizeByRespIndId:2172]: resp ind Id 57 size = 4
D/LocSvc_api_v02( 890): D/loc_free_slot:299]: freeing slot 0
D/LocSvc_MsgTask( 890): D/MsgTask::loop() 88 listening ...
D/LocSvc_utils_q( 890): D/msg_q_rcv: Waiting on message
I/LocSvc_eng( 890): I/===> int loc_eng_inject_location(loc_eng_data_s_type&, double, double, float) line 1791
D/LocSvc_utils_q( 890): D/msg_q_snd: Sending message with handle = 0xAE0004C8
D/LocSvc_utils_ll( 890): D/linked_list_add: Adding to list data_obj = 0xAE0004C8
D/LocSvc_utils_q( 890): D/msg_q_snd: Finished Sending message with handle = 0xAE0004C8
D/LocSvc_utils_ll( 890): D/linked_list_remove: Removing from list
D/LocSvc_utils_q( 890): D/msg_q_rcv: Received message 0xAE0004C8 rv = 0
D/LocSvc_ApiV02( 890): D/virtual loc_api_adapter_err LocApiV02::injectPosition(double, double, float):476]: Lat=29.718175, Lon=-95.380598, Acc=77.00
V/LocSvc_api_v02( 890): V/validateRequest:1355]: reqId = 57
V/LocSvc_api_v02( 890): V/validateRequest:1673]: reqId=57, len = 128
V/LocSvc_api_v02( 890): V/locClientSendReq:2110] sending reqId= 57, len = 128
I/LocSvc_api_v02( 890): I/---> locClientSendReq line 2116 QMI_LOC_INJECT_POSITION_REQ_V02
V/LocSvc_api_v02( 890): V/locClientSendReq:2127] qmi_client_send_msg_sync returned 0
V/LocSvc_api_v02( 890): V/convertQmiResponseToLocStatus:570]: result = 0, error = 0, status = 0
V/LocSvc_api_v02( 890): V/locClientIndCb:1164]: Indication: msg_id=57 buf_len=7 pCallbackData = 0xb3c00468
V/LocSvc_api_v02( 890): V/locClientGetSizeByRespIndId:2172]: resp ind Id 57 size = 4
V/LocSvc_api_v02( 890): V/locClientGetSizeAndTypeByIndId:485]: indId 57 is a resp size = 4
I/LocSvc_ApiV02( 890): I/<--- void globalRespCb(locClientHandleType, uint32_t, locClientRespIndUnionType, void*) line 102 QMI_LOC_INJECT_POSITION_REQ_V02
V/LocSvc_ApiV02( 890): V/void globalRespCb(locClientHandleType, uint32_t, locClientRespIndUnionType, void*):108] client = 0xb3c00468, resp id = 57, client cookie ptr = 0xb5219668
V/LocSvc_api_v02( 890): V/locClientGetSizeByRespIndId:2172]: resp ind Id 57 size = 4
D/LocSvc_api_v02( 890): D/loc_free_slot:299]: freeing slot 0
D/LocSvc_MsgTask( 890): D/MsgTask::loop() 89 listening ...
D/LocSvc_utils_q( 890): D/msg_q_rcv: Waiting on message
I/LocSvc_eng( 890): I/===> int loc_eng_inject_location(loc_eng_data_s_type&, double, double, float) line 1791
D/LocSvc_utils_q( 890): D/msg_q_snd: Sending message with handle = 0xAE0004C8
D/LocSvc_utils_ll( 890): D/linked_list_add: Adding to list data_obj = 0xAE0004C8
D/LocSvc_utils_q( 890): D/msg_q_snd: Finished Sending message with handle = 0xAE0004C8
D/LocSvc_utils_ll( 890): D/linked_list_remove: Removing from list
D/LocSvc_utils_q( 890): D/msg_q_rcv: Received message 0xAE0004C8 rv = 0
D/LocSvc_ApiV02( 890): D/virtual loc_api_adapter_err LocApiV02::injectPosition(double, double, float):476]: Lat=29.718172, Lon=-95.380593, Acc=79.00
V/LocSvc_api_v02( 890): V/validateRequest:1355]: reqId = 57
V/LocSvc_api_v02( 890): V/validateRequest:1673]: reqId=57, len = 128
V/LocSvc_api_v02( 890): V/locClientSendReq:2110] sending reqId= 57, len = 128
I/LocSvc_api_v02( 890): I/---> locClientSendReq line 2116 QMI_LOC_INJECT_POSITION_REQ_V02
V/LocSvc_api_v02( 890): V/locClientSendReq:2127] qmi_client_send_msg_sync returned 0
V/LocSvc_api_v02( 890): V/convertQmiResponseToLocStatus:570]: result = 0, error = 0, status = 0
V/LocSvc_api_v02( 890): V/locClientIndCb:1164]: Indication: msg_id=57 buf_len=7 pCallbackData = 0xb3c00468
V/LocSvc_api_v02( 890): V/locClientGetSizeByRespIndId:2172]: resp ind Id 57 size = 4
V/LocSvc_api_v02( 890): V/locClientGetSizeAndTypeByIndId:485]: indId 57 is a resp size = 4
I/LocSvc_ApiV02( 890): I/<--- void globalRespCb(locClientHandleType, uint32_t, locClientRespIndUnionType, void*) line 102 QMI_LOC_INJECT_POSITION_REQ_V02
V/LocSvc_ApiV02( 890): V/void globalRespCb(locClientHandleType, uint32_t, locClientRespIndUnionType, void*):108] client = 0xb3c00468, resp id = 57, client cookie ptr = 0xb5219668
V/LocSvc_api_v02( 890): V/locClientGetSizeByRespIndId:2172]: resp ind Id 57 size = 4
D/LocSvc_api_v02( 890): D/loc_free_slot:299]: freeing slot 0
D/LocSvc_MsgTask( 890): D/MsgTask::loop() 90 listening ...
D/LocSvc_utils_q( 890): D/msg_q_rcv: Waiting on message
I/LocSvc_eng( 890): I/===> int loc_eng_inject_location(loc_eng_data_s_type&, double, double, float) line 1791
D/LocSvc_utils_q( 890): D/msg_q_snd: Sending message with handle = 0xAE0004C8
D/LocSvc_utils_ll( 890): D/linked_list_add: Adding to list data_obj = 0xAE0004C8
D/LocSvc_utils_q( 890): D/msg_q_snd: Finished Sending message with handle = 0xAE0004C8
D/LocSvc_utils_ll( 890): D/linked_list_remove: Removing from list
D/LocSvc_utils_q( 890): D/msg_q_rcv: Received message 0xAE0004C8 rv = 0
D/LocSvc_ApiV02( 890): D/virtual loc_api_adapter_err LocApiV02::injectPosition(double, double, float):476]: Lat=29.718174, Lon=-95.380597, Acc=79.00
V/LocSvc_api_v02( 890): V/validateRequest:1355]: reqId = 57
V/LocSvc_api_v02( 890): V/validateRequest:1673]: reqId=57, len = 128
V/LocSvc_api_v02( 890): V/locClientSendReq:2110] sending reqId= 57, len = 128
I/LocSvc_api_v02( 890): I/---> locClientSendReq line 2116 QMI_LOC_INJECT_POSITION_REQ_V02
V/LocSvc_api_v02( 890): V/locClientSendReq:2127] qmi_client_send_msg_sync returned 0
V/LocSvc_api_v02( 890): V/convertQmiResponseToLocStatus:570]: result = 0, error = 0, status = 0
V/LocSvc_api_v02( 890): V/locClientIndCb:1164]: Indication: msg_id=57 buf_len=7 pCallbackData = 0xb3c00468
V/LocSvc_api_v02( 890): V/locClientGetSizeByRespIndId:2172]: resp ind Id 57 size = 4
V/LocSvc_api_v02( 890): V/locClientGetSizeAndTypeByIndId:485]: indId 57 is a resp size = 4
I/LocSvc_ApiV02( 890): I/<--- void globalRespCb(locClientHandleType, uint32_t, locClientRespIndUnionType, void*) line 102 QMI_LOC_INJECT_POSITION_REQ_V02
V/LocSvc_ApiV02( 890): V/void globalRespCb(locClientHandleType, uint32_t, locClientRespIndUnionType, void*):108] client = 0xb3c00468, resp id = 57, client cookie ptr = 0xb5219668
V/LocSvc_api_v02( 890): V/locClientGetSizeByRespIndId:2172]: resp ind Id 57 size = 4
D/LocSvc_api_v02( 890): D/loc_free_slot:299]: freeing slot 0
D/LocSvc_MsgTask( 890): D/MsgTask::loop() 91 listening ...
D/LocSvc_utils_q( 890): D/msg_q_rcv: Waiting on message
I/LocSvc_eng( 890): I/===> int loc_eng_inject_location(loc_eng_data_s_type&, double, double, float) line 1791
D/LocSvc_utils_q( 890): D/msg_q_snd: Sending message with handle = 0xAE0004C8
D/LocSvc_utils_ll( 890): D/linked_list_add: Adding to list data_obj = 0xAE0004C8
D/LocSvc_utils_q( 890): D/msg_q_snd: Finished Sending message with handle = 0xAE0004C8
D/LocSvc_utils_ll( 890): D/linked_list_remove: Removing from list
D/LocSvc_utils_q( 890): D/msg_q_rcv: Received message 0xAE0004C8 rv = 0
D/LocSvc_ApiV02( 890): D/virtual loc_api_adapter_err LocApiV02::injectPosition(double, double, float):476]: Lat=29.718174, Lon=-95.380597, Acc=79.00
V/LocSvc_api_v02( 890): V/validateRequest:1355]: reqId = 57
V/LocSvc_api_v02( 890): V/validateRequest:1673]: reqId=57, len = 128
V/LocSvc_api_v02( 890): V/locClientSendReq:2110] sending reqId= 57, len = 128
I/LocSvc_api_v02( 890): I/---> locClientSendReq line 2116 QMI_LOC_INJECT_POSITION_REQ_V02
V/LocSvc_api_v02( 890): V/locClientSendReq:2127] qmi_client_send_msg_sync returned 0
V/LocSvc_api_v02( 890): V/convertQmiResponseToLocStatus:570]: result = 0, error = 0, status = 0
V/LocSvc_api_v02( 890): V/locClientIndCb:1164]: Indication: msg_id=57 buf_len=7 pCallbackData = 0xb3c00468
V/LocSvc_api_v02( 890): V/locClientGetSizeByRespIndId:2172]: resp ind Id 57 size = 4
V/LocSvc_api_v02( 890): V/locClientGetSizeAndTypeByIndId:485]: indId 57 is a resp size = 4
I/LocSvc_ApiV02( 890): I/<--- void globalRespCb(locClientHandleType, uint32_t, locClientRespIndUnionType, void*) line 102 QMI_LOC_INJECT_POSITION_REQ_V02
V/LocSvc_ApiV02( 890): V/void globalRespCb(locClientHandleType, uint32_t, locClientRespIndUnionType, void*):108] client = 0xb3c00468, resp id = 57, client cookie ptr = 0xb5219668
V/LocSvc_api_v02( 890): V/locClientGetSizeByRespIndId:2172]: resp ind Id 57 size = 4
D/LocSvc_api_v02( 890): D/loc_free_slot:299]: freeing slot 0
D/LocSvc_MsgTask( 890): D/MsgTask::loop() 92 listening ...
D/LocSvc_utils_q( 890): D/msg_q_rcv: Waiting on message
I/LocSvc_eng( 890): I/===> int loc_eng_inject_location(loc_eng_data_s_type&, double, double, float) line 1791
D/LocSvc_utils_q( 890): D/msg_q_snd: Sending message with handle = 0xAE0004C8
D/LocSvc_utils_ll( 890): D/linked_list_add: Adding to list data_obj = 0xAE0004C8
D/LocSvc_utils_q( 890): D/msg_q_snd: Finished Sending message with handle = 0xAE0004C8
D/LocSvc_utils_ll( 890): D/linked_list_remove: Removing from list
D/LocSvc_utils_q( 890): D/msg_q_rcv: Received message 0xAE0004C8 rv = 0
D/LocSvc_ApiV02( 890): D/virtual loc_api_adapter_err LocApiV02::injectPosition(double, double, float):476]: Lat=29.718173, Lon=-95.380597, Acc=78.00
V/LocSvc_api_v02( 890): V/validateRequest:1355]: reqId = 57
V/LocSvc_api_v02( 890): V/validateRequest:1673]: reqId=57, len = 128
V/LocSvc_api_v02( 890): V/locClientSendReq:2110] sending reqId= 57, len = 128
I/LocSvc_api_v02( 890): I/---> locClientSendReq line 2116 QMI_LOC_INJECT_POSITION_REQ_V02
V/LocSvc_api_v02( 890): V/locClientSendReq:2127] qmi_client_send_msg_sync returned 0
V/LocSvc_api_v02( 890): V/convertQmiResponseToLocStatus:570]: result = 0, error = 0, status = 0
V/LocSvc_api_v02( 890): V/locClientIndCb:1164]: Indication: msg_id=57 buf_len=7 pCallbackData = 0xb3c00468
V/LocSvc_api_v02( 890): V/locClientGetSizeByRespIndId:2172]: resp ind Id 57 size = 4
V/LocSvc_api_v02( 890): V/locClientGetSizeAndTypeByIndId:485]: indId 57 is a resp size = 4
I/LocSvc_ApiV02( 890): I/<--- void globalRespCb(locClientHandleType, uint32_t, locClientRespIndUnionType, void*) line 102 QMI_LOC_INJECT_POSITION_REQ_V02
V/LocSvc_ApiV02( 890): V/void globalRespCb(locClientHandleType, uint32_t, locClientRespIndUnionType, void*):108] client = 0xb3c00468, resp id = 57, client cookie ptr = 0xb5219668
V/LocSvc_api_v02( 890): V/locClientGetSizeByRespIndId:2172]: resp ind Id 57 size = 4
D/LocSvc_api_v02( 890): D/loc_free_slot:299]: freeing slot 0
D/LocSvc_MsgTask( 890): D/MsgTask::loop() 93 listening ...
D/LocSvc_utils_q( 890): D/msg_q_rcv: Waiting on message
I/LocSvc_eng( 890): I/===> int loc_eng_inject_location(loc_eng_data_s_type&, double, double, float) line 1791
D/LocSvc_utils_q( 890): D/msg_q_snd: Sending message with handle = 0xAE000960
D/LocSvc_utils_ll( 890): D/linked_list_add: Adding to list data_obj = 0xAE000960
D/LocSvc_utils_q( 890): D/msg_q_snd: Finished Sending message with handle = 0xAE000960
D/LocSvc_utils_ll( 890): D/linked_list_remove: Removing from list
D/LocSvc_utils_q( 890): D/msg_q_rcv: Received message 0xAE000960 rv = 0
D/LocSvc_ApiV02( 890): D/virtual loc_api_adapter_err LocApiV02::injectPosition(double, double, float):476]: Lat=29.718174, Lon=-95.380597, Acc=72.00
V/LocSvc_api_v02( 890): V/validateRequest:1355]: reqId = 57
V/LocSvc_api_v02( 890): V/validateRequest:1673]: reqId=57, len = 128
V/LocSvc_api_v02( 890): V/locClientSendReq:2110] sending reqId= 57, len = 128
I/LocSvc_api_v02( 890): I/---> locClientSendReq line 2116 QMI_LOC_INJECT_POSITION_REQ_V02
V/LocSvc_api_v02( 890): V/locClientSendReq:2127] qmi_client_send_msg_sync returned 0
V/LocSvc_api_v02( 890): V/convertQmiResponseToLocStatus:570]: result = 0, error = 0, status = 0
V/LocSvc_api_v02( 890): V/locClientIndCb:1164]: Indication: msg_id=57 buf_len=7 pCallbackData = 0xb3c00468
V/LocSvc_api_v02( 890): V/locClientGetSizeByRespIndId:2172]: resp ind Id 57 size = 4
V/LocSvc_api_v02( 890): V/locClientGetSizeAndTypeByIndId:485]: indId 57 is a resp size = 4
I/LocSvc_ApiV02( 890): I/<--- void globalRespCb(locClientHandleType, uint32_t, locClientRespIndUnionType, void*) line 102 QMI_LOC_INJECT_POSITION_REQ_V02
V/LocSvc_ApiV02( 890): V/void globalRespCb(locClientHandleType, uint32_t, locClientRespIndUnionType, void*):108] client = 0xb3c00468, resp id = 57, client cookie ptr = 0xb5219668
V/LocSvc_api_v02( 890): V/locClientGetSizeByRespIndId:2172]: resp ind Id 57 size = 4
D/LocSvc_api_v02( 890): D/loc_free_slot:299]: freeing slot 0
D/LocSvc_MsgTask( 890): D/MsgTask::loop() 94 listening ...
D/LocSvc_utils_q( 890): D/msg_q_rcv: Waiting on message
I/LocSvc_eng( 890): I/===> int loc_eng_inject_location(loc_eng_data_s_type&, double, double, float) line 1791
D/LocSvc_utils_q( 890): D/msg_q_snd: Sending message with handle = 0xAE000960
D/LocSvc_utils_ll( 890): D/linked_list_add: Adding to list data_obj = 0xAE000960
D/LocSvc_utils_q( 890): D/msg_q_snd: Finished Sending message with handle = 0xAE000960
D/LocSvc_utils_ll( 890): D/linked_list_remove: Removing from list
D/LocSvc_utils_q( 890): D/msg_q_rcv: Received message 0xAE000960 rv = 0
D/LocSvc_ApiV02( 890): D/virtual loc_api_adapter_err LocApiV02::injectPosition(double, double, float):476]: Lat=29.718175, Lon=-95.380597, Acc=71.00
V/LocSvc_api_v02( 890): V/validateRequest:1355]: reqId = 57
V/LocSvc_api_v02( 890): V/validateRequest:1673]: reqId=57, len = 128
V/LocSvc_api_v02( 890): V/locClientSendReq:2110] sending reqId= 57, len = 128
I/LocSvc_api_v02( 890): I/---> locClientSendReq line 2116 QMI_LOC_INJECT_POSITION_REQ_V02
V/LocSvc_api_v02( 890): V/locClientSendReq:2127] qmi_client_send_msg_sync returned 0
V/LocSvc_api_v02( 890): V/convertQmiResponseToLocStatus:570]: result = 0, error = 0, status = 0
V/LocSvc_api_v02( 890): V/locClientIndCb:1164]: Indication: msg_id=57 buf_len=7 pCallbackData = 0xb3c00468
V/LocSvc_api_v02( 890): V/locClientGetSizeByRespIndId:2172]: resp ind Id 57 size = 4
V/LocSvc_api_v02( 890): V/locClientGetSizeAndTypeByIndId:485]: indId 57 is a resp size = 4
I/LocSvc_ApiV02( 890): I/<--- void globalRespCb(locClientHandleType, uint32_t, locClientRespIndUnionType, void*) line 102 QMI_LOC_INJECT_POSITION_REQ_V02
V/LocSvc_ApiV02( 890): V/void globalRespCb(locClientHandleType, uint32_t, locClientRespIndUnionType, void*):108] client = 0xb3c00468, resp id = 57, client cookie ptr = 0xb5219668
V/LocSvc_api_v02( 890): V/locClientGetSizeByRespIndId:2172]: resp ind Id 57 size = 4
D/LocSvc_api_v02( 890): D/loc_free_slot:299]: freeing slot 0
D/LocSvc_MsgTask( 890): D/MsgTask::loop() 95 listening ...
D/LocSvc_utils_q( 890): D/msg_q_rcv: Waiting on message
I/ ( 893): UStatus ua_sensors_light_enable(UASensorsLight*)():333
I/ ( 2933): UStatus ua_sensors_accelerometer_enable(UASensorsAccelerometer*)():494
I/ ( 2933): UStatus ua_sensors_accelerometer_set_event_rate(UASensorsAccelerometer*, uint32_t)():602
I/UpstartPropertyWatcher( 1267): Property changed: ril.ecclist=911,112
I/LocSvc_eng( 890): I/===> int loc_eng_inject_location(loc_eng_data_s_type&, double, double, float) line 1791
D/LocSvc_utils_q( 890): D/msg_q_snd: Sending message with handle = 0xAE000960
D/LocSvc_utils_ll( 890): D/linked_list_add: Adding to list data_obj = 0xAE000960
D/LocSvc_utils_q( 890): D/msg_q_snd: Finished Sending message with handle = 0xAE000960
D/LocSvc_utils_ll( 890): D/linked_list_remove: Removing from list
D/LocSvc_utils_q( 890): D/msg_q_rcv: Received message 0xAE000960 rv = 0
D/LocSvc_ApiV02( 890): D/virtual loc_api_adapter_err LocApiV02::injectPosition(double, double, float):476]: Lat=29.718175, Lon=-95.380597, Acc=71.00
V/LocSvc_api_v02( 890): V/validateRequest:1355]: reqId = 57
V/LocSvc_api_v02( 890): V/validateRequest:1673]: reqId=57, len = 128
V/LocSvc_api_v02( 890): V/locClientSendReq:2110] sending reqId= 57, len = 128
I/LocSvc_api_v02( 890): I/---> locClientSendReq line 2116 QMI_LOC_INJECT_POSITION_REQ_V02
V/LocSvc_api_v02( 890): V/locClientSendReq:2127] qmi_client_send_msg_sync returned 0
V/LocSvc_api_v02( 890): V/convertQmiResponseToLocStatus:570]: result = 0, error = 0, status = 0
V/LocSvc_api_v02( 890): V/locClientIndCb:1164]: Indication: msg_id=57 buf_len=7 pCallbackData = 0xb3c00468
V/LocSvc_api_v02( 890): V/locClientGetSizeByRespIndId:2172]: resp ind Id 57 size = 4
V/LocSvc_api_v02( 890): V/locClientGetSizeAndTypeByIndId:485]: indId 57 is a resp size = 4
I/LocSvc_ApiV02( 890): I/<--- void globalRespCb(locClientHandleType, uint32_t, locClientRespIndUnionType, void*) line 102 QMI_LOC_INJECT_POSITION_REQ_V02
V/LocSvc_ApiV02( 890): V/void globalRespCb(locClientHandleType, uint32_t, locClientRespIndUnionType, void*):108] client = 0xb3c00468, resp id = 57, client cookie ptr = 0xb5219668
V/LocSvc_api_v02( 890): V/locClientGetSizeByRespIndId:2172]: resp ind Id 57 size = 4
D/LocSvc_api_v02( 890): D/loc_free_slot:299]: freeing slot 0
D/LocSvc_MsgTask( 890): D/MsgTask::loop() 96 listening ...
D/LocSvc_utils_q( 890): D/msg_q_rcv: Waiting on message
I/LocSvc_eng( 890): I/===> int loc_eng_inject_location(loc_eng_data_s_type&, double, double, float) line 1791
D/LocSvc_utils_q( 890): D/msg_q_snd: Sending message with handle = 0xAE000960
D/LocSvc_utils_ll( 890): D/linked_list_add: Adding to list data_obj = 0xAE000960
D/LocSvc_utils_q( 890): D/msg_q_snd: Finished Sending message with handle = 0xAE000960
D/LocSvc_utils_ll( 890): D/linked_list_remove: Removing from list
D/LocSvc_utils_q( 890): D/msg_q_rcv: Received message 0xAE000960 rv = 0
D/LocSvc_ApiV02( 890): D/virtual loc_api_adapter_err LocApiV02::injectPosition(double, double, float):476]: Lat=29.718172, Lon=-95.380594, Acc=69.00
V/LocSvc_api_v02( 890): V/validateRequest:1355]: reqId = 57
V/LocSvc_api_v02( 890): V/validateRequest:1673]: reqId=57, len = 128
V/LocSvc_api_v02( 890): V/locClientSendReq:2110] sending reqId= 57, len = 128
I/LocSvc_api_v02( 890): I/---> locClientSendReq line 2116 QMI_LOC_INJECT_POSITION_REQ_V02
V/LocSvc_api_v02( 890): V/locClientSendReq:2127] qmi_client_send_msg_sync returned 0
V/LocSvc_api_v02( 890): V/convertQmiResponseToLocStatus:570]: result = 0, error = 0, status = 0
V/LocSvc_api_v02( 890): V/locClientIndCb:1164]: Indication: msg_id=57 buf_len=7 pCallbackData = 0xb3c00468
V/LocSvc_api_v02( 890): V/locClientGetSizeByRespIndId:2172]: resp ind Id 57 size = 4
V/LocSvc_api_v02( 890): V/locClientGetSizeAndTypeByIndId:485]: indId 57 is a resp size = 4
I/LocSvc_ApiV02( 890): I/<--- void globalRespCb(locClientHandleType, uint32_t, locClientRespIndUnionType, void*) line 102 QMI_LOC_INJECT_POSITION_REQ_V02
V/LocSvc_ApiV02( 890): V/void globalRespCb(locClientHandleType, uint32_t, locClientRespIndUnionType, void*):108] client = 0xb3c00468, resp id = 57, client cookie ptr = 0xb5219668
V/LocSvc_api_v02( 890): V/locClientGetSizeByRespIndId:2172]: resp ind Id 57 size = 4
D/LocSvc_api_v02( 890): D/loc_free_slot:299]: freeing slot 0
D/LocSvc_MsgTask( 890): D/MsgTask::loop() 97 listening ...
D/LocSvc_utils_q( 890): D/msg_q_rcv: Waiting on message
I/ ( 893): UStatus ua_sensors_light_disable(UASensorsLight*)():348
I/LocSvc_eng( 890): I/===> int loc_eng_inject_location(loc_eng_data_s_type&, double, double, float) line 1791
D/LocSvc_utils_q( 890): D/msg_q_snd: Sending message with handle = 0xAE000960
D/LocSvc_utils_ll( 890): D/linked_list_add: Adding to list data_obj = 0xAE000960
D/LocSvc_utils_q( 890): D/msg_q_snd: Finished Sending message with handle = 0xAE000960
D/LocSvc_utils_ll( 890): D/linked_list_remove: Removing from list
D/LocSvc_utils_q( 890): D/msg_q_rcv: Received message 0xAE000960 rv = 0
D/LocSvc_ApiV02( 890): D/virtual loc_api_adapter_err LocApiV02::injectPosition(double, double, float):476]: Lat=29.718172, Lon=-95.380594, Acc=69.00
V/LocSvc_api_v02( 890): V/validateRequest:1355]: reqId = 57
V/LocSvc_api_v02( 890): V/validateRequest:1673]: reqId=57, len = 128
V/LocSvc_api_v02( 890): V/locClientSendReq:2110] sending reqId= 57, len = 128
I/LocSvc_api_v02( 890): I/---> locClientSendReq line 2116 QMI_LOC_INJECT_POSITION_REQ_V02
V/LocSvc_api_v02( 890): V/locClientSendReq:2127] qmi_client_send_msg_sync returned 0
V/LocSvc_api_v02( 890): V/convertQmiResponseToLocStatus:570]: result = 0, error = 0, status = 0
V/LocSvc_api_v02( 890): V/locClientIndCb:1164]: Indication: msg_id=57 buf_len=7 pCallbackData = 0xb3c00468
V/LocSvc_api_v02( 890): V/locClientGetSizeByRespIndId:2172]: resp ind Id 57 size = 4
V/LocSvc_api_v02( 890): V/locClientGetSizeAndTypeByIndId:485]: indId 57 is a resp size = 4
I/LocSvc_ApiV02( 890): I/<--- void globalRespCb(locClientHandleType, uint32_t, locClientRespIndUnionType, void*) line 102 QMI_LOC_INJECT_POSITION_REQ_V02
V/LocSvc_ApiV02( 890): V/void globalRespCb(locClientHandleType, uint32_t, locClientRespIndUnionType, void*):108] client = 0xb3c00468, resp id = 57, client cookie ptr = 0xb5219668
V/LocSvc_api_v02( 890): V/locClientGetSizeByRespIndId:2172]: resp ind Id 57 size = 4
D/LocSvc_api_v02( 890): D/loc_free_slot:299]: freeing slot 0
D/LocSvc_MsgTask( 890): D/MsgTask::loop() 98 listening ...
D/LocSvc_utils_q( 890): D/msg_q_rcv: Waiting on message
I/ ( 2933): UStatus ua_sensors_accelerometer_disable(UASensorsAccelerometer*)():509
I/ ( 893): UStatus ua_sensors_light_enable(UASensorsLight*)():333
I/ ( 2933): UStatus ua_sensors_accelerometer_enable(UASensorsAccelerometer*)():494
I/ ( 2933): UStatus ua_sensors_accelerometer_set_event_rate(UASensorsAccelerometer*, uint32_t)():602
I/UpstartPropertyWatcher( 1267): Property changed: ril.ecclist=911,112
I/LocSvc_eng( 890): I/===> int loc_eng_inject_location(loc_eng_data_s_type&, double, double, float) line 1791
D/LocSvc_utils_q( 890): D/msg_q_snd: Sending message with handle = 0xAE000960
D/LocSvc_utils_ll( 890): D/linked_list_add: Adding to list data_obj = 0xAE000960
D/LocSvc_utils_q( 890): D/msg_q_snd: Finished Sending message with handle = 0xAE000960
D/LocSvc_utils_ll( 890): D/linked_list_remove: Removing from list
D/LocSvc_utils_q( 890): D/msg_q_rcv: Received message 0xAE000960 rv = 0
D/LocSvc_ApiV02( 890): D/virtual loc_api_adapter_err LocApiV02::injectPosition(double, double, float):476]: Lat=29.718172, Lon=-95.380594, Acc=69.00
V/LocSvc_api_v02( 890): V/validateRequest:1355]: reqId = 57
V/LocSvc_api_v02( 890): V/validateRequest:1673]: reqId=57, len = 128
V/LocSvc_api_v02( 890): V/locClientSendReq:2110] sending reqId= 57, len = 128
I/LocSvc_api_v02( 890): I/---> locClientSendReq line 2116 QMI_LOC_INJECT_POSITION_REQ_V02
V/LocSvc_api_v02( 890): V/locClientSendReq:2127] qmi_client_send_msg_sync returned 0
V/LocSvc_api_v02( 890): V/convertQmiResponseToLocStatus:570]: result = 0, error = 0, status = 0
V/LocSvc_api_v02( 890): V/locClientIndCb:1164]: Indication: msg_id=57 buf_len=7 pCallbackData = 0xb3c00468
V/LocSvc_api_v02( 890): V/locClientGetSizeByRespIndId:2172]: resp ind Id 57 size = 4
V/LocSvc_api_v02( 890): V/locClientGetSizeAndTypeByIndId:485]: indId 57 is a resp size = 4
I/LocSvc_ApiV02( 890): I/<--- void globalRespCb(locClientHandleType, uint32_t, locClientRespIndUnionType, void*) line 102 QMI_LOC_INJECT_POSITION_REQ_V02
V/LocSvc_ApiV02( 890): V/void globalRespCb(locClientHandleType, uint32_t, locClientRespIndUnionType, void*):108] client = 0xb3c00468, resp id = 57, client cookie ptr = 0xb5219668
V/LocSvc_api_v02( 890): V/locClientGetSizeByRespIndId:2172]: resp ind Id 57 size = 4
D/LocSvc_api_v02( 890): D/loc_free_slot:299]: freeing slot 0
D/LocSvc_MsgTask( 890): D/MsgTask::loop() 99 listening ...
D/LocSvc_utils_q( 890): D/msg_q_rcv: Waiting on message
I/LocSvc_eng( 890): I/===> int loc_eng_inject_location(loc_eng_data_s_type&, double, double, float) line 1791
D/LocSvc_utils_q( 890): D/msg_q_snd: Sending message with handle = 0xAE000960
D/LocSvc_utils_ll( 890): D/linked_list_add: Adding to list data_obj = 0xAE000960
D/LocSvc_utils_q( 890): D/msg_q_snd: Finished Sending message with handle = 0xAE000960
D/LocSvc_utils_ll( 890): D/linked_list_remove: Removing from list
D/LocSvc_utils_q( 890): D/msg_q_rcv: Received message 0xAE000960 rv = 0
D/LocSvc_ApiV02( 890): D/virtual loc_api_adapter_err LocApiV02::injectPosition(double, double, float):476]: Lat=29.718172, Lon=-95.380594, Acc=69.00
V/LocSvc_api_v02( 890): V/validateRequest:1355]: reqId = 57
V/LocSvc_api_v02( 890): V/validateRequest:1673]: reqId=57, len = 128
V/LocSvc_api_v02( 890): V/locClientSendReq:2110] sending reqId= 57, len = 128
I/LocSvc_api_v02( 890): I/---> locClientSendReq line 2116 QMI_LOC_INJECT_POSITION_REQ_V02
V/LocSvc_api_v02( 890): V/locClientSendReq:2127] qmi_client_send_msg_sync returned 0
V/LocSvc_api_v02( 890): V/convertQmiResponseToLocStatus:570]: result = 0, error = 0, status = 0
V/LocSvc_api_v02( 890): V/locClientIndCb:1164]: Indication: msg_id=57 buf_len=7 pCallbackData = 0xb3c00468
V/LocSvc_api_v02( 890): V/locClientGetSizeByRespIndId:2172]: resp ind Id 57 size = 4
V/LocSvc_api_v02( 890): V/locClientGetSizeAndTypeByIndId:485]: indId 57 is a resp size = 4
I/LocSvc_ApiV02( 890): I/<--- void globalRespCb(locClientHandleType, uint32_t, locClientRespIndUnionType, void*) line 102 QMI_LOC_INJECT_POSITION_REQ_V02
V/LocSvc_ApiV02( 890): V/void globalRespCb(locClientHandleType, uint32_t, locClientRespIndUnionType, void*):108] client = 0xb3c00468, resp id = 57, client cookie ptr = 0xb5219668
V/LocSvc_api_v02( 890): V/locClientGetSizeByRespIndId:2172]: resp ind Id 57 size = 4
D/LocSvc_api_v02( 890): D/loc_free_slot:299]: freeing slot 0
D/LocSvc_MsgTask( 890): D/MsgTask::loop() 100 listening ...
D/LocSvc_utils_q( 890): D/msg_q_rcv: Waiting on message
I/ ( 893): UStatus ua_sensors_light_disable(UASensorsLight*)():348
I/ ( 2933): UStatus ua_sensors_accelerometer_disable(UASensorsAccelerometer*)():509
I/LocSvc_eng( 890): I/===> int loc_eng_inject_location(loc_eng_data_s_type&, double, double, float) line 1791
D/LocSvc_utils_q( 890): D/msg_q_snd: Sending message with handle = 0xAE000960
D/LocSvc_utils_ll( 890): D/linked_list_add: Adding to list data_obj = 0xAE000960
D/LocSvc_utils_q( 890): D/msg_q_snd: Finished Sending message with handle = 0xAE000960
D/LocSvc_utils_ll( 890): D/linked_list_remove: Removing from list
D/LocSvc_utils_q( 890): D/msg_q_rcv: Received message 0xAE000960 rv = 0
D/LocSvc_ApiV02( 890): D/virtual loc_api_adapter_err LocApiV02::injectPosition(double, double, float):476]: Lat=29.718172, Lon=-95.380594, Acc=69.00
V/LocSvc_api_v02( 890): V/validateRequest:1355]: reqId = 57
V/LocSvc_api_v02( 890): V/validateRequest:1673]: reqId=57, len = 128
V/LocSvc_api_v02( 890): V/locClientSendReq:2110] sending reqId= 57, len = 128
I/LocSvc_api_v02( 890): I/---> locClientSendReq line 2116 QMI_LOC_INJECT_POSITION_REQ_V02
V/LocSvc_api_v02( 890): V/locClientSendReq:2127] qmi_client_send_msg_sync returned 0
V/LocSvc_api_v02( 890): V/convertQmiResponseToLocStatus:570]: result = 0, error = 0, status = 0
V/LocSvc_api_v02( 890): V/locClientIndCb:1164]: Indication: msg_id=57 buf_len=7 pCallbackData = 0xb3c00468
V/LocSvc_api_v02( 890): V/locClientGetSizeByRespIndId:2172]: resp ind Id 57 size = 4
V/LocSvc_api_v02( 890): V/locClientGetSizeAndTypeByIndId:485]: indId 57 is a resp size = 4
I/LocSvc_ApiV02( 890): I/<--- void globalRespCb(locClientHandleType, uint32_t, locClientRespIndUnionType, void*) line 102 QMI_LOC_INJECT_POSITION_REQ_V02
V/LocSvc_ApiV02( 890): V/void globalRespCb(locClientHandleType, uint32_t, locClientRespIndUnionType, void*):108] client = 0xb3c00468, resp id = 57, client cookie ptr = 0xb5219668
V/LocSvc_api_v02( 890): V/locClientGetSizeByRespIndId:2172]: resp ind Id 57 size = 4
D/LocSvc_api_v02( 890): D/loc_free_slot:299]: freeing slot 0
D/LocSvc_MsgTask( 890): D/MsgTask::loop() 101 listening ...
D/LocSvc_utils_q( 890): D/msg_q_rcv: Waiting on message
E/MP-Decision( 1297): Hotplug is disabled, actioncould not be completed
I/LocSvc_eng( 890): I/===> int loc_eng_inject_location(loc_eng_data_s_type&, double, double, float) line 1791
D/LocSvc_utils_q( 890): D/msg_q_snd: Sending message with handle = 0xAE000960
D/LocSvc_utils_ll( 890): D/linked_list_add: Adding to list data_obj = 0xAE000960
D/LocSvc_utils_q( 890): D/msg_q_snd: Finished Sending message with handle = 0xAE000960
D/LocSvc_utils_ll( 890): D/linked_list_remove: Removing from list
D/LocSvc_utils_q( 890): D/msg_q_rcv: Received message 0xAE000960 rv = 0
D/LocSvc_ApiV02( 890): D/virtual loc_api_adapter_err LocApiV02::injectPosition(double, double, float):476]: Lat=29.718172, Lon=-95.380594, Acc=69.00
V/LocSvc_api_v02( 890): V/validateRequest:1355]: reqId = 57
V/LocSvc_api_v02( 890): V/validateRequest:1673]: reqId=57, len = 128
V/LocSvc_api_v02( 890): V/locClientSendReq:2110] sending reqId= 57, len = 128
I/LocSvc_api_v02( 890): I/---> locClientSendReq line 2116 QMI_LOC_INJECT_POSITION_REQ_V02
V/LocSvc_api_v02( 890): V/locClientIndCb:1164]: Indication: msg_id=57 buf_len=7 pCallbackData = 0xb3c00468
V/LocSvc_api_v02( 890): V/locClientGetSizeByRespIndId:2172]: resp ind Id 57 size = 4
V/LocSvc_api_v02( 890): V/locClientGetSizeAndTypeByIndId:485]: indId 57 is a resp size = 4
I/LocSvc_ApiV02( 890): I/<--- void globalRespCb(locClientHandleType, uint32_t, locClientRespIndUnionType, void*) line 102 QMI_LOC_INJECT_POSITION_REQ_V02
V/LocSvc_ApiV02( 890): V/void globalRespCb(locClientHandleType, uint32_t, locClientRespIndUnionType, void*):108] client = 0xb3c00468, resp id = 57, client cookie ptr = 0xb5219668
V/LocSvc_api_v02( 890): V/locClientGetSizeByRespIndId:2172]: resp ind Id 57 size = 4
V/LocSvc_api_v02( 890): V/locClientSendReq:2127] qmi_client_send_msg_sync returned 0
V/LocSvc_api_v02( 890): V/convertQmiResponseToLocStatus:570]: result = 0, error = 0, status = 0
D/LocSvc_api_v02( 890): D/loc_free_slot:299]: freeing slot 0
D/LocSvc_MsgTask( 890): D/MsgTask::loop() 102 listening ...
D/LocSvc_utils_q( 890): D/msg_q_rcv: Waiting on message
I/LocSvc_eng( 890): I/===> int loc_eng_inject_location(loc_eng_data_s_type&, double, double, float) line 1791
D/LocSvc_utils_q( 890): D/msg_q_snd: Sending message with handle = 0xAE000960
D/LocSvc_utils_ll( 890): D/linked_list_add: Adding to list data_obj = 0xAE000960
D/LocSvc_utils_q( 890): D/msg_q_snd: Finished Sending message with handle = 0xAE000960
D/LocSvc_utils_ll( 890): D/linked_list_remove: Removing from list
D/LocSvc_utils_q( 890): D/msg_q_rcv: Received message 0xAE000960 rv = 0
D/LocSvc_ApiV02( 890): D/virtual loc_api_adapter_err LocApiV02::injectPosition(double, double, float):476]: Lat=29.718179, Lon=-95.380597, Acc=506.00
V/LocSvc_api_v02( 890): V/validateRequest:1355]: reqId = 57
V/LocSvc_api_v02( 890): V/validateRequest:1673]: reqId=57, len = 128
V/LocSvc_api_v02( 890): V/locClientSendReq:2110] sending reqId= 57, len = 128
I/LocSvc_api_v02( 890): I/---> locClientSendReq line 2116 QMI_LOC_INJECT_POSITION_REQ_V02
V/LocSvc_api_v02( 890): V/locClientSendReq:2127] qmi_client_send_msg_sync returned 0
V/LocSvc_api_v02( 890): V/convertQmiResponseToLocStatus:570]: result = 0, error = 0, status = 0
V/LocSvc_api_v02( 890): V/locClientIndCb:1164]: Indication: msg_id=57 buf_len=7 pCallbackData = 0xb3c00468
V/LocSvc_api_v02( 890): V/locClientGetSizeByRespIndId:2172]: resp ind Id 57 size = 4
V/LocSvc_api_v02( 890): V/locClientGetSizeAndTypeByIndId:485]: indId 57 is a resp size = 4
I/LocSvc_ApiV02( 890): I/<--- void globalRespCb(locClientHandleType, uint32_t, locClientRespIndUnionType, void*) line 102 QMI_LOC_INJECT_POSITION_REQ_V02
V/LocSvc_ApiV02( 890): V/void globalRespCb(locClientHandleType, uint32_t, locClientRespIndUnionType, void*):108] client = 0xb3c00468, resp id = 57, client cookie ptr = 0xb5219668
V/LocSvc_api_v02( 890): V/locClientGetSizeByRespIndId:2172]: resp ind Id 57 size = 4
D/LocSvc_api_v02( 890): D/loc_free_slot:299]: freeing slot 0
D/LocSvc_MsgTask( 890): D/MsgTask::loop() 103 listening ...
D/LocSvc_utils_q( 890): D/msg_q_rcv: Waiting on message
I/ ( 893): UStatus ua_sensors_light_enable(UASensorsLight*)():333
I/ ( 893): UStatus ua_sensors_light_disable(UASensorsLight*)():348
W/qcom_sensors_hal( 1300): _hal_sensors_activate: Deactivating dirty sensor 5
I/ ( 2933): UStatus ua_sensors_accelerometer_enable(UASensorsAccelerometer*)():494
I/ ( 2933): UStatus ua_sensors_accelerometer_set_event_rate(UASensorsAccelerometer*, uint32_t)():602
I/UpstartPropertyWatcher( 1267): Property changed: ril.ecclist=911,112
I/ ( 2933): UStatus ua_sensors_accelerometer_disable(UASensorsAccelerometer*)():509
W/qcom_sensors_hal( 1300): _hal_sensors_activate: Deactivating dirty sensor 0
E/qcom_sensors_hal( 1300): hal_wait_for_response: pthread_cond_timedwait() rc=110
E/qcom_sensors_hal( 1300): hal_smgr_report_add: ERROR: No response from request 1
E/qcom_sensors_hal( 1300): hal_acquire_resources, hal_smgr_report_add() failed, handle=5
W/qcom_sensors_hal( 1300): hal_acquire_resources, no active sensors!
I/LocSvc_eng( 890): I/===> int loc_eng_inject_location(loc_eng_data_s_type&, double, double, float) line 1791
D/LocSvc_utils_q( 890): D/msg_q_snd: Sending message with handle = 0xAE000960
D/LocSvc_utils_ll( 890): D/linked_list_add: Adding to list data_obj = 0xAE000960
D/LocSvc_utils_q( 890): D/msg_q_snd: Finished Sending message with handle = 0xAE000960
D/LocSvc_utils_ll( 890): D/linked_list_remove: Removing from list
D/LocSvc_utils_q( 890): D/msg_q_rcv: Received message 0xAE000960 rv = 0
D/LocSvc_ApiV02( 890): D/virtual loc_api_adapter_err LocApiV02::injectPosition(double, double, float):476]: Lat=29.718178, Lon=-95.380594, Acc=79.00
V/LocSvc_api_v02( 890): V/validateRequest:1355]: reqId = 57
V/LocSvc_api_v02( 890): V/validateRequest:1673]: reqId=57, len = 128
V/LocSvc_api_v02( 890): V/locClientSendReq:2110] sending reqId= 57, len = 128
I/LocSvc_api_v02( 890): I/---> locClientSendReq line 2116 QMI_LOC_INJECT_POSITION_REQ_V02
V/LocSvc_api_v02( 890): V/locClientSendReq:2127] qmi_client_send_msg_sync returned 0
V/LocSvc_api_v02( 890): V/convertQmiResponseToLocStatus:570]: result = 0, error = 0, status = 0
V/LocSvc_api_v02( 890): V/locClientIndCb:1164]: Indication: msg_id=57 buf_len=7 pCallbackData = 0xb3c00468
V/LocSvc_api_v02( 890): V/locClientGetSizeByRespIndId:2172]: resp ind Id 57 size = 4
V/LocSvc_api_v02( 890): V/locClientGetSizeAndTypeByIndId:485]: indId 57 is a resp size = 4
I/LocSvc_ApiV02( 890): I/<--- void globalRespCb(locClientHandleType, uint32_t, locClientRespIndUnionType, void*) line 102 QMI_LOC_INJECT_POSITION_REQ_V02
V/LocSvc_ApiV02( 890): V/void globalRespCb(locClientHandleType, uint32_t, locClientRespIndUnionType, void*):108] client = 0xb3c00468, resp id = 57, client cookie ptr = 0xb5219668
V/LocSvc_api_v02( 890): V/locClientGetSizeByRespIndId:2172]: resp ind Id 57 size = 4
D/LocSvc_api_v02( 890): D/loc_free_slot:299]: freeing slot 0
D/LocSvc_MsgTask( 890): D/MsgTask::loop() 104 listening ...
D/LocSvc_utils_q( 890): D/msg_q_rcv: Waiting on message
I/ ( 893): UStatus ua_sensors_light_enable(UASensorsLight*)():333
I/ ( 2933): UStatus ua_sensors_accelerometer_enable(UASensorsAccelerometer*)():494
I/ ( 2933): UStatus ua_sensors_accelerometer_set_event_rate(UASensorsAccelerometer*, uint32_t)():602
I/UpstartPropertyWatcher( 1267): Property changed: ril.ecclist=911,112
I/LocSvc_eng( 890): I/===> int loc_eng_inject_location(loc_eng_data_s_type&, double, double, float) line 1791
D/LocSvc_utils_q( 890): D/msg_q_snd: Sending message with handle = 0xAE000960
D/LocSvc_utils_ll( 890): D/linked_list_add: Adding to list data_obj = 0xAE000960
D/LocSvc_utils_q( 890): D/msg_q_snd: Finished Sending message with handle = 0xAE000960
D/LocSvc_utils_ll( 890): D/linked_list_remove: Removing from list
D/LocSvc_utils_q( 890): D/msg_q_rcv: Received message 0xAE000960 rv = 0
D/LocSvc_ApiV02( 890): D/virtual loc_api_adapter_err LocApiV02::injectPosition(double, double, float):476]: Lat=29.718178, Lon=-95.380594, Acc=79.00
V/LocSvc_api_v02( 890): V/validateRequest:1355]: reqId = 57
V/LocSvc_api_v02( 890): V/validateRequest:1673]: reqId=57, len = 128
V/LocSvc_api_v02( 890): V/locClientSendReq:2110] sending reqId= 57, len = 128
I/LocSvc_api_v02( 890): I/---> locClientSendReq line 2116 QMI_LOC_INJECT_POSITION_REQ_V02
V/LocSvc_api_v02( 890): V/locClientSendReq:2127] qmi_client_send_msg_sync returned 0
V/LocSvc_api_v02( 890): V/convertQmiResponseToLocStatus:570]: result = 0, error = 0, status = 0
V/LocSvc_api_v02( 890): V/locClientIndCb:1164]: Indication: msg_id=57 buf_len=7 pCallbackData = 0xb3c00468
V/LocSvc_api_v02( 890): V/locClientGetSizeByRespIndId:2172]: resp ind Id 57 size = 4
V/LocSvc_api_v02( 890): V/locClientGetSizeAndTypeByIndId:485]: indId 57 is a resp size = 4
I/LocSvc_ApiV02( 890): I/<--- void globalRespCb(locClientHandleType, uint32_t, locClientRespIndUnionType, void*) line 102 QMI_LOC_INJECT_POSITION_REQ_V02
V/LocSvc_ApiV02( 890): V/void globalRespCb(locClientHandleType, uint32_t, locClientRespIndUnionType, void*):108] client = 0xb3c00468, resp id = 57, client cookie ptr = 0xb5219668
V/LocSvc_api_v02( 890): V/locClientGetSizeByRespIndId:2172]: resp ind Id 57 size = 4
D/LocSvc_api_v02( 890): D/loc_free_slot:299]: freeing slot 0
D/LocSvc_MsgTask( 890): D/MsgTask::loop() 105 listening ...
D/LocSvc_utils_q( 890): D/msg_q_rcv: Waiting on message
I/ ( 893): UStatus ua_sensors_light_disable(UASensorsLight*)():348
I/LocSvc_eng( 890): I/===> int loc_eng_inject_location(loc_eng_data_s_type&, double, double, float) line 1791
D/LocSvc_utils_q( 890): D/msg_q_snd: Sending message with handle = 0xAE000960
D/LocSvc_utils_ll( 890): D/linked_list_add: Adding to list data_obj = 0xAE000960
D/LocSvc_utils_q( 890): D/msg_q_snd: Finished Sending message with handle = 0xAE000960
D/LocSvc_utils_ll( 890): D/linked_list_remove: Removing from list
D/LocSvc_utils_q( 890): D/msg_q_rcv: Received message 0xAE000960 rv = 0
D/LocSvc_ApiV02( 890): D/virtual loc_api_adapter_err LocApiV02::injectPosition(double, double, float):476]: Lat=29.718178, Lon=-95.380588, Acc=77.00
V/LocSvc_api_v02( 890): V/validateRequest:1355]: reqId = 57
V/LocSvc_api_v02( 890): V/validateRequest:1673]: reqId=57, len = 128
V/LocSvc_api_v02( 890): V/locClientSendReq:2110] sending reqId= 57, len = 128
I/LocSvc_api_v02( 890): I/---> locClientSendReq line 2116 QMI_LOC_INJECT_POSITION_REQ_V02
V/LocSvc_api_v02( 890): V/locClientSendReq:2127] qmi_client_send_msg_sync returned 0
V/LocSvc_api_v02( 890): V/convertQmiResponseToLocStatus:570]: result = 0, error = 0, status = 0
V/LocSvc_api_v02( 890): V/locClientIndCb:1164]: Indication: msg_id=57 buf_len=7 pCallbackData = 0xb3c00468
V/LocSvc_api_v02( 890): V/locClientGetSizeByRespIndId:2172]: resp ind Id 57 size = 4
V/LocSvc_api_v02( 890): V/locClientGetSizeAndTypeByIndId:485]: indId 57 is a resp size = 4
I/LocSvc_ApiV02( 890): I/<--- void globalRespCb(locClientHandleType, uint32_t, locClientRespIndUnionType, void*) line 102 QMI_LOC_INJECT_POSITION_REQ_V02
V/LocSvc_ApiV02( 890): V/void globalRespCb(locClientHandleType, uint32_t, locClientRespIndUnionType, void*):108] client = 0xb3c00468, resp id = 57, client cookie ptr = 0xb5219668
V/LocSvc_api_v02( 890): V/locClientGetSizeByRespIndId:2172]: resp ind Id 57 size = 4
D/LocSvc_api_v02( 890): D/loc_free_slot:299]: freeing slot 0
D/LocSvc_MsgTask( 890): D/MsgTask::loop() 106 listening ...
D/LocSvc_utils_q( 890): D/msg_q_rcv: Waiting on message
I/ ( 2933): UStatus ua_sensors_accelerometer_disable(UASensorsAccelerometer*)():509
I/LocSvc_eng( 890): I/===> int loc_eng_inject_location(loc_eng_data_s_type&, double, double, float) line 1791
D/LocSvc_utils_q( 890): D/msg_q_snd: Sending message with handle = 0xAE000960
D/LocSvc_utils_ll( 890): D/linked_list_add: Adding to list data_obj = 0xAE000960
D/LocSvc_utils_q( 890): D/msg_q_snd: Finished Sending message with handle = 0xAE000960
D/LocSvc_utils_ll( 890): D/linked_list_remove: Removing from list
D/LocSvc_utils_q( 890): D/msg_q_rcv: Received message 0xAE000960 rv = 0
D/LocSvc_ApiV02( 890): D/virtual loc_api_adapter_err LocApiV02::injectPosition(double, double, float):476]: Lat=29.718178, Lon=-95.380589, Acc=70.00
V/LocSvc_api_v02( 890): V/validateRequest:1355]: reqId = 57
V/LocSvc_api_v02( 890): V/validateRequest:1673]: reqId=57, len = 128
V/LocSvc_api_v02( 890): V/locClientSendReq:2110] sending reqId= 57, len = 128
I/LocSvc_api_v02( 890): I/---> locClientSendReq line 2116 QMI_LOC_INJECT_POSITION_REQ_V02
V/LocSvc_api_v02( 890): V/locClientSendReq:2127] qmi_client_send_msg_sync returned 0
V/LocSvc_api_v02( 890): V/convertQmiResponseToLocStatus:570]: result = 0, error = 0, status = 0
I/ ( 893): UStatus ua_sensors_light_enable(UASensorsLight*)():333
V/LocSvc_api_v02( 890): V/locClientIndCb:1164]: Indication: msg_id=57 buf_len=7 pCallbackData = 0xb3c00468
V/LocSvc_api_v02( 890): V/locClientGetSizeByRespIndId:2172]: resp ind Id 57 size = 4
V/LocSvc_api_v02( 890): V/locClientGetSizeAndTypeByIndId:485]: indId 57 is a resp size = 4
I/LocSvc_ApiV02( 890): I/<--- void globalRespCb(locClientHandleType, uint32_t, locClientRespIndUnionType, void*) line 102 QMI_LOC_INJECT_POSITION_REQ_V02
V/LocSvc_ApiV02( 890): V/void globalRespCb(locClientHandleType, uint32_t, locClientRespIndUnionType, void*):108] client = 0xb3c00468, resp id = 57, client cookie ptr = 0xb5219668
V/LocSvc_api_v02( 890): V/locClientGetSizeByRespIndId:2172]: resp ind Id 57 size = 4
D/LocSvc_api_v02( 890): D/loc_free_slot:299]: freeing slot 0
D/LocSvc_MsgTask( 890): D/MsgTask::loop() 107 listening ...
D/LocSvc_utils_q( 890): D/msg_q_rcv: Waiting on message
I/ ( 2933): UStatus ua_sensors_accelerometer_enable(UASensorsAccelerometer*)():494
I/ ( 2933): UStatus ua_sensors_accelerometer_set_event_rate(UASensorsAccelerometer*, uint32_t)():602
I/UpstartPropertyWatcher( 1267): Property changed: ril.ecclist=911,112
