Oct 26 07:12:26 stack01 dnsmasq-dhcp[5180]: DHCPACK(br101) 172.16.0.21 02:16:3e:11:af:9a ci
Oct 26 07:12:52 stack01 dnsmasq-dhcp[5323]: DHCPREQUEST(br102) 172.16.0.35 02:16:3e:41:fa:27
Oct 26 07:12:52 stack01 dnsmasq-dhcp[5323]: DHCPACK(br102) 172.16.0.35 02:16:3e:41:fa:27 puppet
Oct 26 07:13:41 stack01 dnsmasq-dhcp[5323]: DHCPREQUEST(br102) 172.16.0.35 02:16:3e:41:fa:27
Oct 26 07:13:41 stack01 dnsmasq-dhcp[5323]: DHCPACK(br102) 172.16.0.35 02:16:3e:41:fa:27 puppet
Oct 26 07:13:44 stack01 dnsmasq-dhcp[5180]: DHCPREQUEST(br101) 172.16.0.19 02:16:3e:7f:8e:ef
Oct 26 07:13:44 stack01 dnsmasq-dhcp[5180]: DHCPACK(br101) 172.16.0.19 02:16:3e:7f:8e:ef puppet
Oct 26 07:14:14 stack01 dnsmasq-dhcp[5180]: DHCPREQUEST(br101) 172.16.0.21 02:16:3e:11:af:9a
Oct 26 07:14:14 stack01 dnsmasq-dhcp[5180]: DHCPACK(br101) 172.16.0.21 02:16:3e:11:af:9a ci
Oct 26 07:14:28 stack01 dnsmasq-dhcp[5323]: DHCPREQUEST(br102) 172.16.0.35 02:16:3e:41:fa:27
Oct 26 07:14:28 stack01 dnsmasq-dhcp[5323]: DHCPACK(br102) 172.16.0.35 02:16:3e:41:fa:27 puppet
Oct 26 07:15:01 stack01 CRON[7414]: (root) CMD (if [ -x /etc/munin/plugins/apt_all ]; then /etc/munin/plugins/apt_all update 7200 12 >/dev/null; elif [ -x /etc/munin/plugins/apt ]; then /etc/munin/plugins/apt update 7200 12 >/dev/null; fi)
Oct 26 07:15:01 stack01 CRON[7415]: (munin) CMD (if [ -x /usr/bin/munin-cron ]; then /usr/bin/munin-cron; fi)
Oct 26 07:15:23 stack01 dnsmasq-dhcp[5323]: DHCPREQUEST(br102) 172.16.0.35 02:16:3e:41:fa:27
Oct 26 07:15:23 stack01 dnsmasq-dhcp[5323]: DHCPACK(br102) 172.16.0.35 02:16:3e:41:fa:27 puppet
Oct 26 07:15:30 stack01 dnsmasq-dhcp[5180]: DHCPREQUEST(br101) 172.16.0.19 02:16:3e:7f:8e:ef
Oct 26 07:15:30 stack01 dnsmasq-dhcp[5180]: DHCPACK(br101) 172.16.0.19 02:16:3e:7f:8e:ef puppet
Oct 26 07:16:07 stack01 dnsmasq-dhcp[5180]: DHCPREQUEST(br101) 172.16.0.21 02:16:3e:11:af:9a
Oct 26 07:16:07 stack01 dnsmasq-dhcp[5180]: DHCPACK(br101) 172.16.0.21 02:16:3e:11:af:9a ci
Oct 26 07:16:08 stack01 dnsmasq-dhcp[5323]: DHCPREQUEST(br102) 172.16.0.35 02:16:3e:41:fa:27
Oct 26 07:16:08 stack01 dnsmasq-dhcp[5323]: DHCPACK(br102) 172.16.0.35 02:16:3e:41:fa:27 puppet
Oct 26 07:16:54 stack01 dnsmasq-dhcp[5323]: DHCPREQUEST(br102) 172.16.0.35 02:16:3e:41:fa:27
Oct 26 07:16:54 stack01 dnsmasq-dhcp[5323]: DHCPACK(br102) 172.16.0.35 02:16:3e:41:fa:27 puppet
Oct 26 07:17:01 stack01 CRON[8662]: (root) CMD ( cd / && run-parts --report /etc/cron.hourly)
Oct 26 07:17:14 stack01 dnsmasq-dhcp[5180]: DHCPREQUEST(br101) 172.16.0.19 02:16:3e:7f:8e:ef
Oct 26 07:17:14 stack01 dnsmasq-dhcp[5180]: DHCPACK(br101) 172.16.0.19 02:16:3e:7f:8e:ef puppet
Oct 26 07:17:43 stack01 dnsmasq-dhcp[5323]: DHCPREQUEST(br102) 172.16.0.35 02:16:3e:41:fa:27
Oct 26 07:17:43 stack01 dnsmasq-dhcp[5323]: DHCPACK(br102) 172.16.0.35 02:16:3e:41:fa:27 puppet
Oct 26 07:17:51 stack01 dnsmasq-dhcp[5180]: DHCPREQUEST(br101) 172.16.0.21 02:16:3e:11:af:9a
Oct 26 07:17:51 stack01 dnsmasq-dhcp[5180]: DHCPACK(br101) 172.16.0.21 02:16:3e:11:af:9a ci
Oct 26 07:18:33 stack01 dnsmasq-dhcp[5323]: DHCPREQUEST(br102) 172.16.0.35 02:16:3e:41:fa:27
Oct 26 07:18:33 stack01 dnsmasq-dhcp[5323]: DHCPACK(br102) 172.16.0.35 02:16:3e:41:fa:27 puppet
Oct 26 07:18:59 stack01 dnsmasq-dhcp[5180]: DHCPREQUEST(br101) 172.16.0.19 02:16:3e:7f:8e:ef
Oct 26 07:18:59 stack01 dnsmasq-dhcp[5180]: DHCPACK(br101) 172.16.0.19 02:16:3e:7f:8e:ef puppet
Oct 26 07:19:17 stack01 dnsmasq-dhcp[5323]: DHCPREQUEST(br102) 172.16.0.35 02:16:3e:41:fa:27
Oct 26 07:19:17 stack01 dnsmasq-dhcp[5323]: DHCPACK(br102) 172.16.0.35 02:16:3e:41:fa:27 puppet
Oct 26 07:19:47 stack01 dnsmasq-dhcp[5180]: DHCPREQUEST(br101) 172.16.0.21 02:16:3e:11:af:9a
Oct 26 07:19:47 stack01 dnsmasq-dhcp[5180]: DHCPACK(br101) 172.16.0.21 02:16:3e:11:af:9a ci
Oct 26 07:20:01 stack01 CRON[8835]: (root) CMD (if [ -x /etc/munin/plugins/apt_all ]; then /etc/munin/plugins/apt_all update 7200 12 >/dev/null; elif [ -x /etc/munin/plugins/apt ]; then /etc/munin/plugins/apt update 7200 12 >/dev/null; fi)
Oct 26 07:20:01 stack01 CRON[8836]: (munin) CMD (if [ -x /usr/bin/munin-cron ]; then /usr/bin/munin-cron; fi)
Oct 26 07:20:10 stack01 dnsmasq-dhcp[5323]: DHCPREQUEST(br102) 172.16.0.35 02:16:3e:41:fa:27
Oct 26 07:20:10 stack01 dnsmasq-dhcp[5323]: DHCPACK(br102) 172.16.0.35 02:16:3e:41:fa:27 puppet
Oct 26 07:20:48 stack01 dnsmasq-dhcp[5180]: DHCPREQUEST(br101) 172.16.0.19 02:16:3e:7f:8e:ef
Oct 26 07:20:48 stack01 dnsmasq-dhcp[5180]: DHCPACK(br101) 172.16.0.19 02:16:3e:7f:8e:ef puppet
Oct 26 07:20:52 stack01 dnsmasq-dhcp[5323]: DHCPREQUEST(br102) 172.16.0.35 02:16:3e:41:fa:27
Oct 26 07:20:52 stack01 dnsmasq-dhcp[5323]: DHCPACK(br102) 172.16.0.35 02:16:3e:41:fa:27 puppet
Oct 26 07:21:45 stack01 dnsmasq-dhcp[5180]: DHCPREQUEST(br101) 172.16.0.21 02:16:3e:11:af:9a
Oct 26 07:21:45 stack01 dnsmasq-dhcp[5180]: DHCPACK(br101) 172.16.0.21 02:16:3e:11:af:9a ci
Oct 26 07:21:46 stack01 dnsmasq-dhcp[5323]: DHCPREQUEST(br102) 172.16.0.35 02:16:3e:41:fa:27
Oct 26 07:21:46 stack01 dnsmasq-dhcp[5323]: DHCPACK(br102) 172.16.0.35 02:16:3e:41:fa:27 puppet
Oct 26 07:22:32 stack01 dnsmasq-dhcp[5323]: DHCPREQUEST(br102) 172.16.0.35 02:16:3e:41:fa:27
Oct 26 07:22:32 stack01 dnsmasq-dhcp[5323]: DHCPACK(br102) 172.16.0.35 02:16:3e:41:fa:27 puppet
Oct 26 07:22:33 stack01 dnsmasq-dhcp[5180]: DHCPREQUEST(br101) 172.16.0.19 02:16:3e:7f:8e:ef
Oct 26 07:22:33 stack01 dnsmasq-dhcp[5180]: DHCPACK(br101) 172.16.0.19 02:16:3e:7f:8e:ef puppet
Oct 26 07:23:23 stack01 dnsmasq-dhcp[5323]: DHCPREQUEST(br102) 172.16.0.35 02:16:3e:41:fa:27
Oct 26 07:23:23 stack01 dnsmasq-dhcp[5323]: DHCPACK(br102) 172.16.0.35 02:16:3e:41:fa:27 puppet
Oct 26 07:23:29 stack01 dnsmasq-dhcp[5180]: DHCPREQUEST(br101) 172.16.0.21 02:16:3e:11:af:9a
Oct 26 07:23:29 stack01 dnsmasq-dhcp[5180]: DHCPACK(br101) 172.16.0.21 02:16:3e:11:af:9a ci
Oct 26 07:24:04 stack01 dnsmasq-dhcp[5323]: DHCPREQUEST(br102) 172.16.0.35 02:16:3e:41:fa:27
Oct 26 07:24:04 stack01 dnsmasq-dhcp[5323]: DHCPACK(br102) 172.16.0.35 02:16:3e:41:fa:27 puppet
Oct 26 07:24:19 stack01 dnsmasq-dhcp[5180]: DHCPREQUEST(br101) 172.16.0.19 02:16:3e:7f:8e:ef
Oct 26 07:24:19 stack01 dnsmasq-dhcp[5180]: DHCPACK(br101) 172.16.0.19 02:16:3e:7f:8e:ef puppet
Oct 26 07:24:59 stack01 dnsmasq-dhcp[5323]: DHCPREQUEST(br102) 172.16.0.35 02:16:3e:41:fa:27
Oct 26 07:24:59 stack01 dnsmasq-dhcp[5323]: DHCPACK(br102) 172.16.0.35 02:16:3e:41:fa:27 puppet
Oct 26 07:25:01 stack01 CRON[10125]: (root) CMD (if [ -x /etc/munin/plugins/apt_all ]; then /etc/munin/plugins/apt_all update 7200 12 >/dev/null; elif [ -x /etc/munin/plugins/apt ]; then /etc/munin/plugins/apt update 7200 12 >/dev/null; fi)
Oct 26 07:25:01 stack01 CRON[10126]: (munin) CMD (if [ -x /usr/bin/munin-cron ]; then /usr/bin/munin-cron; fi)
Oct 26 07:25:11 stack01 dnsmasq-dhcp[5180]: DHCPREQUEST(br101) 172.16.0.21 02:16:3e:11:af:9a
Oct 26 07:25:11 stack01 dnsmasq-dhcp[5180]: DHCPACK(br101) 172.16.0.21 02:16:3e:11:af:9a ci
Oct 26 07:25:40 stack01 dnsmasq-dhcp[5323]: DHCPREQUEST(br102) 172.16.0.35 02:16:3e:41:fa:27
Oct 26 07:25:40 stack01 dnsmasq-dhcp[5323]: DHCPACK(br102) 172.16.0.35 02:16:3e:41:fa:27 puppet
Oct 26 07:26:05 stack01 dnsmasq-dhcp[5180]: DHCPREQUEST(br101) 172.16.0.19 02:16:3e:7f:8e:ef
Oct 26 07:26:05 stack01 dnsmasq-dhcp[5180]: DHCPACK(br101) 172.16.0.19 02:16:3e:7f:8e:ef puppet
Oct 26 07:26:32 stack01 dnsmasq-dhcp[5323]: DHCPREQUEST(br102) 172.16.0.35 02:16:3e:41:fa:27
Oct 26 07:26:32 stack01 dnsmasq-dhcp[5323]: DHCPACK(br102) 172.16.0.35 02:16:3e:41:fa:27 puppet
Oct 26 07:26:57 stack01 dnsmasq-dhcp[5180]: DHCPREQUEST(br101) 172.16.0.21 02:16:3e:11:af:9a
Oct 26 07:26:57 stack01 dnsmasq-dhcp[5180]: DHCPACK(br101) 172.16.0.21 02:16:3e:11:af:9a ci
Oct 26 07:27:18 stack01 dnsmasq-dhcp[5323]: DHCPREQUEST(br102) 172.16.0.35 02:16:3e:41:fa:27
Oct 26 07:27:18 stack01 dnsmasq-dhcp[5323]: DHCPACK(br102) 172.16.0.35 02:16:3e:41:fa:27 puppet
Oct 26 07:28:02 stack01 dnsmasq-dhcp[5180]: DHCPREQUEST(br101) 172.16.0.19 02:16:3e:7f:8e:ef
Oct 26 07:28:02 stack01 dnsmasq-dhcp[5180]: DHCPACK(br101) 172.16.0.19 02:16:3e:7f:8e:ef puppet
Oct 26 07:28:08 stack01 dnsmasq-dhcp[5323]: DHCPREQUEST(br102) 172.16.0.35 02:16:3e:41:fa:27
Oct 26 07:28:08 stack01 dnsmasq-dhcp[5323]: DHCPACK(br102) 172.16.0.35 02:16:3e:41:fa:27 puppet
Oct 26 07:28:53 stack01 dnsmasq-dhcp[5180]: DHCPREQUEST(br101) 172.16.0.21 02:16:3e:11:af:9a
Oct 26 07:28:53 stack01 dnsmasq-dhcp[5180]: DHCPACK(br101) 172.16.0.21 02:16:3e:11:af:9a ci
Oct 26 07:29:04 stack01 dnsmasq-dhcp[5323]: DHCPREQUEST(br102) 172.16.0.35 02:16:3e:41:fa:27
Oct 26 07:29:04 stack01 dnsmasq-dhcp[5323]: DHCPACK(br102) 172.16.0.35 02:16:3e:41:fa:27 puppet
Oct 26 07:29:46 stack01 dnsmasq-dhcp[5323]: DHCPREQUEST(br102) 172.16.0.35 02:16:3e:41:fa:27
Oct 26 07:29:46 stack01 dnsmasq-dhcp[5323]: DHCPACK(br102) 172.16.0.35 02:16:3e:41:fa:27 puppet
Oct 26 07:29:47 stack01 dnsmasq-dhcp[5180]: DHCPREQUEST(br101) 172.16.0.19 02:16:3e:7f:8e:ef
Oct 26 07:29:47 stack01 dnsmasq-dhcp[5180]: DHCPACK(br101) 172.16.0.19 02:16:3e:7f:8e:ef puppet
Oct 26 07:30:01 stack01 CRON[11552]: (root) CMD (if [ -x /etc/munin/plugins/apt_all ]; then /etc/munin/plugins/apt_all update 7200 12 >/dev/null; elif [ -x /etc/munin/plugins/apt ]; then /etc/munin/plugins/apt update 7200 12 >/dev/null; fi)
Oct 26 07:30:01 stack01 CRON[11553]: (munin) CMD (if [ -x /usr/bin/munin-cron ]; then /usr/bin/munin-cron; fi)
Oct 26 07:30:38 stack01 dnsmasq-dhcp[5323]: DHCPREQUEST(br102) 172.16.0.35 02:16:3e:41:fa:27
Oct 26 07:30:38 stack01 dnsmasq-dhcp[5323]: DHCPACK(br102) 172.16.0.35 02:16:3e:41:fa:27 puppet
Oct 26 07:30:42 stack01 dnsmasq-dhcp[5180]: DHCPREQUEST(br101) 172.16.0.21 02:16:3e:11:af:9a
Oct 26 07:30:42 stack01 dnsmasq-dhcp[5180]: DHCPACK(br101) 172.16.0.21 02:16:3e:11:af:9a ci
Oct 26 07:31:30 stack01 dnsmasq-dhcp[5323]: DHCPREQUEST(br102) 172.16.0.35 02:16:3e:41:fa:27
Oct 26 07:31:30 stack01 dnsmasq-dhcp[5323]: DHCPACK(br102) 172.16.0.35 02:16:3e:41:fa:27 puppet
Oct 26 07:31:31 stack01 dnsmasq-dhcp[5180]: DHCPREQUEST(br101) 172.16.0.19 02:16:3e:7f:8e:ef
Oct 26 07:31:31 stack01 dnsmasq-dhcp[5180]: DHCPACK(br101) 172.16.0.19 02:16:3e:7f:8e:ef puppet
Oct 26 07:32:12 stack01 dnsmasq-dhcp[5323]: DHCPREQUEST(br102) 172.16.0.35 02:16:3e:41:fa:27
Oct 26 07:32:12 stack01 dnsmasq-dhcp[5323]: DHCPACK(br102) 172.16.0.35 02:16:3e:41:fa:27 puppet
Oct 26 07:32:30 stack01 dnsmasq-dhcp[5180]: DHCPREQUEST(br101) 172.16.0.21 02:16:3e:11:af:9a
Oct 26 07:32:30 stack01 dnsmasq-dhcp[5180]: DHCPACK(br101) 172.16.0.21 02:16:3e:11:af:9a ci
Oct 26 07:32:57 stack01 dnsmasq-dhcp[5323]: DHCPREQUEST(br102) 172.16.0.35 02:16:3e:41:fa:27
Oct 26 07:32:57 stack01 dnsmasq-dhcp[5323]: DHCPACK(br102) 172.16.0.35 02:16:3e:41:fa:27 puppet
Oct 26 07:33:13 stack01 dnsmasq-dhcp[5180]: DHCPREQUEST(br101) 172.16.0.19 02:16:3e:7f:8e:ef
Oct 26 07:33:13 stack01 dnsmasq-dhcp[5180]: DHCPACK(br101) 172.16.0.19 02:16:3e:7f:8e:ef puppet
Oct 26 07:33:40 stack01 dnsmasq-dhcp[5323]: DHCPREQUEST(br102) 172.16.0.35 02:16:3e:41:fa:27
Oct 26 07:33:40 stack01 dnsmasq-dhcp[5323]: DHCPACK(br102) 172.16.0.35 02:16:3e:41:fa:27 puppet
Oct 26 07:34:19 stack01 dnsmasq-dhcp[5180]: DHCPREQUEST(br101) 172.16.0.21 02:16:3e:11:af:9a
Oct 26 07:34:19 stack01 dnsmasq-dhcp[5180]: DHCPACK(br101) 172.16.0.21 02:16:3e:11:af:9a ci
Oct 26 07:34:27 stack01 dnsmasq-dhcp[5323]: DHCPREQUEST(br102) 172.16.0.35 02:16:3e:41:fa:27
Oct 26 07:34:27 stack01 dnsmasq-dhcp[5323]: DHCPACK(br102) 172.16.0.35 02:16:3e:41:fa:27 puppet
Oct 26 07:34:59 stack01 dnsmasq-dhcp[5180]: DHCPREQUEST(br101) 172.16.0.19 02:16:3e:7f:8e:ef
Oct 26 07:34:59 stack01 dnsmasq-dhcp[5180]: DHCPACK(br101) 172.16.0.19 02:16:3e:7f:8e:ef puppet
Oct 26 07:35:01 stack01 CRON[12820]: (root) CMD (if [ -x /etc/munin/plugins/apt_all ]; then /etc/munin/plugins/apt_all update 7200 12 >/dev/null; elif [ -x /etc/munin/plugins/apt ]; then /etc/munin/plugins/apt update 7200 12 >/dev/null; fi)
Oct 26 07:35:01 stack01 CRON[12821]: (munin) CMD (if [ -x /usr/bin/munin-cron ]; then /usr/bin/munin-cron; fi)
Oct 26 07:35:17 stack01 dnsmasq-dhcp[5323]: DHCPREQUEST(br102) 172.16.0.35 02:16:3e:41:fa:27
Oct 26 07:35:17 stack01 dnsmasq-dhcp[5323]: DHCPACK(br102) 172.16.0.35 02:16:3e:41:fa:27 puppet
Oct 26 07:36:01 stack01 dnsmasq-dhcp[5323]: DHCPREQUEST(br102) 172.16.0.35 02:16:3e:41:fa:27
Oct 26 07:36:01 stack01 dnsmasq-dhcp[5323]: DHCPACK(br102) 172.16.0.35 02:16:3e:41:fa:27 puppet
Oct 26 07:36:08 stack01 dnsmasq-dhcp[5180]: DHCPREQUEST(br101) 172.16.0.21 02:16:3e:11:af:9a
Oct 26 07:36:08 stack01 dnsmasq-dhcp[5180]: DHCPACK(br101) 172.16.0.21 02:16:3e:11:af:9a ci
Oct 26 07:36:50 stack01 dnsmasq-dhcp[5323]: DHCPREQUEST(br102) 172.16.0.35 02:16:3e:41:fa:27
Oct 26 07:36:50 stack01 dnsmasq-dhcp[5323]: DHCPACK(br102) 172.16.0.35 02:16:3e:41:fa:27 puppet
Oct 26 07:36:54 stack01 dnsmasq-dhcp[5180]: DHCPREQUEST(br101) 172.16.0.19 02:16:3e:7f:8e:ef
Oct 26 07:36:54 stack01 dnsmasq-dhcp[5180]: DHCPACK(br101) 172.16.0.19 02:16:3e:7f:8e:ef puppet
Oct 26 07:37:38 stack01 dnsmasq-dhcp[5323]: DHCPREQUEST(br102) 172.16.0.35 02:16:3e:41:fa:27
Oct 26 07:37:38 stack01 dnsmasq-dhcp[5323]: DHCPACK(br102) 172.16.0.35 02:16:3e:41:fa:27 puppet
Oct 26 07:37:49 stack01 dnsmasq-dhcp[5180]: DHCPREQUEST(br101) 172.16.0.21 02:16:3e:11:af:9a
Oct 26 07:37:49 stack01 dnsmasq-dhcp[5180]: DHCPACK(br101) 172.16.0.21 02:16:3e:11:af:9a ci
Oct 26 07:38:28 stack01 dnsmasq-dhcp[5323]: DHCPREQUEST(br102) 172.16.0.35 02:16:3e:41:fa:27
Oct 26 07:38:28 stack01 dnsmasq-dhcp[5323]: DHCPACK(br102) 172.16.0.35 02:16:3e:41:fa:27 puppet
Oct 26 07:38:36 stack01 dnsmasq-dhcp[5180]: DHCPREQUEST(br101) 172.16.0.19 02:16:3e:7f:8e:ef
Oct 26 07:38:36 stack01 dnsmasq-dhcp[5180]: DHCPACK(br101) 172.16.0.19 02:16:3e:7f:8e:ef puppet
Oct 26 07:39:01 stack01 CRON[14179]: (root) CMD ( [ -x /usr/lib/php5/maxlifetime ] && [ -d /var/lib/php5 ] && find /var/lib/php5/ -depth -mindepth 1 -maxdepth 1 -type f -cmin +$(/usr/lib/php5/maxlifetime) ! -execdir fuser -s {} 2>/dev/null \; -delete)
Oct 26 07:39:21 stack01 dnsmasq-dhcp[5323]: DHCPREQUEST(br102) 172.16.0.35 02:16:3e:41:fa:27
Oct 26 07:39:21 stack01 dnsmasq-dhcp[5323]: DHCPACK(br102) 172.16.0.35 02:16:3e:41:fa:27 puppet
Oct 26 07:39:33 stack01 dnsmasq-dhcp[5180]: DHCPREQUEST(br101) 172.16.0.21 02:16:3e:11:af:9a
Oct 26 07:39:33 stack01 dnsmasq-dhcp[5180]: DHCPACK(br101) 172.16.0.21 02:16:3e:11:af:9a ci
Oct 26 07:40:01 stack01 CRON[14238]: (root) CMD (if [ -x /etc/munin/plugins/apt_all ]; then /etc/munin/plugins/apt_all update 7200 12 >/dev/null; elif [ -x /etc/munin/plugins/apt ]; then /etc/munin/plugins/apt update 7200 12 >/dev/null; fi)
Oct 26 07:40:01 stack01 CRON[14239]: (munin) CMD (if [ -x /usr/bin/munin-cron ]; then /usr/bin/munin-cron; fi)
Oct 26 07:40:09 stack01 dnsmasq-dhcp[5323]: DHCPREQUEST(br102) 172.16.0.35 02:16:3e:41:fa:27
Oct 26 07:40:09 stack01 dnsmasq-dhcp[5323]: DHCPACK(br102) 172.16.0.35 02:16:3e:41:fa:27 puppet
Oct 26 07:40:26 stack01 pdns[6044]: gmysql Connection succesful
Oct 26 07:40:32 stack01 dnsmasq-dhcp[5180]: DHCPREQUEST(br101) 172.16.0.19 02:16:3e:7f:8e:ef
Oct 26 07:40:32 stack01 dnsmasq-dhcp[5180]: DHCPACK(br101) 172.16.0.19 02:16:3e:7f:8e:ef puppet
Oct 26 07:41:00 stack01 dnsmasq-dhcp[5323]: DHCPREQUEST(br102) 172.16.0.35 02:16:3e:41:fa:27
Oct 26 07:41:00 stack01 dnsmasq-dhcp[5323]: DHCPACK(br102) 172.16.0.35 02:16:3e:41:fa:27 puppet
Oct 26 07:41:21 stack01 dnsmasq-dhcp[5180]: DHCPREQUEST(br101) 172.16.0.21 02:16:3e:11:af:9a
Oct 26 07:41:21 stack01 dnsmasq-dhcp[5180]: DHCPACK(br101) 172.16.0.21 02:16:3e:11:af:9a ci
Oct 26 07:41:43 stack01 dnsmasq-dhcp[5323]: DHCPREQUEST(br102) 172.16.0.35 02:16:3e:41:fa:27
Oct 26 07:41:43 stack01 dnsmasq-dhcp[5323]: DHCPACK(br102) 172.16.0.35 02:16:3e:41:fa:27 puppet
Oct 26 07:42:16 stack01 dnsmasq-dhcp[5180]: DHCPREQUEST(br101) 172.16.0.19 02:16:3e:7f:8e:ef
Oct 26 07:42:16 stack01 dnsmasq-dhcp[5180]: DHCPACK(br101) 172.16.0.19 02:16:3e:7f:8e:ef puppet
Oct 26 07:42:34 stack01 dnsmasq-dhcp[5323]: DHCPREQUEST(br102) 172.16.0.35 02:16:3e:41:fa:27
Oct 26 07:42:34 stack01 dnsmasq-dhcp[5323]: DHCPACK(br102) 172.16.0.35 02:16:3e:41:fa:27 puppet
Oct 26 07:43:07 stack01 dnsmasq-dhcp[5180]: DHCPREQUEST(br101) 172.16.0.21 02:16:3e:11:af:9a
Oct 26 07:43:07 stack01 dnsmasq-dhcp[5180]: DHCPACK(br101) 172.16.0.21 02:16:3e:11:af:9a ci
Oct 26 07:43:30 stack01 dnsmasq-dhcp[5323]: DHCPREQUEST(br102) 172.16.0.35 02:16:3e:41:fa:27
Oct 26 07:43:30 stack01 dnsmasq-dhcp[5323]: DHCPACK(br102) 172.16.0.35 02:16:3e:41:fa:27 puppet
Oct 26 07:44:09 stack01 dnsmasq-dhcp[5180]: DHCPREQUEST(br101) 172.16.0.19 02:16:3e:7f:8e:ef
Oct 26 07:44:09 stack01 dnsmasq-dhcp[5180]: DHCPACK(br101) 172.16.0.19 02:16:3e:7f:8e:ef puppet
Oct 26 07:44:24 stack01 dnsmasq-dhcp[5323]: DHCPREQUEST(br102) 172.16.0.35 02:16:3e:41:fa:27
Oct 26 07:44:24 stack01 dnsmasq-dhcp[5323]: DHCPACK(br102) 172.16.0.35 02:16:3e:41:fa:27 puppet
Oct 26 07:45:01 stack01 CRON[15550]: (root) CMD (if [ -x /etc/munin/plugins/apt_all ]; then /etc/munin/plugins/apt_all update 7200 12 >/dev/null; elif [ -x /etc/munin/plugins/apt ]; then /etc/munin/plugins/apt update 7200 12 >/dev/null; fi)
Oct 26 07:45:01 stack01 CRON[15551]: (munin) CMD (if [ -x /usr/bin/munin-cron ]; then /usr/bin/munin-cron; fi)
Oct 26 07:45:04 stack01 dnsmasq-dhcp[5180]: DHCPREQUEST(br101) 172.16.0.21 02:16:3e:11:af:9a
Oct 26 07:45:04 stack01 dnsmasq-dhcp[5180]: DHCPACK(br101) 172.16.0.21 02:16:3e:11:af:9a ci
Oct 26 07:45:10 stack01 dnsmasq-dhcp[5323]: DHCPREQUEST(br102) 172.16.0.35 02:16:3e:41:fa:27
Oct 26 07:45:10 stack01 dnsmasq-dhcp[5323]: DHCPACK(br102) 172.16.0.35 02:16:3e:41:fa:27 puppet
Oct 26 07:45:55 stack01 dnsmasq-dhcp[5323]: DHCPREQUEST(br102) 172.16.0.35 02:16:3e:41:fa:27
Oct 26 07:45:55 stack01 dnsmasq-dhcp[5323]: DHCPACK(br102) 172.16.0.35 02:16:3e:41:fa:27 puppet
Oct 26 07:46:06 stack01 dnsmasq-dhcp[5180]: DHCPREQUEST(br101) 172.16.0.19 02:16:3e:7f:8e:ef
Oct 26 07:46:06 stack01 dnsmasq-dhcp[5180]: DHCPACK(br101) 172.16.0.19 02:16:3e:7f:8e:ef puppet
Oct 26 07:46:40 stack01 dnsmasq-dhcp[5323]: DHCPREQUEST(br102) 172.16.0.35 02:16:3e:41:fa:27
Oct 26 07:46:40 stack01 dnsmasq-dhcp[5323]: DHCPACK(br102) 172.16.0.35 02:16:3e:41:fa:27 puppet
Oct 26 07:46:53 stack01 dnsmasq-dhcp[5180]: DHCPREQUEST(br101) 172.16.0.21 02:16:3e:11:af:9a
Oct 26 07:46:53 stack01 dnsmasq-dhcp[5180]: DHCPACK(br101) 172.16.0.21 02:16:3e:11:af:9a ci
Oct 26 07:47:27 stack01 dnsmasq-dhcp[5323]: DHCPREQUEST(br102) 172.16.0.35 02:16:3e:41:fa:27
Oct 26 07:47:27 stack01 dnsmasq-dhcp[5323]: DHCPACK(br102) 172.16.0.35 02:16:3e:41:fa:27 puppet
Oct 26 07:48:00 stack01 dnsmasq-dhcp[5180]: DHCPREQUEST(br101) 172.16.0.19 02:16:3e:7f:8e:ef
Oct 26 07:48:00 stack01 dnsmasq-dhcp[5180]: DHCPACK(br101) 172.16.0.19 02:16:3e:7f:8e:ef puppet
Oct 26 07:48:19 stack01 dnsmasq-dhcp[5323]: DHCPREQUEST(br102) 172.16.0.35 02:16:3e:41:fa:27
Oct 26 07:48:19 stack01 dnsmasq-dhcp[5323]: DHCPACK(br102) 172.16.0.35 02:16:3e:41:fa:27 puppet
Oct 26 07:48:34 stack01 dnsmasq-dhcp[5180]: DHCPREQUEST(br101) 172.16.0.21 02:16:3e:11:af:9a
Oct 26 07:48:34 stack01 dnsmasq-dhcp[5180]: DHCPACK(br101) 172.16.0.21 02:16:3e:11:af:9a ci
Oct 26 07:49:03 stack01 dnsmasq-dhcp[5323]: DHCPREQUEST(br102) 172.16.0.35 02:16:3e:41:fa:27
Oct 26 07:49:03 stack01 dnsmasq-dhcp[5323]: DHCPACK(br102) 172.16.0.35 02:16:3e:41:fa:27 puppet
Oct 26 07:49:44 stack01 dnsmasq-dhcp[5323]: DHCPREQUEST(br102) 172.16.0.35 02:16:3e:41:fa:27
Oct 26 07:49:44 stack01 dnsmasq-dhcp[5323]: DHCPACK(br102) 172.16.0.35 02:16:3e:41:fa:27 puppet
Oct 26 07:49:49 stack01 dnsmasq-dhcp[5180]: DHCPREQUEST(br101) 172.16.0.19 02:16:3e:7f:8e:ef
Oct 26 07:49:49 stack01 dnsmasq-dhcp[5180]: DHCPACK(br101) 172.16.0.19 02:16:3e:7f:8e:ef puppet
Oct 26 07:50:01 stack01 CRON[16832]: (root) CMD (if [ -x /etc/munin/plugins/apt_all ]; then /etc/munin/plugins/apt_all update 7200 12 >/dev/null; elif [ -x /etc/munin/plugins/apt ]; then /etc/munin/plugins/apt update 7200 12 >/dev/null; fi)
Oct 26 07:50:01 stack01 CRON[16833]: (munin) CMD (if [ -x /usr/bin/munin-cron ]; then /usr/bin/munin-cron; fi)
Oct 26 07:50:04 stack01 postfix/pickup[11334]: 0E65B6A21DE: uid=0 from=
Oct 26 07:50:04 stack01 postfix/cleanup[17032]: 0E65B6A21DE: message-id=<20111026065004.0E65B6A21DE@stack01.dub01.os.managedit.ie>
Oct 26 07:50:04 stack01 postfix/qmgr[2172]: 0E65B6A21DE: from=, size=1086, nrcpt=1 (queue active)
Oct 26 07:50:04 stack01 postfix/local[17034]: 0E65B6A21DE: to=, orig_to=, relay=local, delay=0.26, delays=0.2/0.01/0/0.05, dsn=2.0.0, status=sent (delivered to mailbox)
Oct 26 07:50:04 stack01 postfix/qmgr[2172]: 0E65B6A21DE: removed
Oct 26 07:50:24 stack01 dnsmasq-dhcp[5180]: DHCPREQUEST(br101) 172.16.0.21 02:16:3e:11:af:9a
Oct 26 07:50:24 stack01 dnsmasq-dhcp[5180]: DHCPACK(br101) 172.16.0.21 02:16:3e:11:af:9a ci
Oct 26 07:50:28 stack01 dnsmasq-dhcp[5323]: DHCPREQUEST(br102) 172.16.0.35 02:16:3e:41:fa:27
Oct 26 07:50:28 stack01 dnsmasq-dhcp[5323]: DHCPACK(br102) 172.16.0.35 02:16:3e:41:fa:27 puppet
Oct 26 07:51:21 stack01 dnsmasq-dhcp[5323]: DHCPREQUEST(br102) 172.16.0.35 02:16:3e:41:fa:27
Oct 26 07:51:21 stack01 dnsmasq-dhcp[5323]: DHCPACK(br102) 172.16.0.35 02:16:3e:41:fa:27 puppet
Oct 26 07:51:43 stack01 dnsmasq-dhcp[5180]: DHCPREQUEST(br101) 172.16.0.19 02:16:3e:7f:8e:ef
Oct 26 07:51:43 stack01 dnsmasq-dhcp[5180]: DHCPACK(br101) 172.16.0.19 02:16:3e:7f:8e:ef puppet
Oct 26 07:52:04 stack01 dnsmasq-dhcp[5323]: DHCPREQUEST(br102) 172.16.0.35 02:16:3e:41:fa:27
Oct 26 07:52:04 stack01 dnsmasq-dhcp[5323]: DHCPACK(br102) 172.16.0.35 02:16:3e:41:fa:27 puppet
Oct 26 07:52:08 stack01 dnsmasq-dhcp[5180]: DHCPREQUEST(br101) 172.16.0.21 02:16:3e:11:af:9a
Oct 26 07:52:08 stack01 dnsmasq-dhcp[5180]: DHCPACK(br101) 172.16.0.21 02:16:3e:11:af:9a ci
Oct 26 07:52:11 stack01 pdns[6044]: Received NOTIFY for phostr.mobi from 78.153.223.35 but slave support is disabled in the configuration
Oct 26 07:52:11 stack01 pdns[6044]: Received NOTIFY for phostr.mobi from 78.153.223.43 but slave support is disabled in the configuration
Oct 26 07:52:51 stack01 dnsmasq-dhcp[5323]: DHCPREQUEST(br102) 172.16.0.35 02:16:3e:41:fa:27
Oct 26 07:52:51 stack01 dnsmasq-dhcp[5323]: DHCPACK(br102) 172.16.0.35 02:16:3e:41:fa:27 puppet
Oct 26 07:52:52 stack01 pdns[6041]: Scheduling exit on remote request
Oct 26 07:52:53 stack01 pdns[6041]: Guardian is killed, taking down children with us
Oct 26 07:52:55 stack01 pdns[18077]: Listening on controlsocket in '/var/run/pdns.controlsocket'
Oct 26 07:52:55 stack01 pdns[18080]: Guardian is launching an instance
Oct 26 07:52:55 stack01 pdns[18080]: Reading random entropy from '/dev/urandom'
Oct 26 07:52:55 stack01 pdns[18080]: This is module gmysqlbackend.so reporting
Oct 26 07:52:55 stack01 pdns[18080]: This is a guarded instance of pdns
Oct 26 07:52:55 stack01 pdns[18080]: UDP server bound to 78.153.223.98:53
Oct 26 07:52:55 stack01 pdns[18080]: TCP server bound to 78.153.223.98:53
Oct 26 07:52:55 stack01 pdns[18080]: PowerDNS 2.9.22 (C) 2001-2009 PowerDNS.COM BV (Aug 17 2011, 23:12:58, gcc 4.6.1) starting up
Oct 26 07:52:55 stack01 pdns[18080]: PowerDNS comes with ABSOLUTELY NO WARRANTY. This is free software, and you are welcome to redistribute it according to the terms of the GPL version 2.
Oct 26 07:52:55 stack01 pdns[18080]: Creating backend connection for TCP
Oct 26 07:52:55 stack01 pdns[18080]: Master/slave communicator launching
Oct 26 07:52:55 stack01 pdns[18080]: gmysql Connection succesful
Oct 26 07:52:55 stack01 pdns[18080]: About to create 3 backend threads for UDP
Oct 26 07:52:55 stack01 pdns[18080]: gmysql Connection succesful
Oct 26 07:52:55 stack01 pdns[18080]: gmysql Connection succesful
Oct 26 07:52:55 stack01 pdns[18080]: All slave domains are fresh
Oct 26 07:52:55 stack01 pdns[18080]: gmysql Connection succesful
Oct 26 07:52:55 stack01 pdns[18080]: gmysql Connection succesful
Oct 26 07:52:56 stack01 pdns[18080]: Done launching threads, ready to distribute questions
Oct 26 07:53:22 stack01 pdns[18080]: Received NOTIFY for phostr.mobi from 78.153.223.35 for which we are not authoritative
Oct 26 07:53:22 stack01 pdns[18080]: Created new slave zone 'phostr.mobi' from supermaster 78.153.223.35, queued axfr
Oct 26 07:53:22 stack01 pdns[18080]: Initiating transfer of 'phostr.mobi' from remote '78.153.223.35'
Oct 26 07:53:22 stack01 pdns[18080]: gmysql Connection succesful
Oct 26 07:53:22 stack01 pdns[18080]: AXFR started for 'phostr.mobi', transaction started
Oct 26 07:53:23 stack01 pdns[18080]: AXFR done for 'phostr.mobi', zone committed
Oct 26 07:53:31 stack01 dnsmasq-dhcp[5180]: DHCPREQUEST(br101) 172.16.0.19 02:16:3e:7f:8e:ef
Oct 26 07:53:31 stack01 dnsmasq-dhcp[5180]: DHCPACK(br101) 172.16.0.19 02:16:3e:7f:8e:ef puppet
Oct 26 07:53:40 stack01 dnsmasq-dhcp[5323]: DHCPREQUEST(br102) 172.16.0.35 02:16:3e:41:fa:27
Oct 26 07:53:40 stack01 dnsmasq-dhcp[5323]: DHCPACK(br102) 172.16.0.35 02:16:3e:41:fa:27 puppet
Oct 26 07:53:54 stack01 dnsmasq-dhcp[5180]: DHCPREQUEST(br101) 172.16.0.21 02:16:3e:11:af:9a
Oct 26 07:53:54 stack01 dnsmasq-dhcp[5180]: DHCPACK(br101) 172.16.0.21 02:16:3e:11:af:9a ci
Oct 26 07:54:27 stack01 dnsmasq-dhcp[5323]: DHCPREQUEST(br102) 172.16.0.35 02:16:3e:41:fa:27
Oct 26 07:54:27 stack01 dnsmasq-dhcp[5323]: DHCPACK(br102) 172.16.0.35 02:16:3e:41:fa:27 puppet
Oct 26 07:55:01 stack01 CRON[18193]: (root) CMD (if [ -x /etc/munin/plugins/apt_all ]; then /etc/munin/plugins/apt_all update 7200 12 >/dev/null; elif [ -x /etc/munin/plugins/apt ]; then /etc/munin/plugins/apt update 7200 12 >/dev/null; fi)
Oct 26 07:55:01 stack01 CRON[18194]: (munin) CMD (if [ -x /usr/bin/munin-cron ]; then /usr/bin/munin-cron; fi)
Oct 26 07:55:16 stack01 dnsmasq-dhcp[5323]: DHCPREQUEST(br102) 172.16.0.35 02:16:3e:41:fa:27
Oct 26 07:55:16 stack01 dnsmasq-dhcp[5323]: DHCPACK(br102) 172.16.0.35 02:16:3e:41:fa:27 puppet
Oct 26 07:55:26 stack01 dnsmasq-dhcp[5180]: DHCPREQUEST(br101) 172.16.0.19 02:16:3e:7f:8e:ef
Oct 26 07:55:26 stack01 dnsmasq-dhcp[5180]: DHCPACK(br101) 172.16.0.19 02:16:3e:7f:8e:ef puppet
Oct 26 07:55:37 stack01 dnsmasq-dhcp[5180]: DHCPREQUEST(br101) 172.16.0.21 02:16:3e:11:af:9a
Oct 26 07:55:37 stack01 dnsmasq-dhcp[5180]: DHCPACK(br101) 172.16.0.21 02:16:3e:11:af:9a ci
Oct 26 07:56:09 stack01 dnsmasq-dhcp[5323]: DHCPREQUEST(br102) 172.16.0.35 02:16:3e:41:fa:27
Oct 26 07:56:09 stack01 dnsmasq-dhcp[5323]: DHCPACK(br102) 172.16.0.35 02:16:3e:41:fa:27 puppet
Oct 26 07:57:03 stack01 dnsmasq-dhcp[5323]: DHCPREQUEST(br102) 172.16.0.35 02:16:3e:41:fa:27
Oct 26 07:57:03 stack01 dnsmasq-dhcp[5323]: DHCPACK(br102) 172.16.0.35 02:16:3e:41:fa:27 puppet
Oct 26 07:57:09 stack01 dnsmasq-dhcp[5180]: DHCPREQUEST(br101) 172.16.0.19 02:16:3e:7f:8e:ef
Oct 26 07:57:09 stack01 dnsmasq-dhcp[5180]: DHCPACK(br101) 172.16.0.19 02:16:3e:7f:8e:ef puppet
Oct 26 07:57:34 stack01 dnsmasq-dhcp[5180]: DHCPREQUEST(br101) 172.16.0.21 02:16:3e:11:af:9a
Oct 26 07:57:34 stack01 dnsmasq-dhcp[5180]: DHCPACK(br101) 172.16.0.21 02:16:3e:11:af:9a ci
Oct 26 07:57:47 stack01 dnsmasq-dhcp[5323]: DHCPREQUEST(br102) 172.16.0.35 02:16:3e:41:fa:27
Oct 26 07:57:47 stack01 dnsmasq-dhcp[5323]: DHCPACK(br102) 172.16.0.35 02:16:3e:41:fa:27 puppet
Oct 26 07:58:30 stack01 dnsmasq-dhcp[5323]: DHCPREQUEST(br102) 172.16.0.35 02:16:3e:41:fa:27
Oct 26 07:58:30 stack01 dnsmasq-dhcp[5323]: DHCPACK(br102) 172.16.0.35 02:16:3e:41:fa:27 puppet
Oct 26 07:58:54 stack01 dnsmasq-dhcp[5180]: DHCPREQUEST(br101) 172.16.0.19 02:16:3e:7f:8e:ef
Oct 26 07:58:54 stack01 dnsmasq-dhcp[5180]: DHCPACK(br101) 172.16.0.19 02:16:3e:7f:8e:ef puppet
Oct 26 07:59:15 stack01 dnsmasq-dhcp[5323]: DHCPREQUEST(br102) 172.16.0.35 02:16:3e:41:fa:27
Oct 26 07:59:15 stack01 dnsmasq-dhcp[5323]: DHCPACK(br102) 172.16.0.35 02:16:3e:41:fa:27 puppet
Oct 26 07:59:24 stack01 dnsmasq-dhcp[5180]: DHCPREQUEST(br101) 172.16.0.21 02:16:3e:11:af:9a
Oct 26 07:59:24 stack01 dnsmasq-dhcp[5180]: DHCPACK(br101) 172.16.0.21 02:16:3e:11:af:9a ci
Oct 26 07:59:33 stack01 pdns[18080]: Received NOTIFY for phostr.org from 78.153.223.35 for which we are not authoritative
Oct 26 07:59:33 stack01 pdns[18080]: Received NOTIFY for phostr.org from 78.153.223.43 for which we are not authoritative
Oct 26 07:59:33 stack01 pdns[18080]: Unable to find backend willing to host phostr.org for potential supermaster 78.153.223.43
Oct 26 07:59:33 stack01 pdns[18080]: Created new slave zone 'phostr.org' from supermaster 78.153.223.35, queued axfr
Oct 26 07:59:33 stack01 pdns[18080]: Initiating transfer of 'phostr.org' from remote '78.153.223.35'
Oct 26 07:59:33 stack01 pdns[18080]: gmysql Connection succesful
Oct 26 07:59:33 stack01 pdns[18080]: AXFR started for 'phostr.org', transaction started
Oct 26 07:59:33 stack01 pdns[18080]: AXFR done for 'phostr.org', zone committed
Oct 26 07:59:33 stack01 pdns[18080]: Received NOTIFY for phostr.net from 78.153.223.35 for which we are not authoritative
Oct 26 07:59:33 stack01 pdns[18080]: Received NOTIFY for phostr.net from 78.153.223.43 for which we are not authoritative
Oct 26 07:59:33 stack01 pdns[18080]: Unable to find backend willing to host phostr.net for potential supermaster 78.153.223.43
Oct 26 07:59:33 stack01 pdns[18080]: Created new slave zone 'phostr.net' from supermaster 78.153.223.35, queued axfr
Oct 26 07:59:34 stack01 pdns[18080]: Initiating transfer of 'phostr.net' from remote '78.153.223.35'
Oct 26 07:59:34 stack01 pdns[18080]: gmysql Connection succesful
Oct 26 07:59:34 stack01 pdns[18080]: AXFR started for 'phostr.net', transaction started
Oct 26 07:59:34 stack01 pdns[18080]: AXFR done for 'phostr.net', zone committed
Oct 26 08:00:01 stack01 CRON[19548]: (root) CMD (if [ -x /etc/munin/plugins/apt_all ]; then /etc/munin/plugins/apt_all update 7200 12 >/dev/null; elif [ -x /etc/munin/plugins/apt ]; then /etc/munin/plugins/apt update 7200 12 >/dev/null; fi)
Oct 26 08:00:01 stack01 CRON[19549]: (munin) CMD (if [ -x /usr/bin/munin-cron ]; then /usr/bin/munin-cron; fi)
Oct 26 08:00:03 stack01 dnsmasq-dhcp[5323]: DHCPREQUEST(br102) 172.16.0.35 02:16:3e:41:fa:27
Oct 26 08:00:03 stack01 dnsmasq-dhcp[5323]: DHCPACK(br102) 172.16.0.35 02:16:3e:41:fa:27 puppet
Oct 26 08:00:16 stack01 pdns[18080]: Received NOTIFY for phostr.com from 78.153.223.35 for which we are not authoritative
Oct 26 08:00:16 stack01 pdns[18080]: Received NOTIFY for managedit.ie from 78.153.223.35 for which we are not authoritative
Oct 26 08:00:16 stack01 pdns[18080]: Received NOTIFY for phostr.com from 78.153.223.43 which is not a master
Oct 26 08:00:16 stack01 pdns[18080]: Received NOTIFY for managedit.ie from 78.153.223.43 which is not a master
Oct 26 08:00:16 stack01 pdns[18080]: Created new slave zone 'managedit.ie' from supermaster 78.153.223.35, queued axfr
Oct 26 08:00:16 stack01 pdns[18080]: Created new slave zone 'phostr.com' from supermaster 78.153.223.35, queued axfr
Oct 26 08:00:17 stack01 pdns[18080]: Initiating transfer of 'managedit.ie' from remote '78.153.223.35'
Oct 26 08:00:17 stack01 pdns[18080]: gmysql Connection succesful
Oct 26 08:00:17 stack01 pdns[18080]: AXFR started for 'managedit.ie', transaction started
Oct 26 08:00:17 stack01 pdns[18080]: AXFR done for 'managedit.ie', zone committed
Oct 26 08:00:17 stack01 pdns[18080]: Initiating transfer of 'phostr.com' from remote '78.153.223.35'
Oct 26 08:00:17 stack01 pdns[18080]: gmysql Connection succesful
Oct 26 08:00:17 stack01 pdns[18080]: AXFR started for 'phostr.com', transaction started
Oct 26 08:00:17 stack01 pdns[18080]: AXFR done for 'phostr.com', zone committed
Oct 26 08:00:41 stack01 dnsmasq-dhcp[5180]: DHCPREQUEST(br101) 172.16.0.19 02:16:3e:7f:8e:ef
Oct 26 08:00:41 stack01 dnsmasq-dhcp[5180]: DHCPACK(br101) 172.16.0.19 02:16:3e:7f:8e:ef puppet
Oct 26 08:00:52 stack01 dnsmasq-dhcp[5323]: DHCPREQUEST(br102) 172.16.0.35 02:16:3e:41:fa:27
Oct 26 08:00:52 stack01 dnsmasq-dhcp[5323]: DHCPACK(br102) 172.16.0.35 02:16:3e:41:fa:27 puppet
Oct 26 08:01:10 stack01 dnsmasq-dhcp[5180]: DHCPREQUEST(br101) 172.16.0.21 02:16:3e:11:af:9a
Oct 26 08:01:10 stack01 dnsmasq-dhcp[5180]: DHCPACK(br101) 172.16.0.21 02:16:3e:11:af:9a ci
Oct 26 08:01:42 stack01 dnsmasq-dhcp[5323]: DHCPREQUEST(br102) 172.16.0.35 02:16:3e:41:fa:27
Oct 26 08:01:42 stack01 dnsmasq-dhcp[5323]: DHCPACK(br102) 172.16.0.35 02:16:3e:41:fa:27 puppet
Oct 26 08:02:30 stack01 dnsmasq-dhcp[5323]: DHCPREQUEST(br102) 172.16.0.35 02:16:3e:41:fa:27
Oct 26 08:02:30 stack01 dnsmasq-dhcp[5323]: DHCPACK(br102) 172.16.0.35 02:16:3e:41:fa:27 puppet
Oct 26 08:02:40 stack01 dnsmasq-dhcp[5180]: DHCPREQUEST(br101) 172.16.0.19 02:16:3e:7f:8e:ef
Oct 26 08:02:40 stack01 dnsmasq-dhcp[5180]: DHCPACK(br101) 172.16.0.19 02:16:3e:7f:8e:ef puppet
Oct 26 08:02:55 stack01 dnsmasq-dhcp[5180]: DHCPREQUEST(br101) 172.16.0.21 02:16:3e:11:af:9a
Oct 26 08:02:55 stack01 dnsmasq-dhcp[5180]: DHCPACK(br101) 172.16.0.21 02:16:3e:11:af:9a ci
Oct 26 08:03:19 stack01 dnsmasq-dhcp[5323]: DHCPREQUEST(br102) 172.16.0.35 02:16:3e:41:fa:27
Oct 26 08:03:19 stack01 dnsmasq-dhcp[5323]: DHCPACK(br102) 172.16.0.35 02:16:3e:41:fa:27 puppet
Oct 26 08:04:00 stack01 dnsmasq-dhcp[5323]: DHCPREQUEST(br102) 172.16.0.35 02:16:3e:41:fa:27
Oct 26 08:04:00 stack01 dnsmasq-dhcp[5323]: DHCPACK(br102) 172.16.0.35 02:16:3e:41:fa:27 puppet
Oct 26 08:04:30 stack01 dnsmasq-dhcp[5180]: DHCPREQUEST(br101) 172.16.0.19 02:16:3e:7f:8e:ef
Oct 26 08:04:30 stack01 dnsmasq-dhcp[5180]: DHCPACK(br101) 172.16.0.19 02:16:3e:7f:8e:ef puppet
Oct 26 08:04:41 stack01 dnsmasq-dhcp[5180]: DHCPREQUEST(br101) 172.16.0.21 02:16:3e:11:af:9a
Oct 26 08:04:41 stack01 dnsmasq-dhcp[5180]: DHCPACK(br101) 172.16.0.21 02:16:3e:11:af:9a ci
Oct 26 08:04:53 stack01 dnsmasq-dhcp[5323]: DHCPREQUEST(br102) 172.16.0.35 02:16:3e:41:fa:27
Oct 26 08:04:53 stack01 dnsmasq-dhcp[5323]: DHCPACK(br102) 172.16.0.35 02:16:3e:41:fa:27 puppet
Oct 26 08:05:01 stack01 CRON[20838]: (munin) CMD (if [ -x /usr/bin/munin-cron ]; then /usr/bin/munin-cron; fi)
Oct 26 08:05:01 stack01 CRON[20839]: (root) CMD (if [ -x /etc/munin/plugins/apt_all ]; then /etc/munin/plugins/apt_all update 7200 12 >/dev/null; elif [ -x /etc/munin/plugins/apt ]; then /etc/munin/plugins/apt update 7200 12 >/dev/null; fi)
Oct 26 08:05:43 stack01 dnsmasq-dhcp[5323]: DHCPREQUEST(br102) 172.16.0.35 02:16:3e:41:fa:27
Oct 26 08:05:43 stack01 dnsmasq-dhcp[5323]: DHCPACK(br102) 172.16.0.35 02:16:3e:41:fa:27 puppet
Oct 26 08:06:22 stack01 dnsmasq-dhcp[5180]: DHCPREQUEST(br101) 172.16.0.19 02:16:3e:7f:8e:ef
Oct 26 08:06:22 stack01 dnsmasq-dhcp[5180]: DHCPACK(br101) 172.16.0.19 02:16:3e:7f:8e:ef puppet
Oct 26 08:06:23 stack01 dnsmasq-dhcp[5180]: DHCPREQUEST(br101) 172.16.0.21 02:16:3e:11:af:9a
Oct 26 08:06:23 stack01 dnsmasq-dhcp[5180]: DHCPACK(br101) 172.16.0.21 02:16:3e:11:af:9a ci
Oct 26 08:06:34 stack01 dnsmasq-dhcp[5323]: DHCPREQUEST(br102) 172.16.0.35 02:16:3e:41:fa:27
Oct 26 08:06:34 stack01 dnsmasq-dhcp[5323]: DHCPACK(br102) 172.16.0.35 02:16:3e:41:fa:27 puppet
Oct 26 08:07:27 stack01 dnsmasq-dhcp[5323]: DHCPREQUEST(br102) 172.16.0.35 02:16:3e:41:fa:27
Oct 26 08:07:27 stack01 dnsmasq-dhcp[5323]: DHCPACK(br102) 172.16.0.35 02:16:3e:41:fa:27 puppet
Oct 26 08:08:04 stack01 dnsmasq-dhcp[5180]: DHCPREQUEST(br101) 172.16.0.19 02:16:3e:7f:8e:ef
Oct 26 08:08:04 stack01 dnsmasq-dhcp[5180]: DHCPACK(br101) 172.16.0.19 02:16:3e:7f:8e:ef puppet
Oct 26 08:08:12 stack01 dnsmasq-dhcp[5180]: DHCPREQUEST(br101) 172.16.0.21 02:16:3e:11:af:9a
Oct 26 08:08:12 stack01 dnsmasq-dhcp[5180]: DHCPACK(br101) 172.16.0.21 02:16:3e:11:af:9a ci
Oct 26 08:08:18 stack01 dnsmasq-dhcp[5323]: DHCPREQUEST(br102) 172.16.0.35 02:16:3e:41:fa:27
Oct 26 08:08:18 stack01 dnsmasq-dhcp[5323]: DHCPACK(br102) 172.16.0.35 02:16:3e:41:fa:27 puppet
Oct 26 08:09:01 stack01 CRON[22037]: (root) CMD ( [ -x /usr/lib/php5/maxlifetime ] && [ -d /var/lib/php5 ] && find /var/lib/php5/ -depth -mindepth 1 -maxdepth 1 -type f -cmin +$(/usr/lib/php5/maxlifetime) ! -execdir fuser -s {} 2>/dev/null \; -delete)
Oct 26 08:09:08 stack01 dnsmasq-dhcp[5323]: DHCPREQUEST(br102) 172.16.0.35 02:16:3e:41:fa:27
Oct 26 08:09:08 stack01 dnsmasq-dhcp[5323]: DHCPACK(br102) 172.16.0.35 02:16:3e:41:fa:27 puppet
Oct 26 08:09:49 stack01 dnsmasq-dhcp[5180]: DHCPREQUEST(br101) 172.16.0.19 02:16:3e:7f:8e:ef
Oct 26 08:09:49 stack01 dnsmasq-dhcp[5180]: DHCPACK(br101) 172.16.0.19 02:16:3e:7f:8e:ef puppet
Oct 26 08:09:53 stack01 dnsmasq-dhcp[5180]: DHCPREQUEST(br101) 172.16.0.21 02:16:3e:11:af:9a
Oct 26 08:09:53 stack01 dnsmasq-dhcp[5180]: DHCPACK(br101) 172.16.0.21 02:16:3e:11:af:9a ci
Oct 26 08:10:01 stack01 CRON[22101]: (root) CMD (if [ -x /etc/munin/plugins/apt_all ]; then /etc/munin/plugins/apt_all update 7200 12 >/dev/null; elif [ -x /etc/munin/plugins/apt ]; then /etc/munin/plugins/apt update 7200 12 >/dev/null; fi)
Oct 26 08:10:01 stack01 CRON[22102]: (munin) CMD (if [ -x /usr/bin/munin-cron ]; then /usr/bin/munin-cron; fi)
Oct 26 08:10:03 stack01 dnsmasq-dhcp[5323]: DHCPREQUEST(br102) 172.16.0.35 02:16:3e:41:fa:27
Oct 26 08:10:03 stack01 dnsmasq-dhcp[5323]: DHCPACK(br102) 172.16.0.35 02:16:3e:41:fa:27 puppet
Oct 26 08:10:44 stack01 dnsmasq-dhcp[5323]: DHCPREQUEST(br102) 172.16.0.35 02:16:3e:41:fa:27
Oct 26 08:10:44 stack01 dnsmasq-dhcp[5323]: DHCPACK(br102) 172.16.0.35 02:16:3e:41:fa:27 puppet
Oct 26 08:11:38 stack01 dnsmasq-dhcp[5180]: DHCPREQUEST(br101) 172.16.0.21 02:16:3e:11:af:9a
Oct 26 08:11:38 stack01 dnsmasq-dhcp[5180]: DHCPACK(br101) 172.16.0.21 02:16:3e:11:af:9a ci
Oct 26 08:11:39 stack01 dnsmasq-dhcp[5323]: DHCPREQUEST(br102) 172.16.0.35 02:16:3e:41:fa:27
Oct 26 08:11:39 stack01 dnsmasq-dhcp[5323]: DHCPACK(br102) 172.16.0.35 02:16:3e:41:fa:27 puppet
Oct 26 08:11:46 stack01 dnsmasq-dhcp[5180]: DHCPREQUEST(br101) 172.16.0.19 02:16:3e:7f:8e:ef
Oct 26 08:11:46 stack01 dnsmasq-dhcp[5180]: DHCPACK(br101) 172.16.0.19 02:16:3e:7f:8e:ef puppet
Oct 26 08:11:55 stack01 pdns[18077]: Scheduling exit on remote request
Oct 26 08:11:56 stack01 pdns[18077]: Guardian is killed, taking down children with us
Oct 26 08:11:58 stack01 pdns[23358]: Listening on controlsocket in '/var/run/pdns.controlsocket'
Oct 26 08:11:58 stack01 pdns[23361]: Guardian is launching an instance
Oct 26 08:11:58 stack01 pdns[23361]: Reading random entropy from '/dev/urandom'
Oct 26 08:11:58 stack01 pdns[23361]: This is module gmysqlbackend.so reporting
Oct 26 08:11:58 stack01 pdns[23361]: This is a guarded instance of pdns
Oct 26 08:11:58 stack01 pdns[23361]: UDP server bound to 78.153.223.98:53
Oct 26 08:11:58 stack01 pdns[23361]: TCP server bound to 78.153.223.98:53
Oct 26 08:11:58 stack01 pdns[23361]: PowerDNS 2.9.22 (C) 2001-2009 PowerDNS.COM BV (Aug 17 2011, 23:12:58, gcc 4.6.1) starting up
Oct 26 08:11:58 stack01 pdns[23361]: PowerDNS comes with ABSOLUTELY NO WARRANTY. This is free software, and you are welcome to redistribute it according to the terms of the GPL version 2.
Oct 26 08:11:58 stack01 pdns[23361]: Creating backend connection for TCP
Oct 26 08:11:58 stack01 pdns[23361]: Master/slave communicator launching
Oct 26 08:11:58 stack01 pdns[23361]: gmysql Connection succesful
Oct 26 08:11:58 stack01 pdns[23361]: About to create 3 backend threads for UDP
Oct 26 08:11:58 stack01 pdns[23361]: gmysql Connection succesful
Oct 26 08:11:58 stack01 pdns[23361]: gmysql Connection succesful
Oct 26 08:11:58 stack01 pdns[23361]: All slave domains are fresh
Oct 26 08:11:58 stack01 pdns[23361]: gmysql Connection succesful
Oct 26 08:11:58 stack01 pdns[23361]: gmysql Connection succesful
Oct 26 08:11:58 stack01 pdns[23361]: Done launching threads, ready to distribute questions
Oct 26 08:12:28 stack01 dnsmasq-dhcp[5323]: DHCPREQUEST(br102) 172.16.0.35 02:16:3e:41:fa:27
Oct 26 08:12:28 stack01 dnsmasq-dhcp[5323]: DHCPACK(br102) 172.16.0.35 02:16:3e:41:fa:27 puppet
Oct 26 08:13:22 stack01 dnsmasq-dhcp[5323]: DHCPREQUEST(br102) 172.16.0.35 02:16:3e:41:fa:27
Oct 26 08:13:22 stack01 dnsmasq-dhcp[5323]: DHCPACK(br102) 172.16.0.35 02:16:3e:41:fa:27 puppet
Oct 26 08:13:29 stack01 dnsmasq-dhcp[5180]: DHCPREQUEST(br101) 172.16.0.19 02:16:3e:7f:8e:ef
Oct 26 08:13:29 stack01 dnsmasq-dhcp[5180]: DHCPACK(br101) 172.16.0.19 02:16:3e:7f:8e:ef puppet
Oct 26 08:13:34 stack01 dnsmasq-dhcp[5180]: DHCPREQUEST(br101) 172.16.0.21 02:16:3e:11:af:9a
Oct 26 08:13:34 stack01 dnsmasq-dhcp[5180]: DHCPACK(br101) 172.16.0.21 02:16:3e:11:af:9a ci
Oct 26 08:14:11 stack01 dnsmasq-dhcp[5323]: DHCPREQUEST(br102) 172.16.0.35 02:16:3e:41:fa:27
Oct 26 08:14:11 stack01 dnsmasq-dhcp[5323]: DHCPACK(br102) 172.16.0.35 02:16:3e:41:fa:27 puppet
Oct 26 08:14:27 stack01 pdns[23358]: Scheduling exit on remote request
Oct 26 08:14:28 stack01 pdns[23358]: Guardian is killed, taking down children with us
Oct 26 08:14:30 stack01 pdns[23525]: Listening on controlsocket in '/var/run/pdns.controlsocket'
Oct 26 08:14:30 stack01 pdns[23528]: Guardian is launching an instance
Oct 26 08:14:30 stack01 pdns[23528]: Reading random entropy from '/dev/urandom'
Oct 26 08:14:30 stack01 pdns[23528]: This is module gmysqlbackend.so reporting
Oct 26 08:14:30 stack01 pdns[23528]: This is a guarded instance of pdns
Oct 26 08:14:30 stack01 pdns[23528]: UDP server bound to 78.153.223.98:53
Oct 26 08:14:30 stack01 pdns[23528]: TCP server bound to 78.153.223.98:53
Oct 26 08:14:30 stack01 pdns[23528]: PowerDNS 2.9.22 (C) 2001-2009 PowerDNS.COM BV (Aug 17 2011, 23:12:58, gcc 4.6.1) starting up
Oct 26 08:14:30 stack01 pdns[23528]: PowerDNS comes with ABSOLUTELY NO WARRANTY. This is free software, and you are welcome to redistribute it according to the terms of the GPL version 2.
Oct 26 08:14:30 stack01 pdns[23528]: Creating backend connection for TCP
Oct 26 08:14:30 stack01 pdns[23528]: Master/slave communicator launching
Oct 26 08:14:30 stack01 pdns[23528]: gmysql Connection succesful
Oct 26 08:14:30 stack01 pdns[23528]: About to create 3 backend threads for UDP
Oct 26 08:14:30 stack01 pdns[23528]: gmysql Connection succesful
Oct 26 08:14:30 stack01 pdns[23528]: All slave domains are fresh
Oct 26 08:14:30 stack01 pdns[23528]: gmysql Connection succesful
Oct 26 08:14:30 stack01 pdns[23528]: 5 domains for which we are master need notifications
Oct 26 08:14:30 stack01 pdns[23528]: gmysql Connection succesful
Oct 26 08:14:30 stack01 pdns[23528]: gmysql Connection succesful
Oct 26 08:14:30 stack01 pdns[23528]: Done launching threads, ready to distribute questions
Oct 26 08:14:30 stack01 pdns[23528]: Queued notification of domain 'phostr.mobi' to 216.218.130.2
Oct 26 08:14:30 stack01 pdns[23528]: Queued notification of domain 'phostr.mobi' to 216.218.131.2
Oct 26 08:14:30 stack01 pdns[23528]: Queued notification of domain 'phostr.mobi' to 216.218.132.2
Oct 26 08:14:30 stack01 pdns[23528]: Queued notification of domain 'phostr.mobi' to 216.66.1.2
Oct 26 08:14:30 stack01 pdns[23528]: Queued notification of domain 'phostr.mobi' to 216.66.80.18
Oct 26 08:14:30 stack01 pdns[23528]: Queued notification of domain 'phostr.mobi' to 78.153.223.98
Oct 26 08:14:30 stack01 pdns[23528]: Queued notification of domain 'phostr.org' to 216.218.130.2
Oct 26 08:14:30 stack01 pdns[23528]: Queued notification of domain 'phostr.org' to 216.218.131.2
Oct 26 08:14:30 stack01 pdns[23528]: Queued notification of domain 'phostr.org' to 216.218.132.2
Oct 26 08:14:30 stack01 pdns[23528]: Queued notification of domain 'phostr.org' to 216.66.1.2
Oct 26 08:14:30 stack01 pdns[23528]: Queued notification of domain 'phostr.org' to 216.66.80.18
Oct 26 08:14:30 stack01 pdns[23528]: Queued notification of domain 'phostr.org' to 78.153.223.98
Oct 26 08:14:31 stack01 pdns[23528]: Queued notification of domain 'phostr.net' to 216.218.130.2
Oct 26 08:14:31 stack01 pdns[23528]: Queued notification of domain 'phostr.net' to 216.218.131.2
Oct 26 08:14:31 stack01 pdns[23528]: Queued notification of domain 'phostr.net' to 216.218.132.2
Oct 26 08:14:31 stack01 pdns[23528]: Queued notification of domain 'phostr.net' to 216.66.1.2
Oct 26 08:14:31 stack01 pdns[23528]: Queued notification of domain 'phostr.net' to 216.66.80.18
Oct 26 08:14:31 stack01 pdns[23528]: Queued notification of domain 'phostr.net' to 78.153.223.98
Oct 26 08:14:31 stack01 pdns[23528]: Queued notification of domain 'managedit.ie' to 216.218.130.2
Oct 26 08:14:31 stack01 pdns[23528]: Queued notification of domain 'managedit.ie' to 216.218.131.2
Oct 26 08:14:31 stack01 pdns[23528]: Queued notification of domain 'managedit.ie' to 216.218.132.2
Oct 26 08:14:31 stack01 pdns[23528]: Queued notification of domain 'managedit.ie' to 216.66.1.2
Oct 26 08:14:31 stack01 pdns[23528]: Queued notification of domain 'managedit.ie' to 216.66.80.18
Oct 26 08:14:31 stack01 pdns[23528]: Queued notification of domain 'managedit.ie' to 78.153.223.98
Oct 26 08:14:31 stack01 pdns[23528]: Queued notification of domain 'phostr.com' to 216.218.130.2
Oct 26 08:14:31 stack01 pdns[23528]: Queued notification of domain 'phostr.com' to 216.218.131.2
Oct 26 08:14:31 stack01 pdns[23528]: Queued notification of domain 'phostr.com' to 216.218.132.2
Oct 26 08:14:31 stack01 pdns[23528]: Queued notification of domain 'phostr.com' to 216.66.1.2
Oct 26 08:14:31 stack01 pdns[23528]: Queued notification of domain 'phostr.com' to 216.66.80.18
Oct 26 08:14:31 stack01 pdns[23528]: Queued notification of domain 'phostr.com' to 78.153.223.98
Oct 26 08:14:31 stack01 pdns[23528]: Received NOTIFY for phostr.org from 78.153.223.98 which is not a master
Oct 26 08:14:31 stack01 pdns[23528]: Received NOTIFY for phostr.net from 78.153.223.98 which is not a master
Oct 26 08:14:31 stack01 pdns[23528]: Received NOTIFY for phostr.mobi from 78.153.223.98 which is not a master
Oct 26 08:14:31 stack01 pdns[23528]: Received NOTIFY for managedit.ie from 78.153.223.98 which is not a master
Oct 26 08:14:31 stack01 pdns[23528]: Received NOTIFY for phostr.com from 78.153.223.98 which is not a master
Oct 26 08:14:32 stack01 pdns[23528]: Received unsuccesful notification report for 'phostr.org' from 78.153.223.98, rcode: 5
Oct 26 08:14:32 stack01 pdns[23528]: Removed from notification list: 'phostr.org' to 78.153.223.98
Oct 26 08:14:32 stack01 pdns[23528]: Received unsuccesful notification report for 'phostr.net' from 78.153.223.98, rcode: 5
Oct 26 08:14:32 stack01 pdns[23528]: Removed from notification list: 'phostr.net' to 78.153.223.98
Oct 26 08:14:32 stack01 pdns[23528]: Received unsuccesful notification report for 'phostr.mobi' from 78.153.223.98, rcode: 5
Oct 26 08:14:32 stack01 pdns[23528]: Removed from notification list: 'phostr.mobi' to 78.153.223.98
Oct 26 08:14:32 stack01 pdns[23528]: Received unsuccesful notification report for 'managedit.ie' from 78.153.223.98, rcode: 5
Oct 26 08:14:32 stack01 pdns[23528]: Removed from notification list: 'managedit.ie' to 78.153.223.98
Oct 26 08:14:32 stack01 pdns[23528]: Received unsuccesful notification report for 'phostr.com' from 78.153.223.98, rcode: 5
Oct 26 08:14:32 stack01 pdns[23528]: Removed from notification list: 'phostr.com' to 78.153.223.98
Oct 26 08:14:32 stack01 pdns[23528]: Received unsuccesful notification report for 'phostr.mobi' from 216.66.80.18, rcode: 4
Oct 26 08:14:32 stack01 pdns[23528]: Removed from notification list: 'phostr.mobi' to 216.66.80.18
Oct 26 08:14:32 stack01 pdns[23528]: Received unsuccesful notification report for 'managedit.ie' from 216.66.80.18, rcode: 4
Oct 26 08:14:32 stack01 pdns[23528]: Removed from notification list: 'managedit.ie' to 216.66.80.18
Oct 26 08:14:32 stack01 pdns[23528]: Received unsuccesful notification report for 'phostr.org' from 216.66.80.18, rcode: 4
Oct 26 08:14:32 stack01 pdns[23528]: Removed from notification list: 'phostr.org' to 216.66.80.18
Oct 26 08:14:32 stack01 pdns[23528]: Received unsuccesful notification report for 'phostr.net' from 216.66.80.18, rcode: 4
Oct 26 08:14:32 stack01 pdns[23528]: Removed from notification list: 'phostr.net' to 216.66.80.18
Oct 26 08:14:32 stack01 pdns[23528]: Received unsuccesful notification report for 'phostr.com' from 216.66.80.18, rcode: 4
Oct 26 08:14:32 stack01 pdns[23528]: Removed from notification list: 'phostr.com' to 216.66.80.18
Oct 26 08:14:32 stack01 pdns[23528]: Received unsuccesful notification report for 'phostr.mobi' from 216.66.1.2, rcode: 4
Oct 26 08:14:32 stack01 pdns[23528]: Removed from notification list: 'phostr.mobi' to 216.66.1.2
Oct 26 08:14:32 stack01 pdns[23528]: Received unsuccesful notification report for 'phostr.org' from 216.66.1.2, rcode: 4
Oct 26 08:14:32 stack01 pdns[23528]: Removed from notification list: 'phostr.org' to 216.66.1.2
Oct 26 08:14:32 stack01 pdns[23528]: Received unsuccesful notification report for 'phostr.net' from 216.66.1.2, rcode: 4
Oct 26 08:14:32 stack01 pdns[23528]: Removed from notification list: 'phostr.net' to 216.66.1.2
Oct 26 08:14:32 stack01 pdns[23528]: Received unsuccesful notification report for 'managedit.ie' from 216.66.1.2, rcode: 4
Oct 26 08:14:32 stack01 pdns[23528]: Removed from notification list: 'managedit.ie' to 216.66.1.2
Oct 26 08:14:32 stack01 pdns[23528]: Received unsuccesful notification report for 'phostr.com' from 216.66.1.2, rcode: 4
Oct 26 08:14:32 stack01 pdns[23528]: Removed from notification list: 'phostr.com' to 216.66.1.2
Oct 26 08:14:32 stack01 pdns[23528]: Received unsuccesful notification report for 'phostr.mobi' from 216.218.131.2, rcode: 4
Oct 26 08:14:32 stack01 pdns[23528]: Removed from notification list: 'phostr.mobi' to 216.218.131.2
Oct 26 08:14:32 stack01 pdns[23528]: Received unsuccesful notification report for 'phostr.org' from 216.218.131.2, rcode: 4
Oct 26 08:14:32 stack01 pdns[23528]: Removed from notification list: 'phostr.org' to 216.218.131.2
Oct 26 08:14:32 stack01 pdns[23528]: Received unsuccesful notification report for 'phostr.net' from 216.218.131.2, rcode: 4
Oct 26 08:14:32 stack01 pdns[23528]: Removed from notification list: 'phostr.net' to 216.218.131.2
Oct 26 08:14:32 stack01 pdns[23528]: Received unsuccesful notification report for 'phostr.com' from 216.218.131.2, rcode: 4
Oct 26 08:14:32 stack01 pdns[23528]: Removed from notification list: 'phostr.com' to 216.218.131.2
Oct 26 08:14:32 stack01 pdns[23528]: Received unsuccesful notification report for 'phostr.mobi' from 216.218.130.2, rcode: 5
Oct 26 08:14:32 stack01 pdns[23528]: Removed from notification list: 'phostr.mobi' to 216.218.130.2
Oct 26 08:14:32 stack01 pdns[23528]: Received unsuccesful notification report for 'phostr.org' from 216.218.130.2, rcode: 5
