Oct 26 17:35:01 stack01 CRON[20641]: (root) CMD (if [ -x /etc/munin/plugins/apt_all ]; then /etc/munin/plugins/apt_all update 7200 12 >/dev/null; elif [ -x /etc/munin/plugins/apt ]; then /etc/munin/plugins/apt update 7200 12 >/dev/null; fi)
Oct 26 17:35:01 stack01 CRON[20642]: (munin) CMD (if [ -x /usr/bin/munin-cron ]; then /usr/bin/munin-cron; fi)
Oct 26 17:35:03 stack01 dnsmasq-dhcp[5323]: DHCPREQUEST(br102) 172.16.0.35 02:16:3e:41:fa:27
Oct 26 17:35:03 stack01 dnsmasq-dhcp[5323]: DHCPACK(br102) 172.16.0.35 02:16:3e:41:fa:27 puppet
Oct 26 17:35:14 stack01 dnsmasq-dhcp[5180]: DHCPREQUEST(br101) 172.16.0.21 02:16:3e:11:af:9a
Oct 26 17:35:14 stack01 dnsmasq-dhcp[5180]: DHCPACK(br101) 172.16.0.21 02:16:3e:11:af:9a ci
Oct 26 17:35:41 stack01 dnsmasq-dhcp[5180]: DHCPREQUEST(br101) 172.16.0.22 02:16:3e:75:46:da
Oct 26 17:35:41 stack01 dnsmasq-dhcp[5180]: DHCPACK(br101) 172.16.0.22 02:16:3e:75:46:da temp
Oct 26 17:35:56 stack01 dnsmasq-dhcp[5323]: DHCPREQUEST(br102) 172.16.0.35 02:16:3e:41:fa:27
Oct 26 17:35:56 stack01 dnsmasq-dhcp[5323]: DHCPACK(br102) 172.16.0.35 02:16:3e:41:fa:27 puppet
Oct 26 17:36:22 stack01 dnsmasq-dhcp[5180]: DHCPREQUEST(br101) 172.16.0.19 02:16:3e:7f:8e:ef
Oct 26 17:36:22 stack01 dnsmasq-dhcp[5180]: DHCPACK(br101) 172.16.0.19 02:16:3e:7f:8e:ef puppet
Oct 26 17:36:42 stack01 dnsmasq-dhcp[5323]: DHCPREQUEST(br102) 172.16.0.35 02:16:3e:41:fa:27
Oct 26 17:36:42 stack01 dnsmasq-dhcp[5323]: DHCPACK(br102) 172.16.0.35 02:16:3e:41:fa:27 puppet
Oct 26 17:36:56 stack01 dnsmasq-dhcp[5180]: DHCPREQUEST(br101) 172.16.0.21 02:16:3e:11:af:9a
Oct 26 17:36:56 stack01 dnsmasq-dhcp[5180]: DHCPACK(br101) 172.16.0.21 02:16:3e:11:af:9a ci
Oct 26 17:37:23 stack01 dnsmasq-dhcp[5180]: DHCPREQUEST(br101) 172.16.0.22 02:16:3e:75:46:da
Oct 26 17:37:23 stack01 dnsmasq-dhcp[5180]: DHCPACK(br101) 172.16.0.22 02:16:3e:75:46:da temp
Oct 26 17:37:25 stack01 dnsmasq-dhcp[5323]: DHCPREQUEST(br102) 172.16.0.35 02:16:3e:41:fa:27
Oct 26 17:37:25 stack01 dnsmasq-dhcp[5323]: DHCPACK(br102) 172.16.0.35 02:16:3e:41:fa:27 puppet
Oct 26 17:38:10 stack01 dnsmasq-dhcp[5180]: DHCPREQUEST(br101) 172.16.0.19 02:16:3e:7f:8e:ef
Oct 26 17:38:10 stack01 dnsmasq-dhcp[5180]: DHCPACK(br101) 172.16.0.19 02:16:3e:7f:8e:ef puppet
Oct 26 17:38:18 stack01 dnsmasq-dhcp[5323]: DHCPREQUEST(br102) 172.16.0.35 02:16:3e:41:fa:27
Oct 26 17:38:18 stack01 dnsmasq-dhcp[5323]: DHCPACK(br102) 172.16.0.35 02:16:3e:41:fa:27 puppet
Oct 26 17:38:39 stack01 dnsmasq-dhcp[5180]: DHCPREQUEST(br101) 172.16.0.21 02:16:3e:11:af:9a
Oct 26 17:38:39 stack01 dnsmasq-dhcp[5180]: DHCPACK(br101) 172.16.0.21 02:16:3e:11:af:9a ci
Oct 26 17:39:01 stack01 CRON[22029]: (root) CMD ( [ -x /usr/lib/php5/maxlifetime ] && [ -d /var/lib/php5 ] && find /var/lib/php5/ -depth -mindepth 1 -maxdepth 1 -type f -cmin +$(/usr/lib/php5/maxlifetime) ! -execdir fuser -s {} 2>/dev/null \; -delete)
Oct 26 17:39:03 stack01 dnsmasq-dhcp[5323]: DHCPREQUEST(br102) 172.16.0.35 02:16:3e:41:fa:27
Oct 26 17:39:03 stack01 dnsmasq-dhcp[5323]: DHCPACK(br102) 172.16.0.35 02:16:3e:41:fa:27 puppet
Oct 26 17:39:06 stack01 dnsmasq-dhcp[5180]: DHCPREQUEST(br101) 172.16.0.22 02:16:3e:75:46:da
Oct 26 17:39:06 stack01 dnsmasq-dhcp[5180]: DHCPACK(br101) 172.16.0.22 02:16:3e:75:46:da temp
Oct 26 17:39:45 stack01 dnsmasq-dhcp[5323]: DHCPREQUEST(br102) 172.16.0.35 02:16:3e:41:fa:27
Oct 26 17:39:45 stack01 dnsmasq-dhcp[5323]: DHCPACK(br102) 172.16.0.35 02:16:3e:41:fa:27 puppet
Oct 26 17:39:53 stack01 dnsmasq-dhcp[5180]: DHCPREQUEST(br101) 172.16.0.19 02:16:3e:7f:8e:ef
Oct 26 17:39:53 stack01 dnsmasq-dhcp[5180]: DHCPACK(br101) 172.16.0.19 02:16:3e:7f:8e:ef puppet
Oct 26 17:40:01 stack01 CRON[22103]: (root) CMD (if [ -x /etc/munin/plugins/apt_all ]; then /etc/munin/plugins/apt_all update 7200 12 >/dev/null; elif [ -x /etc/munin/plugins/apt ]; then /etc/munin/plugins/apt update 7200 12 >/dev/null; fi)
Oct 26 17:40:01 stack01 CRON[22104]: (munin) CMD (if [ -x /usr/bin/munin-cron ]; then /usr/bin/munin-cron; fi)
Oct 26 17:40:06 stack01 postfix/pickup[16300]: 56BAD6A242F: uid=0 from=
Oct 26 17:40:06 stack01 postfix/cleanup[22396]: 56BAD6A242F: message-id=<20111026164006.56BAD6A242F@stack01.dub01.os.managedit.ie>
Oct 26 17:40:06 stack01 postfix/qmgr[2172]: 56BAD6A242F: from=, size=874, nrcpt=1 (queue active)
Oct 26 17:40:06 stack01 postfix/local[22413]: 56BAD6A242F: to=, orig_to=, relay=local, delay=0.25, delays=0.17/0.01/0/0.07, dsn=2.0.0, status=sent (delivered to mailbox)
Oct 26 17:40:06 stack01 postfix/qmgr[2172]: 56BAD6A242F: removed
Oct 26 17:40:21 stack01 dnsmasq-dhcp[5180]: DHCPREQUEST(br101) 172.16.0.21 02:16:3e:11:af:9a
Oct 26 17:40:21 stack01 dnsmasq-dhcp[5180]: DHCPACK(br101) 172.16.0.21 02:16:3e:11:af:9a ci
Oct 26 17:40:36 stack01 dnsmasq-dhcp[5323]: DHCPREQUEST(br102) 172.16.0.35 02:16:3e:41:fa:27
Oct 26 17:40:36 stack01 dnsmasq-dhcp[5323]: DHCPACK(br102) 172.16.0.35 02:16:3e:41:fa:27 puppet
Oct 26 17:40:52 stack01 dnsmasq-dhcp[5180]: DHCPREQUEST(br101) 172.16.0.22 02:16:3e:75:46:da
Oct 26 17:40:52 stack01 dnsmasq-dhcp[5180]: DHCPACK(br101) 172.16.0.22 02:16:3e:75:46:da temp
Oct 26 17:41:28 stack01 dnsmasq-dhcp[5323]: DHCPREQUEST(br102) 172.16.0.35 02:16:3e:41:fa:27
Oct 26 17:41:28 stack01 dnsmasq-dhcp[5323]: DHCPACK(br102) 172.16.0.35 02:16:3e:41:fa:27 puppet
Oct 26 17:41:31 stack01 kernel: [48784.076457] general protection fault: 0000 [#8] SMP
Oct 26 17:41:31 stack01 kernel: [48784.080017] CPU 7
Oct 26 17:41:31 stack01 kernel: [48784.080017] Modules linked in: speedstep_lib ebt_arp ebt_ip 8021q garp ip6table_filter ip6_tables ebtable_nat ebtables ipt_MASQUERADE iptable_nat nf_nat nf_conntrack_ipv4 nf_defrag_ipv4 xt_state nf_conntrack iscsi_trgt ipt_REJECT xt_CHECKSUM iptable_mangle xt_tcpudp iptable_filter ip_tables x_tables bridge stp kvm_amd kvm vesafb ib_iser rdma_cm ib_cm iw_cm ib_sa ib_mad ib_core ib_addr iscsi_tcp libiscsi_tcp libiscsi scsi_transport_iscsi nbd amd64_edac_mod edac_core psmouse sp5100_tco serio_raw dm_multipath ghes joydev hed i2c_piix4 k10temp edac_mce_amd lp parport raid10 raid456 async_pq async_xor usbhid hid xor async_memcpy async_raid6_recov pata_atiixp ahci igb libahci dca raid6_pq async_tx raid1 raid0 multipath linear
Oct 26 17:41:31 stack01 kernel: [48784.080017]
Oct 26 17:41:31 stack01 kernel: [48784.080017] Pid: 3772, comm: bash Tainted: G D 3.0.0-12-server #20-Ubuntu HP ProLiant DL165 G7
Oct 26 17:41:31 stack01 kernel: [48784.080017] RIP: 0010:[] [] fget_light+0x96/0xe0
Oct 26 17:41:31 stack01 kernel: [48784.080017] RSP: 0018:ffff8801b9879f28 EFLAGS: 00010206
Oct 26 17:41:31 stack01 kernel: [48784.080017] RAX: ffff8801b98a8480 RBX: 0000000000000000 RCX: 0000000000000008
Oct 26 17:41:31 stack01 kernel: [48784.080017] RDX: 000088027a78ecc0 RSI: ffff8801b9879f54 RDI: ffff8801b9b6d7f8
Oct 26 17:41:31 stack01 kernel: [48784.080017] RBP: ffff8801b9879f28 R08: 0000000000000004 R09: ffff8801b9b6d000
Oct 26 17:41:31 stack01 kernel: [48784.080017] R10: 0000000000000008 R11: 0000000000000246 R12: 00000000000000ff
Oct 26 17:41:31 stack01 kernel: [48784.080017] R13: 0000000000005410 R14: 00007fff2e6a2fac R15: 0000000000000001
Oct 26 17:41:31 stack01 kernel: [48784.080017] FS: 00007f17c0334720(0000) GS:ffff88033fc60000(0000) knlGS:0000000000000000
Oct 26 17:41:31 stack01 kernel: [48784.080017] CS: 0010 DS: 0000 ES: 0000 CR0: 0000000080050033
Oct 26 17:41:31 stack01 kernel: [48784.080017] CR2: 0000000002282000 CR3: 0000000285573000 CR4: 00000000000006e0
Oct 26 17:41:31 stack01 kernel: [48784.080017] DR0: 0000000000000000 DR1: 0000000000000000 DR2: 0000000000000000
Oct 26 17:41:31 stack01 kernel: [48784.080017] DR3: 0000000000000000 DR6: 00000000ffff0ff0 DR7: 0000000000000400
Oct 26 17:41:31 stack01 kernel: [48784.080017] Process bash (pid: 3772, threadinfo ffff8801b9878000, task ffff88024b988000)
Oct 26 17:41:31 stack01 kernel: [48784.080017] Stack:
Oct 26 17:41:31 stack01 kernel: [48784.080017] ffff8801b9879f78 ffffffff8117937f ffff880138bbd040 0000000000390000
Oct 26 17:41:31 stack01 kernel: [48784.080017] ffff8801b9879f78 00000000810742c8 0000000000000000 0000000000000001
Oct 26 17:41:31 stack01 kernel: [48784.080017] 0000000000000000 0000000000000000 0000000000000ebc ffffffff81606c02
Oct 26 17:41:31 stack01 kernel: [48784.080017] Call Trace:
Oct 26 17:41:31 stack01 kernel: [48784.080017] [] sys_ioctl+0x2f/0xa0
Oct 26 17:41:31 stack01 kernel: [48784.080017] [] system_call_fastpath+0x16/0x1b
Oct 26 17:41:31 stack01 kernel: [48784.080017] Code: 75 4a c7 06 01 00 00 00 48 89 d0 5d c3 0f 1f 84 00 00 00 00 00 3b 38 73 ef 4c 8b 48 08 89 ff 49 8d 3c f9 48 8b 17 48 85 d2 74 dd 42 3d 40 b8 00 00 00 00 5d 48 0f 45 d0 48 89 d0 c3 0f 1f 84
Oct 26 17:41:31 stack01 kernel: [48784.080017] RIP [] fget_light+0x96/0xe0
Oct 26 17:41:31 stack01 kernel: [48784.080017] RSP
Oct 26 17:41:31 stack01 kernel: [48784.761865] ---[ end trace 3db970a3e7847d81 ]---
Oct 26 17:41:32 stack01 kernel: [48784.781867] general protection fault: 0000 [#9] SMP
Oct 26 17:41:32 stack01 kernel: [48784.784454] CPU 7
Oct 26 17:41:32 stack01 kernel: [48784.784454] Modules linked in: speedstep_lib ebt_arp ebt_ip 8021q garp ip6table_filter ip6_tables ebtable_nat ebtables ipt_MASQUERADE iptable_nat nf_nat nf_conntrack_ipv4 nf_defrag_ipv4 xt_state nf_conntrack iscsi_trgt ipt_REJECT xt_CHECKSUM iptable_mangle xt_tcpudp iptable_filter ip_tables x_tables bridge stp kvm_amd kvm vesafb ib_iser rdma_cm ib_cm iw_cm ib_sa ib_mad ib_core ib_addr iscsi_tcp libiscsi_tcp libiscsi scsi_transport_iscsi nbd amd64_edac_mod edac_core psmouse sp5100_tco serio_raw dm_multipath ghes joydev hed i2c_piix4 k10temp edac_mce_amd lp parport raid10 raid456 async_pq async_xor usbhid hid xor async_memcpy async_raid6_recov pata_atiixp ahci igb libahci dca raid6_pq async_tx raid1 raid0 multipath linear
Oct 26 17:41:32 stack01 kernel: [48784.784454]
Oct 26 17:41:32 stack01 kernel: [48784.784454] Pid: 3772, comm: bash Tainted: G D 3.0.0-12-server #20-Ubuntu HP ProLiant DL165 G7
Oct 26 17:41:32 stack01 kernel: [48784.784454] RIP: 0010:[] [] filp_close+0x19/0x90
Oct 26 17:41:32 stack01 kernel: [48784.784454] RSP: 0018:ffff8801b9879cc8 EFLAGS: 00010282
Oct 26 17:41:32 stack01 kernel: [48784.784454] RAX: ffff8801b9b6d7f8 RBX: 00000000000000c0 RCX: 0000000000000000
Oct 26 17:41:32 stack01 kernel: [48784.784454] RDX: ffff880138bbcfc0 RSI: ffff880138bbcfc0 RDI: 000088027a78ecc0
Oct 26 17:41:32 stack01 kernel: [48784.784454] RBP: ffff8801b9879ce8 R08: ffffffff81132ce5 R09: 0000000000000000
Oct 26 17:41:32 stack01 kernel: [48784.784454] R10: ffff8802b8e02010 R11: 0000000000000006 R12: 0000000000000004
Oct 26 17:41:32 stack01 kernel: [48784.784454] R13: 0000000000000001 R14: ffff8801b98a8480 R15: 00000000000000ff
Oct 26 17:41:32 stack01 kernel: [48784.784454] FS: 00007f17c0334720(0000) GS:ffff88033fc60000(0000) knlGS:0000000000000000
Oct 26 17:41:32 stack01 kernel: [48784.784454] CS: 0010 DS: 0000 ES: 0000 CR0: 0000000080050033
Oct 26 17:41:32 stack01 kernel: [48784.784454] CR2: 0000000002282000 CR3: 0000000001c03000 CR4: 00000000000006e0
Oct 26 17:41:32 stack01 kernel: [48784.784454] DR0: 0000000000000000 DR1: 0000000000000000 DR2: 0000000000000000
Oct 26 17:41:32 stack01 kernel: [48784.784454] DR3: 0000000000000000 DR6: 00000000ffff0ff0 DR7: 0000000000000400
Oct 26 17:41:32 stack01 kernel: [48784.784454] Process bash (pid: 3772, threadinfo ffff8801b9878000, task ffff88024b988000)
Oct 26 17:41:32 stack01 kernel: [48784.784454] Stack:
Oct 26 17:41:32 stack01 kernel: [48784.784454] ffffea00043349e8 00000000000000c0 0000000000000004 0000000000000001
Oct 26 17:41:32 stack01 kernel: [48784.784454] ffff8801b9879d38 ffffffff81060f4a 0000000000000000 ffff880138bbcfc0
Oct 26 17:41:32 stack01 kernel: [48784.784454] ffff88024b988600 ffff880138bbcfc0 ffff88024b988600 ffff88024b988000
Oct 26 17:41:32 stack01 kernel: [48784.784454] Call Trace:
Oct 26 17:41:32 stack01 kernel: [48784.784454] [] put_files_struct.part.14+0x7a/0xe0
Oct 26 17:41:32 stack01 kernel: [48784.784454] [] put_files_struct+0x18/0x20
Oct 26 17:41:32 stack01 kernel: [48784.784454] [] exit_files+0x54/0x70
Oct 26 17:41:32 stack01 kernel: [48784.784454] [] do_exit+0x19d/0x440
Oct 26 17:41:32 stack01 kernel: [48784.784454] [] oops_end+0xb0/0xf0
Oct 26 17:41:32 stack01 kernel: [48784.784454] [] die+0x58/0x90
Oct 26 17:41:32 stack01 kernel: [48784.784454] [] do_general_protection+0x162/0x170
Oct 26 17:41:32 stack01 kernel: [48784.784454] [] general_protection+0x25/0x30
Oct 26 17:41:32 stack01 kernel: [48784.784454] [] ? fget_light+0x96/0xe0
Oct 26 17:41:32 stack01 kernel: [48784.784454] [] sys_ioctl+0x2f/0xa0
Oct 26 17:41:32 stack01 kernel: [48784.784454] [] system_call_fastpath+0x16/0x1b
Oct 26 17:41:32 stack01 kernel: [48784.784454] Code: 00 00 00 00 e8 f9 e2 f8 ff 48 83 c4 18 5b 5d c3 66 90 55 48 89 e5 48 83 ec 20 48 89 5d e8 4c 89 65 f0 4c 89 6d f8 66 66 66 66 90
Oct 26 17:41:32 stack01 kernel: [48784.784454] RIP [] filp_close+0x19/0x90
Oct 26 17:41:32 stack01 kernel: [48784.784454] RSP
Oct 26 17:41:32 stack01 kernel: [48785.632797] ---[ end trace 3db970a3e7847d82 ]---
Oct 26 17:41:32 stack01 kernel: [48785.650156] Fixing recursive fault but reboot is needed!
Oct 26 17:41:35 stack01 dnsmasq-dhcp[5180]: DHCPREQUEST(br101) 172.16.0.19 02:16:3e:7f:8e:ef
Oct 26 17:41:35 stack01 dnsmasq-dhcp[5180]: DHCPACK(br101) 172.16.0.19 02:16:3e:7f:8e:ef puppet
Oct 26 17:42:10 stack01 dnsmasq-dhcp[5323]: DHCPREQUEST(br102) 172.16.0.35 02:16:3e:41:fa:27
Oct 26 17:42:10 stack01 dnsmasq-dhcp[5323]: DHCPACK(br102) 172.16.0.35 02:16:3e:41:fa:27 puppet
Oct 26 17:42:13 stack01 dnsmasq-dhcp[5180]: DHCPREQUEST(br101) 172.16.0.21 02:16:3e:11:af:9a
Oct 26 17:42:13 stack01 dnsmasq-dhcp[5180]: DHCPACK(br101) 172.16.0.21 02:16:3e:11:af:9a ci
Oct 26 17:42:36 stack01 dnsmasq-dhcp[5180]: DHCPREQUEST(br101) 172.16.0.22 02:16:3e:75:46:da
Oct 26 17:42:36 stack01 dnsmasq-dhcp[5180]: DHCPACK(br101) 172.16.0.22 02:16:3e:75:46:da temp
Oct 26 17:42:58 stack01 dnsmasq-dhcp[5323]: DHCPREQUEST(br102) 172.16.0.35 02:16:3e:41:fa:27
Oct 26 17:42:58 stack01 dnsmasq-dhcp[5323]: DHCPACK(br102) 172.16.0.35 02:16:3e:41:fa:27 puppet
Oct 26 17:43:15 stack01 dnsmasq-dhcp[5180]: DHCPREQUEST(br101) 172.16.0.19 02:16:3e:7f:8e:ef
Oct 26 17:43:15 stack01 dnsmasq-dhcp[5180]: DHCPACK(br101) 172.16.0.19 02:16:3e:7f:8e:ef puppet
Oct 26 17:43:46 stack01 dnsmasq-dhcp[5323]: DHCPREQUEST(br102) 172.16.0.35 02:16:3e:41:fa:27
Oct 26 17:43:46 stack01 dnsmasq-dhcp[5323]: DHCPACK(br102) 172.16.0.35 02:16:3e:41:fa:27 puppet
Oct 26 17:44:12 stack01 dnsmasq-dhcp[5180]: DHCPREQUEST(br101) 172.16.0.21 02:16:3e:11:af:9a
Oct 26 17:44:12 stack01 dnsmasq-dhcp[5180]: DHCPACK(br101) 172.16.0.21 02:16:3e:11:af:9a ci
Oct 26 17:44:30 stack01 dnsmasq-dhcp[5180]: DHCPREQUEST(br101) 172.16.0.22 02:16:3e:75:46:da
Oct 26 17:44:30 stack01 dnsmasq-dhcp[5180]: DHCPACK(br101) 172.16.0.22 02:16:3e:75:46:da temp
Oct 26 17:44:38 stack01 dnsmasq-dhcp[5323]: DHCPREQUEST(br102) 172.16.0.35 02:16:3e:41:fa:27
Oct 26 17:44:38 stack01 dnsmasq-dhcp[5323]: DHCPACK(br102) 172.16.0.35 02:16:3e:41:fa:27 puppet
Oct 26 17:44:59 stack01 dnsmasq-dhcp[5180]: DHCPREQUEST(br101) 172.16.0.19 02:16:3e:7f:8e:ef
Oct 26 17:44:59 stack01 dnsmasq-dhcp[5180]: DHCPACK(br101) 172.16.0.19 02:16:3e:7f:8e:ef puppet
Oct 26 17:45:01 stack01 CRON[23665]: (root) CMD (if [ -x /etc/munin/plugins/apt_all ]; then /etc/munin/plugins/apt_all update 7200 12 >/dev/null; elif [ -x /etc/munin/plugins/apt ]; then /etc/munin/plugins/apt update 7200 12 >/dev/null; fi)
Oct 26 17:45:01 stack01 CRON[23666]: (munin) CMD (if [ -x /usr/bin/munin-cron ]; then /usr/bin/munin-cron; fi)
Oct 26 17:45:24 stack01 dnsmasq-dhcp[5323]: DHCPREQUEST(br102) 172.16.0.35 02:16:3e:41:fa:27
Oct 26 17:45:24 stack01 dnsmasq-dhcp[5323]: DHCPACK(br102) 172.16.0.35 02:16:3e:41:fa:27 puppet
Oct 26 17:45:51 stack01 dnsmasq-dhcp[5180]: DHCPREQUEST(br101) 172.16.0.21 02:16:3e:11:af:9a
Oct 26 17:45:51 stack01 dnsmasq-dhcp[5180]: DHCPACK(br101) 172.16.0.21 02:16:3e:11:af:9a ci
Oct 26 17:46:08 stack01 dnsmasq-dhcp[5323]: DHCPREQUEST(br102) 172.16.0.35 02:16:3e:41:fa:27
Oct 26 17:46:08 stack01 dnsmasq-dhcp[5323]: DHCPACK(br102) 172.16.0.35 02:16:3e:41:fa:27 puppet
Oct 26 17:46:22 stack01 dnsmasq-dhcp[5180]: DHCPREQUEST(br101) 172.16.0.22 02:16:3e:75:46:da
Oct 26 17:46:22 stack01 dnsmasq-dhcp[5180]: DHCPACK(br101) 172.16.0.22 02:16:3e:75:46:da temp
Oct 26 17:46:45 stack01 dnsmasq-dhcp[5180]: DHCPREQUEST(br101) 172.16.0.19 02:16:3e:7f:8e:ef
Oct 26 17:46:45 stack01 dnsmasq-dhcp[5180]: DHCPACK(br101) 172.16.0.19 02:16:3e:7f:8e:ef puppet
Oct 26 17:46:49 stack01 dnsmasq-dhcp[5323]: DHCPREQUEST(br102) 172.16.0.35 02:16:3e:41:fa:27
Oct 26 17:46:49 stack01 dnsmasq-dhcp[5323]: DHCPACK(br102) 172.16.0.35 02:16:3e:41:fa:27 puppet
Oct 26 17:47:35 stack01 dnsmasq-dhcp[5180]: DHCPREQUEST(br101) 172.16.0.21 02:16:3e:11:af:9a
Oct 26 17:47:35 stack01 dnsmasq-dhcp[5180]: DHCPACK(br101) 172.16.0.21 02:16:3e:11:af:9a ci
Oct 26 17:47:41 stack01 dnsmasq-dhcp[5323]: DHCPREQUEST(br102) 172.16.0.35 02:16:3e:41:fa:27
Oct 26 17:47:41 stack01 dnsmasq-dhcp[5323]: DHCPACK(br102) 172.16.0.35 02:16:3e:41:fa:27 puppet
Oct 26 17:48:19 stack01 dnsmasq-dhcp[5180]: DHCPREQUEST(br101) 172.16.0.22 02:16:3e:75:46:da
Oct 26 17:48:19 stack01 dnsmasq-dhcp[5180]: DHCPACK(br101) 172.16.0.22 02:16:3e:75:46:da temp
Oct 26 17:48:27 stack01 dnsmasq-dhcp[5180]: DHCPREQUEST(br101) 172.16.0.19 02:16:3e:7f:8e:ef
Oct 26 17:48:27 stack01 dnsmasq-dhcp[5180]: DHCPACK(br101) 172.16.0.19 02:16:3e:7f:8e:ef puppet
Oct 26 17:48:27 stack01 dnsmasq-dhcp[5323]: DHCPREQUEST(br102) 172.16.0.35 02:16:3e:41:fa:27
Oct 26 17:48:27 stack01 dnsmasq-dhcp[5323]: DHCPACK(br102) 172.16.0.35 02:16:3e:41:fa:27 puppet
Oct 26 17:49:11 stack01 dnsmasq-dhcp[5323]: DHCPREQUEST(br102) 172.16.0.35 02:16:3e:41:fa:27
Oct 26 17:49:11 stack01 dnsmasq-dhcp[5323]: DHCPACK(br102) 172.16.0.35 02:16:3e:41:fa:27 puppet
Oct 26 17:49:27 stack01 dnsmasq-dhcp[5180]: DHCPREQUEST(br101) 172.16.0.21 02:16:3e:11:af:9a
Oct 26 17:49:27 stack01 dnsmasq-dhcp[5180]: DHCPACK(br101) 172.16.0.21 02:16:3e:11:af:9a ci
Oct 26 17:49:57 stack01 dnsmasq-dhcp[5323]: DHCPREQUEST(br102) 172.16.0.35 02:16:3e:41:fa:27
Oct 26 17:49:57 stack01 dnsmasq-dhcp[5323]: DHCPACK(br102) 172.16.0.35 02:16:3e:41:fa:27 puppet
Oct 26 17:50:01 stack01 CRON[25044]: (root) CMD (if [ -x /etc/munin/plugins/apt_all ]; then /etc/munin/plugins/apt_all update 7200 12 >/dev/null; elif [ -x /etc/munin/plugins/apt ]; then /etc/munin/plugins/apt update 7200 12 >/dev/null; fi)
Oct 26 17:50:01 stack01 CRON[25045]: (munin) CMD (if [ -x /usr/bin/munin-cron ]; then /usr/bin/munin-cron; fi)
Oct 26 17:50:11 stack01 dnsmasq-dhcp[5180]: DHCPREQUEST(br101) 172.16.0.22 02:16:3e:75:46:da
Oct 26 17:50:11 stack01 dnsmasq-dhcp[5180]: DHCPACK(br101) 172.16.0.22 02:16:3e:75:46:da temp
Oct 26 17:50:19 stack01 dnsmasq-dhcp[5180]: DHCPREQUEST(br101) 172.16.0.19 02:16:3e:7f:8e:ef
Oct 26 17:50:19 stack01 dnsmasq-dhcp[5180]: DHCPACK(br101) 172.16.0.19 02:16:3e:7f:8e:ef puppet
Oct 26 17:50:41 stack01 dnsmasq-dhcp[5323]: DHCPREQUEST(br102) 172.16.0.35 02:16:3e:41:fa:27
Oct 26 17:50:41 stack01 dnsmasq-dhcp[5323]: DHCPACK(br102) 172.16.0.35 02:16:3e:41:fa:27 puppet
Oct 26 17:51:08 stack01 dnsmasq-dhcp[5180]: DHCPREQUEST(br101) 172.16.0.21 02:16:3e:11:af:9a
Oct 26 17:51:08 stack01 dnsmasq-dhcp[5180]: DHCPACK(br101) 172.16.0.21 02:16:3e:11:af:9a ci
Oct 26 17:51:27 stack01 dnsmasq-dhcp[5323]: DHCPREQUEST(br102) 172.16.0.35 02:16:3e:41:fa:27
Oct 26 17:51:27 stack01 dnsmasq-dhcp[5323]: DHCPACK(br102) 172.16.0.35 02:16:3e:41:fa:27 puppet
Oct 26 17:51:59 stack01 dnsmasq-dhcp[5180]: DHCPREQUEST(br101) 172.16.0.19 02:16:3e:7f:8e:ef
Oct 26 17:51:59 stack01 dnsmasq-dhcp[5180]: DHCPACK(br101) 172.16.0.19 02:16:3e:7f:8e:ef puppet
Oct 26 17:52:03 stack01 dnsmasq-dhcp[5180]: DHCPREQUEST(br101) 172.16.0.22 02:16:3e:75:46:da
Oct 26 17:52:03 stack01 dnsmasq-dhcp[5180]: DHCPACK(br101) 172.16.0.22 02:16:3e:75:46:da temp
Oct 26 17:52:17 stack01 dnsmasq-dhcp[5323]: DHCPREQUEST(br102) 172.16.0.35 02:16:3e:41:fa:27
Oct 26 17:52:17 stack01 dnsmasq-dhcp[5323]: DHCPACK(br102) 172.16.0.35 02:16:3e:41:fa:27 puppet
Oct 26 17:52:48 stack01 dnsmasq-dhcp[5180]: DHCPREQUEST(br101) 172.16.0.21 02:16:3e:11:af:9a
Oct 26 17:52:48 stack01 dnsmasq-dhcp[5180]: DHCPACK(br101) 172.16.0.21 02:16:3e:11:af:9a ci
Oct 26 17:53:01 stack01 dnsmasq-dhcp[5323]: DHCPREQUEST(br102) 172.16.0.35 02:16:3e:41:fa:27
Oct 26 17:53:01 stack01 dnsmasq-dhcp[5323]: DHCPACK(br102) 172.16.0.35 02:16:3e:41:fa:27 puppet
Oct 26 17:53:52 stack01 dnsmasq-dhcp[5323]: DHCPREQUEST(br102) 172.16.0.35 02:16:3e:41:fa:27
Oct 26 17:53:52 stack01 dnsmasq-dhcp[5323]: DHCPACK(br102) 172.16.0.35 02:16:3e:41:fa:27 puppet
Oct 26 17:53:52 stack01 dnsmasq-dhcp[5180]: DHCPREQUEST(br101) 172.16.0.22 02:16:3e:75:46:da
Oct 26 17:53:52 stack01 dnsmasq-dhcp[5180]: DHCPACK(br101) 172.16.0.22 02:16:3e:75:46:da temp
Oct 26 17:53:54 stack01 dnsmasq-dhcp[5180]: DHCPREQUEST(br101) 172.16.0.19 02:16:3e:7f:8e:ef
Oct 26 17:53:54 stack01 dnsmasq-dhcp[5180]: DHCPACK(br101) 172.16.0.19 02:16:3e:7f:8e:ef puppet
Oct 26 17:54:34 stack01 dnsmasq-dhcp[5180]: DHCPREQUEST(br101) 172.16.0.21 02:16:3e:11:af:9a
Oct 26 17:54:34 stack01 dnsmasq-dhcp[5180]: DHCPACK(br101) 172.16.0.21 02:16:3e:11:af:9a ci
Oct 26 17:54:36 stack01 dnsmasq-dhcp[5323]: DHCPREQUEST(br102) 172.16.0.35 02:16:3e:41:fa:27
Oct 26 17:54:36 stack01 dnsmasq-dhcp[5323]: DHCPACK(br102) 172.16.0.35 02:16:3e:41:fa:27 puppet
Oct 26 17:55:01 stack01 CRON[26378]: (root) CMD (if [ -x /etc/munin/plugins/apt_all ]; then /etc/munin/plugins/apt_all update 7200 12 >/dev/null; elif [ -x /etc/munin/plugins/apt ]; then /etc/munin/plugins/apt update 7200 12 >/dev/null; fi)
Oct 26 17:55:01 stack01 CRON[26379]: (munin) CMD (if [ -x /usr/bin/munin-cron ]; then /usr/bin/munin-cron; fi)
Oct 26 17:55:29 stack01 dnsmasq-dhcp[5323]: DHCPREQUEST(br102) 172.16.0.35 02:16:3e:41:fa:27
Oct 26 17:55:29 stack01 dnsmasq-dhcp[5323]: DHCPACK(br102) 172.16.0.35 02:16:3e:41:fa:27 puppet
Oct 26 17:55:35 stack01 dnsmasq-dhcp[5180]: DHCPREQUEST(br101) 172.16.0.22 02:16:3e:75:46:da
Oct 26 17:55:35 stack01 dnsmasq-dhcp[5180]: DHCPACK(br101) 172.16.0.22 02:16:3e:75:46:da temp
Oct 26 17:55:35 stack01 dnsmasq-dhcp[5180]: DHCPREQUEST(br101) 172.16.0.19 02:16:3e:7f:8e:ef
Oct 26 17:55:35 stack01 dnsmasq-dhcp[5180]: DHCPACK(br101) 172.16.0.19 02:16:3e:7f:8e:ef puppet
Oct 26 17:56:15 stack01 dnsmasq-dhcp[5180]: DHCPREQUEST(br101) 172.16.0.21 02:16:3e:11:af:9a
Oct 26 17:56:15 stack01 dnsmasq-dhcp[5180]: DHCPACK(br101) 172.16.0.21 02:16:3e:11:af:9a ci
Oct 26 17:56:19 stack01 dnsmasq-dhcp[5323]: DHCPREQUEST(br102) 172.16.0.35 02:16:3e:41:fa:27
Oct 26 17:56:19 stack01 dnsmasq-dhcp[5323]: DHCPACK(br102) 172.16.0.35 02:16:3e:41:fa:27 puppet
Oct 26 17:57:08 stack01 dnsmasq-dhcp[5323]: DHCPREQUEST(br102) 172.16.0.35 02:16:3e:41:fa:27
Oct 26 17:57:08 stack01 dnsmasq-dhcp[5323]: DHCPACK(br102) 172.16.0.35 02:16:3e:41:fa:27 puppet
Oct 26 17:57:19 stack01 dnsmasq-dhcp[5180]: DHCPREQUEST(br101) 172.16.0.22 02:16:3e:75:46:da
Oct 26 17:57:19 stack01 dnsmasq-dhcp[5180]: DHCPACK(br101) 172.16.0.22 02:16:3e:75:46:da temp
Oct 26 17:57:19 stack01 dnsmasq-dhcp[5180]: DHCPREQUEST(br101) 172.16.0.19 02:16:3e:7f:8e:ef
Oct 26 17:57:19 stack01 dnsmasq-dhcp[5180]: DHCPACK(br101) 172.16.0.19 02:16:3e:7f:8e:ef puppet
Oct 26 17:58:02 stack01 dnsmasq-dhcp[5323]: DHCPREQUEST(br102) 172.16.0.35 02:16:3e:41:fa:27
Oct 26 17:58:02 stack01 dnsmasq-dhcp[5323]: DHCPACK(br102) 172.16.0.35 02:16:3e:41:fa:27 puppet
Oct 26 17:58:05 stack01 dnsmasq-dhcp[5180]: DHCPREQUEST(br101) 172.16.0.21 02:16:3e:11:af:9a
Oct 26 17:58:05 stack01 dnsmasq-dhcp[5180]: DHCPACK(br101) 172.16.0.21 02:16:3e:11:af:9a ci
Oct 26 17:58:48 stack01 dnsmasq-dhcp[5323]: DHCPREQUEST(br102) 172.16.0.35 02:16:3e:41:fa:27
Oct 26 17:58:48 stack01 dnsmasq-dhcp[5323]: DHCPACK(br102) 172.16.0.35 02:16:3e:41:fa:27 puppet
Oct 26 17:59:02 stack01 dnsmasq-dhcp[5180]: DHCPREQUEST(br101) 172.16.0.22 02:16:3e:75:46:da
Oct 26 17:59:02 stack01 dnsmasq-dhcp[5180]: DHCPACK(br101) 172.16.0.22 02:16:3e:75:46:da temp
Oct 26 17:59:06 stack01 dnsmasq-dhcp[5180]: DHCPREQUEST(br101) 172.16.0.19 02:16:3e:7f:8e:ef
Oct 26 17:59:06 stack01 dnsmasq-dhcp[5180]: DHCPACK(br101) 172.16.0.19 02:16:3e:7f:8e:ef puppet
Oct 26 17:59:42 stack01 dnsmasq-dhcp[5323]: DHCPREQUEST(br102) 172.16.0.35 02:16:3e:41:fa:27
Oct 26 17:59:42 stack01 dnsmasq-dhcp[5323]: DHCPACK(br102) 172.16.0.35 02:16:3e:41:fa:27 puppet
Oct 26 17:59:59 stack01 dnsmasq-dhcp[5180]: DHCPREQUEST(br101) 172.16.0.21 02:16:3e:11:af:9a
Oct 26 17:59:59 stack01 dnsmasq-dhcp[5180]: DHCPACK(br101) 172.16.0.21 02:16:3e:11:af:9a ci
Oct 26 18:00:01 stack01 CRON[27764]: (root) CMD (if [ -x /etc/munin/plugins/apt_all ]; then /etc/munin/plugins/apt_all update 7200 12 >/dev/null; elif [ -x /etc/munin/plugins/apt ]; then /etc/munin/plugins/apt update 7200 12 >/dev/null; fi)
Oct 26 18:00:01 stack01 CRON[27765]: (munin) CMD (if [ -x /usr/bin/munin-cron ]; then /usr/bin/munin-cron; fi)
Oct 26 18:00:34 stack01 dnsmasq-dhcp[5323]: DHCPREQUEST(br102) 172.16.0.35 02:16:3e:41:fa:27
Oct 26 18:00:34 stack01 dnsmasq-dhcp[5323]: DHCPACK(br102) 172.16.0.35 02:16:3e:41:fa:27 puppet
Oct 26 18:00:50 stack01 dnsmasq-dhcp[5180]: DHCPREQUEST(br101) 172.16.0.22 02:16:3e:75:46:da
Oct 26 18:00:50 stack01 dnsmasq-dhcp[5180]: DHCPACK(br101) 172.16.0.22 02:16:3e:75:46:da temp
Oct 26 18:01:01 stack01 dnsmasq-dhcp[5180]: DHCPREQUEST(br101) 172.16.0.19 02:16:3e:7f:8e:ef
Oct 26 18:01:01 stack01 dnsmasq-dhcp[5180]: DHCPACK(br101) 172.16.0.19 02:16:3e:7f:8e:ef puppet
Oct 26 18:01:25 stack01 dnsmasq-dhcp[5323]: DHCPREQUEST(br102) 172.16.0.35 02:16:3e:41:fa:27
Oct 26 18:01:25 stack01 dnsmasq-dhcp[5323]: DHCPACK(br102) 172.16.0.35 02:16:3e:41:fa:27 puppet
Oct 26 18:01:53 stack01 dnsmasq-dhcp[5180]: DHCPREQUEST(br101) 172.16.0.21 02:16:3e:11:af:9a
Oct 26 18:01:53 stack01 dnsmasq-dhcp[5180]: DHCPACK(br101) 172.16.0.21 02:16:3e:11:af:9a ci
Oct 26 18:02:08 stack01 dnsmasq-dhcp[5323]: DHCPREQUEST(br102) 172.16.0.35 02:16:3e:41:fa:27
Oct 26 18:02:08 stack01 dnsmasq-dhcp[5323]: DHCPACK(br102) 172.16.0.35 02:16:3e:41:fa:27 puppet
Oct 26 18:02:37 stack01 dnsmasq-dhcp[5180]: DHCPREQUEST(br101) 172.16.0.22 02:16:3e:75:46:da
Oct 26 18:02:37 stack01 dnsmasq-dhcp[5180]: DHCPACK(br101) 172.16.0.22 02:16:3e:75:46:da temp
Oct 26 18:02:44 stack01 dnsmasq-dhcp[5180]: DHCPREQUEST(br101) 172.16.0.19 02:16:3e:7f:8e:ef
Oct 26 18:02:44 stack01 dnsmasq-dhcp[5180]: DHCPACK(br101) 172.16.0.19 02:16:3e:7f:8e:ef puppet
Oct 26 18:02:55 stack01 dnsmasq-dhcp[5323]: DHCPREQUEST(br102) 172.16.0.35 02:16:3e:41:fa:27
Oct 26 18:02:55 stack01 dnsmasq-dhcp[5323]: DHCPACK(br102) 172.16.0.35 02:16:3e:41:fa:27 puppet
Oct 26 18:03:42 stack01 dnsmasq-dhcp[5180]: DHCPREQUEST(br101) 172.16.0.21 02:16:3e:11:af:9a
Oct 26 18:03:42 stack01 dnsmasq-dhcp[5180]: DHCPACK(br101) 172.16.0.21 02:16:3e:11:af:9a ci
Oct 26 18:03:45 stack01 dnsmasq-dhcp[5323]: DHCPREQUEST(br102) 172.16.0.35 02:16:3e:41:fa:27
Oct 26 18:03:45 stack01 dnsmasq-dhcp[5323]: DHCPACK(br102) 172.16.0.35 02:16:3e:41:fa:27 puppet
Oct 26 18:04:22 stack01 dnsmasq-dhcp[5180]: DHCPREQUEST(br101) 172.16.0.22 02:16:3e:75:46:da
Oct 26 18:04:22 stack01 dnsmasq-dhcp[5180]: DHCPACK(br101) 172.16.0.22 02:16:3e:75:46:da temp
Oct 26 18:04:33 stack01 dnsmasq-dhcp[5323]: DHCPREQUEST(br102) 172.16.0.35 02:16:3e:41:fa:27
Oct 26 18:04:33 stack01 dnsmasq-dhcp[5323]: DHCPACK(br102) 172.16.0.35 02:16:3e:41:fa:27 puppet
Oct 26 18:04:42 stack01 dnsmasq-dhcp[5180]: DHCPREQUEST(br101) 172.16.0.19 02:16:3e:7f:8e:ef
Oct 26 18:04:42 stack01 dnsmasq-dhcp[5180]: DHCPACK(br101) 172.16.0.19 02:16:3e:7f:8e:ef puppet
Oct 26 18:05:01 stack01 CRON[29149]: (root) CMD (if [ -x /etc/munin/plugins/apt_all ]; then /etc/munin/plugins/apt_all update 7200 12 >/dev/null; elif [ -x /etc/munin/plugins/apt ]; then /etc/munin/plugins/apt update 7200 12 >/dev/null; fi)
Oct 26 18:05:01 stack01 CRON[29150]: (munin) CMD (if [ -x /usr/bin/munin-cron ]; then /usr/bin/munin-cron; fi)
Oct 26 18:05:22 stack01 dnsmasq-dhcp[5323]: DHCPREQUEST(br102) 172.16.0.35 02:16:3e:41:fa:27
Oct 26 18:05:22 stack01 dnsmasq-dhcp[5323]: DHCPACK(br102) 172.16.0.35 02:16:3e:41:fa:27 puppet
Oct 26 18:05:25 stack01 dnsmasq-dhcp[5180]: DHCPREQUEST(br101) 172.16.0.21 02:16:3e:11:af:9a
Oct 26 18:05:25 stack01 dnsmasq-dhcp[5180]: DHCPACK(br101) 172.16.0.21 02:16:3e:11:af:9a ci
Oct 26 18:06:06 stack01 dnsmasq-dhcp[5180]: DHCPREQUEST(br101) 172.16.0.22 02:16:3e:75:46:da
Oct 26 18:06:06 stack01 dnsmasq-dhcp[5180]: DHCPACK(br101) 172.16.0.22 02:16:3e:75:46:da temp
Oct 26 18:06:13 stack01 dnsmasq-dhcp[5323]: DHCPREQUEST(br102) 172.16.0.35 02:16:3e:41:fa:27
Oct 26 18:06:13 stack01 dnsmasq-dhcp[5323]: DHCPACK(br102) 172.16.0.35 02:16:3e:41:fa:27 puppet
Oct 26 18:06:17 stack01 dnsmasq[5180]: read /etc/hosts - 7 addresses
Oct 26 18:06:17 stack01 dnsmasq-dhcp[5180]: read /var/lib/nova/networks/nova-br101.conf
Oct 26 18:06:19 stack01 kernel: [50273.257733] nbd15: p1
Oct 26 18:06:23 stack01 kernel: [50276.643203] EXT4-fs (dm-3): mounted filesystem with ordered data mode. Opts: (null)
Oct 26 18:06:25 stack01 udevd[1494]: inotify_add_watch(6, /dev/dm-3, 10) failed: No such file or directory
Oct 26 18:06:25 stack01 kernel: [50279.107611] nbd15: NBD_DISCONNECT
Oct 26 18:06:25 stack01 kernel: [50279.125381] nbd15: Receive control failed (result -32)
Oct 26 18:06:25 stack01 kernel: [50279.143164] nbd15: queue cleared
Oct 26 18:06:27 stack01 kernel: [50280.361632] type=1400 audit(1319648786.972:35): apparmor="DENIED" operation="open" parent=1559 profile="/usr/lib/libvirt/virt-aa-helper" name="/var/lib/nova/instances/_base/77de68daecd823babbb58edb1c8e14d7106e83bb" pid=30494 comm="virt-aa-helper" requested_mask="r" denied_mask="r" fsuid=0 ouid=107
Oct 26 18:06:27 stack01 kernel: [50280.875330] type=1400 audit(1319648787.484:36): apparmor="STATUS" operation="profile_load" name="libvirt-c8326898-995d-8455-fc50-84c4c34b536a" pid=30495 comm="apparmor_parser"
Oct 26 18:06:27 stack01 kernel: [50281.265559] device vnet4 entered promiscuous mode
Oct 26 18:06:27 stack01 kernel: [50281.284937] br101: port 5(vnet4) entering forwarding state
Oct 26 18:06:27 stack01 kernel: [50281.301304] br101: port 5(vnet4) entering forwarding state
Oct 26 18:06:31 stack01 dnsmasq-dhcp[5180]: DHCPREQUEST(br101) 172.16.0.19 02:16:3e:7f:8e:ef
Oct 26 18:06:31 stack01 dnsmasq-dhcp[5180]: DHCPACK(br101) 172.16.0.19 02:16:3e:7f:8e:ef puppet
Oct 26 18:06:36 stack01 kernel: [50289.845175] kvm: 30647: cpu0 unhandled rdmsr: 0xc0010001
Oct 26 18:06:38 stack01 kernel: [50291.488047] vnet4: no IPv6 routers present
Oct 26 18:06:39 stack01 dnsmasq-dhcp[5180]: DHCPDISCOVER(br101) 02:16:3e:34:f7:09
Oct 26 18:06:39 stack01 dnsmasq-dhcp[5180]: DHCPOFFER(br101) 172.16.0.23 02:16:3e:34:f7:09
Oct 26 18:06:39 stack01 dnsmasq-dhcp[5180]: DHCPREQUEST(br101) 172.16.0.23 02:16:3e:34:f7:09
Oct 26 18:06:39 stack01 dnsmasq-dhcp[5180]: DHCPACK(br101) 172.16.0.23 02:16:3e:34:f7:09 forum
Oct 26 18:07:01 stack01 dnsmasq-dhcp[5323]: DHCPREQUEST(br102) 172.16.0.35 02:16:3e:41:fa:27
Oct 26 18:07:01 stack01 dnsmasq-dhcp[5323]: DHCPACK(br102) 172.16.0.35 02:16:3e:41:fa:27 puppet
Oct 26 18:07:18 stack01 dnsmasq-dhcp[5180]: DHCPREQUEST(br101) 172.16.0.21 02:16:3e:11:af:9a
Oct 26 18:07:18 stack01 dnsmasq-dhcp[5180]: DHCPACK(br101) 172.16.0.21 02:16:3e:11:af:9a ci
Oct 26 18:07:46 stack01 dnsmasq-dhcp[5323]: DHCPREQUEST(br102) 172.16.0.35 02:16:3e:41:fa:27
Oct 26 18:07:46 stack01 dnsmasq-dhcp[5323]: DHCPACK(br102) 172.16.0.35 02:16:3e:41:fa:27 puppet
Oct 26 18:07:53 stack01 dnsmasq-dhcp[5180]: DHCPREQUEST(br101) 172.16.0.22 02:16:3e:75:46:da
Oct 26 18:07:53 stack01 dnsmasq-dhcp[5180]: DHCPACK(br101) 172.16.0.22 02:16:3e:75:46:da temp
Oct 26 18:08:24 stack01 dnsmasq-dhcp[5180]: DHCPREQUEST(br101) 172.16.0.19 02:16:3e:7f:8e:ef
Oct 26 18:08:24 stack01 dnsmasq-dhcp[5180]: DHCPACK(br101) 172.16.0.19 02:16:3e:7f:8e:ef puppet
Oct 26 18:08:26 stack01 dnsmasq-dhcp[5180]: DHCPREQUEST(br101) 172.16.0.23 02:16:3e:34:f7:09
Oct 26 18:08:26 stack01 dnsmasq-dhcp[5180]: DHCPACK(br101) 172.16.0.23 02:16:3e:34:f7:09 forum
Oct 26 18:08:29 stack01 dnsmasq-dhcp[5323]: DHCPREQUEST(br102) 172.16.0.35 02:16:3e:41:fa:27
Oct 26 18:08:29 stack01 dnsmasq-dhcp[5323]: DHCPACK(br102) 172.16.0.35 02:16:3e:41:fa:27 puppet
Oct 26 18:08:59 stack01 dnsmasq-dhcp[5180]: DHCPREQUEST(br101) 172.16.0.21 02:16:3e:11:af:9a
Oct 26 18:08:59 stack01 dnsmasq-dhcp[5180]: DHCPACK(br101) 172.16.0.21 02:16:3e:11:af:9a ci
Oct 26 18:09:01 stack01 CRON[30922]: (root) CMD ( [ -x /usr/lib/php5/maxlifetime ] && [ -d /var/lib/php5 ] && find /var/lib/php5/ -depth -mindepth 1 -maxdepth 1 -type f -cmin +$(/usr/lib/php5/maxlifetime) ! -execdir fuser -s {} 2>/dev/null \; -delete)
Oct 26 18:09:15 stack01 dnsmasq-dhcp[5323]: DHCPREQUEST(br102) 172.16.0.35 02:16:3e:41:fa:27
Oct 26 18:09:15 stack01 dnsmasq-dhcp[5323]: DHCPACK(br102) 172.16.0.35 02:16:3e:41:fa:27 puppet
Oct 26 18:09:42 stack01 dnsmasq-dhcp[5180]: DHCPREQUEST(br101) 172.16.0.22 02:16:3e:75:46:da
Oct 26 18:09:42 stack01 dnsmasq-dhcp[5180]: DHCPACK(br101) 172.16.0.22 02:16:3e:75:46:da temp
Oct 26 18:10:01 stack01 CRON[31020]: (root) CMD (if [ -x /etc/munin/plugins/apt_all ]; then /etc/munin/plugins/apt_all update 7200 12 >/dev/null; elif [ -x /etc/munin/plugins/apt ]; then /etc/munin/plugins/apt update 7200 12 >/dev/null; fi)
Oct 26 18:10:01 stack01 CRON[31021]: (munin) CMD (if [ -x /usr/bin/munin-cron ]; then /usr/bin/munin-cron; fi)
Oct 26 18:10:07 stack01 dnsmasq-dhcp[5323]: DHCPREQUEST(br102) 172.16.0.35 02:16:3e:41:fa:27
Oct 26 18:10:07 stack01 dnsmasq-dhcp[5323]: DHCPACK(br102) 172.16.0.35 02:16:3e:41:fa:27 puppet
Oct 26 18:10:09 stack01 dnsmasq-dhcp[5180]: DHCPREQUEST(br101) 172.16.0.19 02:16:3e:7f:8e:ef
Oct 26 18:10:09 stack01 dnsmasq-dhcp[5180]: DHCPACK(br101) 172.16.0.19 02:16:3e:7f:8e:ef puppet
Oct 26 18:10:11 stack01 dnsmasq-dhcp[5180]: DHCPREQUEST(br101) 172.16.0.23 02:16:3e:34:f7:09
Oct 26 18:10:11 stack01 dnsmasq-dhcp[5180]: DHCPACK(br101) 172.16.0.23 02:16:3e:34:f7:09 forum
Oct 26 18:10:42 stack01 dnsmasq-dhcp[5180]: DHCPREQUEST(br101) 172.16.0.21 02:16:3e:11:af:9a
Oct 26 18:10:42 stack01 dnsmasq-dhcp[5180]: DHCPACK(br101) 172.16.0.21 02:16:3e:11:af:9a ci
Oct 26 18:10:51 stack01 dnsmasq-dhcp[5323]: DHCPREQUEST(br102) 172.16.0.35 02:16:3e:41:fa:27
Oct 26 18:10:51 stack01 dnsmasq-dhcp[5323]: DHCPACK(br102) 172.16.0.35 02:16:3e:41:fa:27 puppet
Oct 26 18:11:26 stack01 dnsmasq-dhcp[5180]: DHCPREQUEST(br101) 172.16.0.22 02:16:3e:75:46:da
Oct 26 18:11:26 stack01 dnsmasq-dhcp[5180]: DHCPACK(br101) 172.16.0.22 02:16:3e:75:46:da temp
Oct 26 18:11:35 stack01 dnsmasq-dhcp[5323]: DHCPREQUEST(br102) 172.16.0.35 02:16:3e:41:fa:27
Oct 26 18:11:35 stack01 dnsmasq-dhcp[5323]: DHCPACK(br102) 172.16.0.35 02:16:3e:41:fa:27 puppet
Oct 26 18:11:50 stack01 dnsmasq-dhcp[5180]: DHCPREQUEST(br101) 172.16.0.19 02:16:3e:7f:8e:ef
Oct 26 18:11:50 stack01 dnsmasq-dhcp[5180]: DHCPACK(br101) 172.16.0.19 02:16:3e:7f:8e:ef puppet
Oct 26 18:11:51 stack01 dnsmasq-dhcp[5180]: DHCPREQUEST(br101) 172.16.0.23 02:16:3e:34:f7:09
Oct 26 18:11:51 stack01 dnsmasq-dhcp[5180]: DHCPACK(br101) 172.16.0.23 02:16:3e:34:f7:09 forum
Oct 26 18:12:30 stack01 dnsmasq-dhcp[5323]: DHCPREQUEST(br102) 172.16.0.35 02:16:3e:41:fa:27
Oct 26 18:12:30 stack01 dnsmasq-dhcp[5323]: DHCPACK(br102) 172.16.0.35 02:16:3e:41:fa:27 puppet
Oct 26 18:12:31 stack01 dnsmasq-dhcp[5180]: DHCPREQUEST(br101) 172.16.0.21 02:16:3e:11:af:9a
Oct 26 18:12:31 stack01 dnsmasq-dhcp[5180]: DHCPACK(br101) 172.16.0.21 02:16:3e:11:af:9a ci
Oct 26 18:13:15 stack01 dnsmasq-dhcp[5323]: DHCPREQUEST(br102) 172.16.0.35 02:16:3e:41:fa:27
Oct 26 18:13:15 stack01 dnsmasq-dhcp[5323]: DHCPACK(br102) 172.16.0.35 02:16:3e:41:fa:27 puppet
Oct 26 18:13:22 stack01 dnsmasq-dhcp[5180]: DHCPREQUEST(br101) 172.16.0.22 02:16:3e:75:46:da
Oct 26 18:13:22 stack01 dnsmasq-dhcp[5180]: DHCPACK(br101) 172.16.0.22 02:16:3e:75:46:da temp
Oct 26 18:13:29 stack01 kernel: [50701.797683] general protection fault: 0000 [#10] SMP
Oct 26 18:13:29 stack01 kernel: [50701.801404] CPU 1
Oct 26 18:13:29 stack01 kernel: [50701.801404] Modules linked in: speedstep_lib ebt_arp ebt_ip 8021q garp ip6table_filter ip6_tables ebtable_nat ebtables ipt_MASQUERADE iptable_nat nf_nat nf_conntrack_ipv4 nf_defrag_ipv4 xt_state nf_conntrack iscsi_trgt ipt_REJECT xt_CHECKSUM iptable_mangle xt_tcpudp iptable_filter ip_tables x_tables bridge stp kvm_amd kvm vesafb ib_iser rdma_cm ib_cm iw_cm ib_sa ib_mad ib_core ib_addr iscsi_tcp libiscsi_tcp libiscsi scsi_transport_iscsi nbd amd64_edac_mod edac_core psmouse sp5100_tco serio_raw dm_multipath ghes joydev hed i2c_piix4 k10temp edac_mce_amd lp parport raid10 raid456 async_pq async_xor usbhid hid xor async_memcpy async_raid6_recov pata_atiixp ahci igb libahci dca raid6_pq async_tx raid1 raid0 multipath linear
Oct 26 18:13:29 stack01 kernel: [50701.860080]
Oct 26 18:13:29 stack01 kernel: [50701.860080] Pid: 23351, comm: bash Tainted: G D 3.0.0-12-server #20-Ubuntu HP ProLiant DL165 G7
Oct 26 18:13:29 stack01 kernel: [50701.860080] RIP: 0010:[] [] fget_light+0x96/0xe0
Oct 26 18:13:29 stack01 kernel: [50701.860080] RSP: 0018:ffff8802b8c0ff28 EFLAGS: 00010202
Oct 26 18:13:29 stack01 kernel: [50701.860080] RAX: ffff8801b9a43ac0 RBX: 0000000000000000 RCX: 0000000000000008
Oct 26 18:13:29 stack01 kernel: [50701.860080] RDX: 00008802b8043a40 RSI: ffff8802b8c0ff54 RDI: ffff8801b9b687f8
Oct 26 18:13:29 stack01 kernel: [50701.860080] RBP: ffff8802b8c0ff28 R08: 0000000000000000 R09: ffff8801b9b68000
Oct 26 18:13:29 stack01 kernel: [50701.860080] R10: 0000000000000008 R11: 0000000000000246 R12: 00000000000000ff
Oct 26 18:13:29 stack01 kernel: [50701.860080] R13: 0000000000005410 R14: 00007ffff1b8fc7c R15: 0000000000000000
Oct 26 18:13:29 stack01 kernel: [50701.860080] FS: 00007fbffaf80720(0000) GS:ffff88013fc20000(0000) knlGS:0000000000000000
Oct 26 18:13:29 stack01 kernel: [50701.860080] CS: 0010 DS: 0000 ES: 0000 CR0: 0000000080050033
Oct 26 18:13:29 stack01 kernel: [50701.860080] CR2: 00000000d703a000 CR3: 000000024bab4000 CR4: 00000000000006e0
Oct 26 18:13:29 stack01 kernel: [50701.860080] DR0: 0000000000000000 DR1: 0000000000000000 DR2: 0000000000000000
Oct 26 18:13:29 stack01 kernel: [50701.860080] DR3: 0000000000000000 DR6: 00000000ffff0ff0 DR7: 0000000000000400
Oct 26 18:13:29 stack01 kernel: [50701.860080] Process bash (pid: 23351, threadinfo ffff8802b8c0e000, task ffff8801a7988000)
Oct 26 18:13:29 stack01 kernel: [50701.860080] Stack:
Oct 26 18:13:29 stack01 kernel: [50701.860080] ffff8802b8c0ff78 ffffffff8117937f 000000004ea837e6 0000000000390000
Oct 26 18:13:29 stack01 kernel: [50701.860080] ffff8802b8c0ff78 00000000810742c8 0000000000000000 0000000000000000
Oct 26 18:13:29 stack01 kernel: [50701.860080] 0000000000000002 0000000000000001 0000000000005b37 ffffffff81606c02
Oct 26 18:13:29 stack01 kernel: [50701.860080] Call Trace:
Oct 26 18:13:29 stack01 kernel: [50701.860080] [] sys_ioctl+0x2f/0xa0
Oct 26 18:13:29 stack01 kernel: [50701.860080] [] system_call_fastpath+0x16/0x1b
Oct 26 18:13:29 stack01 kernel: [50701.860080] Code: 75 4a c7 06 01 00 00 00 48 89 d0 5d c3 0f 1f 84 00 00 00 00 00 3b 38 73 ef 4c 8b 48 08 89 ff 49 8d 3c f9 48 8b 17 48 85 d2 74 dd 42 3d 40 b8 00 00 00 00 5d 48 0f 45 d0 48 89 d0 c3 0f 1f 84
Oct 26 18:13:29 stack01 kernel: [50701.860080] RIP [] fget_light+0x96/0xe0
Oct 26 18:13:29 stack01 kernel: [50701.860080] RSP
Oct 26 18:13:29 stack01 kernel: [50702.503178] ---[ end trace 3db970a3e7847d83 ]---
Oct 26 18:13:29 stack01 kernel: [50702.525257] general protection fault: 0000 [#11] SMP
Oct 26 18:13:29 stack01 kernel: [50702.528006] CPU 0
Oct 26 18:13:29 stack01 kernel: [50702.528006] Modules linked in: speedstep_lib ebt_arp ebt_ip 8021q garp ip6table_filter ip6_tables ebtable_nat ebtables ipt_MASQUERADE iptable_nat nf_nat nf_conntrack_ipv4 nf_defrag_ipv4 xt_state nf_conntrack iscsi_trgt ipt_REJECT xt_CHECKSUM iptable_mangle xt_tcpudp iptable_filter ip_tables x_tables bridge stp kvm_amd kvm vesafb ib_iser rdma_cm ib_cm iw_cm ib_sa ib_mad ib_core ib_addr iscsi_tcp libiscsi_tcp libiscsi scsi_transport_iscsi nbd amd64_edac_mod edac_core psmouse sp5100_tco serio_raw dm_multipath ghes joydev hed i2c_piix4 k10temp edac_mce_amd lp parport raid10 raid456 async_pq async_xor usbhid hid xor async_memcpy async_raid6_recov pata_atiixp ahci igb libahci dca raid6_pq async_tx raid1 raid0 multipath linear
Oct 26 18:13:29 stack01 kernel: [50702.668057]
Oct 26 18:13:29 stack01 kernel: [50702.668057] Pid: 23351, comm: bash Tainted: G D 3.0.0-12-server #20-Ubuntu HP ProLiant DL165 G7
Oct 26 18:13:29 stack01 kernel: [50702.668057] RIP: 0010:[] [] filp_close+0x19/0x90
Oct 26 18:13:29 stack01 kernel: [50702.668057] RSP: 0018:ffff8802b8c0fcc8 EFLAGS: 00010282
Oct 26 18:13:29 stack01 kernel: [50702.668057] RAX: ffff8801b9b687f8 RBX: 00000000000000c0 RCX: 0000000000000000
Oct 26 18:13:29 stack01 kernel: [50702.668057] RDX: ffff880135924200 RSI: ffff880135924200 RDI: 00008802b8043a40
Oct 26 18:13:29 stack01 kernel: [50702.668057] RBP: ffff8802b8c0fce8 R08: ffffffff8105bf34 R09: ffff88033fbfad18
Oct 26 18:13:29 stack01 kernel: [50702.668057] R10: 0000000000000057 R11: 0000000000000006 R12: 0000000000000004
Oct 26 18:13:29 stack01 kernel: [50702.668057] R13: 0000000000000001 R14: ffff8801b9a43ac0 R15: 00000000000000ff
Oct 26 18:13:29 stack01 kernel: [50702.668057] FS: 00007fbffaf80720(0000) GS:ffff88013fc00000(0000) knlGS:0000000000000000
Oct 26 18:13:29 stack01 kernel: [50702.668057] CS: 0010 DS: 0000 ES: 0000 CR0: 0000000080050033
Oct 26 18:13:29 stack01 kernel: [50702.668057] CR2: 00007fff34836468 CR3: 0000000137a10000 CR4: 00000000000006f0
Oct 26 18:13:29 stack01 kernel: [50702.668057] DR0: 0000000000000000 DR1: 0000000000000000 DR2: 0000000000000000
Oct 26 18:13:29 stack01 kernel: [50702.668057] DR3: 0000000000000000 DR6: 00000000ffff0ff0 DR7: 0000000000000400
Oct 26 18:13:29 stack01 kernel: [50702.668057] Process bash (pid: 23351, threadinfo ffff8802b8c0e000, task ffff8801a7988000)
Oct 26 18:13:29 stack01 kernel: [50702.668057] Stack:
Oct 26 18:13:29 stack01 kernel: [50702.668057] ffff8803329ffae8 00000000000000c0 0000000000000004 0000000000000001
Oct 26 18:13:29 stack01 kernel: [50702.668057] ffff8802b8c0fd38 ffffffff81060f4a 0000000000000000 ffff880135924200
Oct 26 18:13:29 stack01 kernel: [50702.668057] ffff8801a7988600 ffff880135924200 ffff8801a7988600 ffff8801a7988000
Oct 26 18:13:29 stack01 kernel: [50702.668057] Call Trace:
Oct 26 18:13:29 stack01 kernel: [50702.668057] [] put_files_struct.part.14+0x7a/0xe0
Oct 26 18:13:29 stack01 kernel: [50702.668057] [] put_files_struct+0x18/0x20
Oct 26 18:13:29 stack01 kernel: [50702.668057] [] exit_files+0x54/0x70
Oct 26 18:13:29 stack01 kernel: [50702.668057] [] do_exit+0x19d/0x440
Oct 26 18:13:29 stack01 kernel: [50702.668057] [] oops_end+0xb0/0xf0
Oct 26 18:13:29 stack01 kernel: [50702.668057] [] die+0x58/0x90
Oct 26 18:13:29 stack01 kernel: [50702.668057] [] do_general_protection+0x162/0x170
Oct 26 18:13:29 stack01 kernel: [50702.668057] [] general_protection+0x25/0x30
Oct 26 18:13:29 stack01 kernel: [50702.668057] [] ? fget_light+0x96/0xe0
Oct 26 18:13:29 stack01 kernel: [50702.668057] [] sys_ioctl+0x2f/0xa0
Oct 26 18:13:29 stack01 kernel: [50702.668057] [] system_call_fastpath+0x16/0x1b
Oct 26 18:13:29 stack01 kernel: [50702.668057] Code: 00 00 00 00 e8 f9 e2 f8 ff 48 83 c4 18 5b 5d c3 66 90 55 48 89 e5 48 83 ec 20 48 89 5d e8 4c 89 65 f0 4c 89 6d f8 66 66 66 66 90
Oct 26 18:13:29 stack01 kernel: [50702.668057] RIP [] filp_close+0x19/0x90
Oct 26 18:13:29 stack01 kernel: [50702.668057] RSP
Oct 26 18:13:29 stack01 kernel: [50702.669717] ---[ end trace 3db970a3e7847d84 ]---
Oct 26 18:13:29 stack01 kernel: [50702.669724] Fixing recursive fault but reboot is needed!
Oct 26 18:13:42 stack01 dnsmasq-dhcp[5180]: DHCPREQUEST(br101) 172.16.0.19 02:16:3e:7f:8e:ef
Oct 26 18:13:42 stack01 dnsmasq-dhcp[5180]: DHCPACK(br101) 172.16.0.19 02:16:3e:7f:8e:ef puppet
Oct 26 18:13:47 stack01 dnsmasq-dhcp[5180]: DHCPREQUEST(br101) 172.16.0.23 02:16:3e:34:f7:09
Oct 26 18:13:47 stack01 dnsmasq-dhcp[5180]: DHCPACK(br101) 172.16.0.23 02:16:3e:34:f7:09 forum
Oct 26 18:14:04 stack01 dnsmasq-dhcp[5323]: DHCPREQUEST(br102) 172.16.0.35 02:16:3e:41:fa:27
Oct 26 18:14:04 stack01 dnsmasq-dhcp[5323]: DHCPACK(br102) 172.16.0.35 02:16:3e:41:fa:27 puppet
Oct 26 18:14:31 stack01 dnsmasq-dhcp[5180]: DHCPREQUEST(br101) 172.16.0.21 02:16:3e:11:af:9a
Oct 26 18:14:31 stack01 dnsmasq-dhcp[5180]: DHCPACK(br101) 172.16.0.21 02:16:3e:11:af:9a ci
Oct 26 18:14:57 stack01 dnsmasq-dhcp[5323]: DHCPREQUEST(br102) 172.16.0.35 02:16:3e:41:fa:27
Oct 26 18:14:57 stack01 dnsmasq-dhcp[5323]: DHCPACK(br102) 172.16.0.35 02:16:3e:41:fa:27 puppet
Oct 26 18:15:01 stack01 CRON[32733]: (root) CMD (if [ -x /etc/munin/plugins/apt_all ]; then /etc/munin/plugins/apt_all update 7200 12 >/dev/null; elif [ -x /etc/munin/plugins/apt ]; then /etc/munin/plugins/apt update 7200 12 >/dev/null; fi)
Oct 26 18:15:01 stack01 CRON[32734]: (munin) CMD (if [ -x /usr/bin/munin-cron ]; then /usr/bin/munin-cron; fi)
Oct 26 18:15:18 stack01 dnsmasq-dhcp[5180]: DHCPREQUEST(br101) 172.16.0.22 02:16:3e:75:46:da
Oct 26 18:15:18 stack01 dnsmasq-dhcp[5180]: DHCPACK(br101) 172.16.0.22 02:16:3e:75:46:da temp
Oct 26 18:15:22 stack01 dnsmasq-dhcp[5180]: DHCPREQUEST(br101) 172.16.0.19 02:16:3e:7f:8e:ef
Oct 26 18:15:22 stack01 dnsmasq-dhcp[5180]: DHCPACK(br101) 172.16.0.19 02:16:3e:7f:8e:ef puppet
Oct 26 18:15:37 stack01 dnsmasq-dhcp[5180]: DHCPREQUEST(br101) 172.16.0.23 02:16:3e:34:f7:09
Oct 26 18:15:37 stack01 dnsmasq-dhcp[5180]: DHCPACK(br101) 172.16.0.23 02:16:3e:34:f7:09 forum
Oct 26 18:15:43 stack01 dnsmasq-dhcp[5323]: DHCPREQUEST(br102) 172.16.0.35 02:16:3e:41:fa:27
Oct 26 18:15:43 stack01 dnsmasq-dhcp[5323]: DHCPACK(br102) 172.16.0.35 02:16:3e:41:fa:27 puppet
Oct 26 18:16:19 stack01 dnsmasq-dhcp[5180]: DHCPREQUEST(br101) 172.16.0.21 02:16:3e:11:af:9a
Oct 26 18:16:19 stack01 dnsmasq-dhcp[5180]: DHCPACK(br101) 172.16.0.21 02:16:3e:11:af:9a ci
Oct 26 18:16:28 stack01 dnsmasq-dhcp[5323]: DHCPREQUEST(br102) 172.16.0.35 02:16:3e:41:fa:27
Oct 26 18:16:28 stack01 dnsmasq-dhcp[5323]: DHCPACK(br102) 172.16.0.35 02:16:3e:41:fa:27 puppet
Oct 26 18:17:01 stack01 dnsmasq-dhcp[5180]: DHCPREQUEST(br101) 172.16.0.22 02:16:3e:75:46:da
Oct 26 18:17:01 stack01 dnsmasq-dhcp[5180]: DHCPACK(br101) 172.16.0.22 02:16:3e:75:46:da temp
Oct 26 18:17:01 stack01 CRON[1546]: (root) CMD ( cd / && run-parts --report /etc/cron.hourly)
Oct 26 18:17:05 stack01 dnsmasq-dhcp[5180]: DHCPREQUEST(br101) 172.16.0.19 02:16:3e:7f:8e:ef
Oct 26 18:17:05 stack01 dnsmasq-dhcp[5180]: DHCPACK(br101) 172.16.0.19 02:16:3e:7f:8e:ef puppet
Oct 26 18:17:17 stack01 dnsmasq-dhcp[5323]: DHCPREQUEST(br102) 172.16.0.35 02:16:3e:41:fa:27
Oct 26 18:17:17 stack01 dnsmasq-dhcp[5323]: DHCPACK(br102) 172.16.0.35 02:16:3e:41:fa:27 puppet
Oct 26 18:17:23 stack01 dnsmasq-dhcp[5180]: DHCPREQUEST(br101) 172.16.0.23 02:16:3e:34:f7:09
Oct 26 18:17:23 stack01 dnsmasq-dhcp[5180]: DHCPACK(br101) 172.16.0.23 02:16:3e:34:f7:09 forum
Oct 26 18:18:06 stack01 dnsmasq-dhcp[5323]: DHCPREQUEST(br102) 172.16.0.35 02:16:3e:41:fa:27
Oct 26 18:18:06 stack01 dnsmasq-dhcp[5323]: DHCPACK(br102) 172.16.0.35 02:16:3e:41:fa:27 puppet
Oct 26 18:18:19 stack01 dnsmasq-dhcp[5180]: DHCPREQUEST(br101) 172.16.0.21 02:16:3e:11:af:9a
Oct 26 18:18:19 stack01 dnsmasq-dhcp[5180]: DHCPACK(br101) 172.16.0.21 02:16:3e:11:af:9a ci
Oct 26 18:18:49 stack01 dnsmasq-dhcp[5180]: DHCPREQUEST(br101) 172.16.0.22 02:16:3e:75:46:da
Oct 26 18:18:49 stack01 dnsmasq-dhcp[5180]: DHCPACK(br101) 172.16.0.22 02:16:3e:75:46:da temp
Oct 26 18:18:51 stack01 dnsmasq-dhcp[5323]: DHCPREQUEST(br102) 172.16.0.35 02:16:3e:41:fa:27
Oct 26 18:18:51 stack01 dnsmasq-dhcp[5323]: DHCPACK(br102) 172.16.0.35 02:16:3e:41:fa:27 puppet