Oct 26 10:27:01 stack01 dnsmasq-dhcp[5323]: DHCPACK(br102) 172.16.0.35 02:16:3e:41:fa:27 puppet
Oct 26 10:27:29 stack01 dnsmasq-dhcp[5180]: DHCPREQUEST(br101) 172.16.0.21 02:16:3e:11:af:9a
Oct 26 10:27:29 stack01 dnsmasq-dhcp[5180]: DHCPACK(br101) 172.16.0.21 02:16:3e:11:af:9a ci
Oct 26 10:27:42 stack01 dnsmasq-dhcp[5323]: DHCPREQUEST(br102) 172.16.0.35 02:16:3e:41:fa:27
Oct 26 10:27:42 stack01 dnsmasq-dhcp[5323]: DHCPACK(br102) 172.16.0.35 02:16:3e:41:fa:27 puppet
Oct 26 10:28:32 stack01 dnsmasq-dhcp[5323]: DHCPREQUEST(br102) 172.16.0.35 02:16:3e:41:fa:27
Oct 26 10:28:32 stack01 dnsmasq-dhcp[5323]: DHCPACK(br102) 172.16.0.35 02:16:3e:41:fa:27 puppet
Oct 26 10:28:38 stack01 dnsmasq-dhcp[5180]: DHCPREQUEST(br101) 172.16.0.19 02:16:3e:7f:8e:ef
Oct 26 10:28:38 stack01 dnsmasq-dhcp[5180]: DHCPACK(br101) 172.16.0.19 02:16:3e:7f:8e:ef puppet
Oct 26 10:29:11 stack01 dnsmasq-dhcp[5180]: DHCPREQUEST(br101) 172.16.0.21 02:16:3e:11:af:9a
Oct 26 10:29:11 stack01 dnsmasq-dhcp[5180]: DHCPACK(br101) 172.16.0.21 02:16:3e:11:af:9a ci
Oct 26 10:29:24 stack01 dnsmasq-dhcp[5323]: DHCPREQUEST(br102) 172.16.0.35 02:16:3e:41:fa:27
Oct 26 10:29:24 stack01 dnsmasq-dhcp[5323]: DHCPACK(br102) 172.16.0.35 02:16:3e:41:fa:27 puppet
Oct 26 10:30:01 stack01 CRON[30108]: (root) CMD (if [ -x /etc/munin/plugins/apt_all ]; then /etc/munin/plugins/apt_all update 7200 12 >/dev/null; elif [ -x /etc/munin/plugins/apt ]; then /etc/munin/plugins/apt update 7200 12 >/dev/null; fi)
Oct 26 10:30:01 stack01 CRON[30109]: (munin) CMD (if [ -x /usr/bin/munin-cron ]; then /usr/bin/munin-cron; fi)
Oct 26 10:30:14 stack01 dnsmasq-dhcp[5323]: DHCPREQUEST(br102) 172.16.0.35 02:16:3e:41:fa:27
Oct 26 10:30:14 stack01 dnsmasq-dhcp[5323]: DHCPACK(br102) 172.16.0.35 02:16:3e:41:fa:27 puppet
Oct 26 10:30:34 stack01 dnsmasq-dhcp[5180]: DHCPREQUEST(br101) 172.16.0.19 02:16:3e:7f:8e:ef
Oct 26 10:30:34 stack01 dnsmasq-dhcp[5180]: DHCPACK(br101) 172.16.0.19 02:16:3e:7f:8e:ef puppet
Oct 26 10:30:55 stack01 dnsmasq-dhcp[5180]: DHCPREQUEST(br101) 172.16.0.21 02:16:3e:11:af:9a
Oct 26 10:30:55 stack01 dnsmasq-dhcp[5180]: DHCPACK(br101) 172.16.0.21 02:16:3e:11:af:9a ci
Oct 26 10:31:00 stack01 dnsmasq-dhcp[5323]: DHCPREQUEST(br102) 172.16.0.35 02:16:3e:41:fa:27
Oct 26 10:31:00 stack01 dnsmasq-dhcp[5323]: DHCPACK(br102) 172.16.0.35 02:16:3e:41:fa:27 puppet
Oct 26 10:31:47 stack01 dnsmasq-dhcp[5323]: DHCPREQUEST(br102) 172.16.0.35 02:16:3e:41:fa:27
Oct 26 10:31:47 stack01 dnsmasq-dhcp[5323]: DHCPACK(br102) 172.16.0.35 02:16:3e:41:fa:27 puppet
Oct 26 10:32:25 stack01 dnsmasq-dhcp[5180]: DHCPREQUEST(br101) 172.16.0.19 02:16:3e:7f:8e:ef
Oct 26 10:32:25 stack01 dnsmasq-dhcp[5180]: DHCPACK(br101) 172.16.0.19 02:16:3e:7f:8e:ef puppet
Oct 26 10:32:34 stack01 dnsmasq-dhcp[5323]: DHCPREQUEST(br102) 172.16.0.35 02:16:3e:41:fa:27
Oct 26 10:32:34 stack01 dnsmasq-dhcp[5323]: DHCPACK(br102) 172.16.0.35 02:16:3e:41:fa:27 puppet
Oct 26 10:32:40 stack01 dnsmasq-dhcp[5180]: DHCPREQUEST(br101) 172.16.0.21 02:16:3e:11:af:9a
Oct 26 10:32:40 stack01 dnsmasq-dhcp[5180]: DHCPACK(br101) 172.16.0.21 02:16:3e:11:af:9a ci
Oct 26 10:33:15 stack01 dnsmasq-dhcp[5323]: DHCPREQUEST(br102) 172.16.0.35 02:16:3e:41:fa:27
Oct 26 10:33:15 stack01 dnsmasq-dhcp[5323]: DHCPACK(br102) 172.16.0.35 02:16:3e:41:fa:27 puppet
Oct 26 10:34:06 stack01 dnsmasq-dhcp[5323]: DHCPREQUEST(br102) 172.16.0.35 02:16:3e:41:fa:27
Oct 26 10:34:06 stack01 dnsmasq-dhcp[5323]: DHCPACK(br102) 172.16.0.35 02:16:3e:41:fa:27 puppet
Oct 26 10:34:20 stack01 dnsmasq-dhcp[5180]: DHCPREQUEST(br101) 172.16.0.19 02:16:3e:7f:8e:ef
Oct 26 10:34:20 stack01 dnsmasq-dhcp[5180]: DHCPACK(br101) 172.16.0.19 02:16:3e:7f:8e:ef puppet
Oct 26 10:34:32 stack01 dnsmasq-dhcp[5180]: DHCPREQUEST(br101) 172.16.0.21 02:16:3e:11:af:9a
Oct 26 10:34:32 stack01 dnsmasq-dhcp[5180]: DHCPACK(br101) 172.16.0.21 02:16:3e:11:af:9a ci
Oct 26 10:34:58 stack01 dnsmasq-dhcp[5323]: DHCPREQUEST(br102) 172.16.0.35 02:16:3e:41:fa:27
Oct 26 10:34:58 stack01 dnsmasq-dhcp[5323]: DHCPACK(br102) 172.16.0.35 02:16:3e:41:fa:27 puppet
Oct 26 10:35:01 stack01 CRON[31370]: (root) CMD (if [ -x /etc/munin/plugins/apt_all ]; then /etc/munin/plugins/apt_all update 7200 12 >/dev/null; elif [ -x /etc/munin/plugins/apt ]; then /etc/munin/plugins/apt update 7200 12 >/dev/null; fi)
Oct 26 10:35:01 stack01 CRON[31371]: (munin) CMD (if [ -x /usr/bin/munin-cron ]; then /usr/bin/munin-cron; fi)
Oct 26 10:35:46 stack01 dnsmasq-dhcp[5323]: DHCPREQUEST(br102) 172.16.0.35 02:16:3e:41:fa:27
Oct 26 10:35:46 stack01 dnsmasq-dhcp[5323]: DHCPACK(br102) 172.16.0.35 02:16:3e:41:fa:27 puppet
Oct 26 10:36:03 stack01 dnsmasq-dhcp[5180]: DHCPREQUEST(br101) 172.16.0.19 02:16:3e:7f:8e:ef
Oct 26 10:36:03 stack01 dnsmasq-dhcp[5180]: DHCPACK(br101) 172.16.0.19 02:16:3e:7f:8e:ef puppet
Oct 26 10:36:15 stack01 dnsmasq-dhcp[5180]: DHCPREQUEST(br101) 172.16.0.21 02:16:3e:11:af:9a
Oct 26 10:36:15 stack01 dnsmasq-dhcp[5180]: DHCPACK(br101) 172.16.0.21 02:16:3e:11:af:9a ci
Oct 26 10:36:37 stack01 dnsmasq-dhcp[5323]: DHCPREQUEST(br102) 172.16.0.35 02:16:3e:41:fa:27
Oct 26 10:36:37 stack01 dnsmasq-dhcp[5323]: DHCPACK(br102) 172.16.0.35 02:16:3e:41:fa:27 puppet
Oct 26 10:37:19 stack01 dnsmasq-dhcp[5323]: DHCPREQUEST(br102) 172.16.0.35 02:16:3e:41:fa:27
Oct 26 10:37:19 stack01 dnsmasq-dhcp[5323]: DHCPACK(br102) 172.16.0.35 02:16:3e:41:fa:27 puppet
Oct 26 10:37:53 stack01 dnsmasq-dhcp[5180]: DHCPREQUEST(br101) 172.16.0.19 02:16:3e:7f:8e:ef
Oct 26 10:37:53 stack01 dnsmasq-dhcp[5180]: DHCPACK(br101) 172.16.0.19 02:16:3e:7f:8e:ef puppet
Oct 26 10:38:01 stack01 dnsmasq-dhcp[5323]: DHCPREQUEST(br102) 172.16.0.35 02:16:3e:41:fa:27
Oct 26 10:38:01 stack01 dnsmasq-dhcp[5323]: DHCPACK(br102) 172.16.0.35 02:16:3e:41:fa:27 puppet
Oct 26 10:38:10 stack01 dnsmasq-dhcp[5180]: DHCPREQUEST(br101) 172.16.0.21 02:16:3e:11:af:9a
Oct 26 10:38:10 stack01 dnsmasq-dhcp[5180]: DHCPACK(br101) 172.16.0.21 02:16:3e:11:af:9a ci
Oct 26 10:38:49 stack01 dnsmasq-dhcp[5323]: DHCPREQUEST(br102) 172.16.0.35 02:16:3e:41:fa:27
Oct 26 10:38:49 stack01 dnsmasq-dhcp[5323]: DHCPACK(br102) 172.16.0.35 02:16:3e:41:fa:27 puppet
Oct 26 10:39:01 stack01 CRON[32600]: (root) CMD ( [ -x /usr/lib/php5/maxlifetime ] && [ -d /var/lib/php5 ] && find /var/lib/php5/ -depth -mindepth 1 -maxdepth 1 -type f -cmin +$(/usr/lib/php5/maxlifetime) ! -execdir fuser -s {} 2>/dev/null \; -delete)
Oct 26 10:39:36 stack01 dnsmasq-dhcp[5323]: DHCPREQUEST(br102) 172.16.0.35 02:16:3e:41:fa:27
Oct 26 10:39:36 stack01 dnsmasq-dhcp[5323]: DHCPACK(br102) 172.16.0.35 02:16:3e:41:fa:27 puppet
Oct 26 10:39:39 stack01 dnsmasq-dhcp[5180]: DHCPREQUEST(br101) 172.16.0.19 02:16:3e:7f:8e:ef
Oct 26 10:39:39 stack01 dnsmasq-dhcp[5180]: DHCPACK(br101) 172.16.0.19 02:16:3e:7f:8e:ef puppet
Oct 26 10:39:56 stack01 dnsmasq-dhcp[5180]: DHCPREQUEST(br101) 172.16.0.21 02:16:3e:11:af:9a
Oct 26 10:39:56 stack01 dnsmasq-dhcp[5180]: DHCPACK(br101) 172.16.0.21 02:16:3e:11:af:9a ci
Oct 26 10:40:01 stack01 CRON[32663]: (root) CMD (if [ -x /etc/munin/plugins/apt_all ]; then /etc/munin/plugins/apt_all update 7200 12 >/dev/null; elif [ -x /etc/munin/plugins/apt ]; then /etc/munin/plugins/apt update 7200 12 >/dev/null; fi)
Oct 26 10:40:01 stack01 CRON[32664]: (munin) CMD (if [ -x /usr/bin/munin-cron ]; then /usr/bin/munin-cron; fi)
Oct 26 10:40:30 stack01 dnsmasq-dhcp[5323]: DHCPREQUEST(br102) 172.16.0.35 02:16:3e:41:fa:27
Oct 26 10:40:30 stack01 dnsmasq-dhcp[5323]: DHCPACK(br102) 172.16.0.35 02:16:3e:41:fa:27 puppet
Oct 26 10:41:17 stack01 dnsmasq-dhcp[5323]: DHCPREQUEST(br102) 172.16.0.35 02:16:3e:41:fa:27
Oct 26 10:41:17 stack01 dnsmasq-dhcp[5323]: DHCPACK(br102) 172.16.0.35 02:16:3e:41:fa:27 puppet
Oct 26 10:41:22 stack01 dnsmasq-dhcp[5180]: DHCPREQUEST(br101) 172.16.0.19 02:16:3e:7f:8e:ef
Oct 26 10:41:22 stack01 dnsmasq-dhcp[5180]: DHCPACK(br101) 172.16.0.19 02:16:3e:7f:8e:ef puppet
Oct 26 10:41:48 stack01 dnsmasq-dhcp[5180]: DHCPREQUEST(br101) 172.16.0.21 02:16:3e:11:af:9a
Oct 26 10:41:48 stack01 dnsmasq-dhcp[5180]: DHCPACK(br101) 172.16.0.21 02:16:3e:11:af:9a ci
Oct 26 10:42:12 stack01 dnsmasq-dhcp[5323]: DHCPREQUEST(br102) 172.16.0.35 02:16:3e:41:fa:27
Oct 26 10:42:12 stack01 dnsmasq-dhcp[5323]: DHCPACK(br102) 172.16.0.35 02:16:3e:41:fa:27 puppet
Oct 26 10:43:04 stack01 dnsmasq-dhcp[5180]: DHCPREQUEST(br101) 172.16.0.19 02:16:3e:7f:8e:ef
Oct 26 10:43:04 stack01 dnsmasq-dhcp[5180]: DHCPACK(br101) 172.16.0.19 02:16:3e:7f:8e:ef puppet
Oct 26 10:43:04 stack01 dnsmasq-dhcp[5323]: DHCPREQUEST(br102) 172.16.0.35 02:16:3e:41:fa:27
Oct 26 10:43:04 stack01 dnsmasq-dhcp[5323]: DHCPACK(br102) 172.16.0.35 02:16:3e:41:fa:27 puppet
Oct 26 10:43:41 stack01 dnsmasq-dhcp[5180]: DHCPREQUEST(br101) 172.16.0.21 02:16:3e:11:af:9a
Oct 26 10:43:41 stack01 dnsmasq-dhcp[5180]: DHCPACK(br101) 172.16.0.21 02:16:3e:11:af:9a ci
Oct 26 10:44:00 stack01 dnsmasq-dhcp[5323]: DHCPREQUEST(br102) 172.16.0.35 02:16:3e:41:fa:27
Oct 26 10:44:00 stack01 dnsmasq-dhcp[5323]: DHCPACK(br102) 172.16.0.35 02:16:3e:41:fa:27 puppet
Oct 26 10:44:48 stack01 dnsmasq-dhcp[5180]: DHCPREQUEST(br101) 172.16.0.19 02:16:3e:7f:8e:ef
Oct 26 10:44:48 stack01 dnsmasq-dhcp[5180]: DHCPACK(br101) 172.16.0.19 02:16:3e:7f:8e:ef puppet
Oct 26 10:44:52 stack01 dnsmasq-dhcp[5323]: DHCPREQUEST(br102) 172.16.0.35 02:16:3e:41:fa:27
Oct 26 10:44:52 stack01 dnsmasq-dhcp[5323]: DHCPACK(br102) 172.16.0.35 02:16:3e:41:fa:27 puppet
Oct 26 10:45:01 stack01 CRON[1564]: (root) CMD (if [ -x /etc/munin/plugins/apt_all ]; then /etc/munin/plugins/apt_all update 7200 12 >/dev/null; elif [ -x /etc/munin/plugins/apt ]; then /etc/munin/plugins/apt update 7200 12 >/dev/null; fi)
Oct 26 10:45:01 stack01 CRON[1565]: (munin) CMD (if [ -x /usr/bin/munin-cron ]; then /usr/bin/munin-cron; fi)
Oct 26 10:45:25 stack01 dnsmasq-dhcp[5180]: DHCPREQUEST(br101) 172.16.0.21 02:16:3e:11:af:9a
Oct 26 10:45:25 stack01 dnsmasq-dhcp[5180]: DHCPACK(br101) 172.16.0.21 02:16:3e:11:af:9a ci
Oct 26 10:45:37 stack01 dnsmasq-dhcp[5323]: DHCPREQUEST(br102) 172.16.0.35 02:16:3e:41:fa:27
Oct 26 10:45:37 stack01 dnsmasq-dhcp[5323]: DHCPACK(br102) 172.16.0.35 02:16:3e:41:fa:27 puppet
Oct 26 10:46:27 stack01 dnsmasq-dhcp[5323]: DHCPREQUEST(br102) 172.16.0.35 02:16:3e:41:fa:27
Oct 26 10:46:27 stack01 dnsmasq-dhcp[5323]: DHCPACK(br102) 172.16.0.35 02:16:3e:41:fa:27 puppet
Oct 26 10:46:36 stack01 dnsmasq-dhcp[5180]: DHCPREQUEST(br101) 172.16.0.19 02:16:3e:7f:8e:ef
Oct 26 10:46:36 stack01 dnsmasq-dhcp[5180]: DHCPACK(br101) 172.16.0.19 02:16:3e:7f:8e:ef puppet
Oct 26 10:47:04 stack01 dnsmasq-dhcp[5180]: DHCPREQUEST(br101) 172.16.0.21 02:16:3e:11:af:9a
Oct 26 10:47:04 stack01 dnsmasq-dhcp[5180]: DHCPACK(br101) 172.16.0.21 02:16:3e:11:af:9a ci
Oct 26 10:47:09 stack01 dnsmasq-dhcp[5323]: DHCPREQUEST(br102) 172.16.0.35 02:16:3e:41:fa:27
Oct 26 10:47:09 stack01 dnsmasq-dhcp[5323]: DHCPACK(br102) 172.16.0.35 02:16:3e:41:fa:27 puppet
Oct 26 10:48:04 stack01 dnsmasq-dhcp[5323]: DHCPREQUEST(br102) 172.16.0.35 02:16:3e:41:fa:27
Oct 26 10:48:04 stack01 dnsmasq-dhcp[5323]: DHCPACK(br102) 172.16.0.35 02:16:3e:41:fa:27 puppet
Oct 26 10:48:28 stack01 dnsmasq-dhcp[5180]: DHCPREQUEST(br101) 172.16.0.19 02:16:3e:7f:8e:ef
Oct 26 10:48:28 stack01 dnsmasq-dhcp[5180]: DHCPACK(br101) 172.16.0.19 02:16:3e:7f:8e:ef puppet
Oct 26 10:48:47 stack01 dnsmasq-dhcp[5180]: DHCPREQUEST(br101) 172.16.0.21 02:16:3e:11:af:9a
Oct 26 10:48:47 stack01 dnsmasq-dhcp[5180]: DHCPACK(br101) 172.16.0.21 02:16:3e:11:af:9a ci
Oct 26 10:48:53 stack01 dnsmasq-dhcp[5323]: DHCPREQUEST(br102) 172.16.0.35 02:16:3e:41:fa:27
Oct 26 10:48:53 stack01 dnsmasq-dhcp[5323]: DHCPACK(br102) 172.16.0.35 02:16:3e:41:fa:27 puppet
Oct 26 10:49:35 stack01 dnsmasq-dhcp[5323]: DHCPREQUEST(br102) 172.16.0.35 02:16:3e:41:fa:27
Oct 26 10:49:35 stack01 dnsmasq-dhcp[5323]: DHCPACK(br102) 172.16.0.35 02:16:3e:41:fa:27 puppet
Oct 26 10:50:01 stack01 CRON[2918]: (root) CMD (if [ -x /etc/munin/plugins/apt_all ]; then /etc/munin/plugins/apt_all update 7200 12 >/dev/null; elif [ -x /etc/munin/plugins/apt ]; then /etc/munin/plugins/apt update 7200 12 >/dev/null; fi)
Oct 26 10:50:01 stack01 CRON[2919]: (munin) CMD (if [ -x /usr/bin/munin-cron ]; then /usr/bin/munin-cron; fi)
Oct 26 10:50:22 stack01 dnsmasq-dhcp[5180]: DHCPREQUEST(br101) 172.16.0.19 02:16:3e:7f:8e:ef
Oct 26 10:50:22 stack01 dnsmasq-dhcp[5180]: DHCPACK(br101) 172.16.0.19 02:16:3e:7f:8e:ef puppet
Oct 26 10:50:26 stack01 dnsmasq-dhcp[5323]: DHCPREQUEST(br102) 172.16.0.35 02:16:3e:41:fa:27
Oct 26 10:50:26 stack01 dnsmasq-dhcp[5323]: DHCPACK(br102) 172.16.0.35 02:16:3e:41:fa:27 puppet
Oct 26 10:50:37 stack01 dnsmasq-dhcp[5180]: DHCPREQUEST(br101) 172.16.0.21 02:16:3e:11:af:9a
Oct 26 10:50:37 stack01 dnsmasq-dhcp[5180]: DHCPACK(br101) 172.16.0.21 02:16:3e:11:af:9a ci
Oct 26 10:51:16 stack01 dnsmasq-dhcp[5323]: DHCPREQUEST(br102) 172.16.0.35 02:16:3e:41:fa:27
Oct 26 10:51:16 stack01 dnsmasq-dhcp[5323]: DHCPACK(br102) 172.16.0.35 02:16:3e:41:fa:27 puppet
Oct 26 10:51:57 stack01 dnsmasq-dhcp[5323]: DHCPREQUEST(br102) 172.16.0.35 02:16:3e:41:fa:27
Oct 26 10:51:57 stack01 dnsmasq-dhcp[5323]: DHCPACK(br102) 172.16.0.35 02:16:3e:41:fa:27 puppet
Oct 26 10:52:07 stack01 dnsmasq-dhcp[5180]: DHCPREQUEST(br101) 172.16.0.19 02:16:3e:7f:8e:ef
Oct 26 10:52:07 stack01 dnsmasq-dhcp[5180]: DHCPACK(br101) 172.16.0.19 02:16:3e:7f:8e:ef puppet
Oct 26 10:52:22 stack01 dnsmasq-dhcp[5180]: DHCPREQUEST(br101) 172.16.0.21 02:16:3e:11:af:9a
Oct 26 10:52:22 stack01 dnsmasq-dhcp[5180]: DHCPACK(br101) 172.16.0.21 02:16:3e:11:af:9a ci
Oct 26 10:52:41 stack01 dnsmasq-dhcp[5323]: DHCPREQUEST(br102) 172.16.0.35 02:16:3e:41:fa:27
Oct 26 10:52:41 stack01 dnsmasq-dhcp[5323]: DHCPACK(br102) 172.16.0.35 02:16:3e:41:fa:27 puppet
Oct 26 10:53:25 stack01 dnsmasq-dhcp[5323]: DHCPREQUEST(br102) 172.16.0.35 02:16:3e:41:fa:27
Oct 26 10:53:25 stack01 dnsmasq-dhcp[5323]: DHCPACK(br102) 172.16.0.35 02:16:3e:41:fa:27 puppet
Oct 26 10:53:53 stack01 dnsmasq-dhcp[5180]: DHCPREQUEST(br101) 172.16.0.19 02:16:3e:7f:8e:ef
Oct 26 10:53:53 stack01 dnsmasq-dhcp[5180]: DHCPACK(br101) 172.16.0.19 02:16:3e:7f:8e:ef puppet
Oct 26 10:54:02 stack01 dnsmasq-dhcp[5180]: DHCPREQUEST(br101) 172.16.0.21 02:16:3e:11:af:9a
Oct 26 10:54:02 stack01 dnsmasq-dhcp[5180]: DHCPACK(br101) 172.16.0.21 02:16:3e:11:af:9a ci
Oct 26 10:54:18 stack01 dnsmasq-dhcp[5323]: DHCPREQUEST(br102) 172.16.0.35 02:16:3e:41:fa:27
Oct 26 10:54:18 stack01 dnsmasq-dhcp[5323]: DHCPACK(br102) 172.16.0.35 02:16:3e:41:fa:27 puppet
Oct 26 10:55:01 stack01 CRON[4177]: (root) CMD (if [ -x /etc/munin/plugins/apt_all ]; then /etc/munin/plugins/apt_all update 7200 12 >/dev/null; elif [ -x /etc/munin/plugins/apt ]; then /etc/munin/plugins/apt update 7200 12 >/dev/null; fi)
Oct 26 10:55:01 stack01 CRON[4178]: (munin) CMD (if [ -x /usr/bin/munin-cron ]; then /usr/bin/munin-cron; fi)
Oct 26 10:55:08 stack01 dnsmasq-dhcp[5323]: DHCPREQUEST(br102) 172.16.0.35 02:16:3e:41:fa:27
Oct 26 10:55:08 stack01 dnsmasq-dhcp[5323]: DHCPACK(br102) 172.16.0.35 02:16:3e:41:fa:27 puppet
Oct 26 10:55:40 stack01 dnsmasq-dhcp[5180]: DHCPREQUEST(br101) 172.16.0.19 02:16:3e:7f:8e:ef
Oct 26 10:55:40 stack01 dnsmasq-dhcp[5180]: DHCPACK(br101) 172.16.0.19 02:16:3e:7f:8e:ef puppet
Oct 26 10:55:46 stack01 dnsmasq-dhcp[5180]: DHCPREQUEST(br101) 172.16.0.21 02:16:3e:11:af:9a
Oct 26 10:55:46 stack01 dnsmasq-dhcp[5180]: DHCPACK(br101) 172.16.0.21 02:16:3e:11:af:9a ci
Oct 26 10:55:51 stack01 dnsmasq-dhcp[5323]: DHCPREQUEST(br102) 172.16.0.35 02:16:3e:41:fa:27
Oct 26 10:55:51 stack01 dnsmasq-dhcp[5323]: DHCPACK(br102) 172.16.0.35 02:16:3e:41:fa:27 puppet
Oct 26 10:56:42 stack01 dnsmasq-dhcp[5323]: DHCPREQUEST(br102) 172.16.0.35 02:16:3e:41:fa:27
Oct 26 10:56:42 stack01 dnsmasq-dhcp[5323]: DHCPACK(br102) 172.16.0.35 02:16:3e:41:fa:27 puppet
Oct 26 10:57:28 stack01 dnsmasq-dhcp[5180]: DHCPREQUEST(br101) 172.16.0.19 02:16:3e:7f:8e:ef
Oct 26 10:57:28 stack01 dnsmasq-dhcp[5180]: DHCPACK(br101) 172.16.0.19 02:16:3e:7f:8e:ef puppet
Oct 26 10:57:29 stack01 dnsmasq-dhcp[5180]: DHCPREQUEST(br101) 172.16.0.21 02:16:3e:11:af:9a
Oct 26 10:57:29 stack01 dnsmasq-dhcp[5180]: DHCPACK(br101) 172.16.0.21 02:16:3e:11:af:9a ci
Oct 26 10:57:32 stack01 dnsmasq-dhcp[5323]: DHCPREQUEST(br102) 172.16.0.35 02:16:3e:41:fa:27
Oct 26 10:57:32 stack01 dnsmasq-dhcp[5323]: DHCPACK(br102) 172.16.0.35 02:16:3e:41:fa:27 puppet
Oct 26 10:58:18 stack01 dnsmasq-dhcp[5323]: DHCPREQUEST(br102) 172.16.0.35 02:16:3e:41:fa:27
Oct 26 10:58:18 stack01 dnsmasq-dhcp[5323]: DHCPACK(br102) 172.16.0.35 02:16:3e:41:fa:27 puppet
Oct 26 10:59:11 stack01 dnsmasq-dhcp[5323]: DHCPREQUEST(br102) 172.16.0.35 02:16:3e:41:fa:27
Oct 26 10:59:11 stack01 dnsmasq-dhcp[5323]: DHCPACK(br102) 172.16.0.35 02:16:3e:41:fa:27 puppet
Oct 26 10:59:11 stack01 dnsmasq-dhcp[5180]: DHCPREQUEST(br101) 172.16.0.21 02:16:3e:11:af:9a
Oct 26 10:59:11 stack01 dnsmasq-dhcp[5180]: DHCPACK(br101) 172.16.0.21 02:16:3e:11:af:9a ci
Oct 26 10:59:24 stack01 dnsmasq-dhcp[5180]: DHCPREQUEST(br101) 172.16.0.19 02:16:3e:7f:8e:ef
Oct 26 10:59:24 stack01 dnsmasq-dhcp[5180]: DHCPACK(br101) 172.16.0.19 02:16:3e:7f:8e:ef puppet
Oct 26 10:59:57 stack01 dnsmasq-dhcp[5323]: DHCPREQUEST(br102) 172.16.0.35 02:16:3e:41:fa:27
Oct 26 10:59:57 stack01 dnsmasq-dhcp[5323]: DHCPACK(br102) 172.16.0.35 02:16:3e:41:fa:27 puppet
Oct 26 11:00:01 stack01 CRON[5555]: (root) CMD (if [ -x /etc/munin/plugins/apt_all ]; then /etc/munin/plugins/apt_all update 7200 12 >/dev/null; elif [ -x /etc/munin/plugins/apt ]; then /etc/munin/plugins/apt update 7200 12 >/dev/null; fi)
Oct 26 11:00:01 stack01 CRON[5556]: (munin) CMD (if [ -x /usr/bin/munin-cron ]; then /usr/bin/munin-cron; fi)
Oct 26 11:00:06 stack01 postfix/pickup[1487]: A04BB6A2413: uid=0 from=
Oct 26 11:00:06 stack01 postfix/cleanup[5957]: A04BB6A2413: message-id=<20111026100006.A04BB6A2413@stack01.dub01.os.managedit.ie>
Oct 26 11:00:06 stack01 postfix/qmgr[2172]: A04BB6A2413: from=, size=874, nrcpt=1 (queue active)
Oct 26 11:00:06 stack01 postfix/local[5967]: A04BB6A2413: to=, orig_to=, relay=local, delay=0.28, delays=0.2/0.01/0/0.08, dsn=2.0.0, status=sent (delivered to mailbox)
Oct 26 11:00:06 stack01 postfix/qmgr[2172]: A04BB6A2413: removed
Oct 26 11:00:49 stack01 dnsmasq-dhcp[5323]: DHCPREQUEST(br102) 172.16.0.35 02:16:3e:41:fa:27
Oct 26 11:00:49 stack01 dnsmasq-dhcp[5323]: DHCPACK(br102) 172.16.0.35 02:16:3e:41:fa:27 puppet
Oct 26 11:01:02 stack01 dnsmasq-dhcp[5180]: DHCPREQUEST(br101) 172.16.0.21 02:16:3e:11:af:9a
Oct 26 11:01:02 stack01 dnsmasq-dhcp[5180]: DHCPACK(br101) 172.16.0.21 02:16:3e:11:af:9a ci
Oct 26 11:01:18 stack01 dnsmasq-dhcp[5180]: DHCPREQUEST(br101) 172.16.0.19 02:16:3e:7f:8e:ef
Oct 26 11:01:18 stack01 dnsmasq-dhcp[5180]: DHCPACK(br101) 172.16.0.19 02:16:3e:7f:8e:ef puppet
Oct 26 11:01:31 stack01 dnsmasq-dhcp[5323]: DHCPREQUEST(br102) 172.16.0.35 02:16:3e:41:fa:27
Oct 26 11:01:31 stack01 dnsmasq-dhcp[5323]: DHCPACK(br102) 172.16.0.35 02:16:3e:41:fa:27 puppet
Oct 26 11:02:23 stack01 dnsmasq-dhcp[5323]: DHCPREQUEST(br102) 172.16.0.35 02:16:3e:41:fa:27
Oct 26 11:02:23 stack01 dnsmasq-dhcp[5323]: DHCPACK(br102) 172.16.0.35 02:16:3e:41:fa:27 puppet
Oct 26 11:02:52 stack01 dnsmasq-dhcp[5180]: DHCPREQUEST(br101) 172.16.0.21 02:16:3e:11:af:9a
Oct 26 11:02:52 stack01 dnsmasq-dhcp[5180]: DHCPACK(br101) 172.16.0.21 02:16:3e:11:af:9a ci
Oct 26 11:03:07 stack01 dnsmasq-dhcp[5180]: DHCPREQUEST(br101) 172.16.0.19 02:16:3e:7f:8e:ef
Oct 26 11:03:07 stack01 dnsmasq-dhcp[5180]: DHCPACK(br101) 172.16.0.19 02:16:3e:7f:8e:ef puppet
Oct 26 11:03:11 stack01 dnsmasq-dhcp[5323]: DHCPREQUEST(br102) 172.16.0.35 02:16:3e:41:fa:27
Oct 26 11:03:11 stack01 dnsmasq-dhcp[5323]: DHCPACK(br102) 172.16.0.35 02:16:3e:41:fa:27 puppet
Oct 26 11:04:01 stack01 dnsmasq-dhcp[5323]: DHCPREQUEST(br102) 172.16.0.35 02:16:3e:41:fa:27
Oct 26 11:04:01 stack01 dnsmasq-dhcp[5323]: DHCPACK(br102) 172.16.0.35 02:16:3e:41:fa:27 puppet
Oct 26 11:04:33 stack01 dnsmasq-dhcp[5180]: DHCPREQUEST(br101) 172.16.0.21 02:16:3e:11:af:9a
Oct 26 11:04:33 stack01 dnsmasq-dhcp[5180]: DHCPACK(br101) 172.16.0.21 02:16:3e:11:af:9a ci
Oct 26 11:04:55 stack01 dnsmasq-dhcp[5180]: DHCPREQUEST(br101) 172.16.0.19 02:16:3e:7f:8e:ef
Oct 26 11:04:55 stack01 dnsmasq-dhcp[5180]: DHCPACK(br101) 172.16.0.19 02:16:3e:7f:8e:ef puppet
Oct 26 11:04:55 stack01 dnsmasq-dhcp[5323]: DHCPREQUEST(br102) 172.16.0.35 02:16:3e:41:fa:27
Oct 26 11:04:55 stack01 dnsmasq-dhcp[5323]: DHCPACK(br102) 172.16.0.35 02:16:3e:41:fa:27 puppet
Oct 26 11:05:01 stack01 CRON[6924]: (root) CMD (if [ -x /etc/munin/plugins/apt_all ]; then /etc/munin/plugins/apt_all update 7200 12 >/dev/null; elif [ -x /etc/munin/plugins/apt ]; then /etc/munin/plugins/apt update 7200 12 >/dev/null; fi)
Oct 26 11:05:01 stack01 CRON[6925]: (munin) CMD (if [ -x /usr/bin/munin-cron ]; then /usr/bin/munin-cron; fi)
Oct 26 11:05:45 stack01 dnsmasq-dhcp[5323]: DHCPREQUEST(br102) 172.16.0.35 02:16:3e:41:fa:27
Oct 26 11:05:45 stack01 dnsmasq-dhcp[5323]: DHCPACK(br102) 172.16.0.35 02:16:3e:41:fa:27 puppet
Oct 26 11:06:23 stack01 dnsmasq-dhcp[5180]: DHCPREQUEST(br101) 172.16.0.21 02:16:3e:11:af:9a
Oct 26 11:06:23 stack01 dnsmasq-dhcp[5180]: DHCPACK(br101) 172.16.0.21 02:16:3e:11:af:9a ci
Oct 26 11:06:34 stack01 dnsmasq-dhcp[5323]: DHCPREQUEST(br102) 172.16.0.35 02:16:3e:41:fa:27
Oct 26 11:06:34 stack01 dnsmasq-dhcp[5323]: DHCPACK(br102) 172.16.0.35 02:16:3e:41:fa:27 puppet
Oct 26 11:06:44 stack01 dnsmasq-dhcp[5180]: DHCPREQUEST(br101) 172.16.0.19 02:16:3e:7f:8e:ef
Oct 26 11:06:44 stack01 dnsmasq-dhcp[5180]: DHCPACK(br101) 172.16.0.19 02:16:3e:7f:8e:ef puppet
Oct 26 11:07:16 stack01 dnsmasq-dhcp[5323]: DHCPREQUEST(br102) 172.16.0.35 02:16:3e:41:fa:27
Oct 26 11:07:16 stack01 dnsmasq-dhcp[5323]: DHCPACK(br102) 172.16.0.35 02:16:3e:41:fa:27 puppet
Oct 26 11:08:04 stack01 dnsmasq-dhcp[5180]: DHCPREQUEST(br101) 172.16.0.21 02:16:3e:11:af:9a
Oct 26 11:08:04 stack01 dnsmasq-dhcp[5180]: DHCPACK(br101) 172.16.0.21 02:16:3e:11:af:9a ci
Oct 26 11:08:08 stack01 dnsmasq-dhcp[5323]: DHCPREQUEST(br102) 172.16.0.35 02:16:3e:41:fa:27
Oct 26 11:08:08 stack01 dnsmasq-dhcp[5323]: DHCPACK(br102) 172.16.0.35 02:16:3e:41:fa:27 puppet
Oct 26 11:08:37 stack01 dnsmasq-dhcp[5180]: DHCPREQUEST(br101) 172.16.0.19 02:16:3e:7f:8e:ef
Oct 26 11:08:37 stack01 dnsmasq-dhcp[5180]: DHCPACK(br101) 172.16.0.19 02:16:3e:7f:8e:ef puppet
Oct 26 11:09:01 stack01 CRON[8151]: (root) CMD ( [ -x /usr/lib/php5/maxlifetime ] && [ -d /var/lib/php5 ] && find /var/lib/php5/ -depth -mindepth 1 -maxdepth 1 -type f -cmin +$(/usr/lib/php5/maxlifetime) ! -execdir fuser -s {} 2>/dev/null \; -delete)
Oct 26 11:09:02 stack01 dnsmasq-dhcp[5323]: DHCPREQUEST(br102) 172.16.0.35 02:16:3e:41:fa:27
Oct 26 11:09:02 stack01 dnsmasq-dhcp[5323]: DHCPACK(br102) 172.16.0.35 02:16:3e:41:fa:27 puppet
Oct 26 11:09:47 stack01 dnsmasq-dhcp[5323]: DHCPREQUEST(br102) 172.16.0.35 02:16:3e:41:fa:27
Oct 26 11:09:47 stack01 dnsmasq-dhcp[5323]: DHCPACK(br102) 172.16.0.35 02:16:3e:41:fa:27 puppet
Oct 26 11:09:56 stack01 dnsmasq-dhcp[5180]: DHCPREQUEST(br101) 172.16.0.21 02:16:3e:11:af:9a
Oct 26 11:09:56 stack01 dnsmasq-dhcp[5180]: DHCPACK(br101) 172.16.0.21 02:16:3e:11:af:9a ci
Oct 26 11:10:01 stack01 CRON[8210]: (root) CMD (if [ -x /etc/munin/plugins/apt_all ]; then /etc/munin/plugins/apt_all update 7200 12 >/dev/null; elif [ -x /etc/munin/plugins/apt ]; then /etc/munin/plugins/apt update 7200 12 >/dev/null; fi)
Oct 26 11:10:01 stack01 CRON[8211]: (munin) CMD (if [ -x /usr/bin/munin-cron ]; then /usr/bin/munin-cron; fi)
Oct 26 11:10:19 stack01 dnsmasq-dhcp[5180]: DHCPREQUEST(br101) 172.16.0.19 02:16:3e:7f:8e:ef
Oct 26 11:10:19 stack01 dnsmasq-dhcp[5180]: DHCPACK(br101) 172.16.0.19 02:16:3e:7f:8e:ef puppet
Oct 26 11:10:41 stack01 dnsmasq-dhcp[5323]: DHCPREQUEST(br102) 172.16.0.35 02:16:3e:41:fa:27
Oct 26 11:10:41 stack01 dnsmasq-dhcp[5323]: DHCPACK(br102) 172.16.0.35 02:16:3e:41:fa:27 puppet
Oct 26 11:11:24 stack01 dnsmasq-dhcp[5323]: DHCPREQUEST(br102) 172.16.0.35 02:16:3e:41:fa:27
Oct 26 11:11:24 stack01 dnsmasq-dhcp[5323]: DHCPACK(br102) 172.16.0.35 02:16:3e:41:fa:27 puppet
Oct 26 11:11:44 stack01 dnsmasq-dhcp[5180]: DHCPREQUEST(br101) 172.16.0.21 02:16:3e:11:af:9a
Oct 26 11:11:44 stack01 dnsmasq-dhcp[5180]: DHCPACK(br101) 172.16.0.21 02:16:3e:11:af:9a ci
Oct 26 11:12:14 stack01 dnsmasq-dhcp[5180]: DHCPREQUEST(br101) 172.16.0.19 02:16:3e:7f:8e:ef
Oct 26 11:12:14 stack01 dnsmasq-dhcp[5180]: DHCPACK(br101) 172.16.0.19 02:16:3e:7f:8e:ef puppet
Oct 26 11:12:18 stack01 dnsmasq-dhcp[5323]: DHCPREQUEST(br102) 172.16.0.35 02:16:3e:41:fa:27
Oct 26 11:12:18 stack01 dnsmasq-dhcp[5323]: DHCPACK(br102) 172.16.0.35 02:16:3e:41:fa:27 puppet
Oct 26 11:13:05 stack01 dnsmasq-dhcp[5323]: DHCPREQUEST(br102) 172.16.0.35 02:16:3e:41:fa:27
Oct 26 11:13:05 stack01 dnsmasq-dhcp[5323]: DHCPACK(br102) 172.16.0.35 02:16:3e:41:fa:27 puppet
Oct 26 11:13:38 stack01 dnsmasq-dhcp[5180]: DHCPREQUEST(br101) 172.16.0.21 02:16:3e:11:af:9a
Oct 26 11:13:38 stack01 dnsmasq-dhcp[5180]: DHCPACK(br101) 172.16.0.21 02:16:3e:11:af:9a ci
Oct 26 11:13:51 stack01 dnsmasq-dhcp[5323]: DHCPREQUEST(br102) 172.16.0.35 02:16:3e:41:fa:27
Oct 26 11:13:51 stack01 dnsmasq-dhcp[5323]: DHCPACK(br102) 172.16.0.35 02:16:3e:41:fa:27 puppet
Oct 26 11:14:04 stack01 dnsmasq-dhcp[5180]: DHCPREQUEST(br101) 172.16.0.19 02:16:3e:7f:8e:ef
Oct 26 11:14:04 stack01 dnsmasq-dhcp[5180]: DHCPACK(br101) 172.16.0.19 02:16:3e:7f:8e:ef puppet
Oct 26 11:14:45 stack01 dnsmasq-dhcp[5323]: DHCPREQUEST(br102) 172.16.0.35 02:16:3e:41:fa:27
Oct 26 11:14:45 stack01 dnsmasq-dhcp[5323]: DHCPACK(br102) 172.16.0.35 02:16:3e:41:fa:27 puppet
Oct 26 11:15:01 stack01 CRON[9468]: (root) CMD (if [ -x /etc/munin/plugins/apt_all ]; then /etc/munin/plugins/apt_all update 7200 12 >/dev/null; elif [ -x /etc/munin/plugins/apt ]; then /etc/munin/plugins/apt update 7200 12 >/dev/null; fi)
Oct 26 11:15:01 stack01 CRON[9469]: (munin) CMD (if [ -x /usr/bin/munin-cron ]; then /usr/bin/munin-cron; fi)
Oct 26 11:15:06 stack01 postfix/pickup[1487]: 1DF256A241D: uid=0 from=
Oct 26 11:15:06 stack01 postfix/cleanup[9807]: 1DF256A241D: message-id=<20111026101506.1DF256A241D@stack01.dub01.os.managedit.ie>
Oct 26 11:15:06 stack01 postfix/qmgr[2172]: 1DF256A241D: from=, size=874, nrcpt=1 (queue active)
Oct 26 11:15:06 stack01 postfix/local[9829]: 1DF256A241D: to=, orig_to=, relay=local, delay=0.37, delays=0.24/0.01/0/0.12, dsn=2.0.0, status=sent (delivered to mailbox)
Oct 26 11:15:06 stack01 postfix/qmgr[2172]: 1DF256A241D: removed
Oct 26 11:15:30 stack01 dnsmasq-dhcp[5180]: DHCPREQUEST(br101) 172.16.0.21 02:16:3e:11:af:9a
Oct 26 11:15:30 stack01 dnsmasq-dhcp[5180]: DHCPACK(br101) 172.16.0.21 02:16:3e:11:af:9a ci
Oct 26 11:15:32 stack01 dnsmasq-dhcp[5323]: DHCPREQUEST(br102) 172.16.0.35 02:16:3e:41:fa:27
Oct 26 11:15:32 stack01 dnsmasq-dhcp[5323]: DHCPACK(br102) 172.16.0.35 02:16:3e:41:fa:27 puppet
Oct 26 11:16:02 stack01 dnsmasq-dhcp[5180]: DHCPREQUEST(br101) 172.16.0.19 02:16:3e:7f:8e:ef
Oct 26 11:16:02 stack01 dnsmasq-dhcp[5180]: DHCPACK(br101) 172.16.0.19 02:16:3e:7f:8e:ef puppet
Oct 26 11:16:14 stack01 dnsmasq-dhcp[5323]: DHCPREQUEST(br102) 172.16.0.35 02:16:3e:41:fa:27
Oct 26 11:16:14 stack01 dnsmasq-dhcp[5323]: DHCPACK(br102) 172.16.0.35 02:16:3e:41:fa:27 puppet
Oct 26 11:17:01 stack01 CRON[10639]: (root) CMD ( cd / && run-parts --report /etc/cron.hourly)
Oct 26 11:17:06 stack01 dnsmasq-dhcp[5323]: DHCPREQUEST(br102) 172.16.0.35 02:16:3e:41:fa:27
Oct 26 11:17:06 stack01 dnsmasq-dhcp[5323]: DHCPACK(br102) 172.16.0.35 02:16:3e:41:fa:27 puppet
Oct 26 11:17:24 stack01 dnsmasq-dhcp[5180]: DHCPREQUEST(br101) 172.16.0.21 02:16:3e:11:af:9a
Oct 26 11:17:24 stack01 dnsmasq-dhcp[5180]: DHCPACK(br101) 172.16.0.21 02:16:3e:11:af:9a ci
Oct 26 11:17:50 stack01 dnsmasq-dhcp[5180]: DHCPREQUEST(br101) 172.16.0.19 02:16:3e:7f:8e:ef
Oct 26 11:17:50 stack01 dnsmasq-dhcp[5180]: DHCPACK(br101) 172.16.0.19 02:16:3e:7f:8e:ef puppet
Oct 26 11:17:53 stack01 dnsmasq-dhcp[5323]: DHCPREQUEST(br102) 172.16.0.35 02:16:3e:41:fa:27
Oct 26 11:17:53 stack01 dnsmasq-dhcp[5323]: DHCPACK(br102) 172.16.0.35 02:16:3e:41:fa:27 puppet
Oct 26 11:18:45 stack01 dnsmasq-dhcp[5323]: DHCPREQUEST(br102) 172.16.0.35 02:16:3e:41:fa:27
Oct 26 11:18:45 stack01 dnsmasq-dhcp[5323]: DHCPACK(br102) 172.16.0.35 02:16:3e:41:fa:27 puppet
Oct 26 11:19:05 stack01 dnsmasq-dhcp[5180]: DHCPREQUEST(br101) 172.16.0.21 02:16:3e:11:af:9a
Oct 26 11:19:05 stack01 dnsmasq-dhcp[5180]: DHCPACK(br101) 172.16.0.21 02:16:3e:11:af:9a ci
Oct 26 11:19:34 stack01 dnsmasq-dhcp[5180]: DHCPREQUEST(br101) 172.16.0.19 02:16:3e:7f:8e:ef
Oct 26 11:19:34 stack01 dnsmasq-dhcp[5180]: DHCPACK(br101) 172.16.0.19 02:16:3e:7f:8e:ef puppet
Oct 26 11:19:37 stack01 dnsmasq-dhcp[5323]: DHCPREQUEST(br102) 172.16.0.35 02:16:3e:41:fa:27
Oct 26 11:19:37 stack01 dnsmasq-dhcp[5323]: DHCPACK(br102) 172.16.0.35 02:16:3e:41:fa:27 puppet
Oct 26 11:20:01 stack01 CRON[10811]: (root) CMD (if [ -x /etc/munin/plugins/apt_all ]; then /etc/munin/plugins/apt_all update 7200 12 >/dev/null; elif [ -x /etc/munin/plugins/apt ]; then /etc/munin/plugins/apt update 7200 12 >/dev/null; fi)
Oct 26 11:20:01 stack01 CRON[10812]: (munin) CMD (if [ -x /usr/bin/munin-cron ]; then /usr/bin/munin-cron; fi)
Oct 26 11:20:23 stack01 dnsmasq-dhcp[5323]: DHCPREQUEST(br102) 172.16.0.35 02:16:3e:41:fa:27
Oct 26 11:20:23 stack01 dnsmasq-dhcp[5323]: DHCPACK(br102) 172.16.0.35 02:16:3e:41:fa:27 puppet
Oct 26 11:20:58 stack01 dnsmasq-dhcp[5180]: DHCPREQUEST(br101) 172.16.0.21 02:16:3e:11:af:9a
Oct 26 11:20:58 stack01 dnsmasq-dhcp[5180]: DHCPACK(br101) 172.16.0.21 02:16:3e:11:af:9a ci
Oct 26 11:21:10 stack01 dnsmasq-dhcp[5323]: DHCPREQUEST(br102) 172.16.0.35 02:16:3e:41:fa:27
Oct 26 11:21:10 stack01 dnsmasq-dhcp[5323]: DHCPACK(br102) 172.16.0.35 02:16:3e:41:fa:27 puppet
Oct 26 11:21:24 stack01 dnsmasq-dhcp[5180]: DHCPREQUEST(br101) 172.16.0.19 02:16:3e:7f:8e:ef
Oct 26 11:21:24 stack01 dnsmasq-dhcp[5180]: DHCPACK(br101) 172.16.0.19 02:16:3e:7f:8e:ef puppet
Oct 26 11:21:57 stack01 dnsmasq-dhcp[5323]: DHCPREQUEST(br102) 172.16.0.35 02:16:3e:41:fa:27
Oct 26 11:21:57 stack01 dnsmasq-dhcp[5323]: DHCPACK(br102) 172.16.0.35 02:16:3e:41:fa:27 puppet
Oct 26 11:22:49 stack01 dnsmasq-dhcp[5323]: DHCPREQUEST(br102) 172.16.0.35 02:16:3e:41:fa:27
Oct 26 11:22:49 stack01 dnsmasq-dhcp[5323]: DHCPACK(br102) 172.16.0.35 02:16:3e:41:fa:27 puppet
Oct 26 11:22:52 stack01 dnsmasq-dhcp[5180]: DHCPREQUEST(br101) 172.16.0.21 02:16:3e:11:af:9a
Oct 26 11:22:52 stack01 dnsmasq-dhcp[5180]: DHCPACK(br101) 172.16.0.21 02:16:3e:11:af:9a ci
Oct 26 11:23:09 stack01 dnsmasq-dhcp[5180]: DHCPREQUEST(br101) 172.16.0.19 02:16:3e:7f:8e:ef
Oct 26 11:23:09 stack01 dnsmasq-dhcp[5180]: DHCPACK(br101) 172.16.0.19 02:16:3e:7f:8e:ef puppet
Oct 26 11:23:32 stack01 dnsmasq-dhcp[5323]: DHCPREQUEST(br102) 172.16.0.35 02:16:3e:41:fa:27
Oct 26 11:23:32 stack01 dnsmasq-dhcp[5323]: DHCPACK(br102) 172.16.0.35 02:16:3e:41:fa:27 puppet
Oct 26 11:24:20 stack01 dnsmasq-dhcp[5323]: DHCPREQUEST(br102) 172.16.0.35 02:16:3e:41:fa:27
Oct 26 11:24:20 stack01 dnsmasq-dhcp[5323]: DHCPACK(br102) 172.16.0.35 02:16:3e:41:fa:27 puppet
Oct 26 11:24:37 stack01 dnsmasq-dhcp[5180]: DHCPREQUEST(br101) 172.16.0.21 02:16:3e:11:af:9a
Oct 26 11:24:37 stack01 dnsmasq-dhcp[5180]: DHCPACK(br101) 172.16.0.21 02:16:3e:11:af:9a ci
Oct 26 11:24:49 stack01 dnsmasq-dhcp[5180]: DHCPREQUEST(br101) 172.16.0.19 02:16:3e:7f:8e:ef
Oct 26 11:24:49 stack01 dnsmasq-dhcp[5180]: DHCPACK(br101) 172.16.0.19 02:16:3e:7f:8e:ef puppet
Oct 26 11:25:01 stack01 CRON[12214]: (root) CMD (if [ -x /etc/munin/plugins/apt_all ]; then /etc/munin/plugins/apt_all update 7200 12 >/dev/null; elif [ -x /etc/munin/plugins/apt ]; then /etc/munin/plugins/apt update 7200 12 >/dev/null; fi)
Oct 26 11:25:01 stack01 CRON[12215]: (munin) CMD (if [ -x /usr/bin/munin-cron ]; then /usr/bin/munin-cron; fi)
Oct 26 11:25:07 stack01 dnsmasq-dhcp[5323]: DHCPREQUEST(br102) 172.16.0.35 02:16:3e:41:fa:27
Oct 26 11:25:07 stack01 dnsmasq-dhcp[5323]: DHCPACK(br102) 172.16.0.35 02:16:3e:41:fa:27 puppet
Oct 26 11:25:52 stack01 dnsmasq-dhcp[5323]: DHCPREQUEST(br102) 172.16.0.35 02:16:3e:41:fa:27
Oct 26 11:25:52 stack01 dnsmasq-dhcp[5323]: DHCPACK(br102) 172.16.0.35 02:16:3e:41:fa:27 puppet
Oct 26 11:26:27 stack01 dnsmasq-dhcp[5180]: DHCPREQUEST(br101) 172.16.0.21 02:16:3e:11:af:9a
Oct 26 11:26:27 stack01 dnsmasq-dhcp[5180]: DHCPACK(br101) 172.16.0.21 02:16:3e:11:af:9a ci
Oct 26 11:26:29 stack01 dnsmasq-dhcp[5180]: DHCPREQUEST(br101) 172.16.0.19 02:16:3e:7f:8e:ef
Oct 26 11:26:29 stack01 dnsmasq-dhcp[5180]: DHCPACK(br101) 172.16.0.19 02:16:3e:7f:8e:ef puppet
Oct 26 11:26:40 stack01 dnsmasq-dhcp[5323]: DHCPREQUEST(br102) 172.16.0.35 02:16:3e:41:fa:27
Oct 26 11:26:40 stack01 dnsmasq-dhcp[5323]: DHCPACK(br102) 172.16.0.35 02:16:3e:41:fa:27 puppet
Oct 26 11:27:28 stack01 dnsmasq-dhcp[5323]: DHCPREQUEST(br102) 172.16.0.35 02:16:3e:41:fa:27
Oct 26 11:27:28 stack01 dnsmasq-dhcp[5323]: DHCPACK(br102) 172.16.0.35 02:16:3e:41:fa:27 puppet
Oct 26 11:28:12 stack01 dnsmasq-dhcp[5180]: DHCPREQUEST(br101) 172.16.0.19 02:16:3e:7f:8e:ef
Oct 26 11:28:12 stack01 dnsmasq-dhcp[5180]: DHCPACK(br101) 172.16.0.19 02:16:3e:7f:8e:ef puppet
Oct 26 11:28:19 stack01 dnsmasq-dhcp[5323]: DHCPREQUEST(br102) 172.16.0.35 02:16:3e:41:fa:27
Oct 26 11:28:19 stack01 dnsmasq-dhcp[5323]: DHCPACK(br102) 172.16.0.35 02:16:3e:41:fa:27 puppet
Oct 26 11:28:22 stack01 dnsmasq-dhcp[5180]: DHCPREQUEST(br101) 172.16.0.21 02:16:3e:11:af:9a
Oct 26 11:28:22 stack01 dnsmasq-dhcp[5180]: DHCPACK(br101) 172.16.0.21 02:16:3e:11:af:9a ci
Oct 26 11:29:02 stack01 dnsmasq-dhcp[5323]: DHCPREQUEST(br102) 172.16.0.35 02:16:3e:41:fa:27
Oct 26 11:29:02 stack01 dnsmasq-dhcp[5323]: DHCPACK(br102) 172.16.0.35 02:16:3e:41:fa:27 puppet
Oct 26 11:29:53 stack01 dnsmasq-dhcp[5323]: DHCPREQUEST(br102) 172.16.0.35 02:16:3e:41:fa:27
Oct 26 11:29:53 stack01 dnsmasq-dhcp[5323]: DHCPACK(br102) 172.16.0.35 02:16:3e:41:fa:27 puppet
Oct 26 11:30:01 stack01 CRON[13467]: (root) CMD (if [ -x /etc/munin/plugins/apt_all ]; then /etc/munin/plugins/apt_all update 7200 12 >/dev/null; elif [ -x /etc/munin/plugins/apt ]; then /etc/munin/plugins/apt update 7200 12 >/dev/null; fi)
Oct 26 11:30:01 stack01 CRON[13468]: (munin) CMD (if [ -x /usr/bin/munin-cron ]; then /usr/bin/munin-cron; fi)
Oct 26 11:30:07 stack01 dnsmasq-dhcp[5180]: DHCPREQUEST(br101) 172.16.0.19 02:16:3e:7f:8e:ef
Oct 26 11:30:07 stack01 dnsmasq-dhcp[5180]: DHCPACK(br101) 172.16.0.19 02:16:3e:7f:8e:ef puppet
Oct 26 11:30:07 stack01 dnsmasq-dhcp[5180]: DHCPREQUEST(br101) 172.16.0.21 02:16:3e:11:af:9a
Oct 26 11:30:07 stack01 dnsmasq-dhcp[5180]: DHCPACK(br101) 172.16.0.21 02:16:3e:11:af:9a ci
Oct 26 11:30:37 stack01 dnsmasq-dhcp[5323]: DHCPREQUEST(br102) 172.16.0.35 02:16:3e:41:fa:27
Oct 26 11:30:37 stack01 dnsmasq-dhcp[5323]: DHCPACK(br102) 172.16.0.35 02:16:3e:41:fa:27 puppet
Oct 26 11:31:18 stack01 dnsmasq-dhcp[5323]: DHCPREQUEST(br102) 172.16.0.35 02:16:3e:41:fa:27
Oct 26 11:31:18 stack01 dnsmasq-dhcp[5323]: DHCPACK(br102) 172.16.0.35 02:16:3e:41:fa:27 puppet
Oct 26 11:31:32 stack01 kernel: [26585.854781] init: nova-api main process (20543) terminated with status 143
Oct 26 11:31:52 stack01 dnsmasq-dhcp[5180]: DHCPREQUEST(br101) 172.16.0.21 02:16:3e:11:af:9a
Oct 26 11:31:52 stack01 dnsmasq-dhcp[5180]: DHCPACK(br101) 172.16.0.21 02:16:3e:11:af:9a ci
Oct 26 11:31:57 stack01 dnsmasq-dhcp[5180]: DHCPREQUEST(br101) 172.16.0.19 02:16:3e:7f:8e:ef
Oct 26 11:31:57 stack01 dnsmasq-dhcp[5180]: DHCPACK(br101) 172.16.0.19 02:16:3e:7f:8e:ef puppet
Oct 26 11:32:02 stack01 dnsmasq-dhcp[5323]: DHCPREQUEST(br102) 172.16.0.35 02:16:3e:41:fa:27
Oct 26 11:32:02 stack01 dnsmasq-dhcp[5323]: DHCPACK(br102) 172.16.0.35 02:16:3e:41:fa:27 puppet
Oct 26 11:32:56 stack01 dnsmasq-dhcp[5323]: DHCPREQUEST(br102) 172.16.0.35 02:16:3e:41:fa:27
Oct 26 11:32:56 stack01 dnsmasq-dhcp[5323]: DHCPACK(br102) 172.16.0.35 02:16:3e:41:fa:27 puppet
Oct 26 11:33:38 stack01 dnsmasq-dhcp[5180]: DHCPREQUEST(br101) 172.16.0.21 02:16:3e:11:af:9a
Oct 26 11:33:38 stack01 dnsmasq-dhcp[5180]: DHCPACK(br101) 172.16.0.21 02:16:3e:11:af:9a ci
Oct 26 11:33:39 stack01 dnsmasq-dhcp[5180]: DHCPREQUEST(br101) 172.16.0.19 02:16:3e:7f:8e:ef
Oct 26 11:33:39 stack01 dnsmasq-dhcp[5180]: DHCPACK(br101) 172.16.0.19 02:16:3e:7f:8e:ef puppet
Oct 26 11:33:42 stack01 dnsmasq-dhcp[5323]: DHCPREQUEST(br102) 172.16.0.35 02:16:3e:41:fa:27
Oct 26 11:33:42 stack01 dnsmasq-dhcp[5323]: DHCPACK(br102) 172.16.0.35 02:16:3e:41:fa:27 puppet
Oct 26 11:34:25 stack01 dnsmasq-dhcp[5323]: DHCPREQUEST(br102) 172.16.0.35 02:16:3e:41:fa:27
Oct 26 11:34:25 stack01 dnsmasq-dhcp[5323]: DHCPACK(br102) 172.16.0.35 02:16:3e:41:fa:27 puppet
Oct 26 11:35:01 stack01 CRON[14802]: (root) CMD (if [ -x /etc/munin/plugins/apt_all ]; then /etc/munin/plugins/apt_all update 7200 12 >/dev/null; elif [ -x /etc/munin/plugins/apt ]; then /etc/munin/plugins/apt update 7200 12 >/dev/null; fi)
Oct 26 11:35:01 stack01 CRON[14803]: (munin) CMD (if [ -x /usr/bin/munin-cron ]; then /usr/bin/munin-cron; fi)
Oct 26 11:35:14 stack01 dnsmasq-dhcp[5323]: DHCPREQUEST(br102) 172.16.0.35 02:16:3e:41:fa:27
Oct 26 11:35:14 stack01 dnsmasq-dhcp[5323]: DHCPACK(br102) 172.16.0.35 02:16:3e:41:fa:27 puppet
Oct 26 11:35:20 stack01 dnsmasq-dhcp[5180]: DHCPREQUEST(br101) 172.16.0.19 02:16:3e:7f:8e:ef
Oct 26 11:35:20 stack01 dnsmasq-dhcp[5180]: DHCPACK(br101) 172.16.0.19 02:16:3e:7f:8e:ef puppet
Oct 26 11:35:21 stack01 dnsmasq-dhcp[5180]: DHCPREQUEST(br101) 172.16.0.21 02:16:3e:11:af:9a
Oct 26 11:35:21 stack01 dnsmasq-dhcp[5180]: DHCPACK(br101) 172.16.0.21 02:16:3e:11:af:9a ci
Oct 26 11:35:58 stack01 dnsmasq-dhcp[5323]: DHCPREQUEST(br102) 172.16.0.35 02:16:3e:41:fa:27
Oct 26 11:35:58 stack01 dnsmasq-dhcp[5323]: DHCPACK(br102) 172.16.0.35 02:16:3e:41:fa:27 puppet
Oct 26 11:36:45 stack01 dnsmasq-dhcp[5323]: DHCPREQUEST(br102) 172.16.0.35 02:16:3e:41:fa:27
Oct 26 11:36:45 stack01 dnsmasq-dhcp[5323]: DHCPACK(br102) 172.16.0.35 02:16:3e:41:fa:27 puppet
Oct 26 11:37:12 stack01 dnsmasq-dhcp[5180]: DHCPREQUEST(br101) 172.16.0.21 02:16:3e:11:af:9a
Oct 26 11:37:12 stack01 dnsmasq-dhcp[5180]: DHCPACK(br101) 172.16.0.21 02:16:3e:11:af:9a ci
Oct 26 11:37:14 stack01 dnsmasq-dhcp[5180]: DHCPREQUEST(br101) 172.16.0.19 02:16:3e:7f:8e:ef
Oct 26 11:37:14 stack01 dnsmasq-dhcp[5180]: DHCPACK(br101) 172.16.0.19 02:16:3e:7f:8e:ef puppet
Oct 26 11:37:28 stack01 dnsmasq-dhcp[5323]: DHCPREQUEST(br102) 172.16.0.35 02:16:3e:41:fa:27
Oct 26 11:37:28 stack01 dnsmasq-dhcp[5323]: DHCPACK(br102) 172.16.0.35 02:16:3e:41:fa:27 puppet
Oct 26 11:38:22 stack01 dnsmasq-dhcp[5323]: DHCPREQUEST(br102) 172.16.0.35 02:16:3e:41:fa:27
Oct 26 11:38:22 stack01 dnsmasq-dhcp[5323]: DHCPACK(br102) 172.16.0.35 02:16:3e:41:fa:27 puppet
Oct 26 11:38:58 stack01 dnsmasq-dhcp[5180]: DHCPREQUEST(br101) 172.16.0.19 02:16:3e:7f:8e:ef
Oct 26 11:38:58 stack01 dnsmasq-dhcp[5180]: DHCPACK(br101) 172.16.0.19 02:16:3e:7f:8e:ef puppet
Oct 26 11:38:58 stack01 dnsmasq-dhcp[5180]: DHCPREQUEST(br101) 172.16.0.21 02:16:3e:11:af:9a
Oct 26 11:38:58 stack01 dnsmasq-dhcp[5180]: DHCPACK(br101) 172.16.0.21 02:16:3e:11:af:9a ci
Oct 26 11:39:01 stack01 CRON[16054]: (root) CMD ( [ -x /usr/lib/php5/maxlifetime ] && [ -d /var/lib/php5 ] && find /var/lib/php5/ -depth -mindepth 1 -maxdepth 1 -type f -cmin +$(/usr/lib/php5/maxlifetime) ! -execdir fuser -s {} 2>/dev/null \; -delete)
Oct 26 11:39:09 stack01 dnsmasq-dhcp[5323]: DHCPREQUEST(br102) 172.16.0.35 02:16:3e:41:fa:27
Oct 26 11:39:09 stack01 dnsmasq-dhcp[5323]: DHCPACK(br102) 172.16.0.35 02:16:3e:41:fa:27 puppet
Oct 26 11:39:55 stack01 dnsmasq-dhcp[5323]: DHCPREQUEST(br102) 172.16.0.35 02:16:3e:41:fa:27
Oct 26 11:39:55 stack01 dnsmasq-dhcp[5323]: DHCPACK(br102) 172.16.0.35 02:16:3e:41:fa:27 puppet
Oct 26 11:40:01 stack01 CRON[16116]: (root) CMD (if [ -x /etc/munin/plugins/apt_all ]; then /etc/munin/plugins/apt_all update 7200 12 >/dev/null; elif [ -x /etc/munin/plugins/apt ]; then /etc/munin/plugins/apt update 7200 12 >/dev/null; fi)
Oct 26 11:40:01 stack01 CRON[16117]: (munin) CMD (if [ -x /usr/bin/munin-cron ]; then /usr/bin/munin-cron; fi)
Oct 26 11:40:42 stack01 dnsmasq-dhcp[5323]: DHCPREQUEST(br102) 172.16.0.35 02:16:3e:41:fa:27
Oct 26 11:40:42 stack01 dnsmasq-dhcp[5323]: DHCPACK(br102) 172.16.0.35 02:16:3e:41:fa:27 puppet
Oct 26 11:40:44 stack01 dnsmasq-dhcp[5180]: DHCPREQUEST(br101) 172.16.0.21 02:16:3e:11:af:9a
Oct 26 11:40:44 stack01 dnsmasq-dhcp[5180]: DHCPACK(br101) 172.16.0.21 02:16:3e:11:af:9a ci
Oct 26 11:40:46 stack01 dnsmasq-dhcp[5180]: DHCPREQUEST(br101) 172.16.0.19 02:16:3e:7f:8e:ef
Oct 26 11:40:46 stack01 dnsmasq-dhcp[5180]: DHCPACK(br101) 172.16.0.19 02:16:3e:7f:8e:ef puppet
Oct 26 11:41:26 stack01 dnsmasq-dhcp[5323]: DHCPREQUEST(br102) 172.16.0.35 02:16:3e:41:fa:27
Oct 26 11:41:26 stack01 dnsmasq-dhcp[5323]: DHCPACK(br102) 172.16.0.35 02:16:3e:41:fa:27 puppet
Oct 26 11:42:16 stack01 dnsmasq-dhcp[5323]: DHCPREQUEST(br102) 172.16.0.35 02:16:3e:41:fa:27
Oct 26 11:42:16 stack01 dnsmasq-dhcp[5323]: DHCPACK(br102) 172.16.0.35 02:16:3e:41:fa:27 puppet
Oct 26 11:42:24 stack01 dnsmasq-dhcp[5180]: DHCPREQUEST(br101) 172.16.0.21 02:16:3e:11:af:9a
Oct 26 11:42:24 stack01 dnsmasq-dhcp[5180]: DHCPACK(br101) 172.16.0.21 02:16:3e:11:af:9a ci
Oct 26 11:42:39 stack01 dnsmasq-dhcp[5180]: DHCPREQUEST(br101) 172.16.0.19 02:16:3e:7f:8e:ef
Oct 26 11:42:39 stack01 dnsmasq-dhcp[5180]: DHCPACK(br101) 172.16.0.19 02:16:3e:7f:8e:ef puppet
Oct 26 11:43:07 stack01 dnsmasq-dhcp[5323]: DHCPREQUEST(br102) 172.16.0.35 02:16:3e:41:fa:27
Oct 26 11:43:07 stack01 dnsmasq-dhcp[5323]: DHCPACK(br102) 172.16.0.35 02:16:3e:41:fa:27 puppet
Oct 26 11:43:58 stack01 dnsmasq-dhcp[5323]: DHCPREQUEST(br102) 172.16.0.35 02:16:3e:41:fa:27
Oct 26 11:43:58 stack01 dnsmasq-dhcp[5323]: DHCPACK(br102) 172.16.0.35 02:16:3e:41:fa:27 puppet
Oct 26 11:44:13 stack01 dnsmasq-dhcp[5180]: DHCPREQUEST(br101) 172.16.0.21 02:16:3e:11:af:9a
Oct 26 11:44:13 stack01 dnsmasq-dhcp[5180]: DHCPACK(br101) 172.16.0.21 02:16:3e:11:af:9a ci
Oct 26 11:44:32 stack01 dnsmasq-dhcp[5180]: DHCPREQUEST(br101) 172.16.0.19 02:16:3e:7f:8e:ef
Oct 26 11:44:32 stack01 dnsmasq-dhcp[5180]: DHCPACK(br101) 172.16.0.19 02:16:3e:7f:8e:ef puppet
Oct 26 11:44:52 stack01 dnsmasq-dhcp[5323]: DHCPREQUEST(br102) 172.16.0.35 02:16:3e:41:fa:27
Oct 26 11:44:52 stack01 dnsmasq-dhcp[5323]: DHCPACK(br102) 172.16.0.35 02:16:3e:41:fa:27 puppet
Oct 26 11:45:01 stack01 CRON[17409]: (root) CMD (if [ -x /etc/munin/plugins/apt_all ]; then /etc/munin/plugins/apt_all update 7200 12 >/dev/null; elif [ -x /etc/munin/plugins/apt ]; then /etc/munin/plugins/apt update 7200 12 >/dev/null; fi)
Oct 26 11:45:01 stack01 CRON[17410]: (munin) CMD (if [ -x /usr/bin/munin-cron ]; then /usr/bin/munin-cron; fi)
Oct 26 11:45:37 stack01 dnsmasq-dhcp[5323]: DHCPREQUEST(br102) 172.16.0.35 02:16:3e:41:fa:27
Oct 26 11:45:37 stack01 dnsmasq-dhcp[5323]: DHCPACK(br102) 172.16.0.35 02:16:3e:41:fa:27 puppet
Oct 26 11:45:57 stack01 dnsmasq-dhcp[5180]: DHCPREQUEST(br101) 172.16.0.21 02:16:3e:11:af:9a
Oct 26 11:45:57 stack01 dnsmasq-dhcp[5180]: DHCPACK(br101) 172.16.0.21 02:16:3e:11:af:9a ci
Oct 26 11:46:20 stack01 dnsmasq-dhcp[5180]: DHCPREQUEST(br101) 172.16.0.19 02:16:3e:7f:8e:ef
Oct 26 11:46:20 stack01 dnsmasq-dhcp[5180]: DHCPACK(br101) 172.16.0.19 02:16:3e:7f:8e:ef puppet
Oct 26 11:46:28 stack01 dnsmasq-dhcp[5323]: DHCPREQUEST(br102) 172.16.0.35 02:16:3e:41:fa:27
Oct 26 11:46:28 stack01 dnsmasq-dhcp[5323]: DHCPACK(br102) 172.16.0.35 02:16:3e:41:fa:27 puppet
Oct 26 11:47:18 stack01 dnsmasq-dhcp[5323]: DHCPREQUEST(br102) 172.16.0.35 02:16:3e:41:fa:27
Oct 26 11:47:18 stack01 dnsmasq-dhcp[5323]: DHCPACK(br102) 172.16.0.35 02:16:3e:41:fa:27 puppet
Oct 26 11:47:25 stack01 kernel: [27537.802098] general protection fault: 0000 [#3] SMP
Oct 26 11:47:25 stack01 kernel: [27537.805708] CPU 1
Oct 26 11:47:25 stack01 kernel: [27537.805708] Modules linked in: speedstep_lib ebt_arp ebt_ip 8021q garp ip6table_filter ip6_tables ebtable_nat ebtables ipt_MASQUERADE iptable_nat nf_nat nf_conntrack_ipv4 nf_defrag_ipv4 xt_state nf_conntrack iscsi_trgt ipt_REJECT xt_CHECKSUM iptable_mangle xt_tcpudp iptable_filter ip_tables x_tables bridge stp kvm_amd kvm vesafb ib_iser rdma_cm ib_cm iw_cm ib_sa ib_mad ib_core ib_addr iscsi_tcp libiscsi_tcp libiscsi scsi_transport_iscsi nbd amd64_edac_mod edac_core psmouse sp5100_tco serio_raw dm_multipath ghes joydev hed i2c_piix4 k10temp edac_mce_amd lp parport raid10 raid456 async_pq async_xor usbhid hid xor async_memcpy async_raid6_recov pata_atiixp ahci igb libahci dca raid6_pq async_tx raid1 raid0 multipath linear
Oct 26 11:47:25 stack01 kernel: [27537.805708]
Oct 26 11:47:25 stack01 kernel: [27537.805708] Pid: 11900, comm: bash Tainted: G D 3.0.0-12-server #20-Ubuntu HP ProLiant DL165 G7
Oct 26 11:47:25 stack01 kernel: [27537.805708] RIP: 0010:[] [] dup_fd+0x150/0x2f0
Oct 26 11:47:25 stack01 kernel: [27537.805708] RSP: 0018:ffff88024b385d80 EFLAGS: 00010206
Oct 26 11:47:25 stack01 kernel: [27537.805708] RAX: 00000000000000ff RBX: ffff880332672800 RCX: bfffffffffffffff
Oct 26 11:47:25 stack01 kernel: [27537.805708] RDX: 0000880327f455c0 RSI: 0000000000000100 RDI: ffff88027a3457c0
Oct 26 11:47:25 stack01 kernel: [27537.805708] RBP: ffff88024b385de0 R08: 0000000000000003 R09: 0000000000000001
Oct 26 11:47:25 stack01 kernel: [27537.805708] R10: 4000000000000000 R11: 0000000000015d58 R12: ffff880100013440
Oct 26 11:47:25 stack01 kernel: [27537.805708] R13: ffff88027a345d80 R14: ffff88024b1ad800 R15: 0000000000000100
Oct 26 11:47:25 stack01 kernel: [27537.805708] FS: 00007f58bea79720(0000) GS:ffff88013fc20000(0000) knlGS:0000000000000000
Oct 26 11:47:25 stack01 kernel: [27537.805708] CS: 0010 DS: 0000 ES: 0000 CR0: 000000008005003b
Oct 26 11:47:25 stack01 kernel: [27537.805708] CR2: 0000000000d58108 CR3: 000000027a6fb000 CR4: 00000000000006e0
Oct 26 11:47:25 stack01 kernel: [27537.805708] DR0: 0000000000000000 DR1: 0000000000000000 DR2: 0000000000000000
Oct 26 11:47:25 stack01 kernel: [27537.805708] DR3: 0000000000000000 DR6: 00000000ffff0ff0 DR7: 0000000000000400
Oct 26 11:47:25 stack01 kernel: [27537.805708] Process bash (pid: 11900, threadinfo ffff88024b384000, task ffff880134924560)
Oct 26 11:47:25 stack01 kernel: [27537.805708] Stack:
Oct 26 11:47:25 stack01 kernel: [27537.805708] ffff88024b385d90 0000000136e58000 ffff880279f47bc0 0000000000000020
Oct 26 11:47:25 stack01 kernel: [27537.805708] ffff88027a345d80 ffff880135983200 0000000000000000 ffff880136e58000
Oct 26 11:47:25 stack01 kernel: [27537.805708] 0000000001200011 00007f58bea799f0 0000000000000000 ffff88024b385f58
Oct 26 11:47:25 stack01 kernel: [27537.805708] Call Trace:
Oct 26 11:47:25 stack01 kernel: [27537.805708] [] copy_process.part.23+0x656/0xe00
Oct 26 11:47:25 stack01 kernel: [27537.805708] [] ? kmem_cache_alloc_trace+0xfc/0x120
Oct 26 11:47:25 stack01 kernel: [27537.805708] [] copy_process+0x77/0x80
Oct 26 11:47:25 stack01 kernel: [27537.805708] [] do_fork+0xbe/0x330
Oct 26 11:47:25 stack01 kernel: [27537.805708] [] ? alloc_fd+0xf7/0x150
Oct 26 11:47:25 stack01 kernel: [27537.805708] [] ? _raw_spin_lock+0xe/0x20
Oct 26 11:47:25 stack01 kernel: [27537.805708] [] ? fd_install+0x61/0x80
Oct 26 11:47:25 stack01 kernel: [27537.805708] [] ? do_pipe_flags+0xc3/0x120
Oct 26 11:47:25 stack01 kernel: [27537.805708] [] sys_clone+0x28/0x30
Oct 26 11:47:25 stack01 kernel: [27537.805708] [] stub_clone+0x13/0x20
Oct 26 11:47:25 stack01 kernel: [27537.805708] [] ? system_call_fastpath+0x16/0x1b
Oct 26 11:47:25 stack01 kernel: [27537.805708] Code: 8b 45 b8 49 8b 7d 10 48 8b 71 10 4c 89 c2 e8 c8 ef 16 00 45 85 ff 74 6c 41 8d 77 ff 31 c0 41 b9 01 00 00 00 48 83 c6 01 eb 13 90 48 ff 42 30 48 89 14 c3 48 83 c0 01 48 39 f0 74 3e 49 8b 14
Oct 26 11:47:25 stack01 kernel: [27537.805708] RIP [] dup_fd+0x150/0x2f0
Oct 26 11:47:25 stack01 kernel: [27537.805708] RSP
Oct 26 11:47:25 stack01 kernel: [27538.574115] ---[ end trace 3db970a3e7847d7c ]---
Oct 26 11:47:26 stack01 kernel: [27538.593964] general protection fault: 0000 [#4] SMP
Oct 26 11:47:26 stack01 kernel: [27538.596254] CPU 1
Oct 26 11:47:26 stack01 kernel: [27538.596254] Modules linked in: speedstep_lib ebt_arp ebt_ip 8021q garp ip6table_filter ip6_tables ebtable_nat ebtables ipt_MASQUERADE iptable_nat nf_nat nf_conntrack_ipv4 nf_defrag_ipv4 xt_state nf_conntrack iscsi_trgt ipt_REJECT xt_CHECKSUM iptable_mangle xt_tcpudp iptable_filter ip_tables x_tables bridge stp kvm_amd kvm vesafb ib_iser rdma_cm ib_cm iw_cm ib_sa ib_mad ib_core ib_addr iscsi_tcp libiscsi_tcp libiscsi scsi_transport_iscsi nbd amd64_edac_mod edac_core psmouse sp5100_tco serio_raw dm_multipath ghes joydev hed i2c_piix4 k10temp edac_mce_amd lp parport raid10 raid456 async_pq async_xor usbhid hid xor async_memcpy async_raid6_recov pata_atiixp ahci igb libahci dca raid6_pq async_tx raid1 raid0 multipath linear
Oct 26 11:47:26 stack01 kernel: [27538.596254]
Oct 26 11:47:26 stack01 kernel: [27538.596254] Pid: 11900, comm: bash Tainted: G D 3.0.0-12-server #20-Ubuntu HP ProLiant DL165 G7
Oct 26 11:47:26 stack01 kernel: [27538.596254] RIP: 0010:[] [] filp_close+0x19/0x90
Oct 26 11:47:26 stack01 kernel: [27538.596254] RSP: 0018:ffff88024b385b28 EFLAGS: 00010286
Oct 26 11:47:26 stack01 kernel: [27538.596254] RAX: ffff88024b1adff8 RBX: 00000000000000c0 RCX: 0000000000000000
Oct 26 11:47:26 stack01 kernel: [27538.596254] RDX: ffff880135983180 RSI: ffff880135983180 RDI: 0000880327f455c0
Oct 26 11:47:26 stack01 kernel: [27538.596254] RBP: ffff88024b385b48 R08: ffffffff81132ce5 R09: 0000000000000000
Oct 26 11:47:26 stack01 kernel: [27538.596254] R10: ffff88033215acd0 R11: 0000000000000006 R12: 0000000000000004
Oct 26 11:47:26 stack01 kernel: [27538.596254] R13: 0000000000000001 R14: ffff880279f47bc0 R15: 00000000000000ff
Oct 26 11:47:26 stack01 kernel: [27538.596254] FS: 00007f58bea79720(0000) GS:ffff88013fc20000(0000) knlGS:0000000000000000
Oct 26 11:47:26 stack01 kernel: [27538.596254] CS: 0010 DS: 0000 ES: 0000 CR0: 000000008005003b
Oct 26 11:47:26 stack01 kernel: [27538.596254] CR2: 0000000000d58108 CR3: 0000000001c03000 CR4: 00000000000006e0
Oct 26 11:47:26 stack01 kernel: [27538.596254] DR0: 0000000000000000 DR1: 0000000000000000 DR2: 0000000000000000
Oct 26 11:47:26 stack01 kernel: [27538.596254] DR3: 0000000000000000 DR6: 00000000ffff0ff0 DR7: 0000000000000400
