Oct 26 06:25:18 stack01 rsyslogd: [origin software="rsyslogd" swVersion="5.8.1" x-pid="598" x-info="http://www.rsyslog.com"] rsyslogd was HUPed
Oct 26 06:25:21 stack01 dnsmasq-dhcp[5180]: DHCPREQUEST(br101) 172.16.0.19 02:16:3e:7f:8e:ef
Oct 26 06:25:21 stack01 dnsmasq-dhcp[5180]: DHCPACK(br101) 172.16.0.19 02:16:3e:7f:8e:ef puppet
Oct 26 06:25:57 stack01 postfix/pickup[10970]: 2422E6A21E7: uid=0 from=
Oct 26 06:25:57 stack01 postfix/cleanup[21675]: 2422E6A21E7: message-id=<20111026052557.2422E6A21E7@stack01.dub01.os.managedit.ie>
Oct 26 06:25:57 stack01 postfix/qmgr[2172]: 2422E6A21E7: from=, size=1098, nrcpt=1 (queue active)
Oct 26 06:25:57 stack01 postfix/local[21677]: 2422E6A21E7: to=, orig_to=, relay=local, delay=0.37, delays=0.21/0.11/0/0.06, dsn=2.0.0, status=sent (delivered to mailbox)
Oct 26 06:25:57 stack01 postfix/qmgr[2172]: 2422E6A21E7: removed
Oct 26 06:26:10 stack01 dnsmasq-dhcp[5180]: DHCPREQUEST(br101) 172.16.0.21 02:16:3e:11:af:9a
Oct 26 06:26:10 stack01 dnsmasq-dhcp[5180]: DHCPACK(br101) 172.16.0.21 02:16:3e:11:af:9a ci
Oct 26 06:26:13 stack01 dnsmasq-dhcp[5323]: DHCPREQUEST(br102) 172.16.0.35 02:16:3e:41:fa:27
Oct 26 06:26:13 stack01 dnsmasq-dhcp[5323]: DHCPACK(br102) 172.16.0.35 02:16:3e:41:fa:27 puppet
Oct 26 06:27:02 stack01 dnsmasq-dhcp[5180]: DHCPREQUEST(br101) 172.16.0.19 02:16:3e:7f:8e:ef
Oct 26 06:27:02 stack01 dnsmasq-dhcp[5180]: DHCPACK(br101) 172.16.0.19 02:16:3e:7f:8e:ef puppet
Oct 26 06:27:07 stack01 dnsmasq-dhcp[5323]: DHCPREQUEST(br102) 172.16.0.35 02:16:3e:41:fa:27
Oct 26 06:27:07 stack01 dnsmasq-dhcp[5323]: DHCPACK(br102) 172.16.0.35 02:16:3e:41:fa:27 puppet
Oct 26 06:27:56 stack01 dnsmasq-dhcp[5323]: DHCPREQUEST(br102) 172.16.0.35 02:16:3e:41:fa:27
Oct 26 06:27:56 stack01 dnsmasq-dhcp[5323]: DHCPACK(br102) 172.16.0.35 02:16:3e:41:fa:27 puppet
Oct 26 06:27:59 stack01 dnsmasq-dhcp[5180]: DHCPREQUEST(br101) 172.16.0.21 02:16:3e:11:af:9a
Oct 26 06:27:59 stack01 dnsmasq-dhcp[5180]: DHCPACK(br101) 172.16.0.21 02:16:3e:11:af:9a ci
Oct 26 06:28:51 stack01 dnsmasq-dhcp[5323]: DHCPREQUEST(br102) 172.16.0.35 02:16:3e:41:fa:27
Oct 26 06:28:51 stack01 dnsmasq-dhcp[5323]: DHCPACK(br102) 172.16.0.35 02:16:3e:41:fa:27 puppet
Oct 26 06:28:58 stack01 dnsmasq-dhcp[5180]: DHCPREQUEST(br101) 172.16.0.19 02:16:3e:7f:8e:ef
Oct 26 06:28:58 stack01 dnsmasq-dhcp[5180]: DHCPACK(br101) 172.16.0.19 02:16:3e:7f:8e:ef puppet
Oct 26 06:29:41 stack01 dnsmasq-dhcp[5323]: DHCPREQUEST(br102) 172.16.0.35 02:16:3e:41:fa:27
Oct 26 06:29:41 stack01 dnsmasq-dhcp[5323]: DHCPACK(br102) 172.16.0.35 02:16:3e:41:fa:27 puppet
Oct 26 06:29:42 stack01 dnsmasq-dhcp[5180]: DHCPREQUEST(br101) 172.16.0.21 02:16:3e:11:af:9a
Oct 26 06:29:42 stack01 dnsmasq-dhcp[5180]: DHCPACK(br101) 172.16.0.21 02:16:3e:11:af:9a ci
Oct 26 06:30:01 stack01 CRON[24871]: (root) CMD (if [ -x /etc/munin/plugins/apt_all ]; then /etc/munin/plugins/apt_all update 7200 12 >/dev/null; elif [ -x /etc/munin/plugins/apt ]; then /etc/munin/plugins/apt update 7200 12 >/dev/null; fi)
Oct 26 06:30:01 stack01 CRON[24872]: (munin) CMD (if [ -x /usr/bin/munin-cron ]; then /usr/bin/munin-cron; fi)
Oct 26 06:30:01 stack01 postfix/pickup[10970]: 4FD4F6A21F4: uid=0 from=
Oct 26 06:30:01 stack01 postfix/cleanup[24899]: 4FD4F6A21F4: message-id=<20111026053001.4FD4F6A21F4@stack01.dub01.os.managedit.ie>
Oct 26 06:30:01 stack01 postfix/qmgr[2172]: 4FD4F6A21F4: from=, size=1086, nrcpt=1 (queue active)
Oct 26 06:30:01 stack01 postfix/local[24901]: 4FD4F6A21F4: to=, orig_to=, relay=local, delay=0.23, delays=0.16/0.01/0/0.05, dsn=2.0.0, status=sent (delivered to mailbox)
Oct 26 06:30:01 stack01 postfix/qmgr[2172]: 4FD4F6A21F4: removed
Oct 26 06:30:24 stack01 dnsmasq-dhcp[5323]: DHCPREQUEST(br102) 172.16.0.35 02:16:3e:41:fa:27
Oct 26 06:30:24 stack01 dnsmasq-dhcp[5323]: DHCPACK(br102) 172.16.0.35 02:16:3e:41:fa:27 puppet
Oct 26 06:30:48 stack01 dnsmasq-dhcp[5180]: DHCPREQUEST(br101) 172.16.0.19 02:16:3e:7f:8e:ef
Oct 26 06:30:48 stack01 dnsmasq-dhcp[5180]: DHCPACK(br101) 172.16.0.19 02:16:3e:7f:8e:ef puppet
Oct 26 06:31:13 stack01 dnsmasq-dhcp[5323]: DHCPREQUEST(br102) 172.16.0.35 02:16:3e:41:fa:27
Oct 26 06:31:13 stack01 dnsmasq-dhcp[5323]: DHCPACK(br102) 172.16.0.35 02:16:3e:41:fa:27 puppet
Oct 26 06:31:27 stack01 dnsmasq-dhcp[5180]: DHCPREQUEST(br101) 172.16.0.21 02:16:3e:11:af:9a
Oct 26 06:31:27 stack01 dnsmasq-dhcp[5180]: DHCPACK(br101) 172.16.0.21 02:16:3e:11:af:9a ci
Oct 26 06:32:00 stack01 dnsmasq-dhcp[5323]: DHCPREQUEST(br102) 172.16.0.35 02:16:3e:41:fa:27
Oct 26 06:32:00 stack01 dnsmasq-dhcp[5323]: DHCPACK(br102) 172.16.0.35 02:16:3e:41:fa:27 puppet
Oct 26 06:32:34 stack01 dnsmasq-dhcp[5180]: DHCPREQUEST(br101) 172.16.0.19 02:16:3e:7f:8e:ef
Oct 26 06:32:34 stack01 dnsmasq-dhcp[5180]: DHCPACK(br101) 172.16.0.19 02:16:3e:7f:8e:ef puppet
Oct 26 06:32:49 stack01 dnsmasq-dhcp[5323]: DHCPREQUEST(br102) 172.16.0.35 02:16:3e:41:fa:27
Oct 26 06:32:49 stack01 dnsmasq-dhcp[5323]: DHCPACK(br102) 172.16.0.35 02:16:3e:41:fa:27 puppet
Oct 26 06:33:12 stack01 dnsmasq-dhcp[5180]: DHCPREQUEST(br101) 172.16.0.21 02:16:3e:11:af:9a
Oct 26 06:33:12 stack01 dnsmasq-dhcp[5180]: DHCPACK(br101) 172.16.0.21 02:16:3e:11:af:9a ci
Oct 26 06:33:35 stack01 dnsmasq-dhcp[5323]: DHCPREQUEST(br102) 172.16.0.35 02:16:3e:41:fa:27
Oct 26 06:33:35 stack01 dnsmasq-dhcp[5323]: DHCPACK(br102) 172.16.0.35 02:16:3e:41:fa:27 puppet
Oct 26 06:34:16 stack01 dnsmasq-dhcp[5180]: DHCPREQUEST(br101) 172.16.0.19 02:16:3e:7f:8e:ef
Oct 26 06:34:16 stack01 dnsmasq-dhcp[5180]: DHCPACK(br101) 172.16.0.19 02:16:3e:7f:8e:ef puppet
Oct 26 06:34:21 stack01 dnsmasq-dhcp[5323]: DHCPREQUEST(br102) 172.16.0.35 02:16:3e:41:fa:27
Oct 26 06:34:21 stack01 dnsmasq-dhcp[5323]: DHCPACK(br102) 172.16.0.35 02:16:3e:41:fa:27 puppet
Oct 26 06:34:59 stack01 dnsmasq-dhcp[5180]: DHCPREQUEST(br101) 172.16.0.21 02:16:3e:11:af:9a
Oct 26 06:34:59 stack01 dnsmasq-dhcp[5180]: DHCPACK(br101) 172.16.0.21 02:16:3e:11:af:9a ci
Oct 26 06:35:01 stack01 CRON[26859]: (root) CMD (if [ -x /etc/munin/plugins/apt_all ]; then /etc/munin/plugins/apt_all update 7200 12 >/dev/null; elif [ -x /etc/munin/plugins/apt ]; then /etc/munin/plugins/apt update 7200 12 >/dev/null; fi)
Oct 26 06:35:01 stack01 CRON[26860]: (munin) CMD (if [ -x /usr/bin/munin-cron ]; then /usr/bin/munin-cron; fi)
Oct 26 06:35:12 stack01 dnsmasq-dhcp[5323]: DHCPREQUEST(br102) 172.16.0.35 02:16:3e:41:fa:27
Oct 26 06:35:12 stack01 dnsmasq-dhcp[5323]: DHCPACK(br102) 172.16.0.35 02:16:3e:41:fa:27 puppet
Oct 26 06:36:03 stack01 dnsmasq-dhcp[5323]: DHCPREQUEST(br102) 172.16.0.35 02:16:3e:41:fa:27
Oct 26 06:36:03 stack01 dnsmasq-dhcp[5323]: DHCPACK(br102) 172.16.0.35 02:16:3e:41:fa:27 puppet
Oct 26 06:36:06 stack01 dnsmasq-dhcp[5180]: DHCPREQUEST(br101) 172.16.0.19 02:16:3e:7f:8e:ef
Oct 26 06:36:06 stack01 dnsmasq-dhcp[5180]: DHCPACK(br101) 172.16.0.19 02:16:3e:7f:8e:ef puppet
Oct 26 06:36:39 stack01 dnsmasq-dhcp[5180]: DHCPREQUEST(br101) 172.16.0.21 02:16:3e:11:af:9a
Oct 26 06:36:39 stack01 dnsmasq-dhcp[5180]: DHCPACK(br101) 172.16.0.21 02:16:3e:11:af:9a ci
Oct 26 06:36:51 stack01 dnsmasq-dhcp[5323]: DHCPREQUEST(br102) 172.16.0.35 02:16:3e:41:fa:27
Oct 26 06:36:51 stack01 dnsmasq-dhcp[5323]: DHCPACK(br102) 172.16.0.35 02:16:3e:41:fa:27 puppet
Oct 26 06:37:45 stack01 dnsmasq-dhcp[5323]: DHCPREQUEST(br102) 172.16.0.35 02:16:3e:41:fa:27
Oct 26 06:37:45 stack01 dnsmasq-dhcp[5323]: DHCPACK(br102) 172.16.0.35 02:16:3e:41:fa:27 puppet
Oct 26 06:37:51 stack01 dnsmasq-dhcp[5180]: DHCPREQUEST(br101) 172.16.0.19 02:16:3e:7f:8e:ef
Oct 26 06:37:51 stack01 dnsmasq-dhcp[5180]: DHCPACK(br101) 172.16.0.19 02:16:3e:7f:8e:ef puppet
Oct 26 06:38:27 stack01 dnsmasq-dhcp[5180]: DHCPREQUEST(br101) 172.16.0.21 02:16:3e:11:af:9a
Oct 26 06:38:27 stack01 dnsmasq-dhcp[5180]: DHCPACK(br101) 172.16.0.21 02:16:3e:11:af:9a ci
Oct 26 06:38:34 stack01 dnsmasq-dhcp[5323]: DHCPREQUEST(br102) 172.16.0.35 02:16:3e:41:fa:27
Oct 26 06:38:34 stack01 dnsmasq-dhcp[5323]: DHCPACK(br102) 172.16.0.35 02:16:3e:41:fa:27 puppet
Oct 26 06:39:01 stack01 CRON[28058]: (root) CMD ( [ -x /usr/lib/php5/maxlifetime ] && [ -d /var/lib/php5 ] && find /var/lib/php5/ -depth -mindepth 1 -maxdepth 1 -type f -cmin +$(/usr/lib/php5/maxlifetime) ! -execdir fuser -s {} 2>/dev/null \; -delete)
Oct 26 06:39:25 stack01 dnsmasq-dhcp[5323]: DHCPREQUEST(br102) 172.16.0.35 02:16:3e:41:fa:27
Oct 26 06:39:25 stack01 dnsmasq-dhcp[5323]: DHCPACK(br102) 172.16.0.35 02:16:3e:41:fa:27 puppet
Oct 26 06:39:37 stack01 dnsmasq-dhcp[5180]: DHCPREQUEST(br101) 172.16.0.19 02:16:3e:7f:8e:ef
Oct 26 06:39:37 stack01 dnsmasq-dhcp[5180]: DHCPACK(br101) 172.16.0.19 02:16:3e:7f:8e:ef puppet
Oct 26 06:40:01 stack01 CRON[28120]: (root) CMD (if [ -x /etc/munin/plugins/apt_all ]; then /etc/munin/plugins/apt_all update 7200 12 >/dev/null; elif [ -x /etc/munin/plugins/apt ]; then /etc/munin/plugins/apt update 7200 12 >/dev/null; fi)
Oct 26 06:40:01 stack01 CRON[28121]: (munin) CMD (if [ -x /usr/bin/munin-cron ]; then /usr/bin/munin-cron; fi)
Oct 26 06:40:07 stack01 dnsmasq-dhcp[5180]: DHCPREQUEST(br101) 172.16.0.21 02:16:3e:11:af:9a
Oct 26 06:40:07 stack01 dnsmasq-dhcp[5180]: DHCPACK(br101) 172.16.0.21 02:16:3e:11:af:9a ci
Oct 26 06:40:19 stack01 dnsmasq-dhcp[5323]: DHCPREQUEST(br102) 172.16.0.35 02:16:3e:41:fa:27
Oct 26 06:40:19 stack01 dnsmasq-dhcp[5323]: DHCPACK(br102) 172.16.0.35 02:16:3e:41:fa:27 puppet
Oct 26 06:41:07 stack01 dnsmasq-dhcp[5323]: DHCPREQUEST(br102) 172.16.0.35 02:16:3e:41:fa:27
Oct 26 06:41:07 stack01 dnsmasq-dhcp[5323]: DHCPACK(br102) 172.16.0.35 02:16:3e:41:fa:27 puppet
Oct 26 06:41:31 stack01 dnsmasq-dhcp[5180]: DHCPREQUEST(br101) 172.16.0.19 02:16:3e:7f:8e:ef
Oct 26 06:41:31 stack01 dnsmasq-dhcp[5180]: DHCPACK(br101) 172.16.0.19 02:16:3e:7f:8e:ef puppet
Oct 26 06:41:49 stack01 dnsmasq-dhcp[5180]: DHCPREQUEST(br101) 172.16.0.21 02:16:3e:11:af:9a
Oct 26 06:41:49 stack01 dnsmasq-dhcp[5180]: DHCPACK(br101) 172.16.0.21 02:16:3e:11:af:9a ci
Oct 26 06:41:56 stack01 dnsmasq-dhcp[5323]: DHCPREQUEST(br102) 172.16.0.35 02:16:3e:41:fa:27
Oct 26 06:41:56 stack01 dnsmasq-dhcp[5323]: DHCPACK(br102) 172.16.0.35 02:16:3e:41:fa:27 puppet
Oct 26 06:42:42 stack01 dnsmasq-dhcp[5323]: DHCPREQUEST(br102) 172.16.0.35 02:16:3e:41:fa:27
Oct 26 06:42:42 stack01 dnsmasq-dhcp[5323]: DHCPACK(br102) 172.16.0.35 02:16:3e:41:fa:27 puppet
Oct 26 06:43:14 stack01 dnsmasq-dhcp[5180]: DHCPREQUEST(br101) 172.16.0.19 02:16:3e:7f:8e:ef
Oct 26 06:43:14 stack01 dnsmasq-dhcp[5180]: DHCPACK(br101) 172.16.0.19 02:16:3e:7f:8e:ef puppet
Oct 26 06:43:27 stack01 dnsmasq-dhcp[5323]: DHCPREQUEST(br102) 172.16.0.35 02:16:3e:41:fa:27
Oct 26 06:43:27 stack01 dnsmasq-dhcp[5323]: DHCPACK(br102) 172.16.0.35 02:16:3e:41:fa:27 puppet
Oct 26 06:43:36 stack01 dnsmasq-dhcp[5180]: DHCPREQUEST(br101) 172.16.0.21 02:16:3e:11:af:9a
Oct 26 06:43:36 stack01 dnsmasq-dhcp[5180]: DHCPACK(br101) 172.16.0.21 02:16:3e:11:af:9a ci
Oct 26 06:43:55 stack01 kernel: [ 9329.215317] init: tty1 main process ended, respawning
Oct 26 06:43:55 stack01 kernel: [ 9329.222202] init: tty2 main process ended, respawning
Oct 26 06:44:10 stack01 dnsmasq-dhcp[5323]: DHCPREQUEST(br102) 172.16.0.35 02:16:3e:41:fa:27
Oct 26 06:44:10 stack01 dnsmasq-dhcp[5323]: DHCPACK(br102) 172.16.0.35 02:16:3e:41:fa:27 puppet
Oct 26 06:44:52 stack01 dnsmasq-dhcp[5323]: DHCPREQUEST(br102) 172.16.0.35 02:16:3e:41:fa:27
Oct 26 06:44:52 stack01 dnsmasq-dhcp[5323]: DHCPACK(br102) 172.16.0.35 02:16:3e:41:fa:27 puppet
Oct 26 06:44:56 stack01 dnsmasq-dhcp[5180]: DHCPREQUEST(br101) 172.16.0.19 02:16:3e:7f:8e:ef
Oct 26 06:44:56 stack01 dnsmasq-dhcp[5180]: DHCPACK(br101) 172.16.0.19 02:16:3e:7f:8e:ef puppet
Oct 26 06:45:01 stack01 CRON[29661]: (root) CMD (if [ -x /etc/munin/plugins/apt_all ]; then /etc/munin/plugins/apt_all update 7200 12 >/dev/null; elif [ -x /etc/munin/plugins/apt ]; then /etc/munin/plugins/apt update 7200 12 >/dev/null; fi)
Oct 26 06:45:01 stack01 CRON[29662]: (munin) CMD (if [ -x /usr/bin/munin-cron ]; then /usr/bin/munin-cron; fi)
Oct 26 06:45:29 stack01 dnsmasq-dhcp[5180]: DHCPREQUEST(br101) 172.16.0.21 02:16:3e:11:af:9a
Oct 26 06:45:29 stack01 dnsmasq-dhcp[5180]: DHCPACK(br101) 172.16.0.21 02:16:3e:11:af:9a ci
Oct 26 06:45:42 stack01 dnsmasq-dhcp[5323]: DHCPREQUEST(br102) 172.16.0.35 02:16:3e:41:fa:27
Oct 26 06:45:42 stack01 dnsmasq-dhcp[5323]: DHCPACK(br102) 172.16.0.35 02:16:3e:41:fa:27 puppet
Oct 26 06:46:24 stack01 dnsmasq-dhcp[5323]: DHCPREQUEST(br102) 172.16.0.35 02:16:3e:41:fa:27
Oct 26 06:46:24 stack01 dnsmasq-dhcp[5323]: DHCPACK(br102) 172.16.0.35 02:16:3e:41:fa:27 puppet
Oct 26 06:46:42 stack01 dnsmasq-dhcp[5180]: DHCPREQUEST(br101) 172.16.0.19 02:16:3e:7f:8e:ef
Oct 26 06:46:42 stack01 dnsmasq-dhcp[5180]: DHCPACK(br101) 172.16.0.19 02:16:3e:7f:8e:ef puppet
Oct 26 06:47:13 stack01 dnsmasq-dhcp[5323]: DHCPREQUEST(br102) 172.16.0.35 02:16:3e:41:fa:27
Oct 26 06:47:13 stack01 dnsmasq-dhcp[5323]: DHCPACK(br102) 172.16.0.35 02:16:3e:41:fa:27 puppet
Oct 26 06:47:17 stack01 dnsmasq-dhcp[5180]: DHCPREQUEST(br101) 172.16.0.21 02:16:3e:11:af:9a
Oct 26 06:47:17 stack01 dnsmasq-dhcp[5180]: DHCPACK(br101) 172.16.0.21 02:16:3e:11:af:9a ci
Oct 26 06:48:02 stack01 dnsmasq-dhcp[5323]: DHCPREQUEST(br102) 172.16.0.35 02:16:3e:41:fa:27
Oct 26 06:48:02 stack01 dnsmasq-dhcp[5323]: DHCPACK(br102) 172.16.0.35 02:16:3e:41:fa:27 puppet
Oct 26 06:48:37 stack01 dnsmasq-dhcp[5180]: DHCPREQUEST(br101) 172.16.0.19 02:16:3e:7f:8e:ef
Oct 26 06:48:37 stack01 dnsmasq-dhcp[5180]: DHCPACK(br101) 172.16.0.19 02:16:3e:7f:8e:ef puppet
Oct 26 06:48:54 stack01 dnsmasq-dhcp[5323]: DHCPREQUEST(br102) 172.16.0.35 02:16:3e:41:fa:27
Oct 26 06:48:54 stack01 dnsmasq-dhcp[5323]: DHCPACK(br102) 172.16.0.35 02:16:3e:41:fa:27 puppet
Oct 26 06:49:10 stack01 dnsmasq-dhcp[5180]: DHCPREQUEST(br101) 172.16.0.21 02:16:3e:11:af:9a
Oct 26 06:49:10 stack01 dnsmasq-dhcp[5180]: DHCPACK(br101) 172.16.0.21 02:16:3e:11:af:9a ci
Oct 26 06:49:44 stack01 dnsmasq-dhcp[5323]: DHCPREQUEST(br102) 172.16.0.35 02:16:3e:41:fa:27
Oct 26 06:49:44 stack01 dnsmasq-dhcp[5323]: DHCPACK(br102) 172.16.0.35 02:16:3e:41:fa:27 puppet
Oct 26 06:50:01 stack01 CRON[30996]: (root) CMD (if [ -x /etc/munin/plugins/apt_all ]; then /etc/munin/plugins/apt_all update 7200 12 >/dev/null; elif [ -x /etc/munin/plugins/apt ]; then /etc/munin/plugins/apt update 7200 12 >/dev/null; fi)
Oct 26 06:50:01 stack01 CRON[30997]: (munin) CMD (if [ -x /usr/bin/munin-cron ]; then /usr/bin/munin-cron; fi)
Oct 26 06:50:28 stack01 dnsmasq-dhcp[5323]: DHCPREQUEST(br102) 172.16.0.35 02:16:3e:41:fa:27
Oct 26 06:50:28 stack01 dnsmasq-dhcp[5323]: DHCPACK(br102) 172.16.0.35 02:16:3e:41:fa:27 puppet
Oct 26 06:50:31 stack01 dnsmasq-dhcp[5180]: DHCPREQUEST(br101) 172.16.0.19 02:16:3e:7f:8e:ef
Oct 26 06:50:31 stack01 dnsmasq-dhcp[5180]: DHCPACK(br101) 172.16.0.19 02:16:3e:7f:8e:ef puppet
Oct 26 06:50:55 stack01 dnsmasq-dhcp[5180]: DHCPREQUEST(br101) 172.16.0.21 02:16:3e:11:af:9a
Oct 26 06:50:55 stack01 dnsmasq-dhcp[5180]: DHCPACK(br101) 172.16.0.21 02:16:3e:11:af:9a ci
Oct 26 06:51:19 stack01 dnsmasq-dhcp[5323]: DHCPREQUEST(br102) 172.16.0.35 02:16:3e:41:fa:27
Oct 26 06:51:19 stack01 dnsmasq-dhcp[5323]: DHCPACK(br102) 172.16.0.35 02:16:3e:41:fa:27 puppet
Oct 26 06:52:13 stack01 dnsmasq-dhcp[5323]: DHCPREQUEST(br102) 172.16.0.35 02:16:3e:41:fa:27
Oct 26 06:52:13 stack01 dnsmasq-dhcp[5323]: DHCPACK(br102) 172.16.0.35 02:16:3e:41:fa:27 puppet
Oct 26 06:52:14 stack01 dnsmasq-dhcp[5180]: DHCPREQUEST(br101) 172.16.0.19 02:16:3e:7f:8e:ef
Oct 26 06:52:14 stack01 dnsmasq-dhcp[5180]: DHCPACK(br101) 172.16.0.19 02:16:3e:7f:8e:ef puppet
Oct 26 06:52:49 stack01 dnsmasq-dhcp[5180]: DHCPREQUEST(br101) 172.16.0.21 02:16:3e:11:af:9a
Oct 26 06:52:49 stack01 dnsmasq-dhcp[5180]: DHCPACK(br101) 172.16.0.21 02:16:3e:11:af:9a ci
Oct 26 06:53:01 stack01 dnsmasq-dhcp[5323]: DHCPREQUEST(br102) 172.16.0.35 02:16:3e:41:fa:27
Oct 26 06:53:01 stack01 dnsmasq-dhcp[5323]: DHCPACK(br102) 172.16.0.35 02:16:3e:41:fa:27 puppet
Oct 26 06:53:43 stack01 dnsmasq-dhcp[5323]: DHCPREQUEST(br102) 172.16.0.35 02:16:3e:41:fa:27
Oct 26 06:53:43 stack01 dnsmasq-dhcp[5323]: DHCPACK(br102) 172.16.0.35 02:16:3e:41:fa:27 puppet
Oct 26 06:53:54 stack01 dnsmasq-dhcp[5180]: DHCPREQUEST(br101) 172.16.0.19 02:16:3e:7f:8e:ef
Oct 26 06:53:54 stack01 dnsmasq-dhcp[5180]: DHCPACK(br101) 172.16.0.19 02:16:3e:7f:8e:ef puppet
Oct 26 06:54:29 stack01 dnsmasq-dhcp[5323]: DHCPREQUEST(br102) 172.16.0.35 02:16:3e:41:fa:27
Oct 26 06:54:29 stack01 dnsmasq-dhcp[5323]: DHCPACK(br102) 172.16.0.35 02:16:3e:41:fa:27 puppet
Oct 26 06:54:30 stack01 dnsmasq-dhcp[5180]: DHCPREQUEST(br101) 172.16.0.21 02:16:3e:11:af:9a
Oct 26 06:54:30 stack01 dnsmasq-dhcp[5180]: DHCPACK(br101) 172.16.0.21 02:16:3e:11:af:9a ci
Oct 26 06:55:01 stack01 CRON[32256]: (root) CMD (if [ -x /etc/munin/plugins/apt_all ]; then /etc/munin/plugins/apt_all update 7200 12 >/dev/null; elif [ -x /etc/munin/plugins/apt ]; then /etc/munin/plugins/apt update 7200 12 >/dev/null; fi)
Oct 26 06:55:01 stack01 CRON[32257]: (munin) CMD (if [ -x /usr/bin/munin-cron ]; then /usr/bin/munin-cron; fi)
Oct 26 06:55:15 stack01 dnsmasq-dhcp[5323]: DHCPREQUEST(br102) 172.16.0.35 02:16:3e:41:fa:27
Oct 26 06:55:15 stack01 dnsmasq-dhcp[5323]: DHCPACK(br102) 172.16.0.35 02:16:3e:41:fa:27 puppet
Oct 26 06:55:49 stack01 dnsmasq-dhcp[5180]: DHCPREQUEST(br101) 172.16.0.19 02:16:3e:7f:8e:ef
Oct 26 06:55:49 stack01 dnsmasq-dhcp[5180]: DHCPACK(br101) 172.16.0.19 02:16:3e:7f:8e:ef puppet
Oct 26 06:56:01 stack01 dnsmasq-dhcp[5323]: DHCPREQUEST(br102) 172.16.0.35 02:16:3e:41:fa:27
Oct 26 06:56:01 stack01 dnsmasq-dhcp[5323]: DHCPACK(br102) 172.16.0.35 02:16:3e:41:fa:27 puppet
Oct 26 06:56:13 stack01 dnsmasq-dhcp[5180]: DHCPREQUEST(br101) 172.16.0.21 02:16:3e:11:af:9a
Oct 26 06:56:13 stack01 dnsmasq-dhcp[5180]: DHCPACK(br101) 172.16.0.21 02:16:3e:11:af:9a ci
Oct 26 06:56:46 stack01 dnsmasq-dhcp[5323]: DHCPREQUEST(br102) 172.16.0.35 02:16:3e:41:fa:27
Oct 26 06:56:46 stack01 dnsmasq-dhcp[5323]: DHCPACK(br102) 172.16.0.35 02:16:3e:41:fa:27 puppet
Oct 26 06:57:35 stack01 dnsmasq-dhcp[5180]: DHCPREQUEST(br101) 172.16.0.19 02:16:3e:7f:8e:ef
Oct 26 06:57:35 stack01 dnsmasq-dhcp[5180]: DHCPACK(br101) 172.16.0.19 02:16:3e:7f:8e:ef puppet
Oct 26 06:57:35 stack01 dnsmasq-dhcp[5323]: DHCPREQUEST(br102) 172.16.0.35 02:16:3e:41:fa:27
Oct 26 06:57:35 stack01 dnsmasq-dhcp[5323]: DHCPACK(br102) 172.16.0.35 02:16:3e:41:fa:27 puppet
Oct 26 06:58:06 stack01 dnsmasq-dhcp[5180]: DHCPREQUEST(br101) 172.16.0.21 02:16:3e:11:af:9a
Oct 26 06:58:06 stack01 dnsmasq-dhcp[5180]: DHCPACK(br101) 172.16.0.21 02:16:3e:11:af:9a ci
Oct 26 06:58:29 stack01 dnsmasq-dhcp[5323]: DHCPREQUEST(br102) 172.16.0.35 02:16:3e:41:fa:27
Oct 26 06:58:29 stack01 dnsmasq-dhcp[5323]: DHCPACK(br102) 172.16.0.35 02:16:3e:41:fa:27 puppet
Oct 26 06:59:21 stack01 dnsmasq-dhcp[5180]: DHCPREQUEST(br101) 172.16.0.19 02:16:3e:7f:8e:ef
Oct 26 06:59:21 stack01 dnsmasq-dhcp[5180]: DHCPACK(br101) 172.16.0.19 02:16:3e:7f:8e:ef puppet
Oct 26 06:59:25 stack01 dnsmasq-dhcp[5323]: DHCPREQUEST(br102) 172.16.0.35 02:16:3e:41:fa:27
Oct 26 06:59:25 stack01 dnsmasq-dhcp[5323]: DHCPACK(br102) 172.16.0.35 02:16:3e:41:fa:27 puppet
Oct 26 06:59:59 stack01 dnsmasq-dhcp[5180]: DHCPREQUEST(br101) 172.16.0.21 02:16:3e:11:af:9a
Oct 26 06:59:59 stack01 dnsmasq-dhcp[5180]: DHCPACK(br101) 172.16.0.21 02:16:3e:11:af:9a ci
Oct 26 07:00:01 stack01 CRON[2035]: (root) CMD (if [ -x /etc/munin/plugins/apt_all ]; then /etc/munin/plugins/apt_all update 7200 12 >/dev/null; elif [ -x /etc/munin/plugins/apt ]; then /etc/munin/plugins/apt update 7200 12 >/dev/null; fi)
Oct 26 07:00:01 stack01 CRON[2037]: (munin) CMD (if [ -x /usr/bin/munin-cron ]; then /usr/bin/munin-cron; fi)
Oct 26 07:00:09 stack01 dnsmasq-dhcp[5323]: DHCPREQUEST(br102) 172.16.0.35 02:16:3e:41:fa:27
Oct 26 07:00:09 stack01 dnsmasq-dhcp[5323]: DHCPACK(br102) 172.16.0.35 02:16:3e:41:fa:27 puppet
Oct 26 07:00:57 stack01 dnsmasq-dhcp[5323]: DHCPREQUEST(br102) 172.16.0.35 02:16:3e:41:fa:27
Oct 26 07:00:57 stack01 dnsmasq-dhcp[5323]: DHCPACK(br102) 172.16.0.35 02:16:3e:41:fa:27 puppet
Oct 26 07:01:04 stack01 dnsmasq-dhcp[5180]: DHCPREQUEST(br101) 172.16.0.19 02:16:3e:7f:8e:ef
Oct 26 07:01:04 stack01 dnsmasq-dhcp[5180]: DHCPACK(br101) 172.16.0.19 02:16:3e:7f:8e:ef puppet
Oct 26 07:01:38 stack01 dnsmasq-dhcp[5323]: DHCPREQUEST(br102) 172.16.0.35 02:16:3e:41:fa:27
Oct 26 07:01:38 stack01 dnsmasq-dhcp[5323]: DHCPACK(br102) 172.16.0.35 02:16:3e:41:fa:27 puppet
Oct 26 07:01:46 stack01 dnsmasq-dhcp[5180]: DHCPREQUEST(br101) 172.16.0.21 02:16:3e:11:af:9a
Oct 26 07:01:46 stack01 dnsmasq-dhcp[5180]: DHCPACK(br101) 172.16.0.21 02:16:3e:11:af:9a ci
Oct 26 07:01:46 stack01 pdns[3860]: Listening on controlsocket in '/var/run/pdns.controlsocket'
Oct 26 07:01:46 stack01 pdns[3863]: Guardian is launching an instance
Oct 26 07:01:46 stack01 pdns[3863]: Reading random entropy from '/dev/urandom'
Oct 26 07:01:46 stack01 pdns[3863]: Unable to launch, no backends configured for querying
Oct 26 07:01:47 stack01 pdns[3860]: Child requested a stop, exiting
Oct 26 07:02:30 stack01 dnsmasq-dhcp[5323]: DHCPREQUEST(br102) 172.16.0.35 02:16:3e:41:fa:27
Oct 26 07:02:30 stack01 dnsmasq-dhcp[5323]: DHCPACK(br102) 172.16.0.35 02:16:3e:41:fa:27 puppet
Oct 26 07:02:54 stack01 dnsmasq-dhcp[5180]: DHCPREQUEST(br101) 172.16.0.19 02:16:3e:7f:8e:ef
Oct 26 07:02:54 stack01 dnsmasq-dhcp[5180]: DHCPACK(br101) 172.16.0.19 02:16:3e:7f:8e:ef puppet
Oct 26 07:03:24 stack01 dnsmasq-dhcp[5323]: DHCPREQUEST(br102) 172.16.0.35 02:16:3e:41:fa:27
Oct 26 07:03:24 stack01 dnsmasq-dhcp[5323]: DHCPACK(br102) 172.16.0.35 02:16:3e:41:fa:27 puppet
Oct 26 07:03:36 stack01 dnsmasq-dhcp[5180]: DHCPREQUEST(br101) 172.16.0.21 02:16:3e:11:af:9a
Oct 26 07:03:36 stack01 dnsmasq-dhcp[5180]: DHCPACK(br101) 172.16.0.21 02:16:3e:11:af:9a ci
Oct 26 07:04:07 stack01 dnsmasq-dhcp[5323]: DHCPREQUEST(br102) 172.16.0.35 02:16:3e:41:fa:27
Oct 26 07:04:07 stack01 dnsmasq-dhcp[5323]: DHCPACK(br102) 172.16.0.35 02:16:3e:41:fa:27 puppet
Oct 26 07:04:35 stack01 dnsmasq-dhcp[5180]: DHCPREQUEST(br101) 172.16.0.19 02:16:3e:7f:8e:ef
Oct 26 07:04:35 stack01 dnsmasq-dhcp[5180]: DHCPACK(br101) 172.16.0.19 02:16:3e:7f:8e:ef puppet
Oct 26 07:04:51 stack01 dnsmasq-dhcp[5323]: DHCPREQUEST(br102) 172.16.0.35 02:16:3e:41:fa:27
Oct 26 07:04:51 stack01 dnsmasq-dhcp[5323]: DHCPACK(br102) 172.16.0.35 02:16:3e:41:fa:27 puppet
Oct 26 07:05:01 stack01 CRON[4485]: (root) CMD (if [ -x /etc/munin/plugins/apt_all ]; then /etc/munin/plugins/apt_all update 7200 12 >/dev/null; elif [ -x /etc/munin/plugins/apt ]; then /etc/munin/plugins/apt update 7200 12 >/dev/null; fi)
Oct 26 07:05:01 stack01 CRON[4486]: (munin) CMD (if [ -x /usr/bin/munin-cron ]; then /usr/bin/munin-cron; fi)
Oct 26 07:05:03 stack01 postfix/pickup[10970]: EE1086A202F: uid=0 from=
Oct 26 07:05:03 stack01 postfix/cleanup[4697]: EE1086A202F: message-id=<20111026060503.EE1086A202F@stack01.dub01.os.managedit.ie>
Oct 26 07:05:04 stack01 postfix/qmgr[2172]: EE1086A202F: from=, size=1086, nrcpt=1 (queue active)
Oct 26 07:05:04 stack01 postfix/local[4699]: EE1086A202F: to=, orig_to=, relay=local, delay=0.2, delays=0.13/0.01/0/0.06, dsn=2.0.0, status=sent (delivered to mailbox)
Oct 26 07:05:04 stack01 postfix/qmgr[2172]: EE1086A202F: removed
Oct 26 07:05:23 stack01 dnsmasq-dhcp[5180]: DHCPREQUEST(br101) 172.16.0.21 02:16:3e:11:af:9a
Oct 26 07:05:23 stack01 dnsmasq-dhcp[5180]: DHCPACK(br101) 172.16.0.21 02:16:3e:11:af:9a ci
Oct 26 07:05:38 stack01 dnsmasq-dhcp[5323]: DHCPREQUEST(br102) 172.16.0.35 02:16:3e:41:fa:27
Oct 26 07:05:38 stack01 dnsmasq-dhcp[5323]: DHCPACK(br102) 172.16.0.35 02:16:3e:41:fa:27 puppet
Oct 26 07:06:15 stack01 pdns[5823]: Listening on controlsocket in '/var/run/pdns.controlsocket'
Oct 26 07:06:15 stack01 pdns[5826]: Guardian is launching an instance
Oct 26 07:06:15 stack01 pdns[5826]: Reading random entropy from '/dev/urandom'
Oct 26 07:06:15 stack01 pdns[5826]: Unable to launch, no backends configured for querying
Oct 26 07:06:16 stack01 pdns[5823]: Child requested a stop, exiting
Oct 26 07:06:30 stack01 dnsmasq-dhcp[5323]: DHCPREQUEST(br102) 172.16.0.35 02:16:3e:41:fa:27
Oct 26 07:06:30 stack01 dnsmasq-dhcp[5323]: DHCPACK(br102) 172.16.0.35 02:16:3e:41:fa:27 puppet
Oct 26 07:06:31 stack01 dnsmasq-dhcp[5180]: DHCPREQUEST(br101) 172.16.0.19 02:16:3e:7f:8e:ef
Oct 26 07:06:31 stack01 dnsmasq-dhcp[5180]: DHCPACK(br101) 172.16.0.19 02:16:3e:7f:8e:ef puppet
Oct 26 07:07:17 stack01 dnsmasq-dhcp[5323]: DHCPREQUEST(br102) 172.16.0.35 02:16:3e:41:fa:27
Oct 26 07:07:17 stack01 dnsmasq-dhcp[5323]: DHCPACK(br102) 172.16.0.35 02:16:3e:41:fa:27 puppet
Oct 26 07:07:17 stack01 dnsmasq-dhcp[5180]: DHCPREQUEST(br101) 172.16.0.21 02:16:3e:11:af:9a
Oct 26 07:07:17 stack01 dnsmasq-dhcp[5180]: DHCPACK(br101) 172.16.0.21 02:16:3e:11:af:9a ci
Oct 26 07:07:33 stack01 pdns[5926]: Listening on controlsocket in '/var/run/pdns.controlsocket'
Oct 26 07:07:33 stack01 pdns[5929]: Guardian is launching an instance
Oct 26 07:07:33 stack01 pdns[5929]: Reading random entropy from '/dev/urandom'
Oct 26 07:07:33 stack01 pdns[5929]: This is module gmysqlbackend.so reporting
Oct 26 07:07:33 stack01 pdns[5929]: This is a guarded instance of pdns
Oct 26 07:07:33 stack01 pdns[5929]: It is advised to bind to explicit addresses with the --local-address option
Oct 26 07:07:33 stack01 pdns[5929]: binding UDP socket to '0.0.0.0' port 53: Address already in use
Oct 26 07:07:33 stack01 pdns[5929]: Fatal error: Unable to bind to UDP socket
Oct 26 07:07:34 stack01 pdns[5926]: Our pdns instance exited with code 1
Oct 26 07:07:34 stack01 pdns[5926]: Respawning
Oct 26 07:07:35 stack01 pdns[5930]: Guardian is launching an instance
Oct 26 07:07:35 stack01 pdns[5930]: Reading random entropy from '/dev/urandom'
Oct 26 07:07:35 stack01 pdns[5930]: This is module gmysqlbackend.so reporting
Oct 26 07:07:35 stack01 pdns[5930]: This is a guarded instance of pdns
Oct 26 07:07:35 stack01 pdns[5930]: It is advised to bind to explicit addresses with the --local-address option
Oct 26 07:07:35 stack01 pdns[5930]: binding UDP socket to '0.0.0.0' port 53: Address already in use
Oct 26 07:07:35 stack01 pdns[5930]: Fatal error: Unable to bind to UDP socket
Oct 26 07:07:36 stack01 pdns[5926]: Our pdns instance exited with code 1
Oct 26 07:07:36 stack01 pdns[5926]: Respawning
Oct 26 07:07:37 stack01 pdns[5931]: Guardian is launching an instance
Oct 26 07:07:37 stack01 pdns[5931]: Reading random entropy from '/dev/urandom'
Oct 26 07:07:37 stack01 pdns[5931]: This is module gmysqlbackend.so reporting
Oct 26 07:07:37 stack01 pdns[5931]: This is a guarded instance of pdns
Oct 26 07:07:37 stack01 pdns[5931]: It is advised to bind to explicit addresses with the --local-address option
Oct 26 07:07:37 stack01 pdns[5931]: binding UDP socket to '0.0.0.0' port 53: Address already in use
Oct 26 07:07:37 stack01 pdns[5931]: Fatal error: Unable to bind to UDP socket
Oct 26 07:07:38 stack01 pdns[5926]: Our pdns instance exited with code 1
Oct 26 07:07:38 stack01 pdns[5926]: Respawning
Oct 26 07:07:39 stack01 pdns[5933]: Guardian is launching an instance
Oct 26 07:07:39 stack01 pdns[5933]: Reading random entropy from '/dev/urandom'
Oct 26 07:07:39 stack01 pdns[5933]: This is module gmysqlbackend.so reporting
Oct 26 07:07:39 stack01 pdns[5933]: This is a guarded instance of pdns
Oct 26 07:07:39 stack01 pdns[5933]: It is advised to bind to explicit addresses with the --local-address option
Oct 26 07:07:39 stack01 pdns[5933]: binding UDP socket to '0.0.0.0' port 53: Address already in use
Oct 26 07:07:39 stack01 pdns[5933]: Fatal error: Unable to bind to UDP socket
Oct 26 07:07:40 stack01 pdns[5926]: Our pdns instance exited with code 1
Oct 26 07:07:40 stack01 pdns[5926]: Respawning
Oct 26 07:07:41 stack01 pdns[5934]: Guardian is launching an instance
Oct 26 07:07:41 stack01 pdns[5934]: Reading random entropy from '/dev/urandom'
Oct 26 07:07:41 stack01 pdns[5934]: This is module gmysqlbackend.so reporting
Oct 26 07:07:41 stack01 pdns[5934]: This is a guarded instance of pdns
Oct 26 07:07:41 stack01 pdns[5934]: It is advised to bind to explicit addresses with the --local-address option
Oct 26 07:07:41 stack01 pdns[5934]: binding UDP socket to '0.0.0.0' port 53: Address already in use
Oct 26 07:07:41 stack01 pdns[5934]: Fatal error: Unable to bind to UDP socket
Oct 26 07:07:42 stack01 pdns[5926]: Our pdns instance exited with code 1
Oct 26 07:07:42 stack01 pdns[5926]: Respawning
Oct 26 07:07:43 stack01 pdns[5935]: Guardian is launching an instance
Oct 26 07:07:43 stack01 pdns[5935]: Reading random entropy from '/dev/urandom'
Oct 26 07:07:43 stack01 pdns[5935]: This is module gmysqlbackend.so reporting
Oct 26 07:07:43 stack01 pdns[5935]: This is a guarded instance of pdns
Oct 26 07:07:43 stack01 pdns[5935]: It is advised to bind to explicit addresses with the --local-address option
Oct 26 07:07:43 stack01 pdns[5935]: binding UDP socket to '0.0.0.0' port 53: Address already in use
Oct 26 07:07:43 stack01 pdns[5935]: Fatal error: Unable to bind to UDP socket
Oct 26 07:07:44 stack01 pdns[5926]: Our pdns instance exited with code 1
Oct 26 07:07:44 stack01 pdns[5926]: Respawning
Oct 26 07:07:45 stack01 pdns[5936]: Guardian is launching an instance
Oct 26 07:07:45 stack01 pdns[5936]: Reading random entropy from '/dev/urandom'
Oct 26 07:07:45 stack01 pdns[5936]: This is module gmysqlbackend.so reporting
Oct 26 07:07:45 stack01 pdns[5936]: This is a guarded instance of pdns
Oct 26 07:07:45 stack01 pdns[5936]: It is advised to bind to explicit addresses with the --local-address option
Oct 26 07:07:45 stack01 pdns[5936]: binding UDP socket to '0.0.0.0' port 53: Address already in use
Oct 26 07:07:45 stack01 pdns[5936]: Fatal error: Unable to bind to UDP socket
Oct 26 07:07:46 stack01 pdns[5926]: Our pdns instance exited with code 1
Oct 26 07:07:46 stack01 pdns[5926]: Respawning
Oct 26 07:07:47 stack01 pdns[5952]: Guardian is launching an instance
Oct 26 07:07:47 stack01 pdns[5952]: Reading random entropy from '/dev/urandom'
Oct 26 07:07:47 stack01 pdns[5952]: This is module gmysqlbackend.so reporting
Oct 26 07:07:47 stack01 pdns[5952]: This is a guarded instance of pdns
Oct 26 07:07:47 stack01 pdns[5952]: It is advised to bind to explicit addresses with the --local-address option
Oct 26 07:07:47 stack01 pdns[5952]: binding UDP socket to '0.0.0.0' port 53: Address already in use
Oct 26 07:07:47 stack01 pdns[5952]: Fatal error: Unable to bind to UDP socket
Oct 26 07:07:48 stack01 pdns[5926]: Our pdns instance exited with code 1
Oct 26 07:07:48 stack01 pdns[5926]: Respawning
Oct 26 07:07:49 stack01 pdns[5976]: Guardian is launching an instance
Oct 26 07:07:49 stack01 pdns[5976]: Reading random entropy from '/dev/urandom'
Oct 26 07:07:49 stack01 pdns[5976]: This is module gmysqlbackend.so reporting
Oct 26 07:07:49 stack01 pdns[5976]: This is a guarded instance of pdns
Oct 26 07:07:49 stack01 pdns[5976]: It is advised to bind to explicit addresses with the --local-address option
Oct 26 07:07:49 stack01 pdns[5976]: binding UDP socket to '0.0.0.0' port 53: Address already in use
Oct 26 07:07:49 stack01 pdns[5976]: Fatal error: Unable to bind to UDP socket
Oct 26 07:07:50 stack01 pdns[5926]: Our pdns instance exited with code 1
Oct 26 07:07:50 stack01 pdns[5926]: Respawning
Oct 26 07:07:51 stack01 pdns[5977]: Guardian is launching an instance
Oct 26 07:07:51 stack01 pdns[5977]: Reading random entropy from '/dev/urandom'
Oct 26 07:07:51 stack01 pdns[5977]: This is module gmysqlbackend.so reporting
Oct 26 07:07:51 stack01 pdns[5977]: This is a guarded instance of pdns
Oct 26 07:07:51 stack01 pdns[5977]: It is advised to bind to explicit addresses with the --local-address option
Oct 26 07:07:51 stack01 pdns[5977]: binding UDP socket to '0.0.0.0' port 53: Address already in use
Oct 26 07:07:51 stack01 pdns[5977]: Fatal error: Unable to bind to UDP socket
Oct 26 07:07:52 stack01 pdns[5926]: Our pdns instance exited with code 1
Oct 26 07:07:52 stack01 pdns[5926]: Respawning
Oct 26 07:07:53 stack01 pdns[5978]: Guardian is launching an instance
Oct 26 07:07:53 stack01 pdns[5978]: Reading random entropy from '/dev/urandom'
Oct 26 07:07:53 stack01 pdns[5978]: This is module gmysqlbackend.so reporting
Oct 26 07:07:53 stack01 pdns[5978]: This is a guarded instance of pdns
Oct 26 07:07:53 stack01 pdns[5978]: It is advised to bind to explicit addresses with the --local-address option
Oct 26 07:07:53 stack01 pdns[5978]: binding UDP socket to '0.0.0.0' port 53: Address already in use
Oct 26 07:07:53 stack01 pdns[5978]: Fatal error: Unable to bind to UDP socket
Oct 26 07:07:54 stack01 pdns[5926]: Our pdns instance exited with code 1
Oct 26 07:07:54 stack01 pdns[5926]: Respawning
Oct 26 07:07:55 stack01 pdns[5979]: Guardian is launching an instance
Oct 26 07:07:55 stack01 pdns[5979]: Reading random entropy from '/dev/urandom'
Oct 26 07:07:55 stack01 pdns[5979]: This is module gmysqlbackend.so reporting
Oct 26 07:07:55 stack01 pdns[5979]: This is a guarded instance of pdns
Oct 26 07:07:55 stack01 pdns[5979]: It is advised to bind to explicit addresses with the --local-address option
Oct 26 07:07:55 stack01 pdns[5979]: binding UDP socket to '0.0.0.0' port 53: Address already in use
Oct 26 07:07:55 stack01 pdns[5979]: Fatal error: Unable to bind to UDP socket
Oct 26 07:07:56 stack01 pdns[5926]: Our pdns instance exited with code 1
Oct 26 07:07:56 stack01 pdns[5926]: Respawning
Oct 26 07:07:57 stack01 pdns[5981]: Guardian is launching an instance
Oct 26 07:07:57 stack01 pdns[5981]: Reading random entropy from '/dev/urandom'
Oct 26 07:07:57 stack01 pdns[5981]: This is module gmysqlbackend.so reporting
Oct 26 07:07:57 stack01 pdns[5981]: This is a guarded instance of pdns
Oct 26 07:07:57 stack01 pdns[5981]: It is advised to bind to explicit addresses with the --local-address option
Oct 26 07:07:57 stack01 pdns[5981]: binding UDP socket to '0.0.0.0' port 53: Address already in use
Oct 26 07:07:57 stack01 pdns[5981]: Fatal error: Unable to bind to UDP socket
Oct 26 07:07:58 stack01 pdns[5926]: Our pdns instance exited with code 1
Oct 26 07:07:58 stack01 pdns[5926]: Respawning
Oct 26 07:07:59 stack01 pdns[5982]: Guardian is launching an instance
Oct 26 07:07:59 stack01 pdns[5982]: Reading random entropy from '/dev/urandom'
Oct 26 07:07:59 stack01 pdns[5982]: This is module gmysqlbackend.so reporting
Oct 26 07:07:59 stack01 pdns[5982]: This is a guarded instance of pdns
Oct 26 07:07:59 stack01 pdns[5982]: It is advised to bind to explicit addresses with the --local-address option
Oct 26 07:07:59 stack01 pdns[5982]: binding UDP socket to '0.0.0.0' port 53: Address already in use
Oct 26 07:07:59 stack01 pdns[5982]: Fatal error: Unable to bind to UDP socket
Oct 26 07:08:00 stack01 pdns[5926]: Our pdns instance exited with code 1
Oct 26 07:08:00 stack01 pdns[5926]: Respawning
Oct 26 07:08:01 stack01 pdns[5984]: Guardian is launching an instance
Oct 26 07:08:01 stack01 pdns[5984]: Reading random entropy from '/dev/urandom'
Oct 26 07:08:01 stack01 pdns[5984]: This is module gmysqlbackend.so reporting
Oct 26 07:08:01 stack01 pdns[5984]: This is a guarded instance of pdns
Oct 26 07:08:01 stack01 pdns[5984]: It is advised to bind to explicit addresses with the --local-address option
Oct 26 07:08:01 stack01 pdns[5984]: binding UDP socket to '0.0.0.0' port 53: Address already in use
Oct 26 07:08:01 stack01 pdns[5984]: Fatal error: Unable to bind to UDP socket
Oct 26 07:08:02 stack01 pdns[5926]: Our pdns instance exited with code 1
Oct 26 07:08:02 stack01 pdns[5926]: Respawning
Oct 26 07:08:03 stack01 pdns[5985]: Guardian is launching an instance
Oct 26 07:08:03 stack01 pdns[5985]: Reading random entropy from '/dev/urandom'
Oct 26 07:08:03 stack01 pdns[5985]: This is module gmysqlbackend.so reporting
Oct 26 07:08:03 stack01 pdns[5985]: This is a guarded instance of pdns
Oct 26 07:08:03 stack01 pdns[5985]: It is advised to bind to explicit addresses with the --local-address option
Oct 26 07:08:03 stack01 pdns[5985]: binding UDP socket to '0.0.0.0' port 53: Address already in use
Oct 26 07:08:03 stack01 pdns[5985]: Fatal error: Unable to bind to UDP socket
Oct 26 07:08:04 stack01 pdns[5926]: Our pdns instance exited with code 1
Oct 26 07:08:04 stack01 pdns[5926]: Respawning
Oct 26 07:08:05 stack01 pdns[5986]: Guardian is launching an instance
Oct 26 07:08:05 stack01 pdns[5986]: Reading random entropy from '/dev/urandom'
Oct 26 07:08:05 stack01 pdns[5986]: This is module gmysqlbackend.so reporting
Oct 26 07:08:05 stack01 pdns[5986]: This is a guarded instance of pdns
Oct 26 07:08:05 stack01 pdns[5986]: It is advised to bind to explicit addresses with the --local-address option
Oct 26 07:08:05 stack01 pdns[5986]: binding UDP socket to '0.0.0.0' port 53: Address already in use
Oct 26 07:08:05 stack01 pdns[5986]: Fatal error: Unable to bind to UDP socket
Oct 26 07:08:06 stack01 pdns[5926]: Our pdns instance exited with code 1
Oct 26 07:08:06 stack01 pdns[5926]: Respawning
Oct 26 07:08:07 stack01 pdns[5987]: Guardian is launching an instance
Oct 26 07:08:07 stack01 pdns[5987]: Reading random entropy from '/dev/urandom'
Oct 26 07:08:07 stack01 pdns[5987]: This is module gmysqlbackend.so reporting
Oct 26 07:08:07 stack01 pdns[5987]: This is a guarded instance of pdns
Oct 26 07:08:07 stack01 pdns[5987]: It is advised to bind to explicit addresses with the --local-address option
Oct 26 07:08:07 stack01 pdns[5987]: binding UDP socket to '0.0.0.0' port 53: Address already in use
Oct 26 07:08:07 stack01 pdns[5987]: Fatal error: Unable to bind to UDP socket
Oct 26 07:08:08 stack01 dnsmasq-dhcp[5323]: DHCPREQUEST(br102) 172.16.0.35 02:16:3e:41:fa:27
Oct 26 07:08:08 stack01 dnsmasq-dhcp[5323]: DHCPACK(br102) 172.16.0.35 02:16:3e:41:fa:27 puppet
Oct 26 07:08:08 stack01 pdns[5926]: Our pdns instance exited with code 1
Oct 26 07:08:08 stack01 pdns[5926]: Respawning
Oct 26 07:08:09 stack01 pdns[5994]: Guardian is launching an instance
Oct 26 07:08:09 stack01 pdns[5994]: Reading random entropy from '/dev/urandom'
Oct 26 07:08:09 stack01 pdns[5994]: This is module gmysqlbackend.so reporting
Oct 26 07:08:09 stack01 pdns[5994]: This is a guarded instance of pdns
Oct 26 07:08:09 stack01 pdns[5994]: It is advised to bind to explicit addresses with the --local-address option
Oct 26 07:08:09 stack01 pdns[5994]: binding UDP socket to '0.0.0.0' port 53: Address already in use
Oct 26 07:08:09 stack01 pdns[5994]: Fatal error: Unable to bind to UDP socket
Oct 26 07:08:10 stack01 pdns[5926]: Our pdns instance exited with code 1
Oct 26 07:08:10 stack01 pdns[5926]: Respawning
Oct 26 07:08:11 stack01 pdns[5996]: Guardian is launching an instance
Oct 26 07:08:11 stack01 pdns[5996]: Reading random entropy from '/dev/urandom'
Oct 26 07:08:11 stack01 pdns[5996]: This is module gmysqlbackend.so reporting
Oct 26 07:08:11 stack01 pdns[5996]: This is a guarded instance of pdns
Oct 26 07:08:11 stack01 pdns[5996]: It is advised to bind to explicit addresses with the --local-address option
Oct 26 07:08:11 stack01 pdns[5996]: binding UDP socket to '0.0.0.0' port 53: Address already in use
Oct 26 07:08:11 stack01 pdns[5996]: Fatal error: Unable to bind to UDP socket
Oct 26 07:08:12 stack01 pdns[5926]: Our pdns instance exited with code 1
Oct 26 07:08:12 stack01 pdns[5926]: Respawning
Oct 26 07:08:13 stack01 pdns[5998]: Guardian is launching an instance
Oct 26 07:08:13 stack01 pdns[5998]: Reading random entropy from '/dev/urandom'
Oct 26 07:08:13 stack01 pdns[5998]: This is module gmysqlbackend.so reporting
Oct 26 07:08:13 stack01 pdns[5998]: This is a guarded instance of pdns
Oct 26 07:08:13 stack01 pdns[5998]: It is advised to bind to explicit addresses with the --local-address option
Oct 26 07:08:13 stack01 pdns[5998]: binding UDP socket to '0.0.0.0' port 53: Address already in use
Oct 26 07:08:13 stack01 pdns[5998]: Fatal error: Unable to bind to UDP socket
Oct 26 07:08:14 stack01 pdns[5926]: Our pdns instance exited with code 1
Oct 26 07:08:14 stack01 pdns[5926]: Respawning
Oct 26 07:08:15 stack01 pdns[5999]: Guardian is launching an instance
Oct 26 07:08:15 stack01 pdns[5999]: Reading random entropy from '/dev/urandom'
Oct 26 07:08:15 stack01 pdns[5999]: This is module gmysqlbackend.so reporting
Oct 26 07:08:15 stack01 pdns[5999]: This is a guarded instance of pdns
Oct 26 07:08:15 stack01 pdns[5999]: It is advised to bind to explicit addresses with the --local-address option
Oct 26 07:08:15 stack01 pdns[5999]: binding UDP socket to '0.0.0.0' port 53: Address already in use
Oct 26 07:08:15 stack01 pdns[5999]: Fatal error: Unable to bind to UDP socket
Oct 26 07:08:16 stack01 pdns[5926]: Our pdns instance exited with code 1
Oct 26 07:08:16 stack01 pdns[5926]: Respawning
Oct 26 07:08:17 stack01 pdns[6000]: Guardian is launching an instance
Oct 26 07:08:17 stack01 pdns[6000]: Reading random entropy from '/dev/urandom'
Oct 26 07:08:17 stack01 pdns[6000]: This is module gmysqlbackend.so reporting
Oct 26 07:08:17 stack01 pdns[6000]: This is a guarded instance of pdns
Oct 26 07:08:17 stack01 pdns[6000]: It is advised to bind to explicit addresses with the --local-address option
Oct 26 07:08:17 stack01 pdns[6000]: binding UDP socket to '0.0.0.0' port 53: Address already in use
Oct 26 07:08:17 stack01 pdns[6000]: Fatal error: Unable to bind to UDP socket
Oct 26 07:08:18 stack01 pdns[5926]: Our pdns instance exited with code 1
Oct 26 07:08:18 stack01 pdns[5926]: Respawning
Oct 26 07:08:19 stack01 pdns[6001]: Guardian is launching an instance
Oct 26 07:08:19 stack01 pdns[6001]: Reading random entropy from '/dev/urandom'
Oct 26 07:08:19 stack01 pdns[6001]: This is module gmysqlbackend.so reporting
Oct 26 07:08:19 stack01 pdns[6001]: This is a guarded instance of pdns
Oct 26 07:08:19 stack01 pdns[6001]: It is advised to bind to explicit addresses with the --local-address option
Oct 26 07:08:19 stack01 pdns[6001]: binding UDP socket to '0.0.0.0' port 53: Address already in use
Oct 26 07:08:19 stack01 pdns[6001]: Fatal error: Unable to bind to UDP socket
Oct 26 07:08:20 stack01 pdns[5926]: Our pdns instance exited with code 1
Oct 26 07:08:20 stack01 pdns[5926]: Respawning
Oct 26 07:08:21 stack01 pdns[6002]: Guardian is launching an instance
Oct 26 07:08:21 stack01 pdns[6002]: Reading random entropy from '/dev/urandom'
Oct 26 07:08:21 stack01 pdns[6002]: This is module gmysqlbackend.so reporting
Oct 26 07:08:21 stack01 pdns[6002]: This is a guarded instance of pdns
Oct 26 07:08:21 stack01 pdns[6002]: It is advised to bind to explicit addresses with the --local-address option
Oct 26 07:08:21 stack01 pdns[6002]: binding UDP socket to '0.0.0.0' port 53: Address already in use
Oct 26 07:08:21 stack01 pdns[6002]: Fatal error: Unable to bind to UDP socket
Oct 26 07:08:22 stack01 pdns[5926]: Our pdns instance exited with code 1
Oct 26 07:08:22 stack01 pdns[5926]: Respawning
Oct 26 07:08:23 stack01 pdns[6003]: Guardian is launching an instance
Oct 26 07:08:23 stack01 pdns[6003]: Reading random entropy from '/dev/urandom'
Oct 26 07:08:23 stack01 pdns[6003]: This is module gmysqlbackend.so reporting
Oct 26 07:08:23 stack01 pdns[6003]: This is a guarded instance of pdns
Oct 26 07:08:23 stack01 pdns[6003]: It is advised to bind to explicit addresses with the --local-address option
Oct 26 07:08:23 stack01 pdns[6003]: binding UDP socket to '0.0.0.0' port 53: Address already in use
Oct 26 07:08:23 stack01 pdns[6003]: Fatal error: Unable to bind to UDP socket
Oct 26 07:08:24 stack01 pdns[5926]: Our pdns instance exited with code 1
Oct 26 07:08:24 stack01 pdns[5926]: Respawning
Oct 26 07:08:25 stack01 pdns[6005]: Guardian is launching an instance
Oct 26 07:08:25 stack01 pdns[6005]: Reading random entropy from '/dev/urandom'
Oct 26 07:08:25 stack01 pdns[6005]: This is module gmysqlbackend.so reporting
Oct 26 07:08:25 stack01 pdns[6005]: This is a guarded instance of pdns
Oct 26 07:08:25 stack01 pdns[6005]: It is advised to bind to explicit addresses with the --local-address option
Oct 26 07:08:25 stack01 pdns[6005]: binding UDP socket to '0.0.0.0' port 53: Address already in use
Oct 26 07:08:25 stack01 pdns[6005]: Fatal error: Unable to bind to UDP socket
Oct 26 07:08:26 stack01 pdns[5926]: Our pdns instance exited with code 1
Oct 26 07:08:26 stack01 pdns[5926]: Respawning
Oct 26 07:08:27 stack01 pdns[6006]: Guardian is launching an instance
Oct 26 07:08:27 stack01 pdns[6006]: Reading random entropy from '/dev/urandom'
Oct 26 07:08:27 stack01 pdns[6006]: This is module gmysqlbackend.so reporting
Oct 26 07:08:27 stack01 pdns[6006]: This is a guarded instance of pdns
Oct 26 07:08:27 stack01 pdns[6006]: It is advised to bind to explicit addresses with the --local-address option
Oct 26 07:08:27 stack01 pdns[6006]: binding UDP socket to '0.0.0.0' port 53: Address already in use
Oct 26 07:08:27 stack01 pdns[6006]: Fatal error: Unable to bind to UDP socket
Oct 26 07:08:28 stack01 pdns[5926]: Our pdns instance exited with code 1
Oct 26 07:08:28 stack01 pdns[5926]: Respawning
Oct 26 07:08:29 stack01 dnsmasq-dhcp[5180]: DHCPREQUEST(br101) 172.16.0.19 02:16:3e:7f:8e:ef
Oct 26 07:08:29 stack01 dnsmasq-dhcp[5180]: DHCPACK(br101) 172.16.0.19 02:16:3e:7f:8e:ef puppet
Oct 26 07:08:29 stack01 pdns[6013]: Guardian is launching an instance
Oct 26 07:08:29 stack01 pdns[6013]: Reading random entropy from '/dev/urandom'
Oct 26 07:08:29 stack01 pdns[6013]: This is module gmysqlbackend.so reporting
Oct 26 07:08:29 stack01 pdns[6013]: This is a guarded instance of pdns
Oct 26 07:08:29 stack01 pdns[6013]: UDP server bound to 78.153.223.98:53
Oct 26 07:08:29 stack01 pdns[6013]: TCP server bound to 78.153.223.98:53
Oct 26 07:08:29 stack01 pdns[6013]: PowerDNS 2.9.22 (C) 2001-2009 PowerDNS.COM BV (Aug 17 2011, 23:12:58, gcc 4.6.1) starting up
Oct 26 07:08:29 stack01 pdns[6013]: PowerDNS comes with ABSOLUTELY NO WARRANTY. This is free software, and you are welcome to redistribute it according to the terms of the GPL version 2.
Oct 26 07:08:29 stack01 pdns[6013]: Creating backend connection for TCP
Oct 26 07:08:29 stack01 pdns[6013]: gmysql Connection succesful
Oct 26 07:08:29 stack01 pdns[6013]: About to create 3 backend threads for UDP
Oct 26 07:08:29 stack01 pdns[6013]: gmysql Connection succesful
Oct 26 07:08:30 pdns[6013]: last message repeated 2 times
Oct 26 07:08:30 stack01 pdns[6013]: Done launching threads, ready to distribute questions
Oct 26 07:08:35 stack01 pdns[5926]: Scheduling exit on remote request
Oct 26 07:08:35 stack01 pdns[5926]: Guardian is killed, taking down children with us
Oct 26 07:08:38 stack01 pdns[6041]: Listening on controlsocket in '/var/run/pdns.controlsocket'
Oct 26 07:08:38 stack01 pdns[6044]: Guardian is launching an instance
Oct 26 07:08:38 stack01 pdns[6044]: Reading random entropy from '/dev/urandom'
Oct 26 07:08:38 stack01 pdns[6044]: This is module gmysqlbackend.so reporting
Oct 26 07:08:38 stack01 pdns[6044]: This is a guarded instance of pdns
Oct 26 07:08:38 stack01 pdns[6044]: UDP server bound to 78.153.223.98:53
Oct 26 07:08:38 stack01 pdns[6044]: TCP server bound to 78.153.223.98:53
Oct 26 07:08:38 stack01 pdns[6044]: PowerDNS 2.9.22 (C) 2001-2009 PowerDNS.COM BV (Aug 17 2011, 23:12:58, gcc 4.6.1) starting up
Oct 26 07:08:38 stack01 pdns[6044]: PowerDNS comes with ABSOLUTELY NO WARRANTY. This is free software, and you are welcome to redistribute it according to the terms of the GPL version 2.
Oct 26 07:08:38 stack01 pdns[6044]: Creating backend connection for TCP
Oct 26 07:08:38 stack01 pdns[6044]: gmysql Connection succesful
Oct 26 07:08:38 stack01 pdns[6044]: About to create 3 backend threads for UDP
Oct 26 07:08:38 stack01 pdns[6044]: gmysql Connection succesful
Oct 26 07:08:38 pdns[6044]: last message repeated 2 times
Oct 26 07:08:38 stack01 pdns[6044]: Done launching threads, ready to distribute questions
Oct 26 07:08:58 stack01 dnsmasq-dhcp[5323]: DHCPREQUEST(br102) 172.16.0.35 02:16:3e:41:fa:27
Oct 26 07:08:58 stack01 dnsmasq-dhcp[5323]: DHCPACK(br102) 172.16.0.35 02:16:3e:41:fa:27 puppet
Oct 26 07:08:58 stack01 dnsmasq-dhcp[5180]: DHCPREQUEST(br101) 172.16.0.21 02:16:3e:11:af:9a
Oct 26 07:08:58 stack01 dnsmasq-dhcp[5180]: DHCPACK(br101) 172.16.0.21 02:16:3e:11:af:9a ci
Oct 26 07:09:01 stack01 CRON[6099]: (root) CMD ( [ -x /usr/lib/php5/maxlifetime ] && [ -d /var/lib/php5 ] && find /var/lib/php5/ -depth -mindepth 1 -maxdepth 1 -type f -cmin +$(/usr/lib/php5/maxlifetime) ! -execdir fuser -s {} 2>/dev/null \; -delete)
Oct 26 07:09:46 stack01 dnsmasq-dhcp[5323]: DHCPREQUEST(br102) 172.16.0.35 02:16:3e:41:fa:27
Oct 26 07:09:46 stack01 dnsmasq-dhcp[5323]: DHCPACK(br102) 172.16.0.35 02:16:3e:41:fa:27 puppet
Oct 26 07:10:01 stack01 CRON[6154]: (root) CMD (if [ -x /etc/munin/plugins/apt_all ]; then /etc/munin/plugins/apt_all update 7200 12 >/dev/null; elif [ -x /etc/munin/plugins/apt ]; then /etc/munin/plugins/apt update 7200 12 >/dev/null; fi)
Oct 26 07:10:01 stack01 CRON[6155]: (munin) CMD (if [ -x /usr/bin/munin-cron ]; then /usr/bin/munin-cron; fi)
Oct 26 07:10:14 stack01 dnsmasq-dhcp[5180]: DHCPREQUEST(br101) 172.16.0.19 02:16:3e:7f:8e:ef
Oct 26 07:10:15 stack01 dnsmasq-dhcp[5180]: DHCPACK(br101) 172.16.0.19 02:16:3e:7f:8e:ef puppet
Oct 26 07:10:32 stack01 dnsmasq-dhcp[5323]: DHCPREQUEST(br102) 172.16.0.35 02:16:3e:41:fa:27
Oct 26 07:10:32 stack01 dnsmasq-dhcp[5323]: DHCPACK(br102) 172.16.0.35 02:16:3e:41:fa:27 puppet
Oct 26 07:10:42 stack01 dnsmasq-dhcp[5180]: DHCPREQUEST(br101) 172.16.0.21 02:16:3e:11:af:9a
Oct 26 07:10:42 stack01 dnsmasq-dhcp[5180]: DHCPACK(br101) 172.16.0.21 02:16:3e:11:af:9a ci
Oct 26 07:11:16 stack01 dnsmasq-dhcp[5323]: DHCPREQUEST(br102) 172.16.0.35 02:16:3e:41:fa:27
Oct 26 07:11:16 stack01 dnsmasq-dhcp[5323]: DHCPACK(br102) 172.16.0.35 02:16:3e:41:fa:27 puppet
Oct 26 07:11:59 stack01 dnsmasq-dhcp[5180]: DHCPREQUEST(br101) 172.16.0.19 02:16:3e:7f:8e:ef
Oct 26 07:11:59 stack01 dnsmasq-dhcp[5180]: DHCPACK(br101) 172.16.0.19 02:16:3e:7f:8e:ef puppet
Oct 26 07:12:09 stack01 dnsmasq-dhcp[5323]: DHCPREQUEST(br102) 172.16.0.35 02:16:3e:41:fa:27
Oct 26 07:12:09 stack01 dnsmasq-dhcp[5323]: DHCPACK(br102) 172.16.0.35 02:16:3e:41:fa:27 puppet
Oct 26 07:12:26 stack01 dnsmasq-dhcp[5180]: DHCPREQUEST(br101) 172.16.0.21 02:16:3e:11:af:9a
