Oct 26 08:14:32 stack01 pdns[23528]: Removed from notification list: 'phostr.org' to 216.218.130.2
Oct 26 08:14:32 stack01 pdns[23528]: Received unsuccesful notification report for 'phostr.net' from 216.218.130.2, rcode: 5
Oct 26 08:14:32 stack01 pdns[23528]: Removed from notification list: 'phostr.net' to 216.218.130.2
Oct 26 08:14:32 stack01 pdns[23528]: Received unsuccesful notification report for 'managedit.ie' from 216.218.130.2, rcode: 5
Oct 26 08:14:32 stack01 pdns[23528]: Removed from notification list: 'managedit.ie' to 216.218.130.2
Oct 26 08:14:32 stack01 pdns[23528]: Received unsuccesful notification report for 'phostr.com' from 216.218.130.2, rcode: 5
Oct 26 08:14:32 stack01 pdns[23528]: Removed from notification list: 'phostr.com' to 216.218.130.2
Oct 26 08:14:32 stack01 pdns[23528]: Received unsuccesful notification report for 'phostr.mobi' from 216.218.132.2, rcode: 4
Oct 26 08:14:32 stack01 pdns[23528]: Removed from notification list: 'phostr.mobi' to 216.218.132.2
Oct 26 08:14:32 stack01 pdns[23528]: Received unsuccesful notification report for 'phostr.org' from 216.218.132.2, rcode: 4
Oct 26 08:14:32 stack01 pdns[23528]: Removed from notification list: 'phostr.org' to 216.218.132.2
Oct 26 08:14:32 stack01 pdns[23528]: Received unsuccesful notification report for 'phostr.com' from 216.218.132.2, rcode: 4
Oct 26 08:14:32 stack01 pdns[23528]: Removed from notification list: 'phostr.com' to 216.218.132.2
Oct 26 08:14:32 stack01 pdns[23528]: Received unsuccesful notification report for 'managedit.ie' from 216.218.132.2, rcode: 4
Oct 26 08:14:32 stack01 pdns[23528]: Removed from notification list: 'managedit.ie' to 216.218.132.2
Oct 26 08:14:32 stack01 pdns[23528]: Received unsuccesful notification report for 'phostr.net' from 216.218.132.2, rcode: 4
Oct 26 08:14:32 stack01 pdns[23528]: Removed from notification list: 'phostr.net' to 216.218.132.2
Oct 26 08:14:34 stack01 pdns[23528]: No master domains need notifications
Oct 26 08:15:01 stack01 CRON[23554]: (root) CMD (if [ -x /etc/munin/plugins/apt_all ]; then /etc/munin/plugins/apt_all update 7200 12 >/dev/null; elif [ -x /etc/munin/plugins/apt ]; then /etc/munin/plugins/apt update 7200 12 >/dev/null; fi)
Oct 26 08:15:01 stack01 CRON[23555]: (munin) CMD (if [ -x /usr/bin/munin-cron ]; then /usr/bin/munin-cron; fi)
Oct 26 08:15:04 stack01 dnsmasq-dhcp[5323]: DHCPREQUEST(br102) 172.16.0.35 02:16:3e:41:fa:27
Oct 26 08:15:04 stack01 dnsmasq-dhcp[5323]: DHCPACK(br102) 172.16.0.35 02:16:3e:41:fa:27 puppet
Oct 26 08:15:15 stack01 dnsmasq-dhcp[5180]: DHCPREQUEST(br101) 172.16.0.19 02:16:3e:7f:8e:ef
Oct 26 08:15:15 stack01 dnsmasq-dhcp[5180]: DHCPACK(br101) 172.16.0.19 02:16:3e:7f:8e:ef puppet
Oct 26 08:15:25 stack01 dnsmasq-dhcp[5180]: DHCPREQUEST(br101) 172.16.0.21 02:16:3e:11:af:9a
Oct 26 08:15:25 stack01 dnsmasq-dhcp[5180]: DHCPACK(br101) 172.16.0.21 02:16:3e:11:af:9a ci
Oct 26 08:15:51 stack01 dnsmasq-dhcp[5323]: DHCPREQUEST(br102) 172.16.0.35 02:16:3e:41:fa:27
Oct 26 08:15:51 stack01 dnsmasq-dhcp[5323]: DHCPACK(br102) 172.16.0.35 02:16:3e:41:fa:27 puppet
Oct 26 08:16:10 stack01 pdns[23528]: AXFR of domain 'managedit.ie' denied to 216.218.130.2
Oct 26 08:16:22 stack01 kernel: [14876.125055] general protection fault: 0000 [#1] SMP
Oct 26 08:16:22 stack01 kernel: [14876.125362] CPU 2
Oct 26 08:16:22 stack01 kernel: [14876.125489] Modules linked in: ebt_arp ebt_ip 8021q garp ip6table_filter ip6_tables ebtable_nat ebtables ipt_MASQUERADE iptable_nat nf_nat nf_conntrack_ipv4 nf_defrag_ipv4 xt_state nf_conntrack iscsi_trgt ipt_REJECT xt_CHECKSUM iptable_mangle xt_tcpudp iptable_filter ip_tables x_tables bridge stp kvm_amd kvm vesafb ib_iser rdma_cm ib_cm iw_cm ib_sa ib_mad ib_core ib_addr iscsi_tcp libiscsi_tcp libiscsi scsi_transport_iscsi nbd amd64_edac_mod edac_core psmouse sp5100_tco serio_raw dm_multipath ghes joydev hed i2c_piix4 k10temp edac_mce_amd lp parport raid10 raid456 async_pq async_xor usbhid hid xor async_memcpy async_raid6_recov pata_atiixp ahci igb libahci dca raid6_pq async_tx raid1 raid0 multipath linear
Oct 26 08:16:22 stack01 kernel: [14876.128706]
Oct 26 08:16:22 stack01 kernel: [14876.128706] Pid: 23247, comm: bash Not tainted 3.0.0-12-server #20-Ubuntu HP ProLiant DL165 G7
Oct 26 08:16:22 stack01 kernel: [14876.128706] RIP: 0010:[] [] dup_fd+0x150/0x2f0
Oct 26 08:16:22 stack01 kernel: [14876.128706] RSP: 0018:ffff8801367b9d80 EFLAGS: 00010206
Oct 26 08:16:22 stack01 kernel: [14876.128706] RAX: 00000000000000ff RBX: ffff88031de83000 RCX: bfffffffffffffff
Oct 26 08:16:22 stack01 kernel: [14876.128706] RDX: 00008802b808f800 RSI: 0000000000000100 RDI: ffff88027a14b000
Oct 26 08:16:22 stack01 kernel: [14876.128706] RBP: ffff8801367b9de0 R08: 0000000000000003 R09: 0000000000000001
Oct 26 08:16:22 stack01 kernel: [14876.128706] R10: 4000000000000000 R11: 0000000000015cf0 R12: ffff880135840840
Oct 26 08:16:22 stack01 kernel: [14876.128706] R13: ffff88027a14b6c0 R14: ffff88027a94c000 R15: 0000000000000100
Oct 26 08:16:22 stack01 kernel: [14876.128706] FS: 00007ffde7eb3720(0000) GS:ffff88013fc40000(0000) knlGS:0000000000000000
Oct 26 08:16:22 stack01 kernel: [14876.128706] CS: 0010 DS: 0000 ES: 0000 CR0: 000000008005003b
Oct 26 08:16:22 stack01 kernel: [14876.128706] CR2: 0000000000a460a8 CR3: 000000031e265000 CR4: 00000000000006e0
Oct 26 08:16:22 stack01 kernel: [14876.128706] DR0: 0000000000000000 DR1: 0000000000000000 DR2: 0000000000000000
Oct 26 08:16:22 stack01 kernel: [14876.128706] DR3: 0000000000000000 DR6: 00000000ffff0ff0 DR7: 0000000000000400
Oct 26 08:16:22 stack01 kernel: [14876.128706] Process bash (pid: 23247, threadinfo ffff8801367b8000, task ffff880135b49720)
Oct 26 08:16:22 stack01 kernel: [14876.128706] Stack:
Oct 26 08:16:22 stack01 kernel: [14876.128706] ffff8801367b9d90 00000001375f4560 ffff88027a14b180 0000000000000020
Oct 26 08:16:22 stack01 kernel: [14876.128706] ffff88027a14b6c0 ffff880138bbac80 0000000000000000 ffff8801375f4560
Oct 26 08:16:22 stack01 kernel: [14876.128706] 0000000001200011 00007ffde7eb39f0 0000000000000000 ffff8801367b9f58
Oct 26 08:16:22 stack01 kernel: [14876.128706] Call Trace:
Oct 26 08:16:22 stack01 kernel: [14876.128706] [] copy_process.part.23+0x656/0xe00
Oct 26 08:16:22 stack01 kernel: [14876.128706] [] ? kmem_cache_alloc_trace+0xfc/0x120
Oct 26 08:16:22 stack01 kernel: [14876.128706] [] copy_process+0x77/0x80
Oct 26 08:16:22 stack01 kernel: [14876.128706] [] do_fork+0xbe/0x330
Oct 26 08:16:22 stack01 kernel: [14876.128706] [] ? alloc_fd+0xf7/0x150
Oct 26 08:16:22 stack01 kernel: [14876.128706] [] ? _raw_spin_lock+0xe/0x20
Oct 26 08:16:22 stack01 kernel: [14876.128706] [] ? fd_install+0x61/0x80
Oct 26 08:16:22 stack01 kernel: [14876.128706] [] ? do_pipe_flags+0xc3/0x120
Oct 26 08:16:22 stack01 kernel: [14876.128706] [] sys_clone+0x28/0x30
Oct 26 08:16:22 stack01 kernel: [14876.128706] [] stub_clone+0x13/0x20
Oct 26 08:16:22 stack01 kernel: [14876.128706] [] ? system_call_fastpath+0x16/0x1b
Oct 26 08:16:22 stack01 kernel: [14876.128706] Code: 8b 45 b8 49 8b 7d 10 48 8b 71 10 4c 89 c2 e8 c8 ef 16 00 45 85 ff 74 6c 41 8d 77 ff 31 c0 41 b9 01 00 00 00 48 83 c6 01 eb 13 90 48 ff 42 30 48 89 14 c3 48 83 c0 01 48 39 f0 74 3e 49 8b 14
Oct 26 08:16:22 stack01 kernel: [14876.128706] RIP [] dup_fd+0x150/0x2f0
Oct 26 08:16:22 stack01 kernel: [14876.128706] RSP
Oct 26 08:16:22 stack01 kernel: [14876.179023] ---[ end trace 3db970a3e7847d7a ]---
Oct 26 08:16:23 stack01 kernel: [14876.180538] general protection fault: 0000 [#2] SMP
Oct 26 08:16:23 stack01 kernel: [14876.184008] CPU 2
Oct 26 08:16:23 stack01 kernel: [14876.184008] Modules linked in: ebt_arp ebt_ip 8021q garp ip6table_filter ip6_tables ebtable_nat ebtables ipt_MASQUERADE iptable_nat nf_nat nf_conntrack_ipv4 nf_defrag_ipv4 xt_state nf_conntrack iscsi_trgt ipt_REJECT xt_CHECKSUM iptable_mangle xt_tcpudp iptable_filter ip_tables x_tables bridge stp kvm_amd kvm vesafb ib_iser rdma_cm ib_cm iw_cm ib_sa ib_mad ib_core ib_addr iscsi_tcp libiscsi_tcp libiscsi scsi_transport_iscsi nbd amd64_edac_mod edac_core psmouse sp5100_tco serio_raw dm_multipath ghes joydev hed i2c_piix4 k10temp edac_mce_amd lp parport raid10 raid456 async_pq async_xor usbhid hid xor async_memcpy async_raid6_recov pata_atiixp ahci igb libahci dca raid6_pq async_tx raid1 raid0 multipath linear
Oct 26 08:16:23 stack01 kernel: [14876.184008]
Oct 26 08:16:23 stack01 kernel: [14876.184008] Pid: 23247, comm: bash Tainted: G D 3.0.0-12-server #20-Ubuntu HP ProLiant DL165 G7
Oct 26 08:16:23 stack01 kernel: [14876.184008] RIP: 0010:[] [] filp_close+0x19/0x90
Oct 26 08:16:23 stack01 kernel: [14876.184008] RSP: 0018:ffff8801367b9b28 EFLAGS: 00010286
Oct 26 08:16:23 stack01 kernel: [14876.184008] RAX: ffff88027a94c7f8 RBX: 00000000000000c0 RCX: 0000000000000000
Oct 26 08:16:23 stack01 kernel: [14876.184008] RDX: ffff880138bbac00 RSI: ffff880138bbac00 RDI: 00008802b808f800
Oct 26 08:16:23 stack01 kernel: [14876.184008] RBP: ffff8801367b9b48 R08: ffffffff81132ce5 R09: 0000000000000000
Oct 26 08:16:23 stack01 kernel: [14876.184008] R10: ffff8802b80429d0 R11: 0000000000000006 R12: 0000000000000004
Oct 26 08:16:23 stack01 kernel: [14876.184008] R13: 0000000000000001 R14: ffff88027a14b180 R15: 00000000000000ff
Oct 26 08:16:23 stack01 kernel: [14876.184008] FS: 00007ffde7eb3720(0000) GS:ffff88013fc40000(0000) knlGS:0000000000000000
Oct 26 08:16:23 stack01 kernel: [14876.184008] CS: 0010 DS: 0000 ES: 0000 CR0: 000000008005003b
Oct 26 08:16:23 stack01 kernel: [14876.184008] CR2: 0000000000a460a8 CR3: 0000000001c03000 CR4: 00000000000006e0
Oct 26 08:16:23 stack01 kernel: [14876.184008] DR0: 0000000000000000 DR1: 0000000000000000 DR2: 0000000000000000
Oct 26 08:16:23 stack01 kernel: [14876.184008] DR3: 0000000000000000 DR6: 00000000ffff0ff0 DR7: 0000000000000400
Oct 26 08:16:23 stack01 kernel: [14876.184008] Process bash (pid: 23247, threadinfo ffff8801367b8000, task ffff880135b49720)
Oct 26 08:16:23 stack01 kernel: [14876.184008] Stack:
Oct 26 08:16:23 stack01 kernel: [14876.184008] ffffea00043349e8 00000000000000c0 0000000000000004 0000000000000001
Oct 26 08:16:23 stack01 kernel: [14876.184008] ffff8801367b9b98 ffffffff81060f4a 0000000000000000 ffff880138bbac00
Oct 26 08:16:23 stack01 kernel: [14876.184008] ffff880135b49d20 ffff880138bbac00 ffff880135b49d20 ffff880135b49720
Oct 26 08:16:23 stack01 kernel: [14876.184008] Call Trace:
Oct 26 08:16:23 stack01 kernel: [14876.184008] [] put_files_struct.part.14+0x7a/0xe0
Oct 26 08:16:23 stack01 kernel: [14876.184008] [] put_files_struct+0x18/0x20
Oct 26 08:16:23 stack01 kernel: [14876.184008] [] exit_files+0x54/0x70
Oct 26 08:16:23 stack01 kernel: [14876.184008] [] do_exit+0x19d/0x440
Oct 26 08:16:23 stack01 kernel: [14876.184008] [] oops_end+0xb0/0xf0
Oct 26 08:16:23 stack01 kernel: [14876.184008] [] die+0x58/0x90
Oct 26 08:16:23 stack01 kernel: [14876.184008] [] do_general_protection+0x162/0x170
Oct 26 08:16:23 stack01 kernel: [14876.184008] [] general_protection+0x25/0x30
Oct 26 08:16:23 stack01 kernel: [14876.184008] [] ? dup_fd+0x150/0x2f0
Oct 26 08:16:23 stack01 kernel: [14876.184008] [] copy_process.part.23+0x656/0xe00
Oct 26 08:16:23 stack01 kernel: [14876.184008] [] ? kmem_cache_alloc_trace+0xfc/0x120
Oct 26 08:16:23 stack01 kernel: [14876.184008] [] copy_process+0x77/0x80
Oct 26 08:16:23 stack01 kernel: [14876.184008] [] do_fork+0xbe/0x330
Oct 26 08:16:23 stack01 kernel: [14876.184008] [] ? alloc_fd+0xf7/0x150
Oct 26 08:16:23 stack01 kernel: [14876.184008] [] ? _raw_spin_lock+0xe/0x20
Oct 26 08:16:23 stack01 kernel: [14876.184008] [] ? fd_install+0x61/0x80
Oct 26 08:16:23 stack01 kernel: [14876.184008] [] ? do_pipe_flags+0xc3/0x120
Oct 26 08:16:23 stack01 kernel: [14876.184008] [] sys_clone+0x28/0x30
Oct 26 08:16:23 stack01 kernel: [14876.184008] [] stub_clone+0x13/0x20
Oct 26 08:16:23 stack01 kernel: [14876.184008] [] ? system_call_fastpath+0x16/0x1b
Oct 26 08:16:23 stack01 kernel: [14876.184008] Code: 00 00 00 00 e8 f9 e2 f8 ff 48 83 c4 18 5b 5d c3 66 90 55 48 89 e5 48 83 ec 20 48 89 5d e8 4c 89 65 f0 4c 89 6d f8 66 66 66 66 90
Oct 26 08:16:23 stack01 kernel: [14876.184008] RIP [] filp_close+0x19/0x90
Oct 26 08:16:23 stack01 kernel: [14876.184008] RSP
Oct 26 08:16:23 stack01 kernel: [14877.268472] ---[ end trace 3db970a3e7847d7b ]---
Oct 26 08:16:23 stack01 kernel: [14877.282526] Fixing recursive fault but reboot is needed!
Oct 26 08:16:38 stack01 dnsmasq-dhcp[5323]: DHCPREQUEST(br102) 172.16.0.35 02:16:3e:41:fa:27
Oct 26 08:16:38 stack01 dnsmasq-dhcp[5323]: DHCPACK(br102) 172.16.0.35 02:16:3e:41:fa:27 puppet
Oct 26 08:17:01 stack01 CRON[24805]: (root) CMD ( cd / && run-parts --report /etc/cron.hourly)
Oct 26 08:17:05 stack01 dnsmasq-dhcp[5180]: DHCPREQUEST(br101) 172.16.0.21 02:16:3e:11:af:9a
Oct 26 08:17:05 stack01 dnsmasq-dhcp[5180]: DHCPACK(br101) 172.16.0.21 02:16:3e:11:af:9a ci
Oct 26 08:17:05 stack01 dnsmasq-dhcp[5180]: DHCPREQUEST(br101) 172.16.0.19 02:16:3e:7f:8e:ef
Oct 26 08:17:05 stack01 dnsmasq-dhcp[5180]: DHCPACK(br101) 172.16.0.19 02:16:3e:7f:8e:ef puppet
Oct 26 08:17:16 stack01 pdns[23525]: Scheduling exit on remote request
Oct 26 08:17:16 stack01 pdns[23525]: Guardian is killed, taking down children with us
Oct 26 08:17:19 stack01 pdns[24839]: Listening on controlsocket in '/var/run/pdns.controlsocket'
Oct 26 08:17:19 stack01 pdns[24842]: Guardian is launching an instance
Oct 26 08:17:19 stack01 pdns[24842]: Reading random entropy from '/dev/urandom'
Oct 26 08:17:19 stack01 pdns[24842]: This is module gmysqlbackend.so reporting
Oct 26 08:17:19 stack01 pdns[24842]: This is a guarded instance of pdns
Oct 26 08:17:19 stack01 pdns[24842]: UDP server bound to 78.153.223.98:53
Oct 26 08:17:19 stack01 pdns[24842]: TCP server bound to 78.153.223.98:53
Oct 26 08:17:19 stack01 pdns[24842]: PowerDNS 2.9.22 (C) 2001-2009 PowerDNS.COM BV (Aug 17 2011, 23:12:58, gcc 4.6.1) starting up
Oct 26 08:17:19 stack01 pdns[24842]: PowerDNS comes with ABSOLUTELY NO WARRANTY. This is free software, and you are welcome to redistribute it according to the terms of the GPL version 2.
Oct 26 08:17:19 stack01 pdns[24842]: Creating backend connection for TCP
Oct 26 08:17:19 stack01 pdns[24842]: Master/slave communicator launching
Oct 26 08:17:19 stack01 pdns[24842]: gmysql Connection succesful
Oct 26 08:17:19 stack01 pdns[24842]: About to create 3 backend threads for UDP
Oct 26 08:17:19 stack01 pdns[24842]: gmysql Connection succesful
Oct 26 08:17:19 stack01 pdns[24842]: gmysql Connection succesful
Oct 26 08:17:19 stack01 pdns[24842]: All slave domains are fresh
Oct 26 08:17:19 stack01 pdns[24842]: No master domains need notifications
Oct 26 08:17:19 stack01 pdns[24842]: gmysql Connection succesful
Oct 26 08:17:19 stack01 pdns[24842]: gmysql Connection succesful
Oct 26 08:17:19 stack01 pdns[24842]: Done launching threads, ready to distribute questions
Oct 26 08:17:29 stack01 dnsmasq-dhcp[5323]: DHCPREQUEST(br102) 172.16.0.35 02:16:3e:41:fa:27
Oct 26 08:17:29 stack01 dnsmasq-dhcp[5323]: DHCPACK(br102) 172.16.0.35 02:16:3e:41:fa:27 puppet
Oct 26 08:17:52 stack01 pdns[24842]: AXFR of domain 'managedit.ie' initiated by 216.218.130.2
Oct 26 08:17:52 stack01 pdns[24842]: gmysql Connection succesful
Oct 26 08:17:52 stack01 pdns[24842]: AXFR of domain 'managedit.ie' to 216.218.130.2 finished
Oct 26 08:18:20 stack01 dnsmasq-dhcp[5323]: DHCPREQUEST(br102) 172.16.0.35 02:16:3e:41:fa:27
Oct 26 08:18:20 stack01 dnsmasq-dhcp[5323]: DHCPACK(br102) 172.16.0.35 02:16:3e:41:fa:27 puppet
Oct 26 08:18:42 stack01 pdns[24842]: AXFR of domain 'managedit.ie' initiated by 216.218.130.2
Oct 26 08:18:42 stack01 pdns[24842]: gmysql Connection succesful
Oct 26 08:18:42 stack01 pdns[24842]: AXFR of domain 'managedit.ie' to 216.218.130.2 finished
Oct 26 08:18:52 stack01 dnsmasq-dhcp[5180]: DHCPREQUEST(br101) 172.16.0.21 02:16:3e:11:af:9a
Oct 26 08:18:52 stack01 dnsmasq-dhcp[5180]: DHCPACK(br101) 172.16.0.21 02:16:3e:11:af:9a ci
Oct 26 08:19:03 stack01 dnsmasq-dhcp[5180]: DHCPREQUEST(br101) 172.16.0.19 02:16:3e:7f:8e:ef
Oct 26 08:19:03 stack01 dnsmasq-dhcp[5180]: DHCPACK(br101) 172.16.0.19 02:16:3e:7f:8e:ef puppet
Oct 26 08:19:08 stack01 dnsmasq-dhcp[5323]: DHCPREQUEST(br102) 172.16.0.35 02:16:3e:41:fa:27
Oct 26 08:19:08 stack01 dnsmasq-dhcp[5323]: DHCPACK(br102) 172.16.0.35 02:16:3e:41:fa:27 puppet
Oct 26 08:19:13 stack01 pdns[24842]: AXFR of domain 'phostr.net' initiated by 216.218.130.2
Oct 26 08:19:13 stack01 pdns[24842]: gmysql Connection succesful
Oct 26 08:19:13 stack01 pdns[24842]: AXFR of domain 'phostr.net' to 216.218.130.2 finished
Oct 26 08:19:13 stack01 pdns[24842]: AXFR of domain 'phostr.com' initiated by 216.218.130.2
Oct 26 08:19:13 stack01 pdns[24842]: gmysql Connection succesful
Oct 26 08:19:13 stack01 pdns[24842]: AXFR of domain 'phostr.com' to 216.218.130.2 finished
Oct 26 08:19:13 stack01 pdns[24842]: AXFR of domain 'phostr.org' initiated by 216.218.130.2
Oct 26 08:19:13 stack01 pdns[24842]: gmysql Connection succesful
Oct 26 08:19:13 stack01 pdns[24842]: AXFR of domain 'phostr.org' to 216.218.130.2 finished
Oct 26 08:19:56 stack01 dnsmasq-dhcp[5323]: DHCPREQUEST(br102) 172.16.0.35 02:16:3e:41:fa:27
Oct 26 08:19:56 stack01 dnsmasq-dhcp[5323]: DHCPACK(br102) 172.16.0.35 02:16:3e:41:fa:27 puppet
Oct 26 08:20:01 stack01 CRON[25017]: (root) CMD (if [ -x /etc/munin/plugins/apt_all ]; then /etc/munin/plugins/apt_all update 7200 12 >/dev/null; elif [ -x /etc/munin/plugins/apt ]; then /etc/munin/plugins/apt update 7200 12 >/dev/null; fi)
Oct 26 08:20:01 stack01 CRON[25018]: (munin) CMD (if [ -x /usr/bin/munin-cron ]; then /usr/bin/munin-cron; fi)
Oct 26 08:20:33 stack01 dnsmasq-dhcp[5180]: DHCPREQUEST(br101) 172.16.0.21 02:16:3e:11:af:9a
Oct 26 08:20:33 stack01 dnsmasq-dhcp[5180]: DHCPACK(br101) 172.16.0.21 02:16:3e:11:af:9a ci
Oct 26 08:20:40 stack01 pdns[24842]: AXFR of domain 'phostr.com' initiated by 216.218.130.2
Oct 26 08:20:40 stack01 pdns[24842]: gmysql Connection succesful
Oct 26 08:20:40 stack01 pdns[24842]: AXFR of domain 'phostr.com' to 216.218.130.2 finished
Oct 26 08:20:40 stack01 pdns[24842]: AXFR of domain 'phostr.mobi' initiated by 216.218.130.2
Oct 26 08:20:40 stack01 pdns[24842]: gmysql Connection succesful
Oct 26 08:20:40 stack01 pdns[24842]: AXFR of domain 'phostr.mobi' to 216.218.130.2 finished
Oct 26 08:20:41 stack01 dnsmasq-dhcp[5180]: DHCPREQUEST(br101) 172.16.0.19 02:16:3e:7f:8e:ef
Oct 26 08:20:41 stack01 dnsmasq-dhcp[5180]: DHCPACK(br101) 172.16.0.19 02:16:3e:7f:8e:ef puppet
Oct 26 08:20:50 stack01 dnsmasq-dhcp[5323]: DHCPREQUEST(br102) 172.16.0.35 02:16:3e:41:fa:27
Oct 26 08:20:50 stack01 dnsmasq-dhcp[5323]: DHCPACK(br102) 172.16.0.35 02:16:3e:41:fa:27 puppet
Oct 26 08:21:45 stack01 dnsmasq-dhcp[5323]: DHCPREQUEST(br102) 172.16.0.35 02:16:3e:41:fa:27
Oct 26 08:21:45 stack01 dnsmasq-dhcp[5323]: DHCPACK(br102) 172.16.0.35 02:16:3e:41:fa:27 puppet
Oct 26 08:22:18 stack01 dnsmasq-dhcp[5180]: DHCPREQUEST(br101) 172.16.0.21 02:16:3e:11:af:9a
Oct 26 08:22:18 stack01 dnsmasq-dhcp[5180]: DHCPACK(br101) 172.16.0.21 02:16:3e:11:af:9a ci
Oct 26 08:22:29 stack01 dnsmasq-dhcp[5323]: DHCPREQUEST(br102) 172.16.0.35 02:16:3e:41:fa:27
Oct 26 08:22:29 stack01 dnsmasq-dhcp[5323]: DHCPACK(br102) 172.16.0.35 02:16:3e:41:fa:27 puppet
Oct 26 08:22:31 stack01 dnsmasq-dhcp[5180]: DHCPREQUEST(br101) 172.16.0.19 02:16:3e:7f:8e:ef
Oct 26 08:22:31 stack01 dnsmasq-dhcp[5180]: DHCPACK(br101) 172.16.0.19 02:16:3e:7f:8e:ef puppet
Oct 26 08:23:21 stack01 dnsmasq-dhcp[5323]: DHCPREQUEST(br102) 172.16.0.35 02:16:3e:41:fa:27
Oct 26 08:23:21 stack01 dnsmasq-dhcp[5323]: DHCPACK(br102) 172.16.0.35 02:16:3e:41:fa:27 puppet
Oct 26 08:24:14 stack01 dnsmasq-dhcp[5180]: DHCPREQUEST(br101) 172.16.0.19 02:16:3e:7f:8e:ef
Oct 26 08:24:14 stack01 dnsmasq-dhcp[5180]: DHCPACK(br101) 172.16.0.19 02:16:3e:7f:8e:ef puppet
Oct 26 08:24:16 stack01 dnsmasq-dhcp[5323]: DHCPREQUEST(br102) 172.16.0.35 02:16:3e:41:fa:27
Oct 26 08:24:16 stack01 dnsmasq-dhcp[5323]: DHCPACK(br102) 172.16.0.35 02:16:3e:41:fa:27 puppet
Oct 26 08:24:18 stack01 dnsmasq-dhcp[5180]: DHCPREQUEST(br101) 172.16.0.21 02:16:3e:11:af:9a
Oct 26 08:24:18 stack01 dnsmasq-dhcp[5180]: DHCPACK(br101) 172.16.0.21 02:16:3e:11:af:9a ci
Oct 26 08:25:00 stack01 dnsmasq-dhcp[5323]: DHCPREQUEST(br102) 172.16.0.35 02:16:3e:41:fa:27
Oct 26 08:25:00 stack01 dnsmasq-dhcp[5323]: DHCPACK(br102) 172.16.0.35 02:16:3e:41:fa:27 puppet
Oct 26 08:25:01 stack01 CRON[26309]: (root) CMD (if [ -x /etc/munin/plugins/apt_all ]; then /etc/munin/plugins/apt_all update 7200 12 >/dev/null; elif [ -x /etc/munin/plugins/apt ]; then /etc/munin/plugins/apt update 7200 12 >/dev/null; fi)
Oct 26 08:25:01 stack01 CRON[26310]: (munin) CMD (if [ -x /usr/bin/munin-cron ]; then /usr/bin/munin-cron; fi)
Oct 26 08:25:46 stack01 dnsmasq-dhcp[5323]: DHCPREQUEST(br102) 172.16.0.35 02:16:3e:41:fa:27
Oct 26 08:25:46 stack01 dnsmasq-dhcp[5323]: DHCPACK(br102) 172.16.0.35 02:16:3e:41:fa:27 puppet
Oct 26 08:26:04 stack01 dnsmasq-dhcp[5180]: DHCPREQUEST(br101) 172.16.0.19 02:16:3e:7f:8e:ef
Oct 26 08:26:04 stack01 dnsmasq-dhcp[5180]: DHCPACK(br101) 172.16.0.19 02:16:3e:7f:8e:ef puppet
Oct 26 08:26:10 stack01 dnsmasq-dhcp[5180]: DHCPREQUEST(br101) 172.16.0.21 02:16:3e:11:af:9a
Oct 26 08:26:10 stack01 dnsmasq-dhcp[5180]: DHCPACK(br101) 172.16.0.21 02:16:3e:11:af:9a ci
Oct 26 08:26:35 stack01 dnsmasq-dhcp[5323]: DHCPREQUEST(br102) 172.16.0.35 02:16:3e:41:fa:27
Oct 26 08:26:35 stack01 dnsmasq-dhcp[5323]: DHCPACK(br102) 172.16.0.35 02:16:3e:41:fa:27 puppet
Oct 26 08:27:28 stack01 dnsmasq-dhcp[5323]: DHCPREQUEST(br102) 172.16.0.35 02:16:3e:41:fa:27
Oct 26 08:27:28 stack01 dnsmasq-dhcp[5323]: DHCPACK(br102) 172.16.0.35 02:16:3e:41:fa:27 puppet
Oct 26 08:27:48 stack01 dnsmasq-dhcp[5180]: DHCPREQUEST(br101) 172.16.0.19 02:16:3e:7f:8e:ef
Oct 26 08:27:48 stack01 dnsmasq-dhcp[5180]: DHCPACK(br101) 172.16.0.19 02:16:3e:7f:8e:ef puppet
Oct 26 08:28:00 stack01 dnsmasq-dhcp[5180]: DHCPREQUEST(br101) 172.16.0.21 02:16:3e:11:af:9a
Oct 26 08:28:00 stack01 dnsmasq-dhcp[5180]: DHCPACK(br101) 172.16.0.21 02:16:3e:11:af:9a ci
Oct 26 08:28:14 stack01 dnsmasq-dhcp[5323]: DHCPREQUEST(br102) 172.16.0.35 02:16:3e:41:fa:27
Oct 26 08:28:14 stack01 dnsmasq-dhcp[5323]: DHCPACK(br102) 172.16.0.35 02:16:3e:41:fa:27 puppet
Oct 26 08:29:04 stack01 dnsmasq-dhcp[5323]: DHCPREQUEST(br102) 172.16.0.35 02:16:3e:41:fa:27
Oct 26 08:29:04 stack01 dnsmasq-dhcp[5323]: DHCPACK(br102) 172.16.0.35 02:16:3e:41:fa:27 puppet
Oct 26 08:29:31 stack01 dnsmasq-dhcp[5180]: DHCPREQUEST(br101) 172.16.0.19 02:16:3e:7f:8e:ef
Oct 26 08:29:31 stack01 dnsmasq-dhcp[5180]: DHCPACK(br101) 172.16.0.19 02:16:3e:7f:8e:ef puppet
Oct 26 08:29:43 stack01 dnsmasq-dhcp[5180]: DHCPREQUEST(br101) 172.16.0.21 02:16:3e:11:af:9a
Oct 26 08:29:43 stack01 dnsmasq-dhcp[5180]: DHCPACK(br101) 172.16.0.21 02:16:3e:11:af:9a ci
Oct 26 08:29:45 stack01 dnsmasq-dhcp[5323]: DHCPREQUEST(br102) 172.16.0.35 02:16:3e:41:fa:27
Oct 26 08:29:45 stack01 dnsmasq-dhcp[5323]: DHCPACK(br102) 172.16.0.35 02:16:3e:41:fa:27 puppet
Oct 26 08:30:01 stack01 CRON[27571]: (root) CMD (if [ -x /etc/munin/plugins/apt_all ]; then /etc/munin/plugins/apt_all update 7200 12 >/dev/null; elif [ -x /etc/munin/plugins/apt ]; then /etc/munin/plugins/apt update 7200 12 >/dev/null; fi)
Oct 26 08:30:01 stack01 CRON[27572]: (munin) CMD (if [ -x /usr/bin/munin-cron ]; then /usr/bin/munin-cron; fi)
Oct 26 08:30:31 stack01 dnsmasq-dhcp[5323]: DHCPREQUEST(br102) 172.16.0.35 02:16:3e:41:fa:27
Oct 26 08:30:31 stack01 dnsmasq-dhcp[5323]: DHCPACK(br102) 172.16.0.35 02:16:3e:41:fa:27 puppet
Oct 26 08:31:14 stack01 dnsmasq-dhcp[5323]: DHCPREQUEST(br102) 172.16.0.35 02:16:3e:41:fa:27
Oct 26 08:31:14 stack01 dnsmasq-dhcp[5323]: DHCPACK(br102) 172.16.0.35 02:16:3e:41:fa:27 puppet
Oct 26 08:31:26 stack01 dnsmasq-dhcp[5180]: DHCPREQUEST(br101) 172.16.0.21 02:16:3e:11:af:9a
Oct 26 08:31:26 stack01 dnsmasq-dhcp[5180]: DHCPACK(br101) 172.16.0.21 02:16:3e:11:af:9a ci
Oct 26 08:31:28 stack01 dnsmasq-dhcp[5180]: DHCPREQUEST(br101) 172.16.0.19 02:16:3e:7f:8e:ef
Oct 26 08:31:28 stack01 dnsmasq-dhcp[5180]: DHCPACK(br101) 172.16.0.19 02:16:3e:7f:8e:ef puppet
Oct 26 08:32:06 stack01 dnsmasq-dhcp[5323]: DHCPREQUEST(br102) 172.16.0.35 02:16:3e:41:fa:27
Oct 26 08:32:06 stack01 dnsmasq-dhcp[5323]: DHCPACK(br102) 172.16.0.35 02:16:3e:41:fa:27 puppet
Oct 26 08:32:57 stack01 dnsmasq-dhcp[5323]: DHCPREQUEST(br102) 172.16.0.35 02:16:3e:41:fa:27
Oct 26 08:32:57 stack01 dnsmasq-dhcp[5323]: DHCPACK(br102) 172.16.0.35 02:16:3e:41:fa:27 puppet
Oct 26 08:33:06 stack01 dnsmasq-dhcp[5180]: DHCPREQUEST(br101) 172.16.0.21 02:16:3e:11:af:9a
Oct 26 08:33:06 stack01 dnsmasq-dhcp[5180]: DHCPACK(br101) 172.16.0.21 02:16:3e:11:af:9a ci
Oct 26 08:33:09 stack01 dnsmasq-dhcp[5180]: DHCPREQUEST(br101) 172.16.0.19 02:16:3e:7f:8e:ef
Oct 26 08:33:09 stack01 dnsmasq-dhcp[5180]: DHCPACK(br101) 172.16.0.19 02:16:3e:7f:8e:ef puppet
Oct 26 08:33:43 stack01 dnsmasq-dhcp[5323]: DHCPREQUEST(br102) 172.16.0.35 02:16:3e:41:fa:27
Oct 26 08:33:43 stack01 dnsmasq-dhcp[5323]: DHCPACK(br102) 172.16.0.35 02:16:3e:41:fa:27 puppet
Oct 26 08:34:30 stack01 dnsmasq-dhcp[5323]: DHCPREQUEST(br102) 172.16.0.35 02:16:3e:41:fa:27
Oct 26 08:34:30 stack01 dnsmasq-dhcp[5323]: DHCPACK(br102) 172.16.0.35 02:16:3e:41:fa:27 puppet
Oct 26 08:34:49 stack01 dnsmasq-dhcp[5180]: DHCPREQUEST(br101) 172.16.0.21 02:16:3e:11:af:9a
Oct 26 08:34:49 stack01 dnsmasq-dhcp[5180]: DHCPACK(br101) 172.16.0.21 02:16:3e:11:af:9a ci
Oct 26 08:34:58 stack01 dnsmasq-dhcp[5180]: DHCPREQUEST(br101) 172.16.0.19 02:16:3e:7f:8e:ef
Oct 26 08:34:58 stack01 dnsmasq-dhcp[5180]: DHCPACK(br101) 172.16.0.19 02:16:3e:7f:8e:ef puppet
Oct 26 08:35:01 stack01 CRON[28869]: (root) CMD (if [ -x /etc/munin/plugins/apt_all ]; then /etc/munin/plugins/apt_all update 7200 12 >/dev/null; elif [ -x /etc/munin/plugins/apt ]; then /etc/munin/plugins/apt update 7200 12 >/dev/null; fi)
Oct 26 08:35:01 stack01 CRON[28870]: (munin) CMD (if [ -x /usr/bin/munin-cron ]; then /usr/bin/munin-cron; fi)
Oct 26 08:35:15 stack01 dnsmasq-dhcp[5323]: DHCPREQUEST(br102) 172.16.0.35 02:16:3e:41:fa:27
Oct 26 08:35:15 stack01 dnsmasq-dhcp[5323]: DHCPACK(br102) 172.16.0.35 02:16:3e:41:fa:27 puppet
Oct 26 08:36:02 stack01 dnsmasq-dhcp[5323]: DHCPREQUEST(br102) 172.16.0.35 02:16:3e:41:fa:27
Oct 26 08:36:02 stack01 dnsmasq-dhcp[5323]: DHCPACK(br102) 172.16.0.35 02:16:3e:41:fa:27 puppet
Oct 26 08:36:37 stack01 dnsmasq-dhcp[5180]: DHCPREQUEST(br101) 172.16.0.21 02:16:3e:11:af:9a
Oct 26 08:36:37 stack01 dnsmasq-dhcp[5180]: DHCPACK(br101) 172.16.0.21 02:16:3e:11:af:9a ci
Oct 26 08:36:45 stack01 dnsmasq-dhcp[5180]: DHCPREQUEST(br101) 172.16.0.19 02:16:3e:7f:8e:ef
Oct 26 08:36:45 stack01 dnsmasq-dhcp[5180]: DHCPACK(br101) 172.16.0.19 02:16:3e:7f:8e:ef puppet
Oct 26 08:36:46 stack01 dnsmasq-dhcp[5323]: DHCPREQUEST(br102) 172.16.0.35 02:16:3e:41:fa:27
Oct 26 08:36:46 stack01 dnsmasq-dhcp[5323]: DHCPACK(br102) 172.16.0.35 02:16:3e:41:fa:27 puppet
Oct 26 08:37:31 stack01 dnsmasq-dhcp[5323]: DHCPREQUEST(br102) 172.16.0.35 02:16:3e:41:fa:27
Oct 26 08:37:31 stack01 dnsmasq-dhcp[5323]: DHCPACK(br102) 172.16.0.35 02:16:3e:41:fa:27 puppet
Oct 26 08:38:21 stack01 dnsmasq-dhcp[5323]: DHCPREQUEST(br102) 172.16.0.35 02:16:3e:41:fa:27
Oct 26 08:38:21 stack01 dnsmasq-dhcp[5323]: DHCPACK(br102) 172.16.0.35 02:16:3e:41:fa:27 puppet
Oct 26 08:38:24 stack01 dnsmasq-dhcp[5180]: DHCPREQUEST(br101) 172.16.0.19 02:16:3e:7f:8e:ef
Oct 26 08:38:24 stack01 dnsmasq-dhcp[5180]: DHCPACK(br101) 172.16.0.19 02:16:3e:7f:8e:ef puppet
Oct 26 08:38:28 stack01 dnsmasq-dhcp[5180]: DHCPREQUEST(br101) 172.16.0.21 02:16:3e:11:af:9a
Oct 26 08:38:28 stack01 dnsmasq-dhcp[5180]: DHCPACK(br101) 172.16.0.21 02:16:3e:11:af:9a ci
Oct 26 08:39:01 stack01 CRON[30129]: (root) CMD ( [ -x /usr/lib/php5/maxlifetime ] && [ -d /var/lib/php5 ] && find /var/lib/php5/ -depth -mindepth 1 -maxdepth 1 -type f -cmin +$(/usr/lib/php5/maxlifetime) ! -execdir fuser -s {} 2>/dev/null \; -delete)
Oct 26 08:39:09 stack01 dnsmasq-dhcp[5323]: DHCPREQUEST(br102) 172.16.0.35 02:16:3e:41:fa:27
Oct 26 08:39:09 stack01 dnsmasq-dhcp[5323]: DHCPACK(br102) 172.16.0.35 02:16:3e:41:fa:27 puppet
Oct 26 08:39:53 stack01 dnsmasq-dhcp[5323]: DHCPREQUEST(br102) 172.16.0.35 02:16:3e:41:fa:27
Oct 26 08:39:53 stack01 dnsmasq-dhcp[5323]: DHCPACK(br102) 172.16.0.35 02:16:3e:41:fa:27 puppet
Oct 26 08:40:01 stack01 CRON[30187]: (root) CMD (if [ -x /etc/munin/plugins/apt_all ]; then /etc/munin/plugins/apt_all update 7200 12 >/dev/null; elif [ -x /etc/munin/plugins/apt ]; then /etc/munin/plugins/apt update 7200 12 >/dev/null; fi)
Oct 26 08:40:01 stack01 CRON[30188]: (munin) CMD (if [ -x /usr/bin/munin-cron ]; then /usr/bin/munin-cron; fi)
Oct 26 08:40:05 stack01 dnsmasq-dhcp[5180]: DHCPREQUEST(br101) 172.16.0.19 02:16:3e:7f:8e:ef
Oct 26 08:40:05 stack01 dnsmasq-dhcp[5180]: DHCPACK(br101) 172.16.0.19 02:16:3e:7f:8e:ef puppet
Oct 26 08:40:18 stack01 dnsmasq-dhcp[5180]: DHCPREQUEST(br101) 172.16.0.21 02:16:3e:11:af:9a
Oct 26 08:40:18 stack01 dnsmasq-dhcp[5180]: DHCPACK(br101) 172.16.0.21 02:16:3e:11:af:9a ci
Oct 26 08:40:38 stack01 dnsmasq-dhcp[5323]: DHCPREQUEST(br102) 172.16.0.35 02:16:3e:41:fa:27
Oct 26 08:40:38 stack01 dnsmasq-dhcp[5323]: DHCPACK(br102) 172.16.0.35 02:16:3e:41:fa:27 puppet
Oct 26 08:41:22 stack01 dnsmasq-dhcp[5323]: DHCPREQUEST(br102) 172.16.0.35 02:16:3e:41:fa:27
Oct 26 08:41:22 stack01 dnsmasq-dhcp[5323]: DHCPACK(br102) 172.16.0.35 02:16:3e:41:fa:27 puppet
Oct 26 08:41:45 stack01 dnsmasq-dhcp[5180]: DHCPREQUEST(br101) 172.16.0.19 02:16:3e:7f:8e:ef
Oct 26 08:41:45 stack01 dnsmasq-dhcp[5180]: DHCPACK(br101) 172.16.0.19 02:16:3e:7f:8e:ef puppet
Oct 26 08:41:58 stack01 dnsmasq-dhcp[5180]: DHCPREQUEST(br101) 172.16.0.21 02:16:3e:11:af:9a
Oct 26 08:41:58 stack01 dnsmasq-dhcp[5180]: DHCPACK(br101) 172.16.0.21 02:16:3e:11:af:9a ci
Oct 26 08:42:06 stack01 dnsmasq-dhcp[5323]: DHCPREQUEST(br102) 172.16.0.35 02:16:3e:41:fa:27
Oct 26 08:42:06 stack01 dnsmasq-dhcp[5323]: DHCPACK(br102) 172.16.0.35 02:16:3e:41:fa:27 puppet
Oct 26 08:42:57 stack01 dnsmasq-dhcp[5323]: DHCPREQUEST(br102) 172.16.0.35 02:16:3e:41:fa:27
Oct 26 08:42:57 stack01 dnsmasq-dhcp[5323]: DHCPACK(br102) 172.16.0.35 02:16:3e:41:fa:27 puppet
Oct 26 08:43:28 stack01 dnsmasq-dhcp[5180]: DHCPREQUEST(br101) 172.16.0.19 02:16:3e:7f:8e:ef
Oct 26 08:43:28 stack01 dnsmasq-dhcp[5180]: DHCPACK(br101) 172.16.0.19 02:16:3e:7f:8e:ef puppet
Oct 26 08:43:38 stack01 dnsmasq-dhcp[5323]: DHCPREQUEST(br102) 172.16.0.35 02:16:3e:41:fa:27
Oct 26 08:43:38 stack01 dnsmasq-dhcp[5323]: DHCPACK(br102) 172.16.0.35 02:16:3e:41:fa:27 puppet
Oct 26 08:43:48 stack01 dnsmasq-dhcp[5180]: DHCPREQUEST(br101) 172.16.0.21 02:16:3e:11:af:9a
Oct 26 08:43:48 stack01 dnsmasq-dhcp[5180]: DHCPACK(br101) 172.16.0.21 02:16:3e:11:af:9a ci
Oct 26 08:44:26 stack01 dnsmasq-dhcp[5323]: DHCPREQUEST(br102) 172.16.0.35 02:16:3e:41:fa:27
Oct 26 08:44:26 stack01 dnsmasq-dhcp[5323]: DHCPACK(br102) 172.16.0.35 02:16:3e:41:fa:27 puppet
Oct 26 08:45:01 stack01 CRON[31443]: (root) CMD (if [ -x /etc/munin/plugins/apt_all ]; then /etc/munin/plugins/apt_all update 7200 12 >/dev/null; elif [ -x /etc/munin/plugins/apt ]; then /etc/munin/plugins/apt update 7200 12 >/dev/null; fi)
Oct 26 08:45:01 stack01 CRON[31444]: (munin) CMD (if [ -x /usr/bin/munin-cron ]; then /usr/bin/munin-cron; fi)
Oct 26 08:45:14 stack01 dnsmasq-dhcp[5323]: DHCPREQUEST(br102) 172.16.0.35 02:16:3e:41:fa:27
Oct 26 08:45:14 stack01 dnsmasq-dhcp[5323]: DHCPACK(br102) 172.16.0.35 02:16:3e:41:fa:27 puppet
Oct 26 08:45:18 stack01 dnsmasq-dhcp[5180]: DHCPREQUEST(br101) 172.16.0.19 02:16:3e:7f:8e:ef
Oct 26 08:45:18 stack01 dnsmasq-dhcp[5180]: DHCPACK(br101) 172.16.0.19 02:16:3e:7f:8e:ef puppet
Oct 26 08:45:46 stack01 dnsmasq-dhcp[5180]: DHCPREQUEST(br101) 172.16.0.21 02:16:3e:11:af:9a
Oct 26 08:45:46 stack01 dnsmasq-dhcp[5180]: DHCPACK(br101) 172.16.0.21 02:16:3e:11:af:9a ci
Oct 26 08:45:55 stack01 dnsmasq-dhcp[5323]: DHCPREQUEST(br102) 172.16.0.35 02:16:3e:41:fa:27
Oct 26 08:45:55 stack01 dnsmasq-dhcp[5323]: DHCPACK(br102) 172.16.0.35 02:16:3e:41:fa:27 puppet
Oct 26 08:46:44 stack01 dnsmasq-dhcp[5323]: DHCPREQUEST(br102) 172.16.0.35 02:16:3e:41:fa:27
Oct 26 08:46:44 stack01 dnsmasq-dhcp[5323]: DHCPACK(br102) 172.16.0.35 02:16:3e:41:fa:27 puppet
Oct 26 08:47:11 stack01 dnsmasq-dhcp[5180]: DHCPREQUEST(br101) 172.16.0.19 02:16:3e:7f:8e:ef
Oct 26 08:47:11 stack01 dnsmasq-dhcp[5180]: DHCPACK(br101) 172.16.0.19 02:16:3e:7f:8e:ef puppet
Oct 26 08:47:28 stack01 dnsmasq-dhcp[5323]: DHCPREQUEST(br102) 172.16.0.35 02:16:3e:41:fa:27
Oct 26 08:47:28 stack01 dnsmasq-dhcp[5323]: DHCPACK(br102) 172.16.0.35 02:16:3e:41:fa:27 puppet
Oct 26 08:47:39 stack01 dnsmasq-dhcp[5180]: DHCPREQUEST(br101) 172.16.0.21 02:16:3e:11:af:9a
Oct 26 08:47:39 stack01 dnsmasq-dhcp[5180]: DHCPACK(br101) 172.16.0.21 02:16:3e:11:af:9a ci
Oct 26 08:48:10 stack01 dnsmasq-dhcp[5323]: DHCPREQUEST(br102) 172.16.0.35 02:16:3e:41:fa:27
Oct 26 08:48:10 stack01 dnsmasq-dhcp[5323]: DHCPACK(br102) 172.16.0.35 02:16:3e:41:fa:27 puppet
Oct 26 08:48:53 stack01 dnsmasq-dhcp[5180]: DHCPREQUEST(br101) 172.16.0.19 02:16:3e:7f:8e:ef
Oct 26 08:48:53 stack01 dnsmasq-dhcp[5180]: DHCPACK(br101) 172.16.0.19 02:16:3e:7f:8e:ef puppet
Oct 26 08:48:58 stack01 dnsmasq-dhcp[5323]: DHCPREQUEST(br102) 172.16.0.35 02:16:3e:41:fa:27
Oct 26 08:48:58 stack01 dnsmasq-dhcp[5323]: DHCPACK(br102) 172.16.0.35 02:16:3e:41:fa:27 puppet
Oct 26 08:49:24 stack01 dnsmasq-dhcp[5180]: DHCPREQUEST(br101) 172.16.0.21 02:16:3e:11:af:9a
Oct 26 08:49:24 stack01 dnsmasq-dhcp[5180]: DHCPACK(br101) 172.16.0.21 02:16:3e:11:af:9a ci
Oct 26 08:49:41 stack01 dnsmasq-dhcp[5323]: DHCPREQUEST(br102) 172.16.0.35 02:16:3e:41:fa:27
Oct 26 08:49:41 stack01 dnsmasq-dhcp[5323]: DHCPACK(br102) 172.16.0.35 02:16:3e:41:fa:27 puppet
Oct 26 08:50:01 stack01 CRON[423]: (root) CMD (if [ -x /etc/munin/plugins/apt_all ]; then /etc/munin/plugins/apt_all update 7200 12 >/dev/null; elif [ -x /etc/munin/plugins/apt ]; then /etc/munin/plugins/apt update 7200 12 >/dev/null; fi)
Oct 26 08:50:01 stack01 CRON[424]: (munin) CMD (if [ -x /usr/bin/munin-cron ]; then /usr/bin/munin-cron; fi)
Oct 26 08:50:30 stack01 dnsmasq-dhcp[5323]: DHCPREQUEST(br102) 172.16.0.35 02:16:3e:41:fa:27
Oct 26 08:50:30 stack01 dnsmasq-dhcp[5323]: DHCPACK(br102) 172.16.0.35 02:16:3e:41:fa:27 puppet
Oct 26 08:50:35 stack01 dnsmasq-dhcp[5180]: DHCPREQUEST(br101) 172.16.0.19 02:16:3e:7f:8e:ef
Oct 26 08:50:35 stack01 dnsmasq-dhcp[5180]: DHCPACK(br101) 172.16.0.19 02:16:3e:7f:8e:ef puppet
Oct 26 08:51:04 stack01 dnsmasq-dhcp[5180]: DHCPREQUEST(br101) 172.16.0.21 02:16:3e:11:af:9a
Oct 26 08:51:04 stack01 dnsmasq-dhcp[5180]: DHCPACK(br101) 172.16.0.21 02:16:3e:11:af:9a ci
Oct 26 08:51:14 stack01 dnsmasq-dhcp[5323]: DHCPREQUEST(br102) 172.16.0.35 02:16:3e:41:fa:27
Oct 26 08:51:14 stack01 dnsmasq-dhcp[5323]: DHCPACK(br102) 172.16.0.35 02:16:3e:41:fa:27 puppet
Oct 26 08:52:03 stack01 dnsmasq-dhcp[5323]: DHCPREQUEST(br102) 172.16.0.35 02:16:3e:41:fa:27
Oct 26 08:52:03 stack01 dnsmasq-dhcp[5323]: DHCPACK(br102) 172.16.0.35 02:16:3e:41:fa:27 puppet
Oct 26 08:52:30 stack01 dnsmasq-dhcp[5180]: DHCPREQUEST(br101) 172.16.0.19 02:16:3e:7f:8e:ef
Oct 26 08:52:30 stack01 dnsmasq-dhcp[5180]: DHCPACK(br101) 172.16.0.19 02:16:3e:7f:8e:ef puppet
Oct 26 08:52:45 stack01 dnsmasq-dhcp[5323]: DHCPREQUEST(br102) 172.16.0.35 02:16:3e:41:fa:27
Oct 26 08:52:45 stack01 dnsmasq-dhcp[5323]: DHCPACK(br102) 172.16.0.35 02:16:3e:41:fa:27 puppet
Oct 26 08:53:00 stack01 dnsmasq-dhcp[5180]: DHCPREQUEST(br101) 172.16.0.21 02:16:3e:11:af:9a
Oct 26 08:53:00 stack01 dnsmasq-dhcp[5180]: DHCPACK(br101) 172.16.0.21 02:16:3e:11:af:9a ci
Oct 26 08:53:29 stack01 dnsmasq-dhcp[5323]: DHCPREQUEST(br102) 172.16.0.35 02:16:3e:41:fa:27
Oct 26 08:53:29 stack01 dnsmasq-dhcp[5323]: DHCPACK(br102) 172.16.0.35 02:16:3e:41:fa:27 puppet
Oct 26 08:54:11 stack01 dnsmasq-dhcp[5323]: DHCPREQUEST(br102) 172.16.0.35 02:16:3e:41:fa:27
Oct 26 08:54:11 stack01 dnsmasq-dhcp[5323]: DHCPACK(br102) 172.16.0.35 02:16:3e:41:fa:27 puppet
Oct 26 08:54:16 stack01 dnsmasq-dhcp[5180]: DHCPREQUEST(br101) 172.16.0.19 02:16:3e:7f:8e:ef
Oct 26 08:54:16 stack01 dnsmasq-dhcp[5180]: DHCPACK(br101) 172.16.0.19 02:16:3e:7f:8e:ef puppet
Oct 26 08:54:40 stack01 dnsmasq-dhcp[5180]: DHCPREQUEST(br101) 172.16.0.21 02:16:3e:11:af:9a
Oct 26 08:54:40 stack01 dnsmasq-dhcp[5180]: DHCPACK(br101) 172.16.0.21 02:16:3e:11:af:9a ci
Oct 26 08:55:01 stack01 CRON[1780]: (root) CMD (if [ -x /etc/munin/plugins/apt_all ]; then /etc/munin/plugins/apt_all update 7200 12 >/dev/null; elif [ -x /etc/munin/plugins/apt ]; then /etc/munin/plugins/apt update 7200 12 >/dev/null; fi)
Oct 26 08:55:01 stack01 CRON[1781]: (munin) CMD (if [ -x /usr/bin/munin-cron ]; then /usr/bin/munin-cron; fi)
Oct 26 08:55:02 stack01 dnsmasq-dhcp[5323]: DHCPREQUEST(br102) 172.16.0.35 02:16:3e:41:fa:27
Oct 26 08:55:02 stack01 dnsmasq-dhcp[5323]: DHCPACK(br102) 172.16.0.35 02:16:3e:41:fa:27 puppet
Oct 26 08:55:56 stack01 dnsmasq-dhcp[5323]: DHCPREQUEST(br102) 172.16.0.35 02:16:3e:41:fa:27
Oct 26 08:55:56 stack01 dnsmasq-dhcp[5323]: DHCPACK(br102) 172.16.0.35 02:16:3e:41:fa:27 puppet
Oct 26 08:56:08 stack01 dnsmasq-dhcp[5180]: DHCPREQUEST(br101) 172.16.0.19 02:16:3e:7f:8e:ef
Oct 26 08:56:08 stack01 dnsmasq-dhcp[5180]: DHCPACK(br101) 172.16.0.19 02:16:3e:7f:8e:ef puppet
Oct 26 08:56:20 stack01 pdns[24842]: 1 domain for which we are master needs notifications
Oct 26 08:56:20 stack01 pdns[24842]: Queued notification of domain 'phostr.mobi' to 216.218.130.2
Oct 26 08:56:20 stack01 pdns[24842]: Queued notification of domain 'phostr.mobi' to 216.218.131.2
Oct 26 08:56:20 stack01 pdns[24842]: Queued notification of domain 'phostr.mobi' to 216.218.132.2
Oct 26 08:56:20 stack01 pdns[24842]: Queued notification of domain 'phostr.mobi' to 216.66.1.2
Oct 26 08:56:20 stack01 pdns[24842]: Queued notification of domain 'phostr.mobi' to 216.66.80.18
Oct 26 08:56:21 stack01 pdns[24842]: Received unsuccesful notification report for 'phostr.mobi' from 216.66.80.18, rcode: 4
Oct 26 08:56:21 stack01 pdns[24842]: Removed from notification list: 'phostr.mobi' to 216.66.80.18
Oct 26 08:56:21 stack01 pdns[24842]: Received unsuccesful notification report for 'phostr.mobi' from 216.66.1.2, rcode: 4
Oct 26 08:56:21 stack01 pdns[24842]: Removed from notification list: 'phostr.mobi' to 216.66.1.2
Oct 26 08:56:21 stack01 pdns[24842]: Received unsuccesful notification report for 'phostr.mobi' from 216.218.131.2, rcode: 4
Oct 26 08:56:21 stack01 pdns[24842]: Removed from notification list: 'phostr.mobi' to 216.218.131.2
Oct 26 08:56:21 stack01 pdns[24842]: Removed from notification list: 'phostr.mobi' to 216.218.130.2 (was acknowledged)
Oct 26 08:56:21 stack01 pdns[24842]: Received unsuccesful notification report for 'phostr.mobi' from 216.218.132.2, rcode: 4
Oct 26 08:56:21 stack01 pdns[24842]: Removed from notification list: 'phostr.mobi' to 216.218.132.2
Oct 26 08:56:23 stack01 pdns[24842]: 4 domains for which we are master need notifications
Oct 26 08:56:23 stack01 pdns[24842]: Queued notification of domain 'phostr.org' to 216.218.130.2
Oct 26 08:56:23 stack01 pdns[24842]: Queued notification of domain 'phostr.org' to 216.218.131.2
Oct 26 08:56:23 stack01 pdns[24842]: Queued notification of domain 'phostr.org' to 216.218.132.2
Oct 26 08:56:23 stack01 pdns[24842]: Queued notification of domain 'phostr.org' to 216.66.1.2
Oct 26 08:56:23 stack01 pdns[24842]: Queued notification of domain 'phostr.org' to 216.66.80.18
Oct 26 08:56:23 stack01 pdns[24842]: Queued notification of domain 'phostr.net' to 216.218.130.2
Oct 26 08:56:23 stack01 pdns[24842]: Queued notification of domain 'phostr.net' to 216.218.131.2
Oct 26 08:56:23 stack01 pdns[24842]: Queued notification of domain 'phostr.net' to 216.218.132.2
Oct 26 08:56:23 stack01 pdns[24842]: Queued notification of domain 'phostr.net' to 216.66.1.2
Oct 26 08:56:23 stack01 pdns[24842]: Queued notification of domain 'phostr.net' to 216.66.80.18
Oct 26 08:56:23 stack01 pdns[24842]: Queued notification of domain 'managedit.ie' to 216.218.130.2
Oct 26 08:56:23 stack01 pdns[24842]: Queued notification of domain 'managedit.ie' to 216.218.131.2
Oct 26 08:56:23 stack01 pdns[24842]: Queued notification of domain 'managedit.ie' to 216.218.132.2
Oct 26 08:56:23 stack01 pdns[24842]: Queued notification of domain 'managedit.ie' to 216.66.1.2
Oct 26 08:56:23 stack01 pdns[24842]: Queued notification of domain 'managedit.ie' to 216.66.80.18
Oct 26 08:56:23 stack01 pdns[24842]: Queued notification of domain 'phostr.com' to 216.218.130.2
Oct 26 08:56:23 stack01 pdns[24842]: Queued notification of domain 'phostr.com' to 216.218.131.2
Oct 26 08:56:23 stack01 pdns[24842]: Queued notification of domain 'phostr.com' to 216.218.132.2
Oct 26 08:56:23 stack01 pdns[24842]: Queued notification of domain 'phostr.com' to 216.66.1.2
Oct 26 08:56:23 stack01 pdns[24842]: Queued notification of domain 'phostr.com' to 216.66.80.18
Oct 26 08:56:24 stack01 dnsmasq-dhcp[5180]: DHCPREQUEST(br101) 172.16.0.21 02:16:3e:11:af:9a
Oct 26 08:56:24 stack01 dnsmasq-dhcp[5180]: DHCPACK(br101) 172.16.0.21 02:16:3e:11:af:9a ci
Oct 26 08:56:24 stack01 pdns[24842]: Received unsuccesful notification report for 'phostr.net' from 216.66.80.18, rcode: 4
Oct 26 08:56:24 stack01 pdns[24842]: Removed from notification list: 'phostr.net' to 216.66.80.18
Oct 26 08:56:24 stack01 pdns[24842]: Received unsuccesful notification report for 'managedit.ie' from 216.66.80.18, rcode: 4
Oct 26 08:56:24 stack01 pdns[24842]: Removed from notification list: 'managedit.ie' to 216.66.80.18
Oct 26 08:56:24 stack01 pdns[24842]: Received unsuccesful notification report for 'phostr.com' from 216.66.80.18, rcode: 4
Oct 26 08:56:24 stack01 pdns[24842]: Removed from notification list: 'phostr.com' to 216.66.80.18
Oct 26 08:56:24 stack01 pdns[24842]: Received unsuccesful notification report for 'phostr.org' from 216.66.1.2, rcode: 4
Oct 26 08:56:24 stack01 pdns[24842]: Removed from notification list: 'phostr.org' to 216.66.1.2
Oct 26 08:56:24 stack01 pdns[24842]: Received unsuccesful notification report for 'phostr.net' from 216.66.1.2, rcode: 4
Oct 26 08:56:24 stack01 pdns[24842]: Removed from notification list: 'phostr.net' to 216.66.1.2
Oct 26 08:56:24 stack01 pdns[24842]: Received unsuccesful notification report for 'managedit.ie' from 216.66.1.2, rcode: 4
Oct 26 08:56:24 stack01 pdns[24842]: Removed from notification list: 'managedit.ie' to 216.66.1.2
Oct 26 08:56:24 stack01 pdns[24842]: Received unsuccesful notification report for 'phostr.com' from 216.66.1.2, rcode: 4
Oct 26 08:56:24 stack01 pdns[24842]: Removed from notification list: 'phostr.com' to 216.66.1.2
Oct 26 08:56:24 stack01 pdns[24842]: Received unsuccesful notification report for 'phostr.org' from 216.218.131.2, rcode: 4
Oct 26 08:56:24 stack01 pdns[24842]: Removed from notification list: 'phostr.org' to 216.218.131.2
Oct 26 08:56:24 stack01 pdns[24842]: Received unsuccesful notification report for 'phostr.net' from 216.218.131.2, rcode: 4
Oct 26 08:56:24 stack01 pdns[24842]: Removed from notification list: 'phostr.net' to 216.218.131.2
Oct 26 08:56:24 stack01 pdns[24842]: Received unsuccesful notification report for 'managedit.ie' from 216.218.131.2, rcode: 4
Oct 26 08:56:24 stack01 pdns[24842]: Removed from notification list: 'managedit.ie' to 216.218.131.2
Oct 26 08:56:24 stack01 pdns[24842]: Received unsuccesful notification report for 'phostr.com' from 216.218.131.2, rcode: 4
Oct 26 08:56:24 stack01 pdns[24842]: Removed from notification list: 'phostr.com' to 216.218.131.2
Oct 26 08:56:24 stack01 pdns[24842]: Removed from notification list: 'phostr.org' to 216.218.130.2 (was acknowledged)
Oct 26 08:56:24 stack01 pdns[24842]: Removed from notification list: 'phostr.net' to 216.218.130.2 (was acknowledged)
Oct 26 08:56:24 stack01 pdns[24842]: Removed from notification list: 'phostr.com' to 216.218.130.2 (was acknowledged)
Oct 26 08:56:24 stack01 pdns[24842]: Removed from notification list: 'managedit.ie' to 216.218.130.2 (was acknowledged)
Oct 26 08:56:24 stack01 pdns[24842]: Received unsuccesful notification report for 'phostr.org' from 216.218.132.2, rcode: 4
Oct 26 08:56:24 stack01 pdns[24842]: Removed from notification list: 'phostr.org' to 216.218.132.2
Oct 26 08:56:24 stack01 pdns[24842]: Received unsuccesful notification report for 'phostr.com' from 216.218.132.2, rcode: 4
Oct 26 08:56:24 stack01 pdns[24842]: Removed from notification list: 'phostr.com' to 216.218.132.2
Oct 26 08:56:24 stack01 pdns[24842]: Received unsuccesful notification report for 'managedit.ie' from 216.218.132.2, rcode: 4
Oct 26 08:56:24 stack01 pdns[24842]: Removed from notification list: 'managedit.ie' to 216.218.132.2
Oct 26 08:56:24 stack01 pdns[24842]: Received unsuccesful notification report for 'phostr.net' from 216.218.132.2, rcode: 4
Oct 26 08:56:24 stack01 pdns[24842]: Removed from notification list: 'phostr.net' to 216.218.132.2
Oct 26 08:56:26 stack01 pdns[24842]: No master domains need notifications
Oct 26 08:56:48 stack01 pdns[24842]: AXFR of domain 'managedit.ie' initiated by 216.218.130.2
Oct 26 08:56:48 stack01 pdns[24842]: gmysql Connection succesful
Oct 26 08:56:48 stack01 pdns[24842]: AXFR of domain 'managedit.ie' to 216.218.130.2 finished
Oct 26 08:56:49 stack01 pdns[24842]: AXFR of domain 'phostr.com' initiated by 216.218.130.2
Oct 26 08:56:49 stack01 pdns[24842]: gmysql Connection succesful
Oct 26 08:56:49 stack01 pdns[24842]: AXFR of domain 'phostr.com' to 216.218.130.2 finished
Oct 26 08:56:49 stack01 pdns[24842]: AXFR of domain 'phostr.mobi' initiated by 216.218.130.2
Oct 26 08:56:49 stack01 pdns[24842]: gmysql Connection succesful
Oct 26 08:56:49 stack01 pdns[24842]: AXFR of domain 'phostr.mobi' to 216.218.130.2 finished
Oct 26 08:56:49 stack01 pdns[24842]: AXFR of domain 'phostr.net' initiated by 216.218.130.2
Oct 26 08:56:49 stack01 pdns[24842]: gmysql Connection succesful
Oct 26 08:56:49 stack01 pdns[24842]: AXFR of domain 'phostr.net' to 216.218.130.2 finished
Oct 26 08:56:50 stack01 pdns[24842]: AXFR of domain 'phostr.org' initiated by 216.218.130.2
Oct 26 08:56:50 stack01 pdns[24842]: gmysql Connection succesful
Oct 26 08:56:50 stack01 pdns[24842]: AXFR of domain 'phostr.org' to 216.218.130.2 finished
Oct 26 08:56:52 stack01 dnsmasq-dhcp[5323]: DHCPREQUEST(br102) 172.16.0.35 02:16:3e:41:fa:27
Oct 26 08:56:52 stack01 dnsmasq-dhcp[5323]: DHCPACK(br102) 172.16.0.35 02:16:3e:41:fa:27 puppet
Oct 26 08:57:45 stack01 dnsmasq-dhcp[5323]: DHCPREQUEST(br102) 172.16.0.35 02:16:3e:41:fa:27
Oct 26 08:57:45 stack01 dnsmasq-dhcp[5323]: DHCPACK(br102) 172.16.0.35 02:16:3e:41:fa:27 puppet
Oct 26 08:57:53 stack01 dnsmasq-dhcp[5180]: DHCPREQUEST(br101) 172.16.0.19 02:16:3e:7f:8e:ef
Oct 26 08:57:53 stack01 dnsmasq-dhcp[5180]: DHCPACK(br101) 172.16.0.19 02:16:3e:7f:8e:ef puppet
Oct 26 08:57:57 stack01 pdns[24842]: 2 domains for which we are master need notifications
Oct 26 08:57:57 stack01 pdns[24842]: Queued notification of domain 'phostr.mobi' to 216.218.130.2
Oct 26 08:57:57 stack01 pdns[24842]: Queued notification of domain 'phostr.mobi' to 216.218.131.2
Oct 26 08:57:57 stack01 pdns[24842]: Queued notification of domain 'phostr.mobi' to 216.218.132.2
Oct 26 08:57:57 stack01 pdns[24842]: Queued notification of domain 'phostr.mobi' to 216.66.1.2
Oct 26 08:57:57 stack01 pdns[24842]: Queued notification of domain 'phostr.mobi' to 216.66.80.18
Oct 26 08:57:57 stack01 pdns[24842]: Queued notification of domain 'managedit.ie' to 216.218.130.2
Oct 26 08:57:57 stack01 pdns[24842]: Queued notification of domain 'managedit.ie' to 216.218.131.2
Oct 26 08:57:57 stack01 pdns[24842]: Queued notification of domain 'managedit.ie' to 216.218.132.2
Oct 26 08:57:57 stack01 pdns[24842]: Queued notification of domain 'managedit.ie' to 216.66.1.2
Oct 26 08:57:57 stack01 pdns[24842]: Queued notification of domain 'managedit.ie' to 216.66.80.18
Oct 26 08:57:58 stack01 pdns[24842]: Received unsuccesful notification report for 'phostr.mobi' from 216.66.80.18, rcode: 4
Oct 26 08:57:58 stack01 pdns[24842]: Removed from notification list: 'phostr.mobi' to 216.66.80.18
Oct 26 08:57:58 stack01 pdns[24842]: Received unsuccesful notification report for 'managedit.ie' from 216.66.80.18, rcode: 4
Oct 26 08:57:58 stack01 pdns[24842]: Removed from notification list: 'managedit.ie' to 216.66.80.18
Oct 26 08:57:58 stack01 pdns[24842]: Received unsuccesful notification report for 'phostr.mobi' from 216.66.1.2, rcode: 4
Oct 26 08:57:58 stack01 pdns[24842]: Removed from notification list: 'phostr.mobi' to 216.66.1.2
Oct 26 08:57:58 stack01 pdns[24842]: Received unsuccesful notification report for 'managedit.ie' from 216.66.1.2, rcode: 4
Oct 26 08:57:58 stack01 pdns[24842]: Removed from notification list: 'managedit.ie' to 216.66.1.2
Oct 26 08:57:58 stack01 pdns[24842]: Received unsuccesful notification report for 'phostr.mobi' from 216.218.131.2, rcode: 4
Oct 26 08:57:58 stack01 pdns[24842]: Removed from notification list: 'phostr.mobi' to 216.218.131.2
Oct 26 08:57:58 stack01 pdns[24842]: Received unsuccesful notification report for 'managedit.ie' from 216.218.131.2, rcode: 4
Oct 26 08:57:58 stack01 pdns[24842]: Removed from notification list: 'managedit.ie' to 216.218.131.2
Oct 26 08:57:58 stack01 pdns[24842]: Received unsuccesful notification report for 'phostr.mobi' from 216.218.132.2, rcode: 4
Oct 26 08:57:58 stack01 pdns[24842]: Removed from notification list: 'phostr.mobi' to 216.218.132.2
Oct 26 08:57:58 stack01 pdns[24842]: Received unsuccesful notification report for 'managedit.ie' from 216.218.132.2, rcode: 4
Oct 26 08:57:58 stack01 pdns[24842]: Removed from notification list: 'managedit.ie' to 216.218.132.2
Oct 26 08:57:58 stack01 pdns[24842]: Removed from notification list: 'managedit.ie' to 216.218.130.2 (was acknowledged)
Oct 26 08:57:58 stack01 pdns[24842]: Removed from notification list: 'phostr.mobi' to 216.218.130.2 (was acknowledged)
Oct 26 08:58:00 stack01 pdns[24842]: No master domains need notifications
Oct 26 08:58:07 stack01 dnsmasq-dhcp[5180]: DHCPREQUEST(br101) 172.16.0.21 02:16:3e:11:af:9a
Oct 26 08:58:07 stack01 dnsmasq-dhcp[5180]: DHCPACK(br101) 172.16.0.21 02:16:3e:11:af:9a ci
