Oct 26 15:18:48 stack01 dnsmasq-dhcp[5323]: DHCPREQUEST(br102) 172.16.0.35 02:16:3e:41:fa:27
Oct 26 15:18:48 stack01 dnsmasq-dhcp[5323]: DHCPACK(br102) 172.16.0.35 02:16:3e:41:fa:27 puppet
Oct 26 15:19:40 stack01 dnsmasq-dhcp[5323]: DHCPREQUEST(br102) 172.16.0.35 02:16:3e:41:fa:27
Oct 26 15:19:40 stack01 dnsmasq-dhcp[5323]: DHCPACK(br102) 172.16.0.35 02:16:3e:41:fa:27 puppet
Oct 26 15:19:46 stack01 dnsmasq-dhcp[5180]: DHCPREQUEST(br101) 172.16.0.19 02:16:3e:7f:8e:ef
Oct 26 15:19:46 stack01 dnsmasq-dhcp[5180]: DHCPACK(br101) 172.16.0.19 02:16:3e:7f:8e:ef puppet
Oct 26 15:19:56 stack01 dnsmasq-dhcp[5180]: DHCPREQUEST(br101) 172.16.0.21 02:16:3e:11:af:9a
Oct 26 15:19:56 stack01 dnsmasq-dhcp[5180]: DHCPACK(br101) 172.16.0.21 02:16:3e:11:af:9a ci
Oct 26 15:20:01 stack01 CRON[14469]: (munin) CMD (if [ -x /usr/bin/munin-cron ]; then /usr/bin/munin-cron; fi)
Oct 26 15:20:01 stack01 CRON[14470]: (root) CMD (if [ -x /etc/munin/plugins/apt_all ]; then /etc/munin/plugins/apt_all update 7200 12 >/dev/null; elif [ -x /etc/munin/plugins/apt ]; then /etc/munin/plugins/apt update 7200 12 >/dev/null; fi)
Oct 26 15:20:07 stack01 dnsmasq-dhcp[5180]: DHCPREQUEST(br101) 172.16.0.22 02:16:3e:75:46:da
Oct 26 15:20:07 stack01 dnsmasq-dhcp[5180]: DHCPACK(br101) 172.16.0.22 02:16:3e:75:46:da temp
Oct 26 15:20:34 stack01 dnsmasq-dhcp[5323]: DHCPREQUEST(br102) 172.16.0.35 02:16:3e:41:fa:27
Oct 26 15:20:34 stack01 dnsmasq-dhcp[5323]: DHCPACK(br102) 172.16.0.35 02:16:3e:41:fa:27 puppet
Oct 26 15:21:21 stack01 dnsmasq-dhcp[5323]: DHCPREQUEST(br102) 172.16.0.35 02:16:3e:41:fa:27
Oct 26 15:21:21 stack01 dnsmasq-dhcp[5323]: DHCPACK(br102) 172.16.0.35 02:16:3e:41:fa:27 puppet
Oct 26 15:21:29 stack01 dnsmasq-dhcp[5180]: DHCPREQUEST(br101) 172.16.0.19 02:16:3e:7f:8e:ef
Oct 26 15:21:29 stack01 dnsmasq-dhcp[5180]: DHCPACK(br101) 172.16.0.19 02:16:3e:7f:8e:ef puppet
Oct 26 15:21:39 stack01 dnsmasq-dhcp[5180]: DHCPREQUEST(br101) 172.16.0.21 02:16:3e:11:af:9a
Oct 26 15:21:39 stack01 dnsmasq-dhcp[5180]: DHCPACK(br101) 172.16.0.21 02:16:3e:11:af:9a ci
Oct 26 15:22:01 stack01 dnsmasq-dhcp[5180]: DHCPREQUEST(br101) 172.16.0.22 02:16:3e:75:46:da
Oct 26 15:22:01 stack01 dnsmasq-dhcp[5180]: DHCPACK(br101) 172.16.0.22 02:16:3e:75:46:da temp
Oct 26 15:22:10 stack01 dnsmasq-dhcp[5323]: DHCPREQUEST(br102) 172.16.0.35 02:16:3e:41:fa:27
Oct 26 15:22:10 stack01 dnsmasq-dhcp[5323]: DHCPACK(br102) 172.16.0.35 02:16:3e:41:fa:27 puppet
Oct 26 15:23:01 stack01 dnsmasq-dhcp[5323]: DHCPREQUEST(br102) 172.16.0.35 02:16:3e:41:fa:27
Oct 26 15:23:01 stack01 dnsmasq-dhcp[5323]: DHCPACK(br102) 172.16.0.35 02:16:3e:41:fa:27 puppet
Oct 26 15:23:21 stack01 dnsmasq-dhcp[5180]: DHCPREQUEST(br101) 172.16.0.19 02:16:3e:7f:8e:ef
Oct 26 15:23:21 stack01 dnsmasq-dhcp[5180]: DHCPACK(br101) 172.16.0.19 02:16:3e:7f:8e:ef puppet
Oct 26 15:23:32 stack01 dnsmasq-dhcp[5180]: DHCPREQUEST(br101) 172.16.0.21 02:16:3e:11:af:9a
Oct 26 15:23:32 stack01 dnsmasq-dhcp[5180]: DHCPACK(br101) 172.16.0.21 02:16:3e:11:af:9a ci
Oct 26 15:23:43 stack01 dnsmasq-dhcp[5180]: DHCPREQUEST(br101) 172.16.0.22 02:16:3e:75:46:da
Oct 26 15:23:43 stack01 dnsmasq-dhcp[5180]: DHCPACK(br101) 172.16.0.22 02:16:3e:75:46:da temp
Oct 26 15:23:55 stack01 dnsmasq-dhcp[5323]: DHCPREQUEST(br102) 172.16.0.35 02:16:3e:41:fa:27
Oct 26 15:23:55 stack01 dnsmasq-dhcp[5323]: DHCPACK(br102) 172.16.0.35 02:16:3e:41:fa:27 puppet
Oct 26 15:24:43 stack01 dnsmasq-dhcp[5323]: DHCPREQUEST(br102) 172.16.0.35 02:16:3e:41:fa:27
Oct 26 15:24:43 stack01 dnsmasq-dhcp[5323]: DHCPACK(br102) 172.16.0.35 02:16:3e:41:fa:27 puppet
Oct 26 15:25:01 stack01 CRON[15785]: (root) CMD (if [ -x /etc/munin/plugins/apt_all ]; then /etc/munin/plugins/apt_all update 7200 12 >/dev/null; elif [ -x /etc/munin/plugins/apt ]; then /etc/munin/plugins/apt update 7200 12 >/dev/null; fi)
Oct 26 15:25:01 stack01 CRON[15786]: (munin) CMD (if [ -x /usr/bin/munin-cron ]; then /usr/bin/munin-cron; fi)
Oct 26 15:25:05 stack01 dnsmasq-dhcp[5180]: DHCPREQUEST(br101) 172.16.0.19 02:16:3e:7f:8e:ef
Oct 26 15:25:05 stack01 dnsmasq-dhcp[5180]: DHCPACK(br101) 172.16.0.19 02:16:3e:7f:8e:ef puppet
Oct 26 15:25:23 stack01 dnsmasq-dhcp[5180]: DHCPREQUEST(br101) 172.16.0.21 02:16:3e:11:af:9a
Oct 26 15:25:23 stack01 dnsmasq-dhcp[5180]: DHCPACK(br101) 172.16.0.21 02:16:3e:11:af:9a ci
Oct 26 15:25:32 stack01 dnsmasq-dhcp[5323]: DHCPREQUEST(br102) 172.16.0.35 02:16:3e:41:fa:27
Oct 26 15:25:32 stack01 dnsmasq-dhcp[5323]: DHCPACK(br102) 172.16.0.35 02:16:3e:41:fa:27 puppet
Oct 26 15:25:37 stack01 dnsmasq-dhcp[5180]: DHCPREQUEST(br101) 172.16.0.22 02:16:3e:75:46:da
Oct 26 15:25:37 stack01 dnsmasq-dhcp[5180]: DHCPACK(br101) 172.16.0.22 02:16:3e:75:46:da temp
Oct 26 15:26:21 stack01 dnsmasq-dhcp[5323]: DHCPREQUEST(br102) 172.16.0.35 02:16:3e:41:fa:27
Oct 26 15:26:21 stack01 dnsmasq-dhcp[5323]: DHCPACK(br102) 172.16.0.35 02:16:3e:41:fa:27 puppet
Oct 26 15:26:54 stack01 dnsmasq-dhcp[5180]: DHCPREQUEST(br101) 172.16.0.19 02:16:3e:7f:8e:ef
Oct 26 15:26:54 stack01 dnsmasq-dhcp[5180]: DHCPACK(br101) 172.16.0.19 02:16:3e:7f:8e:ef puppet
Oct 26 15:27:09 stack01 dnsmasq-dhcp[5323]: DHCPREQUEST(br102) 172.16.0.35 02:16:3e:41:fa:27
Oct 26 15:27:09 stack01 dnsmasq-dhcp[5323]: DHCPACK(br102) 172.16.0.35 02:16:3e:41:fa:27 puppet
Oct 26 15:27:12 stack01 dnsmasq-dhcp[5180]: DHCPREQUEST(br101) 172.16.0.21 02:16:3e:11:af:9a
Oct 26 15:27:12 stack01 dnsmasq-dhcp[5180]: DHCPACK(br101) 172.16.0.21 02:16:3e:11:af:9a ci
Oct 26 15:27:16 stack01 dnsmasq-dhcp[5180]: DHCPREQUEST(br101) 172.16.0.22 02:16:3e:75:46:da
Oct 26 15:27:16 stack01 dnsmasq-dhcp[5180]: DHCPACK(br101) 172.16.0.22 02:16:3e:75:46:da temp
Oct 26 15:27:58 stack01 dnsmasq-dhcp[5323]: DHCPREQUEST(br102) 172.16.0.35 02:16:3e:41:fa:27
Oct 26 15:27:58 stack01 dnsmasq-dhcp[5323]: DHCPACK(br102) 172.16.0.35 02:16:3e:41:fa:27 puppet
Oct 26 15:28:36 stack01 dnsmasq-dhcp[5180]: DHCPREQUEST(br101) 172.16.0.19 02:16:3e:7f:8e:ef
Oct 26 15:28:36 stack01 dnsmasq-dhcp[5180]: DHCPACK(br101) 172.16.0.19 02:16:3e:7f:8e:ef puppet
Oct 26 15:28:54 stack01 dnsmasq-dhcp[5323]: DHCPREQUEST(br102) 172.16.0.35 02:16:3e:41:fa:27
Oct 26 15:28:54 stack01 dnsmasq-dhcp[5323]: DHCPACK(br102) 172.16.0.35 02:16:3e:41:fa:27 puppet
Oct 26 15:29:03 stack01 dnsmasq-dhcp[5180]: DHCPREQUEST(br101) 172.16.0.22 02:16:3e:75:46:da
Oct 26 15:29:03 stack01 dnsmasq-dhcp[5180]: DHCPACK(br101) 172.16.0.22 02:16:3e:75:46:da temp
Oct 26 15:29:06 stack01 dnsmasq-dhcp[5180]: DHCPREQUEST(br101) 172.16.0.21 02:16:3e:11:af:9a
Oct 26 15:29:06 stack01 dnsmasq-dhcp[5180]: DHCPACK(br101) 172.16.0.21 02:16:3e:11:af:9a ci
Oct 26 15:29:50 stack01 dnsmasq-dhcp[5323]: DHCPREQUEST(br102) 172.16.0.35 02:16:3e:41:fa:27
Oct 26 15:29:50 stack01 dnsmasq-dhcp[5323]: DHCPACK(br102) 172.16.0.35 02:16:3e:41:fa:27 puppet
Oct 26 15:30:01 stack01 CRON[17146]: (root) CMD (if [ -x /etc/munin/plugins/apt_all ]; then /etc/munin/plugins/apt_all update 7200 12 >/dev/null; elif [ -x /etc/munin/plugins/apt ]; then /etc/munin/plugins/apt update 7200 12 >/dev/null; fi)
Oct 26 15:30:01 stack01 CRON[17147]: (munin) CMD (if [ -x /usr/bin/munin-cron ]; then /usr/bin/munin-cron; fi)
Oct 26 15:30:26 stack01 dnsmasq-dhcp[5180]: DHCPREQUEST(br101) 172.16.0.19 02:16:3e:7f:8e:ef
Oct 26 15:30:26 stack01 dnsmasq-dhcp[5180]: DHCPACK(br101) 172.16.0.19 02:16:3e:7f:8e:ef puppet
Oct 26 15:30:40 stack01 dnsmasq-dhcp[5323]: DHCPREQUEST(br102) 172.16.0.35 02:16:3e:41:fa:27
Oct 26 15:30:40 stack01 dnsmasq-dhcp[5323]: DHCPACK(br102) 172.16.0.35 02:16:3e:41:fa:27 puppet
Oct 26 15:30:45 stack01 dnsmasq-dhcp[5180]: DHCPREQUEST(br101) 172.16.0.21 02:16:3e:11:af:9a
Oct 26 15:30:45 stack01 dnsmasq-dhcp[5180]: DHCPACK(br101) 172.16.0.21 02:16:3e:11:af:9a ci
Oct 26 15:31:01 stack01 dnsmasq-dhcp[5180]: DHCPREQUEST(br101) 172.16.0.22 02:16:3e:75:46:da
Oct 26 15:31:01 stack01 dnsmasq-dhcp[5180]: DHCPACK(br101) 172.16.0.22 02:16:3e:75:46:da temp
Oct 26 15:31:29 stack01 dnsmasq-dhcp[5323]: DHCPREQUEST(br102) 172.16.0.35 02:16:3e:41:fa:27
Oct 26 15:31:29 stack01 dnsmasq-dhcp[5323]: DHCPACK(br102) 172.16.0.35 02:16:3e:41:fa:27 puppet
Oct 26 15:32:08 stack01 dnsmasq-dhcp[5180]: DHCPREQUEST(br101) 172.16.0.19 02:16:3e:7f:8e:ef
Oct 26 15:32:08 stack01 dnsmasq-dhcp[5180]: DHCPACK(br101) 172.16.0.19 02:16:3e:7f:8e:ef puppet
Oct 26 15:32:12 stack01 dnsmasq-dhcp[5323]: DHCPREQUEST(br102) 172.16.0.35 02:16:3e:41:fa:27
Oct 26 15:32:12 stack01 dnsmasq-dhcp[5323]: DHCPACK(br102) 172.16.0.35 02:16:3e:41:fa:27 puppet
Oct 26 15:32:40 stack01 dnsmasq-dhcp[5180]: DHCPREQUEST(br101) 172.16.0.21 02:16:3e:11:af:9a
Oct 26 15:32:40 stack01 dnsmasq-dhcp[5180]: DHCPACK(br101) 172.16.0.21 02:16:3e:11:af:9a ci
Oct 26 15:32:45 stack01 dnsmasq-dhcp[5180]: DHCPREQUEST(br101) 172.16.0.22 02:16:3e:75:46:da
Oct 26 15:32:45 stack01 dnsmasq-dhcp[5180]: DHCPACK(br101) 172.16.0.22 02:16:3e:75:46:da temp
Oct 26 15:32:54 stack01 dnsmasq-dhcp[5323]: DHCPREQUEST(br102) 172.16.0.35 02:16:3e:41:fa:27
Oct 26 15:32:54 stack01 dnsmasq-dhcp[5323]: DHCPACK(br102) 172.16.0.35 02:16:3e:41:fa:27 puppet
Oct 26 15:33:45 stack01 dnsmasq-dhcp[5323]: DHCPREQUEST(br102) 172.16.0.35 02:16:3e:41:fa:27
Oct 26 15:33:45 stack01 dnsmasq-dhcp[5323]: DHCPACK(br102) 172.16.0.35 02:16:3e:41:fa:27 puppet
Oct 26 15:33:59 stack01 postfix/smtpd[18445]: connect from unknown[172.16.0.22]
Oct 26 15:33:59 stack01 postfix/smtpd[18445]: 759596A0EFA: client=unknown[172.16.0.22]
Oct 26 15:33:59 stack01 postfix/cleanup[18448]: 759596A0EFA: message-id=
Oct 26 15:33:59 stack01 postfix/qmgr[2172]: 759596A0EFA: from=, size=1010, nrcpt=1 (queue active)
Oct 26 15:33:59 stack01 postfix/smtpd[18445]: disconnect from unknown[172.16.0.22]
Oct 26 15:34:00 stack01 postfix/smtp[18449]: 759596A0EFA: to=, relay=ASPMX.L.GOOGLE.COM[209.85.143.27]:25, delay=1.5, delays=0.08/0.01/0.5/0.93, dsn=2.0.0, status=sent (250 2.0.0 OK 1319639640 em13si1417078wbb.18)
Oct 26 15:34:00 stack01 postfix/qmgr[2172]: 759596A0EFA: removed
Oct 26 15:34:01 stack01 postfix/smtpd[18445]: connect from unknown[172.16.0.22]
Oct 26 15:34:01 stack01 postfix/smtpd[18445]: 9DE446A0EFA: client=unknown[172.16.0.22]
Oct 26 15:34:01 stack01 postfix/cleanup[18448]: 9DE446A0EFA: message-id=
Oct 26 15:34:01 stack01 postfix/qmgr[2172]: 9DE446A0EFA: from=, size=1008, nrcpt=1 (queue active)
Oct 26 15:34:01 stack01 postfix/smtpd[18445]: disconnect from unknown[172.16.0.22]
Oct 26 15:34:02 stack01 postfix/smtp[18449]: 9DE446A0EFA: to=, relay=aspmx.l.google.com[209.85.143.27]:25, delay=0.67, delays=0.06/0/0.09/0.52, dsn=2.0.0, status=sent (250 2.0.0 OK 1319639641 18si1402932wbx.82)
Oct 26 15:34:02 stack01 postfix/qmgr[2172]: 9DE446A0EFA: removed
Oct 26 15:34:04 stack01 dnsmasq-dhcp[5180]: DHCPREQUEST(br101) 172.16.0.19 02:16:3e:7f:8e:ef
Oct 26 15:34:04 stack01 dnsmasq-dhcp[5180]: DHCPACK(br101) 172.16.0.19 02:16:3e:7f:8e:ef puppet
Oct 26 15:34:27 stack01 postfix/smtpd[18445]: connect from unknown[172.16.0.22]
Oct 26 15:34:27 stack01 postfix/smtpd[18445]: C83016A0EFA: client=unknown[172.16.0.22]
Oct 26 15:34:27 stack01 postfix/cleanup[18448]: C83016A0EFA: message-id=<3f928b3534b8f04ee3cd92b6707e73a8@forum.kohanaframework.org>
Oct 26 15:34:27 stack01 postfix/qmgr[2172]: C83016A0EFA: from=, size=1008, nrcpt=1 (queue active)
Oct 26 15:34:27 stack01 postfix/smtpd[18445]: disconnect from unknown[172.16.0.22]
Oct 26 15:34:28 stack01 postfix/smtp[18449]: C83016A0EFA: to=, relay=ASPMX.L.GOOGLE.COM[209.85.143.27]:25, delay=0.71, delays=0.08/0/0.1/0.53, dsn=2.0.0, status=sent (250 2.0.0 OK 1319639667 v21si1413021wec.41)
Oct 26 15:34:28 stack01 postfix/qmgr[2172]: C83016A0EFA: removed
Oct 26 15:34:28 stack01 dnsmasq-dhcp[5180]: DHCPREQUEST(br101) 172.16.0.22 02:16:3e:75:46:da
Oct 26 15:34:28 stack01 dnsmasq-dhcp[5180]: DHCPACK(br101) 172.16.0.22 02:16:3e:75:46:da temp
Oct 26 15:34:29 stack01 dnsmasq-dhcp[5180]: DHCPREQUEST(br101) 172.16.0.21 02:16:3e:11:af:9a
Oct 26 15:34:29 stack01 dnsmasq-dhcp[5180]: DHCPACK(br101) 172.16.0.21 02:16:3e:11:af:9a ci
Oct 26 15:34:37 stack01 dnsmasq-dhcp[5323]: DHCPREQUEST(br102) 172.16.0.35 02:16:3e:41:fa:27
Oct 26 15:34:37 stack01 dnsmasq-dhcp[5323]: DHCPACK(br102) 172.16.0.35 02:16:3e:41:fa:27 puppet
Oct 26 15:35:01 stack01 CRON[18521]: (munin) CMD (if [ -x /usr/bin/munin-cron ]; then /usr/bin/munin-cron; fi)
Oct 26 15:35:01 stack01 CRON[18522]: (root) CMD (if [ -x /etc/munin/plugins/apt_all ]; then /etc/munin/plugins/apt_all update 7200 12 >/dev/null; elif [ -x /etc/munin/plugins/apt ]; then /etc/munin/plugins/apt update 7200 12 >/dev/null; fi)
Oct 26 15:35:17 stack01 dnsmasq-dhcp[5323]: DHCPREQUEST(br102) 172.16.0.35 02:16:3e:41:fa:27
Oct 26 15:35:17 stack01 dnsmasq-dhcp[5323]: DHCPACK(br102) 172.16.0.35 02:16:3e:41:fa:27 puppet
Oct 26 15:35:53 stack01 dnsmasq-dhcp[5180]: DHCPREQUEST(br101) 172.16.0.19 02:16:3e:7f:8e:ef
Oct 26 15:35:53 stack01 dnsmasq-dhcp[5180]: DHCPACK(br101) 172.16.0.19 02:16:3e:7f:8e:ef puppet
Oct 26 15:36:09 stack01 dnsmasq-dhcp[5323]: DHCPREQUEST(br102) 172.16.0.35 02:16:3e:41:fa:27
Oct 26 15:36:09 stack01 dnsmasq-dhcp[5323]: DHCPACK(br102) 172.16.0.35 02:16:3e:41:fa:27 puppet
Oct 26 15:36:13 stack01 dnsmasq-dhcp[5180]: DHCPREQUEST(br101) 172.16.0.21 02:16:3e:11:af:9a
Oct 26 15:36:13 stack01 dnsmasq-dhcp[5180]: DHCPACK(br101) 172.16.0.21 02:16:3e:11:af:9a ci
Oct 26 15:36:18 stack01 dnsmasq-dhcp[5180]: DHCPREQUEST(br101) 172.16.0.22 02:16:3e:75:46:da
Oct 26 15:36:18 stack01 dnsmasq-dhcp[5180]: DHCPACK(br101) 172.16.0.22 02:16:3e:75:46:da temp
Oct 26 15:36:57 stack01 dnsmasq-dhcp[5323]: DHCPREQUEST(br102) 172.16.0.35 02:16:3e:41:fa:27
Oct 26 15:36:57 stack01 dnsmasq-dhcp[5323]: DHCPACK(br102) 172.16.0.35 02:16:3e:41:fa:27 puppet
Oct 26 15:37:37 stack01 dnsmasq-dhcp[5180]: DHCPREQUEST(br101) 172.16.0.19 02:16:3e:7f:8e:ef
Oct 26 15:37:37 stack01 dnsmasq-dhcp[5180]: DHCPACK(br101) 172.16.0.19 02:16:3e:7f:8e:ef puppet
Oct 26 15:37:48 stack01 dnsmasq-dhcp[5323]: DHCPREQUEST(br102) 172.16.0.35 02:16:3e:41:fa:27
Oct 26 15:37:48 stack01 dnsmasq-dhcp[5323]: DHCPACK(br102) 172.16.0.35 02:16:3e:41:fa:27 puppet
Oct 26 15:38:02 stack01 dnsmasq-dhcp[5180]: DHCPREQUEST(br101) 172.16.0.21 02:16:3e:11:af:9a
Oct 26 15:38:02 stack01 dnsmasq-dhcp[5180]: DHCPACK(br101) 172.16.0.21 02:16:3e:11:af:9a ci
Oct 26 15:38:05 stack01 dnsmasq-dhcp[5180]: DHCPREQUEST(br101) 172.16.0.22 02:16:3e:75:46:da
Oct 26 15:38:05 stack01 dnsmasq-dhcp[5180]: DHCPACK(br101) 172.16.0.22 02:16:3e:75:46:da temp
Oct 26 15:38:38 stack01 dnsmasq-dhcp[5323]: DHCPREQUEST(br102) 172.16.0.35 02:16:3e:41:fa:27
Oct 26 15:38:38 stack01 dnsmasq-dhcp[5323]: DHCPACK(br102) 172.16.0.35 02:16:3e:41:fa:27 puppet
Oct 26 15:39:01 stack01 CRON[19790]: (root) CMD ( [ -x /usr/lib/php5/maxlifetime ] && [ -d /var/lib/php5 ] && find /var/lib/php5/ -depth -mindepth 1 -maxdepth 1 -type f -cmin +$(/usr/lib/php5/maxlifetime) ! -execdir fuser -s {} 2>/dev/null \; -delete)
Oct 26 15:39:21 stack01 dnsmasq-dhcp[5180]: DHCPREQUEST(br101) 172.16.0.19 02:16:3e:7f:8e:ef
Oct 26 15:39:21 stack01 dnsmasq-dhcp[5180]: DHCPACK(br101) 172.16.0.19 02:16:3e:7f:8e:ef puppet
Oct 26 15:39:27 stack01 dnsmasq-dhcp[5323]: DHCPREQUEST(br102) 172.16.0.35 02:16:3e:41:fa:27
Oct 26 15:39:27 stack01 dnsmasq-dhcp[5323]: DHCPACK(br102) 172.16.0.35 02:16:3e:41:fa:27 puppet
Oct 26 15:39:45 stack01 dnsmasq-dhcp[5180]: DHCPREQUEST(br101) 172.16.0.21 02:16:3e:11:af:9a
Oct 26 15:39:45 stack01 dnsmasq-dhcp[5180]: DHCPACK(br101) 172.16.0.21 02:16:3e:11:af:9a ci
Oct 26 15:39:56 stack01 dnsmasq-dhcp[5180]: DHCPREQUEST(br101) 172.16.0.22 02:16:3e:75:46:da
Oct 26 15:39:56 stack01 dnsmasq-dhcp[5180]: DHCPACK(br101) 172.16.0.22 02:16:3e:75:46:da temp
Oct 26 15:40:01 stack01 CRON[19972]: (root) CMD (if [ -x /etc/munin/plugins/apt_all ]; then /etc/munin/plugins/apt_all update 7200 12 >/dev/null; elif [ -x /etc/munin/plugins/apt ]; then /etc/munin/plugins/apt update 7200 12 >/dev/null; fi)
Oct 26 15:40:01 stack01 CRON[19973]: (munin) CMD (if [ -x /usr/bin/munin-cron ]; then /usr/bin/munin-cron; fi)
Oct 26 15:40:09 stack01 dnsmasq-dhcp[5323]: DHCPREQUEST(br102) 172.16.0.35 02:16:3e:41:fa:27
Oct 26 15:40:09 stack01 dnsmasq-dhcp[5323]: DHCPACK(br102) 172.16.0.35 02:16:3e:41:fa:27 puppet
Oct 26 15:40:56 stack01 dnsmasq-dhcp[5323]: DHCPREQUEST(br102) 172.16.0.35 02:16:3e:41:fa:27
Oct 26 15:40:56 stack01 dnsmasq-dhcp[5323]: DHCPACK(br102) 172.16.0.35 02:16:3e:41:fa:27 puppet
Oct 26 15:41:07 stack01 dnsmasq-dhcp[5180]: DHCPREQUEST(br101) 172.16.0.19 02:16:3e:7f:8e:ef
Oct 26 15:41:07 stack01 dnsmasq-dhcp[5180]: DHCPACK(br101) 172.16.0.19 02:16:3e:7f:8e:ef puppet
Oct 26 15:41:27 stack01 dnsmasq-dhcp[5180]: DHCPREQUEST(br101) 172.16.0.21 02:16:3e:11:af:9a
Oct 26 15:41:27 stack01 dnsmasq-dhcp[5180]: DHCPACK(br101) 172.16.0.21 02:16:3e:11:af:9a ci
Oct 26 15:41:48 stack01 dnsmasq-dhcp[5323]: DHCPREQUEST(br102) 172.16.0.35 02:16:3e:41:fa:27
Oct 26 15:41:48 stack01 dnsmasq-dhcp[5323]: DHCPACK(br102) 172.16.0.35 02:16:3e:41:fa:27 puppet
Oct 26 15:41:50 stack01 dnsmasq-dhcp[5180]: DHCPREQUEST(br101) 172.16.0.22 02:16:3e:75:46:da
Oct 26 15:41:50 stack01 dnsmasq-dhcp[5180]: DHCPACK(br101) 172.16.0.22 02:16:3e:75:46:da temp
Oct 26 15:42:34 stack01 dnsmasq-dhcp[5323]: DHCPREQUEST(br102) 172.16.0.35 02:16:3e:41:fa:27
Oct 26 15:42:34 stack01 dnsmasq-dhcp[5323]: DHCPACK(br102) 172.16.0.35 02:16:3e:41:fa:27 puppet
Oct 26 15:42:58 stack01 dnsmasq-dhcp[5180]: DHCPREQUEST(br101) 172.16.0.19 02:16:3e:7f:8e:ef
Oct 26 15:42:58 stack01 dnsmasq-dhcp[5180]: DHCPACK(br101) 172.16.0.19 02:16:3e:7f:8e:ef puppet
Oct 26 15:43:05 stack01 pdns[24842]: 1 domain for which we are master needs notifications
Oct 26 15:43:05 stack01 pdns[24842]: Queued notification of domain 'managedit.ie' to 216.218.130.2
Oct 26 15:43:05 stack01 pdns[24842]: Queued notification of domain 'managedit.ie' to 216.218.131.2
Oct 26 15:43:05 stack01 pdns[24842]: Queued notification of domain 'managedit.ie' to 216.218.132.2
Oct 26 15:43:05 stack01 pdns[24842]: Queued notification of domain 'managedit.ie' to 216.66.1.2
Oct 26 15:43:05 stack01 pdns[24842]: Queued notification of domain 'managedit.ie' to 216.66.80.18
Oct 26 15:43:06 stack01 pdns[24842]: Received unsuccesful notification report for 'managedit.ie' from 216.66.80.18, rcode: 4
Oct 26 15:43:06 stack01 pdns[24842]: Removed from notification list: 'managedit.ie' to 216.66.80.18
Oct 26 15:43:06 stack01 pdns[24842]: Received unsuccesful notification report for 'managedit.ie' from 216.66.1.2, rcode: 4
Oct 26 15:43:06 stack01 pdns[24842]: Removed from notification list: 'managedit.ie' to 216.66.1.2
Oct 26 15:43:06 stack01 pdns[24842]: Received unsuccesful notification report for 'managedit.ie' from 216.218.131.2, rcode: 4
Oct 26 15:43:06 stack01 pdns[24842]: Removed from notification list: 'managedit.ie' to 216.218.131.2
Oct 26 15:43:06 stack01 pdns[24842]: Removed from notification list: 'managedit.ie' to 216.218.130.2 (was acknowledged)
Oct 26 15:43:06 stack01 pdns[24842]: Received unsuccesful notification report for 'managedit.ie' from 216.218.132.2, rcode: 4
Oct 26 15:43:06 stack01 pdns[24842]: Removed from notification list: 'managedit.ie' to 216.218.132.2
Oct 26 15:43:08 stack01 pdns[24842]: No master domains need notifications
Oct 26 15:43:11 stack01 pdns[24842]: AXFR of domain 'managedit.ie' initiated by 216.218.130.2
Oct 26 15:43:11 stack01 pdns[24842]: gmysql Connection succesful
Oct 26 15:43:11 stack01 pdns[24842]: AXFR of domain 'managedit.ie' to 216.218.130.2 finished
Oct 26 15:43:18 stack01 dnsmasq-dhcp[5180]: DHCPREQUEST(br101) 172.16.0.21 02:16:3e:11:af:9a
Oct 26 15:43:18 stack01 dnsmasq-dhcp[5180]: DHCPACK(br101) 172.16.0.21 02:16:3e:11:af:9a ci
Oct 26 15:43:19 stack01 dnsmasq-dhcp[5323]: DHCPREQUEST(br102) 172.16.0.35 02:16:3e:41:fa:27
Oct 26 15:43:19 stack01 dnsmasq-dhcp[5323]: DHCPACK(br102) 172.16.0.35 02:16:3e:41:fa:27 puppet
Oct 26 15:43:36 stack01 dnsmasq-dhcp[5180]: DHCPREQUEST(br101) 172.16.0.22 02:16:3e:75:46:da
Oct 26 15:43:36 stack01 dnsmasq-dhcp[5180]: DHCPACK(br101) 172.16.0.22 02:16:3e:75:46:da temp
Oct 26 15:44:02 stack01 dnsmasq-dhcp[5323]: DHCPREQUEST(br102) 172.16.0.35 02:16:3e:41:fa:27
Oct 26 15:44:02 stack01 dnsmasq-dhcp[5323]: DHCPACK(br102) 172.16.0.35 02:16:3e:41:fa:27 puppet
Oct 26 15:44:45 stack01 dnsmasq-dhcp[5323]: DHCPREQUEST(br102) 172.16.0.35 02:16:3e:41:fa:27
Oct 26 15:44:45 stack01 dnsmasq-dhcp[5323]: DHCPACK(br102) 172.16.0.35 02:16:3e:41:fa:27 puppet
Oct 26 15:44:54 stack01 dnsmasq-dhcp[5180]: DHCPREQUEST(br101) 172.16.0.19 02:16:3e:7f:8e:ef
Oct 26 15:44:54 stack01 dnsmasq-dhcp[5180]: DHCPACK(br101) 172.16.0.19 02:16:3e:7f:8e:ef puppet
Oct 26 15:44:59 stack01 dnsmasq-dhcp[5180]: DHCPREQUEST(br101) 172.16.0.21 02:16:3e:11:af:9a
Oct 26 15:44:59 stack01 dnsmasq-dhcp[5180]: DHCPACK(br101) 172.16.0.21 02:16:3e:11:af:9a ci
Oct 26 15:45:01 stack01 CRON[21340]: (root) CMD (if [ -x /etc/munin/plugins/apt_all ]; then /etc/munin/plugins/apt_all update 7200 12 >/dev/null; elif [ -x /etc/munin/plugins/apt ]; then /etc/munin/plugins/apt update 7200 12 >/dev/null; fi)
Oct 26 15:45:01 stack01 CRON[21341]: (munin) CMD (if [ -x /usr/bin/munin-cron ]; then /usr/bin/munin-cron; fi)
Oct 26 15:45:19 stack01 dnsmasq-dhcp[5180]: DHCPREQUEST(br101) 172.16.0.22 02:16:3e:75:46:da
Oct 26 15:45:19 stack01 dnsmasq-dhcp[5180]: DHCPACK(br101) 172.16.0.22 02:16:3e:75:46:da temp
Oct 26 15:45:31 stack01 dnsmasq-dhcp[5323]: DHCPREQUEST(br102) 172.16.0.35 02:16:3e:41:fa:27
Oct 26 15:45:31 stack01 dnsmasq-dhcp[5323]: DHCPACK(br102) 172.16.0.35 02:16:3e:41:fa:27 puppet
Oct 26 15:46:23 stack01 dnsmasq-dhcp[5323]: DHCPREQUEST(br102) 172.16.0.35 02:16:3e:41:fa:27
Oct 26 15:46:23 stack01 dnsmasq-dhcp[5323]: DHCPACK(br102) 172.16.0.35 02:16:3e:41:fa:27 puppet
Oct 26 15:46:39 stack01 dnsmasq-dhcp[5180]: DHCPREQUEST(br101) 172.16.0.21 02:16:3e:11:af:9a
Oct 26 15:46:39 stack01 dnsmasq-dhcp[5180]: DHCPACK(br101) 172.16.0.21 02:16:3e:11:af:9a ci
Oct 26 15:46:42 stack01 dnsmasq-dhcp[5180]: DHCPREQUEST(br101) 172.16.0.19 02:16:3e:7f:8e:ef
Oct 26 15:46:42 stack01 dnsmasq-dhcp[5180]: DHCPACK(br101) 172.16.0.19 02:16:3e:7f:8e:ef puppet
Oct 26 15:47:03 stack01 dnsmasq-dhcp[5180]: DHCPREQUEST(br101) 172.16.0.22 02:16:3e:75:46:da
Oct 26 15:47:03 stack01 dnsmasq-dhcp[5180]: DHCPACK(br101) 172.16.0.22 02:16:3e:75:46:da temp
Oct 26 15:47:09 stack01 dnsmasq-dhcp[5323]: DHCPREQUEST(br102) 172.16.0.35 02:16:3e:41:fa:27
Oct 26 15:47:09 stack01 dnsmasq-dhcp[5323]: DHCPACK(br102) 172.16.0.35 02:16:3e:41:fa:27 puppet
Oct 26 15:47:58 stack01 dnsmasq-dhcp[5323]: DHCPREQUEST(br102) 172.16.0.35 02:16:3e:41:fa:27
Oct 26 15:47:58 stack01 dnsmasq-dhcp[5323]: DHCPACK(br102) 172.16.0.35 02:16:3e:41:fa:27 puppet
Oct 26 15:48:08 stack01 pdns[24842]: 5 domains for which we are master need notifications
Oct 26 15:48:08 stack01 pdns[24842]: Queued notification of domain 'phostr.mobi' to 216.218.130.2
Oct 26 15:48:08 stack01 pdns[24842]: Queued notification of domain 'phostr.mobi' to 216.218.131.2
Oct 26 15:48:08 stack01 pdns[24842]: Queued notification of domain 'phostr.mobi' to 216.218.132.2
Oct 26 15:48:08 stack01 pdns[24842]: Queued notification of domain 'phostr.mobi' to 216.66.1.2
Oct 26 15:48:08 stack01 pdns[24842]: Queued notification of domain 'phostr.mobi' to 216.66.80.18
Oct 26 15:48:08 stack01 pdns[24842]: Queued notification of domain 'phostr.org' to 216.218.130.2
Oct 26 15:48:08 stack01 pdns[24842]: Queued notification of domain 'phostr.org' to 216.218.131.2
Oct 26 15:48:08 stack01 pdns[24842]: Queued notification of domain 'phostr.org' to 216.218.132.2
Oct 26 15:48:08 stack01 pdns[24842]: Queued notification of domain 'phostr.org' to 216.66.1.2
Oct 26 15:48:08 stack01 pdns[24842]: Queued notification of domain 'phostr.org' to 216.66.80.18
Oct 26 15:48:08 stack01 pdns[24842]: Queued notification of domain 'phostr.net' to 216.218.130.2
Oct 26 15:48:08 stack01 pdns[24842]: Queued notification of domain 'phostr.net' to 216.218.131.2
Oct 26 15:48:08 stack01 pdns[24842]: Queued notification of domain 'phostr.net' to 216.218.132.2
Oct 26 15:48:08 stack01 pdns[24842]: Queued notification of domain 'phostr.net' to 216.66.1.2
Oct 26 15:48:08 stack01 pdns[24842]: Queued notification of domain 'phostr.net' to 216.66.80.18
Oct 26 15:48:08 stack01 pdns[24842]: Queued notification of domain 'managedit.ie' to 216.218.130.2
Oct 26 15:48:08 stack01 pdns[24842]: Queued notification of domain 'managedit.ie' to 216.218.131.2
Oct 26 15:48:08 stack01 pdns[24842]: Queued notification of domain 'managedit.ie' to 216.218.132.2
Oct 26 15:48:08 stack01 pdns[24842]: Queued notification of domain 'managedit.ie' to 216.66.1.2
Oct 26 15:48:08 stack01 pdns[24842]: Queued notification of domain 'managedit.ie' to 216.66.80.18
Oct 26 15:48:08 stack01 pdns[24842]: Queued notification of domain 'phostr.com' to 216.218.130.2
Oct 26 15:48:08 stack01 pdns[24842]: Queued notification of domain 'phostr.com' to 216.218.131.2
Oct 26 15:48:08 stack01 pdns[24842]: Queued notification of domain 'phostr.com' to 216.218.132.2
Oct 26 15:48:08 stack01 pdns[24842]: Queued notification of domain 'phostr.com' to 216.66.1.2
Oct 26 15:48:08 stack01 pdns[24842]: Queued notification of domain 'phostr.com' to 216.66.80.18
Oct 26 15:48:09 stack01 pdns[24842]: Received unsuccesful notification report for 'phostr.mobi' from 216.66.80.18, rcode: 4
Oct 26 15:48:09 stack01 pdns[24842]: Removed from notification list: 'phostr.mobi' to 216.66.80.18
Oct 26 15:48:09 stack01 pdns[24842]: Received unsuccesful notification report for 'phostr.com' from 216.66.80.18, rcode: 4
Oct 26 15:48:09 stack01 pdns[24842]: Removed from notification list: 'phostr.com' to 216.66.80.18
Oct 26 15:48:09 stack01 pdns[24842]: Received unsuccesful notification report for 'phostr.org' from 216.66.80.18, rcode: 4
Oct 26 15:48:09 stack01 pdns[24842]: Removed from notification list: 'phostr.org' to 216.66.80.18
Oct 26 15:48:09 stack01 pdns[24842]: Received unsuccesful notification report for 'phostr.net' from 216.66.80.18, rcode: 4
Oct 26 15:48:09 stack01 pdns[24842]: Removed from notification list: 'phostr.net' to 216.66.80.18
Oct 26 15:48:09 stack01 pdns[24842]: Received unsuccesful notification report for 'managedit.ie' from 216.66.80.18, rcode: 4
Oct 26 15:48:09 stack01 pdns[24842]: Removed from notification list: 'managedit.ie' to 216.66.80.18
Oct 26 15:48:09 stack01 pdns[24842]: Received unsuccesful notification report for 'phostr.mobi' from 216.66.1.2, rcode: 4
Oct 26 15:48:09 stack01 pdns[24842]: Removed from notification list: 'phostr.mobi' to 216.66.1.2
Oct 26 15:48:09 stack01 pdns[24842]: Received unsuccesful notification report for 'phostr.org' from 216.66.1.2, rcode: 4
Oct 26 15:48:09 stack01 pdns[24842]: Removed from notification list: 'phostr.org' to 216.66.1.2
Oct 26 15:48:09 stack01 pdns[24842]: Received unsuccesful notification report for 'phostr.net' from 216.66.1.2, rcode: 4
Oct 26 15:48:09 stack01 pdns[24842]: Removed from notification list: 'phostr.net' to 216.66.1.2
Oct 26 15:48:09 stack01 pdns[24842]: Received unsuccesful notification report for 'managedit.ie' from 216.66.1.2, rcode: 4
Oct 26 15:48:09 stack01 pdns[24842]: Removed from notification list: 'managedit.ie' to 216.66.1.2
Oct 26 15:48:09 stack01 pdns[24842]: Received unsuccesful notification report for 'phostr.com' from 216.66.1.2, rcode: 4
Oct 26 15:48:09 stack01 pdns[24842]: Removed from notification list: 'phostr.com' to 216.66.1.2
Oct 26 15:48:09 stack01 pdns[24842]: Received unsuccesful notification report for 'phostr.mobi' from 216.218.131.2, rcode: 4
Oct 26 15:48:09 stack01 pdns[24842]: Removed from notification list: 'phostr.mobi' to 216.218.131.2
Oct 26 15:48:09 stack01 pdns[24842]: Received unsuccesful notification report for 'phostr.org' from 216.218.131.2, rcode: 4
Oct 26 15:48:09 stack01 pdns[24842]: Removed from notification list: 'phostr.org' to 216.218.131.2
Oct 26 15:48:09 stack01 pdns[24842]: Received unsuccesful notification report for 'phostr.net' from 216.218.131.2, rcode: 4
Oct 26 15:48:09 stack01 pdns[24842]: Removed from notification list: 'phostr.net' to 216.218.131.2
Oct 26 15:48:09 stack01 pdns[24842]: Received unsuccesful notification report for 'managedit.ie' from 216.218.131.2, rcode: 4
Oct 26 15:48:09 stack01 pdns[24842]: Removed from notification list: 'managedit.ie' to 216.218.131.2
Oct 26 15:48:09 stack01 pdns[24842]: Received unsuccesful notification report for 'phostr.com' from 216.218.131.2, rcode: 4
Oct 26 15:48:09 stack01 pdns[24842]: Removed from notification list: 'phostr.com' to 216.218.131.2
Oct 26 15:48:09 stack01 pdns[24842]: Removed from notification list: 'phostr.mobi' to 216.218.130.2 (was acknowledged)
Oct 26 15:48:09 stack01 pdns[24842]: Removed from notification list: 'phostr.org' to 216.218.130.2 (was acknowledged)
Oct 26 15:48:09 stack01 pdns[24842]: Removed from notification list: 'phostr.net' to 216.218.130.2 (was acknowledged)
Oct 26 15:48:09 stack01 pdns[24842]: Received unsuccesful notification report for 'phostr.mobi' from 216.218.132.2, rcode: 4
Oct 26 15:48:09 stack01 pdns[24842]: Removed from notification list: 'phostr.mobi' to 216.218.132.2
Oct 26 15:48:09 stack01 pdns[24842]: Received unsuccesful notification report for 'phostr.org' from 216.218.132.2, rcode: 4
Oct 26 15:48:09 stack01 pdns[24842]: Removed from notification list: 'phostr.org' to 216.218.132.2
Oct 26 15:48:09 stack01 pdns[24842]: Received unsuccesful notification report for 'phostr.net' from 216.218.132.2, rcode: 4
Oct 26 15:48:09 stack01 pdns[24842]: Removed from notification list: 'phostr.net' to 216.218.132.2
Oct 26 15:48:09 stack01 pdns[24842]: Received unsuccesful notification report for 'managedit.ie' from 216.218.132.2, rcode: 4
Oct 26 15:48:09 stack01 pdns[24842]: Removed from notification list: 'managedit.ie' to 216.218.132.2
Oct 26 15:48:09 stack01 pdns[24842]: Received unsuccesful notification report for 'phostr.com' from 216.218.132.2, rcode: 4
Oct 26 15:48:09 stack01 pdns[24842]: Removed from notification list: 'phostr.com' to 216.218.132.2
Oct 26 15:48:09 stack01 pdns[24842]: Removed from notification list: 'managedit.ie' to 216.218.130.2 (was acknowledged)
Oct 26 15:48:09 stack01 pdns[24842]: Removed from notification list: 'phostr.com' to 216.218.130.2 (was acknowledged)
Oct 26 15:48:10 stack01 pdns[24842]: AXFR of domain 'phostr.com' initiated by 216.218.130.2
Oct 26 15:48:10 stack01 pdns[24842]: gmysql Connection succesful
Oct 26 15:48:10 stack01 pdns[24842]: AXFR of domain 'phostr.com' to 216.218.130.2 finished
Oct 26 15:48:10 stack01 pdns[24842]: AXFR of domain 'managedit.ie' initiated by 216.218.130.2
Oct 26 15:48:10 stack01 pdns[24842]: gmysql Connection succesful
Oct 26 15:48:10 stack01 pdns[24842]: AXFR of domain 'managedit.ie' to 216.218.130.2 finished
Oct 26 15:48:11 stack01 pdns[24842]: AXFR of domain 'phostr.mobi' initiated by 216.218.130.2
Oct 26 15:48:11 stack01 pdns[24842]: gmysql Connection succesful
Oct 26 15:48:11 stack01 pdns[24842]: AXFR of domain 'phostr.mobi' to 216.218.130.2 finished
Oct 26 15:48:11 stack01 pdns[24842]: AXFR of domain 'phostr.net' initiated by 216.218.130.2
Oct 26 15:48:11 stack01 pdns[24842]: gmysql Connection succesful
Oct 26 15:48:11 stack01 pdns[24842]: AXFR of domain 'phostr.net' to 216.218.130.2 finished
Oct 26 15:48:11 stack01 pdns[24842]: No master domains need notifications
Oct 26 15:48:12 stack01 pdns[24842]: AXFR of domain 'phostr.org' initiated by 216.218.130.2
Oct 26 15:48:12 stack01 pdns[24842]: gmysql Connection succesful
Oct 26 15:48:12 stack01 pdns[24842]: AXFR of domain 'phostr.org' to 216.218.130.2 finished
Oct 26 15:48:31 stack01 dnsmasq-dhcp[5180]: DHCPREQUEST(br101) 172.16.0.19 02:16:3e:7f:8e:ef
Oct 26 15:48:31 stack01 dnsmasq-dhcp[5180]: DHCPACK(br101) 172.16.0.19 02:16:3e:7f:8e:ef puppet
Oct 26 15:48:32 stack01 dnsmasq-dhcp[5180]: DHCPREQUEST(br101) 172.16.0.21 02:16:3e:11:af:9a
Oct 26 15:48:32 stack01 dnsmasq-dhcp[5180]: DHCPACK(br101) 172.16.0.21 02:16:3e:11:af:9a ci
Oct 26 15:48:42 stack01 dnsmasq-dhcp[5323]: DHCPREQUEST(br102) 172.16.0.35 02:16:3e:41:fa:27
Oct 26 15:48:42 stack01 dnsmasq-dhcp[5323]: DHCPACK(br102) 172.16.0.35 02:16:3e:41:fa:27 puppet
Oct 26 15:48:54 stack01 dnsmasq-dhcp[5180]: DHCPREQUEST(br101) 172.16.0.22 02:16:3e:75:46:da
Oct 26 15:48:54 stack01 dnsmasq-dhcp[5180]: DHCPACK(br101) 172.16.0.22 02:16:3e:75:46:da temp
Oct 26 15:49:31 stack01 dnsmasq-dhcp[5323]: DHCPREQUEST(br102) 172.16.0.35 02:16:3e:41:fa:27
Oct 26 15:49:31 stack01 dnsmasq-dhcp[5323]: DHCPACK(br102) 172.16.0.35 02:16:3e:41:fa:27 puppet
Oct 26 15:50:01 stack01 CRON[22712]: (root) CMD (if [ -x /etc/munin/plugins/apt_all ]; then /etc/munin/plugins/apt_all update 7200 12 >/dev/null; elif [ -x /etc/munin/plugins/apt ]; then /etc/munin/plugins/apt update 7200 12 >/dev/null; fi)
Oct 26 15:50:01 stack01 CRON[22713]: (munin) CMD (if [ -x /usr/bin/munin-cron ]; then /usr/bin/munin-cron; fi)
Oct 26 15:50:11 stack01 dnsmasq-dhcp[5180]: DHCPREQUEST(br101) 172.16.0.21 02:16:3e:11:af:9a
Oct 26 15:50:11 stack01 dnsmasq-dhcp[5180]: DHCPACK(br101) 172.16.0.21 02:16:3e:11:af:9a ci
Oct 26 15:50:17 stack01 dnsmasq-dhcp[5323]: DHCPREQUEST(br102) 172.16.0.35 02:16:3e:41:fa:27
Oct 26 15:50:17 stack01 dnsmasq-dhcp[5323]: DHCPACK(br102) 172.16.0.35 02:16:3e:41:fa:27 puppet
Oct 26 15:50:17 stack01 dnsmasq-dhcp[5180]: DHCPREQUEST(br101) 172.16.0.19 02:16:3e:7f:8e:ef
Oct 26 15:50:17 stack01 dnsmasq-dhcp[5180]: DHCPACK(br101) 172.16.0.19 02:16:3e:7f:8e:ef puppet
Oct 26 15:50:36 stack01 dnsmasq-dhcp[5180]: DHCPREQUEST(br101) 172.16.0.22 02:16:3e:75:46:da
Oct 26 15:50:36 stack01 dnsmasq-dhcp[5180]: DHCPACK(br101) 172.16.0.22 02:16:3e:75:46:da temp
Oct 26 15:51:05 stack01 dnsmasq-dhcp[5323]: DHCPREQUEST(br102) 172.16.0.35 02:16:3e:41:fa:27
Oct 26 15:51:05 stack01 dnsmasq-dhcp[5323]: DHCPACK(br102) 172.16.0.35 02:16:3e:41:fa:27 puppet
Oct 26 15:51:55 stack01 dnsmasq-dhcp[5323]: DHCPREQUEST(br102) 172.16.0.35 02:16:3e:41:fa:27
Oct 26 15:51:55 stack01 dnsmasq-dhcp[5323]: DHCPACK(br102) 172.16.0.35 02:16:3e:41:fa:27 puppet
Oct 26 15:52:05 stack01 dnsmasq-dhcp[5180]: DHCPREQUEST(br101) 172.16.0.19 02:16:3e:7f:8e:ef
Oct 26 15:52:05 stack01 dnsmasq-dhcp[5180]: DHCPACK(br101) 172.16.0.19 02:16:3e:7f:8e:ef puppet
Oct 26 15:52:06 stack01 dnsmasq-dhcp[5180]: DHCPREQUEST(br101) 172.16.0.21 02:16:3e:11:af:9a
Oct 26 15:52:06 stack01 dnsmasq-dhcp[5180]: DHCPACK(br101) 172.16.0.21 02:16:3e:11:af:9a ci
Oct 26 15:52:30 stack01 dnsmasq-dhcp[5180]: DHCPREQUEST(br101) 172.16.0.22 02:16:3e:75:46:da
Oct 26 15:52:30 stack01 dnsmasq-dhcp[5180]: DHCPACK(br101) 172.16.0.22 02:16:3e:75:46:da temp
Oct 26 15:52:41 stack01 dnsmasq-dhcp[5323]: DHCPREQUEST(br102) 172.16.0.35 02:16:3e:41:fa:27
Oct 26 15:52:41 stack01 dnsmasq-dhcp[5323]: DHCPACK(br102) 172.16.0.35 02:16:3e:41:fa:27 puppet
Oct 26 15:53:29 stack01 dnsmasq-dhcp[5323]: DHCPREQUEST(br102) 172.16.0.35 02:16:3e:41:fa:27
Oct 26 15:53:29 stack01 dnsmasq-dhcp[5323]: DHCPACK(br102) 172.16.0.35 02:16:3e:41:fa:27 puppet
Oct 26 15:53:49 stack01 dnsmasq-dhcp[5180]: DHCPREQUEST(br101) 172.16.0.21 02:16:3e:11:af:9a
Oct 26 15:53:49 stack01 dnsmasq-dhcp[5180]: DHCPACK(br101) 172.16.0.21 02:16:3e:11:af:9a ci
Oct 26 15:53:50 stack01 dnsmasq-dhcp[5180]: DHCPREQUEST(br101) 172.16.0.19 02:16:3e:7f:8e:ef
Oct 26 15:53:50 stack01 dnsmasq-dhcp[5180]: DHCPACK(br101) 172.16.0.19 02:16:3e:7f:8e:ef puppet
Oct 26 15:54:16 stack01 dnsmasq-dhcp[5180]: DHCPREQUEST(br101) 172.16.0.22 02:16:3e:75:46:da
Oct 26 15:54:16 stack01 dnsmasq-dhcp[5180]: DHCPACK(br101) 172.16.0.22 02:16:3e:75:46:da temp
Oct 26 15:54:19 stack01 dnsmasq-dhcp[5323]: DHCPREQUEST(br102) 172.16.0.35 02:16:3e:41:fa:27
Oct 26 15:54:19 stack01 dnsmasq-dhcp[5323]: DHCPACK(br102) 172.16.0.35 02:16:3e:41:fa:27 puppet
Oct 26 15:55:01 stack01 CRON[24033]: (root) CMD (if [ -x /etc/munin/plugins/apt_all ]; then /etc/munin/plugins/apt_all update 7200 12 >/dev/null; elif [ -x /etc/munin/plugins/apt ]; then /etc/munin/plugins/apt update 7200 12 >/dev/null; fi)
Oct 26 15:55:01 stack01 CRON[24034]: (munin) CMD (if [ -x /usr/bin/munin-cron ]; then /usr/bin/munin-cron; fi)
Oct 26 15:55:07 stack01 dnsmasq-dhcp[5323]: DHCPREQUEST(br102) 172.16.0.35 02:16:3e:41:fa:27
Oct 26 15:55:07 stack01 dnsmasq-dhcp[5323]: DHCPACK(br102) 172.16.0.35 02:16:3e:41:fa:27 puppet
Oct 26 15:55:29 stack01 dnsmasq-dhcp[5180]: DHCPREQUEST(br101) 172.16.0.21 02:16:3e:11:af:9a
Oct 26 15:55:29 stack01 dnsmasq-dhcp[5180]: DHCPACK(br101) 172.16.0.21 02:16:3e:11:af:9a ci
Oct 26 15:55:36 stack01 dnsmasq-dhcp[5180]: DHCPREQUEST(br101) 172.16.0.19 02:16:3e:7f:8e:ef
Oct 26 15:55:36 stack01 dnsmasq-dhcp[5180]: DHCPACK(br101) 172.16.0.19 02:16:3e:7f:8e:ef puppet
Oct 26 15:55:50 stack01 dnsmasq-dhcp[5323]: DHCPREQUEST(br102) 172.16.0.35 02:16:3e:41:fa:27
Oct 26 15:55:50 stack01 dnsmasq-dhcp[5323]: DHCPACK(br102) 172.16.0.35 02:16:3e:41:fa:27 puppet
Oct 26 15:55:58 stack01 dnsmasq-dhcp[5180]: DHCPREQUEST(br101) 172.16.0.22 02:16:3e:75:46:da
Oct 26 15:55:58 stack01 dnsmasq-dhcp[5180]: DHCPACK(br101) 172.16.0.22 02:16:3e:75:46:da temp
Oct 26 15:56:39 stack01 dnsmasq-dhcp[5323]: DHCPREQUEST(br102) 172.16.0.35 02:16:3e:41:fa:27
Oct 26 15:56:39 stack01 dnsmasq-dhcp[5323]: DHCPACK(br102) 172.16.0.35 02:16:3e:41:fa:27 puppet
Oct 26 15:57:12 stack01 dnsmasq-dhcp[5180]: DHCPREQUEST(br101) 172.16.0.21 02:16:3e:11:af:9a
Oct 26 15:57:12 stack01 dnsmasq-dhcp[5180]: DHCPACK(br101) 172.16.0.21 02:16:3e:11:af:9a ci
Oct 26 15:57:18 stack01 dnsmasq-dhcp[5180]: DHCPREQUEST(br101) 172.16.0.19 02:16:3e:7f:8e:ef
Oct 26 15:57:18 stack01 dnsmasq-dhcp[5180]: DHCPACK(br101) 172.16.0.19 02:16:3e:7f:8e:ef puppet
Oct 26 15:57:25 stack01 dnsmasq-dhcp[5323]: DHCPREQUEST(br102) 172.16.0.35 02:16:3e:41:fa:27
Oct 26 15:57:25 stack01 dnsmasq-dhcp[5323]: DHCPACK(br102) 172.16.0.35 02:16:3e:41:fa:27 puppet
Oct 26 15:57:47 stack01 dnsmasq-dhcp[5180]: DHCPREQUEST(br101) 172.16.0.22 02:16:3e:75:46:da
Oct 26 15:57:47 stack01 dnsmasq-dhcp[5180]: DHCPACK(br101) 172.16.0.22 02:16:3e:75:46:da temp
Oct 26 15:58:09 stack01 dnsmasq-dhcp[5323]: DHCPREQUEST(br102) 172.16.0.35 02:16:3e:41:fa:27
Oct 26 15:58:09 stack01 dnsmasq-dhcp[5323]: DHCPACK(br102) 172.16.0.35 02:16:3e:41:fa:27 puppet
Oct 26 15:58:56 stack01 dnsmasq-dhcp[5180]: DHCPREQUEST(br101) 172.16.0.21 02:16:3e:11:af:9a
Oct 26 15:58:56 stack01 dnsmasq-dhcp[5180]: DHCPACK(br101) 172.16.0.21 02:16:3e:11:af:9a ci
Oct 26 15:58:57 stack01 dnsmasq-dhcp[5323]: DHCPREQUEST(br102) 172.16.0.35 02:16:3e:41:fa:27
Oct 26 15:58:57 stack01 dnsmasq-dhcp[5323]: DHCPACK(br102) 172.16.0.35 02:16:3e:41:fa:27 puppet
Oct 26 15:59:04 stack01 dnsmasq-dhcp[5180]: DHCPREQUEST(br101) 172.16.0.19 02:16:3e:7f:8e:ef
Oct 26 15:59:04 stack01 dnsmasq-dhcp[5180]: DHCPACK(br101) 172.16.0.19 02:16:3e:7f:8e:ef puppet
Oct 26 15:59:40 stack01 dnsmasq-dhcp[5180]: DHCPREQUEST(br101) 172.16.0.22 02:16:3e:75:46:da
Oct 26 15:59:40 stack01 dnsmasq-dhcp[5180]: DHCPACK(br101) 172.16.0.22 02:16:3e:75:46:da temp
Oct 26 15:59:45 stack01 dnsmasq-dhcp[5323]: DHCPREQUEST(br102) 172.16.0.35 02:16:3e:41:fa:27
Oct 26 15:59:45 stack01 dnsmasq-dhcp[5323]: DHCPACK(br102) 172.16.0.35 02:16:3e:41:fa:27 puppet
Oct 26 16:00:01 stack01 CRON[25414]: (root) CMD (if [ -x /etc/munin/plugins/apt_all ]; then /etc/munin/plugins/apt_all update 7200 12 >/dev/null; elif [ -x /etc/munin/plugins/apt ]; then /etc/munin/plugins/apt update 7200 12 >/dev/null; fi)
Oct 26 16:00:01 stack01 CRON[25415]: (munin) CMD (if [ -x /usr/bin/munin-cron ]; then /usr/bin/munin-cron; fi)
Oct 26 16:00:36 stack01 dnsmasq-dhcp[5323]: DHCPREQUEST(br102) 172.16.0.35 02:16:3e:41:fa:27
Oct 26 16:00:36 stack01 dnsmasq-dhcp[5323]: DHCPACK(br102) 172.16.0.35 02:16:3e:41:fa:27 puppet
Oct 26 16:00:45 stack01 dnsmasq-dhcp[5180]: DHCPREQUEST(br101) 172.16.0.21 02:16:3e:11:af:9a
Oct 26 16:00:45 stack01 dnsmasq-dhcp[5180]: DHCPACK(br101) 172.16.0.21 02:16:3e:11:af:9a ci
Oct 26 16:00:51 stack01 dnsmasq-dhcp[5180]: DHCPREQUEST(br101) 172.16.0.19 02:16:3e:7f:8e:ef
Oct 26 16:00:51 stack01 dnsmasq-dhcp[5180]: DHCPACK(br101) 172.16.0.19 02:16:3e:7f:8e:ef puppet
Oct 26 16:01:18 stack01 dnsmasq-dhcp[5323]: DHCPREQUEST(br102) 172.16.0.35 02:16:3e:41:fa:27
Oct 26 16:01:18 stack01 dnsmasq-dhcp[5323]: DHCPACK(br102) 172.16.0.35 02:16:3e:41:fa:27 puppet
Oct 26 16:01:23 stack01 dnsmasq-dhcp[5180]: DHCPREQUEST(br101) 172.16.0.22 02:16:3e:75:46:da
Oct 26 16:01:23 stack01 dnsmasq-dhcp[5180]: DHCPACK(br101) 172.16.0.22 02:16:3e:75:46:da temp
Oct 26 16:02:02 stack01 dnsmasq-dhcp[5323]: DHCPREQUEST(br102) 172.16.0.35 02:16:3e:41:fa:27
Oct 26 16:02:02 stack01 dnsmasq-dhcp[5323]: DHCPACK(br102) 172.16.0.35 02:16:3e:41:fa:27 puppet
Oct 26 16:02:31 stack01 dnsmasq-dhcp[5180]: DHCPREQUEST(br101) 172.16.0.21 02:16:3e:11:af:9a
Oct 26 16:02:31 stack01 dnsmasq-dhcp[5180]: DHCPACK(br101) 172.16.0.21 02:16:3e:11:af:9a ci
Oct 26 16:02:48 stack01 dnsmasq-dhcp[5180]: DHCPREQUEST(br101) 172.16.0.19 02:16:3e:7f:8e:ef
Oct 26 16:02:48 stack01 dnsmasq-dhcp[5180]: DHCPACK(br101) 172.16.0.19 02:16:3e:7f:8e:ef puppet
Oct 26 16:02:54 stack01 dnsmasq-dhcp[5323]: DHCPREQUEST(br102) 172.16.0.35 02:16:3e:41:fa:27
Oct 26 16:02:54 stack01 dnsmasq-dhcp[5323]: DHCPACK(br102) 172.16.0.35 02:16:3e:41:fa:27 puppet
Oct 26 16:03:08 stack01 dnsmasq-dhcp[5180]: DHCPREQUEST(br101) 172.16.0.22 02:16:3e:75:46:da
Oct 26 16:03:08 stack01 dnsmasq-dhcp[5180]: DHCPACK(br101) 172.16.0.22 02:16:3e:75:46:da temp
Oct 26 16:03:44 stack01 dnsmasq-dhcp[5323]: DHCPREQUEST(br102) 172.16.0.35 02:16:3e:41:fa:27
Oct 26 16:03:44 stack01 dnsmasq-dhcp[5323]: DHCPACK(br102) 172.16.0.35 02:16:3e:41:fa:27 puppet
Oct 26 16:04:15 stack01 dnsmasq-dhcp[5180]: DHCPREQUEST(br101) 172.16.0.21 02:16:3e:11:af:9a
Oct 26 16:04:15 stack01 dnsmasq-dhcp[5180]: DHCPACK(br101) 172.16.0.21 02:16:3e:11:af:9a ci
Oct 26 16:04:33 stack01 dnsmasq-dhcp[5323]: DHCPREQUEST(br102) 172.16.0.35 02:16:3e:41:fa:27
Oct 26 16:04:33 stack01 dnsmasq-dhcp[5323]: DHCPACK(br102) 172.16.0.35 02:16:3e:41:fa:27 puppet
Oct 26 16:04:37 stack01 dnsmasq-dhcp[5180]: DHCPREQUEST(br101) 172.16.0.19 02:16:3e:7f:8e:ef
Oct 26 16:04:37 stack01 dnsmasq-dhcp[5180]: DHCPACK(br101) 172.16.0.19 02:16:3e:7f:8e:ef puppet
Oct 26 16:04:53 stack01 dnsmasq-dhcp[5180]: DHCPREQUEST(br101) 172.16.0.22 02:16:3e:75:46:da
Oct 26 16:04:53 stack01 dnsmasq-dhcp[5180]: DHCPACK(br101) 172.16.0.22 02:16:3e:75:46:da temp
Oct 26 16:05:01 stack01 CRON[26777]: (root) CMD (if [ -x /etc/munin/plugins/apt_all ]; then /etc/munin/plugins/apt_all update 7200 12 >/dev/null; elif [ -x /etc/munin/plugins/apt ]; then /etc/munin/plugins/apt update 7200 12 >/dev/null; fi)
Oct 26 16:05:01 stack01 CRON[26778]: (munin) CMD (if [ -x /usr/bin/munin-cron ]; then /usr/bin/munin-cron; fi)
Oct 26 16:05:25 stack01 dnsmasq-dhcp[5323]: DHCPREQUEST(br102) 172.16.0.35 02:16:3e:41:fa:27
Oct 26 16:05:25 stack01 dnsmasq-dhcp[5323]: DHCPACK(br102) 172.16.0.35 02:16:3e:41:fa:27 puppet
Oct 26 16:06:07 stack01 dnsmasq-dhcp[5180]: DHCPREQUEST(br101) 172.16.0.21 02:16:3e:11:af:9a
Oct 26 16:06:07 stack01 dnsmasq-dhcp[5180]: DHCPACK(br101) 172.16.0.21 02:16:3e:11:af:9a ci
Oct 26 16:06:09 stack01 dnsmasq-dhcp[5323]: DHCPREQUEST(br102) 172.16.0.35 02:16:3e:41:fa:27
Oct 26 16:06:09 stack01 dnsmasq-dhcp[5323]: DHCPACK(br102) 172.16.0.35 02:16:3e:41:fa:27 puppet
Oct 26 16:06:29 stack01 dnsmasq-dhcp[5180]: DHCPREQUEST(br101) 172.16.0.19 02:16:3e:7f:8e:ef
Oct 26 16:06:29 stack01 dnsmasq-dhcp[5180]: DHCPACK(br101) 172.16.0.19 02:16:3e:7f:8e:ef puppet
Oct 26 16:06:37 stack01 dnsmasq-dhcp[5180]: DHCPREQUEST(br101) 172.16.0.22 02:16:3e:75:46:da
Oct 26 16:06:37 stack01 dnsmasq-dhcp[5180]: DHCPACK(br101) 172.16.0.22 02:16:3e:75:46:da temp
Oct 26 16:07:00 stack01 dnsmasq-dhcp[5323]: DHCPREQUEST(br102) 172.16.0.35 02:16:3e:41:fa:27
Oct 26 16:07:00 stack01 dnsmasq-dhcp[5323]: DHCPACK(br102) 172.16.0.35 02:16:3e:41:fa:27 puppet
Oct 26 16:07:53 stack01 dnsmasq-dhcp[5323]: DHCPREQUEST(br102) 172.16.0.35 02:16:3e:41:fa:27
Oct 26 16:07:53 stack01 dnsmasq-dhcp[5323]: DHCPACK(br102) 172.16.0.35 02:16:3e:41:fa:27 puppet
Oct 26 16:08:00 stack01 dnsmasq-dhcp[5180]: DHCPREQUEST(br101) 172.16.0.21 02:16:3e:11:af:9a
Oct 26 16:08:00 stack01 dnsmasq-dhcp[5180]: DHCPACK(br101) 172.16.0.21 02:16:3e:11:af:9a ci
Oct 26 16:08:11 stack01 dnsmasq-dhcp[5180]: DHCPREQUEST(br101) 172.16.0.19 02:16:3e:7f:8e:ef
Oct 26 16:08:11 stack01 dnsmasq-dhcp[5180]: DHCPACK(br101) 172.16.0.19 02:16:3e:7f:8e:ef puppet
Oct 26 16:08:32 stack01 dnsmasq-dhcp[5180]: DHCPREQUEST(br101) 172.16.0.22 02:16:3e:75:46:da
Oct 26 16:08:32 stack01 dnsmasq-dhcp[5180]: DHCPACK(br101) 172.16.0.22 02:16:3e:75:46:da temp
Oct 26 16:08:41 stack01 dnsmasq-dhcp[5323]: DHCPREQUEST(br102) 172.16.0.35 02:16:3e:41:fa:27
Oct 26 16:08:41 stack01 dnsmasq-dhcp[5323]: DHCPACK(br102) 172.16.0.35 02:16:3e:41:fa:27 puppet
Oct 26 16:09:01 stack01 CRON[28034]: (root) CMD ( [ -x /usr/lib/php5/maxlifetime ] && [ -d /var/lib/php5 ] && find /var/lib/php5/ -depth -mindepth 1 -maxdepth 1 -type f -cmin +$(/usr/lib/php5/maxlifetime) ! -execdir fuser -s {} 2>/dev/null \; -delete)
Oct 26 16:09:34 stack01 dnsmasq-dhcp[5323]: DHCPREQUEST(br102) 172.16.0.35 02:16:3e:41:fa:27
Oct 26 16:09:34 stack01 dnsmasq-dhcp[5323]: DHCPACK(br102) 172.16.0.35 02:16:3e:41:fa:27 puppet
Oct 26 16:09:40 stack01 dnsmasq-dhcp[5180]: DHCPREQUEST(br101) 172.16.0.21 02:16:3e:11:af:9a
Oct 26 16:09:40 stack01 dnsmasq-dhcp[5180]: DHCPACK(br101) 172.16.0.21 02:16:3e:11:af:9a ci
Oct 26 16:10:01 stack01 CRON[28094]: (root) CMD (if [ -x /etc/munin/plugins/apt_all ]; then /etc/munin/plugins/apt_all update 7200 12 >/dev/null; elif [ -x /etc/munin/plugins/apt ]; then /etc/munin/plugins/apt update 7200 12 >/dev/null; fi)
Oct 26 16:10:01 stack01 CRON[28095]: (munin) CMD (if [ -x /usr/bin/munin-cron ]; then /usr/bin/munin-cron; fi)
Oct 26 16:10:03 stack01 dnsmasq-dhcp[5180]: DHCPREQUEST(br101) 172.16.0.19 02:16:3e:7f:8e:ef
Oct 26 16:10:03 stack01 dnsmasq-dhcp[5180]: DHCPACK(br101) 172.16.0.19 02:16:3e:7f:8e:ef puppet
Oct 26 16:10:14 stack01 dnsmasq-dhcp[5180]: DHCPREQUEST(br101) 172.16.0.22 02:16:3e:75:46:da
Oct 26 16:10:14 stack01 dnsmasq-dhcp[5180]: DHCPACK(br101) 172.16.0.22 02:16:3e:75:46:da temp
Oct 26 16:10:21 stack01 dnsmasq-dhcp[5323]: DHCPREQUEST(br102) 172.16.0.35 02:16:3e:41:fa:27
Oct 26 16:10:21 stack01 dnsmasq-dhcp[5323]: DHCPACK(br102) 172.16.0.35 02:16:3e:41:fa:27 puppet
Oct 26 16:11:12 stack01 dnsmasq-dhcp[5323]: DHCPREQUEST(br102) 172.16.0.35 02:16:3e:41:fa:27
Oct 26 16:11:12 stack01 dnsmasq-dhcp[5323]: DHCPACK(br102) 172.16.0.35 02:16:3e:41:fa:27 puppet
Oct 26 16:11:27 stack01 dnsmasq-dhcp[5180]: DHCPREQUEST(br101) 172.16.0.21 02:16:3e:11:af:9a
Oct 26 16:11:27 stack01 dnsmasq-dhcp[5180]: DHCPACK(br101) 172.16.0.21 02:16:3e:11:af:9a ci
Oct 26 16:11:45 stack01 dnsmasq-dhcp[5180]: DHCPREQUEST(br101) 172.16.0.19 02:16:3e:7f:8e:ef
Oct 26 16:11:45 stack01 dnsmasq-dhcp[5180]: DHCPACK(br101) 172.16.0.19 02:16:3e:7f:8e:ef puppet
Oct 26 16:12:00 stack01 dnsmasq-dhcp[5180]: DHCPREQUEST(br101) 172.16.0.22 02:16:3e:75:46:da
Oct 26 16:12:00 stack01 dnsmasq-dhcp[5180]: DHCPACK(br101) 172.16.0.22 02:16:3e:75:46:da temp
Oct 26 16:12:08 stack01 dnsmasq-dhcp[5323]: DHCPREQUEST(br102) 172.16.0.35 02:16:3e:41:fa:27
Oct 26 16:12:08 stack01 dnsmasq-dhcp[5323]: DHCPACK(br102) 172.16.0.35 02:16:3e:41:fa:27 puppet
Oct 26 16:12:59 stack01 dnsmasq-dhcp[5323]: DHCPREQUEST(br102) 172.16.0.35 02:16:3e:41:fa:27
Oct 26 16:12:59 stack01 dnsmasq-dhcp[5323]: DHCPACK(br102) 172.16.0.35 02:16:3e:41:fa:27 puppet
Oct 26 16:13:06 stack01 dnsmasq-dhcp[5180]: DHCPREQUEST(br101) 172.16.0.21 02:16:3e:11:af:9a
Oct 26 16:13:06 stack01 dnsmasq-dhcp[5180]: DHCPACK(br101) 172.16.0.21 02:16:3e:11:af:9a ci
Oct 26 16:13:35 stack01 dnsmasq-dhcp[5180]: DHCPREQUEST(br101) 172.16.0.19 02:16:3e:7f:8e:ef
Oct 26 16:13:35 stack01 dnsmasq-dhcp[5180]: DHCPACK(br101) 172.16.0.19 02:16:3e:7f:8e:ef puppet
Oct 26 16:13:44 stack01 dnsmasq-dhcp[5323]: DHCPREQUEST(br102) 172.16.0.35 02:16:3e:41:fa:27
Oct 26 16:13:44 stack01 dnsmasq-dhcp[5323]: DHCPACK(br102) 172.16.0.35 02:16:3e:41:fa:27 puppet
Oct 26 16:13:54 stack01 dnsmasq-dhcp[5180]: DHCPREQUEST(br101) 172.16.0.22 02:16:3e:75:46:da
Oct 26 16:13:54 stack01 dnsmasq-dhcp[5180]: DHCPACK(br101) 172.16.0.22 02:16:3e:75:46:da temp
Oct 26 16:14:29 stack01 dnsmasq-dhcp[5323]: DHCPREQUEST(br102) 172.16.0.35 02:16:3e:41:fa:27
Oct 26 16:14:29 stack01 dnsmasq-dhcp[5323]: DHCPACK(br102) 172.16.0.35 02:16:3e:41:fa:27 puppet
Oct 26 16:14:47 stack01 dnsmasq-dhcp[5180]: DHCPREQUEST(br101) 172.16.0.21 02:16:3e:11:af:9a
Oct 26 16:14:47 stack01 dnsmasq-dhcp[5180]: DHCPACK(br101) 172.16.0.21 02:16:3e:11:af:9a ci
Oct 26 16:15:01 stack01 CRON[29460]: (root) CMD (if [ -x /etc/munin/plugins/apt_all ]; then /etc/munin/plugins/apt_all update 7200 12 >/dev/null; elif [ -x /etc/munin/plugins/apt ]; then /etc/munin/plugins/apt update 7200 12 >/dev/null; fi)
Oct 26 16:15:01 stack01 CRON[29462]: (munin) CMD (if [ -x /usr/bin/munin-cron ]; then /usr/bin/munin-cron; fi)
Oct 26 16:15:16 stack01 dnsmasq-dhcp[5323]: DHCPREQUEST(br102) 172.16.0.35 02:16:3e:41:fa:27
Oct 26 16:15:16 stack01 dnsmasq-dhcp[5323]: DHCPACK(br102) 172.16.0.35 02:16:3e:41:fa:27 puppet
Oct 26 16:15:27 stack01 dnsmasq-dhcp[5180]: DHCPREQUEST(br101) 172.16.0.19 02:16:3e:7f:8e:ef
Oct 26 16:15:27 stack01 dnsmasq-dhcp[5180]: DHCPACK(br101) 172.16.0.19 02:16:3e:7f:8e:ef puppet
Oct 26 16:15:41 stack01 dnsmasq-dhcp[5180]: DHCPREQUEST(br101) 172.16.0.22 02:16:3e:75:46:da
Oct 26 16:15:41 stack01 dnsmasq-dhcp[5180]: DHCPACK(br101) 172.16.0.22 02:16:3e:75:46:da temp
Oct 26 16:16:04 stack01 dnsmasq-dhcp[5323]: DHCPREQUEST(br102) 172.16.0.35 02:16:3e:41:fa:27
Oct 26 16:16:04 stack01 dnsmasq-dhcp[5323]: DHCPACK(br102) 172.16.0.35 02:16:3e:41:fa:27 puppet
Oct 26 16:16:33 stack01 dnsmasq-dhcp[5180]: DHCPREQUEST(br101) 172.16.0.21 02:16:3e:11:af:9a
Oct 26 16:16:33 stack01 dnsmasq-dhcp[5180]: DHCPACK(br101) 172.16.0.21 02:16:3e:11:af:9a ci
Oct 26 16:16:55 stack01 dnsmasq-dhcp[5323]: DHCPREQUEST(br102) 172.16.0.35 02:16:3e:41:fa:27
Oct 26 16:16:55 stack01 dnsmasq-dhcp[5323]: DHCPACK(br102) 172.16.0.35 02:16:3e:41:fa:27 puppet
Oct 26 16:17:01 stack01 CRON[30620]: (root) CMD ( cd / && run-parts --report /etc/cron.hourly)
Oct 26 16:17:29 stack01 dnsmasq-dhcp[5180]: DHCPDISCOVER(br101) 172.16.0.19 02:16:3e:7f:8e:ef
Oct 26 16:17:29 stack01 dnsmasq-dhcp[5180]: DHCPOFFER(br101) 172.16.0.19 02:16:3e:7f:8e:ef
Oct 26 16:17:29 stack01 dnsmasq-dhcp[5180]: DHCPREQUEST(br101) 172.16.0.19 02:16:3e:7f:8e:ef
