Oct 26 12:50:01 stack01 CRON[4944]: (root) CMD (if [ -x /etc/munin/plugins/apt_all ]; then /etc/munin/plugins/apt_all update 7200 12 >/dev/null; elif [ -x /etc/munin/plugins/apt ]; then /etc/munin/plugins/apt update 7200 12 >/dev/null; fi)
Oct 26 12:50:01 stack01 CRON[4945]: (munin) CMD (if [ -x /usr/bin/munin-cron ]; then /usr/bin/munin-cron; fi)
Oct 26 12:50:38 stack01 dnsmasq-dhcp[5180]: DHCPREQUEST(br101) 172.16.0.19 02:16:3e:7f:8e:ef
Oct 26 12:50:38 stack01 dnsmasq-dhcp[5180]: DHCPACK(br101) 172.16.0.19 02:16:3e:7f:8e:ef puppet
Oct 26 12:50:51 stack01 dnsmasq-dhcp[5323]: DHCPREQUEST(br102) 172.16.0.35 02:16:3e:41:fa:27
Oct 26 12:50:51 stack01 dnsmasq-dhcp[5323]: DHCPACK(br102) 172.16.0.35 02:16:3e:41:fa:27 puppet
Oct 26 12:51:40 stack01 dnsmasq-dhcp[5180]: DHCPREQUEST(br101) 172.16.0.21 02:16:3e:11:af:9a
Oct 26 12:51:40 stack01 dnsmasq-dhcp[5180]: DHCPACK(br101) 172.16.0.21 02:16:3e:11:af:9a ci
Oct 26 12:51:41 stack01 dnsmasq-dhcp[5323]: DHCPREQUEST(br102) 172.16.0.35 02:16:3e:41:fa:27
Oct 26 12:51:41 stack01 dnsmasq-dhcp[5323]: DHCPACK(br102) 172.16.0.35 02:16:3e:41:fa:27 puppet
Oct 26 12:51:44 stack01 dnsmasq-dhcp[5180]: DHCPREQUEST(br101) 172.16.0.22 02:16:3e:75:46:da
Oct 26 12:51:44 stack01 dnsmasq-dhcp[5180]: DHCPACK(br101) 172.16.0.22 02:16:3e:75:46:da temp
Oct 26 12:52:32 stack01 dnsmasq-dhcp[5180]: DHCPREQUEST(br101) 172.16.0.19 02:16:3e:7f:8e:ef
Oct 26 12:52:32 stack01 dnsmasq-dhcp[5180]: DHCPACK(br101) 172.16.0.19 02:16:3e:7f:8e:ef puppet
Oct 26 12:52:32 stack01 dnsmasq-dhcp[5323]: DHCPREQUEST(br102) 172.16.0.35 02:16:3e:41:fa:27
Oct 26 12:52:32 stack01 dnsmasq-dhcp[5323]: DHCPACK(br102) 172.16.0.35 02:16:3e:41:fa:27 puppet
Oct 26 12:53:23 stack01 dnsmasq-dhcp[5180]: DHCPREQUEST(br101) 172.16.0.21 02:16:3e:11:af:9a
Oct 26 12:53:23 stack01 dnsmasq-dhcp[5180]: DHCPACK(br101) 172.16.0.21 02:16:3e:11:af:9a ci
Oct 26 12:53:25 stack01 dnsmasq-dhcp[5323]: DHCPREQUEST(br102) 172.16.0.35 02:16:3e:41:fa:27
Oct 26 12:53:25 stack01 dnsmasq-dhcp[5323]: DHCPACK(br102) 172.16.0.35 02:16:3e:41:fa:27 puppet
Oct 26 12:53:25 stack01 dnsmasq-dhcp[5180]: DHCPREQUEST(br101) 172.16.0.22 02:16:3e:75:46:da
Oct 26 12:53:25 stack01 dnsmasq-dhcp[5180]: DHCPACK(br101) 172.16.0.22 02:16:3e:75:46:da temp
Oct 26 12:54:18 stack01 dnsmasq-dhcp[5323]: DHCPREQUEST(br102) 172.16.0.35 02:16:3e:41:fa:27
Oct 26 12:54:18 stack01 dnsmasq-dhcp[5323]: DHCPACK(br102) 172.16.0.35 02:16:3e:41:fa:27 puppet
Oct 26 12:54:29 stack01 dnsmasq-dhcp[5180]: DHCPREQUEST(br101) 172.16.0.19 02:16:3e:7f:8e:ef
Oct 26 12:54:29 stack01 dnsmasq-dhcp[5180]: DHCPACK(br101) 172.16.0.19 02:16:3e:7f:8e:ef puppet
Oct 26 12:55:01 stack01 CRON[6305]: (root) CMD (if [ -x /etc/munin/plugins/apt_all ]; then /etc/munin/plugins/apt_all update 7200 12 >/dev/null; elif [ -x /etc/munin/plugins/apt ]; then /etc/munin/plugins/apt update 7200 12 >/dev/null; fi)
Oct 26 12:55:01 stack01 CRON[6306]: (munin) CMD (if [ -x /usr/bin/munin-cron ]; then /usr/bin/munin-cron; fi)
Oct 26 12:55:03 stack01 dnsmasq-dhcp[5180]: DHCPREQUEST(br101) 172.16.0.21 02:16:3e:11:af:9a
Oct 26 12:55:03 stack01 dnsmasq-dhcp[5180]: DHCPACK(br101) 172.16.0.21 02:16:3e:11:af:9a ci
Oct 26 12:55:04 stack01 dnsmasq-dhcp[5323]: DHCPREQUEST(br102) 172.16.0.35 02:16:3e:41:fa:27
Oct 26 12:55:04 stack01 dnsmasq-dhcp[5323]: DHCPACK(br102) 172.16.0.35 02:16:3e:41:fa:27 puppet
Oct 26 12:55:07 stack01 postfix/pickup[27754]: 9B4496A2429: uid=0 from=
Oct 26 12:55:07 stack01 postfix/cleanup[6719]: 9B4496A2429: message-id=<20111026115507.9B4496A2429@stack01.dub01.os.managedit.ie>
Oct 26 12:55:07 stack01 postfix/qmgr[2172]: 9B4496A2429: from=, size=874, nrcpt=1 (queue active)
Oct 26 12:55:07 stack01 postfix/local[6723]: 9B4496A2429: to=, orig_to=, relay=local, delay=0.31, delays=0.2/0.01/0/0.09, dsn=2.0.0, status=sent (delivered to mailbox)
Oct 26 12:55:07 stack01 postfix/qmgr[2172]: 9B4496A2429: removed
Oct 26 12:55:11 stack01 dnsmasq-dhcp[5180]: DHCPREQUEST(br101) 172.16.0.22 02:16:3e:75:46:da
Oct 26 12:55:11 stack01 dnsmasq-dhcp[5180]: DHCPACK(br101) 172.16.0.22 02:16:3e:75:46:da temp
Oct 26 12:55:57 stack01 dnsmasq-dhcp[5323]: DHCPREQUEST(br102) 172.16.0.35 02:16:3e:41:fa:27
Oct 26 12:55:57 stack01 dnsmasq-dhcp[5323]: DHCPACK(br102) 172.16.0.35 02:16:3e:41:fa:27 puppet
Oct 26 12:56:16 stack01 dnsmasq-dhcp[5180]: DHCPREQUEST(br101) 172.16.0.19 02:16:3e:7f:8e:ef
Oct 26 12:56:16 stack01 dnsmasq-dhcp[5180]: DHCPACK(br101) 172.16.0.19 02:16:3e:7f:8e:ef puppet
Oct 26 12:56:45 stack01 dnsmasq-dhcp[5323]: DHCPREQUEST(br102) 172.16.0.35 02:16:3e:41:fa:27
Oct 26 12:56:45 stack01 dnsmasq-dhcp[5323]: DHCPACK(br102) 172.16.0.35 02:16:3e:41:fa:27 puppet
Oct 26 12:56:53 stack01 dnsmasq-dhcp[5180]: DHCPREQUEST(br101) 172.16.0.21 02:16:3e:11:af:9a
Oct 26 12:56:53 stack01 dnsmasq-dhcp[5180]: DHCPACK(br101) 172.16.0.21 02:16:3e:11:af:9a ci
Oct 26 12:57:08 stack01 dnsmasq-dhcp[5180]: DHCPREQUEST(br101) 172.16.0.22 02:16:3e:75:46:da
Oct 26 12:57:08 stack01 dnsmasq-dhcp[5180]: DHCPACK(br101) 172.16.0.22 02:16:3e:75:46:da temp
Oct 26 12:57:29 stack01 dnsmasq-dhcp[5323]: DHCPREQUEST(br102) 172.16.0.35 02:16:3e:41:fa:27
Oct 26 12:57:29 stack01 dnsmasq-dhcp[5323]: DHCPACK(br102) 172.16.0.35 02:16:3e:41:fa:27 puppet
Oct 26 12:58:00 stack01 dnsmasq-dhcp[5180]: DHCPREQUEST(br101) 172.16.0.19 02:16:3e:7f:8e:ef
Oct 26 12:58:00 stack01 dnsmasq-dhcp[5180]: DHCPACK(br101) 172.16.0.19 02:16:3e:7f:8e:ef puppet
Oct 26 12:58:22 stack01 dnsmasq-dhcp[5323]: DHCPREQUEST(br102) 172.16.0.35 02:16:3e:41:fa:27
Oct 26 12:58:22 stack01 dnsmasq-dhcp[5323]: DHCPACK(br102) 172.16.0.35 02:16:3e:41:fa:27 puppet
Oct 26 12:58:35 stack01 dnsmasq-dhcp[5180]: DHCPREQUEST(br101) 172.16.0.21 02:16:3e:11:af:9a
Oct 26 12:58:35 stack01 dnsmasq-dhcp[5180]: DHCPACK(br101) 172.16.0.21 02:16:3e:11:af:9a ci
Oct 26 12:58:59 stack01 dnsmasq-dhcp[5180]: DHCPREQUEST(br101) 172.16.0.22 02:16:3e:75:46:da
Oct 26 12:58:59 stack01 dnsmasq-dhcp[5180]: DHCPACK(br101) 172.16.0.22 02:16:3e:75:46:da temp
Oct 26 12:59:17 stack01 dnsmasq-dhcp[5323]: DHCPREQUEST(br102) 172.16.0.35 02:16:3e:41:fa:27
Oct 26 12:59:17 stack01 dnsmasq-dhcp[5323]: DHCPACK(br102) 172.16.0.35 02:16:3e:41:fa:27 puppet
Oct 26 12:59:54 stack01 dnsmasq-dhcp[5180]: DHCPREQUEST(br101) 172.16.0.19 02:16:3e:7f:8e:ef
Oct 26 12:59:54 stack01 dnsmasq-dhcp[5180]: DHCPACK(br101) 172.16.0.19 02:16:3e:7f:8e:ef puppet
Oct 26 13:00:01 stack01 CRON[7840]: (root) CMD (if [ -x /etc/munin/plugins/apt_all ]; then /etc/munin/plugins/apt_all update 7200 12 >/dev/null; elif [ -x /etc/munin/plugins/apt ]; then /etc/munin/plugins/apt update 7200 12 >/dev/null; fi)
Oct 26 13:00:01 stack01 CRON[7841]: (munin) CMD (if [ -x /usr/bin/munin-cron ]; then /usr/bin/munin-cron; fi)
Oct 26 13:00:08 stack01 dnsmasq-dhcp[5323]: DHCPREQUEST(br102) 172.16.0.35 02:16:3e:41:fa:27
Oct 26 13:00:08 stack01 dnsmasq-dhcp[5323]: DHCPACK(br102) 172.16.0.35 02:16:3e:41:fa:27 puppet
Oct 26 13:00:35 stack01 dnsmasq-dhcp[5180]: DHCPREQUEST(br101) 172.16.0.21 02:16:3e:11:af:9a
Oct 26 13:00:35 stack01 dnsmasq-dhcp[5180]: DHCPACK(br101) 172.16.0.21 02:16:3e:11:af:9a ci
Oct 26 13:00:46 stack01 dnsmasq-dhcp[5180]: DHCPREQUEST(br101) 172.16.0.22 02:16:3e:75:46:da
Oct 26 13:00:46 stack01 dnsmasq-dhcp[5180]: DHCPACK(br101) 172.16.0.22 02:16:3e:75:46:da temp
Oct 26 13:01:00 stack01 dnsmasq-dhcp[5323]: DHCPREQUEST(br102) 172.16.0.35 02:16:3e:41:fa:27
Oct 26 13:01:00 stack01 dnsmasq-dhcp[5323]: DHCPACK(br102) 172.16.0.35 02:16:3e:41:fa:27 puppet
Oct 26 13:01:49 stack01 dnsmasq-dhcp[5180]: DHCPREQUEST(br101) 172.16.0.19 02:16:3e:7f:8e:ef
Oct 26 13:01:49 stack01 dnsmasq-dhcp[5180]: DHCPACK(br101) 172.16.0.19 02:16:3e:7f:8e:ef puppet
Oct 26 13:01:54 stack01 dnsmasq-dhcp[5323]: DHCPREQUEST(br102) 172.16.0.35 02:16:3e:41:fa:27
Oct 26 13:01:54 stack01 dnsmasq-dhcp[5323]: DHCPACK(br102) 172.16.0.35 02:16:3e:41:fa:27 puppet
Oct 26 13:02:20 stack01 dnsmasq-dhcp[5180]: DHCPREQUEST(br101) 172.16.0.21 02:16:3e:11:af:9a
Oct 26 13:02:20 stack01 dnsmasq-dhcp[5180]: DHCPACK(br101) 172.16.0.21 02:16:3e:11:af:9a ci
Oct 26 13:02:31 stack01 dnsmasq-dhcp[5180]: DHCPREQUEST(br101) 172.16.0.22 02:16:3e:75:46:da
Oct 26 13:02:31 stack01 dnsmasq-dhcp[5180]: DHCPACK(br101) 172.16.0.22 02:16:3e:75:46:da temp
Oct 26 13:02:38 stack01 dnsmasq-dhcp[5323]: DHCPREQUEST(br102) 172.16.0.35 02:16:3e:41:fa:27
Oct 26 13:02:38 stack01 dnsmasq-dhcp[5323]: DHCPACK(br102) 172.16.0.35 02:16:3e:41:fa:27 puppet
Oct 26 13:03:32 stack01 dnsmasq-dhcp[5323]: DHCPREQUEST(br102) 172.16.0.35 02:16:3e:41:fa:27
Oct 26 13:03:32 stack01 dnsmasq-dhcp[5323]: DHCPACK(br102) 172.16.0.35 02:16:3e:41:fa:27 puppet
Oct 26 13:03:34 stack01 dnsmasq-dhcp[5180]: DHCPREQUEST(br101) 172.16.0.19 02:16:3e:7f:8e:ef
Oct 26 13:03:34 stack01 dnsmasq-dhcp[5180]: DHCPACK(br101) 172.16.0.19 02:16:3e:7f:8e:ef puppet
Oct 26 13:04:03 stack01 dnsmasq-dhcp[5180]: DHCPREQUEST(br101) 172.16.0.21 02:16:3e:11:af:9a
Oct 26 13:04:03 stack01 dnsmasq-dhcp[5180]: DHCPACK(br101) 172.16.0.21 02:16:3e:11:af:9a ci
Oct 26 13:04:17 stack01 dnsmasq-dhcp[5180]: DHCPREQUEST(br101) 172.16.0.22 02:16:3e:75:46:da
Oct 26 13:04:17 stack01 dnsmasq-dhcp[5180]: DHCPACK(br101) 172.16.0.22 02:16:3e:75:46:da temp
Oct 26 13:04:28 stack01 dnsmasq-dhcp[5323]: DHCPREQUEST(br102) 172.16.0.35 02:16:3e:41:fa:27
Oct 26 13:04:28 stack01 dnsmasq-dhcp[5323]: DHCPACK(br102) 172.16.0.35 02:16:3e:41:fa:27 puppet
Oct 26 13:05:01 stack01 CRON[9248]: (root) CMD (if [ -x /etc/munin/plugins/apt_all ]; then /etc/munin/plugins/apt_all update 7200 12 >/dev/null; elif [ -x /etc/munin/plugins/apt ]; then /etc/munin/plugins/apt update 7200 12 >/dev/null; fi)
Oct 26 13:05:01 stack01 CRON[9249]: (munin) CMD (if [ -x /usr/bin/munin-cron ]; then /usr/bin/munin-cron; fi)
Oct 26 13:05:19 stack01 dnsmasq-dhcp[5323]: DHCPREQUEST(br102) 172.16.0.35 02:16:3e:41:fa:27
Oct 26 13:05:19 stack01 dnsmasq-dhcp[5323]: DHCPACK(br102) 172.16.0.35 02:16:3e:41:fa:27 puppet
Oct 26 13:05:24 stack01 dnsmasq-dhcp[5180]: DHCPREQUEST(br101) 172.16.0.19 02:16:3e:7f:8e:ef
Oct 26 13:05:24 stack01 dnsmasq-dhcp[5180]: DHCPACK(br101) 172.16.0.19 02:16:3e:7f:8e:ef puppet
Oct 26 13:05:47 stack01 dnsmasq-dhcp[5180]: DHCPREQUEST(br101) 172.16.0.21 02:16:3e:11:af:9a
Oct 26 13:05:47 stack01 dnsmasq-dhcp[5180]: DHCPACK(br101) 172.16.0.21 02:16:3e:11:af:9a ci
Oct 26 13:06:03 stack01 dnsmasq-dhcp[5180]: DHCPREQUEST(br101) 172.16.0.22 02:16:3e:75:46:da
Oct 26 13:06:03 stack01 dnsmasq-dhcp[5180]: DHCPACK(br101) 172.16.0.22 02:16:3e:75:46:da temp
Oct 26 13:06:06 stack01 dnsmasq-dhcp[5323]: DHCPREQUEST(br102) 172.16.0.35 02:16:3e:41:fa:27
Oct 26 13:06:06 stack01 dnsmasq-dhcp[5323]: DHCPACK(br102) 172.16.0.35 02:16:3e:41:fa:27 puppet
Oct 26 13:06:53 stack01 dnsmasq-dhcp[5323]: DHCPREQUEST(br102) 172.16.0.35 02:16:3e:41:fa:27
Oct 26 13:06:53 stack01 dnsmasq-dhcp[5323]: DHCPACK(br102) 172.16.0.35 02:16:3e:41:fa:27 puppet
Oct 26 13:07:08 stack01 dnsmasq-dhcp[5180]: DHCPREQUEST(br101) 172.16.0.19 02:16:3e:7f:8e:ef
Oct 26 13:07:08 stack01 dnsmasq-dhcp[5180]: DHCPACK(br101) 172.16.0.19 02:16:3e:7f:8e:ef puppet
Oct 26 13:07:38 stack01 dnsmasq-dhcp[5180]: DHCPREQUEST(br101) 172.16.0.21 02:16:3e:11:af:9a
Oct 26 13:07:38 stack01 dnsmasq-dhcp[5180]: DHCPACK(br101) 172.16.0.21 02:16:3e:11:af:9a ci
Oct 26 13:07:41 stack01 dnsmasq-dhcp[5323]: DHCPREQUEST(br102) 172.16.0.35 02:16:3e:41:fa:27
Oct 26 13:07:41 stack01 dnsmasq-dhcp[5323]: DHCPACK(br102) 172.16.0.35 02:16:3e:41:fa:27 puppet
Oct 26 13:07:46 stack01 dnsmasq-dhcp[5180]: DHCPREQUEST(br101) 172.16.0.22 02:16:3e:75:46:da
Oct 26 13:07:46 stack01 dnsmasq-dhcp[5180]: DHCPACK(br101) 172.16.0.22 02:16:3e:75:46:da temp
Oct 26 13:08:24 stack01 dnsmasq-dhcp[5323]: DHCPREQUEST(br102) 172.16.0.35 02:16:3e:41:fa:27
Oct 26 13:08:24 stack01 dnsmasq-dhcp[5323]: DHCPACK(br102) 172.16.0.35 02:16:3e:41:fa:27 puppet
Oct 26 13:09:01 stack01 CRON[10517]: (root) CMD ( [ -x /usr/lib/php5/maxlifetime ] && [ -d /var/lib/php5 ] && find /var/lib/php5/ -depth -mindepth 1 -maxdepth 1 -type f -cmin +$(/usr/lib/php5/maxlifetime) ! -execdir fuser -s {} 2>/dev/null \; -delete)
Oct 26 13:09:06 stack01 dnsmasq-dhcp[5180]: DHCPREQUEST(br101) 172.16.0.19 02:16:3e:7f:8e:ef
Oct 26 13:09:06 stack01 dnsmasq-dhcp[5180]: DHCPACK(br101) 172.16.0.19 02:16:3e:7f:8e:ef puppet
Oct 26 13:09:14 stack01 dnsmasq-dhcp[5323]: DHCPREQUEST(br102) 172.16.0.35 02:16:3e:41:fa:27
Oct 26 13:09:14 stack01 dnsmasq-dhcp[5323]: DHCPACK(br102) 172.16.0.35 02:16:3e:41:fa:27 puppet
Oct 26 13:09:20 stack01 dnsmasq-dhcp[5180]: DHCPREQUEST(br101) 172.16.0.21 02:16:3e:11:af:9a
Oct 26 13:09:20 stack01 dnsmasq-dhcp[5180]: DHCPACK(br101) 172.16.0.21 02:16:3e:11:af:9a ci
Oct 26 13:09:43 stack01 dnsmasq-dhcp[5180]: DHCPREQUEST(br101) 172.16.0.22 02:16:3e:75:46:da
Oct 26 13:09:43 stack01 dnsmasq-dhcp[5180]: DHCPACK(br101) 172.16.0.22 02:16:3e:75:46:da temp
Oct 26 13:10:00 stack01 dnsmasq-dhcp[5323]: DHCPREQUEST(br102) 172.16.0.35 02:16:3e:41:fa:27
Oct 26 13:10:00 stack01 dnsmasq-dhcp[5323]: DHCPACK(br102) 172.16.0.35 02:16:3e:41:fa:27 puppet
Oct 26 13:10:01 stack01 CRON[10592]: (root) CMD (if [ -x /etc/munin/plugins/apt_all ]; then /etc/munin/plugins/apt_all update 7200 12 >/dev/null; elif [ -x /etc/munin/plugins/apt ]; then /etc/munin/plugins/apt update 7200 12 >/dev/null; fi)
Oct 26 13:10:01 stack01 CRON[10593]: (munin) CMD (if [ -x /usr/bin/munin-cron ]; then /usr/bin/munin-cron; fi)
Oct 26 13:10:44 stack01 dnsmasq-dhcp[5323]: DHCPREQUEST(br102) 172.16.0.35 02:16:3e:41:fa:27
Oct 26 13:10:44 stack01 dnsmasq-dhcp[5323]: DHCPACK(br102) 172.16.0.35 02:16:3e:41:fa:27 puppet
Oct 26 13:11:01 stack01 dnsmasq-dhcp[5180]: DHCPREQUEST(br101) 172.16.0.19 02:16:3e:7f:8e:ef
Oct 26 13:11:01 stack01 dnsmasq-dhcp[5180]: DHCPACK(br101) 172.16.0.19 02:16:3e:7f:8e:ef puppet
Oct 26 13:11:02 stack01 dnsmasq-dhcp[5180]: DHCPREQUEST(br101) 172.16.0.21 02:16:3e:11:af:9a
Oct 26 13:11:02 stack01 dnsmasq-dhcp[5180]: DHCPACK(br101) 172.16.0.21 02:16:3e:11:af:9a ci
Oct 26 13:11:23 stack01 dnsmasq-dhcp[5180]: DHCPREQUEST(br101) 172.16.0.22 02:16:3e:75:46:da
Oct 26 13:11:23 stack01 dnsmasq-dhcp[5180]: DHCPACK(br101) 172.16.0.22 02:16:3e:75:46:da temp
Oct 26 13:11:32 stack01 dnsmasq-dhcp[5323]: DHCPREQUEST(br102) 172.16.0.35 02:16:3e:41:fa:27
Oct 26 13:11:32 stack01 dnsmasq-dhcp[5323]: DHCPACK(br102) 172.16.0.35 02:16:3e:41:fa:27 puppet
Oct 26 13:12:23 stack01 dnsmasq-dhcp[5323]: DHCPREQUEST(br102) 172.16.0.35 02:16:3e:41:fa:27
Oct 26 13:12:23 stack01 dnsmasq-dhcp[5323]: DHCPACK(br102) 172.16.0.35 02:16:3e:41:fa:27 puppet
Oct 26 13:12:43 stack01 dnsmasq-dhcp[5180]: DHCPREQUEST(br101) 172.16.0.21 02:16:3e:11:af:9a
Oct 26 13:12:43 stack01 dnsmasq-dhcp[5180]: DHCPACK(br101) 172.16.0.21 02:16:3e:11:af:9a ci
Oct 26 13:12:51 stack01 dnsmasq-dhcp[5180]: DHCPREQUEST(br101) 172.16.0.19 02:16:3e:7f:8e:ef
Oct 26 13:12:51 stack01 dnsmasq-dhcp[5180]: DHCPACK(br101) 172.16.0.19 02:16:3e:7f:8e:ef puppet
Oct 26 13:13:11 stack01 dnsmasq-dhcp[5180]: DHCPREQUEST(br101) 172.16.0.22 02:16:3e:75:46:da
Oct 26 13:13:11 stack01 dnsmasq-dhcp[5180]: DHCPACK(br101) 172.16.0.22 02:16:3e:75:46:da temp
Oct 26 13:13:15 stack01 dnsmasq-dhcp[5323]: DHCPREQUEST(br102) 172.16.0.35 02:16:3e:41:fa:27
Oct 26 13:13:15 stack01 dnsmasq-dhcp[5323]: DHCPACK(br102) 172.16.0.35 02:16:3e:41:fa:27 puppet
Oct 26 13:14:05 stack01 dnsmasq-dhcp[5323]: DHCPREQUEST(br102) 172.16.0.35 02:16:3e:41:fa:27
Oct 26 13:14:05 stack01 dnsmasq-dhcp[5323]: DHCPACK(br102) 172.16.0.35 02:16:3e:41:fa:27 puppet
Oct 26 13:14:35 stack01 dnsmasq-dhcp[5180]: DHCPREQUEST(br101) 172.16.0.19 02:16:3e:7f:8e:ef
Oct 26 13:14:35 stack01 dnsmasq-dhcp[5180]: DHCPACK(br101) 172.16.0.19 02:16:3e:7f:8e:ef puppet
Oct 26 13:14:39 stack01 dnsmasq-dhcp[5180]: DHCPREQUEST(br101) 172.16.0.21 02:16:3e:11:af:9a
Oct 26 13:14:39 stack01 dnsmasq-dhcp[5180]: DHCPACK(br101) 172.16.0.21 02:16:3e:11:af:9a ci
Oct 26 13:14:58 stack01 dnsmasq-dhcp[5323]: DHCPREQUEST(br102) 172.16.0.35 02:16:3e:41:fa:27
Oct 26 13:14:58 stack01 dnsmasq-dhcp[5323]: DHCPACK(br102) 172.16.0.35 02:16:3e:41:fa:27 puppet
Oct 26 13:15:01 stack01 CRON[12018]: (root) CMD (if [ -x /etc/munin/plugins/apt_all ]; then /etc/munin/plugins/apt_all update 7200 12 >/dev/null; elif [ -x /etc/munin/plugins/apt ]; then /etc/munin/plugins/apt update 7200 12 >/dev/null; fi)
Oct 26 13:15:01 stack01 CRON[12019]: (munin) CMD (if [ -x /usr/bin/munin-cron ]; then /usr/bin/munin-cron; fi)
Oct 26 13:15:09 stack01 dnsmasq-dhcp[5180]: DHCPREQUEST(br101) 172.16.0.22 02:16:3e:75:46:da
Oct 26 13:15:09 stack01 dnsmasq-dhcp[5180]: DHCPACK(br101) 172.16.0.22 02:16:3e:75:46:da temp
Oct 26 13:15:40 stack01 dnsmasq-dhcp[5323]: DHCPREQUEST(br102) 172.16.0.35 02:16:3e:41:fa:27
Oct 26 13:15:40 stack01 dnsmasq-dhcp[5323]: DHCPACK(br102) 172.16.0.35 02:16:3e:41:fa:27 puppet
Oct 26 13:16:22 stack01 dnsmasq-dhcp[5180]: DHCPREQUEST(br101) 172.16.0.19 02:16:3e:7f:8e:ef
Oct 26 13:16:22 stack01 dnsmasq-dhcp[5180]: DHCPACK(br101) 172.16.0.19 02:16:3e:7f:8e:ef puppet
Oct 26 13:16:27 stack01 dnsmasq-dhcp[5323]: DHCPREQUEST(br102) 172.16.0.35 02:16:3e:41:fa:27
Oct 26 13:16:27 stack01 dnsmasq-dhcp[5323]: DHCPACK(br102) 172.16.0.35 02:16:3e:41:fa:27 puppet
Oct 26 13:16:33 stack01 dnsmasq-dhcp[5180]: DHCPREQUEST(br101) 172.16.0.21 02:16:3e:11:af:9a
Oct 26 13:16:33 stack01 dnsmasq-dhcp[5180]: DHCPACK(br101) 172.16.0.21 02:16:3e:11:af:9a ci
Oct 26 13:16:54 stack01 dnsmasq-dhcp[5180]: DHCPREQUEST(br101) 172.16.0.22 02:16:3e:75:46:da
Oct 26 13:16:54 stack01 dnsmasq-dhcp[5180]: DHCPACK(br101) 172.16.0.22 02:16:3e:75:46:da temp
Oct 26 13:17:01 stack01 CRON[13175]: (root) CMD ( cd / && run-parts --report /etc/cron.hourly)
Oct 26 13:17:21 stack01 dnsmasq-dhcp[5323]: DHCPREQUEST(br102) 172.16.0.35 02:16:3e:41:fa:27
Oct 26 13:17:21 stack01 dnsmasq-dhcp[5323]: DHCPACK(br102) 172.16.0.35 02:16:3e:41:fa:27 puppet
Oct 26 13:18:06 stack01 dnsmasq-dhcp[5323]: DHCPREQUEST(br102) 172.16.0.35 02:16:3e:41:fa:27
Oct 26 13:18:06 stack01 dnsmasq-dhcp[5323]: DHCPACK(br102) 172.16.0.35 02:16:3e:41:fa:27 puppet
Oct 26 13:18:21 stack01 dnsmasq-dhcp[5180]: DHCPREQUEST(br101) 172.16.0.21 02:16:3e:11:af:9a
Oct 26 13:18:21 stack01 dnsmasq-dhcp[5180]: DHCPACK(br101) 172.16.0.21 02:16:3e:11:af:9a ci
Oct 26 13:18:21 stack01 dnsmasq-dhcp[5180]: DHCPREQUEST(br101) 172.16.0.19 02:16:3e:7f:8e:ef
Oct 26 13:18:21 stack01 dnsmasq-dhcp[5180]: DHCPACK(br101) 172.16.0.19 02:16:3e:7f:8e:ef puppet
Oct 26 13:18:33 stack01 dnsmasq-dhcp[5180]: DHCPREQUEST(br101) 172.16.0.22 02:16:3e:75:46:da
Oct 26 13:18:33 stack01 dnsmasq-dhcp[5180]: DHCPACK(br101) 172.16.0.22 02:16:3e:75:46:da temp
Oct 26 13:18:52 stack01 dnsmasq-dhcp[5323]: DHCPREQUEST(br102) 172.16.0.35 02:16:3e:41:fa:27
Oct 26 13:18:52 stack01 dnsmasq-dhcp[5323]: DHCPACK(br102) 172.16.0.35 02:16:3e:41:fa:27 puppet
Oct 26 13:19:42 stack01 dnsmasq-dhcp[5323]: DHCPREQUEST(br102) 172.16.0.35 02:16:3e:41:fa:27
Oct 26 13:19:42 stack01 dnsmasq-dhcp[5323]: DHCPACK(br102) 172.16.0.35 02:16:3e:41:fa:27 puppet
Oct 26 13:20:01 stack01 CRON[13384]: (root) CMD (if [ -x /etc/munin/plugins/apt_all ]; then /etc/munin/plugins/apt_all update 7200 12 >/dev/null; elif [ -x /etc/munin/plugins/apt ]; then /etc/munin/plugins/apt update 7200 12 >/dev/null; fi)
Oct 26 13:20:01 stack01 CRON[13385]: (munin) CMD (if [ -x /usr/bin/munin-cron ]; then /usr/bin/munin-cron; fi)
Oct 26 13:20:05 stack01 dnsmasq-dhcp[5180]: DHCPREQUEST(br101) 172.16.0.21 02:16:3e:11:af:9a
Oct 26 13:20:05 stack01 dnsmasq-dhcp[5180]: DHCPACK(br101) 172.16.0.21 02:16:3e:11:af:9a ci
Oct 26 13:20:07 stack01 dnsmasq-dhcp[5180]: DHCPREQUEST(br101) 172.16.0.19 02:16:3e:7f:8e:ef
Oct 26 13:20:07 stack01 dnsmasq-dhcp[5180]: DHCPACK(br101) 172.16.0.19 02:16:3e:7f:8e:ef puppet
Oct 26 13:20:22 stack01 dnsmasq-dhcp[5180]: DHCPREQUEST(br101) 172.16.0.22 02:16:3e:75:46:da
Oct 26 13:20:22 stack01 dnsmasq-dhcp[5180]: DHCPACK(br101) 172.16.0.22 02:16:3e:75:46:da temp
Oct 26 13:20:28 stack01 dnsmasq-dhcp[5323]: DHCPREQUEST(br102) 172.16.0.35 02:16:3e:41:fa:27
Oct 26 13:20:28 stack01 dnsmasq-dhcp[5323]: DHCPACK(br102) 172.16.0.35 02:16:3e:41:fa:27 puppet
Oct 26 13:21:14 stack01 dnsmasq-dhcp[5323]: DHCPREQUEST(br102) 172.16.0.35 02:16:3e:41:fa:27
Oct 26 13:21:14 stack01 dnsmasq-dhcp[5323]: DHCPACK(br102) 172.16.0.35 02:16:3e:41:fa:27 puppet
Oct 26 13:21:46 stack01 dnsmasq-dhcp[5180]: DHCPREQUEST(br101) 172.16.0.21 02:16:3e:11:af:9a
Oct 26 13:21:46 stack01 dnsmasq-dhcp[5180]: DHCPACK(br101) 172.16.0.21 02:16:3e:11:af:9a ci
Oct 26 13:21:48 stack01 dnsmasq-dhcp[5180]: DHCPREQUEST(br101) 172.16.0.19 02:16:3e:7f:8e:ef
Oct 26 13:21:48 stack01 dnsmasq-dhcp[5180]: DHCPACK(br101) 172.16.0.19 02:16:3e:7f:8e:ef puppet
Oct 26 13:21:59 stack01 dnsmasq-dhcp[5323]: DHCPREQUEST(br102) 172.16.0.35 02:16:3e:41:fa:27
Oct 26 13:21:59 stack01 dnsmasq-dhcp[5323]: DHCPACK(br102) 172.16.0.35 02:16:3e:41:fa:27 puppet
Oct 26 13:22:14 stack01 dnsmasq-dhcp[5180]: DHCPREQUEST(br101) 172.16.0.22 02:16:3e:75:46:da
Oct 26 13:22:14 stack01 dnsmasq-dhcp[5180]: DHCPACK(br101) 172.16.0.22 02:16:3e:75:46:da temp
Oct 26 13:22:42 stack01 dnsmasq-dhcp[5323]: DHCPREQUEST(br102) 172.16.0.35 02:16:3e:41:fa:27
Oct 26 13:22:42 stack01 dnsmasq-dhcp[5323]: DHCPACK(br102) 172.16.0.35 02:16:3e:41:fa:27 puppet
Oct 26 13:23:29 stack01 dnsmasq-dhcp[5180]: DHCPREQUEST(br101) 172.16.0.19 02:16:3e:7f:8e:ef
Oct 26 13:23:29 stack01 dnsmasq-dhcp[5180]: DHCPACK(br101) 172.16.0.19 02:16:3e:7f:8e:ef puppet
Oct 26 13:23:35 stack01 dnsmasq-dhcp[5180]: DHCPREQUEST(br101) 172.16.0.21 02:16:3e:11:af:9a
Oct 26 13:23:35 stack01 dnsmasq-dhcp[5180]: DHCPACK(br101) 172.16.0.21 02:16:3e:11:af:9a ci
Oct 26 13:23:37 stack01 dnsmasq-dhcp[5323]: DHCPREQUEST(br102) 172.16.0.35 02:16:3e:41:fa:27
Oct 26 13:23:37 stack01 dnsmasq-dhcp[5323]: DHCPACK(br102) 172.16.0.35 02:16:3e:41:fa:27 puppet
Oct 26 13:24:10 stack01 dnsmasq-dhcp[5180]: DHCPREQUEST(br101) 172.16.0.22 02:16:3e:75:46:da
Oct 26 13:24:10 stack01 dnsmasq-dhcp[5180]: DHCPACK(br101) 172.16.0.22 02:16:3e:75:46:da temp
Oct 26 13:24:31 stack01 dnsmasq-dhcp[5323]: DHCPREQUEST(br102) 172.16.0.35 02:16:3e:41:fa:27
Oct 26 13:24:31 stack01 dnsmasq-dhcp[5323]: DHCPACK(br102) 172.16.0.35 02:16:3e:41:fa:27 puppet
Oct 26 13:25:01 stack01 CRON[14721]: (root) CMD (if [ -x /etc/munin/plugins/apt_all ]; then /etc/munin/plugins/apt_all update 7200 12 >/dev/null; elif [ -x /etc/munin/plugins/apt ]; then /etc/munin/plugins/apt update 7200 12 >/dev/null; fi)
Oct 26 13:25:01 stack01 CRON[14722]: (munin) CMD (if [ -x /usr/bin/munin-cron ]; then /usr/bin/munin-cron; fi)
Oct 26 13:25:19 stack01 dnsmasq-dhcp[5323]: DHCPREQUEST(br102) 172.16.0.35 02:16:3e:41:fa:27
Oct 26 13:25:19 stack01 dnsmasq-dhcp[5323]: DHCPACK(br102) 172.16.0.35 02:16:3e:41:fa:27 puppet
Oct 26 13:25:23 stack01 dnsmasq-dhcp[5180]: DHCPREQUEST(br101) 172.16.0.21 02:16:3e:11:af:9a
Oct 26 13:25:23 stack01 dnsmasq-dhcp[5180]: DHCPACK(br101) 172.16.0.21 02:16:3e:11:af:9a ci
Oct 26 13:25:27 stack01 dnsmasq-dhcp[5180]: DHCPREQUEST(br101) 172.16.0.19 02:16:3e:7f:8e:ef
Oct 26 13:25:27 stack01 dnsmasq-dhcp[5180]: DHCPACK(br101) 172.16.0.19 02:16:3e:7f:8e:ef puppet
Oct 26 13:25:53 stack01 dnsmasq-dhcp[5180]: DHCPREQUEST(br101) 172.16.0.22 02:16:3e:75:46:da
Oct 26 13:25:53 stack01 dnsmasq-dhcp[5180]: DHCPACK(br101) 172.16.0.22 02:16:3e:75:46:da temp
Oct 26 13:26:14 stack01 dnsmasq-dhcp[5323]: DHCPREQUEST(br102) 172.16.0.35 02:16:3e:41:fa:27
Oct 26 13:26:14 stack01 dnsmasq-dhcp[5323]: DHCPACK(br102) 172.16.0.35 02:16:3e:41:fa:27 puppet
Oct 26 13:26:58 stack01 dnsmasq-dhcp[5323]: DHCPREQUEST(br102) 172.16.0.35 02:16:3e:41:fa:27
Oct 26 13:26:58 stack01 dnsmasq-dhcp[5323]: DHCPACK(br102) 172.16.0.35 02:16:3e:41:fa:27 puppet
Oct 26 13:27:11 stack01 dnsmasq-dhcp[5180]: DHCPREQUEST(br101) 172.16.0.21 02:16:3e:11:af:9a
Oct 26 13:27:11 stack01 dnsmasq-dhcp[5180]: DHCPACK(br101) 172.16.0.21 02:16:3e:11:af:9a ci
Oct 26 13:27:13 stack01 dnsmasq-dhcp[5180]: DHCPREQUEST(br101) 172.16.0.19 02:16:3e:7f:8e:ef
Oct 26 13:27:13 stack01 dnsmasq-dhcp[5180]: DHCPACK(br101) 172.16.0.19 02:16:3e:7f:8e:ef puppet
Oct 26 13:27:43 stack01 dnsmasq-dhcp[5180]: DHCPREQUEST(br101) 172.16.0.22 02:16:3e:75:46:da
Oct 26 13:27:43 stack01 dnsmasq-dhcp[5180]: DHCPACK(br101) 172.16.0.22 02:16:3e:75:46:da temp
Oct 26 13:27:45 stack01 dnsmasq-dhcp[5323]: DHCPREQUEST(br102) 172.16.0.35 02:16:3e:41:fa:27
Oct 26 13:27:45 stack01 dnsmasq-dhcp[5323]: DHCPACK(br102) 172.16.0.35 02:16:3e:41:fa:27 puppet
Oct 26 13:28:35 stack01 dnsmasq-dhcp[5323]: DHCPREQUEST(br102) 172.16.0.35 02:16:3e:41:fa:27
Oct 26 13:28:35 stack01 dnsmasq-dhcp[5323]: DHCPACK(br102) 172.16.0.35 02:16:3e:41:fa:27 puppet
Oct 26 13:28:50 stack01 dnsmasq-dhcp[5180]: DHCPREQUEST(br101) 172.16.0.21 02:16:3e:11:af:9a
Oct 26 13:28:50 stack01 dnsmasq-dhcp[5180]: DHCPACK(br101) 172.16.0.21 02:16:3e:11:af:9a ci
Oct 26 13:29:05 stack01 dnsmasq-dhcp[5180]: DHCPREQUEST(br101) 172.16.0.19 02:16:3e:7f:8e:ef
Oct 26 13:29:05 stack01 dnsmasq-dhcp[5180]: DHCPACK(br101) 172.16.0.19 02:16:3e:7f:8e:ef puppet
Oct 26 13:29:25 stack01 dnsmasq-dhcp[5323]: DHCPREQUEST(br102) 172.16.0.35 02:16:3e:41:fa:27
Oct 26 13:29:25 stack01 dnsmasq-dhcp[5323]: DHCPACK(br102) 172.16.0.35 02:16:3e:41:fa:27 puppet
Oct 26 13:29:37 stack01 dnsmasq-dhcp[5180]: DHCPREQUEST(br101) 172.16.0.22 02:16:3e:75:46:da
Oct 26 13:29:37 stack01 dnsmasq-dhcp[5180]: DHCPACK(br101) 172.16.0.22 02:16:3e:75:46:da temp
Oct 26 13:30:01 stack01 CRON[16152]: (root) CMD (if [ -x /etc/munin/plugins/apt_all ]; then /etc/munin/plugins/apt_all update 7200 12 >/dev/null; elif [ -x /etc/munin/plugins/apt ]; then /etc/munin/plugins/apt update 7200 12 >/dev/null; fi)
Oct 26 13:30:01 stack01 CRON[16153]: (munin) CMD (if [ -x /usr/bin/munin-cron ]; then /usr/bin/munin-cron; fi)
Oct 26 13:30:13 stack01 dnsmasq-dhcp[5323]: DHCPREQUEST(br102) 172.16.0.35 02:16:3e:41:fa:27
Oct 26 13:30:13 stack01 dnsmasq-dhcp[5323]: DHCPACK(br102) 172.16.0.35 02:16:3e:41:fa:27 puppet
Oct 26 13:30:30 stack01 dnsmasq-dhcp[5180]: DHCPREQUEST(br101) 172.16.0.21 02:16:3e:11:af:9a
Oct 26 13:30:30 stack01 dnsmasq-dhcp[5180]: DHCPACK(br101) 172.16.0.21 02:16:3e:11:af:9a ci
Oct 26 13:30:51 stack01 dnsmasq-dhcp[5180]: DHCPREQUEST(br101) 172.16.0.19 02:16:3e:7f:8e:ef
Oct 26 13:30:51 stack01 dnsmasq-dhcp[5180]: DHCPACK(br101) 172.16.0.19 02:16:3e:7f:8e:ef puppet
Oct 26 13:31:08 stack01 dnsmasq-dhcp[5323]: DHCPREQUEST(br102) 172.16.0.35 02:16:3e:41:fa:27
Oct 26 13:31:08 stack01 dnsmasq-dhcp[5323]: DHCPACK(br102) 172.16.0.35 02:16:3e:41:fa:27 puppet
Oct 26 13:31:18 stack01 dnsmasq-dhcp[5180]: DHCPREQUEST(br101) 172.16.0.22 02:16:3e:75:46:da
Oct 26 13:31:18 stack01 dnsmasq-dhcp[5180]: DHCPACK(br101) 172.16.0.22 02:16:3e:75:46:da temp
Oct 26 13:32:01 stack01 dnsmasq-dhcp[5323]: DHCPREQUEST(br102) 172.16.0.35 02:16:3e:41:fa:27
Oct 26 13:32:01 stack01 dnsmasq-dhcp[5323]: DHCPACK(br102) 172.16.0.35 02:16:3e:41:fa:27 puppet
Oct 26 13:32:12 stack01 dnsmasq-dhcp[5180]: DHCPREQUEST(br101) 172.16.0.21 02:16:3e:11:af:9a
Oct 26 13:32:12 stack01 dnsmasq-dhcp[5180]: DHCPACK(br101) 172.16.0.21 02:16:3e:11:af:9a ci
Oct 26 13:32:42 stack01 dnsmasq-dhcp[5180]: DHCPREQUEST(br101) 172.16.0.19 02:16:3e:7f:8e:ef
Oct 26 13:32:42 stack01 dnsmasq-dhcp[5180]: DHCPACK(br101) 172.16.0.19 02:16:3e:7f:8e:ef puppet
Oct 26 13:32:46 stack01 dnsmasq-dhcp[5323]: DHCPREQUEST(br102) 172.16.0.35 02:16:3e:41:fa:27
Oct 26 13:32:46 stack01 dnsmasq-dhcp[5323]: DHCPACK(br102) 172.16.0.35 02:16:3e:41:fa:27 puppet
Oct 26 13:33:04 stack01 dnsmasq-dhcp[5180]: DHCPREQUEST(br101) 172.16.0.22 02:16:3e:75:46:da
Oct 26 13:33:04 stack01 dnsmasq-dhcp[5180]: DHCPACK(br101) 172.16.0.22 02:16:3e:75:46:da temp
Oct 26 13:33:36 stack01 dnsmasq-dhcp[5323]: DHCPREQUEST(br102) 172.16.0.35 02:16:3e:41:fa:27
Oct 26 13:33:36 stack01 dnsmasq-dhcp[5323]: DHCPACK(br102) 172.16.0.35 02:16:3e:41:fa:27 puppet
Oct 26 13:33:55 stack01 dnsmasq-dhcp[5180]: DHCPREQUEST(br101) 172.16.0.21 02:16:3e:11:af:9a
Oct 26 13:33:55 stack01 dnsmasq-dhcp[5180]: DHCPACK(br101) 172.16.0.21 02:16:3e:11:af:9a ci
Oct 26 13:34:24 stack01 dnsmasq-dhcp[5323]: DHCPREQUEST(br102) 172.16.0.35 02:16:3e:41:fa:27
Oct 26 13:34:24 stack01 dnsmasq-dhcp[5323]: DHCPACK(br102) 172.16.0.35 02:16:3e:41:fa:27 puppet
Oct 26 13:34:28 stack01 dnsmasq-dhcp[5180]: DHCPREQUEST(br101) 172.16.0.19 02:16:3e:7f:8e:ef
Oct 26 13:34:28 stack01 dnsmasq-dhcp[5180]: DHCPACK(br101) 172.16.0.19 02:16:3e:7f:8e:ef puppet
Oct 26 13:34:50 stack01 dnsmasq-dhcp[5180]: DHCPREQUEST(br101) 172.16.0.22 02:16:3e:75:46:da
Oct 26 13:34:50 stack01 dnsmasq-dhcp[5180]: DHCPACK(br101) 172.16.0.22 02:16:3e:75:46:da temp
Oct 26 13:35:01 stack01 CRON[17527]: (root) CMD (if [ -x /etc/munin/plugins/apt_all ]; then /etc/munin/plugins/apt_all update 7200 12 >/dev/null; elif [ -x /etc/munin/plugins/apt ]; then /etc/munin/plugins/apt update 7200 12 >/dev/null; fi)
Oct 26 13:35:01 stack01 CRON[17528]: (munin) CMD (if [ -x /usr/bin/munin-cron ]; then /usr/bin/munin-cron; fi)
Oct 26 13:35:18 stack01 dnsmasq-dhcp[5323]: DHCPREQUEST(br102) 172.16.0.35 02:16:3e:41:fa:27
Oct 26 13:35:18 stack01 dnsmasq-dhcp[5323]: DHCPACK(br102) 172.16.0.35 02:16:3e:41:fa:27 puppet
Oct 26 13:35:44 stack01 dnsmasq-dhcp[5180]: DHCPREQUEST(br101) 172.16.0.21 02:16:3e:11:af:9a
Oct 26 13:35:44 stack01 dnsmasq-dhcp[5180]: DHCPACK(br101) 172.16.0.21 02:16:3e:11:af:9a ci
Oct 26 13:36:11 stack01 dnsmasq-dhcp[5323]: DHCPREQUEST(br102) 172.16.0.35 02:16:3e:41:fa:27
Oct 26 13:36:11 stack01 dnsmasq-dhcp[5323]: DHCPACK(br102) 172.16.0.35 02:16:3e:41:fa:27 puppet
Oct 26 13:36:13 stack01 dnsmasq-dhcp[5180]: DHCPREQUEST(br101) 172.16.0.19 02:16:3e:7f:8e:ef
Oct 26 13:36:13 stack01 dnsmasq-dhcp[5180]: DHCPACK(br101) 172.16.0.19 02:16:3e:7f:8e:ef puppet
Oct 26 13:36:40 stack01 dnsmasq-dhcp[5180]: DHCPREQUEST(br101) 172.16.0.22 02:16:3e:75:46:da
Oct 26 13:36:40 stack01 dnsmasq-dhcp[5180]: DHCPACK(br101) 172.16.0.22 02:16:3e:75:46:da temp
Oct 26 13:36:58 stack01 dnsmasq-dhcp[5323]: DHCPREQUEST(br102) 172.16.0.35 02:16:3e:41:fa:27
Oct 26 13:36:58 stack01 dnsmasq-dhcp[5323]: DHCPACK(br102) 172.16.0.35 02:16:3e:41:fa:27 puppet
Oct 26 13:37:36 stack01 dnsmasq-dhcp[5180]: DHCPREQUEST(br101) 172.16.0.21 02:16:3e:11:af:9a
Oct 26 13:37:36 stack01 dnsmasq-dhcp[5180]: DHCPACK(br101) 172.16.0.21 02:16:3e:11:af:9a ci
Oct 26 13:37:48 stack01 dnsmasq-dhcp[5323]: DHCPREQUEST(br102) 172.16.0.35 02:16:3e:41:fa:27
Oct 26 13:37:48 stack01 dnsmasq-dhcp[5323]: DHCPACK(br102) 172.16.0.35 02:16:3e:41:fa:27 puppet
Oct 26 13:38:05 stack01 dnsmasq-dhcp[5180]: DHCPREQUEST(br101) 172.16.0.19 02:16:3e:7f:8e:ef
Oct 26 13:38:05 stack01 dnsmasq-dhcp[5180]: DHCPACK(br101) 172.16.0.19 02:16:3e:7f:8e:ef puppet
Oct 26 13:38:34 stack01 dnsmasq-dhcp[5180]: DHCPREQUEST(br101) 172.16.0.22 02:16:3e:75:46:da
Oct 26 13:38:34 stack01 dnsmasq-dhcp[5180]: DHCPACK(br101) 172.16.0.22 02:16:3e:75:46:da temp
Oct 26 13:38:42 stack01 dnsmasq-dhcp[5323]: DHCPREQUEST(br102) 172.16.0.35 02:16:3e:41:fa:27
Oct 26 13:38:42 stack01 dnsmasq-dhcp[5323]: DHCPACK(br102) 172.16.0.35 02:16:3e:41:fa:27 puppet
Oct 26 13:39:01 stack01 CRON[18819]: (root) CMD ( [ -x /usr/lib/php5/maxlifetime ] && [ -d /var/lib/php5 ] && find /var/lib/php5/ -depth -mindepth 1 -maxdepth 1 -type f -cmin +$(/usr/lib/php5/maxlifetime) ! -execdir fuser -s {} 2>/dev/null \; -delete)
Oct 26 13:39:20 stack01 dnsmasq-dhcp[5180]: DHCPREQUEST(br101) 172.16.0.21 02:16:3e:11:af:9a
Oct 26 13:39:20 stack01 dnsmasq-dhcp[5180]: DHCPACK(br101) 172.16.0.21 02:16:3e:11:af:9a ci
Oct 26 13:39:27 stack01 dnsmasq-dhcp[5323]: DHCPREQUEST(br102) 172.16.0.35 02:16:3e:41:fa:27
Oct 26 13:39:27 stack01 dnsmasq-dhcp[5323]: DHCPACK(br102) 172.16.0.35 02:16:3e:41:fa:27 puppet
Oct 26 13:39:47 stack01 dnsmasq-dhcp[5180]: DHCPREQUEST(br101) 172.16.0.19 02:16:3e:7f:8e:ef
Oct 26 13:39:47 stack01 dnsmasq-dhcp[5180]: DHCPACK(br101) 172.16.0.19 02:16:3e:7f:8e:ef puppet
Oct 26 13:40:01 stack01 CRON[18891]: (root) CMD (if [ -x /etc/munin/plugins/apt_all ]; then /etc/munin/plugins/apt_all update 7200 12 >/dev/null; elif [ -x /etc/munin/plugins/apt ]; then /etc/munin/plugins/apt update 7200 12 >/dev/null; fi)
Oct 26 13:40:01 stack01 CRON[18892]: (munin) CMD (if [ -x /usr/bin/munin-cron ]; then /usr/bin/munin-cron; fi)
Oct 26 13:40:10 stack01 dnsmasq-dhcp[5323]: DHCPREQUEST(br102) 172.16.0.35 02:16:3e:41:fa:27
Oct 26 13:40:10 stack01 dnsmasq-dhcp[5323]: DHCPACK(br102) 172.16.0.35 02:16:3e:41:fa:27 puppet
Oct 26 13:40:26 stack01 dnsmasq-dhcp[5180]: DHCPREQUEST(br101) 172.16.0.22 02:16:3e:75:46:da
Oct 26 13:40:26 stack01 dnsmasq-dhcp[5180]: DHCPACK(br101) 172.16.0.22 02:16:3e:75:46:da temp
Oct 26 13:41:06 stack01 dnsmasq-dhcp[5323]: DHCPREQUEST(br102) 172.16.0.35 02:16:3e:41:fa:27
Oct 26 13:41:06 stack01 dnsmasq-dhcp[5323]: DHCPACK(br102) 172.16.0.35 02:16:3e:41:fa:27 puppet
Oct 26 13:41:13 stack01 dnsmasq-dhcp[5180]: DHCPREQUEST(br101) 172.16.0.21 02:16:3e:11:af:9a
Oct 26 13:41:13 stack01 dnsmasq-dhcp[5180]: DHCPACK(br101) 172.16.0.21 02:16:3e:11:af:9a ci
Oct 26 13:41:33 stack01 dnsmasq-dhcp[5180]: DHCPREQUEST(br101) 172.16.0.19 02:16:3e:7f:8e:ef
Oct 26 13:41:33 stack01 dnsmasq-dhcp[5180]: DHCPACK(br101) 172.16.0.19 02:16:3e:7f:8e:ef puppet
Oct 26 13:41:53 stack01 dnsmasq-dhcp[5323]: DHCPREQUEST(br102) 172.16.0.35 02:16:3e:41:fa:27
Oct 26 13:41:53 stack01 dnsmasq-dhcp[5323]: DHCPACK(br102) 172.16.0.35 02:16:3e:41:fa:27 puppet
Oct 26 13:42:12 stack01 dnsmasq-dhcp[5180]: DHCPREQUEST(br101) 172.16.0.22 02:16:3e:75:46:da
Oct 26 13:42:12 stack01 dnsmasq-dhcp[5180]: DHCPACK(br101) 172.16.0.22 02:16:3e:75:46:da temp
Oct 26 13:42:46 stack01 dnsmasq-dhcp[5323]: DHCPREQUEST(br102) 172.16.0.35 02:16:3e:41:fa:27
Oct 26 13:42:46 stack01 dnsmasq-dhcp[5323]: DHCPACK(br102) 172.16.0.35 02:16:3e:41:fa:27 puppet
Oct 26 13:43:00 stack01 dnsmasq-dhcp[5180]: DHCPREQUEST(br101) 172.16.0.21 02:16:3e:11:af:9a
Oct 26 13:43:00 stack01 dnsmasq-dhcp[5180]: DHCPACK(br101) 172.16.0.21 02:16:3e:11:af:9a ci
Oct 26 13:43:17 stack01 dnsmasq-dhcp[5180]: DHCPREQUEST(br101) 172.16.0.19 02:16:3e:7f:8e:ef
Oct 26 13:43:17 stack01 dnsmasq-dhcp[5180]: DHCPACK(br101) 172.16.0.19 02:16:3e:7f:8e:ef puppet
Oct 26 13:43:38 stack01 dnsmasq-dhcp[5323]: DHCPREQUEST(br102) 172.16.0.35 02:16:3e:41:fa:27
Oct 26 13:43:38 stack01 dnsmasq-dhcp[5323]: DHCPACK(br102) 172.16.0.35 02:16:3e:41:fa:27 puppet
Oct 26 13:43:55 stack01 dnsmasq-dhcp[5180]: DHCPREQUEST(br101) 172.16.0.22 02:16:3e:75:46:da
Oct 26 13:43:55 stack01 dnsmasq-dhcp[5180]: DHCPACK(br101) 172.16.0.22 02:16:3e:75:46:da temp
Oct 26 13:44:22 stack01 dnsmasq-dhcp[5323]: DHCPREQUEST(br102) 172.16.0.35 02:16:3e:41:fa:27
Oct 26 13:44:22 stack01 dnsmasq-dhcp[5323]: DHCPACK(br102) 172.16.0.35 02:16:3e:41:fa:27 puppet
Oct 26 13:44:42 stack01 dnsmasq-dhcp[5180]: DHCPREQUEST(br101) 172.16.0.21 02:16:3e:11:af:9a
Oct 26 13:44:42 stack01 dnsmasq-dhcp[5180]: DHCPACK(br101) 172.16.0.21 02:16:3e:11:af:9a ci
Oct 26 13:44:59 stack01 dnsmasq-dhcp[5180]: DHCPREQUEST(br101) 172.16.0.19 02:16:3e:7f:8e:ef
Oct 26 13:44:59 stack01 dnsmasq-dhcp[5180]: DHCPACK(br101) 172.16.0.19 02:16:3e:7f:8e:ef puppet
Oct 26 13:45:01 stack01 CRON[20256]: (root) CMD (if [ -x /etc/munin/plugins/apt_all ]; then /etc/munin/plugins/apt_all update 7200 12 >/dev/null; elif [ -x /etc/munin/plugins/apt ]; then /etc/munin/plugins/apt update 7200 12 >/dev/null; fi)
Oct 26 13:45:01 stack01 CRON[20257]: (munin) CMD (if [ -x /usr/bin/munin-cron ]; then /usr/bin/munin-cron; fi)
Oct 26 13:45:11 stack01 dnsmasq-dhcp[5323]: DHCPREQUEST(br102) 172.16.0.35 02:16:3e:41:fa:27
Oct 26 13:45:11 stack01 dnsmasq-dhcp[5323]: DHCPACK(br102) 172.16.0.35 02:16:3e:41:fa:27 puppet
Oct 26 13:45:40 stack01 dnsmasq-dhcp[5180]: DHCPREQUEST(br101) 172.16.0.22 02:16:3e:75:46:da
Oct 26 13:45:40 stack01 dnsmasq-dhcp[5180]: DHCPACK(br101) 172.16.0.22 02:16:3e:75:46:da temp
Oct 26 13:45:53 stack01 dnsmasq-dhcp[5323]: DHCPREQUEST(br102) 172.16.0.35 02:16:3e:41:fa:27
Oct 26 13:45:53 stack01 dnsmasq-dhcp[5323]: DHCPACK(br102) 172.16.0.35 02:16:3e:41:fa:27 puppet
Oct 26 13:46:32 stack01 dnsmasq-dhcp[5180]: DHCPREQUEST(br101) 172.16.0.21 02:16:3e:11:af:9a
Oct 26 13:46:32 stack01 dnsmasq-dhcp[5180]: DHCPACK(br101) 172.16.0.21 02:16:3e:11:af:9a ci
Oct 26 13:46:39 stack01 dnsmasq-dhcp[5323]: DHCPREQUEST(br102) 172.16.0.35 02:16:3e:41:fa:27
Oct 26 13:46:39 stack01 dnsmasq-dhcp[5323]: DHCPACK(br102) 172.16.0.35 02:16:3e:41:fa:27 puppet
Oct 26 13:46:46 stack01 dnsmasq-dhcp[5180]: DHCPREQUEST(br101) 172.16.0.19 02:16:3e:7f:8e:ef
Oct 26 13:46:46 stack01 dnsmasq-dhcp[5180]: DHCPACK(br101) 172.16.0.19 02:16:3e:7f:8e:ef puppet
Oct 26 13:47:24 stack01 dnsmasq-dhcp[5323]: DHCPREQUEST(br102) 172.16.0.35 02:16:3e:41:fa:27
Oct 26 13:47:24 stack01 dnsmasq-dhcp[5323]: DHCPACK(br102) 172.16.0.35 02:16:3e:41:fa:27 puppet
Oct 26 13:47:29 stack01 dnsmasq-dhcp[5180]: DHCPREQUEST(br101) 172.16.0.22 02:16:3e:75:46:da
Oct 26 13:47:29 stack01 dnsmasq-dhcp[5180]: DHCPACK(br101) 172.16.0.22 02:16:3e:75:46:da temp
Oct 26 13:47:59 stack01 kernel: [34771.996207] general protection fault: 0000 [#7] SMP
Oct 26 13:47:59 stack01 kernel: [34772.000053] CPU 1
Oct 26 13:47:59 stack01 kernel: [34772.000053] Modules linked in: speedstep_lib ebt_arp ebt_ip 8021q garp ip6table_filter ip6_tables ebtable_nat ebtables ipt_MASQUERADE iptable_nat nf_nat nf_conntrack_ipv4 nf_defrag_ipv4 xt_state nf_conntrack iscsi_trgt ipt_REJECT xt_CHECKSUM iptable_mangle xt_tcpudp iptable_filter ip_tables x_tables bridge stp kvm_amd kvm vesafb ib_iser rdma_cm ib_cm iw_cm ib_sa ib_mad ib_core ib_addr iscsi_tcp libiscsi_tcp libiscsi scsi_transport_iscsi nbd amd64_edac_mod edac_core psmouse sp5100_tco serio_raw dm_multipath ghes joydev hed i2c_piix4 k10temp edac_mce_amd lp parport raid10 raid456 async_pq async_xor usbhid hid xor async_memcpy async_raid6_recov pata_atiixp ahci igb libahci dca raid6_pq async_tx raid1 raid0 multipath linear
Oct 26 13:47:59 stack01 kernel: [34772.000053]
Oct 26 13:47:59 stack01 kernel: [34772.000053] Pid: 75, comm: ksmd Tainted: G D 3.0.0-12-server #20-Ubuntu HP ProLiant DL165 G7
Oct 26 13:47:59 stack01 kernel: [34772.000053] RIP: 0010:[] [] unstable_tree_search_insert+0x37/0x150
Oct 26 13:47:59 stack01 kernel: [34772.000053] RSP: 0018:ffff8801365dbdf0 EFLAGS: 00010246
Oct 26 13:47:59 stack01 kernel: [34772.000053] RAX: 0000880327f046e8 RBX: ffffea0009218e08 RCX: 000000000000000a
Oct 26 13:47:59 stack01 kernel: [34772.000053] RDX: ffff8801365dbfd8 RSI: ffff88030b5f6000 RDI: ffffea000aa7cdd0
Oct 26 13:47:59 stack01 kernel: [34772.000053] RBP: ffff8801365dbe30 R08: 0000000000000078 R09: 00000000ffffffd2
Oct 26 13:47:59 stack01 kernel: [34772.000053] R10: ffff88029bdf7000 R11: 0000000000000001 R12: ffff8801384e7780
Oct 26 13:47:59 stack01 kernel: [34772.000053] R13: ffffea000aa7cdd0 R14: ffff88031de7fff8 R15: ffff88031de7ffc0
Oct 26 13:47:59 stack01 kernel: [34772.000053] FS: 00007f951f117700(0000) GS:ffff88013fc20000(0000) knlGS:0000000000000000
Oct 26 13:47:59 stack01 kernel: [34772.000053] CS: 0010 DS: 0000 ES: 0000 CR0: 000000008005003b
Oct 26 13:47:59 stack01 kernel: [34772.000053] CR2: 00007fff6a4650a0 CR3: 000000027a3ef000 CR4: 00000000000006e0
Oct 26 13:47:59 stack01 kernel: [34772.000053] DR0: 0000000000000000 DR1: 0000000000000000 DR2: 0000000000000000
Oct 26 13:47:59 stack01 kernel: [34772.000053] DR3: 0000000000000000 DR6: 00000000ffff0ff0 DR7: 0000000000000400
Oct 26 13:47:59 stack01 kernel: [34772.000053] Process ksmd (pid: 75, threadinfo ffff8801365da000, task ffff8801365e0000)
Oct 26 13:47:59 stack01 kernel: [34772.000053] Stack:
Oct 26 13:47:59 stack01 kernel: [34772.000053] ffff88031de7ffe8 ffff8801365dbe48 ffff8801365dbe30 ffffea00039bf008
Oct 26 13:47:59 stack01 kernel: [34772.000053] ffffea0009218e08 ffff8801384e7780 0000000000000000 ffff8801365e0000
Oct 26 13:47:59 stack01 kernel: [34772.000053] ffff8801365dbe70 ffffffff8114edc8 0000000000000001 0000000000000000
Oct 26 13:47:59 stack01 kernel: [34772.000053] Call Trace:
Oct 26 13:47:59 stack01 kernel: [34772.000053] [] cmp_and_merge_page+0x168/0x250
Oct 26 13:47:59 stack01 kernel: [34772.000053] [] ksm_scan_thread+0xaf/0x2a0
Oct 26 13:47:59 stack01 kernel: [34772.000053] [] ? add_wait_queue+0x60/0x60
Oct 26 13:47:59 stack01 kernel: [34772.000053] [] ? cmp_and_merge_page+0x250/0x250
Oct 26 13:47:59 stack01 kernel: [34772.000053] [] kthread+0x8c/0xa0
Oct 26 13:47:59 stack01 kernel: [34772.000053] [] kernel_thread_helper+0x4/0x10
Oct 26 13:47:59 stack01 kernel: [34772.000053] [] ? flush_kthread_worker+0xa0/0xa0
Oct 26 13:47:59 stack01 kernel: [34772.000053] [] ? gs_change+0x13/0x13
Oct 26 13:47:59 stack01 kernel: [34772.000053] Code: 53 48 83 ec 18 66 66 66 66 90 49 c7 c6 40 88 ee 81 48 89 55 c8 49 89 fc 48 89 f3 31 d2 49 83 3e 00 74 71 e8 ec ec 4a 00 49 8b 06
Oct 26 13:47:59 stack01 kernel: [34772.000053] RIP [] unstable_tree_search_insert+0x37/0x150
Oct 26 13:47:59 stack01 kernel: [34772.000053] RSP
Oct 26 13:47:59 stack01 kernel: [34772.740660] ---[ end trace 3db970a3e7847d80 ]---
Oct 26 13:48:16 stack01 dnsmasq-dhcp[5323]: DHCPREQUEST(br102) 172.16.0.35 02:16:3e:41:fa:27
Oct 26 13:48:16 stack01 dnsmasq-dhcp[5323]: DHCPACK(br102) 172.16.0.35 02:16:3e:41:fa:27 puppet
Oct 26 13:48:25 stack01 dnsmasq-dhcp[5180]: DHCPREQUEST(br101) 172.16.0.21 02:16:3e:11:af:9a
Oct 26 13:48:25 stack01 dnsmasq-dhcp[5180]: DHCPACK(br101) 172.16.0.21 02:16:3e:11:af:9a ci
Oct 26 13:48:32 stack01 dnsmasq-dhcp[5180]: DHCPREQUEST(br101) 172.16.0.19 02:16:3e:7f:8e:ef
Oct 26 13:48:32 stack01 dnsmasq-dhcp[5180]: DHCPACK(br101) 172.16.0.19 02:16:3e:7f:8e:ef puppet
Oct 26 13:48:58 stack01 dnsmasq-dhcp[5323]: DHCPREQUEST(br102) 172.16.0.35 02:16:3e:41:fa:27
Oct 26 13:48:58 stack01 dnsmasq-dhcp[5323]: DHCPACK(br102) 172.16.0.35 02:16:3e:41:fa:27 puppet
Oct 26 13:49:24 stack01 dnsmasq-dhcp[5180]: DHCPREQUEST(br101) 172.16.0.22 02:16:3e:75:46:da
Oct 26 13:49:24 stack01 dnsmasq-dhcp[5180]: DHCPACK(br101) 172.16.0.22 02:16:3e:75:46:da temp
Oct 26 13:49:47 stack01 dnsmasq-dhcp[5323]: DHCPREQUEST(br102) 172.16.0.35 02:16:3e:41:fa:27
Oct 26 13:49:47 stack01 dnsmasq-dhcp[5323]: DHCPACK(br102) 172.16.0.35 02:16:3e:41:fa:27 puppet
Oct 26 13:50:01 stack01 CRON[21653]: (root) CMD (if [ -x /etc/munin/plugins/apt_all ]; then /etc/munin/plugins/apt_all update 7200 12 >/dev/null; elif [ -x /etc/munin/plugins/apt ]; then /etc/munin/plugins/apt update 7200 12 >/dev/null; fi)
Oct 26 13:50:01 stack01 CRON[21654]: (munin) CMD (if [ -x /usr/bin/munin-cron ]; then /usr/bin/munin-cron; fi)
Oct 26 13:50:08 stack01 dnsmasq-dhcp[5180]: DHCPREQUEST(br101) 172.16.0.21 02:16:3e:11:af:9a
Oct 26 13:50:08 stack01 dnsmasq-dhcp[5180]: DHCPACK(br101) 172.16.0.21 02:16:3e:11:af:9a ci
Oct 26 13:50:22 stack01 dnsmasq-dhcp[5180]: DHCPREQUEST(br101) 172.16.0.19 02:16:3e:7f:8e:ef
Oct 26 13:50:22 stack01 dnsmasq-dhcp[5180]: DHCPACK(br101) 172.16.0.19 02:16:3e:7f:8e:ef puppet
Oct 26 13:50:34 stack01 dnsmasq-dhcp[5323]: DHCPREQUEST(br102) 172.16.0.35 02:16:3e:41:fa:27
Oct 26 13:50:34 stack01 dnsmasq-dhcp[5323]: DHCPACK(br102) 172.16.0.35 02:16:3e:41:fa:27 puppet
Oct 26 13:51:06 stack01 dnsmasq-dhcp[5180]: DHCPREQUEST(br101) 172.16.0.22 02:16:3e:75:46:da
Oct 26 13:51:06 stack01 dnsmasq-dhcp[5180]: DHCPACK(br101) 172.16.0.22 02:16:3e:75:46:da temp
Oct 26 13:51:24 stack01 dnsmasq-dhcp[5323]: DHCPREQUEST(br102) 172.16.0.35 02:16:3e:41:fa:27
Oct 26 13:51:24 stack01 dnsmasq-dhcp[5323]: DHCPACK(br102) 172.16.0.35 02:16:3e:41:fa:27 puppet
Oct 26 13:51:58 stack01 dnsmasq-dhcp[5180]: DHCPREQUEST(br101) 172.16.0.21 02:16:3e:11:af:9a
Oct 26 13:51:58 stack01 dnsmasq-dhcp[5180]: DHCPACK(br101) 172.16.0.21 02:16:3e:11:af:9a ci
Oct 26 13:52:06 stack01 dnsmasq-dhcp[5323]: DHCPREQUEST(br102) 172.16.0.35 02:16:3e:41:fa:27
Oct 26 13:52:06 stack01 dnsmasq-dhcp[5323]: DHCPACK(br102) 172.16.0.35 02:16:3e:41:fa:27 puppet
Oct 26 13:52:11 stack01 dnsmasq-dhcp[5180]: DHCPREQUEST(br101) 172.16.0.19 02:16:3e:7f:8e:ef
Oct 26 13:52:11 stack01 dnsmasq-dhcp[5180]: DHCPACK(br101) 172.16.0.19 02:16:3e:7f:8e:ef puppet
Oct 26 13:52:53 stack01 dnsmasq-dhcp[5180]: DHCPREQUEST(br101) 172.16.0.22 02:16:3e:75:46:da
Oct 26 13:52:53 stack01 dnsmasq-dhcp[5180]: DHCPACK(br101) 172.16.0.22 02:16:3e:75:46:da temp
Oct 26 13:52:55 stack01 dnsmasq-dhcp[5323]: DHCPREQUEST(br102) 172.16.0.35 02:16:3e:41:fa:27
Oct 26 13:52:55 stack01 dnsmasq-dhcp[5323]: DHCPACK(br102) 172.16.0.35 02:16:3e:41:fa:27 puppet
Oct 26 13:53:42 stack01 dnsmasq-dhcp[5180]: DHCPREQUEST(br101) 172.16.0.21 02:16:3e:11:af:9a
Oct 26 13:53:42 stack01 dnsmasq-dhcp[5180]: DHCPACK(br101) 172.16.0.21 02:16:3e:11:af:9a ci
Oct 26 13:53:49 stack01 dnsmasq-dhcp[5323]: DHCPREQUEST(br102) 172.16.0.35 02:16:3e:41:fa:27
Oct 26 13:53:49 stack01 dnsmasq-dhcp[5323]: DHCPACK(br102) 172.16.0.35 02:16:3e:41:fa:27 puppet
Oct 26 13:54:06 stack01 dnsmasq-dhcp[5180]: DHCPREQUEST(br101) 172.16.0.19 02:16:3e:7f:8e:ef
Oct 26 13:54:06 stack01 dnsmasq-dhcp[5180]: DHCPACK(br101) 172.16.0.19 02:16:3e:7f:8e:ef puppet
Oct 26 13:54:33 stack01 dnsmasq-dhcp[5180]: DHCPREQUEST(br101) 172.16.0.22 02:16:3e:75:46:da
Oct 26 13:54:33 stack01 dnsmasq-dhcp[5180]: DHCPACK(br101) 172.16.0.22 02:16:3e:75:46:da temp
Oct 26 13:54:35 stack01 dnsmasq-dhcp[5323]: DHCPREQUEST(br102) 172.16.0.35 02:16:3e:41:fa:27
Oct 26 13:54:35 stack01 dnsmasq-dhcp[5323]: DHCPACK(br102) 172.16.0.35 02:16:3e:41:fa:27 puppet
Oct 26 13:55:01 stack01 CRON[23010]: (root) CMD (if [ -x /etc/munin/plugins/apt_all ]; then /etc/munin/plugins/apt_all update 7200 12 >/dev/null; elif [ -x /etc/munin/plugins/apt ]; then /etc/munin/plugins/apt update 7200 12 >/dev/null; fi)
Oct 26 13:55:01 stack01 CRON[23011]: (munin) CMD (if [ -x /usr/bin/munin-cron ]; then /usr/bin/munin-cron; fi)
Oct 26 13:55:25 stack01 dnsmasq-dhcp[5180]: DHCPREQUEST(br101) 172.16.0.21 02:16:3e:11:af:9a
Oct 26 13:55:25 stack01 dnsmasq-dhcp[5180]: DHCPACK(br101) 172.16.0.21 02:16:3e:11:af:9a ci
Oct 26 13:55:30 stack01 dnsmasq-dhcp[5323]: DHCPREQUEST(br102) 172.16.0.35 02:16:3e:41:fa:27
Oct 26 13:55:30 stack01 dnsmasq-dhcp[5323]: DHCPACK(br102) 172.16.0.35 02:16:3e:41:fa:27 puppet
Oct 26 13:55:45 stack01 dnsmasq-dhcp[5180]: DHCPREQUEST(br101) 172.16.0.19 02:16:3e:7f:8e:ef
Oct 26 13:55:45 stack01 dnsmasq-dhcp[5180]: DHCPACK(br101) 172.16.0.19 02:16:3e:7f:8e:ef puppet
Oct 26 13:56:17 stack01 dnsmasq-dhcp[5180]: DHCPREQUEST(br101) 172.16.0.22 02:16:3e:75:46:da
Oct 26 13:56:17 stack01 dnsmasq-dhcp[5180]: DHCPACK(br101) 172.16.0.22 02:16:3e:75:46:da temp
Oct 26 13:56:20 stack01 dnsmasq-dhcp[5323]: DHCPREQUEST(br102) 172.16.0.35 02:16:3e:41:fa:27
Oct 26 13:56:20 stack01 dnsmasq-dhcp[5323]: DHCPACK(br102) 172.16.0.35 02:16:3e:41:fa:27 puppet
Oct 26 13:57:13 stack01 dnsmasq-dhcp[5180]: DHCPREQUEST(br101) 172.16.0.21 02:16:3e:11:af:9a
Oct 26 13:57:13 stack01 dnsmasq-dhcp[5180]: DHCPACK(br101) 172.16.0.21 02:16:3e:11:af:9a ci
Oct 26 13:57:16 stack01 dnsmasq-dhcp[5323]: DHCPREQUEST(br102) 172.16.0.35 02:16:3e:41:fa:27
Oct 26 13:57:16 stack01 dnsmasq-dhcp[5323]: DHCPACK(br102) 172.16.0.35 02:16:3e:41:fa:27 puppet
Oct 26 13:57:29 stack01 dnsmasq-dhcp[5180]: DHCPREQUEST(br101) 172.16.0.19 02:16:3e:7f:8e:ef
Oct 26 13:57:29 stack01 dnsmasq-dhcp[5180]: DHCPACK(br101) 172.16.0.19 02:16:3e:7f:8e:ef puppet
Oct 26 13:57:56 stack01 dnsmasq-dhcp[5323]: DHCPREQUEST(br102) 172.16.0.35 02:16:3e:41:fa:27
Oct 26 13:57:56 stack01 dnsmasq-dhcp[5323]: DHCPACK(br102) 172.16.0.35 02:16:3e:41:fa:27 puppet
Oct 26 13:58:00 stack01 dnsmasq-dhcp[5180]: DHCPREQUEST(br101) 172.16.0.22 02:16:3e:75:46:da
Oct 26 13:58:00 stack01 dnsmasq-dhcp[5180]: DHCPACK(br101) 172.16.0.22 02:16:3e:75:46:da temp
Oct 26 13:58:46 stack01 dnsmasq-dhcp[5323]: DHCPREQUEST(br102) 172.16.0.35 02:16:3e:41:fa:27
Oct 26 13:58:46 stack01 dnsmasq-dhcp[5323]: DHCPACK(br102) 172.16.0.35 02:16:3e:41:fa:27 puppet
Oct 26 13:58:54 stack01 dnsmasq-dhcp[5180]: DHCPREQUEST(br101) 172.16.0.21 02:16:3e:11:af:9a
Oct 26 13:58:54 stack01 dnsmasq-dhcp[5180]: DHCPACK(br101) 172.16.0.21 02:16:3e:11:af:9a ci
Oct 26 13:59:16 stack01 dnsmasq-dhcp[5180]: DHCPREQUEST(br101) 172.16.0.19 02:16:3e:7f:8e:ef
Oct 26 13:59:16 stack01 dnsmasq-dhcp[5180]: DHCPACK(br101) 172.16.0.19 02:16:3e:7f:8e:ef puppet
Oct 26 13:59:28 stack01 dnsmasq-dhcp[5323]: DHCPREQUEST(br102) 172.16.0.35 02:16:3e:41:fa:27
Oct 26 13:59:28 stack01 dnsmasq-dhcp[5323]: DHCPACK(br102) 172.16.0.35 02:16:3e:41:fa:27 puppet
Oct 26 13:59:45 stack01 dnsmasq-dhcp[5180]: DHCPREQUEST(br101) 172.16.0.22 02:16:3e:75:46:da
Oct 26 13:59:45 stack01 dnsmasq-dhcp[5180]: DHCPACK(br101) 172.16.0.22 02:16:3e:75:46:da temp
Oct 26 14:00:01 stack01 CRON[24383]: (root) CMD (if [ -x /etc/munin/plugins/apt_all ]; then /etc/munin/plugins/apt_all update 7200 12 >/dev/null; elif [ -x /etc/munin/plugins/apt ]; then /etc/munin/plugins/apt update 7200 12 >/dev/null; fi)
Oct 26 14:00:01 stack01 CRON[24384]: (munin) CMD (if [ -x /usr/bin/munin-cron ]; then /usr/bin/munin-cron; fi)
Oct 26 14:00:16 stack01 dnsmasq-dhcp[5323]: DHCPREQUEST(br102) 172.16.0.35 02:16:3e:41:fa:27
Oct 26 14:00:16 stack01 dnsmasq-dhcp[5323]: DHCPACK(br102) 172.16.0.35 02:16:3e:41:fa:27 puppet
Oct 26 14:00:43 stack01 dnsmasq-dhcp[5180]: DHCPREQUEST(br101) 172.16.0.21 02:16:3e:11:af:9a
Oct 26 14:00:43 stack01 dnsmasq-dhcp[5180]: DHCPACK(br101) 172.16.0.21 02:16:3e:11:af:9a ci
Oct 26 14:01:01 stack01 dnsmasq-dhcp[5323]: DHCPREQUEST(br102) 172.16.0.35 02:16:3e:41:fa:27
Oct 26 14:01:01 stack01 dnsmasq-dhcp[5323]: DHCPACK(br102) 172.16.0.35 02:16:3e:41:fa:27 puppet
Oct 26 14:01:02 stack01 dnsmasq-dhcp[5180]: DHCPREQUEST(br101) 172.16.0.19 02:16:3e:7f:8e:ef
Oct 26 14:01:02 stack01 dnsmasq-dhcp[5180]: DHCPACK(br101) 172.16.0.19 02:16:3e:7f:8e:ef puppet
Oct 26 14:01:28 stack01 dnsmasq-dhcp[5180]: DHCPREQUEST(br101) 172.16.0.22 02:16:3e:75:46:da
Oct 26 14:01:28 stack01 dnsmasq-dhcp[5180]: DHCPACK(br101) 172.16.0.22 02:16:3e:75:46:da temp
Oct 26 14:01:51 stack01 dnsmasq-dhcp[5323]: DHCPREQUEST(br102) 172.16.0.35 02:16:3e:41:fa:27
Oct 26 14:01:51 stack01 dnsmasq-dhcp[5323]: DHCPACK(br102) 172.16.0.35 02:16:3e:41:fa:27 puppet
Oct 26 14:02:27 stack01 dnsmasq-dhcp[5180]: DHCPREQUEST(br101) 172.16.0.21 02:16:3e:11:af:9a
Oct 26 14:02:27 stack01 dnsmasq-dhcp[5180]: DHCPACK(br101) 172.16.0.21 02:16:3e:11:af:9a ci
Oct 26 14:02:33 stack01 dnsmasq-dhcp[5323]: DHCPREQUEST(br102) 172.16.0.35 02:16:3e:41:fa:27
Oct 26 14:02:33 stack01 dnsmasq-dhcp[5323]: DHCPACK(br102) 172.16.0.35 02:16:3e:41:fa:27 puppet
Oct 26 14:02:54 stack01 dnsmasq-dhcp[5180]: DHCPREQUEST(br101) 172.16.0.19 02:16:3e:7f:8e:ef
