Oct 26 14:02:54 stack01 dnsmasq-dhcp[5180]: DHCPACK(br101) 172.16.0.19 02:16:3e:7f:8e:ef puppet
Oct 26 14:03:11 stack01 dnsmasq-dhcp[5180]: DHCPREQUEST(br101) 172.16.0.22 02:16:3e:75:46:da
Oct 26 14:03:11 stack01 dnsmasq-dhcp[5180]: DHCPACK(br101) 172.16.0.22 02:16:3e:75:46:da temp
Oct 26 14:03:22 stack01 dnsmasq-dhcp[5323]: DHCPREQUEST(br102) 172.16.0.35 02:16:3e:41:fa:27
Oct 26 14:03:22 stack01 dnsmasq-dhcp[5323]: DHCPACK(br102) 172.16.0.35 02:16:3e:41:fa:27 puppet
Oct 26 14:04:13 stack01 dnsmasq-dhcp[5323]: DHCPREQUEST(br102) 172.16.0.35 02:16:3e:41:fa:27
Oct 26 14:04:13 stack01 dnsmasq-dhcp[5323]: DHCPACK(br102) 172.16.0.35 02:16:3e:41:fa:27 puppet
Oct 26 14:04:27 stack01 dnsmasq-dhcp[5180]: DHCPREQUEST(br101) 172.16.0.21 02:16:3e:11:af:9a
Oct 26 14:04:27 stack01 dnsmasq-dhcp[5180]: DHCPACK(br101) 172.16.0.21 02:16:3e:11:af:9a ci
Oct 26 14:04:47 stack01 dnsmasq-dhcp[5180]: DHCPREQUEST(br101) 172.16.0.19 02:16:3e:7f:8e:ef
Oct 26 14:04:47 stack01 dnsmasq-dhcp[5180]: DHCPACK(br101) 172.16.0.19 02:16:3e:7f:8e:ef puppet
Oct 26 14:04:57 stack01 dnsmasq-dhcp[5180]: DHCPREQUEST(br101) 172.16.0.22 02:16:3e:75:46:da
Oct 26 14:04:57 stack01 dnsmasq-dhcp[5180]: DHCPACK(br101) 172.16.0.22 02:16:3e:75:46:da temp
Oct 26 14:05:01 stack01 CRON[25839]: (root) CMD (if [ -x /etc/munin/plugins/apt_all ]; then /etc/munin/plugins/apt_all update 7200 12 >/dev/null; elif [ -x /etc/munin/plugins/apt ]; then /etc/munin/plugins/apt update 7200 12 >/dev/null; fi)
Oct 26 14:05:01 stack01 CRON[25840]: (munin) CMD (if [ -x /usr/bin/munin-cron ]; then /usr/bin/munin-cron; fi)
Oct 26 14:05:04 stack01 dnsmasq-dhcp[5323]: DHCPREQUEST(br102) 172.16.0.35 02:16:3e:41:fa:27
Oct 26 14:05:04 stack01 dnsmasq-dhcp[5323]: DHCPACK(br102) 172.16.0.35 02:16:3e:41:fa:27 puppet
Oct 26 14:05:56 stack01 dnsmasq-dhcp[5323]: DHCPREQUEST(br102) 172.16.0.35 02:16:3e:41:fa:27
Oct 26 14:05:56 stack01 dnsmasq-dhcp[5323]: DHCPACK(br102) 172.16.0.35 02:16:3e:41:fa:27 puppet
Oct 26 14:06:08 stack01 dnsmasq-dhcp[5180]: DHCPREQUEST(br101) 172.16.0.21 02:16:3e:11:af:9a
Oct 26 14:06:08 stack01 dnsmasq-dhcp[5180]: DHCPACK(br101) 172.16.0.21 02:16:3e:11:af:9a ci
Oct 26 14:06:36 stack01 dnsmasq-dhcp[5180]: DHCPREQUEST(br101) 172.16.0.19 02:16:3e:7f:8e:ef
Oct 26 14:06:36 stack01 dnsmasq-dhcp[5180]: DHCPACK(br101) 172.16.0.19 02:16:3e:7f:8e:ef puppet
Oct 26 14:06:46 stack01 dnsmasq-dhcp[5180]: DHCPREQUEST(br101) 172.16.0.22 02:16:3e:75:46:da
Oct 26 14:06:46 stack01 dnsmasq-dhcp[5180]: DHCPACK(br101) 172.16.0.22 02:16:3e:75:46:da temp
Oct 26 14:06:50 stack01 dnsmasq-dhcp[5323]: DHCPREQUEST(br102) 172.16.0.35 02:16:3e:41:fa:27
Oct 26 14:06:50 stack01 dnsmasq-dhcp[5323]: DHCPACK(br102) 172.16.0.35 02:16:3e:41:fa:27 puppet
Oct 26 14:07:36 stack01 dnsmasq-dhcp[5323]: DHCPREQUEST(br102) 172.16.0.35 02:16:3e:41:fa:27
Oct 26 14:07:36 stack01 dnsmasq-dhcp[5323]: DHCPACK(br102) 172.16.0.35 02:16:3e:41:fa:27 puppet
Oct 26 14:08:07 stack01 dnsmasq-dhcp[5180]: DHCPREQUEST(br101) 172.16.0.21 02:16:3e:11:af:9a
Oct 26 14:08:07 stack01 dnsmasq-dhcp[5180]: DHCPACK(br101) 172.16.0.21 02:16:3e:11:af:9a ci
Oct 26 14:08:19 stack01 dnsmasq-dhcp[5180]: DHCPREQUEST(br101) 172.16.0.19 02:16:3e:7f:8e:ef
Oct 26 14:08:19 stack01 dnsmasq-dhcp[5180]: DHCPACK(br101) 172.16.0.19 02:16:3e:7f:8e:ef puppet
Oct 26 14:08:27 stack01 dnsmasq-dhcp[5180]: DHCPREQUEST(br101) 172.16.0.22 02:16:3e:75:46:da
Oct 26 14:08:27 stack01 dnsmasq-dhcp[5180]: DHCPACK(br101) 172.16.0.22 02:16:3e:75:46:da temp
Oct 26 14:08:31 stack01 dnsmasq-dhcp[5323]: DHCPREQUEST(br102) 172.16.0.35 02:16:3e:41:fa:27
Oct 26 14:08:31 stack01 dnsmasq-dhcp[5323]: DHCPACK(br102) 172.16.0.35 02:16:3e:41:fa:27 puppet
Oct 26 14:09:01 stack01 CRON[27179]: (root) CMD ( [ -x /usr/lib/php5/maxlifetime ] && [ -d /var/lib/php5 ] && find /var/lib/php5/ -depth -mindepth 1 -maxdepth 1 -type f -cmin +$(/usr/lib/php5/maxlifetime) ! -execdir fuser -s {} 2>/dev/null \; -delete)
Oct 26 14:09:14 stack01 dnsmasq-dhcp[5323]: DHCPREQUEST(br102) 172.16.0.35 02:16:3e:41:fa:27
Oct 26 14:09:14 stack01 dnsmasq-dhcp[5323]: DHCPACK(br102) 172.16.0.35 02:16:3e:41:fa:27 puppet
Oct 26 14:10:00 stack01 dnsmasq-dhcp[5323]: DHCPREQUEST(br102) 172.16.0.35 02:16:3e:41:fa:27
Oct 26 14:10:00 stack01 dnsmasq-dhcp[5323]: DHCPACK(br102) 172.16.0.35 02:16:3e:41:fa:27 puppet
Oct 26 14:10:01 stack01 dnsmasq-dhcp[5180]: DHCPREQUEST(br101) 172.16.0.21 02:16:3e:11:af:9a
Oct 26 14:10:01 stack01 dnsmasq-dhcp[5180]: DHCPACK(br101) 172.16.0.21 02:16:3e:11:af:9a ci
Oct 26 14:10:01 stack01 CRON[27318]: (root) CMD (if [ -x /etc/munin/plugins/apt_all ]; then /etc/munin/plugins/apt_all update 7200 12 >/dev/null; elif [ -x /etc/munin/plugins/apt ]; then /etc/munin/plugins/apt update 7200 12 >/dev/null; fi)
Oct 26 14:10:01 stack01 CRON[27319]: (munin) CMD (if [ -x /usr/bin/munin-cron ]; then /usr/bin/munin-cron; fi)
Oct 26 14:10:02 stack01 dnsmasq-dhcp[5180]: DHCPREQUEST(br101) 172.16.0.19 02:16:3e:7f:8e:ef
Oct 26 14:10:02 stack01 dnsmasq-dhcp[5180]: DHCPACK(br101) 172.16.0.19 02:16:3e:7f:8e:ef puppet
Oct 26 14:10:09 stack01 dnsmasq-dhcp[5180]: DHCPREQUEST(br101) 172.16.0.22 02:16:3e:75:46:da
Oct 26 14:10:09 stack01 dnsmasq-dhcp[5180]: DHCPACK(br101) 172.16.0.22 02:16:3e:75:46:da temp
Oct 26 14:10:49 stack01 dnsmasq-dhcp[5323]: DHCPREQUEST(br102) 172.16.0.35 02:16:3e:41:fa:27
Oct 26 14:10:49 stack01 dnsmasq-dhcp[5323]: DHCPACK(br102) 172.16.0.35 02:16:3e:41:fa:27 puppet
Oct 26 14:11:36 stack01 dnsmasq-dhcp[5323]: DHCPREQUEST(br102) 172.16.0.35 02:16:3e:41:fa:27
Oct 26 14:11:36 stack01 dnsmasq-dhcp[5323]: DHCPACK(br102) 172.16.0.35 02:16:3e:41:fa:27 puppet
Oct 26 14:11:43 stack01 dnsmasq-dhcp[5180]: DHCPREQUEST(br101) 172.16.0.21 02:16:3e:11:af:9a
Oct 26 14:11:43 stack01 dnsmasq-dhcp[5180]: DHCPACK(br101) 172.16.0.21 02:16:3e:11:af:9a ci
Oct 26 14:11:47 stack01 dnsmasq-dhcp[5180]: DHCPREQUEST(br101) 172.16.0.19 02:16:3e:7f:8e:ef
Oct 26 14:11:47 stack01 dnsmasq-dhcp[5180]: DHCPACK(br101) 172.16.0.19 02:16:3e:7f:8e:ef puppet
Oct 26 14:11:55 stack01 dnsmasq-dhcp[5180]: DHCPREQUEST(br101) 172.16.0.22 02:16:3e:75:46:da
Oct 26 14:11:55 stack01 dnsmasq-dhcp[5180]: DHCPACK(br101) 172.16.0.22 02:16:3e:75:46:da temp
Oct 26 14:12:19 stack01 dnsmasq-dhcp[5323]: DHCPREQUEST(br102) 172.16.0.35 02:16:3e:41:fa:27
Oct 26 14:12:19 stack01 dnsmasq-dhcp[5323]: DHCPACK(br102) 172.16.0.35 02:16:3e:41:fa:27 puppet
Oct 26 14:13:10 stack01 dnsmasq-dhcp[5323]: DHCPREQUEST(br102) 172.16.0.35 02:16:3e:41:fa:27
Oct 26 14:13:10 stack01 dnsmasq-dhcp[5323]: DHCPACK(br102) 172.16.0.35 02:16:3e:41:fa:27 puppet
Oct 26 14:13:31 stack01 dnsmasq-dhcp[5180]: DHCPREQUEST(br101) 172.16.0.21 02:16:3e:11:af:9a
Oct 26 14:13:31 stack01 dnsmasq-dhcp[5180]: DHCPACK(br101) 172.16.0.21 02:16:3e:11:af:9a ci
Oct 26 14:13:37 stack01 dnsmasq-dhcp[5180]: DHCPREQUEST(br101) 172.16.0.19 02:16:3e:7f:8e:ef
Oct 26 14:13:37 stack01 dnsmasq-dhcp[5180]: DHCPACK(br101) 172.16.0.19 02:16:3e:7f:8e:ef puppet
Oct 26 14:13:44 stack01 dnsmasq-dhcp[5180]: DHCPREQUEST(br101) 172.16.0.22 02:16:3e:75:46:da
Oct 26 14:13:44 stack01 dnsmasq-dhcp[5180]: DHCPACK(br101) 172.16.0.22 02:16:3e:75:46:da temp
Oct 26 14:14:06 stack01 dnsmasq-dhcp[5323]: DHCPREQUEST(br102) 172.16.0.35 02:16:3e:41:fa:27
Oct 26 14:14:06 stack01 dnsmasq-dhcp[5323]: DHCPACK(br102) 172.16.0.35 02:16:3e:41:fa:27 puppet
Oct 26 14:14:55 stack01 dnsmasq-dhcp[5323]: DHCPREQUEST(br102) 172.16.0.35 02:16:3e:41:fa:27
Oct 26 14:14:55 stack01 dnsmasq-dhcp[5323]: DHCPACK(br102) 172.16.0.35 02:16:3e:41:fa:27 puppet
Oct 26 14:15:01 stack01 CRON[28696]: (root) CMD (if [ -x /etc/munin/plugins/apt_all ]; then /etc/munin/plugins/apt_all update 7200 12 >/dev/null; elif [ -x /etc/munin/plugins/apt ]; then /etc/munin/plugins/apt update 7200 12 >/dev/null; fi)
Oct 26 14:15:01 stack01 CRON[28697]: (munin) CMD (if [ -x /usr/bin/munin-cron ]; then /usr/bin/munin-cron; fi)
Oct 26 14:15:19 stack01 dnsmasq-dhcp[5180]: DHCPREQUEST(br101) 172.16.0.21 02:16:3e:11:af:9a
Oct 26 14:15:19 stack01 dnsmasq-dhcp[5180]: DHCPACK(br101) 172.16.0.21 02:16:3e:11:af:9a ci
Oct 26 14:15:20 stack01 dnsmasq-dhcp[5180]: DHCPREQUEST(br101) 172.16.0.19 02:16:3e:7f:8e:ef
Oct 26 14:15:20 stack01 dnsmasq-dhcp[5180]: DHCPACK(br101) 172.16.0.19 02:16:3e:7f:8e:ef puppet
Oct 26 14:15:26 stack01 dnsmasq-dhcp[5180]: DHCPREQUEST(br101) 172.16.0.22 02:16:3e:75:46:da
Oct 26 14:15:26 stack01 dnsmasq-dhcp[5180]: DHCPACK(br101) 172.16.0.22 02:16:3e:75:46:da temp
Oct 26 14:15:50 stack01 dnsmasq-dhcp[5323]: DHCPREQUEST(br102) 172.16.0.35 02:16:3e:41:fa:27
Oct 26 14:15:50 stack01 dnsmasq-dhcp[5323]: DHCPACK(br102) 172.16.0.35 02:16:3e:41:fa:27 puppet
Oct 26 14:16:43 stack01 dnsmasq-dhcp[5323]: DHCPREQUEST(br102) 172.16.0.35 02:16:3e:41:fa:27
Oct 26 14:16:43 stack01 dnsmasq-dhcp[5323]: DHCPACK(br102) 172.16.0.35 02:16:3e:41:fa:27 puppet
Oct 26 14:17:01 stack01 dnsmasq-dhcp[5180]: DHCPREQUEST(br101) 172.16.0.21 02:16:3e:11:af:9a
Oct 26 14:17:01 stack01 dnsmasq-dhcp[5180]: DHCPACK(br101) 172.16.0.21 02:16:3e:11:af:9a ci
Oct 26 14:17:01 stack01 CRON[29862]: (root) CMD ( cd / && run-parts --report /etc/cron.hourly)
Oct 26 14:17:06 stack01 dnsmasq-dhcp[5180]: DHCPREQUEST(br101) 172.16.0.19 02:16:3e:7f:8e:ef
Oct 26 14:17:06 stack01 dnsmasq-dhcp[5180]: DHCPACK(br101) 172.16.0.19 02:16:3e:7f:8e:ef puppet
Oct 26 14:17:11 stack01 dnsmasq-dhcp[5180]: DHCPREQUEST(br101) 172.16.0.22 02:16:3e:75:46:da
Oct 26 14:17:11 stack01 dnsmasq-dhcp[5180]: DHCPACK(br101) 172.16.0.22 02:16:3e:75:46:da temp
Oct 26 14:17:26 stack01 dnsmasq-dhcp[5323]: DHCPREQUEST(br102) 172.16.0.35 02:16:3e:41:fa:27
Oct 26 14:17:26 stack01 dnsmasq-dhcp[5323]: DHCPACK(br102) 172.16.0.35 02:16:3e:41:fa:27 puppet
Oct 26 14:18:12 stack01 dnsmasq-dhcp[5323]: DHCPREQUEST(br102) 172.16.0.35 02:16:3e:41:fa:27
Oct 26 14:18:12 stack01 dnsmasq-dhcp[5323]: DHCPACK(br102) 172.16.0.35 02:16:3e:41:fa:27 puppet
Oct 26 14:18:42 stack01 dnsmasq-dhcp[5180]: DHCPREQUEST(br101) 172.16.0.21 02:16:3e:11:af:9a
Oct 26 14:18:42 stack01 dnsmasq-dhcp[5180]: DHCPACK(br101) 172.16.0.21 02:16:3e:11:af:9a ci
Oct 26 14:18:53 stack01 dnsmasq-dhcp[5180]: DHCPREQUEST(br101) 172.16.0.19 02:16:3e:7f:8e:ef
Oct 26 14:18:53 stack01 dnsmasq-dhcp[5180]: DHCPACK(br101) 172.16.0.19 02:16:3e:7f:8e:ef puppet
Oct 26 14:18:53 stack01 dnsmasq-dhcp[5180]: DHCPREQUEST(br101) 172.16.0.22 02:16:3e:75:46:da
Oct 26 14:18:53 stack01 dnsmasq-dhcp[5180]: DHCPACK(br101) 172.16.0.22 02:16:3e:75:46:da temp
Oct 26 14:19:01 stack01 dnsmasq-dhcp[5323]: DHCPREQUEST(br102) 172.16.0.35 02:16:3e:41:fa:27
Oct 26 14:19:01 stack01 dnsmasq-dhcp[5323]: DHCPACK(br102) 172.16.0.35 02:16:3e:41:fa:27 puppet
Oct 26 14:19:55 stack01 dnsmasq-dhcp[5323]: DHCPREQUEST(br102) 172.16.0.35 02:16:3e:41:fa:27
Oct 26 14:19:55 stack01 dnsmasq-dhcp[5323]: DHCPACK(br102) 172.16.0.35 02:16:3e:41:fa:27 puppet
Oct 26 14:20:01 stack01 CRON[30095]: (root) CMD (if [ -x /etc/munin/plugins/apt_all ]; then /etc/munin/plugins/apt_all update 7200 12 >/dev/null; elif [ -x /etc/munin/plugins/apt ]; then /etc/munin/plugins/apt update 7200 12 >/dev/null; fi)
Oct 26 14:20:01 stack01 CRON[30096]: (munin) CMD (if [ -x /usr/bin/munin-cron ]; then /usr/bin/munin-cron; fi)
Oct 26 14:20:34 stack01 dnsmasq-dhcp[5180]: DHCPREQUEST(br101) 172.16.0.21 02:16:3e:11:af:9a
Oct 26 14:20:34 stack01 dnsmasq-dhcp[5180]: DHCPACK(br101) 172.16.0.21 02:16:3e:11:af:9a ci
Oct 26 14:20:38 stack01 dnsmasq-dhcp[5323]: DHCPREQUEST(br102) 172.16.0.35 02:16:3e:41:fa:27
Oct 26 14:20:38 stack01 dnsmasq-dhcp[5323]: DHCPACK(br102) 172.16.0.35 02:16:3e:41:fa:27 puppet
Oct 26 14:20:49 stack01 dnsmasq-dhcp[5180]: DHCPREQUEST(br101) 172.16.0.19 02:16:3e:7f:8e:ef
Oct 26 14:20:49 stack01 dnsmasq-dhcp[5180]: DHCPACK(br101) 172.16.0.19 02:16:3e:7f:8e:ef puppet
Oct 26 14:20:53 stack01 dnsmasq-dhcp[5180]: DHCPREQUEST(br101) 172.16.0.22 02:16:3e:75:46:da
Oct 26 14:20:53 stack01 dnsmasq-dhcp[5180]: DHCPACK(br101) 172.16.0.22 02:16:3e:75:46:da temp
Oct 26 14:21:28 stack01 dnsmasq-dhcp[5323]: DHCPREQUEST(br102) 172.16.0.35 02:16:3e:41:fa:27
Oct 26 14:21:28 stack01 dnsmasq-dhcp[5323]: DHCPACK(br102) 172.16.0.35 02:16:3e:41:fa:27 puppet
Oct 26 14:22:14 stack01 dnsmasq-dhcp[5323]: DHCPREQUEST(br102) 172.16.0.35 02:16:3e:41:fa:27
Oct 26 14:22:14 stack01 dnsmasq-dhcp[5323]: DHCPACK(br102) 172.16.0.35 02:16:3e:41:fa:27 puppet
Oct 26 14:22:21 stack01 dnsmasq-dhcp[5180]: DHCPREQUEST(br101) 172.16.0.21 02:16:3e:11:af:9a
Oct 26 14:22:21 stack01 dnsmasq-dhcp[5180]: DHCPACK(br101) 172.16.0.21 02:16:3e:11:af:9a ci
Oct 26 14:22:34 stack01 dnsmasq-dhcp[5180]: DHCPREQUEST(br101) 172.16.0.19 02:16:3e:7f:8e:ef
Oct 26 14:22:34 stack01 dnsmasq-dhcp[5180]: DHCPACK(br101) 172.16.0.19 02:16:3e:7f:8e:ef puppet
Oct 26 14:22:40 stack01 dnsmasq-dhcp[5180]: DHCPREQUEST(br101) 172.16.0.22 02:16:3e:75:46:da
Oct 26 14:22:40 stack01 dnsmasq-dhcp[5180]: DHCPACK(br101) 172.16.0.22 02:16:3e:75:46:da temp
Oct 26 14:23:01 stack01 dnsmasq-dhcp[5323]: DHCPREQUEST(br102) 172.16.0.35 02:16:3e:41:fa:27
Oct 26 14:23:01 stack01 dnsmasq-dhcp[5323]: DHCPACK(br102) 172.16.0.35 02:16:3e:41:fa:27 puppet
Oct 26 14:23:46 stack01 dnsmasq-dhcp[5323]: DHCPREQUEST(br102) 172.16.0.35 02:16:3e:41:fa:27
Oct 26 14:23:46 stack01 dnsmasq-dhcp[5323]: DHCPACK(br102) 172.16.0.35 02:16:3e:41:fa:27 puppet
Oct 26 14:24:00 stack01 dnsmasq-dhcp[5180]: DHCPREQUEST(br101) 172.16.0.21 02:16:3e:11:af:9a
Oct 26 14:24:00 stack01 dnsmasq-dhcp[5180]: DHCPACK(br101) 172.16.0.21 02:16:3e:11:af:9a ci
Oct 26 14:24:23 stack01 dnsmasq-dhcp[5180]: DHCPREQUEST(br101) 172.16.0.19 02:16:3e:7f:8e:ef
Oct 26 14:24:23 stack01 dnsmasq-dhcp[5180]: DHCPACK(br101) 172.16.0.19 02:16:3e:7f:8e:ef puppet
Oct 26 14:24:33 stack01 dnsmasq-dhcp[5323]: DHCPREQUEST(br102) 172.16.0.35 02:16:3e:41:fa:27
Oct 26 14:24:33 stack01 dnsmasq-dhcp[5323]: DHCPACK(br102) 172.16.0.35 02:16:3e:41:fa:27 puppet
Oct 26 14:24:36 stack01 dnsmasq-dhcp[5180]: DHCPREQUEST(br101) 172.16.0.22 02:16:3e:75:46:da
Oct 26 14:24:36 stack01 dnsmasq-dhcp[5180]: DHCPACK(br101) 172.16.0.22 02:16:3e:75:46:da temp
Oct 26 14:25:01 stack01 CRON[31414]: (root) CMD (if [ -x /etc/munin/plugins/apt_all ]; then /etc/munin/plugins/apt_all update 7200 12 >/dev/null; elif [ -x /etc/munin/plugins/apt ]; then /etc/munin/plugins/apt update 7200 12 >/dev/null; fi)
Oct 26 14:25:01 stack01 CRON[31415]: (munin) CMD (if [ -x /usr/bin/munin-cron ]; then /usr/bin/munin-cron; fi)
Oct 26 14:25:20 stack01 dnsmasq-dhcp[5323]: DHCPREQUEST(br102) 172.16.0.35 02:16:3e:41:fa:27
Oct 26 14:25:20 stack01 dnsmasq-dhcp[5323]: DHCPACK(br102) 172.16.0.35 02:16:3e:41:fa:27 puppet
Oct 26 14:25:59 stack01 dnsmasq-dhcp[5180]: DHCPREQUEST(br101) 172.16.0.21 02:16:3e:11:af:9a
Oct 26 14:25:59 stack01 dnsmasq-dhcp[5180]: DHCPACK(br101) 172.16.0.21 02:16:3e:11:af:9a ci
Oct 26 14:26:06 stack01 dnsmasq-dhcp[5180]: DHCPREQUEST(br101) 172.16.0.19 02:16:3e:7f:8e:ef
Oct 26 14:26:06 stack01 dnsmasq-dhcp[5180]: DHCPACK(br101) 172.16.0.19 02:16:3e:7f:8e:ef puppet
Oct 26 14:26:07 stack01 dnsmasq-dhcp[5323]: DHCPREQUEST(br102) 172.16.0.35 02:16:3e:41:fa:27
Oct 26 14:26:07 stack01 dnsmasq-dhcp[5323]: DHCPACK(br102) 172.16.0.35 02:16:3e:41:fa:27 puppet
Oct 26 14:26:17 stack01 dnsmasq-dhcp[5180]: DHCPREQUEST(br101) 172.16.0.22 02:16:3e:75:46:da
Oct 26 14:26:17 stack01 dnsmasq-dhcp[5180]: DHCPACK(br101) 172.16.0.22 02:16:3e:75:46:da temp
Oct 26 14:27:00 stack01 dnsmasq-dhcp[5323]: DHCPREQUEST(br102) 172.16.0.35 02:16:3e:41:fa:27
Oct 26 14:27:00 stack01 dnsmasq-dhcp[5323]: DHCPACK(br102) 172.16.0.35 02:16:3e:41:fa:27 puppet
Oct 26 14:27:40 stack01 dnsmasq-dhcp[5180]: DHCPREQUEST(br101) 172.16.0.21 02:16:3e:11:af:9a
Oct 26 14:27:40 stack01 dnsmasq-dhcp[5180]: DHCPACK(br101) 172.16.0.21 02:16:3e:11:af:9a ci
Oct 26 14:27:48 stack01 dnsmasq-dhcp[5323]: DHCPREQUEST(br102) 172.16.0.35 02:16:3e:41:fa:27
Oct 26 14:27:48 stack01 dnsmasq-dhcp[5323]: DHCPACK(br102) 172.16.0.35 02:16:3e:41:fa:27 puppet
Oct 26 14:27:51 stack01 dnsmasq-dhcp[5180]: DHCPREQUEST(br101) 172.16.0.19 02:16:3e:7f:8e:ef
Oct 26 14:27:51 stack01 dnsmasq-dhcp[5180]: DHCPACK(br101) 172.16.0.19 02:16:3e:7f:8e:ef puppet
Oct 26 14:28:09 stack01 dnsmasq-dhcp[5180]: DHCPREQUEST(br101) 172.16.0.22 02:16:3e:75:46:da
Oct 26 14:28:09 stack01 dnsmasq-dhcp[5180]: DHCPACK(br101) 172.16.0.22 02:16:3e:75:46:da temp
Oct 26 14:28:37 stack01 dnsmasq-dhcp[5323]: DHCPREQUEST(br102) 172.16.0.35 02:16:3e:41:fa:27
Oct 26 14:28:37 stack01 dnsmasq-dhcp[5323]: DHCPACK(br102) 172.16.0.35 02:16:3e:41:fa:27 puppet
Oct 26 14:29:25 stack01 dnsmasq-dhcp[5180]: DHCPREQUEST(br101) 172.16.0.21 02:16:3e:11:af:9a
Oct 26 14:29:25 stack01 dnsmasq-dhcp[5180]: DHCPACK(br101) 172.16.0.21 02:16:3e:11:af:9a ci
Oct 26 14:29:28 stack01 dnsmasq-dhcp[5323]: DHCPREQUEST(br102) 172.16.0.35 02:16:3e:41:fa:27
Oct 26 14:29:28 stack01 dnsmasq-dhcp[5323]: DHCPACK(br102) 172.16.0.35 02:16:3e:41:fa:27 puppet
Oct 26 14:29:41 stack01 dnsmasq-dhcp[5180]: DHCPREQUEST(br101) 172.16.0.19 02:16:3e:7f:8e:ef
Oct 26 14:29:41 stack01 dnsmasq-dhcp[5180]: DHCPACK(br101) 172.16.0.19 02:16:3e:7f:8e:ef puppet
Oct 26 14:29:50 stack01 dnsmasq-dhcp[5180]: DHCPREQUEST(br101) 172.16.0.22 02:16:3e:75:46:da
Oct 26 14:29:50 stack01 dnsmasq-dhcp[5180]: DHCPACK(br101) 172.16.0.22 02:16:3e:75:46:da temp
Oct 26 14:30:01 stack01 CRON[402]: (root) CMD (if [ -x /etc/munin/plugins/apt_all ]; then /etc/munin/plugins/apt_all update 7200 12 >/dev/null; elif [ -x /etc/munin/plugins/apt ]; then /etc/munin/plugins/apt update 7200 12 >/dev/null; fi)
Oct 26 14:30:01 stack01 CRON[403]: (munin) CMD (if [ -x /usr/bin/munin-cron ]; then /usr/bin/munin-cron; fi)
Oct 26 14:30:10 stack01 dnsmasq-dhcp[5323]: DHCPREQUEST(br102) 172.16.0.35 02:16:3e:41:fa:27
Oct 26 14:30:10 stack01 dnsmasq-dhcp[5323]: DHCPACK(br102) 172.16.0.35 02:16:3e:41:fa:27 puppet
Oct 26 14:30:59 stack01 dnsmasq-dhcp[5323]: DHCPREQUEST(br102) 172.16.0.35 02:16:3e:41:fa:27
Oct 26 14:30:59 stack01 dnsmasq-dhcp[5323]: DHCPACK(br102) 172.16.0.35 02:16:3e:41:fa:27 puppet
Oct 26 14:31:12 stack01 dnsmasq-dhcp[5180]: DHCPREQUEST(br101) 172.16.0.21 02:16:3e:11:af:9a
Oct 26 14:31:12 stack01 dnsmasq-dhcp[5180]: DHCPACK(br101) 172.16.0.21 02:16:3e:11:af:9a ci
Oct 26 14:31:31 stack01 dnsmasq-dhcp[5180]: DHCPREQUEST(br101) 172.16.0.22 02:16:3e:75:46:da
Oct 26 14:31:31 stack01 dnsmasq-dhcp[5180]: DHCPACK(br101) 172.16.0.22 02:16:3e:75:46:da temp
Oct 26 14:31:37 stack01 dnsmasq-dhcp[5180]: DHCPREQUEST(br101) 172.16.0.19 02:16:3e:7f:8e:ef
Oct 26 14:31:37 stack01 dnsmasq-dhcp[5180]: DHCPACK(br101) 172.16.0.19 02:16:3e:7f:8e:ef puppet
Oct 26 14:31:46 stack01 dnsmasq-dhcp[5323]: DHCPREQUEST(br102) 172.16.0.35 02:16:3e:41:fa:27
Oct 26 14:31:46 stack01 dnsmasq-dhcp[5323]: DHCPACK(br102) 172.16.0.35 02:16:3e:41:fa:27 puppet
Oct 26 14:32:36 stack01 dnsmasq-dhcp[5323]: DHCPREQUEST(br102) 172.16.0.35 02:16:3e:41:fa:27
Oct 26 14:32:36 stack01 dnsmasq-dhcp[5323]: DHCPACK(br102) 172.16.0.35 02:16:3e:41:fa:27 puppet
Oct 26 14:32:57 stack01 dnsmasq-dhcp[5180]: DHCPREQUEST(br101) 172.16.0.21 02:16:3e:11:af:9a
Oct 26 14:32:57 stack01 dnsmasq-dhcp[5180]: DHCPACK(br101) 172.16.0.21 02:16:3e:11:af:9a ci
Oct 26 14:33:20 stack01 dnsmasq-dhcp[5323]: DHCPREQUEST(br102) 172.16.0.35 02:16:3e:41:fa:27
Oct 26 14:33:20 stack01 dnsmasq-dhcp[5323]: DHCPACK(br102) 172.16.0.35 02:16:3e:41:fa:27 puppet
Oct 26 14:33:22 stack01 dnsmasq-dhcp[5180]: DHCPREQUEST(br101) 172.16.0.22 02:16:3e:75:46:da
Oct 26 14:33:22 stack01 dnsmasq-dhcp[5180]: DHCPACK(br101) 172.16.0.22 02:16:3e:75:46:da temp
Oct 26 14:33:25 stack01 dnsmasq-dhcp[5180]: DHCPREQUEST(br101) 172.16.0.19 02:16:3e:7f:8e:ef
Oct 26 14:33:25 stack01 dnsmasq-dhcp[5180]: DHCPACK(br101) 172.16.0.19 02:16:3e:7f:8e:ef puppet
Oct 26 14:33:40 stack01 postfix/smtpd[1811]: connect from unknown[172.16.0.22]
Oct 26 14:33:40 stack01 postfix/smtpd[1811]: 73DFB6A0EFA: client=unknown[172.16.0.22]
Oct 26 14:33:40 stack01 postfix/cleanup[1815]: 73DFB6A0EFA: message-id=<911745f128aa053cb7ce11568e75ac8a@forum.kohanaframework.org>
Oct 26 14:33:40 stack01 postfix/qmgr[2172]: 73DFB6A0EFA: from=, size=964, nrcpt=1 (queue active)
Oct 26 14:33:40 stack01 postfix/smtpd[1811]: disconnect from unknown[172.16.0.22]
Oct 26 14:33:41 stack01 postfix/smtp[1818]: 73DFB6A0EFA: to=, relay=aspmx.l.google.com[209.85.143.26]:25, delay=1.3, delays=0.08/0.03/0.52/0.69, dsn=2.0.0, status=sent (250 2.0.0 OK 1319636021 m20si1243386wbh.109)
Oct 26 14:33:41 stack01 postfix/qmgr[2172]: 73DFB6A0EFA: removed
Oct 26 14:34:06 stack01 dnsmasq-dhcp[5323]: DHCPREQUEST(br102) 172.16.0.35 02:16:3e:41:fa:27
Oct 26 14:34:06 stack01 dnsmasq-dhcp[5323]: DHCPACK(br102) 172.16.0.35 02:16:3e:41:fa:27 puppet
Oct 26 14:34:37 stack01 dnsmasq-dhcp[5180]: DHCPREQUEST(br101) 172.16.0.21 02:16:3e:11:af:9a
Oct 26 14:34:37 stack01 dnsmasq-dhcp[5180]: DHCPACK(br101) 172.16.0.21 02:16:3e:11:af:9a ci
Oct 26 14:34:56 stack01 dnsmasq-dhcp[5323]: DHCPREQUEST(br102) 172.16.0.35 02:16:3e:41:fa:27
Oct 26 14:34:56 stack01 dnsmasq-dhcp[5323]: DHCPACK(br102) 172.16.0.35 02:16:3e:41:fa:27 puppet
Oct 26 14:35:01 stack01 CRON[1929]: (root) CMD (if [ -x /etc/munin/plugins/apt_all ]; then /etc/munin/plugins/apt_all update 7200 12 >/dev/null; elif [ -x /etc/munin/plugins/apt ]; then /etc/munin/plugins/apt update 7200 12 >/dev/null; fi)
Oct 26 14:35:01 stack01 CRON[1930]: (munin) CMD (if [ -x /usr/bin/munin-cron ]; then /usr/bin/munin-cron; fi)
Oct 26 14:35:10 stack01 dnsmasq-dhcp[5180]: DHCPREQUEST(br101) 172.16.0.19 02:16:3e:7f:8e:ef
Oct 26 14:35:10 stack01 dnsmasq-dhcp[5180]: DHCPACK(br101) 172.16.0.19 02:16:3e:7f:8e:ef puppet
Oct 26 14:35:12 stack01 dnsmasq-dhcp[5180]: DHCPREQUEST(br101) 172.16.0.22 02:16:3e:75:46:da
Oct 26 14:35:12 stack01 dnsmasq-dhcp[5180]: DHCPACK(br101) 172.16.0.22 02:16:3e:75:46:da temp
Oct 26 14:35:52 stack01 dnsmasq-dhcp[5323]: DHCPREQUEST(br102) 172.16.0.35 02:16:3e:41:fa:27
Oct 26 14:35:52 stack01 dnsmasq-dhcp[5323]: DHCPACK(br102) 172.16.0.35 02:16:3e:41:fa:27 puppet
Oct 26 14:36:20 stack01 dnsmasq-dhcp[5180]: DHCPREQUEST(br101) 172.16.0.21 02:16:3e:11:af:9a
Oct 26 14:36:20 stack01 dnsmasq-dhcp[5180]: DHCPACK(br101) 172.16.0.21 02:16:3e:11:af:9a ci
Oct 26 14:36:36 stack01 dnsmasq-dhcp[5323]: DHCPREQUEST(br102) 172.16.0.35 02:16:3e:41:fa:27
Oct 26 14:36:36 stack01 dnsmasq-dhcp[5323]: DHCPACK(br102) 172.16.0.35 02:16:3e:41:fa:27 puppet
Oct 26 14:36:53 stack01 dnsmasq-dhcp[5180]: DHCPREQUEST(br101) 172.16.0.19 02:16:3e:7f:8e:ef
Oct 26 14:36:53 stack01 dnsmasq-dhcp[5180]: DHCPACK(br101) 172.16.0.19 02:16:3e:7f:8e:ef puppet
Oct 26 14:36:56 stack01 dnsmasq-dhcp[5180]: DHCPREQUEST(br101) 172.16.0.22 02:16:3e:75:46:da
Oct 26 14:36:56 stack01 dnsmasq-dhcp[5180]: DHCPACK(br101) 172.16.0.22 02:16:3e:75:46:da temp
Oct 26 14:37:25 stack01 dnsmasq-dhcp[5323]: DHCPREQUEST(br102) 172.16.0.35 02:16:3e:41:fa:27
Oct 26 14:37:25 stack01 dnsmasq-dhcp[5323]: DHCPACK(br102) 172.16.0.35 02:16:3e:41:fa:27 puppet
Oct 26 14:38:08 stack01 dnsmasq-dhcp[5323]: DHCPREQUEST(br102) 172.16.0.35 02:16:3e:41:fa:27
Oct 26 14:38:08 stack01 dnsmasq-dhcp[5323]: DHCPACK(br102) 172.16.0.35 02:16:3e:41:fa:27 puppet
Oct 26 14:38:12 stack01 dnsmasq-dhcp[5180]: DHCPREQUEST(br101) 172.16.0.21 02:16:3e:11:af:9a
Oct 26 14:38:12 stack01 dnsmasq-dhcp[5180]: DHCPACK(br101) 172.16.0.21 02:16:3e:11:af:9a ci
Oct 26 14:38:42 stack01 dnsmasq-dhcp[5180]: DHCPREQUEST(br101) 172.16.0.22 02:16:3e:75:46:da
Oct 26 14:38:42 stack01 dnsmasq-dhcp[5180]: DHCPACK(br101) 172.16.0.22 02:16:3e:75:46:da temp
Oct 26 14:38:42 stack01 dnsmasq-dhcp[5180]: DHCPREQUEST(br101) 172.16.0.19 02:16:3e:7f:8e:ef
Oct 26 14:38:42 stack01 dnsmasq-dhcp[5180]: DHCPACK(br101) 172.16.0.19 02:16:3e:7f:8e:ef puppet
Oct 26 14:39:01 stack01 dnsmasq-dhcp[5323]: DHCPREQUEST(br102) 172.16.0.35 02:16:3e:41:fa:27
Oct 26 14:39:01 stack01 dnsmasq-dhcp[5323]: DHCPACK(br102) 172.16.0.35 02:16:3e:41:fa:27 puppet
Oct 26 14:39:01 stack01 CRON[3269]: (root) CMD ( [ -x /usr/lib/php5/maxlifetime ] && [ -d /var/lib/php5 ] && find /var/lib/php5/ -depth -mindepth 1 -maxdepth 1 -type f -cmin +$(/usr/lib/php5/maxlifetime) ! -execdir fuser -s {} 2>/dev/null \; -delete)
Oct 26 14:39:51 stack01 dnsmasq-dhcp[5323]: DHCPREQUEST(br102) 172.16.0.35 02:16:3e:41:fa:27
Oct 26 14:39:51 stack01 dnsmasq-dhcp[5323]: DHCPACK(br102) 172.16.0.35 02:16:3e:41:fa:27 puppet
Oct 26 14:40:00 stack01 dnsmasq-dhcp[5180]: DHCPREQUEST(br101) 172.16.0.21 02:16:3e:11:af:9a
Oct 26 14:40:00 stack01 dnsmasq-dhcp[5180]: DHCPACK(br101) 172.16.0.21 02:16:3e:11:af:9a ci
Oct 26 14:40:01 stack01 CRON[3339]: (root) CMD (if [ -x /etc/munin/plugins/apt_all ]; then /etc/munin/plugins/apt_all update 7200 12 >/dev/null; elif [ -x /etc/munin/plugins/apt ]; then /etc/munin/plugins/apt update 7200 12 >/dev/null; fi)
Oct 26 14:40:01 stack01 CRON[3340]: (munin) CMD (if [ -x /usr/bin/munin-cron ]; then /usr/bin/munin-cron; fi)
Oct 26 14:40:24 stack01 dnsmasq-dhcp[5180]: DHCPREQUEST(br101) 172.16.0.19 02:16:3e:7f:8e:ef
Oct 26 14:40:24 stack01 dnsmasq-dhcp[5180]: DHCPACK(br101) 172.16.0.19 02:16:3e:7f:8e:ef puppet
Oct 26 14:40:28 stack01 dnsmasq-dhcp[5180]: DHCPREQUEST(br101) 172.16.0.22 02:16:3e:75:46:da
Oct 26 14:40:28 stack01 dnsmasq-dhcp[5180]: DHCPACK(br101) 172.16.0.22 02:16:3e:75:46:da temp
Oct 26 14:40:42 stack01 dnsmasq-dhcp[5323]: DHCPREQUEST(br102) 172.16.0.35 02:16:3e:41:fa:27
Oct 26 14:40:42 stack01 dnsmasq-dhcp[5323]: DHCPACK(br102) 172.16.0.35 02:16:3e:41:fa:27 puppet
Oct 26 14:41:25 stack01 dnsmasq-dhcp[5323]: DHCPREQUEST(br102) 172.16.0.35 02:16:3e:41:fa:27
Oct 26 14:41:25 stack01 dnsmasq-dhcp[5323]: DHCPACK(br102) 172.16.0.35 02:16:3e:41:fa:27 puppet
Oct 26 14:41:45 stack01 dnsmasq-dhcp[5180]: DHCPREQUEST(br101) 172.16.0.21 02:16:3e:11:af:9a
Oct 26 14:41:45 stack01 dnsmasq-dhcp[5180]: DHCPACK(br101) 172.16.0.21 02:16:3e:11:af:9a ci
Oct 26 14:42:17 stack01 dnsmasq-dhcp[5180]: DHCPREQUEST(br101) 172.16.0.22 02:16:3e:75:46:da
Oct 26 14:42:17 stack01 dnsmasq-dhcp[5180]: DHCPACK(br101) 172.16.0.22 02:16:3e:75:46:da temp
Oct 26 14:42:18 stack01 dnsmasq-dhcp[5323]: DHCPREQUEST(br102) 172.16.0.35 02:16:3e:41:fa:27
Oct 26 14:42:18 stack01 dnsmasq-dhcp[5323]: DHCPACK(br102) 172.16.0.35 02:16:3e:41:fa:27 puppet
Oct 26 14:42:23 stack01 dnsmasq-dhcp[5180]: DHCPREQUEST(br101) 172.16.0.19 02:16:3e:7f:8e:ef
Oct 26 14:42:23 stack01 dnsmasq-dhcp[5180]: DHCPACK(br101) 172.16.0.19 02:16:3e:7f:8e:ef puppet
Oct 26 14:43:05 stack01 dnsmasq-dhcp[5323]: DHCPREQUEST(br102) 172.16.0.35 02:16:3e:41:fa:27
Oct 26 14:43:05 stack01 dnsmasq-dhcp[5323]: DHCPACK(br102) 172.16.0.35 02:16:3e:41:fa:27 puppet
Oct 26 14:43:31 stack01 dnsmasq-dhcp[5180]: DHCPREQUEST(br101) 172.16.0.21 02:16:3e:11:af:9a
Oct 26 14:43:31 stack01 dnsmasq-dhcp[5180]: DHCPACK(br101) 172.16.0.21 02:16:3e:11:af:9a ci
Oct 26 14:44:00 stack01 dnsmasq-dhcp[5323]: DHCPREQUEST(br102) 172.16.0.35 02:16:3e:41:fa:27
Oct 26 14:44:00 stack01 dnsmasq-dhcp[5323]: DHCPACK(br102) 172.16.0.35 02:16:3e:41:fa:27 puppet
Oct 26 14:44:05 stack01 dnsmasq-dhcp[5180]: DHCPREQUEST(br101) 172.16.0.22 02:16:3e:75:46:da
Oct 26 14:44:05 stack01 dnsmasq-dhcp[5180]: DHCPACK(br101) 172.16.0.22 02:16:3e:75:46:da temp
Oct 26 14:44:08 stack01 dnsmasq-dhcp[5180]: DHCPREQUEST(br101) 172.16.0.19 02:16:3e:7f:8e:ef
Oct 26 14:44:08 stack01 dnsmasq-dhcp[5180]: DHCPACK(br101) 172.16.0.19 02:16:3e:7f:8e:ef puppet
Oct 26 14:44:41 stack01 dnsmasq-dhcp[5323]: DHCPREQUEST(br102) 172.16.0.35 02:16:3e:41:fa:27
Oct 26 14:44:41 stack01 dnsmasq-dhcp[5323]: DHCPACK(br102) 172.16.0.35 02:16:3e:41:fa:27 puppet
Oct 26 14:45:01 stack01 CRON[4697]: (root) CMD (if [ -x /etc/munin/plugins/apt_all ]; then /etc/munin/plugins/apt_all update 7200 12 >/dev/null; elif [ -x /etc/munin/plugins/apt ]; then /etc/munin/plugins/apt update 7200 12 >/dev/null; fi)
Oct 26 14:45:01 stack01 CRON[4698]: (munin) CMD (if [ -x /usr/bin/munin-cron ]; then /usr/bin/munin-cron; fi)
Oct 26 14:45:06 stack01 postfix/pickup[25492]: 8ED056A242F: uid=0 from=
Oct 26 14:45:06 stack01 postfix/cleanup[5012]: 8ED056A242F: message-id=<20111026134506.8ED056A242F@stack01.dub01.os.managedit.ie>
Oct 26 14:45:06 stack01 postfix/qmgr[2172]: 8ED056A242F: from=, size=874, nrcpt=1 (queue active)
Oct 26 14:45:06 stack01 postfix/local[5026]: 8ED056A242F: to=, orig_to=, relay=local, delay=0.27, delays=0.18/0.01/0/0.08, dsn=2.0.0, status=sent (delivered to mailbox)
Oct 26 14:45:06 stack01 postfix/qmgr[2172]: 8ED056A242F: removed
Oct 26 14:45:23 stack01 dnsmasq-dhcp[5180]: DHCPREQUEST(br101) 172.16.0.21 02:16:3e:11:af:9a
Oct 26 14:45:23 stack01 dnsmasq-dhcp[5180]: DHCPACK(br101) 172.16.0.21 02:16:3e:11:af:9a ci
Oct 26 14:45:34 stack01 dnsmasq-dhcp[5323]: DHCPREQUEST(br102) 172.16.0.35 02:16:3e:41:fa:27
Oct 26 14:45:34 stack01 dnsmasq-dhcp[5323]: DHCPACK(br102) 172.16.0.35 02:16:3e:41:fa:27 puppet
Oct 26 14:45:51 stack01 dnsmasq-dhcp[5180]: DHCPREQUEST(br101) 172.16.0.22 02:16:3e:75:46:da
Oct 26 14:45:51 stack01 dnsmasq-dhcp[5180]: DHCPACK(br101) 172.16.0.22 02:16:3e:75:46:da temp
Oct 26 14:45:54 stack01 dnsmasq-dhcp[5180]: DHCPREQUEST(br101) 172.16.0.19 02:16:3e:7f:8e:ef
Oct 26 14:45:54 stack01 dnsmasq-dhcp[5180]: DHCPACK(br101) 172.16.0.19 02:16:3e:7f:8e:ef puppet
Oct 26 14:46:28 stack01 dnsmasq-dhcp[5323]: DHCPREQUEST(br102) 172.16.0.35 02:16:3e:41:fa:27
Oct 26 14:46:28 stack01 dnsmasq-dhcp[5323]: DHCPACK(br102) 172.16.0.35 02:16:3e:41:fa:27 puppet
Oct 26 14:47:14 stack01 dnsmasq-dhcp[5180]: DHCPREQUEST(br101) 172.16.0.21 02:16:3e:11:af:9a
Oct 26 14:47:14 stack01 dnsmasq-dhcp[5180]: DHCPACK(br101) 172.16.0.21 02:16:3e:11:af:9a ci
Oct 26 14:47:22 stack01 dnsmasq-dhcp[5323]: DHCPREQUEST(br102) 172.16.0.35 02:16:3e:41:fa:27
Oct 26 14:47:22 stack01 dnsmasq-dhcp[5323]: DHCPACK(br102) 172.16.0.35 02:16:3e:41:fa:27 puppet
Oct 26 14:47:34 stack01 dnsmasq-dhcp[5180]: DHCPREQUEST(br101) 172.16.0.22 02:16:3e:75:46:da
Oct 26 14:47:34 stack01 dnsmasq-dhcp[5180]: DHCPACK(br101) 172.16.0.22 02:16:3e:75:46:da temp
Oct 26 14:47:35 stack01 dnsmasq-dhcp[5180]: DHCPREQUEST(br101) 172.16.0.19 02:16:3e:7f:8e:ef
Oct 26 14:47:35 stack01 dnsmasq-dhcp[5180]: DHCPACK(br101) 172.16.0.19 02:16:3e:7f:8e:ef puppet
Oct 26 14:48:08 stack01 dnsmasq-dhcp[5323]: DHCPREQUEST(br102) 172.16.0.35 02:16:3e:41:fa:27
Oct 26 14:48:08 stack01 dnsmasq-dhcp[5323]: DHCPACK(br102) 172.16.0.35 02:16:3e:41:fa:27 puppet
Oct 26 14:49:00 stack01 dnsmasq-dhcp[5323]: DHCPREQUEST(br102) 172.16.0.35 02:16:3e:41:fa:27
Oct 26 14:49:00 stack01 dnsmasq-dhcp[5323]: DHCPACK(br102) 172.16.0.35 02:16:3e:41:fa:27 puppet
Oct 26 14:49:04 stack01 dnsmasq-dhcp[5180]: DHCPREQUEST(br101) 172.16.0.21 02:16:3e:11:af:9a
Oct 26 14:49:04 stack01 dnsmasq-dhcp[5180]: DHCPACK(br101) 172.16.0.21 02:16:3e:11:af:9a ci
Oct 26 14:49:20 stack01 dnsmasq-dhcp[5180]: DHCPREQUEST(br101) 172.16.0.19 02:16:3e:7f:8e:ef
Oct 26 14:49:20 stack01 dnsmasq-dhcp[5180]: DHCPACK(br101) 172.16.0.19 02:16:3e:7f:8e:ef puppet
Oct 26 14:49:32 stack01 dnsmasq-dhcp[5180]: DHCPREQUEST(br101) 172.16.0.22 02:16:3e:75:46:da
Oct 26 14:49:32 stack01 dnsmasq-dhcp[5180]: DHCPACK(br101) 172.16.0.22 02:16:3e:75:46:da temp
Oct 26 14:49:45 stack01 dnsmasq-dhcp[5323]: DHCPREQUEST(br102) 172.16.0.35 02:16:3e:41:fa:27
Oct 26 14:49:45 stack01 dnsmasq-dhcp[5323]: DHCPACK(br102) 172.16.0.35 02:16:3e:41:fa:27 puppet
Oct 26 14:50:01 stack01 CRON[6165]: (root) CMD (if [ -x /etc/munin/plugins/apt_all ]; then /etc/munin/plugins/apt_all update 7200 12 >/dev/null; elif [ -x /etc/munin/plugins/apt ]; then /etc/munin/plugins/apt update 7200 12 >/dev/null; fi)
Oct 26 14:50:01 stack01 CRON[6166]: (munin) CMD (if [ -x /usr/bin/munin-cron ]; then /usr/bin/munin-cron; fi)
Oct 26 14:50:39 stack01 dnsmasq-dhcp[5323]: DHCPREQUEST(br102) 172.16.0.35 02:16:3e:41:fa:27
Oct 26 14:50:39 stack01 dnsmasq-dhcp[5323]: DHCPACK(br102) 172.16.0.35 02:16:3e:41:fa:27 puppet
Oct 26 14:50:55 stack01 dnsmasq-dhcp[5180]: DHCPREQUEST(br101) 172.16.0.21 02:16:3e:11:af:9a
Oct 26 14:50:55 stack01 dnsmasq-dhcp[5180]: DHCPACK(br101) 172.16.0.21 02:16:3e:11:af:9a ci
Oct 26 14:51:22 stack01 dnsmasq-dhcp[5180]: DHCPDISCOVER(br101) 172.16.0.19 02:16:3e:7f:8e:ef
Oct 26 14:51:22 stack01 dnsmasq-dhcp[5180]: DHCPOFFER(br101) 172.16.0.19 02:16:3e:7f:8e:ef
Oct 26 14:51:22 stack01 dnsmasq-dhcp[5180]: DHCPREQUEST(br101) 172.16.0.19 02:16:3e:7f:8e:ef
Oct 26 14:51:22 stack01 dnsmasq-dhcp[5180]: DHCPACK(br101) 172.16.0.19 02:16:3e:7f:8e:ef puppet
Oct 26 14:51:24 stack01 dnsmasq-dhcp[5180]: DHCPREQUEST(br101) 172.16.0.22 02:16:3e:75:46:da
Oct 26 14:51:24 stack01 dnsmasq-dhcp[5180]: DHCPACK(br101) 172.16.0.22 02:16:3e:75:46:da temp
Oct 26 14:51:28 stack01 dnsmasq-dhcp[5323]: DHCPREQUEST(br102) 172.16.0.35 02:16:3e:41:fa:27
Oct 26 14:51:28 stack01 dnsmasq-dhcp[5323]: DHCPACK(br102) 172.16.0.35 02:16:3e:41:fa:27 puppet
Oct 26 14:52:19 stack01 dnsmasq-dhcp[5323]: DHCPREQUEST(br102) 172.16.0.35 02:16:3e:41:fa:27
Oct 26 14:52:19 stack01 dnsmasq-dhcp[5323]: DHCPACK(br102) 172.16.0.35 02:16:3e:41:fa:27 puppet
Oct 26 14:52:48 stack01 dnsmasq-dhcp[5180]: DHCPREQUEST(br101) 172.16.0.21 02:16:3e:11:af:9a
Oct 26 14:52:48 stack01 dnsmasq-dhcp[5180]: DHCPACK(br101) 172.16.0.21 02:16:3e:11:af:9a ci
Oct 26 14:53:02 stack01 dnsmasq-dhcp[5323]: DHCPREQUEST(br102) 172.16.0.35 02:16:3e:41:fa:27
Oct 26 14:53:02 stack01 dnsmasq-dhcp[5323]: DHCPACK(br102) 172.16.0.35 02:16:3e:41:fa:27 puppet
Oct 26 14:53:04 stack01 dnsmasq-dhcp[5180]: DHCPREQUEST(br101) 172.16.0.22 02:16:3e:75:46:da
Oct 26 14:53:04 stack01 dnsmasq-dhcp[5180]: DHCPACK(br101) 172.16.0.22 02:16:3e:75:46:da temp
Oct 26 14:53:23 stack01 dnsmasq-dhcp[5180]: DHCPDISCOVER(br101) 172.16.0.19 02:16:3e:7f:8e:ef
Oct 26 14:53:23 stack01 dnsmasq-dhcp[5180]: DHCPOFFER(br101) 172.16.0.19 02:16:3e:7f:8e:ef
Oct 26 14:53:23 stack01 dnsmasq-dhcp[5180]: DHCPREQUEST(br101) 172.16.0.19 02:16:3e:7f:8e:ef
Oct 26 14:53:23 stack01 dnsmasq-dhcp[5180]: DHCPACK(br101) 172.16.0.19 02:16:3e:7f:8e:ef puppet
Oct 26 14:53:44 stack01 dnsmasq-dhcp[5323]: DHCPREQUEST(br102) 172.16.0.35 02:16:3e:41:fa:27
Oct 26 14:53:44 stack01 dnsmasq-dhcp[5323]: DHCPACK(br102) 172.16.0.35 02:16:3e:41:fa:27 puppet
Oct 26 14:54:36 stack01 dnsmasq-dhcp[5323]: DHCPREQUEST(br102) 172.16.0.35 02:16:3e:41:fa:27
Oct 26 14:54:36 stack01 dnsmasq-dhcp[5323]: DHCPACK(br102) 172.16.0.35 02:16:3e:41:fa:27 puppet
Oct 26 14:54:45 stack01 dnsmasq-dhcp[5180]: DHCPREQUEST(br101) 172.16.0.21 02:16:3e:11:af:9a
Oct 26 14:54:45 stack01 dnsmasq-dhcp[5180]: DHCPACK(br101) 172.16.0.21 02:16:3e:11:af:9a ci
Oct 26 14:54:45 stack01 dnsmasq-dhcp[5180]: DHCPREQUEST(br101) 172.16.0.22 02:16:3e:75:46:da
Oct 26 14:54:45 stack01 dnsmasq-dhcp[5180]: DHCPACK(br101) 172.16.0.22 02:16:3e:75:46:da temp
Oct 26 14:55:01 stack01 CRON[7523]: (root) CMD (if [ -x /etc/munin/plugins/apt_all ]; then /etc/munin/plugins/apt_all update 7200 12 >/dev/null; elif [ -x /etc/munin/plugins/apt ]; then /etc/munin/plugins/apt update 7200 12 >/dev/null; fi)
Oct 26 14:55:01 stack01 CRON[7524]: (munin) CMD (if [ -x /usr/bin/munin-cron ]; then /usr/bin/munin-cron; fi)
Oct 26 14:55:17 stack01 dnsmasq-dhcp[5180]: DHCPREQUEST(br101) 172.16.0.19 02:16:3e:7f:8e:ef
Oct 26 14:55:17 stack01 dnsmasq-dhcp[5180]: DHCPACK(br101) 172.16.0.19 02:16:3e:7f:8e:ef puppet
Oct 26 14:55:18 stack01 dnsmasq-dhcp[5323]: DHCPREQUEST(br102) 172.16.0.35 02:16:3e:41:fa:27
Oct 26 14:55:18 stack01 dnsmasq-dhcp[5323]: DHCPACK(br102) 172.16.0.35 02:16:3e:41:fa:27 puppet
Oct 26 14:56:06 stack01 dnsmasq-dhcp[5323]: DHCPREQUEST(br102) 172.16.0.35 02:16:3e:41:fa:27
Oct 26 14:56:06 stack01 dnsmasq-dhcp[5323]: DHCPACK(br102) 172.16.0.35 02:16:3e:41:fa:27 puppet
Oct 26 14:56:26 stack01 dnsmasq-dhcp[5180]: DHCPREQUEST(br101) 172.16.0.21 02:16:3e:11:af:9a
Oct 26 14:56:26 stack01 dnsmasq-dhcp[5180]: DHCPACK(br101) 172.16.0.21 02:16:3e:11:af:9a ci
Oct 26 14:56:32 stack01 dnsmasq-dhcp[5180]: DHCPREQUEST(br101) 172.16.0.22 02:16:3e:75:46:da
Oct 26 14:56:32 stack01 dnsmasq-dhcp[5180]: DHCPACK(br101) 172.16.0.22 02:16:3e:75:46:da temp
Oct 26 14:56:48 stack01 dnsmasq-dhcp[5323]: DHCPREQUEST(br102) 172.16.0.35 02:16:3e:41:fa:27
Oct 26 14:56:48 stack01 dnsmasq-dhcp[5323]: DHCPACK(br102) 172.16.0.35 02:16:3e:41:fa:27 puppet
Oct 26 14:57:08 stack01 dnsmasq-dhcp[5180]: DHCPREQUEST(br101) 172.16.0.19 02:16:3e:7f:8e:ef
Oct 26 14:57:08 stack01 dnsmasq-dhcp[5180]: DHCPACK(br101) 172.16.0.19 02:16:3e:7f:8e:ef puppet
Oct 26 14:57:41 stack01 dnsmasq-dhcp[5323]: DHCPREQUEST(br102) 172.16.0.35 02:16:3e:41:fa:27
Oct 26 14:57:41 stack01 dnsmasq-dhcp[5323]: DHCPACK(br102) 172.16.0.35 02:16:3e:41:fa:27 puppet
Oct 26 14:58:15 stack01 dnsmasq-dhcp[5180]: DHCPREQUEST(br101) 172.16.0.21 02:16:3e:11:af:9a
Oct 26 14:58:15 stack01 dnsmasq-dhcp[5180]: DHCPACK(br101) 172.16.0.21 02:16:3e:11:af:9a ci
Oct 26 14:58:19 stack01 dnsmasq-dhcp[5180]: DHCPREQUEST(br101) 172.16.0.22 02:16:3e:75:46:da
Oct 26 14:58:19 stack01 dnsmasq-dhcp[5180]: DHCPACK(br101) 172.16.0.22 02:16:3e:75:46:da temp
Oct 26 14:58:37 stack01 dnsmasq-dhcp[5323]: DHCPREQUEST(br102) 172.16.0.35 02:16:3e:41:fa:27
Oct 26 14:58:37 stack01 dnsmasq-dhcp[5323]: DHCPACK(br102) 172.16.0.35 02:16:3e:41:fa:27 puppet
Oct 26 14:58:54 stack01 dnsmasq-dhcp[5180]: DHCPREQUEST(br101) 172.16.0.19 02:16:3e:7f:8e:ef
Oct 26 14:58:54 stack01 dnsmasq-dhcp[5180]: DHCPACK(br101) 172.16.0.19 02:16:3e:7f:8e:ef puppet
Oct 26 14:59:26 stack01 dnsmasq-dhcp[5323]: DHCPREQUEST(br102) 172.16.0.35 02:16:3e:41:fa:27
Oct 26 14:59:26 stack01 dnsmasq-dhcp[5323]: DHCPACK(br102) 172.16.0.35 02:16:3e:41:fa:27 puppet
Oct 26 15:00:01 stack01 CRON[8979]: (root) CMD (if [ -x /etc/munin/plugins/apt_all ]; then /etc/munin/plugins/apt_all update 7200 12 >/dev/null; elif [ -x /etc/munin/plugins/apt ]; then /etc/munin/plugins/apt update 7200 12 >/dev/null; fi)
Oct 26 15:00:01 stack01 CRON[8980]: (munin) CMD (if [ -x /usr/bin/munin-cron ]; then /usr/bin/munin-cron; fi)
Oct 26 15:00:07 stack01 dnsmasq-dhcp[5180]: DHCPREQUEST(br101) 172.16.0.21 02:16:3e:11:af:9a
Oct 26 15:00:07 stack01 dnsmasq-dhcp[5180]: DHCPACK(br101) 172.16.0.21 02:16:3e:11:af:9a ci
Oct 26 15:00:09 stack01 dnsmasq-dhcp[5180]: DHCPREQUEST(br101) 172.16.0.22 02:16:3e:75:46:da
Oct 26 15:00:09 stack01 dnsmasq-dhcp[5180]: DHCPACK(br101) 172.16.0.22 02:16:3e:75:46:da temp
Oct 26 15:00:12 stack01 dnsmasq-dhcp[5323]: DHCPREQUEST(br102) 172.16.0.35 02:16:3e:41:fa:27
Oct 26 15:00:12 stack01 dnsmasq-dhcp[5323]: DHCPACK(br102) 172.16.0.35 02:16:3e:41:fa:27 puppet
Oct 26 15:00:41 stack01 dnsmasq-dhcp[5180]: DHCPREQUEST(br101) 172.16.0.19 02:16:3e:7f:8e:ef
Oct 26 15:00:41 stack01 dnsmasq-dhcp[5180]: DHCPACK(br101) 172.16.0.19 02:16:3e:7f:8e:ef puppet
Oct 26 15:01:02 stack01 dnsmasq-dhcp[5323]: DHCPREQUEST(br102) 172.16.0.35 02:16:3e:41:fa:27
Oct 26 15:01:02 stack01 dnsmasq-dhcp[5323]: DHCPACK(br102) 172.16.0.35 02:16:3e:41:fa:27 puppet
Oct 26 15:01:51 stack01 dnsmasq-dhcp[5180]: DHCPREQUEST(br101) 172.16.0.22 02:16:3e:75:46:da
Oct 26 15:01:51 stack01 dnsmasq-dhcp[5180]: DHCPACK(br101) 172.16.0.22 02:16:3e:75:46:da temp
Oct 26 15:01:53 stack01 dnsmasq-dhcp[5180]: DHCPREQUEST(br101) 172.16.0.21 02:16:3e:11:af:9a
Oct 26 15:01:53 stack01 dnsmasq-dhcp[5180]: DHCPACK(br101) 172.16.0.21 02:16:3e:11:af:9a ci
Oct 26 15:01:57 stack01 dnsmasq-dhcp[5323]: DHCPREQUEST(br102) 172.16.0.35 02:16:3e:41:fa:27
Oct 26 15:01:57 stack01 dnsmasq-dhcp[5323]: DHCPACK(br102) 172.16.0.35 02:16:3e:41:fa:27 puppet
Oct 26 15:02:30 stack01 dnsmasq-dhcp[5180]: DHCPREQUEST(br101) 172.16.0.19 02:16:3e:7f:8e:ef
Oct 26 15:02:30 stack01 dnsmasq-dhcp[5180]: DHCPACK(br101) 172.16.0.19 02:16:3e:7f:8e:ef puppet
Oct 26 15:02:49 stack01 dnsmasq-dhcp[5323]: DHCPREQUEST(br102) 172.16.0.35 02:16:3e:41:fa:27
Oct 26 15:02:49 stack01 dnsmasq-dhcp[5323]: DHCPACK(br102) 172.16.0.35 02:16:3e:41:fa:27 puppet
Oct 26 15:03:30 stack01 dnsmasq-dhcp[5323]: DHCPREQUEST(br102) 172.16.0.35 02:16:3e:41:fa:27
Oct 26 15:03:30 stack01 dnsmasq-dhcp[5323]: DHCPACK(br102) 172.16.0.35 02:16:3e:41:fa:27 puppet
Oct 26 15:03:37 stack01 dnsmasq-dhcp[5180]: DHCPREQUEST(br101) 172.16.0.21 02:16:3e:11:af:9a
Oct 26 15:03:37 stack01 dnsmasq-dhcp[5180]: DHCPACK(br101) 172.16.0.21 02:16:3e:11:af:9a ci
Oct 26 15:03:38 stack01 postfix/smtpd[10238]: connect from unknown[172.16.0.22]
Oct 26 15:03:38 stack01 postfix/smtpd[10238]: 20CA36A0EFA: client=unknown[172.16.0.22]
Oct 26 15:03:38 stack01 postfix/cleanup[10241]: 20CA36A0EFA: message-id=
Oct 26 15:03:38 stack01 postfix/qmgr[2172]: 20CA36A0EFA: from=, size=960, nrcpt=1 (queue active)
Oct 26 15:03:38 stack01 postfix/smtpd[10238]: disconnect from unknown[172.16.0.22]
Oct 26 15:03:38 stack01 postfix/smtp[10242]: 20CA36A0EFA: to=, relay=aspmx.l.google.com[209.85.143.27]:25, delay=0.62, delays=0.07/0.01/0.18/0.36, dsn=2.0.0, status=sent (250 2.0.0 OK 1319637818 b19si1312354wbh.131)
Oct 26 15:03:38 stack01 postfix/qmgr[2172]: 20CA36A0EFA: removed
Oct 26 15:03:40 stack01 dnsmasq-dhcp[5180]: DHCPREQUEST(br101) 172.16.0.22 02:16:3e:75:46:da
Oct 26 15:03:40 stack01 dnsmasq-dhcp[5180]: DHCPACK(br101) 172.16.0.22 02:16:3e:75:46:da temp
Oct 26 15:04:15 stack01 dnsmasq-dhcp[5180]: DHCPREQUEST(br101) 172.16.0.19 02:16:3e:7f:8e:ef
Oct 26 15:04:15 stack01 dnsmasq-dhcp[5180]: DHCPACK(br101) 172.16.0.19 02:16:3e:7f:8e:ef puppet
Oct 26 15:04:25 stack01 dnsmasq-dhcp[5323]: DHCPREQUEST(br102) 172.16.0.35 02:16:3e:41:fa:27
Oct 26 15:04:25 stack01 dnsmasq-dhcp[5323]: DHCPACK(br102) 172.16.0.35 02:16:3e:41:fa:27 puppet
Oct 26 15:05:01 stack01 CRON[10351]: (root) CMD (if [ -x /etc/munin/plugins/apt_all ]; then /etc/munin/plugins/apt_all update 7200 12 >/dev/null; elif [ -x /etc/munin/plugins/apt ]; then /etc/munin/plugins/apt update 7200 12 >/dev/null; fi)
Oct 26 15:05:01 stack01 CRON[10352]: (munin) CMD (if [ -x /usr/bin/munin-cron ]; then /usr/bin/munin-cron; fi)
Oct 26 15:05:09 stack01 dnsmasq-dhcp[5323]: DHCPREQUEST(br102) 172.16.0.35 02:16:3e:41:fa:27
Oct 26 15:05:09 stack01 dnsmasq-dhcp[5323]: DHCPACK(br102) 172.16.0.35 02:16:3e:41:fa:27 puppet
Oct 26 15:05:23 stack01 dnsmasq-dhcp[5180]: DHCPREQUEST(br101) 172.16.0.21 02:16:3e:11:af:9a
Oct 26 15:05:23 stack01 dnsmasq-dhcp[5180]: DHCPACK(br101) 172.16.0.21 02:16:3e:11:af:9a ci
Oct 26 15:05:26 stack01 dnsmasq-dhcp[5180]: DHCPREQUEST(br101) 172.16.0.22 02:16:3e:75:46:da
Oct 26 15:05:26 stack01 dnsmasq-dhcp[5180]: DHCPACK(br101) 172.16.0.22 02:16:3e:75:46:da temp
Oct 26 15:05:58 stack01 dnsmasq-dhcp[5180]: DHCPREQUEST(br101) 172.16.0.19 02:16:3e:7f:8e:ef
Oct 26 15:05:58 stack01 dnsmasq-dhcp[5180]: DHCPACK(br101) 172.16.0.19 02:16:3e:7f:8e:ef puppet
Oct 26 15:05:59 stack01 dnsmasq-dhcp[5323]: DHCPREQUEST(br102) 172.16.0.35 02:16:3e:41:fa:27
Oct 26 15:05:59 stack01 dnsmasq-dhcp[5323]: DHCPACK(br102) 172.16.0.35 02:16:3e:41:fa:27 puppet
Oct 26 15:06:42 stack01 dnsmasq-dhcp[5323]: DHCPREQUEST(br102) 172.16.0.35 02:16:3e:41:fa:27
Oct 26 15:06:42 stack01 dnsmasq-dhcp[5323]: DHCPACK(br102) 172.16.0.35 02:16:3e:41:fa:27 puppet
Oct 26 15:07:03 stack01 dnsmasq-dhcp[5180]: DHCPREQUEST(br101) 172.16.0.21 02:16:3e:11:af:9a
Oct 26 15:07:03 stack01 dnsmasq-dhcp[5180]: DHCPACK(br101) 172.16.0.21 02:16:3e:11:af:9a ci
Oct 26 15:07:17 stack01 dnsmasq-dhcp[5180]: DHCPREQUEST(br101) 172.16.0.22 02:16:3e:75:46:da
Oct 26 15:07:17 stack01 dnsmasq-dhcp[5180]: DHCPACK(br101) 172.16.0.22 02:16:3e:75:46:da temp
Oct 26 15:07:25 stack01 dnsmasq-dhcp[5323]: DHCPREQUEST(br102) 172.16.0.35 02:16:3e:41:fa:27
Oct 26 15:07:25 stack01 dnsmasq-dhcp[5323]: DHCPACK(br102) 172.16.0.35 02:16:3e:41:fa:27 puppet
Oct 26 15:07:44 stack01 dnsmasq-dhcp[5180]: DHCPREQUEST(br101) 172.16.0.19 02:16:3e:7f:8e:ef
Oct 26 15:07:44 stack01 dnsmasq-dhcp[5180]: DHCPACK(br101) 172.16.0.19 02:16:3e:7f:8e:ef puppet
Oct 26 15:08:07 stack01 dnsmasq-dhcp[5323]: DHCPREQUEST(br102) 172.16.0.35 02:16:3e:41:fa:27
Oct 26 15:08:07 stack01 dnsmasq-dhcp[5323]: DHCPACK(br102) 172.16.0.35 02:16:3e:41:fa:27 puppet
Oct 26 15:08:53 stack01 dnsmasq-dhcp[5180]: DHCPREQUEST(br101) 172.16.0.21 02:16:3e:11:af:9a
Oct 26 15:08:53 stack01 dnsmasq-dhcp[5180]: DHCPACK(br101) 172.16.0.21 02:16:3e:11:af:9a ci
Oct 26 15:09:00 stack01 dnsmasq-dhcp[5323]: DHCPREQUEST(br102) 172.16.0.35 02:16:3e:41:fa:27
Oct 26 15:09:00 stack01 dnsmasq-dhcp[5323]: DHCPACK(br102) 172.16.0.35 02:16:3e:41:fa:27 puppet
Oct 26 15:09:01 stack01 CRON[11635]: (root) CMD ( [ -x /usr/lib/php5/maxlifetime ] && [ -d /var/lib/php5 ] && find /var/lib/php5/ -depth -mindepth 1 -maxdepth 1 -type f -cmin +$(/usr/lib/php5/maxlifetime) ! -execdir fuser -s {} 2>/dev/null \; -delete)
Oct 26 15:09:04 stack01 dnsmasq-dhcp[5180]: DHCPREQUEST(br101) 172.16.0.22 02:16:3e:75:46:da
Oct 26 15:09:04 stack01 dnsmasq-dhcp[5180]: DHCPACK(br101) 172.16.0.22 02:16:3e:75:46:da temp
Oct 26 15:09:35 stack01 dnsmasq-dhcp[5180]: DHCPREQUEST(br101) 172.16.0.19 02:16:3e:7f:8e:ef
Oct 26 15:09:35 stack01 dnsmasq-dhcp[5180]: DHCPACK(br101) 172.16.0.19 02:16:3e:7f:8e:ef puppet
Oct 26 15:09:45 stack01 dnsmasq-dhcp[5323]: DHCPREQUEST(br102) 172.16.0.35 02:16:3e:41:fa:27
Oct 26 15:09:45 stack01 dnsmasq-dhcp[5323]: DHCPACK(br102) 172.16.0.35 02:16:3e:41:fa:27 puppet
Oct 26 15:10:01 stack01 CRON[11711]: (munin) CMD (if [ -x /usr/bin/munin-cron ]; then /usr/bin/munin-cron; fi)
Oct 26 15:10:01 stack01 CRON[11712]: (root) CMD (if [ -x /etc/munin/plugins/apt_all ]; then /etc/munin/plugins/apt_all update 7200 12 >/dev/null; elif [ -x /etc/munin/plugins/apt ]; then /etc/munin/plugins/apt update 7200 12 >/dev/null; fi)
Oct 26 15:10:38 stack01 dnsmasq-dhcp[5323]: DHCPREQUEST(br102) 172.16.0.35 02:16:3e:41:fa:27
Oct 26 15:10:38 stack01 dnsmasq-dhcp[5323]: DHCPACK(br102) 172.16.0.35 02:16:3e:41:fa:27 puppet
Oct 26 15:10:39 stack01 dnsmasq-dhcp[5180]: DHCPREQUEST(br101) 172.16.0.21 02:16:3e:11:af:9a
Oct 26 15:10:39 stack01 dnsmasq-dhcp[5180]: DHCPACK(br101) 172.16.0.21 02:16:3e:11:af:9a ci
Oct 26 15:10:52 stack01 dnsmasq-dhcp[5180]: DHCPREQUEST(br101) 172.16.0.22 02:16:3e:75:46:da
Oct 26 15:10:52 stack01 dnsmasq-dhcp[5180]: DHCPACK(br101) 172.16.0.22 02:16:3e:75:46:da temp
Oct 26 15:11:14 stack01 dnsmasq-dhcp[5180]: DHCPREQUEST(br101) 172.16.0.19 02:16:3e:7f:8e:ef
Oct 26 15:11:14 stack01 dnsmasq-dhcp[5180]: DHCPACK(br101) 172.16.0.19 02:16:3e:7f:8e:ef puppet
Oct 26 15:11:32 stack01 dnsmasq-dhcp[5323]: DHCPREQUEST(br102) 172.16.0.35 02:16:3e:41:fa:27
Oct 26 15:11:32 stack01 dnsmasq-dhcp[5323]: DHCPACK(br102) 172.16.0.35 02:16:3e:41:fa:27 puppet
Oct 26 15:12:24 stack01 dnsmasq-dhcp[5323]: DHCPREQUEST(br102) 172.16.0.35 02:16:3e:41:fa:27
Oct 26 15:12:24 stack01 dnsmasq-dhcp[5323]: DHCPACK(br102) 172.16.0.35 02:16:3e:41:fa:27 puppet
Oct 26 15:12:34 stack01 dnsmasq-dhcp[5180]: DHCPREQUEST(br101) 172.16.0.21 02:16:3e:11:af:9a
Oct 26 15:12:34 stack01 dnsmasq-dhcp[5180]: DHCPACK(br101) 172.16.0.21 02:16:3e:11:af:9a ci
Oct 26 15:12:40 stack01 dnsmasq-dhcp[5180]: DHCPREQUEST(br101) 172.16.0.22 02:16:3e:75:46:da
Oct 26 15:12:40 stack01 dnsmasq-dhcp[5180]: DHCPACK(br101) 172.16.0.22 02:16:3e:75:46:da temp
Oct 26 15:12:58 stack01 dnsmasq-dhcp[5180]: DHCPREQUEST(br101) 172.16.0.19 02:16:3e:7f:8e:ef
Oct 26 15:12:58 stack01 dnsmasq-dhcp[5180]: DHCPACK(br101) 172.16.0.19 02:16:3e:7f:8e:ef puppet
Oct 26 15:13:12 stack01 dnsmasq-dhcp[5323]: DHCPREQUEST(br102) 172.16.0.35 02:16:3e:41:fa:27
Oct 26 15:13:12 stack01 dnsmasq-dhcp[5323]: DHCPACK(br102) 172.16.0.35 02:16:3e:41:fa:27 puppet
Oct 26 15:14:00 stack01 dnsmasq-dhcp[5323]: DHCPREQUEST(br102) 172.16.0.35 02:16:3e:41:fa:27
Oct 26 15:14:00 stack01 dnsmasq-dhcp[5323]: DHCPACK(br102) 172.16.0.35 02:16:3e:41:fa:27 puppet
Oct 26 15:14:23 stack01 dnsmasq-dhcp[5180]: DHCPREQUEST(br101) 172.16.0.21 02:16:3e:11:af:9a
Oct 26 15:14:23 stack01 dnsmasq-dhcp[5180]: DHCPACK(br101) 172.16.0.21 02:16:3e:11:af:9a ci
Oct 26 15:14:23 stack01 dnsmasq-dhcp[5180]: DHCPREQUEST(br101) 172.16.0.22 02:16:3e:75:46:da
Oct 26 15:14:23 stack01 dnsmasq-dhcp[5180]: DHCPACK(br101) 172.16.0.22 02:16:3e:75:46:da temp
Oct 26 15:14:38 stack01 dnsmasq-dhcp[5180]: DHCPREQUEST(br101) 172.16.0.19 02:16:3e:7f:8e:ef
Oct 26 15:14:38 stack01 dnsmasq-dhcp[5180]: DHCPACK(br101) 172.16.0.19 02:16:3e:7f:8e:ef puppet
Oct 26 15:14:51 stack01 dnsmasq-dhcp[5323]: DHCPREQUEST(br102) 172.16.0.35 02:16:3e:41:fa:27
Oct 26 15:14:51 stack01 dnsmasq-dhcp[5323]: DHCPACK(br102) 172.16.0.35 02:16:3e:41:fa:27 puppet
Oct 26 15:15:01 stack01 CRON[13099]: (root) CMD (if [ -x /etc/munin/plugins/apt_all ]; then /etc/munin/plugins/apt_all update 7200 12 >/dev/null; elif [ -x /etc/munin/plugins/apt ]; then /etc/munin/plugins/apt update 7200 12 >/dev/null; fi)
Oct 26 15:15:01 stack01 CRON[13100]: (munin) CMD (if [ -x /usr/bin/munin-cron ]; then /usr/bin/munin-cron; fi)
Oct 26 15:15:44 stack01 dnsmasq-dhcp[5323]: DHCPREQUEST(br102) 172.16.0.35 02:16:3e:41:fa:27
Oct 26 15:15:44 stack01 dnsmasq-dhcp[5323]: DHCPACK(br102) 172.16.0.35 02:16:3e:41:fa:27 puppet
Oct 26 15:16:16 stack01 dnsmasq-dhcp[5180]: DHCPREQUEST(br101) 172.16.0.21 02:16:3e:11:af:9a
Oct 26 15:16:16 stack01 dnsmasq-dhcp[5180]: DHCPACK(br101) 172.16.0.21 02:16:3e:11:af:9a ci
Oct 26 15:16:22 stack01 dnsmasq-dhcp[5180]: DHCPREQUEST(br101) 172.16.0.19 02:16:3e:7f:8e:ef
Oct 26 15:16:22 stack01 dnsmasq-dhcp[5180]: DHCPACK(br101) 172.16.0.19 02:16:3e:7f:8e:ef puppet
Oct 26 15:16:22 stack01 dnsmasq-dhcp[5180]: DHCPREQUEST(br101) 172.16.0.22 02:16:3e:75:46:da
Oct 26 15:16:22 stack01 dnsmasq-dhcp[5180]: DHCPACK(br101) 172.16.0.22 02:16:3e:75:46:da temp
Oct 26 15:16:27 stack01 dnsmasq-dhcp[5323]: DHCPREQUEST(br102) 172.16.0.35 02:16:3e:41:fa:27
Oct 26 15:16:27 stack01 dnsmasq-dhcp[5323]: DHCPACK(br102) 172.16.0.35 02:16:3e:41:fa:27 puppet
Oct 26 15:17:01 stack01 CRON[14254]: (root) CMD ( cd / && run-parts --report /etc/cron.hourly)
Oct 26 15:17:10 stack01 dnsmasq-dhcp[5323]: DHCPREQUEST(br102) 172.16.0.35 02:16:3e:41:fa:27
Oct 26 15:17:10 stack01 dnsmasq-dhcp[5323]: DHCPACK(br102) 172.16.0.35 02:16:3e:41:fa:27 puppet
Oct 26 15:17:57 stack01 dnsmasq-dhcp[5180]: DHCPREQUEST(br101) 172.16.0.21 02:16:3e:11:af:9a
Oct 26 15:17:57 stack01 dnsmasq-dhcp[5180]: DHCPACK(br101) 172.16.0.21 02:16:3e:11:af:9a ci
Oct 26 15:18:03 stack01 dnsmasq-dhcp[5323]: DHCPREQUEST(br102) 172.16.0.35 02:16:3e:41:fa:27
Oct 26 15:18:03 stack01 dnsmasq-dhcp[5323]: DHCPACK(br102) 172.16.0.35 02:16:3e:41:fa:27 puppet
Oct 26 15:18:05 stack01 dnsmasq-dhcp[5180]: DHCPREQUEST(br101) 172.16.0.19 02:16:3e:7f:8e:ef
Oct 26 15:18:05 stack01 dnsmasq-dhcp[5180]: DHCPACK(br101) 172.16.0.19 02:16:3e:7f:8e:ef puppet
Oct 26 15:18:11 stack01 dnsmasq-dhcp[5180]: DHCPREQUEST(br101) 172.16.0.22 02:16:3e:75:46:da
Oct 26 15:18:11 stack01 dnsmasq-dhcp[5180]: DHCPACK(br101) 172.16.0.22 02:16:3e:75:46:da temp
