Oct 23 18:10:44 T450s systemd-udevd[299]: Reading rules file: /lib/udev/rules.d/90-libgpod.rules
Oct 23 18:10:44 T450s systemd-udevd[299]: Reading rules file: /lib/udev/rules.d/90-libinput-model-quirks.rules
Oct 23 18:10:44 T450s systemd-udevd[299]: Reading rules file: /lib/udev/rules.d/90-pulseaudio.rules
Oct 23 18:10:44 T450s systemd-udevd[299]: Reading rules file: /lib/udev/rules.d/92-libccid.rules
Oct 23 18:10:44 T450s systemd-udevd[299]: Reading rules file: /lib/udev/rules.d/95-cd-devices.rules
Oct 23 18:10:44 T450s systemd-udevd[299]: Reading rules file: /lib/udev/rules.d/95-kpartx.rules
Oct 23 18:10:44 T450s systemd-udevd[299]: Reading rules file: /lib/udev/rules.d/95-upower-csr.rules
Oct 23 18:10:44 T450s systemd-udevd[299]: Reading rules file: /lib/udev/rules.d/95-upower-hid.rules
Oct 23 18:10:44 T450s systemd-udevd[299]: Reading rules file: /lib/udev/rules.d/95-upower-wup.rules
Oct 23 18:10:44 T450s systemd-udevd[299]: Reading rules file: /lib/udev/rules.d/97-hid2hci.rules
Oct 23 18:10:44 T450s systemd-udevd[299]: Reading rules file: /lib/udev/rules.d/99-laptop-mode.rules
Oct 23 18:10:44 T450s systemd-udevd[299]: Reading rules file: /lib/udev/rules.d/99-systemd.rules
Oct 23 18:10:44 T450s systemd-udevd[299]: rules contain 393216 bytes tokens (32768 * 12 bytes), 37277 bytes strings
Oct 23 18:10:44 T450s systemd-udevd[299]: 25101 strings (212884 bytes), 21748 de-duplicated (178961 bytes), 3354 trie nodes used
Oct 23 18:10:44 T450s systemd[1]: systemd-udevd.service: Got notification message from PID 299 (WATCHDOG=1)
Oct 23 18:10:44 T450s systemd-udevd[299]: chmod '/dev/snd/seq' 0660
Oct 23 18:10:44 T450s systemd-udevd[299]: chown '/dev/snd/seq' 0 29
Oct 23 18:10:44 T450s systemd-udevd[299]: chmod '/dev/snd/timer' 0660
Oct 23 18:10:44 T450s systemd-udevd[299]: chown '/dev/snd/timer' 0 29
Oct 23 18:10:44 T450s systemd-udevd[299]: chmod '/dev/loop-control' 0660
Oct 23 18:10:44 T450s systemd-udevd[299]: chown '/dev/loop-control' 0 6
Oct 23 18:10:44 T450s systemd[1]: systemd-udevd.service: Got notification message from PID 299 (READY=1, STATUS=Processing with 16 children at max)
Oct 23 18:10:44 T450s systemd[1]: systemd-udevd.service: Changed start -> running
Oct 23 18:10:44 T450s systemd[1]: systemd-udevd.service: Job systemd-udevd.service/start finished, result=done
Oct 23 18:10:44 T450s systemd[1]: Started udev Kernel Device Manager.
Oct 23 18:10:44 T450s systemd-udevd[299]: Validate module index
Oct 23 18:10:44 T450s systemd-udevd[299]: Check if link configuration needs reloading.
Oct 23 18:10:44 T450s systemd[1]: systemd-udevd-control.socket: Changed listening -> running
Oct 23 18:10:44 T450s systemd[1]: friendly-recovery.service: ConditionKernelCommandLine=recovery failed.
Oct 23 18:10:44 T450s systemd[1]: friendly-recovery.service: Starting requested but condition failed. Not starting unit.
Oct 23 18:10:44 T450s systemd[1]: friendly-recovery.service: Job friendly-recovery.service/start finished, result=done
Oct 23 18:10:44 T450s systemd[1]: systemd-fsck-root.service: ConditionPathExists=!/run/initramfs/fsck-root failed.
Oct 23 18:10:44 T450s systemd[1]: systemd-fsck-root.service: Starting requested but condition failed. Not starting unit.
Oct 23 18:10:44 T450s systemd[1]: systemd-fsck-root.service: Job systemd-fsck-root.service/start finished, result=done
Oct 23 18:10:44 T450s systemd[1]: systemd-remount-fs.service: ConditionVirtualization=!container succeeded.
Oct 23 18:10:44 T450s systemd[1]: systemd-remount-fs.service: ConditionPathExists=/etc/fstab succeeded.
Oct 23 18:10:44 T450s systemd-udevd[302]: value '[dmi/id]sys_vendor' is 'LENOVO'
Oct 23 18:10:44 T450s systemd-udevd[302]: value '[dmi/id]sys_vendor' is 'LENOVO'
Oct 23 18:10:44 T450s systemd-udevd[305]: value '[dmi/id]sys_vendor' is 'LENOVO'
Oct 23 18:10:44 T450s systemd-udevd[302]: passed device to netlink monitor 0x55a9747c9040
Oct 23 18:10:44 T450s systemd[1]: systemd-remount-fs.service: Passing 0 fds to service
Oct 23 18:10:44 T450s systemd-udevd[305]: value '[dmi/id]sys_vendor' is 'LENOVO'
Oct 23 18:10:44 T450s systemd[1]: systemd-remount-fs.service: About to execute: /lib/systemd/systemd-remount-fs
Oct 23 18:10:44 T450s systemd-udevd[299]: passed 185 byte device to netlink monitor 0x55a9747f94f0
Oct 23 18:10:44 T450s systemd[1]: systemd-remount-fs.service: Forked /lib/systemd/systemd-remount-fs as 310
Oct 23 18:10:44 T450s systemd-udevd[305]: passed device to netlink monitor 0x55a9747fca40
Oct 23 18:10:44 T450s systemd[1]: systemd-remount-fs.service: Changed dead -> start
Oct 23 18:10:44 T450s systemd[1]: Starting Remount Root and Kernel File Systems...
Oct 23 18:10:44 T450s systemd-udevd[302]: value '[dmi/id]sys_vendor' is 'LENOVO'
Oct 23 18:10:44 T450s systemd-udevd[302]: value '[dmi/id]sys_vendor' is 'LENOVO'
Oct 23 18:10:44 T450s systemd-udevd[304]: value '[dmi/id]sys_vendor' is 'LENOVO'
Oct 23 18:10:44 T450s systemd-udevd[304]: value '[dmi/id]sys_vendor' is 'LENOVO'
Oct 23 18:10:44 T450s systemd-udevd[302]: passed device to netlink monitor 0x55a9747c9040
Oct 23 18:10:44 T450s systemd-udevd[304]: passed device to netlink monitor 0x55a9747cde10
Oct 23 18:10:44 T450s systemd[310]: systemd-remount-fs.service: Executing: /lib/systemd/systemd-remount-fs
Oct 23 18:10:44 T450s systemd-udevd[299]: passed 192 byte device to netlink monitor 0x55a9747f94f0
Oct 23 18:10:44 T450s systemd-udevd[311]: value '[dmi/id]sys_vendor' is 'LENOVO'
Oct 23 18:10:44 T450s systemd-udevd[311]: value '[dmi/id]sys_vendor' is 'LENOVO'
Oct 23 18:10:44 T450s systemd-udevd[311]: passed device to netlink monitor 0x55a9747ae460
Oct 23 18:10:44 T450s systemd-udevd[303]: value '[dmi/id]sys_vendor' is 'LENOVO'
Oct 23 18:10:44 T450s systemd-udevd[303]: value '[dmi/id]sys_vendor' is 'LENOVO'
Oct 23 18:10:44 T450s systemd-udevd[303]: passed device to netlink monitor 0x55a9747d1020
Oct 23 18:10:44 T450s systemd[1]: systemd-journald.service: Got notification message from PID 267 (FDSTORE=1)
Oct 23 18:10:44 T450s systemd[1]: systemd-journald.service: Added fd 41 (n/a) to fd store.
Oct 23 18:10:44 T450s systemd-remount-fs[310]: Remounting /
Oct 23 18:10:44 T450s systemd-udevd[302]: value '[dmi/id]sys_vendor' is 'LENOVO'
Oct 23 18:10:44 T450s systemd-udevd[302]: value '[dmi/id]sys_vendor' is 'LENOVO'
Oct 23 18:10:44 T450s systemd-udevd[302]: passed device to netlink monitor 0x55a9747c9040
Oct 23 18:10:44 T450s systemd-udevd[299]: passed 180 byte device to netlink monitor 0x55a9747f94f0
Oct 23 18:10:44 T450s systemd-udevd[299]: passed 184 byte device to netlink monitor 0x55a9747f94f0
Oct 23 18:10:44 T450s systemd-udevd[302]: value '[dmi/id]sys_vendor' is 'LENOVO'
Oct 23 18:10:44 T450s systemd-udevd[302]: value '[dmi/id]sys_vendor' is 'LENOVO'
Oct 23 18:10:44 T450s kernel: EXT4-fs (sda6): re-mounted. Opts: errors=remount-ro
Oct 23 18:10:44 T450s systemd-udevd[302]: passed device to netlink monitor 0x55a9747c9040
Oct 23 18:10:44 T450s systemd-udevd[311]: value '[dmi/id]sys_vendor' is 'LENOVO'
Oct 23 18:10:44 T450s systemd-udevd[311]: value '[dmi/id]sys_vendor' is 'LENOVO'
Oct 23 18:10:44 T450s systemd-udevd[299]: passed 194 byte device to netlink monitor 0x55a9747f94f0
Oct 23 18:10:44 T450s systemd-udevd[299]: passed 181 byte device to netlink monitor 0x55a9747f94f0
Oct 23 18:10:44 T450s systemd-udevd[299]: passed 194 byte device to netlink monitor 0x55a9747f94f0
Oct 23 18:10:44 T450s systemd-udevd[299]: passed 182 byte device to netlink monitor 0x55a9747f94f0
Oct 23 18:10:44 T450s systemd-udevd[304]: value '[dmi/id]sys_vendor' is 'LENOVO'
Oct 23 18:10:44 T450s systemd-udevd[304]: value '[dmi/id]sys_vendor' is 'LENOVO'
Oct 23 18:10:44 T450s systemd-udevd[304]: passed device to netlink monitor 0x55a9747cde10
Oct 23 18:10:44 T450s systemd-udevd[305]: value '[dmi/id]sys_vendor' is 'LENOVO'
Oct 23 18:10:44 T450s systemd-udevd[305]: value '[dmi/id]sys_vendor' is 'LENOVO'
Oct 23 18:10:44 T450s systemd-udevd[305]: passed device to netlink monitor 0x55a9747fca40
Oct 23 18:10:44 T450s systemd-udevd[302]: value '[dmi/id]sys_vendor' is 'LENOVO'
Oct 23 18:10:44 T450s systemd[1]: libmount event [rescan: yes]
Oct 23 18:10:44 T450s systemd-udevd[302]: value '[dmi/id]sys_vendor' is 'LENOVO'
Oct 23 18:10:44 T450s systemd-udevd[302]: passed device to netlink monitor 0x55a9747c9040
Oct 23 18:10:44 T450s systemd-udevd[303]: value '[dmi/id]sys_vendor' is 'LENOVO'
Oct 23 18:10:44 T450s systemd-udevd[303]: value '[dmi/id]sys_vendor' is 'LENOVO'
Oct 23 18:10:44 T450s systemd-udevd[303]: passed device to netlink monitor 0x55a9747d1020
Oct 23 18:10:44 T450s systemd[1]: systemd-journald.service: Received EPOLLHUP on stored fd 41 (stored), closing.
Oct 23 18:10:44 T450s systemd-udevd[299]: passed 187 byte device to netlink monitor 0x55a9747f94f0
Oct 23 18:10:44 T450s systemd-udevd[299]: passed 178 byte device to netlink monitor 0x55a9747f94f0
Oct 23 18:10:44 T450s systemd[1]: Received SIGCHLD from PID 310 (systemd-remount).
Oct 23 18:10:44 T450s systemd[1]: Child 310 (systemd-remount) died (code=exited, status=0/SUCCESS)
Oct 23 18:10:44 T450s systemd-udevd[299]: passed 194 byte device to netlink monitor 0x55a9747f94f0
Oct 23 18:10:44 T450s systemd[1]: systemd-remount-fs.service: Child 310 belongs to systemd-remount-fs.service
Oct 23 18:10:44 T450s systemd[1]: systemd-remount-fs.service: Main process exited, code=exited, status=0/SUCCESS
Oct 23 18:10:44 T450s systemd-udevd[299]: passed 186 byte device to netlink monitor 0x55a9747f94f0
Oct 23 18:10:44 T450s systemd[1]: systemd-remount-fs.service: Changed start -> exited
Oct 23 18:10:44 T450s systemd[1]: systemd-remount-fs.service: Job systemd-remount-fs.service/start finished, result=done
Oct 23 18:10:44 T450s systemd[1]: Started Remount Root and Kernel File Systems.
Oct 23 18:10:44 T450s systemd-udevd[314]: value '[dmi/id]sys_vendor' is 'LENOVO'
Oct 23 18:10:44 T450s systemd-udevd[314]: value '[dmi/id]sys_vendor' is 'LENOVO'
Oct 23 18:10:44 T450s systemd-udevd[314]: passed device to netlink monitor 0x55a9747d1b70
Oct 23 18:10:44 T450s systemd-udevd[299]: passed 188 byte device to netlink monitor 0x55a9747f94f0
Oct 23 18:10:44 T450s systemd-udevd[315]: value '[dmi/id]sys_vendor' is 'LENOVO'
Oct 23 18:10:44 T450s systemd-journald[267]: Runtime journal (/run/log/journal/46e373bf034b4d5bbead8d442b415ba9) is 8.0M, max 78.5M, 70.5M free.
Oct 23 18:10:44 T450s journalctl[322]: Sent message type=method_call sender=n/a destination=org.freedesktop.systemd1 object=/org/freedesktop/systemd1 interface=org.freedesktop.systemd1.Manager member=KillUnit cookie=1 reply_cookie=0 error=n/a
Oct 23 18:10:44 T450s journalctl[322]: Got message type=method_return sender=n/a destination=n/a object=n/a interface=n/a member=n/a cookie=1 reply_cookie=1 error=n/a
Oct 23 18:10:44 T450s systemd-udevd[315]: value '[dmi/id]sys_vendor' is 'LENOVO'
Oct 23 18:10:44 T450s udevadm[321]: calling: trigger
Oct 23 18:10:44 T450s udevadm[321]: device-enumerator: scanning /sys/bus
Oct 23 18:10:44 T450s systemd[1]: systemd-random-seed.service: ConditionVirtualization=!container succeeded.
Oct 23 18:10:44 T450s systemd-udevd[315]: passed device to netlink monitor 0x55a9747f5ef0
Oct 23 18:10:44 T450s systemd-udevd[304]: value '[dmi/id]sys_vendor' is 'LENOVO'
Oct 23 18:10:44 T450s systemd-udevd[304]: value '[dmi/id]sys_vendor' is 'LENOVO'
Oct 23 18:10:44 T450s systemd[1]: systemd-random-seed.service: Passing 0 fds to service
Oct 23 18:10:44 T450s systemd[1]: systemd-random-seed.service: About to execute: /lib/systemd/systemd-random-seed load
Oct 23 18:10:44 T450s systemd-udevd[304]: passed device to netlink monitor 0x55a9747cde10
Oct 23 18:10:44 T450s systemd-udevd[316]: value '[dmi/id]sys_vendor' is 'LENOVO'
Oct 23 18:10:44 T450s systemd-udevd[311]: passed device to netlink monitor 0x55a9747ae460
Oct 23 18:10:44 T450s systemd-udevd[316]: value '[dmi/id]sys_vendor' is 'LENOVO'
Oct 23 18:10:44 T450s systemd[1]: systemd-random-seed.service: Forked /lib/systemd/systemd-random-seed as 320
Oct 23 18:10:44 T450s systemd-udevd[305]: value '[dmi/id]sys_vendor' is 'LENOVO'
Oct 23 18:10:44 T450s systemd[1]: systemd-random-seed.service: Changed dead -> start
Oct 23 18:10:44 T450s systemd[1]: Starting Load/Save Random Seed...
Oct 23 18:10:44 T450s systemd-udevd[305]: value '[dmi/id]sys_vendor' is 'LENOVO'
Oct 23 18:10:44 T450s udevadm[323]: calling: trigger
Oct 23 18:10:44 T450s udevadm[323]: device-enumerator: scan all dirs
Oct 23 18:10:44 T450s udevadm[323]: device-enumerator: scanning /sys/bus
Oct 23 18:10:44 T450s systemd-udevd[305]: passed device to netlink monitor 0x55a9747fca40
Oct 23 18:10:44 T450s systemd-udevd[303]: value '[dmi/id]sys_vendor' is 'LENOVO'
Oct 23 18:10:44 T450s systemd[320]: systemd-random-seed.service: Executing: /lib/systemd/systemd-random-seed load
Oct 23 18:10:44 T450s systemd-udevd[303]: value '[dmi/id]sys_vendor' is 'LENOVO'
Oct 23 18:10:44 T450s systemd-udevd[303]: passed device to netlink monitor 0x55a9747d1020
Oct 23 18:10:44 T450s systemd-udevd[317]: value '[dmi/id]sys_vendor' is 'LENOVO'
Oct 23 18:10:44 T450s systemd-udevd[317]: value '[dmi/id]sys_vendor' is 'LENOVO'
Oct 23 18:10:44 T450s systemd-udevd[317]: passed device to netlink monitor 0x55a9747d0ab0
Oct 23 18:10:44 T450s systemd[1]: systemd-hwdb-update.service: ConditionDirectoryNotEmpty=|/etc/udev/hwdb.d/ failed.
Oct 23 18:10:44 T450s systemd[1]: systemd-hwdb-update.service: ConditionPathExists=|/etc/udev/hwdb.bin failed.
Oct 23 18:10:44 T450s systemd[1]: systemd-hwdb-update.service: ConditionPathExists=|!/lib/udev/hwdb.bin failed.
Oct 23 18:10:44 T450s systemd[1]: systemd-hwdb-update.service: ConditionNeedsUpdate=/etc succeeded.
Oct 23 18:10:44 T450s systemd[1]: systemd-hwdb-update.service: Starting requested but condition failed. Not starting unit.
Oct 23 18:10:44 T450s systemd[1]: systemd-hwdb-update.service: Job systemd-hwdb-update.service/start finished, result=done
Oct 23 18:10:44 T450s systemd[1]: systemd-udev-trigger.service: ConditionPathIsReadWrite=/sys succeeded.
Oct 23 18:10:44 T450s systemd-udevd[313]: value '[dmi/id]sys_vendor' is 'LENOVO'
Oct 23 18:10:44 T450s systemd-udevd[313]: value '[dmi/id]sys_vendor' is 'LENOVO'
Oct 23 18:10:44 T450s systemd[1]: systemd-udev-trigger.service: Passing 0 fds to service
Oct 23 18:10:44 T450s systemd[1]: systemd-udev-trigger.service: About to execute: /bin/udevadm trigger --type=subsystems --action=add
Oct 23 18:10:44 T450s systemd[1]: systemd-udev-trigger.service: Forked /bin/udevadm as 321
Oct 23 18:10:44 T450s systemd[1]: systemd-udev-trigger.service: Changed dead -> start
Oct 23 18:10:44 T450s systemd[1]: Starting udev Coldplug all Devices...
Oct 23 18:10:44 T450s systemd[321]: systemd-udev-trigger.service: Executing: /bin/udevadm trigger --type=subsystems --action=add
Oct 23 18:10:44 T450s systemd-udevd[313]: passed device to netlink monitor 0x55a9747affa0
Oct 23 18:10:44 T450s systemd-udevd[318]: value '[dmi/id]sys_vendor' is 'LENOVO'
Oct 23 18:10:44 T450s systemd-udevd[318]: value '[dmi/id]sys_vendor' is 'LENOVO'
Oct 23 18:10:44 T450s systemd-udevd[318]: passed device to netlink monitor 0x55a9747e3950
Oct 23 18:10:44 T450s systemd[1]: systemd-journal-flush.service: Passing 0 fds to service
Oct 23 18:10:44 T450s systemd[1]: systemd-journal-flush.service: About to execute: /bin/journalctl --flush
Oct 23 18:10:44 T450s systemd[1]: systemd-journal-flush.service: Forked /bin/journalctl as 322
Oct 23 18:10:44 T450s systemd[1]: systemd-journal-flush.service: Changed dead -> start
Oct 23 18:10:44 T450s systemd[1]: Starting Flush Journal to Persistent Storage...
Oct 23 18:10:44 T450s systemd-udevd[319]: value '[dmi/id]sys_vendor' is 'LENOVO'
Oct 23 18:10:44 T450s systemd-udevd[319]: value '[dmi/id]sys_vendor' is 'LENOVO'
Oct 23 18:10:44 T450s systemd-udevd[319]: passed device to netlink monitor 0x55a9747ca230
Oct 23 18:10:44 T450s systemd[322]: systemd-journal-flush.service: Executing: /bin/journalctl --flush
Oct 23 18:10:44 T450s systemd-udevd[316]: passed device to netlink monitor 0x55a9747d21b0
Oct 23 18:10:44 T450s systemd-udevd[302]: value '[dmi/id]sys_vendor' is 'LENOVO'
Oct 23 18:10:44 T450s systemd-udevd[302]: value '[dmi/id]sys_vendor' is 'LENOVO'
Oct 23 18:10:44 T450s systemd-udevd[302]: passed device to netlink monitor 0x55a9747c9040
Oct 23 18:10:44 T450s systemd-udevd[314]: value '[dmi/id]sys_vendor' is 'LENOVO'
Oct 23 18:10:44 T450s systemd-udevd[314]: value '[dmi/id]sys_vendor' is 'LENOVO'
Oct 23 18:10:44 T450s systemd-udevd[314]: passed device to netlink monitor 0x55a9747d1b70
Oct 23 18:10:44 T450s systemd[1]: systemd-journald.service: Got notification message from PID 267 (FDSTORE=1)
Oct 23 18:10:44 T450s systemd[1]: systemd-journald.service: Added fd 41 (n/a) to fd store.
Oct 23 18:10:44 T450s systemd-udevd[299]: passed 193 byte device to netlink monitor 0x55a9747f94f0
Oct 23 18:10:44 T450s systemd-udevd[299]: passed 198 byte device to netlink monitor 0x55a9747f94f0
Oct 23 18:10:44 T450s systemd[1]: systemd-journald.service: Got notification message from PID 267 (FDSTORE=1)
Oct 23 18:10:44 T450s systemd-udevd[299]: passed 193 byte device to netlink monitor 0x55a9747f94f0
Oct 23 18:10:44 T450s systemd[1]: systemd-journald.service: Added fd 42 (n/a) to fd store.
Oct 23 18:10:44 T450s systemd-udevd[299]: passed 184 byte device to netlink monitor 0x55a9747f94f0
Oct 23 18:10:44 T450s systemd-udevd[299]: passed 200 byte device to netlink monitor 0x55a9747f94f0
Oct 23 18:10:44 T450s systemd-udevd[299]: passed 189 byte device to netlink monitor 0x55a9747f94f0
Oct 23 18:10:44 T450s systemd-udevd[299]: passed 184 byte device to netlink monitor 0x55a9747f94f0
Oct 23 18:10:44 T450s systemd-udevd[299]: passed 188 byte device to netlink monitor 0x55a9747f94f0
Oct 23 18:10:44 T450s systemd-udevd[299]: passed 185 byte device to netlink monitor 0x55a9747f94f0
Oct 23 18:10:44 T450s systemd-udevd[299]: passed 198 byte device to netlink monitor 0x55a9747f94f0
Oct 23 18:10:44 T450s systemd-udevd[299]: passed 187 byte device to netlink monitor 0x55a9747f94f0
Oct 23 18:10:44 T450s systemd-udevd[299]: passed 188 byte device to netlink monitor 0x55a9747f94f0
Oct 23 18:10:44 T450s systemd[1]: systemd-journald.service: Got notification message from PID 267 (FDSTORE=1)
Oct 23 18:10:44 T450s systemd[1]: systemd-journald.service: Added fd 44 (n/a) to fd store.
Oct 23 18:10:44 T450s systemd[1]: Accepted new private connection.
Oct 23 18:10:44 T450s udevadm[323]: device-enumerator: scanning /sys/class
Oct 23 18:10:44 T450s systemd-udevd[313]: value '[dmi/id]sys_vendor' is 'LENOVO'
Oct 23 18:10:44 T450s systemd-udevd[313]: value '[dmi/id]sys_vendor' is 'LENOVO'
Oct 23 18:10:44 T450s systemd-udevd[315]: value '[dmi/id]sys_vendor' is 'LENOVO'
Oct 23 18:10:44 T450s systemd-udevd[309]: value '[dmi/id]sys_vendor' is 'LENOVO'
Oct 23 18:10:44 T450s systemd-udevd[315]: value '[dmi/id]sys_vendor' is 'LENOVO'
Oct 23 18:10:44 T450s systemd-udevd[309]: value '[dmi/id]sys_vendor' is 'LENOVO'
Oct 23 18:10:44 T450s systemd-udevd[309]: passed device to netlink monitor 0x55a9747c4b30
Oct 23 18:10:44 T450s systemd-udevd[308]: value '[dmi/id]sys_vendor' is 'LENOVO'
Oct 23 18:10:44 T450s systemd-udevd[308]: value '[dmi/id]sys_vendor' is 'LENOVO'
Oct 23 18:10:44 T450s systemd-udevd[308]: passed device to netlink monitor 0x55a9747cf3f0
Oct 23 18:10:44 T450s systemd-udevd[307]: value '[dmi/id]sys_vendor' is 'LENOVO'
Oct 23 18:10:44 T450s systemd-udevd[307]: value '[dmi/id]sys_vendor' is 'LENOVO'
Oct 23 18:10:44 T450s systemd-udevd[307]: passed device to netlink monitor 0x55a9747c3870
Oct 23 18:10:44 T450s systemd-udevd[299]: passed 186 byte device to netlink monitor 0x55a9747f94f0
Oct 23 18:10:44 T450s systemd-udevd[299]: passed 191 byte device to netlink monitor 0x55a9747f94f0
Oct 23 18:10:44 T450s systemd-udevd[299]: passed 191 byte device to netlink monitor 0x55a9747f94f0
Oct 23 18:10:44 T450s systemd-udevd[307]: value '[dmi/id]sys_vendor' is 'LENOVO'
Oct 23 18:10:44 T450s systemd-udevd[307]: value '[dmi/id]sys_vendor' is 'LENOVO'
Oct 23 18:10:44 T450s systemd[1]: systemd-journald.service: Received EPOLLHUP on stored fd 41 (stored), closing.
Oct 23 18:10:44 T450s systemd-udevd[307]: passed device to netlink monitor 0x55a9747c3870
Oct 23 18:10:44 T450s systemd-udevd[299]: passed 182 byte device to netlink monitor 0x55a9747f94f0
Oct 23 18:10:44 T450s systemd-udevd[307]: value '[dmi/id]sys_vendor' is 'LENOVO'
Oct 23 18:10:44 T450s systemd-udevd[307]: value '[dmi/id]sys_vendor' is 'LENOVO'
Oct 23 18:10:44 T450s systemd-udevd[307]: passed device to netlink monitor 0x55a9747c3870
Oct 23 18:10:44 T450s systemd[1]: Received SIGCHLD from PID 320 (systemd-random-).
Oct 23 18:10:44 T450s systemd[1]: Child 320 (systemd-random-) died (code=exited, status=0/SUCCESS)
Oct 23 18:10:44 T450s systemd-udevd[309]: value '[dmi/id]sys_vendor' is 'LENOVO'
Oct 23 18:10:44 T450s systemd[1]: systemd-random-seed.service: Child 320 belongs to systemd-random-seed.service
Oct 23 18:10:44 T450s systemd[1]: systemd-random-seed.service: Main process exited, code=exited, status=0/SUCCESS
Oct 23 18:10:44 T450s systemd-udevd[309]: value '[dmi/id]sys_vendor' is 'LENOVO'
Oct 23 18:10:44 T450s systemd-udevd[309]: passed device to netlink monitor 0x55a9747c4b30
Oct 23 18:10:44 T450s systemd[1]: systemd-random-seed.service: Changed start -> exited
Oct 23 18:10:44 T450s systemd[1]: systemd-random-seed.service: Job systemd-random-seed.service/start finished, result=done
Oct 23 18:10:44 T450s systemd-udevd[308]: value '[dmi/id]sys_vendor' is 'LENOVO'
Oct 23 18:10:44 T450s systemd[1]: Started Load/Save Random Seed.
Oct 23 18:10:44 T450s systemd-udevd[308]: value '[dmi/id]sys_vendor' is 'LENOVO'
Oct 23 18:10:44 T450s systemd-udevd[308]: passed device to netlink monitor 0x55a9747cf3f0
Oct 23 18:10:44 T450s systemd-udevd[306]: value '[dmi/id]sys_vendor' is 'LENOVO'
Oct 23 18:10:44 T450s systemd-udevd[306]: value '[dmi/id]sys_vendor' is 'LENOVO'
Oct 23 18:10:44 T450s systemd-udevd[306]: passed device to netlink monitor 0x55a9747c9840
Oct 23 18:10:44 T450s systemd-udevd[299]: passed 200 byte device to netlink monitor 0x55a9747f94f0
Oct 23 18:10:44 T450s systemd-udevd[299]: passed 129 byte device to netlink monitor 0x55a9747f94f0
Oct 23 18:10:44 T450s systemd-udevd[299]: passed 123 byte device to netlink monitor 0x55a9747f94f0
Oct 23 18:10:44 T450s systemd-udevd[299]: passed 128 byte device to netlink monitor 0x55a9747f94f0
Oct 23 18:10:44 T450s systemd-udevd[309]: value '[dmi/id]sys_vendor' is 'LENOVO'
Oct 23 18:10:44 T450s systemd-udevd[309]: value '[dmi/id]sys_vendor' is 'LENOVO'
Oct 23 18:10:44 T450s systemd-udevd[309]: passed device to netlink monitor 0x55a9747c4b30
Oct 23 18:10:44 T450s systemd-udevd[299]: passed 140 byte device to netlink monitor 0x55a9747f94f0
Oct 23 18:10:44 T450s systemd-udevd[308]: value '[dmi/id]sys_vendor' is 'LENOVO'
Oct 23 18:10:44 T450s systemd-udevd[308]: value '[dmi/id]sys_vendor' is 'LENOVO'
Oct 23 18:10:44 T450s systemd-udevd[308]: passed device to netlink monitor 0x55a9747cf3f0
Oct 23 18:10:44 T450s systemd-udevd[299]: passed 170 byte device to netlink monitor 0x55a9747f94f0
Oct 23 18:10:44 T450s systemd-udevd[306]: value '[dmi/id]sys_vendor' is 'LENOVO'
Oct 23 18:10:44 T450s systemd-udevd[306]: value '[dmi/id]sys_vendor' is 'LENOVO'
Oct 23 18:10:44 T450s systemd-udevd[306]: passed device to netlink monitor 0x55a9747c9840
Oct 23 18:10:44 T450s systemd-udevd[299]: passed 174 byte device to netlink monitor 0x55a9747f94f0
Oct 23 18:10:44 T450s systemd-udevd[307]: value '[dmi/id]sys_vendor' is 'LENOVO'
Oct 23 18:10:44 T450s systemd-udevd[307]: value '[dmi/id]sys_vendor' is 'LENOVO'
Oct 23 18:10:44 T450s systemd-udevd[307]: passed device to netlink monitor 0x55a9747c3870
Oct 23 18:10:44 T450s systemd-udevd[299]: passed 171 byte device to netlink monitor 0x55a9747f94f0
Oct 23 18:10:44 T450s systemd-udevd[307]: value '[dmi/id]sys_vendor' is 'LENOVO'
Oct 23 18:10:44 T450s systemd-udevd[307]: value '[dmi/id]sys_vendor' is 'LENOVO'
Oct 23 18:10:44 T450s systemd-udevd[307]: passed device to netlink monitor 0x55a9747c3870
Oct 23 18:10:44 T450s systemd-udevd[299]: passed 184 byte device to netlink monitor 0x55a9747f94f0
Oct 23 18:10:44 T450s systemd-udevd[307]: value '[dmi/id]sys_vendor' is 'LENOVO'
Oct 23 18:10:44 T450s systemd-udevd[307]: value '[dmi/id]sys_vendor' is 'LENOVO'
Oct 23 18:10:44 T450s systemd-udevd[307]: passed device to netlink monitor 0x55a9747c3870
Oct 23 18:10:44 T450s systemd-udevd[299]: passed 173 byte device to netlink monitor 0x55a9747f94f0
Oct 23 18:10:44 T450s systemd-udevd[307]: value '[dmi/id]sys_vendor' is 'LENOVO'
Oct 23 18:10:44 T450s systemd-udevd[307]: value '[dmi/id]sys_vendor' is 'LENOVO'
Oct 23 18:10:44 T450s systemd[1]: systemd-journald.service: Received EPOLLHUP on stored fd 42 (stored), closing.
Oct 23 18:10:44 T450s systemd-udevd[307]: passed device to netlink monitor 0x55a9747c3870
Oct 23 18:10:44 T450s systemd[1]: Received SIGCHLD from PID 321 (udevadm).
Oct 23 18:10:44 T450s systemd[1]: Child 321 (udevadm) died (code=exited, status=0/SUCCESS)
Oct 23 18:10:44 T450s systemd[1]: systemd-udev-trigger.service: Child 321 belongs to systemd-udev-trigger.service
Oct 23 18:10:44 T450s systemd[1]: systemd-udev-trigger.service: Main process exited, code=exited, status=0/SUCCESS
Oct 23 18:10:44 T450s systemd[1]: systemd-udev-trigger.service: Running next main command for state start.
Oct 23 18:10:44 T450s systemd[1]: systemd-udev-trigger.service: Passing 0 fds to service
Oct 23 18:10:44 T450s systemd-udevd[309]: value '[dmi/id]sys_vendor' is 'LENOVO'
Oct 23 18:10:44 T450s systemd[1]: systemd-udev-trigger.service: About to execute: /bin/udevadm trigger --type=devices --action=add
Oct 23 18:10:44 T450s systemd-udevd[309]: value '[dmi/id]sys_vendor' is 'LENOVO'
Oct 23 18:10:44 T450s systemd-udevd[309]: passed device to netlink monitor 0x55a9747c4b30
Oct 23 18:10:44 T450s systemd[1]: systemd-udev-trigger.service: Forked /bin/udevadm as 323
Oct 23 18:10:44 T450s systemd-udevd[299]: passed 174 byte device to netlink monitor 0x55a9747f94f0
Oct 23 18:10:44 T450s systemd-udevd[309]: value '[dmi/id]sys_vendor' is 'LENOVO'
Oct 23 18:10:44 T450s systemd-udevd[309]: value '[dmi/id]sys_vendor' is 'LENOVO'
Oct 23 18:10:44 T450s systemd[323]: systemd-udev-trigger.service: Executing: /bin/udevadm trigger --type=devices --action=add
Oct 23 18:10:44 T450s systemd-udevd[309]: passed device to netlink monitor 0x55a9747c4b30
Oct 23 18:10:44 T450s systemd-udevd[307]: value '[dmi/id]sys_vendor' is 'LENOVO'
Oct 23 18:10:44 T450s systemd-udevd[307]: value '[dmi/id]sys_vendor' is 'LENOVO'
Oct 23 18:10:44 T450s systemd-udevd[307]: passed device to netlink monitor 0x55a9747c3870
Oct 23 18:10:44 T450s systemd-udevd[299]: passed 184 byte device to netlink monitor 0x55a9747f94f0
Oct 23 18:10:44 T450s systemd-udevd[299]: passed 172 byte device to netlink monitor 0x55a9747f94f0
Oct 23 18:10:44 T450s systemd-udevd[299]: passed 177 byte device to netlink monitor 0x55a9747f94f0
Oct 23 18:10:44 T450s systemd-udevd[309]: value '[dmi/id]sys_vendor' is 'LENOVO'
Oct 23 18:10:44 T450s systemd-udevd[309]: value '[dmi/id]sys_vendor' is 'LENOVO'
Oct 23 18:10:44 T450s systemd-udevd[309]: passed device to netlink monitor 0x55a9747c4b30
Oct 23 18:10:44 T450s systemd-udevd[307]: value '[dmi/id]sys_vendor' is 'LENOVO'
Oct 23 18:10:44 T450s systemd-udevd[307]: value '[dmi/id]sys_vendor' is 'LENOVO'
Oct 23 18:10:44 T450s systemd-udevd[299]: passed 177 byte device to netlink monitor 0x55a9747f94f0
Oct 23 18:10:44 T450s systemd-udevd[307]: passed device to netlink monitor 0x55a9747c3870
Oct 23 18:10:44 T450s systemd-udevd[299]: passed 168 byte device to netlink monitor 0x55a9747f94f0
Oct 23 18:10:44 T450s systemd-udevd[307]: value '[dmi/id]sys_vendor' is 'LENOVO'
Oct 23 18:10:44 T450s systemd-udevd[307]: value '[dmi/id]sys_vendor' is 'LENOVO'
Oct 23 18:10:44 T450s systemd-udevd[307]: passed device to netlink monitor 0x55a9747c3870
Oct 23 18:10:44 T450s systemd-udevd[299]: passed 190 byte device to netlink monitor 0x55a9747f94f0
Oct 23 18:10:44 T450s systemd-udevd[307]: value '[dmi/id]sys_vendor' is 'LENOVO'
Oct 23 18:10:44 T450s systemd-udevd[308]: value '[dmi/id]sys_vendor' is 'LENOVO'
Oct 23 18:10:44 T450s systemd-udevd[307]: value '[dmi/id]sys_vendor' is 'LENOVO'
Oct 23 18:10:44 T450s systemd-udevd[308]: value '[dmi/id]sys_vendor' is 'LENOVO'
Oct 23 18:10:44 T450s systemd-udevd[308]: passed device to netlink monitor 0x55a9747cf3f0
Oct 23 18:10:44 T450s systemd-udevd[307]: passed device to netlink monitor 0x55a9747c3870
Oct 23 18:10:44 T450s systemd[1]: Got disconnect on private connection.
Oct 23 18:10:44 T450s systemd-udevd[306]: value '[dmi/id]sys_vendor' is 'LENOVO'
Oct 23 18:10:44 T450s systemd-udevd[306]: value '[dmi/id]sys_vendor' is 'LENOVO'
Oct 23 18:10:44 T450s systemd-udevd[306]: passed device to netlink monitor 0x55a9747c9840
Oct 23 18:10:44 T450s systemd-udevd[302]: value '[dmi/id]sys_vendor' is 'LENOVO'
Oct 23 18:10:44 T450s systemd-udevd[302]: value '[dmi/id]sys_vendor' is 'LENOVO'
Oct 23 18:10:44 T450s systemd-udevd[302]: passed device to netlink monitor 0x55a9747c9040
Oct 23 18:10:44 T450s systemd[1]: systemd-journald.service: Received EPOLLHUP on stored fd 44 (stored), closing.
Oct 23 18:10:44 T450s systemd-udevd[313]: passed device to netlink monitor 0x55a9747affa0
Oct 23 18:10:44 T450s systemd[1]: Received SIGCHLD from PID 322 (journalctl).
Oct 23 18:10:44 T450s systemd[1]: Child 322 (journalctl) died (code=exited, status=0/SUCCESS)
Oct 23 18:10:44 T450s systemd[1]: systemd-journal-flush.service: Child 322 belongs to systemd-journal-flush.service
Oct 23 18:10:44 T450s systemd[1]: systemd-journal-flush.service: Main process exited, code=exited, status=0/SUCCESS
Oct 23 18:10:44 T450s systemd-udevd[315]: passed device to netlink monitor 0x55a9747f5ef0
Oct 23 18:10:44 T450s systemd-udevd[314]: value '[dmi/id]sys_vendor' is 'LENOVO'
Oct 23 18:10:44 T450s systemd-udevd[314]: value '[dmi/id]sys_vendor' is 'LENOVO'
Oct 23 18:10:44 T450s systemd[1]: systemd-journal-flush.service: Changed start -> exited
Oct 23 18:10:44 T450s systemd[1]: systemd-journal-flush.service: Job systemd-journal-flush.service/start finished, result=done
Oct 23 18:10:44 T450s systemd[1]: Started Flush Journal to Persistent Storage.
Oct 23 18:10:44 T450s systemd-udevd[314]: passed device to netlink monitor 0x55a9747d1b70
Oct 23 18:10:44 T450s systemd-udevd[304]: value '[dmi/id]sys_vendor' is 'LENOVO'
Oct 23 18:10:44 T450s systemd-udevd[304]: value '[dmi/id]sys_vendor' is 'LENOVO'
Oct 23 18:10:44 T450s systemd-udevd[304]: passed device to netlink monitor 0x55a9747cde10
Oct 23 18:10:44 T450s systemd-udevd[311]: value '[dmi/id]sys_vendor' is 'LENOVO'
Oct 23 18:10:44 T450s systemd-udevd[311]: value '[dmi/id]sys_vendor' is 'LENOVO'
Oct 23 18:10:44 T450s systemd-udevd[311]: passed device to netlink monitor 0x55a9747ae460
Oct 23 18:10:44 T450s systemd-udevd[318]: value '[dmi/id]sys_vendor' is 'LENOVO'
Oct 23 18:10:44 T450s systemd-udevd[318]: value '[dmi/id]sys_vendor' is 'LENOVO'
Oct 23 18:10:44 T450s systemd-udevd[318]: passed device to netlink monitor 0x55a9747e3950
Oct 23 18:10:44 T450s systemd-udevd[316]: value '[dmi/id]sys_vendor' is 'LENOVO'
Oct 23 18:10:44 T450s systemd-udevd[316]: value '[dmi/id]sys_vendor' is 'LENOVO'
Oct 23 18:10:44 T450s systemd-udevd[316]: passed device to netlink monitor 0x55a9747d21b0
Oct 23 18:10:44 T450s systemd-udevd[319]: value '[dmi/id]sys_vendor' is 'LENOVO'
Oct 23 18:10:44 T450s systemd-udevd[319]: value '[dmi/id]sys_vendor' is 'LENOVO'
Oct 23 18:10:44 T450s systemd-udevd[319]: passed device to netlink monitor 0x55a9747ca230
Oct 23 18:10:44 T450s systemd-udevd[309]: value '[dmi/id]sys_vendor' is 'LENOVO'
Oct 23 18:10:44 T450s systemd-udevd[309]: value '[dmi/id]sys_vendor' is 'LENOVO'
Oct 23 18:10:44 T450s systemd-udevd[309]: passed device to netlink monitor 0x55a9747c4b30
Oct 23 18:10:44 T450s systemd-udevd[299]: passed 124 byte device to netlink monitor 0x55a9747f94f0
Oct 23 18:10:44 T450s systemd-udevd[299]: passed 127 byte device to netlink monitor 0x55a9747f94f0
Oct 23 18:10:44 T450s systemd-udevd[299]: passed 181 byte device to netlink monitor 0x55a9747f94f0
Oct 23 18:10:44 T450s systemd-udevd[299]: passed 185 byte device to netlink monitor 0x55a9747f94f0
Oct 23 18:10:44 T450s systemd-udevd[299]: passed 182 byte device to netlink monitor 0x55a9747f94f0
Oct 23 18:10:44 T450s systemd-udevd[299]: passed 195 byte device to netlink monitor 0x55a9747f94f0
Oct 23 18:10:44 T450s systemd-udevd[299]: passed 184 byte device to netlink monitor 0x55a9747f94f0
Oct 23 18:10:44 T450s systemd-udevd[299]: passed 185 byte device to netlink monitor 0x55a9747f94f0
Oct 23 18:10:44 T450s systemd[1]: systemd-journald.service: Got notification message from PID 267 (FDSTORE=1)
Oct 23 18:10:44 T450s systemd[1]: systemd-journald.service: Added fd 41 (n/a) to fd store.
Oct 23 18:10:44 T450s systemd-udevd[309]: value '[dmi/id]sys_vendor' is 'LENOVO'
Oct 23 18:10:44 T450s systemd-udevd[309]: value '[dmi/id]sys_vendor' is 'LENOVO'
Oct 23 18:10:44 T450s systemd-udevd[309]: passed device to netlink monitor 0x55a9747c4b30
Oct 23 18:10:44 T450s systemd-udevd[299]: passed 195 byte device to netlink monitor 0x55a9747f94f0
Oct 23 18:10:44 T450s systemd-udevd[299]: passed 193 byte device to netlink monitor 0x55a9747f94f0
Oct 23 18:10:44 T450s systemd-udevd[299]: passed 183 byte device to netlink monitor 0x55a9747f94f0
Oct 23 18:10:44 T450s systemd-udevd[299]: passed 188 byte device to netlink monitor 0x55a9747f94f0
Oct 23 18:10:44 T450s systemd-udevd[299]: passed 188 byte device to netlink monitor 0x55a9747f94f0
Oct 23 18:10:44 T450s systemd-udevd[309]: value '[dmi/id]sys_vendor' is 'LENOVO'
Oct 23 18:10:44 T450s systemd-udevd[309]: value '[dmi/id]sys_vendor' is 'LENOVO'
Oct 23 18:10:44 T450s systemd-udevd[309]: passed device to netlink monitor 0x55a9747c4b30
Oct 23 18:10:44 T450s systemd-udevd[299]: passed 179 byte device to netlink monitor 0x55a9747f94f0
Oct 23 18:10:44 T450s systemd-udevd[309]: value '[dmi/id]sys_vendor' is 'LENOVO'
Oct 23 18:10:44 T450s systemd-udevd[309]: value '[dmi/id]sys_vendor' is 'LENOVO'
Oct 23 18:10:44 T450s systemd-udevd[309]: passed device to netlink monitor 0x55a9747c4b30
Oct 23 18:10:44 T450s systemd-udevd[313]: value '[dmi/id]sys_vendor' is 'LENOVO'
Oct 23 18:10:44 T450s systemd-udevd[313]: value '[dmi/id]sys_vendor' is 'LENOVO'
Oct 23 18:10:44 T450s systemd-udevd[302]: value '[dmi/id]sys_vendor' is 'LENOVO'
Oct 23 18:10:44 T450s systemd-udevd[302]: value '[dmi/id]sys_vendor' is 'LENOVO'
Oct 23 18:10:44 T450s systemd-udevd[302]: passed device to netlink monitor 0x55a9747c9040
Oct 23 18:10:44 T450s systemd-udevd[299]: passed 185 byte device to netlink monitor 0x55a9747f94f0
Oct 23 18:10:44 T450s systemd-udevd[299]: passed 185 byte device to netlink monitor 0x55a9747f94f0
Oct 23 18:10:44 T450s systemd-udevd[309]: value '[dmi/id]sys_vendor' is 'LENOVO'
Oct 23 18:10:44 T450s systemd-udevd[309]: value '[dmi/id]sys_vendor' is 'LENOVO'
Oct 23 18:10:44 T450s systemd-udevd[309]: passed device to netlink monitor 0x55a9747c4b30
Oct 23 18:10:44 T450s systemd-udevd[315]: value '[dmi/id]sys_vendor' is 'LENOVO'
Oct 23 18:10:44 T450s systemd-udevd[315]: value '[dmi/id]sys_vendor' is 'LENOVO'
Oct 23 18:10:44 T450s systemd-udevd[315]: passed device to netlink monitor 0x55a9747f5ef0
Oct 23 18:10:44 T450s systemd-udevd[313]: passed device to netlink monitor 0x55a9747affa0
Oct 23 18:10:44 T450s systemd-udevd[299]: passed 189 byte device to netlink monitor 0x55a9747f94f0
Oct 23 18:10:44 T450s systemd-udevd[313]: value '[dmi/id]sys_vendor' is 'LENOVO'
Oct 23 18:10:44 T450s systemd-udevd[313]: value '[dmi/id]sys_vendor' is 'LENOVO'
Oct 23 18:10:44 T450s systemd-udevd[313]: passed device to netlink monitor 0x55a9747affa0
Oct 23 18:10:44 T450s systemd-udevd[302]: value '[dmi/id]sys_vendor' is 'LENOVO'
Oct 23 18:10:44 T450s systemd-udevd[302]: value '[dmi/id]sys_vendor' is 'LENOVO'
Oct 23 18:10:44 T450s systemd-udevd[302]: passed device to netlink monitor 0x55a9747c9040
Oct 23 18:10:44 T450s systemd-udevd[299]: passed 186 byte device to netlink monitor 0x55a9747f94f0
Oct 23 18:10:44 T450s systemd-udevd[309]: value '[dmi/id]sys_vendor' is 'LENOVO'
Oct 23 18:10:44 T450s systemd-udevd[309]: value '[dmi/id]sys_vendor' is 'LENOVO'
Oct 23 18:10:44 T450s systemd-udevd[299]: passed 177 byte device to netlink monitor 0x55a9747f94f0
Oct 23 18:10:44 T450s systemd-udevd[315]: value '[dmi/id]sys_vendor' is 'LENOVO'
Oct 23 18:10:44 T450s systemd-udevd[315]: value '[dmi/id]sys_vendor' is 'LENOVO'
Oct 23 18:10:44 T450s systemd-udevd[315]: passed device to netlink monitor 0x55a9747f5ef0
Oct 23 18:10:44 T450s systemd-udevd[299]: passed 127 byte device to netlink monitor 0x55a9747f94f0
Oct 23 18:10:44 T450s systemd-udevd[313]: value '[dmi/id]sys_vendor' is 'LENOVO'
Oct 23 18:10:44 T450s systemd-udevd[313]: value '[dmi/id]sys_vendor' is 'LENOVO'
Oct 23 18:10:44 T450s systemd-udevd[313]: passed device to netlink monitor 0x55a9747affa0
Oct 23 18:10:44 T450s systemd-udevd[314]: value '[dmi/id]sys_vendor' is 'LENOVO'
Oct 23 18:10:44 T450s systemd-udevd[314]: value '[dmi/id]sys_vendor' is 'LENOVO'
Oct 23 18:10:44 T450s systemd-udevd[314]: passed device to netlink monitor 0x55a9747d1b70
Oct 23 18:10:44 T450s systemd-udevd[309]: passed device to netlink monitor 0x55a9747c4b30
Oct 23 18:10:44 T450s systemd-udevd[299]: passed 125 byte device to netlink monitor 0x55a9747f94f0
Oct 23 18:10:44 T450s systemd-udevd[302]: value '[dmi/id]sys_vendor' is 'LENOVO'
Oct 23 18:10:44 T450s systemd-udevd[302]: value '[dmi/id]sys_vendor' is 'LENOVO'
Oct 23 18:10:44 T450s systemd-udevd[302]: passed device to netlink monitor 0x55a9747c9040
Oct 23 18:10:44 T450s systemd-udevd[299]: passed 141 byte device to netlink monitor 0x55a9747f94f0
Oct 23 18:10:44 T450s systemd-udevd[315]: value '[dmi/id]sys_vendor' is 'LENOVO'
Oct 23 18:10:44 T450s systemd-udevd[315]: value '[dmi/id]sys_vendor' is 'LENOVO'
Oct 23 18:10:44 T450s systemd-udevd[315]: passed device to netlink monitor 0x55a9747f5ef0
Oct 23 18:10:44 T450s systemd-udevd[299]: passed 195 byte device to netlink monitor 0x55a9747f94f0
Oct 23 18:10:44 T450s systemd-udevd[313]: value '[dmi/id]sys_vendor' is 'LENOVO'
Oct 23 18:10:44 T450s systemd-udevd[313]: value '[dmi/id]sys_vendor' is 'LENOVO'
Oct 23 18:10:44 T450s systemd-udevd[313]: RUN 'kmod load ppdev' /lib/udev/rules.d/80-drivers.rules:10
Oct 23 18:10:44 T450s systemd-udevd[313]: Execute 'load' 'ppdev'
Oct 23 18:10:44 T450s systemd-udevd[317]: value '[dmi/id]sys_vendor' is 'LENOVO'
Oct 23 18:10:44 T450s systemd-udevd[313]: Inserted 'ppdev'
Oct 23 18:10:44 T450s systemd-udevd[313]: passed device to netlink monitor 0x55a9747affa0
Oct 23 18:10:44 T450s systemd-udevd[317]: value '[dmi/id]sys_vendor' is 'LENOVO'
Oct 23 18:10:44 T450s systemd-udevd[304]: value '[dmi/id]sys_vendor' is 'LENOVO'
Oct 23 18:10:44 T450s systemd-udevd[317]: passed device to netlink monitor 0x55a9747d0ab0
Oct 23 18:10:44 T450s systemd-udevd[304]: value '[dmi/id]sys_vendor' is 'LENOVO'
Oct 23 18:10:44 T450s systemd-udevd[305]: value '[dmi/id]sys_vendor' is 'LENOVO'
Oct 23 18:10:44 T450s systemd-udevd[304]: passed device to netlink monitor 0x55a9747cde10
Oct 23 18:10:44 T450s systemd-udevd[299]: passed 132 byte device to netlink monitor 0x55a9747f94f0
Oct 23 18:10:44 T450s systemd-udevd[305]: value '[dmi/id]sys_vendor' is 'LENOVO'
Oct 23 18:10:44 T450s systemd-udevd[299]: passed 147 byte device to netlink monitor 0x55a9747f94f0
Oct 23 18:10:44 T450s systemd-udevd[314]: value '[dmi/id]sys_vendor' is 'LENOVO'
Oct 23 18:10:44 T450s systemd-udevd[305]: passed device to netlink monitor 0x55a9747fca40
Oct 23 18:10:44 T450s systemd-udevd[302]: value '[dmi/id]sys_vendor' is 'LENOVO'
Oct 23 18:10:44 T450s systemd-udevd[314]: value '[dmi/id]sys_vendor' is 'LENOVO'
Oct 23 18:10:44 T450s systemd-udevd[302]: value '[dmi/id]sys_vendor' is 'LENOVO'
Oct 23 18:10:44 T450s systemd-udevd[303]: value '[dmi/id]sys_vendor' is 'LENOVO'
Oct 23 18:10:44 T450s systemd-udevd[303]: value '[dmi/id]sys_vendor' is 'LENOVO'
Oct 23 18:10:44 T450s systemd-udevd[314]: passed device to netlink monitor 0x55a9747d1b70
Oct 23 18:10:44 T450s systemd-udevd[299]: passed 142 byte device to netlink monitor 0x55a9747f94f0
Oct 23 18:10:44 T450s systemd-udevd[302]: passed device to netlink monitor 0x55a9747c9040
Oct 23 18:10:44 T450s systemd-udevd[309]: value '[dmi/id]sys_vendor' is 'LENOVO'
Oct 23 18:10:44 T450s systemd-udevd[303]: passed device to netlink monitor 0x55a9747d1020
Oct 23 18:10:44 T450s systemd-udevd[309]: value '[dmi/id]sys_vendor' is 'LENOVO'
Oct 23 18:10:44 T450s systemd-udevd[309]: IMPORT builtin 'hwdb' /lib/udev/rules.d/50-udev-default.rules:14
Oct 23 18:10:44 T450s systemd-udevd[299]: passed 177 byte device to netlink monitor 0x55a9747f94f0
Oct 23 18:10:44 T450s systemd-udevd[299]: passed 148 byte device to netlink monitor 0x55a9747f94f0
Oct 23 18:10:44 T450s systemd-udevd[313]: value '[dmi/id]sys_vendor' is 'LENOVO'
Oct 23 18:10:44 T450s systemd-udevd[313]: value '[dmi/id]sys_vendor' is 'LENOVO'
Oct 23 18:10:44 T450s systemd-udevd[313]: IMPORT builtin 'hwdb' /lib/udev/rules.d/50-udev-default.rules:14
Oct 23 18:10:44 T450s systemd-udevd[308]: value '[dmi/id]sys_vendor' is 'LENOVO'
Oct 23 18:10:44 T450s systemd-udevd[308]: value '[dmi/id]sys_vendor' is 'LENOVO'
Oct 23 18:10:44 T450s systemd-udevd[308]: passed device to netlink monitor 0x55a9747cf3f0
Oct 23 18:10:44 T450s systemd-udevd[315]: value '[dmi/id]sys_vendor' is 'LENOVO'
Oct 23 18:10:44 T450s systemd-udevd[315]: value '[dmi/id]sys_vendor' is 'LENOVO'
Oct 23 18:10:44 T450s systemd-udevd[315]: passed device to netlink monitor 0x55a9747f5ef0
Oct 23 18:10:44 T450s systemd-udevd[311]: value '[dmi/id]sys_vendor' is 'LENOVO'
Oct 23 18:10:44 T450s systemd-udevd[311]: value '[dmi/id]sys_vendor' is 'LENOVO'
Oct 23 18:10:44 T450s systemd-udevd[318]: value '[dmi/id]sys_vendor' is 'LENOVO'
Oct 23 18:10:44 T450s systemd-udevd[318]: value '[dmi/id]sys_vendor' is 'LENOVO'
Oct 23 18:10:44 T450s systemd-udevd[311]: passed device to netlink monitor 0x55a9747ae460
Oct 23 18:10:44 T450s systemd-udevd[309]: IMPORT builtin 'hwdb' returned non-zero
Oct 23 18:10:44 T450s systemd-udevd[309]: RUN 'kmod load $env{MODALIAS}' /lib/udev/rules.d/80-drivers.rules:5
Oct 23 18:10:44 T450s systemd-udevd[309]: Execute 'load' 'platform:parport_pc'
Oct 23 18:10:44 T450s systemd-udevd[309]: No module matches 'platform:parport_pc'
Oct 23 18:10:44 T450s systemd-udevd[309]: passed device to netlink monitor 0x55a9747c4b30
Oct 23 18:10:44 T450s systemd-udevd[318]: passed device to netlink monitor 0x55a9747e3950
Oct 23 18:10:44 T450s systemd-udevd[316]: value '[dmi/id]sys_vendor' is 'LENOVO'
Oct 23 18:10:44 T450s systemd-udevd[316]: value '[dmi/id]sys_vendor' is 'LENOVO'
Oct 23 18:10:44 T450s systemd-udevd[316]: passed device to netlink monitor 0x55a9747d21b0
Oct 23 18:10:44 T450s systemd-udevd[307]: value '[dmi/id]sys_vendor' is 'LENOVO'
Oct 23 18:10:44 T450s systemd-udevd[307]: value '[dmi/id]sys_vendor' is 'LENOVO'
Oct 23 18:10:44 T450s systemd-udevd[307]: passed device to netlink monitor 0x55a9747c3870
Oct 23 18:10:44 T450s systemd-udevd[306]: value '[dmi/id]sys_vendor' is 'LENOVO'
Oct 23 18:10:44 T450s systemd-udevd[306]: value '[dmi/id]sys_vendor' is 'LENOVO'
Oct 23 18:10:44 T450s systemd-udevd[306]: passed device to netlink monitor 0x55a9747c9840
Oct 23 18:10:44 T450s systemd-udevd[319]: value '[dmi/id]sys_vendor' is 'LENOVO'
Oct 23 18:10:44 T450s systemd-udevd[319]: value '[dmi/id]sys_vendor' is 'LENOVO'
Oct 23 18:10:44 T450s systemd-udevd[319]: passed device to netlink monitor 0x55a9747ca230
Oct 23 18:10:44 T450s systemd-udevd[313]: IMPORT builtin 'hwdb' returned non-zero
Oct 23 18:10:44 T450s systemd-udevd[313]: RUN 'kmod load $env{MODALIAS}' /lib/udev/rules.d/80-drivers.rules:5
Oct 23 18:10:44 T450s systemd-udevd[313]: Execute 'load' 'platform:parport_pc'
Oct 23 18:10:44 T450s systemd-udevd[313]: No module matches 'platform:parport_pc'
Oct 23 18:10:44 T450s systemd-udevd[313]: passed device to netlink monitor 0x55a9747affa0
Oct 23 18:10:44 T450s systemd-udevd[299]: passed 177 byte device to netlink monitor 0x55a9747f94f0
Oct 23 18:10:44 T450s systemd-udevd[299]: passed 168 byte device to netlink monitor 0x55a9747f94f0
Oct 23 18:10:44 T450s systemd-udevd[299]: passed 172 byte device to netlink monitor 0x55a9747f94f0
Oct 23 18:10:44 T450s systemd-udevd[302]: value '[dmi/id]sys_vendor' is 'LENOVO'
Oct 23 18:10:44 T450s systemd-udevd[314]: value '[dmi/id]sys_vendor' is 'LENOVO'
Oct 23 18:10:44 T450s systemd-udevd[302]: value '[dmi/id]sys_vendor' is 'LENOVO'
Oct 23 18:10:44 T450s systemd-udevd[302]: GROUP 5 /lib/udev/rules.d/50-udev-default.rules:24
Oct 23 18:10:44 T450s systemd-udevd[305]: value '[dmi/id]sys_vendor' is 'LENOVO'
Oct 23 18:10:44 T450s systemd-udevd[302]: handling device node '/dev/vcs2', devnum=c7:2, mode=0660, uid=0, gid=5
Oct 23 18:10:44 T450s systemd-udevd[302]: set permissions /dev/vcs2, 020660, uid=0, gid=5
Oct 23 18:10:44 T450s systemd-udevd[305]: value '[dmi/id]sys_vendor' is 'LENOVO'
Oct 23 18:10:44 T450s systemd-udevd[302]: creating symlink '/dev/char/7:2' to '../vcs2'
Oct 23 18:10:44 T450s systemd-udevd[305]: GROUP 5 /lib/udev/rules.d/50-udev-default.rules:24
Oct 23 18:10:44 T450s systemd-udevd[302]: created empty file '/run/udev/data/c7:2' for '/devices/virtual/vc/vcs2'
Oct 23 18:10:44 T450s systemd-udevd[302]: passed device to netlink monitor 0x55a9747c9040
Oct 23 18:10:44 T450s systemd-udevd[314]: value '[dmi/id]sys_vendor' is 'LENOVO'
Oct 23 18:10:44 T450s systemd-udevd[314]: IMPORT builtin 'hwdb' /lib/udev/rules.d/50-udev-default.rules:14
Oct 23 18:10:44 T450s systemd-udevd[305]: handling device node '/dev/vcsa2', devnum=c7:130, mode=0660, uid=0, gid=5
Oct 23 18:10:44 T450s systemd-udevd[305]: set permissions /dev/vcsa2, 020660, uid=0, gid=5
Oct 23 18:10:44 T450s systemd-udevd[305]: creating symlink '/dev/char/7:130' to '../vcsa2'
Oct 23 18:10:44 T450s systemd-udevd[314]: IMPORT builtin 'hwdb' returned non-zero
Oct 23 18:10:44 T450s systemd-udevd[305]: created empty file '/run/udev/data/c7:130' for '/devices/virtual/vc/vcsa2'
Oct 23 18:10:44 T450s systemd-udevd[305]: passed device to netlink monitor 0x55a9747fca40
Oct 23 18:10:44 T450s systemd-udevd[299]: passed 177 byte device to netlink monitor 0x55a9747f94f0
Oct 23 18:10:44 T450s systemd-udevd[314]: RUN 'kmod load $env{MODALIAS}' /lib/udev/rules.d/80-drivers.rules:5
Oct 23 18:10:44 T450s systemd-udevd[299]: passed 142 byte device to netlink monitor 0x55a9747f94f0
Oct 23 18:10:44 T450s systemd-udevd[304]: value '[dmi/id]sys_vendor' is 'LENOVO'
Oct 23 18:10:44 T450s systemd-udevd[304]: value '[dmi/id]sys_vendor' is 'LENOVO'
Oct 23 18:10:44 T450s systemd-udevd[304]: GROUP 5 /lib/udev/rules.d/50-udev-default.rules:24
Oct 23 18:10:44 T450s systemd-udevd[304]: handling device node '/dev/vcs3', devnum=c7:3, mode=0660, uid=0, gid=5
Oct 23 18:10:44 T450s systemd-udevd[304]: set permissions /dev/vcs3, 020660, uid=0, gid=5
Oct 23 18:10:44 T450s systemd-udevd[304]: creating symlink '/dev/char/7:3' to '../vcs3'
Oct 23 18:10:44 T450s systemd-udevd[304]: created empty file '/run/udev/data/c7:3' for '/devices/virtual/vc/vcs3'
Oct 23 18:10:44 T450s systemd-udevd[304]: passed device to netlink monitor 0x55a9747cde10
Oct 23 18:10:44 T450s systemd-udevd[314]: Execute 'load' 'platform:parport_pc'
Oct 23 18:10:44 T450s systemd-udevd[314]: No module matches 'platform:parport_pc'
Oct 23 18:10:44 T450s systemd-udevd[303]: value '[dmi/id]sys_vendor' is 'LENOVO'
Oct 23 18:10:44 T450s systemd-udevd[314]: passed device to netlink monitor 0x55a9747d1b70
Oct 23 18:10:44 T450s systemd-udevd[303]: value '[dmi/id]sys_vendor' is 'LENOVO'
Oct 23 18:10:44 T450s systemd-udevd[303]: passed device to netlink monitor 0x55a9747d1020
Oct 23 18:10:44 T450s systemd-udevd[299]: passed 168 byte device to netlink monitor 0x55a9747f94f0
Oct 23 18:10:44 T450s systemd-udevd[299]: passed 172 byte device to netlink monitor 0x55a9747f94f0
Oct 23 18:10:44 T450s systemd-udevd[299]: passed 151 byte device to netlink monitor 0x55a9747f94f0
Oct 23 18:10:44 T450s systemd-udevd[299]: passed 180 byte device to netlink monitor 0x55a9747f94f0
Oct 23 18:10:44 T450s systemd-udevd[299]: passed 180 byte device to netlink monitor 0x55a9747f94f0
Oct 23 18:10:44 T450s systemd-udevd[299]: passed 180 byte device to netlink monitor 0x55a9747f94f0
Oct 23 18:10:44 T450s systemd-udevd[299]: passed 178 byte device to netlink monitor 0x55a9747f94f0
Oct 23 18:10:44 T450s systemd-udevd[313]: value '[dmi/id]sys_vendor' is 'LENOVO'
Oct 23 18:10:44 T450s systemd-udevd[313]: value '[dmi/id]sys_vendor' is 'LENOVO'
Oct 23 18:10:44 T450s systemd-udevd[314]: value '[dmi/id]sys_vendor' is 'LENOVO'
Oct 23 18:10:44 T450s systemd-udevd[313]: passed device to netlink monitor 0x55a9747affa0
Oct 23 18:10:44 T450s systemd-udevd[314]: value '[dmi/id]sys_vendor' is 'LENOVO'
Oct 23 18:10:44 T450s systemd-udevd[314]: passed device to netlink monitor 0x55a9747d1b70
Oct 23 18:10:44 T450s systemd-udevd[316]: value '[dmi/id]sys_vendor' is 'LENOVO'
Oct 23 18:10:44 T450s systemd-udevd[316]: value '[dmi/id]sys_vendor' is 'LENOVO'
Oct 23 18:10:44 T450s systemd-udevd[316]: passed device to netlink monitor 0x55a9747d21b0
Oct 23 18:10:44 T450s systemd-udevd[307]: value '[dmi/id]sys_vendor' is 'LENOVO'
Oct 23 18:10:44 T450s systemd-udevd[307]: value '[dmi/id]sys_vendor' is 'LENOVO'
Oct 23 18:10:44 T450s systemd-udevd[307]: passed device to netlink monitor 0x55a9747c3870
Oct 23 18:10:44 T450s systemd-udevd[317]: value '[dmi/id]sys_vendor' is 'LENOVO'
Oct 23 18:10:44 T450s systemd-udevd[317]: value '[dmi/id]sys_vendor' is 'LENOVO'
Oct 23 18:10:44 T450s systemd-udevd[317]: GROUP 5 /lib/udev/rules.d/50-udev-default.rules:24
Oct 23 18:10:44 T450s systemd-udevd[317]: handling device node '/dev/vcsa3', devnum=c7:131, mode=0660, uid=0, gid=5
Oct 23 18:10:44 T450s systemd-udevd[317]: set permissions /dev/vcsa3, 020660, uid=0, gid=5
Oct 23 18:10:44 T450s systemd-udevd[317]: creating symlink '/dev/char/7:131' to '../vcsa3'
