Oct 23 18:10:45 T450s systemd-udevd[313]: passed device to netlink monitor 0x55a9747affa0
Oct 23 18:10:45 T450s systemd-udevd[307]: value '[dmi/id]sys_vendor' is 'LENOVO'
Oct 23 18:10:45 T450s systemd-udevd[299]: passed 151 byte device to netlink monitor 0x55a9747f94f0
Oct 23 18:10:45 T450s systemd-udevd[302]: value '[dmi/id]sys_vendor' is 'LENOVO'
Oct 23 18:10:45 T450s systemd-udevd[307]: passed device to netlink monitor 0x55a9747c3870
Oct 23 18:10:45 T450s systemd-udevd[299]: passed 153 byte device to netlink monitor 0x55a9747f94f0
Oct 23 18:10:45 T450s systemd-udevd[305]: value '[dmi/id]sys_vendor' is 'LENOVO'
Oct 23 18:10:45 T450s systemd-udevd[302]: value '[dmi/id]sys_vendor' is 'LENOVO'
Oct 23 18:10:45 T450s systemd-udevd[299]: passed 152 byte device to netlink monitor 0x55a9747f94f0
Oct 23 18:10:45 T450s systemd-udevd[305]: value '[dmi/id]sys_vendor' is 'LENOVO'
Oct 23 18:10:45 T450s systemd-udevd[313]: value '[dmi/id]sys_vendor' is 'LENOVO'
Oct 23 18:10:45 T450s systemd-udevd[299]: passed 153 byte device to netlink monitor 0x55a9747f94f0
Oct 23 18:10:45 T450s systemd-udevd[302]: passed device to netlink monitor 0x55a9747c9040
Oct 23 18:10:45 T450s systemd-udevd[316]: value '[dmi/id]sys_vendor' is 'LENOVO'
Oct 23 18:10:45 T450s systemd-udevd[313]: value '[dmi/id]sys_vendor' is 'LENOVO'
Oct 23 18:10:45 T450s systemd-udevd[305]: passed device to netlink monitor 0x55a9747fca40
Oct 23 18:10:45 T450s systemd-udevd[307]: value '[dmi/id]sys_vendor' is 'LENOVO'
Oct 23 18:10:45 T450s systemd-udevd[299]: passed 151 byte device to netlink monitor 0x55a9747f94f0
Oct 23 18:10:45 T450s systemd-udevd[316]: value '[dmi/id]sys_vendor' is 'LENOVO'
Oct 23 18:10:45 T450s systemd-udevd[302]: value '[dmi/id]sys_vendor' is 'LENOVO'
Oct 23 18:10:45 T450s systemd-udevd[307]: value '[dmi/id]sys_vendor' is 'LENOVO'
Oct 23 18:10:45 T450s systemd-udevd[299]: passed 132 byte device to netlink monitor 0x55a9747f94f0
Oct 23 18:10:45 T450s systemd-udevd[316]: passed device to netlink monitor 0x55a9747d21b0
Oct 23 18:10:45 T450s systemd-udevd[313]: passed device to netlink monitor 0x55a9747affa0
Oct 23 18:10:45 T450s systemd-udevd[302]: value '[dmi/id]sys_vendor' is 'LENOVO'
Oct 23 18:10:45 T450s systemd-udevd[307]: passed device to netlink monitor 0x55a9747c3870
Oct 23 18:10:45 T450s systemd-udevd[299]: passed 135 byte device to netlink monitor 0x55a9747f94f0
Oct 23 18:10:45 T450s systemd-udevd[305]: value '[dmi/id]sys_vendor' is 'LENOVO'
Oct 23 18:10:45 T450s systemd-udevd[302]: passed device to netlink monitor 0x55a9747c9040
Oct 23 18:10:45 T450s systemd-udevd[305]: value '[dmi/id]sys_vendor' is 'LENOVO'
Oct 23 18:10:45 T450s systemd-udevd[299]: passed 132 byte device to netlink monitor 0x55a9747f94f0
Oct 23 18:10:45 T450s systemd-udevd[313]: value '[dmi/id]sys_vendor' is 'LENOVO'
Oct 23 18:10:45 T450s systemd-udevd[305]: passed device to netlink monitor 0x55a9747fca40
Oct 23 18:10:45 T450s systemd-udevd[299]: passed 148 byte device to netlink monitor 0x55a9747f94f0
Oct 23 18:10:45 T450s systemd-udevd[302]: value '[dmi/id]sys_vendor' is 'LENOVO'
Oct 23 18:10:45 T450s systemd-udevd[313]: value '[dmi/id]sys_vendor' is 'LENOVO'
Oct 23 18:10:45 T450s systemd-udevd[299]: passed 148 byte device to netlink monitor 0x55a9747f94f0
Oct 23 18:10:45 T450s systemd-udevd[316]: value '[dmi/id]sys_vendor' is 'LENOVO'
Oct 23 18:10:45 T450s systemd-udevd[302]: value '[dmi/id]sys_vendor' is 'LENOVO'
Oct 23 18:10:45 T450s systemd-udevd[313]: passed device to netlink monitor 0x55a9747affa0
Oct 23 18:10:45 T450s systemd-udevd[307]: value '[dmi/id]sys_vendor' is 'LENOVO'
Oct 23 18:10:45 T450s systemd-udevd[299]: passed 150 byte device to netlink monitor 0x55a9747f94f0
Oct 23 18:10:45 T450s systemd-udevd[316]: value '[dmi/id]sys_vendor' is 'LENOVO'
Oct 23 18:10:45 T450s systemd-udevd[302]: passed device to netlink monitor 0x55a9747c9040
Oct 23 18:10:45 T450s systemd-udevd[307]: value '[dmi/id]sys_vendor' is 'LENOVO'
Oct 23 18:10:45 T450s systemd-udevd[314]: value '[dmi/id]sys_vendor' is 'LENOVO'
Oct 23 18:10:45 T450s systemd-udevd[299]: passed 132 byte device to netlink monitor 0x55a9747f94f0
Oct 23 18:10:45 T450s systemd-udevd[316]: passed device to netlink monitor 0x55a9747d21b0
Oct 23 18:10:45 T450s systemd-udevd[307]: passed device to netlink monitor 0x55a9747c3870
Oct 23 18:10:45 T450s systemd-udevd[314]: value '[dmi/id]sys_vendor' is 'LENOVO'
Oct 23 18:10:45 T450s systemd-udevd[299]: passed 162 byte device to netlink monitor 0x55a9747f94f0
Oct 23 18:10:45 T450s systemd-udevd[313]: value '[dmi/id]sys_vendor' is 'LENOVO'
Oct 23 18:10:45 T450s systemd-udevd[299]: passed 162 byte device to netlink monitor 0x55a9747f94f0
Oct 23 18:10:45 T450s systemd-udevd[314]: passed device to netlink monitor 0x55a9747d1b70
Oct 23 18:10:45 T450s systemd-udevd[302]: value '[dmi/id]sys_vendor' is 'LENOVO'
Oct 23 18:10:45 T450s systemd-udevd[313]: value '[dmi/id]sys_vendor' is 'LENOVO'
Oct 23 18:10:45 T450s systemd-udevd[299]: passed 167 byte device to netlink monitor 0x55a9747f94f0
Oct 23 18:10:45 T450s systemd-udevd[305]: value '[dmi/id]sys_vendor' is 'LENOVO'
Oct 23 18:10:45 T450s systemd-udevd[302]: value '[dmi/id]sys_vendor' is 'LENOVO'
Oct 23 18:10:45 T450s systemd-udevd[313]: passed device to netlink monitor 0x55a9747affa0
Oct 23 18:10:45 T450s systemd-udevd[303]: value '[dmi/id]sys_vendor' is 'LENOVO'
Oct 23 18:10:45 T450s systemd-udevd[305]: value '[dmi/id]sys_vendor' is 'LENOVO'
Oct 23 18:10:45 T450s systemd-udevd[299]: passed 138 byte device to netlink monitor 0x55a9747f94f0
Oct 23 18:10:45 T450s systemd-udevd[302]: passed device to netlink monitor 0x55a9747c9040
Oct 23 18:10:45 T450s systemd-udevd[303]: value '[dmi/id]sys_vendor' is 'LENOVO'
Oct 23 18:10:45 T450s systemd-udevd[303]: passed device to netlink monitor 0x55a9747d1020
Oct 23 18:10:45 T450s systemd-udevd[305]: passed device to netlink monitor 0x55a9747fca40
Oct 23 18:10:45 T450s systemd-udevd[313]: value '[dmi/id]sys_vendor' is 'LENOVO'
Oct 23 18:10:45 T450s systemd-udevd[299]: passed 132 byte device to netlink monitor 0x55a9747f94f0
Oct 23 18:10:45 T450s systemd-udevd[299]: passed 140 byte device to netlink monitor 0x55a9747f94f0
Oct 23 18:10:45 T450s systemd-udevd[299]: passed 139 byte device to netlink monitor 0x55a9747f94f0
Oct 23 18:10:45 T450s systemd-udevd[316]: value '[dmi/id]sys_vendor' is 'LENOVO'
Oct 23 18:10:45 T450s systemd-udevd[299]: passed 139 byte device to netlink monitor 0x55a9747f94f0
Oct 23 18:10:45 T450s systemd-udevd[305]: value '[dmi/id]sys_vendor' is 'LENOVO'
Oct 23 18:10:45 T450s systemd-udevd[313]: value '[dmi/id]sys_vendor' is 'LENOVO'
Oct 23 18:10:45 T450s systemd-udevd[302]: value '[dmi/id]sys_vendor' is 'LENOVO'
Oct 23 18:10:45 T450s systemd-udevd[316]: value '[dmi/id]sys_vendor' is 'LENOVO'
Oct 23 18:10:45 T450s systemd-udevd[316]: passed device to netlink monitor 0x55a9747d21b0
Oct 23 18:10:45 T450s systemd-udevd[305]: value '[dmi/id]sys_vendor' is 'LENOVO'
Oct 23 18:10:45 T450s systemd-udevd[307]: value '[dmi/id]sys_vendor' is 'LENOVO'
Oct 23 18:10:45 T450s systemd-udevd[313]: passed device to netlink monitor 0x55a9747affa0
Oct 23 18:10:45 T450s systemd-udevd[302]: value '[dmi/id]sys_vendor' is 'LENOVO'
Oct 23 18:10:45 T450s systemd-udevd[302]: passed device to netlink monitor 0x55a9747c9040
Oct 23 18:10:45 T450s systemd-udevd[305]: passed device to netlink monitor 0x55a9747fca40
Oct 23 18:10:45 T450s systemd-udevd[307]: value '[dmi/id]sys_vendor' is 'LENOVO'
Oct 23 18:10:45 T450s systemd-udevd[299]: passed 147 byte device to netlink monitor 0x55a9747f94f0
Oct 23 18:10:45 T450s systemd-udevd[307]: passed device to netlink monitor 0x55a9747c3870
Oct 23 18:10:45 T450s systemd-udevd[299]: passed 142 byte device to netlink monitor 0x55a9747f94f0
Oct 23 18:10:45 T450s systemd-udevd[313]: value '[dmi/id]sys_vendor' is 'LENOVO'
Oct 23 18:10:45 T450s systemd-udevd[299]: passed 139 byte device to netlink monitor 0x55a9747f94f0
Oct 23 18:10:45 T450s systemd-udevd[313]: value '[dmi/id]sys_vendor' is 'LENOVO'
Oct 23 18:10:45 T450s systemd-udevd[302]: value '[dmi/id]sys_vendor' is 'LENOVO'
Oct 23 18:10:45 T450s systemd-udevd[299]: passed 143 byte device to netlink monitor 0x55a9747f94f0
Oct 23 18:10:45 T450s systemd-udevd[305]: value '[dmi/id]sys_vendor' is 'LENOVO'
Oct 23 18:10:45 T450s systemd-udevd[313]: passed device to netlink monitor 0x55a9747affa0
Oct 23 18:10:45 T450s systemd-udevd[302]: value '[dmi/id]sys_vendor' is 'LENOVO'
Oct 23 18:10:45 T450s systemd-udevd[299]: passed 146 byte device to netlink monitor 0x55a9747f94f0
Oct 23 18:10:45 T450s systemd-udevd[305]: value '[dmi/id]sys_vendor' is 'LENOVO'
Oct 23 18:10:45 T450s systemd-udevd[316]: value '[dmi/id]sys_vendor' is 'LENOVO'
Oct 23 18:10:45 T450s systemd-udevd[302]: passed device to netlink monitor 0x55a9747c9040
Oct 23 18:10:45 T450s systemd-udevd[299]: passed 143 byte device to netlink monitor 0x55a9747f94f0
Oct 23 18:10:45 T450s systemd-udevd[313]: value '[dmi/id]sys_vendor' is 'LENOVO'
Oct 23 18:10:45 T450s systemd-udevd[305]: passed device to netlink monitor 0x55a9747fca40
Oct 23 18:10:45 T450s systemd-udevd[316]: value '[dmi/id]sys_vendor' is 'LENOVO'
Oct 23 18:10:45 T450s systemd-udevd[316]: passed device to netlink monitor 0x55a9747d21b0
Oct 23 18:10:45 T450s systemd-udevd[313]: value '[dmi/id]sys_vendor' is 'LENOVO'
Oct 23 18:10:45 T450s systemd-udevd[302]: value '[dmi/id]sys_vendor' is 'LENOVO'
Oct 23 18:10:45 T450s systemd-udevd[299]: passed 142 byte device to netlink monitor 0x55a9747f94f0
Oct 23 18:10:45 T450s systemd-udevd[313]: passed device to netlink monitor 0x55a9747affa0
Oct 23 18:10:45 T450s systemd-udevd[302]: value '[dmi/id]sys_vendor' is 'LENOVO'
Oct 23 18:10:45 T450s systemd-udevd[299]: passed 142 byte device to netlink monitor 0x55a9747f94f0
Oct 23 18:10:45 T450s systemd-udevd[305]: value '[dmi/id]sys_vendor' is 'LENOVO'
Oct 23 18:10:45 T450s systemd-udevd[302]: passed device to netlink monitor 0x55a9747c9040
Oct 23 18:10:45 T450s systemd-udevd[299]: passed 140 byte device to netlink monitor 0x55a9747f94f0
Oct 23 18:10:45 T450s systemd-udevd[305]: value '[dmi/id]sys_vendor' is 'LENOVO'
Oct 23 18:10:45 T450s systemd-udevd[313]: value '[dmi/id]sys_vendor' is 'LENOVO'
Oct 23 18:10:45 T450s systemd-udevd[299]: passed 141 byte device to netlink monitor 0x55a9747f94f0
Oct 23 18:10:45 T450s systemd-udevd[302]: value '[dmi/id]sys_vendor' is 'LENOVO'
Oct 23 18:10:45 T450s systemd-udevd[305]: passed device to netlink monitor 0x55a9747fca40
Oct 23 18:10:45 T450s systemd-udevd[313]: value '[dmi/id]sys_vendor' is 'LENOVO'
Oct 23 18:10:45 T450s systemd-udevd[299]: passed 143 byte device to netlink monitor 0x55a9747f94f0
Oct 23 18:10:45 T450s systemd-udevd[316]: value '[dmi/id]sys_vendor' is 'LENOVO'
Oct 23 18:10:45 T450s systemd-udevd[302]: value '[dmi/id]sys_vendor' is 'LENOVO'
Oct 23 18:10:45 T450s systemd-udevd[313]: ATTR '/sys/module/block/parameters/events_dfl_poll_msecs' writing '2000' /lib/udev/rules.d/60-block.rules:5
Oct 23 18:10:45 T450s systemd-udevd[299]: passed 142 byte device to netlink monitor 0x55a9747f94f0
Oct 23 18:10:45 T450s systemd-udevd[316]: value '[dmi/id]sys_vendor' is 'LENOVO'
Oct 23 18:10:45 T450s systemd-udevd[305]: value '[dmi/id]sys_vendor' is 'LENOVO'
Oct 23 18:10:45 T450s systemd-udevd[302]: passed device to netlink monitor 0x55a9747c9040
Oct 23 18:10:45 T450s systemd-udevd[313]: passed device to netlink monitor 0x55a9747affa0
Oct 23 18:10:45 T450s systemd-udevd[299]: passed 142 byte device to netlink monitor 0x55a9747f94f0
Oct 23 18:10:45 T450s systemd-udevd[307]: value '[dmi/id]sys_vendor' is 'LENOVO'
Oct 23 18:10:45 T450s systemd-udevd[305]: value '[dmi/id]sys_vendor' is 'LENOVO'
Oct 23 18:10:45 T450s systemd-udevd[316]: created db file '/run/udev/data/+module:configfs' for '/module/configfs'
Oct 23 18:10:45 T450s systemd-udevd[299]: passed 144 byte device to netlink monitor 0x55a9747f94f0
Oct 23 18:10:45 T450s systemd-udevd[307]: value '[dmi/id]sys_vendor' is 'LENOVO'
Oct 23 18:10:45 T450s systemd-udevd[313]: value '[dmi/id]sys_vendor' is 'LENOVO'
Oct 23 18:10:45 T450s systemd-udevd[305]: passed device to netlink monitor 0x55a9747fca40
Oct 23 18:10:45 T450s systemd-udevd[299]: passed 145 byte device to netlink monitor 0x55a9747f94f0
Oct 23 18:10:45 T450s systemd[1]: sys-module-configfs.device: Changed dead -> plugged
Oct 23 18:10:45 T450s systemd-udevd[316]: passed device to netlink monitor 0x55a9747d21b0
Oct 23 18:10:45 T450s systemd-udevd[307]: passed device to netlink monitor 0x55a9747c3870
Oct 23 18:10:45 T450s systemd-udevd[313]: value '[dmi/id]sys_vendor' is 'LENOVO'
Oct 23 18:10:45 T450s systemd-udevd[302]: value '[dmi/id]sys_vendor' is 'LENOVO'
Oct 23 18:10:45 T450s systemd-udevd[299]: passed 141 byte device to netlink monitor 0x55a9747f94f0
Oct 23 18:10:45 T450s systemd-udevd[305]: value '[dmi/id]sys_vendor' is 'LENOVO'
Oct 23 18:10:45 T450s systemd-udevd[313]: passed device to netlink monitor 0x55a9747affa0
Oct 23 18:10:45 T450s systemd-udevd[302]: value '[dmi/id]sys_vendor' is 'LENOVO'
Oct 23 18:10:45 T450s systemd-udevd[299]: passed 147 byte device to netlink monitor 0x55a9747f94f0
Oct 23 18:10:45 T450s systemd-udevd[305]: value '[dmi/id]sys_vendor' is 'LENOVO'
Oct 23 18:10:45 T450s systemd-udevd[316]: value '[dmi/id]sys_vendor' is 'LENOVO'
Oct 23 18:10:45 T450s systemd-udevd[302]: passed device to netlink monitor 0x55a9747c9040
Oct 23 18:10:45 T450s systemd-udevd[299]: passed 138 byte device to netlink monitor 0x55a9747f94f0
Oct 23 18:10:45 T450s systemd-udevd[313]: value '[dmi/id]sys_vendor' is 'LENOVO'
Oct 23 18:10:45 T450s systemd-udevd[305]: passed device to netlink monitor 0x55a9747fca40
Oct 23 18:10:45 T450s systemd-udevd[316]: value '[dmi/id]sys_vendor' is 'LENOVO'
Oct 23 18:10:45 T450s systemd-udevd[316]: passed device to netlink monitor 0x55a9747d21b0
Oct 23 18:10:45 T450s systemd-udevd[313]: value '[dmi/id]sys_vendor' is 'LENOVO'
Oct 23 18:10:45 T450s systemd-udevd[302]: value '[dmi/id]sys_vendor' is 'LENOVO'
Oct 23 18:10:45 T450s systemd-udevd[299]: passed 149 byte device to netlink monitor 0x55a9747f94f0
Oct 23 18:10:45 T450s systemd-udevd[313]: passed device to netlink monitor 0x55a9747affa0
Oct 23 18:10:45 T450s systemd-udevd[302]: value '[dmi/id]sys_vendor' is 'LENOVO'
Oct 23 18:10:45 T450s systemd-udevd[299]: passed 148 byte device to netlink monitor 0x55a9747f94f0
Oct 23 18:10:45 T450s systemd-udevd[305]: value '[dmi/id]sys_vendor' is 'LENOVO'
Oct 23 18:10:45 T450s systemd-udevd[302]: passed device to netlink monitor 0x55a9747c9040
Oct 23 18:10:45 T450s systemd-udevd[299]: passed 141 byte device to netlink monitor 0x55a9747f94f0
Oct 23 18:10:45 T450s systemd-udevd[305]: value '[dmi/id]sys_vendor' is 'LENOVO'
Oct 23 18:10:45 T450s systemd-udevd[313]: value '[dmi/id]sys_vendor' is 'LENOVO'
Oct 23 18:10:45 T450s systemd-udevd[299]: passed 144 byte device to netlink monitor 0x55a9747f94f0
Oct 23 18:10:45 T450s systemd-udevd[302]: value '[dmi/id]sys_vendor' is 'LENOVO'
Oct 23 18:10:45 T450s systemd-udevd[305]: passed device to netlink monitor 0x55a9747fca40
Oct 23 18:10:45 T450s systemd-udevd[313]: value '[dmi/id]sys_vendor' is 'LENOVO'
Oct 23 18:10:45 T450s systemd-udevd[299]: passed 138 byte device to netlink monitor 0x55a9747f94f0
Oct 23 18:10:45 T450s systemd-udevd[316]: value '[dmi/id]sys_vendor' is 'LENOVO'
Oct 23 18:10:45 T450s systemd-udevd[302]: value '[dmi/id]sys_vendor' is 'LENOVO'
Oct 23 18:10:45 T450s systemd-udevd[313]: passed device to netlink monitor 0x55a9747affa0
Oct 23 18:10:45 T450s systemd-udevd[299]: passed 142 byte device to netlink monitor 0x55a9747f94f0
Oct 23 18:10:45 T450s systemd-udevd[316]: value '[dmi/id]sys_vendor' is 'LENOVO'
Oct 23 18:10:45 T450s systemd-udevd[305]: value '[dmi/id]sys_vendor' is 'LENOVO'
Oct 23 18:10:45 T450s systemd-udevd[302]: passed device to netlink monitor 0x55a9747c9040
Oct 23 18:10:45 T450s systemd-udevd[299]: passed 143 byte device to netlink monitor 0x55a9747f94f0
Oct 23 18:10:45 T450s systemd-udevd[313]: value '[dmi/id]sys_vendor' is 'LENOVO'
Oct 23 18:10:45 T450s systemd-udevd[316]: passed device to netlink monitor 0x55a9747d21b0
Oct 23 18:10:45 T450s systemd-udevd[305]: value '[dmi/id]sys_vendor' is 'LENOVO'
Oct 23 18:10:45 T450s systemd-udevd[299]: passed 145 byte device to netlink monitor 0x55a9747f94f0
Oct 23 18:10:45 T450s systemd-udevd[313]: value '[dmi/id]sys_vendor' is 'LENOVO'
Oct 23 18:10:45 T450s systemd-udevd[302]: value '[dmi/id]sys_vendor' is 'LENOVO'
Oct 23 18:10:45 T450s systemd-udevd[305]: passed device to netlink monitor 0x55a9747fca40
Oct 23 18:10:45 T450s systemd-udevd[299]: passed 139 byte device to netlink monitor 0x55a9747f94f0
Oct 23 18:10:45 T450s systemd-udevd[316]: value '[dmi/id]sys_vendor' is 'LENOVO'
Oct 23 18:10:45 T450s systemd-udevd[313]: passed device to netlink monitor 0x55a9747affa0
Oct 23 18:10:45 T450s systemd-udevd[302]: value '[dmi/id]sys_vendor' is 'LENOVO'
Oct 23 18:10:45 T450s systemd-udevd[302]: passed device to netlink monitor 0x55a9747c9040
Oct 23 18:10:45 T450s systemd-udevd[316]: value '[dmi/id]sys_vendor' is 'LENOVO'
Oct 23 18:10:45 T450s systemd-udevd[305]: value '[dmi/id]sys_vendor' is 'LENOVO'
Oct 23 18:10:45 T450s systemd-udevd[299]: passed 137 byte device to netlink monitor 0x55a9747f94f0
Oct 23 18:10:45 T450s systemd-udevd[316]: passed device to netlink monitor 0x55a9747d21b0
Oct 23 18:10:45 T450s systemd-udevd[305]: value '[dmi/id]sys_vendor' is 'LENOVO'
Oct 23 18:10:45 T450s systemd-udevd[299]: passed 146 byte device to netlink monitor 0x55a9747f94f0
Oct 23 18:10:45 T450s systemd-udevd[313]: value '[dmi/id]sys_vendor' is 'LENOVO'
Oct 23 18:10:45 T450s systemd-udevd[305]: passed device to netlink monitor 0x55a9747fca40
Oct 23 18:10:45 T450s systemd-udevd[299]: passed 149 byte device to netlink monitor 0x55a9747f94f0
Oct 23 18:10:45 T450s systemd-udevd[302]: value '[dmi/id]sys_vendor' is 'LENOVO'
Oct 23 18:10:45 T450s systemd-udevd[313]: value '[dmi/id]sys_vendor' is 'LENOVO'
Oct 23 18:10:45 T450s systemd-udevd[299]: passed 143 byte device to netlink monitor 0x55a9747f94f0
Oct 23 18:10:45 T450s systemd-udevd[302]: value '[dmi/id]sys_vendor' is 'LENOVO'
Oct 23 18:10:45 T450s systemd-udevd[302]: passed device to netlink monitor 0x55a9747c9040
Oct 23 18:10:45 T450s systemd-udevd[313]: passed device to netlink monitor 0x55a9747affa0
Oct 23 18:10:45 T450s systemd-udevd[299]: passed 139 byte device to netlink monitor 0x55a9747f94f0
Oct 23 18:10:45 T450s systemd-udevd[316]: value '[dmi/id]sys_vendor' is 'LENOVO'
Oct 23 18:10:45 T450s systemd-udevd[305]: value '[dmi/id]sys_vendor' is 'LENOVO'
Oct 23 18:10:45 T450s systemd-udevd[299]: passed 147 byte device to netlink monitor 0x55a9747f94f0
Oct 23 18:10:45 T450s systemd-udevd[316]: value '[dmi/id]sys_vendor' is 'LENOVO'
Oct 23 18:10:45 T450s systemd-udevd[313]: value '[dmi/id]sys_vendor' is 'LENOVO'
Oct 23 18:10:45 T450s systemd-udevd[305]: value '[dmi/id]sys_vendor' is 'LENOVO'
Oct 23 18:10:45 T450s systemd-udevd[299]: passed 140 byte device to netlink monitor 0x55a9747f94f0
Oct 23 18:10:45 T450s systemd-udevd[302]: value '[dmi/id]sys_vendor' is 'LENOVO'
Oct 23 18:10:45 T450s systemd-udevd[313]: value '[dmi/id]sys_vendor' is 'LENOVO'
Oct 23 18:10:45 T450s systemd-udevd[316]: created db file '/run/udev/data/+module:fuse' for '/module/fuse'
Oct 23 18:10:45 T450s systemd-udevd[299]: passed 139 byte device to netlink monitor 0x55a9747f94f0
Oct 23 18:10:45 T450s systemd-udevd[302]: value '[dmi/id]sys_vendor' is 'LENOVO'
Oct 23 18:10:45 T450s systemd-udevd[307]: value '[dmi/id]sys_vendor' is 'LENOVO'
Oct 23 18:10:45 T450s systemd-udevd[305]: passed device to netlink monitor 0x55a9747fca40
Oct 23 18:10:45 T450s systemd-udevd[313]: passed device to netlink monitor 0x55a9747affa0
Oct 23 18:10:45 T450s systemd-udevd[316]: passed device to netlink monitor 0x55a9747d21b0
Oct 23 18:10:45 T450s systemd[1]: sys-module-fuse.device: Changed dead -> plugged
Oct 23 18:10:45 T450s systemd-udevd[314]: value '[dmi/id]sys_vendor' is 'LENOVO'
Oct 23 18:10:45 T450s systemd-udevd[299]: passed 138 byte device to netlink monitor 0x55a9747f94f0
Oct 23 18:10:45 T450s systemd-udevd[302]: passed device to netlink monitor 0x55a9747c9040
Oct 23 18:10:45 T450s systemd-udevd[307]: value '[dmi/id]sys_vendor' is 'LENOVO'
Oct 23 18:10:45 T450s systemd-udevd[314]: value '[dmi/id]sys_vendor' is 'LENOVO'
Oct 23 18:10:45 T450s systemd-udevd[314]: passed device to netlink monitor 0x55a9747d1b70
Oct 23 18:10:45 T450s systemd-udevd[313]: value '[dmi/id]sys_vendor' is 'LENOVO'
Oct 23 18:10:45 T450s systemd-udevd[307]: passed device to netlink monitor 0x55a9747c3870
Oct 23 18:10:45 T450s systemd-udevd[299]: passed 145 byte device to netlink monitor 0x55a9747f94f0
Oct 23 18:10:45 T450s systemd-udevd[299]: passed 144 byte device to netlink monitor 0x55a9747f94f0
Oct 23 18:10:45 T450s systemd-udevd[299]: passed 139 byte device to netlink monitor 0x55a9747f94f0
Oct 23 18:10:45 T450s systemd-udevd[316]: value '[dmi/id]sys_vendor' is 'LENOVO'
Oct 23 18:10:45 T450s systemd-udevd[313]: value '[dmi/id]sys_vendor' is 'LENOVO'
Oct 23 18:10:45 T450s systemd-udevd[299]: passed 138 byte device to netlink monitor 0x55a9747f94f0
Oct 23 18:10:45 T450s systemd-udevd[305]: value '[dmi/id]sys_vendor' is 'LENOVO'
Oct 23 18:10:45 T450s systemd-udevd[306]: link_config: autonegotiation is unset or enabled, the speed and duplex are not writable.
Oct 23 18:10:45 T450s kernel: shpchp: Standard Hot Plug PCI Controller Driver version: 0.4
Oct 23 18:10:45 T450s kernel: Intel(R) Wireless WiFi driver for Linux
Oct 23 18:10:45 T450s kernel: Copyright(c) 2003- 2015 Intel Corporation
Oct 23 18:10:45 T450s kernel: iwlwifi 0000:03:00.0: loaded firmware version 29.541020.0 op_mode iwlmvm
Oct 23 18:10:45 T450s kernel: (NULL device *): hwmon_device_register() is deprecated. Please convert the driver to use hwmon_device_register_with_info().
Oct 23 18:10:45 T450s systemd[1]: var.mount: Failed to load configuration: No such file or directory
Oct 23 18:10:45 T450s systemd[1]: var-lib.mount: Failed to load configuration: No such file or directory
Oct 23 18:10:45 T450s systemd[1]: var-lib-systemd.mount: Failed to load configuration: No such file or directory
Oct 23 18:10:45 T450s systemd[1]: var-lib-systemd-backlight.mount: Failed to load configuration: No such file or directory
Oct 23 18:10:45 T450s systemd[1]: sys-devices-pci0000:00-0000:00:02.0-drm-card0-card0\x2deDP\x2d1-intel_backlight.device: Changed dead -> plugged
Oct 23 18:10:45 T450s systemd[1]: systemd-backlight@backlight:intel_backlight.service: Trying to enqueue job systemd-backlight@backlight:intel_backlight.service/start/fail
Oct 23 18:10:45 T450s systemd[1]: systemd-backlight@backlight:intel_backlight.service: Installed new job systemd-backlight@backlight:intel_backlight.service/start as 176
Oct 23 18:10:45 T450s systemd[1]: system-systemd\x2dbacklight.slice: Installed new job system-systemd\x2dbacklight.slice/start as 180
Oct 23 18:10:45 T450s systemd[1]: systemd-backlight@backlight:intel_backlight.service: Enqueued job systemd-backlight@backlight:intel_backlight.service/start as 176
Oct 23 18:10:45 T450s kernel: iwlwifi 0000:03:00.0: Detected Intel(R) Dual Band Wireless AC 7265, REV=0x210
Oct 23 18:10:45 T450s kernel: Non-volatile memory driver v1.3
Oct 23 18:10:45 T450s systemd[1]: var.mount: Collecting.
Oct 23 18:10:45 T450s systemd[1]: var-lib.mount: Collecting.
Oct 23 18:10:45 T450s systemd[1]: var-lib-systemd.mount: Collecting.
Oct 23 18:10:45 T450s systemd[1]: var-lib-systemd-backlight.mount: Collecting.
Oct 23 18:10:45 T450s systemd[1]: system-systemd\x2dbacklight.slice changed dead -> active
Oct 23 18:10:45 T450s systemd[1]: system-systemd\x2dbacklight.slice: Job system-systemd\x2dbacklight.slice/start finished, result=done
Oct 23 18:10:45 T450s systemd[1]: Created slice system-systemd\x2dbacklight.slice.
Oct 23 18:10:45 T450s systemd[1]: systemd-backlight@backlight:intel_backlight.service: Passing 0 fds to service
Oct 23 18:10:45 T450s systemd[1]: systemd-backlight@backlight:intel_backlight.service: About to execute: /lib/systemd/systemd-backlight load backlight:intel_backlight
Oct 23 18:10:45 T450s systemd[1]: systemd-backlight@backlight:intel_backlight.service: Forked /lib/systemd/systemd-backlight as 396
Oct 23 18:10:45 T450s systemd[1]: systemd-backlight@backlight:intel_backlight.service: Changed dead -> start
Oct 23 18:10:45 T450s systemd[1]: Starting Load/Save Screen Backlight Brightness of backlight:intel_backlight...
Oct 23 18:10:45 T450s systemd[396]: systemd-backlight@backlight:intel_backlight.service: Executing: /lib/systemd/systemd-backlight load backlight:intel_backlight
Oct 23 18:10:45 T450s systemd[1]: systemd-journald.service: Got notification message from PID 267 (FDSTORE=1)
Oct 23 18:10:45 T450s systemd[1]: systemd-journald.service: Added fd 41 (n/a) to fd store.
Oct 23 18:10:45 T450s kernel: thinkpad_acpi: ThinkPad ACPI Extras v0.25
Oct 23 18:10:45 T450s kernel: thinkpad_acpi: http://ibm-acpi.sf.net/
Oct 23 18:10:45 T450s kernel: thinkpad_acpi: ThinkPad BIOS JBET66WW (1.30 ), EC unknown
Oct 23 18:10:45 T450s kernel: thinkpad_acpi: Lenovo ThinkPad T450s, model 20BXCTO1WW
Oct 23 18:10:45 T450s kernel: thinkpad_hwmon thinkpad_hwmon: hwmon_device_register() is deprecated. Please convert the driver to use hwmon_device_register_with_info().
Oct 23 18:10:45 T450s kernel: thinkpad_acpi: radio switch found; radios are enabled
Oct 23 18:10:45 T450s kernel: thinkpad_acpi: This ThinkPad has standard ACPI backlight brightness control, supported by the ACPI video driver
Oct 23 18:10:45 T450s kernel: thinkpad_acpi: Disabling thinkpad-acpi brightness events by default...
Oct 23 18:10:45 T450s kernel: thinkpad_acpi: rfkill switch tpacpi_bluetooth_sw: radio is unblocked
Oct 23 18:10:45 T450s systemd[1]: Received SIGCHLD from PID 255 (keyboard-setup.).
Oct 23 18:10:45 T450s systemd[1]: Child 255 (keyboard-setup.) died (code=exited, status=0/SUCCESS)
Oct 23 18:10:45 T450s systemd[1]: keyboard-setup.service: Child 255 belongs to keyboard-setup.service
Oct 23 18:10:45 T450s systemd[1]: keyboard-setup.service: Main process exited, code=exited, status=0/SUCCESS
Oct 23 18:10:45 T450s systemd[1]: keyboard-setup.service: Changed start -> exited
Oct 23 18:10:45 T450s systemd[1]: keyboard-setup.service: Job keyboard-setup.service/start finished, result=done
Oct 23 18:10:45 T450s systemd[1]: Started Set the console keyboard layout.
Oct 23 18:10:45 T450s systemd-sysctl[393]: Parsing /etc/sysctl.d/10-console-messages.conf
Oct 23 18:10:45 T450s systemd-sysctl[393]: Parsing /etc/sysctl.d/10-ipv6-privacy.conf
Oct 23 18:10:45 T450s systemd-sysctl[393]: Parsing /etc/sysctl.d/10-kernel-hardening.conf
Oct 23 18:10:45 T450s systemd-sysctl[393]: Parsing /etc/sysctl.d/10-link-restrictions.conf
Oct 23 18:10:45 T450s systemd-sysctl[393]: Parsing /etc/sysctl.d/10-magic-sysrq.conf
Oct 23 18:10:45 T450s systemd-sysctl[393]: Parsing /etc/sysctl.d/10-network-security.conf
Oct 23 18:10:45 T450s systemd-sysctl[393]: Parsing /etc/sysctl.d/10-ptrace.conf
Oct 23 18:10:45 T450s systemd-sysctl[393]: Parsing /etc/sysctl.d/10-zeropage.conf
Oct 23 18:10:45 T450s systemd-sysctl[393]: Parsing /etc/sysctl.d/30-tracker.conf
Oct 23 18:10:45 T450s systemd-sysctl[393]: Parsing /etc/sysctl.d/99-sysctl.conf
Oct 23 18:10:45 T450s systemd-sysctl[393]: Parsing /etc/sysctl.d/uhd-usrp2.conf
Oct 23 18:10:45 T450s systemd[1]: Child 396 (systemd-backlig) died (code=exited, status=0/SUCCESS)
Oct 23 18:10:45 T450s systemd[1]: systemd-backlight@backlight:intel_backlight.service: Child 396 belongs to systemd-backlight@backlight:intel_backlight.service
Oct 23 18:10:45 T450s systemd[1]: systemd-backlight@backlight:intel_backlight.service: Main process exited, code=exited, status=0/SUCCESS
Oct 23 18:10:45 T450s systemd[1]: systemd-backlight@backlight:intel_backlight.service: Changed start -> exited
Oct 23 18:10:45 T450s systemd[1]: systemd-backlight@backlight:intel_backlight.service: Job systemd-backlight@backlight:intel_backlight.service/start finished, result=done
Oct 23 18:10:45 T450s systemd[1]: Started Load/Save Screen Backlight Brightness of backlight:intel_backlight.
Oct 23 18:10:45 T450s systemd[1]: Received SIGCHLD from PID 396 (n/a).
Oct 23 18:10:45 T450s systemd[1]: systemd-journald.service: Received EPOLLHUP on stored fd 43 (stored), closing.
Oct 23 18:10:45 T450s systemd[1]: sys-subsystem-net-devices-eth0.device: Changed dead -> plugged
Oct 23 18:10:45 T450s systemd[1]: sys-devices-pci0000:00-0000:00:19.0-net-eth0.device: Changed dead -> plugged
Oct 23 18:10:45 T450s systemd[1]: systemd-journald.service: Received EPOLLHUP on stored fd 41 (stored), closing.
Oct 23 18:10:45 T450s systemd[1]: plymouth-start.service: ConditionKernelCommandLine=splash failed.
Oct 23 18:10:45 T450s systemd[1]: plymouth-start.service: Starting requested but condition failed. Not starting unit.
Oct 23 18:10:45 T450s systemd[1]: plymouth-start.service: Job plymouth-start.service/start finished, result=done
Oct 23 18:10:45 T450s systemd[1]: systemd-ask-password-console.path: ConditionPathExists=!/run/plymouth/pid succeeded.
Oct 23 18:10:45 T450s systemd[1]: systemd-ask-password-console.path: Changed dead -> waiting
Oct 23 18:10:45 T450s systemd[1]: systemd-ask-password-console.path: Job systemd-ask-password-console.path/start finished, result=done
Oct 23 18:10:45 T450s systemd[1]: Started Dispatch Password Requests to Console Directory Watch.
Oct 23 18:10:45 T450s systemd[1]: cryptsetup.target changed dead -> active
Oct 23 18:10:45 T450s systemd[1]: cryptsetup.target: Job cryptsetup.target/start finished, result=done
Oct 23 18:10:45 T450s systemd[1]: Reached target Encrypted Volumes.
Oct 23 18:10:45 T450s systemd[1]: systemd-ask-password-plymouth.path: ConditionPathExists=/run/plymouth/pid failed.
Oct 23 18:10:45 T450s systemd[1]: systemd-ask-password-plymouth.path: Starting requested but condition failed. Not starting unit.
Oct 23 18:10:45 T450s systemd[1]: systemd-ask-password-plymouth.path: Job systemd-ask-password-plymouth.path/start finished, result=done
Oct 23 18:10:45 T450s systemd[1]: local-fs-pre.target changed dead -> active
Oct 23 18:10:45 T450s kernel: input: ThinkPad Extra Buttons as /devices/platform/thinkpad_acpi/input/input8
Oct 23 18:10:45 T450s systemd[1]: local-fs-pre.target: Job local-fs-pre.target/start finished, result=done
Oct 23 18:10:45 T450s systemd[1]: Reached target Local File Systems (Pre).
Oct 23 18:10:45 T450s kernel: iwlwifi 0000:03:00.0: base HW address: 94:65:9c:57:6f:66
Oct 23 18:10:45 T450s kernel: snd_hda_intel 0000:00:03.0: bound 0000:00:02.0 (ops i915_audio_component_bind_ops [i915])
Oct 23 18:10:45 T450s laptop-mode[427]: You have a broken battery. Cannot determine actual state
Oct 23 18:10:45 T450s systemd[1]: dev-ttyS1.device: Changed dead -> plugged
Oct 23 18:10:45 T450s systemd[1]: sys-devices-platform-serial8250-tty-ttyS1.device: Changed dead -> plugged
Oct 23 18:10:45 T450s systemd[1]: dev-ttyS11.device: Changed dead -> plugged
Oct 23 18:10:45 T450s systemd[1]: sys-devices-platform-serial8250-tty-ttyS11.device: Changed dead -> plugged
Oct 23 18:10:45 T450s kernel: input: HDA Intel HDMI HDMI/DP,pcm=3 as /devices/pci0000:00/0000:00:03.0/sound/card1/input9
Oct 23 18:10:45 T450s kernel: input: HDA Intel HDMI HDMI/DP,pcm=7 as /devices/pci0000:00/0000:00:03.0/sound/card1/input10
Oct 23 18:10:45 T450s kernel: input: HDA Intel HDMI HDMI/DP,pcm=8 as /devices/pci0000:00/0000:00:03.0/sound/card1/input11
Oct 23 18:10:45 T450s kernel: input: HDA Intel HDMI HDMI/DP,pcm=9 as /devices/pci0000:00/0000:00:03.0/sound/card1/input12
Oct 23 18:10:45 T450s kernel: input: HDA Intel HDMI HDMI/DP,pcm=10 as /devices/pci0000:00/0000:00:03.0/sound/card1/input13
Oct 23 18:10:45 T450s systemd[1]: dev-ttyS12.device: Changed dead -> plugged
Oct 23 18:10:45 T450s laptop-mode[436]: Please report this to the linux-acpi developers
Oct 23 18:10:45 T450s systemd[1]: sys-devices-platform-serial8250-tty-ttyS12.device: Changed dead -> plugged
Oct 23 18:10:45 T450s laptop-mode[438]: Not determining any state from this device: /sys/class/power_supply/BAT0
Oct 23 18:10:45 T450s systemd[1]: dev-ttyS13.device: Changed dead -> plugged
Oct 23 18:10:45 T450s systemd[1]: sys-devices-platform-serial8250-tty-ttyS13.device: Changed dead -> plugged
Oct 23 18:10:45 T450s systemd[1]: dev-ttyS15.device: Changed dead -> plugged
Oct 23 18:10:45 T450s systemd[1]: sys-devices-platform-serial8250-tty-ttyS15.device: Changed dead -> plugged
Oct 23 18:10:45 T450s kernel: snd_hda_codec_realtek hdaudioC0D0: autoconfig for ALC3232: line_outs=1 (0x14/0x0/0x0/0x0/0x0) type:speaker
Oct 23 18:10:45 T450s kernel: snd_hda_codec_realtek hdaudioC0D0: speaker_outs=0 (0x0/0x0/0x0/0x0/0x0)
Oct 23 18:10:45 T450s kernel: snd_hda_codec_realtek hdaudioC0D0: hp_outs=2 (0x16/0x15/0x0/0x0/0x0)
Oct 23 18:10:45 T450s kernel: snd_hda_codec_realtek hdaudioC0D0: mono: mono_out=0x0
Oct 23 18:10:45 T450s kernel: snd_hda_codec_realtek hdaudioC0D0: inputs:
Oct 23 18:10:45 T450s kernel: snd_hda_codec_realtek hdaudioC0D0: Dock Mic=0x19
Oct 23 18:10:45 T450s kernel: snd_hda_codec_realtek hdaudioC0D0: Mic=0x1a
Oct 23 18:10:45 T450s kernel: snd_hda_codec_realtek hdaudioC0D0: Internal Mic=0x12
Oct 23 18:10:45 T450s systemd[1]: dev-ttyS14.device: Changed dead -> plugged
Oct 23 18:10:45 T450s systemd[1]: sys-devices-platform-serial8250-tty-ttyS14.device: Changed dead -> plugged
Oct 23 18:10:45 T450s systemd[1]: dev-ttyS0.device: Changed dead -> plugged
Oct 23 18:10:45 T450s systemd[1]: sys-devices-platform-serial8250-tty-ttyS0.device: Changed dead -> plugged
Oct 23 18:10:45 T450s systemd[1]: dev-ttyS10.device: Changed dead -> plugged
Oct 23 18:10:45 T450s systemd[1]: sys-devices-platform-serial8250-tty-ttyS10.device: Changed dead -> plugged
Oct 23 18:10:45 T450s systemd[1]: dev-ttyS16.device: Changed dead -> plugged
Oct 23 18:10:45 T450s systemd[1]: sys-devices-platform-serial8250-tty-ttyS16.device: Changed dead -> plugged
Oct 23 18:10:45 T450s systemd[1]: dev-ttyS2.device: Changed dead -> plugged
Oct 23 18:10:45 T450s systemd[1]: sys-devices-platform-serial8250-tty-ttyS2.device: Changed dead -> plugged
Oct 23 18:10:45 T450s systemd[1]: dev-ttyS20.device: Changed dead -> plugged
Oct 23 18:10:45 T450s systemd[1]: sys-devices-platform-serial8250-tty-ttyS20.device: Changed dead -> plugged
Oct 23 18:10:45 T450s systemd[1]: dev-ttyS18.device: Changed dead -> plugged
Oct 23 18:10:45 T450s systemd[1]: sys-devices-platform-serial8250-tty-ttyS18.device: Changed dead -> plugged
Oct 23 18:10:45 T450s systemd[1]: dev-ttyS17.device: Changed dead -> plugged
Oct 23 18:10:45 T450s systemd[1]: sys-devices-platform-serial8250-tty-ttyS17.device: Changed dead -> plugged
Oct 23 18:10:45 T450s laptop-mode[430]: You have a broken battery. Cannot determine actual state
Oct 23 18:10:45 T450s systemd[1]: dev-ttyS19.device: Changed dead -> plugged
Oct 23 18:10:45 T450s systemd[1]: sys-devices-platform-serial8250-tty-ttyS19.device: Changed dead -> plugged
Oct 23 18:10:45 T450s laptop-mode[455]: Please report this to the linux-acpi developers
Oct 23 18:10:45 T450s systemd[1]: dev-ttyS23.device: Changed dead -> plugged
Oct 23 18:10:45 T450s systemd[1]: sys-devices-platform-serial8250-tty-ttyS23.device: Changed dead -> plugged
Oct 23 18:10:45 T450s laptop-mode[456]: Not determining any state from this device: /sys/class/power_supply/BAT0
Oct 23 18:10:45 T450s systemd[1]: dev-ttyS21.device: Changed dead -> plugged
Oct 23 18:10:45 T450s systemd[1]: sys-devices-platform-serial8250-tty-ttyS21.device: Changed dead -> plugged
Oct 23 18:10:45 T450s systemd[1]: dev-ttyS22.device: Changed dead -> plugged
Oct 23 18:10:45 T450s systemd[1]: sys-devices-platform-serial8250-tty-ttyS22.device: Changed dead -> plugged
Oct 23 18:10:45 T450s systemd[1]: dev-ttyS24.device: Changed dead -> plugged
Oct 23 18:10:45 T450s systemd[1]: sys-devices-platform-serial8250-tty-ttyS24.device: Changed dead -> plugged
Oct 23 18:10:45 T450s systemd[1]: dev-ttyS25.device: Changed dead -> plugged
Oct 23 18:10:45 T450s systemd[1]: sys-devices-platform-serial8250-tty-ttyS25.device: Changed dead -> plugged
Oct 23 18:10:45 T450s systemd[1]: dev-ttyS30.device: Changed dead -> plugged
Oct 23 18:10:45 T450s systemd[1]: sys-devices-platform-serial8250-tty-ttyS30.device: Changed dead -> plugged
Oct 23 18:10:45 T450s systemd[1]: dev-ttyS27.device: Changed dead -> plugged
Oct 23 18:10:45 T450s systemd[1]: sys-devices-platform-serial8250-tty-ttyS27.device: Changed dead -> plugged
Oct 23 18:10:45 T450s systemd[1]: dev-ttyS31.device: Changed dead -> plugged
Oct 23 18:10:45 T450s systemd[1]: sys-devices-platform-serial8250-tty-ttyS31.device: Changed dead -> plugged
Oct 23 18:10:45 T450s systemd[1]: dev-ttyS6.device: Changed dead -> plugged
Oct 23 18:10:45 T450s systemd[1]: sys-devices-platform-serial8250-tty-ttyS6.device: Changed dead -> plugged
Oct 23 18:10:45 T450s systemd[1]: dev-ttyS5.device: Changed dead -> plugged
Oct 23 18:10:45 T450s systemd[1]: sys-devices-platform-serial8250-tty-ttyS5.device: Changed dead -> plugged
Oct 23 18:10:45 T450s systemd[1]: dev-ttyS4.device: Changed dead -> plugged
Oct 23 18:10:45 T450s systemd[1]: sys-devices-platform-serial8250-tty-ttyS4.device: Changed dead -> plugged
Oct 23 18:10:45 T450s systemd[1]: dev-ttyS29.device: Changed dead -> plugged
Oct 23 18:10:45 T450s systemd[1]: sys-devices-platform-serial8250-tty-ttyS29.device: Changed dead -> plugged
Oct 23 18:10:45 T450s systemd[1]: dev-ttyS8.device: Changed dead -> plugged
Oct 23 18:10:45 T450s systemd[1]: sys-devices-platform-serial8250-tty-ttyS8.device: Changed dead -> plugged
Oct 23 18:10:45 T450s systemd[1]: dev-ttyS7.device: Changed dead -> plugged
Oct 23 18:10:45 T450s kernel: ieee80211 phy0: Selected rate control algorithm 'iwl-mvm-rs'
Oct 23 18:10:45 T450s kernel: (NULL device *): hwmon_device_register() is deprecated. Please convert the driver to use hwmon_device_register_with_info().
Oct 23 18:10:45 T450s kernel: thermal thermal_zone2: failed to read out thermal zone (-5)
Oct 23 18:10:45 T450s systemd[1]: sys-devices-platform-serial8250-tty-ttyS7.device: Changed dead -> plugged
Oct 23 18:10:45 T450s systemd[1]: dev-ttyS9.device: Changed dead -> plugged
Oct 23 18:10:45 T450s systemd[1]: sys-devices-platform-serial8250-tty-ttyS9.device: Changed dead -> plugged
Oct 23 18:10:45 T450s systemd[1]: dev-ttyS26.device: Changed dead -> plugged
Oct 23 18:10:45 T450s systemd[1]: sys-devices-platform-serial8250-tty-ttyS26.device: Changed dead -> plugged
Oct 23 18:10:45 T450s systemd-udevd[434]: starting 'ata_id --export /dev/sda'
Oct 23 18:10:45 T450s systemd[1]: dev-ttyS28.device: Changed dead -> plugged
Oct 23 18:10:45 T450s systemd[1]: sys-devices-platform-serial8250-tty-ttyS28.device: Changed dead -> plugged
Oct 23 18:10:45 T450s kernel: input: HDA Intel PCH Dock Mic as /devices/pci0000:00/0000:00:1b.0/sound/card0/input14
Oct 23 18:10:45 T450s kernel: input: HDA Intel PCH Mic as /devices/pci0000:00/0000:00:1b.0/sound/card0/input15
Oct 23 18:10:45 T450s kernel: input: HDA Intel PCH Dock Headphone as /devices/pci0000:00/0000:00:1b.0/sound/card0/input16
Oct 23 18:10:45 T450s kernel: input: HDA Intel PCH Headphone as /devices/pci0000:00/0000:00:1b.0/sound/card0/input17
Oct 23 18:10:45 T450s kernel: RAPL PMU: API unit is 2^-32 Joules, 4 fixed counters, 655360 ms ovfl timer
Oct 23 18:10:45 T450s kernel: RAPL PMU: hw unit of domain pp0-core 2^-14 Joules
Oct 23 18:10:45 T450s kernel: RAPL PMU: hw unit of domain package 2^-14 Joules
Oct 23 18:10:45 T450s kernel: RAPL PMU: hw unit of domain dram 2^-14 Joules
Oct 23 18:10:45 T450s kernel: RAPL PMU: hw unit of domain pp1-gpu 2^-14 Joules
Oct 23 18:10:45 T450s systemd-udevd[466]: starting 'lmt-udev auto'
Oct 23 18:10:45 T450s systemd[1]: dev-ttyS3.device: Changed dead -> plugged
Oct 23 18:10:45 T450s systemd[1]: sys-devices-platform-serial8250-tty-ttyS3.device: Changed dead -> plugged
Oct 23 18:10:45 T450s systemd[1]: Accepted new private connection.
Oct 23 18:10:45 T450s systemd[1]: laptop-mode.service: Trying to enqueue job laptop-mode.service/reload-or-start/replace
Oct 23 18:10:45 T450s systemd[1]: resolvconf.service: Merged into installed job resolvconf.service/start as 60
Oct 23 18:10:45 T450s systemd[1]: network-pre.target: Merged into installed job network-pre.target/start as 61
Oct 23 18:10:45 T450s systemd[1]: plymouth-start.service: Installed new job plymouth-start.service/start as 186
Oct 23 18:10:45 T450s systemd[1]: dev-disk-by\x2duuid-ba7b79ac\x2d6ec4\x2d4f55\x2d90a5\x2dd14aca60f8b4.swap: Merged into installed job dev-disk-by\x2duuid-ba7b79ac\x2d6ec4\x2d4f55\x2d90a5\x2dd14aca60f8b4.swap/start as 42
Oct 23 18:10:45 T450s systemd[1]: boot-efi.mount: Merged into installed job boot-efi.mount/start as 25
Oct 23 18:10:45 T450s systemd[1]: systemd-timesyncd.service: Installed new job systemd-timesyncd.service/start as 224
Oct 23 18:10:45 T450s systemd[1]: systemd-machine-id-commit.service: Merged into installed job systemd-machine-id-commit.service/start as 17
Oct 23 18:10:45 T450s systemd[1]: systemd-ask-password-plymouth.path: Installed new job systemd-ask-password-plymouth.path/start as 187
Oct 23 18:10:45 T450s systemd[1]: home.mount: Merged into installed job home.mount/start as 19
Oct 23 18:10:45 T450s systemd[1]: remote-fs-pre.target: Merged into installed job remote-fs-pre.target/start as 66
Oct 23 18:10:45 T450s systemd[1]: sysinit.target: Merged into installed job sysinit.target/start as 7
Oct 23 18:10:45 T450s systemd[1]: rpcbind.target: Merged into installed job rpcbind.target/start as 67
Oct 23 18:10:45 T450s systemd[1]: laptop-mode.service: Installed new job laptop-mode.service/start as 182
Oct 23 18:10:45 T450s systemd[1]: systemd-update-utmp.service: Merged into installed job systemd-update-utmp.service/start as 97
Oct 23 18:10:45 T450s systemd[1]: ntp.service: Job ntp.service/start finished, result=canceled
Oct 23 18:10:45 T450s systemd[1]: ntp.service: Installed new job ntp.service/stop as 226
Oct 23 18:10:45 T450s systemd[1]: systemd-binfmt.service: Installed new job systemd-binfmt.service/start as 217
Oct 23 18:10:45 T450s systemd[1]: console-setup.service: Merged into installed job console-setup.service/start as 37
Oct 23 18:10:45 T450s systemd[1]: plymouth-read-write.service: Merged into installed job plymouth-read-write.service/start as 55
Oct 23 18:10:45 T450s systemd[1]: dev-disk-by\x2duuid-42B4\x2d7DEB.device: Merged into installed job dev-disk-by\x2duuid-42B4\x2d7DEB.device/start as 27
Oct 23 18:10:45 T450s systemd[1]: systemd-fsck-root.service: Installed new job systemd-fsck-root.service/start as 207
Oct 23 18:10:45 T450s systemd[1]: systemd-fsck@dev-disk-by\x2duuid-42B4\x2d7DEB.service: Merged into installed job systemd-fsck@dev-disk-by\x2duuid-42B4\x2d7DEB.service/start as 26
Oct 23 18:10:45 T450s systemd[1]: apparmor.service: Merged into installed job apparmor.service/start as 50
Oct 23 18:10:45 T450s systemd[1]: setvtrgb.service: Merged into installed job setvtrgb.service/start as 51
Oct 23 18:10:45 T450s systemd[1]: friendly-recovery.service: Installed new job friendly-recovery.service/start as 247
Oct 23 18:10:45 T450s systemd[1]: systemd-tmpfiles-setup.service: Merged into installed job systemd-tmpfiles-setup.service/start as 31
Oct 23 18:10:45 T450s systemd[1]: systemd-hwdb-update.service: Installed new job systemd-hwdb-update.service/start as 218
Oct 23 18:10:45 T450s systemd[1]: rpcbind.service: Merged into installed job rpcbind.service/start as 64
Oct 23 18:10:45 T450s systemd[1]: local-fs.target: Merged into installed job local-fs.target/start as 18
Oct 23 18:10:45 T450s systemd[1]: dev-disk-by\x2duuid-ba7b79ac\x2d6ec4\x2d4f55\x2d90a5\x2dd14aca60f8b4.device: Merged into installed job dev-disk-by\x2duuid-ba7b79ac\x2d6ec4\x2d4f55\x2d90a5\x2dd14aca60f8b4.device/start as 43
Oct 23 18:10:45 T450s systemd[1]: swap.target: Merged into installed job swap.target/start as 41
Oct 23 18:10:45 T450s systemd[1]: dev-disk-by\x2duuid-02d8f743\x2d1bc2\x2d450f\x2da8c5\x2d568d12eef6a8.device: Merged into installed job dev-disk-by\x2duuid-02d8f743\x2d1bc2\x2d450f\x2da8c5\x2d568d12eef6a8.device/start as 22
Oct 23 18:10:45 T450s systemd[1]: systemd-fsck@dev-disk-by\x2duuid-02d8f743\x2d1bc2\x2d450f\x2da8c5\x2d568d12eef6a8.service: Merged into installed job systemd-fsck@dev-disk-by\x2duuid-02d8f743\x2d1bc2\x2d450f\x2da8c5\x2d568d12eef6a8.service/start as 20
Oct 23 18:10:45 T450s systemd[1]: laptop-mode.service: Enqueued job laptop-mode.service/start as 182
Oct 23 18:10:45 T450s systemd[1]: systemd-hwdb-update.service: ConditionDirectoryNotEmpty=|/etc/udev/hwdb.d/ failed.
Oct 23 18:10:45 T450s systemd[1]: systemd-hwdb-update.service: ConditionPathExists=|/etc/udev/hwdb.bin failed.
Oct 23 18:10:45 T450s systemd[1]: systemd-hwdb-update.service: ConditionPathExists=|!/lib/udev/hwdb.bin failed.
Oct 23 18:10:45 T450s systemd[1]: systemd-hwdb-update.service: ConditionNeedsUpdate=/etc succeeded.
Oct 23 18:10:45 T450s systemd[1]: systemd-hwdb-update.service: Starting requested but condition failed. Not starting unit.
Oct 23 18:10:45 T450s systemd[1]: systemd-hwdb-update.service: Job systemd-hwdb-update.service/start finished, result=done
Oct 23 18:10:45 T450s systemd[1]: friendly-recovery.service: ConditionKernelCommandLine=recovery failed.
Oct 23 18:10:45 T450s systemd[1]: friendly-recovery.service: Starting requested but condition failed. Not starting unit.
Oct 23 18:10:45 T450s systemd[1]: friendly-recovery.service: Job friendly-recovery.service/start finished, result=done
Oct 23 18:10:45 T450s systemd[1]: systemd-fsck-root.service: ConditionPathExists=!/run/initramfs/fsck-root failed.
Oct 23 18:10:45 T450s systemd[1]: systemd-fsck-root.service: Starting requested but condition failed. Not starting unit.
Oct 23 18:10:45 T450s systemd[1]: systemd-fsck-root.service: Job systemd-fsck-root.service/start finished, result=done
Oct 23 18:10:45 T450s systemd[1]: systemd-binfmt.service: ConditionDirectoryNotEmpty=|/run/binfmt.d failed.
Oct 23 18:10:45 T450s systemd[1]: systemd-binfmt.service: ConditionDirectoryNotEmpty=|/etc/binfmt.d failed.
Oct 23 18:10:45 T450s systemd[1]: systemd-binfmt.service: ConditionDirectoryNotEmpty=|/usr/local/lib/binfmt.d failed.
Oct 23 18:10:45 T450s systemd[1]: systemd-binfmt.service: ConditionDirectoryNotEmpty=|/usr/lib/binfmt.d failed.
Oct 23 18:10:45 T450s systemd[1]: systemd-binfmt.service: ConditionDirectoryNotEmpty=|/lib/binfmt.d failed.
Oct 23 18:10:45 T450s systemd[1]: systemd-binfmt.service: ConditionPathIsReadWrite=/proc/sys/ succeeded.
Oct 23 18:10:45 T450s systemd[1]: systemd-binfmt.service: Starting requested but condition failed. Not starting unit.
Oct 23 18:10:45 T450s systemd[1]: systemd-binfmt.service: Job systemd-binfmt.service/start finished, result=done
Oct 23 18:10:45 T450s systemd[1]: ntp.service: Job ntp.service/stop finished, result=done
Oct 23 18:10:45 T450s systemd[1]: plymouth-start.service: ConditionKernelCommandLine=splash failed.
Oct 23 18:10:45 T450s systemd[1]: plymouth-start.service: Starting requested but condition failed. Not starting unit.
Oct 23 18:10:45 T450s systemd[1]: plymouth-start.service: Job plymouth-start.service/start finished, result=done
Oct 23 18:10:45 T450s systemd[1]: systemd-ask-password-plymouth.path: ConditionPathExists=/run/plymouth/pid failed.
Oct 23 18:10:45 T450s systemd[1]: systemd-ask-password-plymouth.path: Starting requested but condition failed. Not starting unit.
Oct 23 18:10:45 T450s systemd[1]: systemd-ask-password-plymouth.path: Job systemd-ask-password-plymouth.path/start finished, result=done
Oct 23 18:10:45 T450s systemd[1]: Got disconnect on private connection.
Oct 23 18:10:45 T450s systemd-udevd[476]: starting 'lmt-udev auto'
Oct 23 18:10:45 T450s systemd-udevd[479]: starting 'lmt-udev auto'
Oct 23 18:10:45 T450s systemd-udevd[477]: starting 'lmt-udev auto'
Oct 23 18:10:45 T450s systemd[1]: Accepted new private connection.
Oct 23 18:10:45 T450s systemd[1]: Accepted new private connection.
Oct 23 18:10:45 T450s systemd[1]: laptop-mode.service: Trying to enqueue job laptop-mode.service/reload-or-start/replace
Oct 23 18:10:45 T450s systemd[1]: plymouth-start.service: Installed new job plymouth-start.service/start as 255
Oct 23 18:10:45 T450s systemd[1]: boot-efi.mount: Merged into installed job boot-efi.mount/start as 25
Oct 23 18:10:45 T450s systemd[1]: resolvconf.service: Merged into installed job resolvconf.service/start as 60
Oct 23 18:10:45 T450s systemd[1]: console-setup.service: Merged into installed job console-setup.service/start as 37
Oct 23 18:10:45 T450s systemd[1]: local-fs.target: Merged into installed job local-fs.target/start as 18
Oct 23 18:10:45 T450s systemd[1]: systemd-update-utmp.service: Merged into installed job systemd-update-utmp.service/start as 97
Oct 23 18:10:45 T450s systemd[1]: systemd-timesyncd.service: Merged into installed job systemd-timesyncd.service/start as 224
Oct 23 18:10:45 T450s systemd[1]: systemd-fsck@dev-disk-by\x2duuid-42B4\x2d7DEB.service: Merged into installed job systemd-fsck@dev-disk-by\x2duuid-42B4\x2d7DEB.service/start as 26
Oct 23 18:10:45 T450s systemd[1]: rpcbind.target: Merged into installed job rpcbind.target/start as 67
Oct 23 18:10:45 T450s systemd[1]: network-pre.target: Merged into installed job network-pre.target/start as 61
Oct 23 18:10:45 T450s systemd[1]: systemd-fsck-root.service: Installed new job systemd-fsck-root.service/start as 276
Oct 23 18:10:45 T450s systemd[1]: dev-disk-by\x2duuid-ba7b79ac\x2d6ec4\x2d4f55\x2d90a5\x2dd14aca60f8b4.device: Merged into installed job dev-disk-by\x2duuid-ba7b79ac\x2d6ec4\x2d4f55\x2d90a5\x2dd14aca60f8b4.device/start as 43
Oct 23 18:10:45 T450s systemd[1]: plymouth-read-write.service: Merged into installed job plymouth-read-write.service/start as 55
Oct 23 18:10:45 T450s systemd[1]: dev-disk-by\x2duuid-ba7b79ac\x2d6ec4\x2d4f55\x2d90a5\x2dd14aca60f8b4.swap: Merged into installed job dev-disk-by\x2duuid-ba7b79ac\x2d6ec4\x2d4f55\x2d90a5\x2dd14aca60f8b4.swap/start as 42
Oct 23 18:10:45 T450s systemd[1]: home.mount: Merged into installed job home.mount/start as 19
