Oct 23 18:11:17 T450s NetworkManager[1784]: [1508796677.6641] settings-connection[0x55c3174ec4b0,cb2ed365-295c-4cb1-a282-a8601146f894]: error saving timestamp to file '/var/lib/NetworkManager/timestamps': Failed to create file “/var/lib/NetworkManager/timestamps.7NT67Y”: Read-only file system
Oct 23 18:11:17 T450s NetworkManager[1784]: [1508796677.6655] manager: NetworkManager state is now CONNECTED_SITE
Oct 23 18:11:17 T450s NetworkManager[1784]: [1508796677.6657] policy: set 'TrafsysWireless2' (wlan0) as default for IPv4 routing and DNS
Oct 23 18:11:17 T450s NetworkManager[1784]: [1508796677.6660] device (wlan0): Activation: successful, device activated.
Oct 23 18:11:17 T450s dbus[1462]: [system] Activating via systemd: service name='org.freedesktop.nm_dispatcher' unit='dbus-org.freedesktop.nm-dispatcher.service'
Oct 23 18:11:17 T450s systemd-udevd[9129]: value '[dmi/id]sys_vendor' is 'LENOVO'
Oct 23 18:11:17 T450s systemd-udevd[9129]: value '[dmi/id]sys_vendor' is 'LENOVO'
Oct 23 18:11:17 T450s systemd[1]: NetworkManager-dispatcher.service: Trying to enqueue job NetworkManager-dispatcher.service/start/replace
Oct 23 18:11:17 T450s systemd-udevd[9129]: passed device to netlink monitor 0x55a9747da570
Oct 23 18:11:17 T450s systemd[1]: NetworkManager-dispatcher.service: Installed new job NetworkManager-dispatcher.service/start as 1909
Oct 23 18:11:17 T450s systemd[1]: NetworkManager-dispatcher.service: Enqueued job NetworkManager-dispatcher.service/start as 1909
Oct 23 18:11:17 T450s systemd-udevd[9129]: Unload module index
Oct 23 18:11:17 T450s systemd-udevd[9129]: Unloaded link configuration context.
Oct 23 18:11:17 T450s systemd[1]: NetworkManager-dispatcher.service: Passing 0 fds to service
Oct 23 18:11:17 T450s systemd[1]: NetworkManager-dispatcher.service: About to execute: /usr/lib/NetworkManager/nm-dispatcher
Oct 23 18:11:17 T450s systemd[1]: NetworkManager-dispatcher.service: Forked /usr/lib/NetworkManager/nm-dispatcher as 9131
Oct 23 18:11:17 T450s systemd[1]: NetworkManager-dispatcher.service: Changed dead -> start
Oct 23 18:11:17 T450s systemd[1]: Starting Network Manager Script Dispatcher Service...
Oct 23 18:11:17 T450s systemd[1]: systemd-journald.service: Got notification message from PID 267 (FDSTORE=1)
Oct 23 18:11:17 T450s systemd[1]: systemd-journald.service: Added fd 43 (n/a) to fd store.
Oct 23 18:11:17 T450s systemd[9131]: NetworkManager-dispatcher.service: Executing: /usr/lib/NetworkManager/nm-dispatcher
Oct 23 18:11:17 T450s systemd-logind[1407]: Got message type=signal sender=:1.1 destination=n/a object=/org/freedesktop/systemd1/unit/NetworkManager_2ddispatcher_2eservice interface=org.freedesktop.DBus.Properties member=PropertiesChanged cookie=314 reply_cookie=0 error=n/a
Oct 23 18:11:17 T450s systemd-logind[1407]: Got message type=signal sender=:1.1 destination=n/a object=/org/freedesktop/systemd1/unit/NetworkManager_2ddispatcher_2eservice interface=org.freedesktop.DBus.Properties member=PropertiesChanged cookie=315 reply_cookie=0 error=n/a
Oct 23 18:11:17 T450s systemd-logind[1407]: Got message type=signal sender=:1.1 destination=n/a object=/org/freedesktop/systemd1/job/1909 interface=org.freedesktop.DBus.Properties member=PropertiesChanged cookie=316 reply_cookie=0 error=n/a
Oct 23 18:11:17 T450s systemd-udevd[9132]: value '[dmi/id]sys_vendor' is 'LENOVO'
Oct 23 18:11:17 T450s systemd-udevd[9132]: value '[dmi/id]sys_vendor' is 'LENOVO'
Oct 23 18:11:17 T450s systemd-udevd[9133]: value '[dmi/id]sys_vendor' is 'LENOVO'
Oct 23 18:11:17 T450s systemd-udevd[9133]: value '[dmi/id]sys_vendor' is 'LENOVO'
Oct 23 18:11:17 T450s systemd-udevd[9132]: passed device to netlink monitor 0x55a9747da570
Oct 23 18:11:17 T450s systemd-udevd[9133]: passed device to netlink monitor 0x55a9747c9040
Oct 23 18:11:17 T450s systemd-udevd[299]: passed 197 byte device to netlink monitor 0x55a9747f94f0
Oct 23 18:11:17 T450s systemd-udevd[299]: passed 198 byte device to netlink monitor 0x55a9747f94f0
Oct 23 18:11:17 T450s systemd-udevd[9135]: value '[dmi/id]sys_vendor' is 'LENOVO'
Oct 23 18:11:17 T450s systemd-udevd[9135]: value '[dmi/id]sys_vendor' is 'LENOVO'
Oct 23 18:11:17 T450s systemd-udevd[9135]: passed device to netlink monitor 0x55a9747bff20
Oct 23 18:11:17 T450s systemd-udevd[299]: passed 192 byte device to netlink monitor 0x55a9747f94f0
Oct 23 18:11:17 T450s systemd-udevd[9132]: value '[dmi/id]sys_vendor' is 'LENOVO'
Oct 23 18:11:17 T450s systemd-udevd[9132]: value '[dmi/id]sys_vendor' is 'LENOVO'
Oct 23 18:11:17 T450s systemd-udevd[9138]: value '[dmi/id]sys_vendor' is 'LENOVO'
Oct 23 18:11:17 T450s systemd-udevd[9138]: value '[dmi/id]sys_vendor' is 'LENOVO'
Oct 23 18:11:17 T450s systemd-udevd[9138]: passed device to netlink monitor 0x55a9747eb440
Oct 23 18:11:17 T450s systemd-udevd[299]: passed 208 byte device to netlink monitor 0x55a9747f94f0
Oct 23 18:11:17 T450s systemd-udevd[9133]: value '[dmi/id]sys_vendor' is 'LENOVO'
Oct 23 18:11:17 T450s systemd-udevd[9133]: value '[dmi/id]sys_vendor' is 'LENOVO'
Oct 23 18:11:17 T450s systemd-udevd[9138]: value '[dmi/id]sys_vendor' is 'LENOVO'
Oct 23 18:11:17 T450s systemd-udevd[9138]: value '[dmi/id]sys_vendor' is 'LENOVO'
Oct 23 18:11:17 T450s systemd-udevd[9138]: passed device to netlink monitor 0x55a9747eb440
Oct 23 18:11:17 T450s systemd-udevd[9135]: value '[dmi/id]sys_vendor' is 'LENOVO'
Oct 23 18:11:17 T450s dbus[1462]: [system] Successfully activated service 'org.freedesktop.nm_dispatcher'
Oct 23 18:11:17 T450s systemd-udevd[9135]: value '[dmi/id]sys_vendor' is 'LENOVO'
Oct 23 18:11:17 T450s systemd-udevd[9135]: passed device to netlink monitor 0x55a9747bff20
Oct 23 18:11:17 T450s systemd-udevd[299]: passed 198 byte device to netlink monitor 0x55a9747f94f0
Oct 23 18:11:17 T450s systemd-udevd[299]: passed 190 byte device to netlink monitor 0x55a9747f94f0
Oct 23 18:11:17 T450s systemd-udevd[9138]: value '[dmi/id]sys_vendor' is 'LENOVO'
Oct 23 18:11:17 T450s systemd-udevd[9135]: value '[dmi/id]sys_vendor' is 'LENOVO'
Oct 23 18:11:17 T450s systemd-udevd[9138]: value '[dmi/id]sys_vendor' is 'LENOVO'
Oct 23 18:11:17 T450s systemd-udevd[9135]: value '[dmi/id]sys_vendor' is 'LENOVO'
Oct 23 18:11:17 T450s nm-dispatcher[9131]: req:1 'up' [wlan0]: new request (2 scripts)
Oct 23 18:11:17 T450s systemd-udevd[9135]: passed device to netlink monitor 0x55a9747bff20
Oct 23 18:11:17 T450s nm-dispatcher[9131]: req:1 'up' [wlan0]: start running ordered scripts...
Oct 23 18:11:17 T450s systemd-udevd[9133]: passed device to netlink monitor 0x55a9747c9040
Oct 23 18:11:17 T450s systemd-udevd[9132]: passed device to netlink monitor 0x55a9747da570
Oct 23 18:11:17 T450s systemd-udevd[9138]: passed device to netlink monitor 0x55a9747eb440
Oct 23 18:11:17 T450s systemd-udevd[299]: passed 197 byte device to netlink monitor 0x55a9747f94f0
Oct 23 18:11:17 T450s systemd-udevd[9137]: value '[dmi/id]sys_vendor' is 'LENOVO'
Oct 23 18:11:17 T450s systemd-udevd[9132]: value '[dmi/id]sys_vendor' is 'LENOVO'
Oct 23 18:11:17 T450s systemd-udevd[9137]: value '[dmi/id]sys_vendor' is 'LENOVO'
Oct 23 18:11:17 T450s systemd-udevd[9132]: value '[dmi/id]sys_vendor' is 'LENOVO'
Oct 23 18:11:17 T450s NetworkManager[1784]: [1508796677.6767] manager: startup complete
Oct 23 18:11:17 T450s systemd-udevd[9132]: passed device to netlink monitor 0x55a9747da570
Oct 23 18:11:17 T450s systemd-udevd[9136]: value '[dmi/id]sys_vendor' is 'LENOVO'
Oct 23 18:11:17 T450s systemd-udevd[9136]: value '[dmi/id]sys_vendor' is 'LENOVO'
Oct 23 18:11:17 T450s systemd-udevd[9137]: passed device to netlink monitor 0x55a9747ea560
Oct 23 18:11:17 T450s systemd-udevd[9136]: passed device to netlink monitor 0x55a9747af470
Oct 23 18:11:17 T450s systemd[1]: NetworkManager-dispatcher.service: D-Bus name org.freedesktop.nm_dispatcher now registered by :1.18
Oct 23 18:11:17 T450s systemd[1]: NetworkManager-dispatcher.service: Changed start -> running
Oct 23 18:11:17 T450s systemd[1]: NetworkManager-dispatcher.service: Job NetworkManager-dispatcher.service/start finished, result=done
Oct 23 18:11:17 T450s systemd[1]: Started Network Manager Script Dispatcher Service.
Oct 23 18:11:17 T450s systemd-udevd[9134]: value '[dmi/id]sys_vendor' is 'LENOVO'
Oct 23 18:11:17 T450s systemd-udevd[9134]: value '[dmi/id]sys_vendor' is 'LENOVO'
Oct 23 18:11:17 T450s systemd-udevd[299]: passed 187 byte device to netlink monitor 0x55a9747f94f0
Oct 23 18:11:17 T450s systemd-udevd[299]: passed 208 byte device to netlink monitor 0x55a9747f94f0
Oct 23 18:11:17 T450s systemd-udevd[9134]: passed device to netlink monitor 0x55a9747a5e20
Oct 23 18:11:17 T450s systemd-logind[1407]: Got message type=signal sender=:1.1 destination=n/a object=/org/freedesktop/systemd1 interface=org.freedesktop.systemd1.Manager member=JobRemoved cookie=317 reply_cookie=0 error=n/a
Oct 23 18:11:17 T450s systemd-logind[1407]: Got message type=signal sender=:1.1 destination=n/a object=/org/freedesktop/systemd1/unit/NetworkManager_2ddispatcher_2eservice interface=org.freedesktop.DBus.Properties member=PropertiesChanged cookie=318 reply_cookie=0 error=n/a
Oct 23 18:11:17 T450s systemd-logind[1407]: Got message type=signal sender=:1.1 destination=n/a object=/org/freedesktop/systemd1/unit/NetworkManager_2ddispatcher_2eservice interface=org.freedesktop.DBus.Properties member=PropertiesChanged cookie=319 reply_cookie=0 error=n/a
Oct 23 18:11:17 T450s systemd-udevd[9135]: value '[dmi/id]sys_vendor' is 'LENOVO'
Oct 23 18:11:17 T450s systemd-udevd[9135]: value '[dmi/id]sys_vendor' is 'LENOVO'
Oct 23 18:11:17 T450s systemd-udevd[9132]: value '[dmi/id]sys_vendor' is 'LENOVO'
Oct 23 18:11:17 T450s systemd-udevd[9132]: value '[dmi/id]sys_vendor' is 'LENOVO'
Oct 23 18:11:17 T450s systemd-udevd[9132]: passed device to netlink monitor 0x55a9747da570
Oct 23 18:11:17 T450s systemd-udevd[9135]: passed device to netlink monitor 0x55a9747bff20
Oct 23 18:11:17 T450s systemd-udevd[9134]: Unload module index
Oct 23 18:11:17 T450s systemd-udevd[9138]: Unload module index
Oct 23 18:11:17 T450s systemd-udevd[9134]: Unloaded link configuration context.
Oct 23 18:11:17 T450s systemd-udevd[9138]: Unloaded link configuration context.
Oct 23 18:11:17 T450s systemd-udevd[9133]: Unload module index
Oct 23 18:11:17 T450s systemd-udevd[9136]: Unload module index
Oct 23 18:11:17 T450s systemd-udevd[9133]: Unloaded link configuration context.
Oct 23 18:11:17 T450s systemd-udevd[9136]: Unloaded link configuration context.
Oct 23 18:11:17 T450s systemd-udevd[9137]: Unload module index
Oct 23 18:11:17 T450s systemd-udevd[9137]: Unloaded link configuration context.
Oct 23 18:11:17 T450s systemd-udevd[9142]: value '[dmi/id]sys_vendor' is 'LENOVO'
Oct 23 18:11:17 T450s systemd-udevd[9142]: value '[dmi/id]sys_vendor' is 'LENOVO'
Oct 23 18:11:17 T450s systemd-udevd[9135]: Unload module index
Oct 23 18:11:17 T450s systemd-udevd[9135]: Unloaded link configuration context.
Oct 23 18:11:17 T450s systemd-udevd[9143]: value '[dmi/id]sys_vendor' is 'LENOVO'
Oct 23 18:11:17 T450s systemd-udevd[9143]: value '[dmi/id]sys_vendor' is 'LENOVO'
Oct 23 18:11:17 T450s systemd-udevd[9132]: Unload module index
Oct 23 18:11:17 T450s systemd-udevd[9132]: Unloaded link configuration context.
Oct 23 18:11:17 T450s systemd-udevd[9143]: passed device to netlink monitor 0x55a9747af470
Oct 23 18:11:17 T450s systemd-udevd[299]: passed 197 byte device to netlink monitor 0x55a9747f94f0
Oct 23 18:11:17 T450s systemd-udevd[9144]: value '[dmi/id]sys_vendor' is 'LENOVO'
Oct 23 18:11:17 T450s systemd-udevd[9142]: passed device to netlink monitor 0x55a9747d21b0
Oct 23 18:11:17 T450s systemd-udevd[9144]: value '[dmi/id]sys_vendor' is 'LENOVO'
Oct 23 18:11:17 T450s systemd-udevd[299]: passed 202 byte device to netlink monitor 0x55a9747f94f0
Oct 23 18:11:17 T450s systemd-udevd[9142]: value '[dmi/id]sys_vendor' is 'LENOVO'
Oct 23 18:11:17 T450s systemd-udevd[9142]: value '[dmi/id]sys_vendor' is 'LENOVO'
Oct 23 18:11:17 T450s systemd-udevd[9144]: passed device to netlink monitor 0x55a9747ea560
Oct 23 18:11:17 T450s systemd-udevd[9143]: value '[dmi/id]sys_vendor' is 'LENOVO'
Oct 23 18:11:17 T450s systemd-udevd[9143]: value '[dmi/id]sys_vendor' is 'LENOVO'
Oct 23 18:11:17 T450s systemd-udevd[9142]: passed device to netlink monitor 0x55a9747d21b0
Oct 23 18:11:17 T450s systemd-udevd[9143]: passed device to netlink monitor 0x55a9747af470
Oct 23 18:11:17 T450s systemd-udevd[9147]: value '[dmi/id]sys_vendor' is 'LENOVO'
Oct 23 18:11:17 T450s systemd-udevd[9147]: value '[dmi/id]sys_vendor' is 'LENOVO'
Oct 23 18:11:17 T450s systemd-udevd[9147]: passed device to netlink monitor 0x55a9747bff20
Oct 23 18:11:17 T450s systemd-udevd[9146]: value '[dmi/id]sys_vendor' is 'LENOVO'
Oct 23 18:11:17 T450s systemd-udevd[9146]: value '[dmi/id]sys_vendor' is 'LENOVO'
Oct 23 18:11:17 T450s systemd-udevd[9146]: passed device to netlink monitor 0x55a9747eb440
Oct 23 18:11:17 T450s systemd-udevd[9143]: Unload module index
Oct 23 18:11:17 T450s systemd-udevd[9142]: Unload module index
Oct 23 18:11:17 T450s systemd-udevd[9144]: Unload module index
Oct 23 18:11:17 T450s systemd-udevd[9143]: Unloaded link configuration context.
Oct 23 18:11:17 T450s systemd-udevd[9142]: Unloaded link configuration context.
Oct 23 18:11:17 T450s systemd-udevd[9144]: Unloaded link configuration context.
Oct 23 18:11:17 T450s systemd-udevd[9146]: Unload module index
Oct 23 18:11:17 T450s systemd-udevd[9146]: Unloaded link configuration context.
Oct 23 18:11:17 T450s systemd-udevd[9147]: Unload module index
Oct 23 18:11:17 T450s systemd-udevd[9147]: Unloaded link configuration context.
Oct 23 18:11:17 T450s systemd-udevd[9170]: value '[dmi/id]sys_vendor' is 'LENOVO'
Oct 23 18:11:17 T450s systemd-udevd[9170]: value '[dmi/id]sys_vendor' is 'LENOVO'
Oct 23 18:11:17 T450s systemd-udevd[9170]: passed device to netlink monitor 0x55a9747da570
Oct 23 18:11:17 T450s systemd-udevd[9170]: Unload module index
Oct 23 18:11:17 T450s systemd-udevd[9170]: Unloaded link configuration context.
Oct 23 18:11:18 T450s NetworkManager[1784]: [1508796678.6704] manager: NetworkManager state is now CONNECTED_GLOBAL
Oct 23 18:11:18 T450s nm-dispatcher[9131]: req:2 'connectivity-change': new request (2 scripts)
Oct 23 18:11:18 T450s avahi-daemon[1788]: Joining mDNS multicast group on interface wlan0.IPv6 with address fe80::9665:9cff:fe57:6f66.
Oct 23 18:11:18 T450s avahi-daemon[1788]: New relevant interface wlan0.IPv6 for mDNS.
Oct 23 18:11:18 T450s avahi-daemon[1788]: Registering new address record for fe80::9665:9cff:fe57:6f66 on wlan0.*.
Oct 23 18:11:21 T450s cupsd[1461]: Unable to change ownership of "/var/log/cups" - Read-only file system
Oct 23 18:11:21 T450s cupsd[1461]: Unable to open log file "/var/log/cups/error_log" - Read-only file system
Oct 23 18:11:26 T450s cupsd[1461]: Unable to change ownership of "/var/log/cups" - Read-only file system
Oct 23 18:11:26 T450s cupsd[1461]: Unable to open log file "/var/log/cups/error_log" - Read-only file system
Oct 23 18:11:26 T450s systemd-udevd[299]: Validate module index
Oct 23 18:11:26 T450s systemd-udevd[299]: Check if link configuration needs reloading.
Oct 23 18:11:26 T450s cupsd[1461]: Unable to change ownership of "/var/log/cups" - Read-only file system
Oct 23 18:11:26 T450s cupsd[1461]: Unable to open log file "/var/log/cups/access_log" - Read-only file system
Oct 23 18:11:26 T450s systemd-udevd[9176]: value '[dmi/id]sys_vendor' is 'LENOVO'
Oct 23 18:11:26 T450s systemd-udevd[9176]: value '[dmi/id]sys_vendor' is 'LENOVO'
Oct 23 18:11:26 T450s systemd-udevd[9177]: value '[dmi/id]sys_vendor' is 'LENOVO'
Oct 23 18:11:26 T450s systemd-udevd[9176]: passed device to netlink monitor 0x55a9747da570
Oct 23 18:11:26 T450s systemd-udevd[9177]: value '[dmi/id]sys_vendor' is 'LENOVO'
Oct 23 18:11:26 T450s systemd-udevd[9177]: passed device to netlink monitor 0x55a9747c9040
Oct 23 18:11:26 T450s systemd-udevd[9177]: Unload module index
Oct 23 18:11:26 T450s systemd-udevd[9176]: Unload module index
Oct 23 18:11:26 T450s systemd-udevd[9177]: Unloaded link configuration context.
Oct 23 18:11:26 T450s systemd-udevd[9176]: Unloaded link configuration context.
Oct 23 18:11:26 T450s systemd-udevd[9179]: value '[dmi/id]sys_vendor' is 'LENOVO'
Oct 23 18:11:26 T450s systemd-udevd[9179]: value '[dmi/id]sys_vendor' is 'LENOVO'
Oct 23 18:11:26 T450s systemd-udevd[9180]: value '[dmi/id]sys_vendor' is 'LENOVO'
Oct 23 18:11:26 T450s systemd-udevd[9180]: value '[dmi/id]sys_vendor' is 'LENOVO'
Oct 23 18:11:26 T450s systemd-udevd[9179]: passed device to netlink monitor 0x55a9747da570
Oct 23 18:11:26 T450s systemd-udevd[9180]: passed device to netlink monitor 0x55a9747a5e20
Oct 23 18:11:26 T450s systemd-udevd[9179]: Unload module index
Oct 23 18:11:26 T450s systemd-udevd[9180]: Unload module index
Oct 23 18:11:26 T450s systemd-udevd[9180]: Unloaded link configuration context.
Oct 23 18:11:26 T450s systemd-udevd[9179]: Unloaded link configuration context.
Oct 23 18:11:26 T450s cupsd[1461]: Unable to change ownership of "/var/log/cups" - Read-only file system
Oct 23 18:11:26 T450s cupsd[1461]: Unable to open log file "/var/log/cups/access_log" - Read-only file system
Oct 23 18:11:29 T450s ntpdate[9201]: name server cannot be used: Temporary failure in name resolution (-3)
Oct 23 18:11:29 T450s systemd[1]: Received SIGCHLD from PID 9197 (ntpdate).
Oct 23 18:11:29 T450s systemd[1]: Child 9197 (ntpdate) died (code=exited, status=0/SUCCESS)
Oct 23 18:11:29 T450s systemd[1]: NetworkManager-dispatcher.service: Child 9197 belongs to NetworkManager-dispatcher.service
Oct 23 18:11:29 T450s systemd-logind[1407]: Got message type=signal sender=:1.1 destination=n/a object=/org/freedesktop/systemd1/unit/NetworkManager_2ddispatcher_2eservice interface=org.freedesktop.DBus.Properties member=PropertiesChanged cookie=320 reply_cookie=0 error=n/a
Oct 23 18:11:29 T450s systemd-logind[1407]: Got message type=signal sender=:1.1 destination=n/a object=/org/freedesktop/systemd1/unit/NetworkManager_2ddispatcher_2eservice interface=org.freedesktop.DBus.Properties member=PropertiesChanged cookie=321 reply_cookie=0 error=n/a
Oct 23 18:11:29 T450s systemd[1]: Accepted new private connection.
Oct 23 18:11:29 T450s systemd[1]: ssh.service: Trying to enqueue job ssh.service/reload/replace
Oct 23 18:11:29 T450s systemd[1]: ssh.service: Installed new job ssh.service/reload as 2003
Oct 23 18:11:29 T450s systemd[1]: ssh.service: Enqueued job ssh.service/reload as 2003
Oct 23 18:11:29 T450s systemd[1]: ssh.service: About to execute: /usr/sbin/sshd -t
Oct 23 18:11:29 T450s systemd[1]: ssh.service: Forked /usr/sbin/sshd as 9207
Oct 23 18:11:29 T450s systemd[1]: ssh.service: Changed running -> reload
Oct 23 18:11:29 T450s systemd[1]: Reloading OpenBSD Secure Shell server.
Oct 23 18:11:29 T450s systemd-logind[1407]: Got message type=signal sender=:1.1 destination=n/a object=/org/freedesktop/systemd1/unit/ssh_2eservice interface=org.freedesktop.DBus.Properties member=PropertiesChanged cookie=323 reply_cookie=0 error=n/a
Oct 23 18:11:29 T450s systemd[9207]: ssh.service: Executing: /usr/sbin/sshd -t
Oct 23 18:11:29 T450s systemd-logind[1407]: Got message type=signal sender=:1.1 destination=n/a object=/org/freedesktop/systemd1/unit/ssh_2eservice interface=org.freedesktop.DBus.Properties member=PropertiesChanged cookie=324 reply_cookie=0 error=n/a
Oct 23 18:11:29 T450s systemd-logind[1407]: Got message type=signal sender=:1.1 destination=n/a object=/org/freedesktop/systemd1/job/2003 interface=org.freedesktop.DBus.Properties member=PropertiesChanged cookie=325 reply_cookie=0 error=n/a
Oct 23 18:11:29 T450s systemd[1]: Got disconnect on private connection.
Oct 23 18:11:29 T450s systemd[1]: systemd-journald.service: Got notification message from PID 267 (FDSTORE=1)
Oct 23 18:11:29 T450s systemd[1]: systemd-journald.service: Added fd 18 (n/a) to fd store.
Oct 23 18:11:29 T450s systemd[1]: systemd-journald.service: Received EPOLLHUP on stored fd 18 (stored), closing.
Oct 23 18:11:29 T450s systemd[1]: Received SIGCHLD from PID 9207 (sshd).
Oct 23 18:11:29 T450s systemd[1]: Child 9207 (sshd) died (code=exited, status=0/SUCCESS)
Oct 23 18:11:29 T450s systemd[1]: ssh.service: Child 9207 belongs to ssh.service
Oct 23 18:11:29 T450s systemd[1]: ssh.service: Control process exited, code=exited status=0
Oct 23 18:11:29 T450s systemd[1]: ssh.service: Running next control command for state reload.
Oct 23 18:11:29 T450s systemd[1]: ssh.service: About to execute: /bin/kill -HUP $MAINPID
Oct 23 18:11:29 T450s systemd[1]: ssh.service: Forked /bin/kill as 9212
Oct 23 18:11:29 T450s systemd-logind[1407]: Got message type=signal sender=:1.1 destination=n/a object=/org/freedesktop/systemd1/unit/ssh_2eservice interface=org.freedesktop.DBus.Properties member=PropertiesChanged cookie=326 reply_cookie=0 error=n/a
Oct 23 18:11:29 T450s systemd-logind[1407]: Got message type=signal sender=:1.1 destination=n/a object=/org/freedesktop/systemd1/unit/ssh_2eservice interface=org.freedesktop.DBus.Properties member=PropertiesChanged cookie=327 reply_cookie=0 error=n/a
Oct 23 18:11:29 T450s systemd[9212]: ssh.service: Executing: /bin/kill -HUP 1931
Oct 23 18:11:29 T450s systemd[1]: systemd-journald.service: Got notification message from PID 267 (FDSTORE=1)
Oct 23 18:11:29 T450s systemd[1]: systemd-journald.service: Added fd 18 (n/a) to fd store.
Oct 23 18:11:29 T450s systemd[1]: systemd-journald.service: Received EPOLLHUP on stored fd 18 (stored), closing.
Oct 23 18:11:29 T450s sshd[1931]: Received SIGHUP; restarting.
Oct 23 18:11:29 T450s systemd[1]: Received SIGCHLD from PID 9212 (kill).
Oct 23 18:11:29 T450s systemd[1]: Child 9212 (kill) died (code=exited, status=0/SUCCESS)
Oct 23 18:11:29 T450s systemd[1]: ssh.service: Child 9212 belongs to ssh.service
Oct 23 18:11:29 T450s systemd[1]: ssh.service: Control process exited, code=exited status=0
Oct 23 18:11:29 T450s systemd[1]: ssh.service: Got final SIGCHLD for state reload.
Oct 23 18:11:29 T450s systemd[1]: ssh.service: Changed reload -> running
Oct 23 18:11:29 T450s systemd[1]: ssh.service: Job ssh.service/reload finished, result=done
Oct 23 18:11:29 T450s systemd[1]: Reloaded OpenBSD Secure Shell server.
Oct 23 18:11:29 T450s systemd-logind[1407]: Got message type=signal sender=:1.1 destination=n/a object=/org/freedesktop/systemd1 interface=org.freedesktop.systemd1.Manager member=JobRemoved cookie=328 reply_cookie=0 error=n/a
Oct 23 18:11:29 T450s systemd-logind[1407]: Got message type=signal sender=:1.1 destination=n/a object=/org/freedesktop/systemd1/unit/ssh_2eservice interface=org.freedesktop.DBus.Properties member=PropertiesChanged cookie=329 reply_cookie=0 error=n/a
Oct 23 18:11:29 T450s systemd-logind[1407]: Got message type=signal sender=:1.1 destination=n/a object=/org/freedesktop/systemd1/unit/ssh_2eservice interface=org.freedesktop.DBus.Properties member=PropertiesChanged cookie=330 reply_cookie=0 error=n/a
Oct 23 18:11:29 T450s sshd[1931]: Server listening on 0.0.0.0 port 22.
Oct 23 18:11:29 T450s sshd[1931]: Server listening on :: port 22.
Oct 23 18:11:29 T450s systemd[1]: ssh.service: Got notification message from PID 1931 (READY=1)
Oct 23 18:11:29 T450s systemd-logind[1407]: Got message type=signal sender=:1.1 destination=n/a object=/org/freedesktop/systemd1/unit/ssh_2eservice interface=org.freedesktop.DBus.Properties member=PropertiesChanged cookie=331 reply_cookie=0 error=n/a
Oct 23 18:11:29 T450s systemd-logind[1407]: Got message type=signal sender=:1.1 destination=n/a object=/org/freedesktop/systemd1/unit/ssh_2eservice interface=org.freedesktop.DBus.Properties member=PropertiesChanged cookie=332 reply_cookie=0 error=n/a
Oct 23 18:11:29 T450s systemd[1]: systemd-udevd.service: Got notification message from PID 299 (WATCHDOG=1)
Oct 23 18:11:29 T450s systemd-udevd[299]: Validate module index
Oct 23 18:11:29 T450s systemd-udevd[299]: Check if link configuration needs reloading.
Oct 23 18:11:29 T450s systemd-udevd[9230]: value '[dmi/id]sys_vendor' is 'LENOVO'
Oct 23 18:11:29 T450s systemd-udevd[9230]: value '[dmi/id]sys_vendor' is 'LENOVO'
Oct 23 18:11:29 T450s systemd-udevd[9230]: passed device to netlink monitor 0x55a9747da570
Oct 23 18:11:29 T450s nm-dispatcher[9131]: /usr/sbin/fanctl: 41: /usr/sbin/fanctl: arithmetic expression: expecting primary: " (32-)/4 "
Oct 23 18:11:29 T450s systemd-udevd[9230]: Unload module index
Oct 23 18:11:29 T450s nm-dispatcher[9131]: run-parts: /etc/network/if-up.d/ubuntu-fan exited with return code 2
Oct 23 18:11:29 T450s systemd-udevd[9230]: Unloaded link configuration context.
Oct 23 18:11:29 T450s nm-dispatcher[9131]: req:1 'up' [wlan0], "/etc/NetworkManager/dispatcher.d/01-ifupdown": complete: failed with Script '/etc/NetworkManager/dispatcher.d/01-ifupdown' exited with error status 1.
Oct 23 18:11:29 T450s nm-dispatcher[9131]: req:2 'connectivity-change': start running ordered scripts...
Oct 23 18:11:29 T450s NetworkManager[1784]: [1508796689.7951] dispatcher: (2) 01-ifupdown failed (failed): Script '/etc/NetworkManager/dispatcher.d/01-ifupdown' exited with error status 1.
Oct 23 18:11:36 T450s dbus[1462]: [system] Failed to activate service 'org.freedesktop.ColorManager': timed out
Oct 23 18:11:39 T450s systemd[1]: systemd-journald.service: Received EPOLLHUP on stored fd 43 (stored), closing.
Oct 23 18:11:39 T450s systemd[1]: Received SIGCHLD from PID 9131 (nm-dispatcher).
Oct 23 18:11:39 T450s systemd[1]: Child 9131 (nm-dispatcher) died (code=exited, status=0/SUCCESS)
Oct 23 18:11:39 T450s systemd[1]: NetworkManager-dispatcher.service: Child 9131 belongs to NetworkManager-dispatcher.service
Oct 23 18:11:39 T450s systemd[1]: NetworkManager-dispatcher.service: Main process exited, code=exited, status=0/SUCCESS
Oct 23 18:11:39 T450s systemd[1]: NetworkManager-dispatcher.service: Changed running -> dead
Oct 23 18:11:39 T450s systemd[1]: NetworkManager-dispatcher.service: Collecting.
Oct 23 18:11:39 T450s systemd-logind[1407]: Got message type=signal sender=:1.1 destination=n/a object=/org/freedesktop/systemd1/unit/NetworkManager_2ddispatcher_2eservice interface=org.freedesktop.DBus.Properties member=PropertiesChanged cookie=333 reply_cookie=0 error=n/a
Oct 23 18:11:39 T450s systemd-logind[1407]: Got message type=signal sender=:1.1 destination=n/a object=/org/freedesktop/systemd1/unit/NetworkManager_2ddispatcher_2eservice interface=org.freedesktop.DBus.Properties member=PropertiesChanged cookie=334 reply_cookie=0 error=n/a
Oct 23 18:11:39 T450s systemd-logind[1407]: Got message type=signal sender=:1.1 destination=n/a object=/org/freedesktop/systemd1 interface=org.freedesktop.systemd1.Manager member=UnitRemoved cookie=335 reply_cookie=0 error=n/a
Oct 23 18:11:39 T450s systemd[1]: systemd-logind.service: Got notification message from PID 1407 (WATCHDOG=1)
Oct 23 18:11:39 T450s systemd-udevd[299]: Validate module index
Oct 23 18:11:39 T450s systemd-udevd[299]: Check if link configuration needs reloading.
Oct 23 18:11:39 T450s systemd-udevd[9242]: value '[dmi/id]sys_vendor' is 'LENOVO'
Oct 23 18:11:39 T450s systemd-udevd[9242]: value '[dmi/id]sys_vendor' is 'LENOVO'
Oct 23 18:11:39 T450s systemd-udevd[9243]: value '[dmi/id]sys_vendor' is 'LENOVO'
Oct 23 18:11:39 T450s systemd-udevd[9242]: passed device to netlink monitor 0x55a9747da570
Oct 23 18:11:39 T450s systemd-udevd[9243]: value '[dmi/id]sys_vendor' is 'LENOVO'
Oct 23 18:11:39 T450s systemd-udevd[9243]: passed device to netlink monitor 0x55a9747c9040
Oct 23 18:11:39 T450s systemd-udevd[9242]: value '[dmi/id]sys_vendor' is 'LENOVO'
Oct 23 18:11:39 T450s systemd-udevd[9244]: value '[dmi/id]sys_vendor' is 'LENOVO'
Oct 23 18:11:39 T450s systemd-udevd[9242]: value '[dmi/id]sys_vendor' is 'LENOVO'
Oct 23 18:11:39 T450s systemd-udevd[9244]: value '[dmi/id]sys_vendor' is 'LENOVO'
Oct 23 18:11:39 T450s systemd-udevd[9242]: passed device to netlink monitor 0x55a9747da570
Oct 23 18:11:39 T450s systemd-udevd[299]: passed 201 byte device to netlink monitor 0x55a9747f94f0
Oct 23 18:11:39 T450s systemd-udevd[9244]: passed device to netlink monitor 0x55a9747a5e20
Oct 23 18:11:39 T450s systemd-udevd[299]: passed 202 byte device to netlink monitor 0x55a9747f94f0
Oct 23 18:11:39 T450s systemd-udevd[9245]: value '[dmi/id]sys_vendor' is 'LENOVO'
Oct 23 18:11:39 T450s systemd-udevd[299]: passed 205 byte device to netlink monitor 0x55a9747f94f0
Oct 23 18:11:39 T450s systemd-udevd[9245]: value '[dmi/id]sys_vendor' is 'LENOVO'
Oct 23 18:11:39 T450s systemd-udevd[9242]: value '[dmi/id]sys_vendor' is 'LENOVO'
Oct 23 18:11:39 T450s systemd-udevd[9242]: value '[dmi/id]sys_vendor' is 'LENOVO'
Oct 23 18:11:39 T450s systemd-udevd[9243]: value '[dmi/id]sys_vendor' is 'LENOVO'
Oct 23 18:11:39 T450s systemd-udevd[9243]: value '[dmi/id]sys_vendor' is 'LENOVO'
Oct 23 18:11:39 T450s systemd-udevd[9245]: passed device to netlink monitor 0x55a9747bff20
Oct 23 18:11:39 T450s systemd-udevd[9242]: passed device to netlink monitor 0x55a9747da570
Oct 23 18:11:39 T450s systemd-udevd[299]: passed 201 byte device to netlink monitor 0x55a9747f94f0
Oct 23 18:11:39 T450s systemd-udevd[9243]: passed device to netlink monitor 0x55a9747c9040
Oct 23 18:11:39 T450s systemd-udevd[299]: passed 198 byte device to netlink monitor 0x55a9747f94f0
Oct 23 18:11:39 T450s systemd-udevd[9242]: value '[dmi/id]sys_vendor' is 'LENOVO'
Oct 23 18:11:39 T450s systemd-udevd[9244]: value '[dmi/id]sys_vendor' is 'LENOVO'
Oct 23 18:11:39 T450s systemd-udevd[9242]: value '[dmi/id]sys_vendor' is 'LENOVO'
Oct 23 18:11:39 T450s systemd-udevd[9244]: value '[dmi/id]sys_vendor' is 'LENOVO'
Oct 23 18:11:39 T450s systemd-udevd[9243]: value '[dmi/id]sys_vendor' is 'LENOVO'
Oct 23 18:11:39 T450s systemd-udevd[299]: passed 204 byte device to netlink monitor 0x55a9747f94f0
Oct 23 18:11:39 T450s systemd-udevd[9243]: value '[dmi/id]sys_vendor' is 'LENOVO'
Oct 23 18:11:39 T450s systemd-udevd[299]: passed 195 byte device to netlink monitor 0x55a9747f94f0
Oct 23 18:11:39 T450s systemd-udevd[9242]: passed device to netlink monitor 0x55a9747da570
Oct 23 18:11:39 T450s systemd-udevd[9243]: passed device to netlink monitor 0x55a9747c9040
Oct 23 18:11:39 T450s systemd-udevd[9244]: passed device to netlink monitor 0x55a9747a5e20
Oct 23 18:11:39 T450s systemd-udevd[9245]: value '[dmi/id]sys_vendor' is 'LENOVO'
Oct 23 18:11:39 T450s systemd-udevd[299]: passed 200 byte device to netlink monitor 0x55a9747f94f0
Oct 23 18:11:39 T450s systemd-udevd[9245]: value '[dmi/id]sys_vendor' is 'LENOVO'
Oct 23 18:11:39 T450s systemd-udevd[299]: passed 200 byte device to netlink monitor 0x55a9747f94f0
Oct 23 18:11:39 T450s systemd-udevd[9242]: value '[dmi/id]sys_vendor' is 'LENOVO'
Oct 23 18:11:39 T450s systemd-udevd[9242]: value '[dmi/id]sys_vendor' is 'LENOVO'
Oct 23 18:11:39 T450s systemd-udevd[9243]: value '[dmi/id]sys_vendor' is 'LENOVO'
Oct 23 18:11:39 T450s systemd-udevd[9245]: passed device to netlink monitor 0x55a9747bff20
Oct 23 18:11:39 T450s systemd-udevd[9243]: value '[dmi/id]sys_vendor' is 'LENOVO'
Oct 23 18:11:39 T450s systemd-udevd[9244]: value '[dmi/id]sys_vendor' is 'LENOVO'
Oct 23 18:11:39 T450s systemd-udevd[9242]: passed device to netlink monitor 0x55a9747da570
Oct 23 18:11:39 T450s systemd-udevd[9243]: passed device to netlink monitor 0x55a9747c9040
Oct 23 18:11:39 T450s systemd-udevd[299]: passed 200 byte device to netlink monitor 0x55a9747f94f0
Oct 23 18:11:39 T450s systemd-udevd[9244]: value '[dmi/id]sys_vendor' is 'LENOVO'
Oct 23 18:11:39 T450s systemd-udevd[9242]: value '[dmi/id]sys_vendor' is 'LENOVO'
Oct 23 18:11:39 T450s systemd-udevd[9244]: passed device to netlink monitor 0x55a9747a5e20
Oct 23 18:11:39 T450s systemd-udevd[9242]: value '[dmi/id]sys_vendor' is 'LENOVO'
Oct 23 18:11:39 T450s systemd-udevd[9242]: passed device to netlink monitor 0x55a9747da570
Oct 23 18:11:39 T450s systemd-udevd[299]: passed 199 byte device to netlink monitor 0x55a9747f94f0
Oct 23 18:11:39 T450s systemd-udevd[9246]: value '[dmi/id]sys_vendor' is 'LENOVO'
Oct 23 18:11:39 T450s systemd-udevd[9246]: value '[dmi/id]sys_vendor' is 'LENOVO'
Oct 23 18:11:39 T450s systemd-udevd[9246]: passed device to netlink monitor 0x55a9747d21b0
Oct 23 18:11:39 T450s systemd-udevd[9246]: Unload module index
Oct 23 18:11:39 T450s systemd-udevd[9244]: Unload module index
Oct 23 18:11:39 T450s systemd-udevd[9242]: Unload module index
Oct 23 18:11:39 T450s systemd-udevd[9246]: Unloaded link configuration context.
Oct 23 18:11:39 T450s systemd-udevd[9244]: Unloaded link configuration context.
Oct 23 18:11:39 T450s systemd-udevd[9242]: Unloaded link configuration context.
Oct 23 18:11:39 T450s systemd-udevd[9243]: Unload module index
Oct 23 18:11:39 T450s systemd-udevd[9243]: Unloaded link configuration context.
Oct 23 18:11:39 T450s systemd-udevd[9245]: Unload module index
Oct 23 18:11:39 T450s systemd-udevd[9245]: Unloaded link configuration context.
Oct 23 18:11:46 T450s systemd-timesyncd[1008]: Resolving ntp.ubuntu.com...
Oct 23 18:11:46 T450s systemd[1]: systemd-timesyncd.service: Got notification message from PID 1008 (WATCHDOG=1)
Oct 23 18:11:46 T450s systemd[1]: systemd-timesyncd.service: Got notification message from PID 1008 (STATUS=Idle.)
Oct 23 18:11:46 T450s systemd-timesyncd[1008]: Failed to resolve ntp.ubuntu.com: Temporary failure in name resolution
Oct 23 18:11:46 T450s systemd-timesyncd[1008]: Resolving ntp.ubuntu.com...
Oct 23 18:11:46 T450s systemd[1]: systemd-timesyncd.service: Got notification message from PID 1008 (STATUS=Idle.)
Oct 23 18:11:46 T450s systemd-timesyncd[1008]: Failed to resolve ntp.ubuntu.com: Temporary failure in name resolution
Oct 23 18:11:46 T450s systemd-timesyncd[1008]: Resolving ntp.ubuntu.com...
Oct 23 18:11:46 T450s systemd[1]: systemd-timesyncd.service: Got notification message from PID 1008 (STATUS=Idle.)
Oct 23 18:11:46 T450s systemd-timesyncd[1008]: Failed to resolve ntp.ubuntu.com: Temporary failure in name resolution
Oct 23 18:11:46 T450s systemd-timesyncd[1008]: Resolving ntp.ubuntu.com...
Oct 23 18:11:46 T450s systemd[1]: systemd-timesyncd.service: Got notification message from PID 1008 (STATUS=Idle.)
Oct 23 18:11:46 T450s systemd-timesyncd[1008]: Failed to resolve ntp.ubuntu.com: Temporary failure in name resolution
Oct 23 18:11:46 T450s systemd-timesyncd[1008]: Resolving ntp.ubuntu.com...
Oct 23 18:11:46 T450s systemd[1]: systemd-timesyncd.service: Got notification message from PID 1008 (STATUS=Idle.)
Oct 23 18:11:46 T450s systemd-timesyncd[1008]: Failed to resolve ntp.ubuntu.com: Temporary failure in name resolution
Oct 23 18:11:46 T450s systemd-timesyncd[1008]: Resolving ntp.ubuntu.com...
Oct 23 18:11:46 T450s systemd[1]: systemd-timesyncd.service: Got notification message from PID 1008 (STATUS=Idle.)
Oct 23 18:11:46 T450s systemd-timesyncd[1008]: Failed to resolve ntp.ubuntu.com: Temporary failure in name resolution
Oct 23 18:11:46 T450s systemd-timesyncd[1008]: Resolving ntp.ubuntu.com...
Oct 23 18:11:46 T450s systemd[1]: systemd-timesyncd.service: Got notification message from PID 1008 (STATUS=Idle.)
Oct 23 18:11:46 T450s systemd-timesyncd[1008]: Failed to resolve ntp.ubuntu.com: Temporary failure in name resolution
Oct 23 18:11:46 T450s systemd-timesyncd[1008]: Resolving ntp.ubuntu.com...
Oct 23 18:11:46 T450s systemd[1]: systemd-timesyncd.service: Got notification message from PID 1008 (STATUS=Idle.)
Oct 23 18:11:46 T450s systemd-timesyncd[1008]: Failed to resolve ntp.ubuntu.com: Temporary failure in name resolution
Oct 23 18:11:46 T450s systemd-timesyncd[1008]: Resolving ntp.ubuntu.com...
Oct 23 18:11:46 T450s systemd[1]: systemd-timesyncd.service: Got notification message from PID 1008 (STATUS=Idle.)
Oct 23 18:11:46 T450s systemd-timesyncd[1008]: Failed to resolve ntp.ubuntu.com: Temporary failure in name resolution
Oct 23 18:11:46 T450s systemd-timesyncd[1008]: Resolving ntp.ubuntu.com...
Oct 23 18:11:46 T450s systemd[1]: systemd-timesyncd.service: Got notification message from PID 1008 (STATUS=Idle.)
Oct 23 18:11:46 T450s systemd-timesyncd[1008]: Failed to resolve ntp.ubuntu.com: Temporary failure in name resolution
Oct 23 18:11:46 T450s systemd-timesyncd[1008]: Slowing down attempts to contact servers.
Oct 23 18:11:46 T450s systemd[1]: systemd-timesyncd.service: Got notification message from PID 1008 (STATUS=Idle.)
Oct 23 18:12:11 T450s systemd-udevd[299]: Validate module index
Oct 23 18:12:11 T450s systemd-udevd[299]: Check if link configuration needs reloading.
Oct 23 18:12:11 T450s systemd-udevd[9247]: value '[dmi/id]sys_vendor' is 'LENOVO'
Oct 23 18:12:11 T450s systemd-udevd[9247]: value '[dmi/id]sys_vendor' is 'LENOVO'
Oct 23 18:12:11 T450s systemd-udevd[9247]: passed device to netlink monitor 0x55a9747da570
Oct 23 18:12:11 T450s systemd-udevd[9247]: Unload module index
Oct 23 18:12:11 T450s systemd-udevd[9247]: Unloaded link configuration context.
Oct 23 18:12:16 T450s systemd-timesyncd[1008]: Resolving ntp.ubuntu.com...
Oct 23 18:12:16 T450s systemd[1]: systemd-timesyncd.service: Got notification message from PID 1008 (STATUS=Idle.)
Oct 23 18:12:16 T450s systemd[1]: systemd-journald.service: Got notification message from PID 267 (WATCHDOG=1)
Oct 23 18:12:16 T450s systemd-timesyncd[1008]: Failed to resolve ntp.ubuntu.com: Temporary failure in name resolution
Oct 23 18:12:16 T450s systemd-timesyncd[1008]: Resolving ntp.ubuntu.com...
Oct 23 18:12:16 T450s systemd[1]: systemd-timesyncd.service: Got notification message from PID 1008 (STATUS=Idle.)
Oct 23 18:12:16 T450s systemd-timesyncd[1008]: Failed to resolve ntp.ubuntu.com: Temporary failure in name resolution
Oct 23 18:12:16 T450s systemd-timesyncd[1008]: Resolving ntp.ubuntu.com...
Oct 23 18:12:16 T450s systemd[1]: systemd-timesyncd.service: Got notification message from PID 1008 (STATUS=Idle.)
Oct 23 18:12:16 T450s systemd-timesyncd[1008]: Failed to resolve ntp.ubuntu.com: Temporary failure in name resolution
Oct 23 18:12:16 T450s systemd-timesyncd[1008]: Resolving ntp.ubuntu.com...
Oct 23 18:12:16 T450s systemd[1]: systemd-timesyncd.service: Got notification message from PID 1008 (STATUS=Idle.)
Oct 23 18:12:16 T450s systemd-timesyncd[1008]: Failed to resolve ntp.ubuntu.com: Temporary failure in name resolution
Oct 23 18:12:16 T450s systemd-timesyncd[1008]: Resolving ntp.ubuntu.com...
Oct 23 18:12:16 T450s systemd[1]: systemd-timesyncd.service: Got notification message from PID 1008 (STATUS=Idle.)
Oct 23 18:12:16 T450s systemd-timesyncd[1008]: Failed to resolve ntp.ubuntu.com: Temporary failure in name resolution
Oct 23 18:12:16 T450s systemd-timesyncd[1008]: Resolving ntp.ubuntu.com...
Oct 23 18:12:16 T450s systemd[1]: systemd-timesyncd.service: Got notification message from PID 1008 (STATUS=Idle.)
Oct 23 18:12:16 T450s systemd-timesyncd[1008]: Failed to resolve ntp.ubuntu.com: Temporary failure in name resolution
Oct 23 18:12:16 T450s systemd-timesyncd[1008]: Resolving ntp.ubuntu.com...
Oct 23 18:12:16 T450s systemd[1]: systemd-timesyncd.service: Got notification message from PID 1008 (STATUS=Idle.)
Oct 23 18:12:16 T450s systemd-timesyncd[1008]: Failed to resolve ntp.ubuntu.com: Temporary failure in name resolution
Oct 23 18:12:16 T450s systemd-timesyncd[1008]: Resolving ntp.ubuntu.com...
Oct 23 18:12:16 T450s systemd[1]: systemd-timesyncd.service: Got notification message from PID 1008 (STATUS=Idle.)
Oct 23 18:12:16 T450s systemd-timesyncd[1008]: Failed to resolve ntp.ubuntu.com: Temporary failure in name resolution
Oct 23 18:12:16 T450s systemd-timesyncd[1008]: Resolving ntp.ubuntu.com...
Oct 23 18:12:16 T450s systemd[1]: systemd-timesyncd.service: Got notification message from PID 1008 (STATUS=Idle.)
Oct 23 18:12:16 T450s systemd-timesyncd[1008]: Failed to resolve ntp.ubuntu.com: Temporary failure in name resolution
Oct 23 18:12:16 T450s systemd-timesyncd[1008]: Resolving ntp.ubuntu.com...
Oct 23 18:12:16 T450s systemd[1]: systemd-timesyncd.service: Got notification message from PID 1008 (STATUS=Idle.)
Oct 23 18:12:16 T450s systemd-timesyncd[1008]: Failed to resolve ntp.ubuntu.com: Temporary failure in name resolution
Oct 23 18:12:16 T450s systemd-timesyncd[1008]: Slowing down attempts to contact servers.
Oct 23 18:12:16 T450s systemd[1]: systemd-timesyncd.service: Got notification message from PID 1008 (STATUS=Idle.)
Oct 23 18:12:42 T450s systemd-logind[1407]: VT changed to 2
Oct 23 18:12:42 T450s systemd[1]: systemd-logind.service: Got notification message from PID 1407 (WATCHDOG=1)
Oct 23 18:12:42 T450s systemd-logind[1407]: Sent message type=method_call sender=n/a destination=org.freedesktop.systemd1 object=/org/freedesktop/systemd1 interface=org.freedesktop.systemd1.Manager member=StartUnit cookie=21 reply_cookie=0 error=n/a
Oct 23 18:12:42 T450s systemd[1]: getty@tty2.service: Trying to enqueue job getty@tty2.service/start/fail
Oct 23 18:12:42 T450s systemd[1]: getty@tty2.service: Installed new job getty@tty2.service/start as 2004
Oct 23 18:12:42 T450s systemd[1]: getty@tty2.service: Enqueued job getty@tty2.service/start as 2004
Oct 23 18:12:42 T450s systemd[1]: getty@tty2.service: ConditionPathExists=/dev/tty0 succeeded.
Oct 23 18:12:42 T450s systemd-logind[1407]: Got message type=method_return sender=:1.1 destination=:1.0 object=n/a interface=n/a member=n/a cookie=340 reply_cookie=21 error=n/a
Oct 23 18:12:42 T450s systemd[1]: getty@tty2.service: Passing 0 fds to service
Oct 23 18:12:42 T450s systemd[1]: getty@tty2.service: About to execute: /sbin/agetty --noclear tty2 $TERM
Oct 23 18:12:42 T450s systemd[1]: getty@tty2.service: Forked /sbin/agetty as 9248
Oct 23 18:12:42 T450s systemd[1]: getty@tty2.service: Changed dead -> running
Oct 23 18:12:42 T450s systemd[1]: getty@tty2.service: Job getty@tty2.service/start finished, result=done
Oct 23 18:12:42 T450s systemd[1]: Started Getty on tty2.
Oct 23 18:12:42 T450s systemd-logind[1407]: Got message type=signal sender=:1.1 destination=n/a object=/org/freedesktop/systemd1 interface=org.freedesktop.systemd1.Manager member=JobRemoved cookie=343 reply_cookie=0 error=n/a
Oct 23 18:12:42 T450s systemd-logind[1407]: Got message type=signal sender=:1.1 destination=n/a object=/org/freedesktop/systemd1/unit/getty_40tty2_2eservice interface=org.freedesktop.DBus.Properties member=PropertiesChanged cookie=345 reply_cookie=0 error=n/a
Oct 23 18:12:42 T450s systemd-logind[1407]: Got message type=signal sender=:1.1 destination=n/a object=/org/freedesktop/systemd1/unit/getty_40tty2_2eservice interface=org.freedesktop.DBus.Properties member=PropertiesChanged cookie=346 reply_cookie=0 error=n/a
Oct 23 18:12:42 T450s systemd[1]: systemd-journald.service: Got notification message from PID 267 (FDSTORE=1)
Oct 23 18:12:42 T450s systemd[1]: systemd-journald.service: Added fd 18 (n/a) to fd store.
Oct 23 18:12:42 T450s systemd[9248]: getty@tty2.service: Executing: /sbin/agetty --noclear tty2 linux
Oct 23 18:12:42 T450s systemd-udevd[299]: Validate module index
Oct 23 18:12:42 T450s systemd-udevd[299]: Check if link configuration needs reloading.
Oct 23 18:12:42 T450s systemd[1]: systemd-udevd.service: Got notification message from PID 299 (WATCHDOG=1)
Oct 23 18:12:42 T450s systemd-udevd[9249]: value '[dmi/id]sys_vendor' is 'LENOVO'
Oct 23 18:12:42 T450s systemd-udevd[9249]: value '[dmi/id]sys_vendor' is 'LENOVO'
Oct 23 18:12:42 T450s systemd-udevd[9249]: passed device to netlink monitor 0x55a9747da570
Oct 23 18:12:42 T450s systemd-udevd[9250]: value '[dmi/id]sys_vendor' is 'LENOVO'
Oct 23 18:12:42 T450s systemd-udevd[299]: passed 183 byte device to netlink monitor 0x55a9747f94f0
Oct 23 18:12:42 T450s systemd-udevd[9250]: value '[dmi/id]sys_vendor' is 'LENOVO'
Oct 23 18:12:42 T450s systemd-udevd[9251]: value '[dmi/id]sys_vendor' is 'LENOVO'
Oct 23 18:12:42 T450s systemd-udevd[9251]: value '[dmi/id]sys_vendor' is 'LENOVO'
Oct 23 18:12:42 T450s systemd-udevd[9252]: value '[dmi/id]sys_vendor' is 'LENOVO'
Oct 23 18:12:42 T450s systemd-udevd[9252]: value '[dmi/id]sys_vendor' is 'LENOVO'
Oct 23 18:12:42 T450s systemd-udevd[9250]: passed device to netlink monitor 0x55a9747c9040
Oct 23 18:12:42 T450s systemd-udevd[9251]: passed device to netlink monitor 0x55a9747a5e20
Oct 23 18:12:42 T450s systemd-udevd[299]: passed 182 byte device to netlink monitor 0x55a9747f94f0
Oct 23 18:12:42 T450s systemd-udevd[9252]: passed device to netlink monitor 0x55a9747c5d40
Oct 23 18:12:42 T450s systemd-udevd[299]: passed 187 byte device to netlink monitor 0x55a9747f94f0
Oct 23 18:12:42 T450s systemd-udevd[9250]: value '[dmi/id]sys_vendor' is 'LENOVO'
Oct 23 18:12:42 T450s systemd-udevd[9254]: value '[dmi/id]sys_vendor' is 'LENOVO'
Oct 23 18:12:42 T450s systemd-udevd[9249]: value '[dmi/id]sys_vendor' is 'LENOVO'
Oct 23 18:12:42 T450s systemd-udevd[9250]: value '[dmi/id]sys_vendor' is 'LENOVO'
Oct 23 18:12:42 T450s systemd-udevd[9254]: value '[dmi/id]sys_vendor' is 'LENOVO'
Oct 23 18:12:42 T450s systemd-udevd[9249]: value '[dmi/id]sys_vendor' is 'LENOVO'
Oct 23 18:12:42 T450s systemd-udevd[9250]: passed device to netlink monitor 0x55a9747c9040
Oct 23 18:12:42 T450s systemd-udevd[9254]: passed device to netlink monitor 0x55a9747cd800
Oct 23 18:12:42 T450s systemd-udevd[9249]: passed device to netlink monitor 0x55a9747da570
Oct 23 18:12:42 T450s systemd-udevd[299]: passed 192 byte device to netlink monitor 0x55a9747f94f0
Oct 23 18:12:42 T450s systemd-udevd[9251]: value '[dmi/id]sys_vendor' is 'LENOVO'
Oct 23 18:12:42 T450s systemd-udevd[9251]: value '[dmi/id]sys_vendor' is 'LENOVO'
Oct 23 18:12:42 T450s systemd-udevd[9252]: value '[dmi/id]sys_vendor' is 'LENOVO'
Oct 23 18:12:42 T450s systemd-udevd[9252]: value '[dmi/id]sys_vendor' is 'LENOVO'
Oct 23 18:12:42 T450s systemd-udevd[9251]: passed device to netlink monitor 0x55a9747a5e20
Oct 23 18:12:42 T450s systemd-udevd[9252]: passed device to netlink monitor 0x55a9747c5d40
Oct 23 18:12:42 T450s systemd-udevd[9253]: value '[dmi/id]sys_vendor' is 'LENOVO'
Oct 23 18:12:42 T450s systemd-udevd[9253]: value '[dmi/id]sys_vendor' is 'LENOVO'
Oct 23 18:12:42 T450s systemd-udevd[9253]: passed device to netlink monitor 0x55a9747bff20
Oct 23 18:12:42 T450s systemd-udevd[9251]: Unload module index
Oct 23 18:12:42 T450s systemd-udevd[9249]: Unload module index
Oct 23 18:12:42 T450s systemd-udevd[9250]: Unload module index
Oct 23 18:12:42 T450s systemd-udevd[9251]: Unloaded link configuration context.
Oct 23 18:12:42 T450s systemd-udevd[9249]: Unloaded link configuration context.
Oct 23 18:12:42 T450s systemd-udevd[9250]: Unloaded link configuration context.
Oct 23 18:12:42 T450s systemd-udevd[9253]: Unload module index
Oct 23 18:12:42 T450s systemd-udevd[9252]: Unload module index
Oct 23 18:12:42 T450s systemd-udevd[9253]: Unloaded link configuration context.
Oct 23 18:12:42 T450s systemd-udevd[9254]: Unload module index
Oct 23 18:12:42 T450s systemd-udevd[9252]: Unloaded link configuration context.
Oct 23 18:12:42 T450s systemd-udevd[9254]: Unloaded link configuration context.
Oct 23 18:12:42 T450s systemd-udevd[9255]: value '[dmi/id]sys_vendor' is 'LENOVO'
Oct 23 18:12:42 T450s systemd-udevd[9255]: value '[dmi/id]sys_vendor' is 'LENOVO'
Oct 23 18:12:42 T450s systemd-udevd[9256]: value '[dmi/id]sys_vendor' is 'LENOVO'
Oct 23 18:12:42 T450s systemd-udevd[9256]: value '[dmi/id]sys_vendor' is 'LENOVO'
Oct 23 18:12:42 T450s systemd-udevd[9255]: passed device to netlink monitor 0x55a9747c9840
Oct 23 18:12:42 T450s systemd-udevd[9256]: passed device to netlink monitor 0x55a9747da570
Oct 23 18:12:42 T450s systemd[1]: systemd-journald.service: Received EPOLLHUP on stored fd 18 (stored), closing.
Oct 23 18:12:42 T450s systemd-udevd[9255]: Unload module index
Oct 23 18:12:42 T450s systemd-udevd[9256]: Unload module index
Oct 23 18:12:42 T450s systemd-udevd[9256]: Unloaded link configuration context.
Oct 23 18:12:42 T450s systemd-udevd[9255]: Unloaded link configuration context.
Oct 23 18:12:42 T450s systemd-udevd[9257]: value '[dmi/id]sys_vendor' is 'LENOVO'
Oct 23 18:12:42 T450s systemd-udevd[9257]: value '[dmi/id]sys_vendor' is 'LENOVO'
Oct 23 18:12:42 T450s systemd-udevd[9257]: passed device to netlink monitor 0x55a9747c9840
Oct 23 18:12:42 T450s systemd-udevd[9257]: Unload module index
Oct 23 18:12:42 T450s systemd-udevd[9257]: Unloaded link configuration context.
Oct 23 18:12:46 T450s systemd-timesyncd[1008]: Resolving ntp.ubuntu.com...
Oct 23 18:12:46 T450s systemd[1]: systemd-timesyncd.service: Got notification message from PID 1008 (WATCHDOG=1)
Oct 23 18:12:46 T450s systemd[1]: systemd-timesyncd.service: Got notification message from PID 1008 (STATUS=Idle.)
Oct 23 18:12:46 T450s systemd-timesyncd[1008]: Failed to resolve ntp.ubuntu.com: Temporary failure in name resolution
Oct 23 18:12:46 T450s systemd-timesyncd[1008]: Resolving ntp.ubuntu.com...
Oct 23 18:12:46 T450s systemd[1]: systemd-timesyncd.service: Got notification message from PID 1008 (STATUS=Idle.)
Oct 23 18:12:46 T450s systemd-timesyncd[1008]: Failed to resolve ntp.ubuntu.com: Temporary failure in name resolution
Oct 23 18:12:46 T450s systemd-timesyncd[1008]: Resolving ntp.ubuntu.com...
Oct 23 18:12:46 T450s systemd[1]: systemd-timesyncd.service: Got notification message from PID 1008 (STATUS=Idle.)
Oct 23 18:12:46 T450s systemd-timesyncd[1008]: Failed to resolve ntp.ubuntu.com: Temporary failure in name resolution
Oct 23 18:12:46 T450s systemd-timesyncd[1008]: Resolving ntp.ubuntu.com...
Oct 23 18:12:46 T450s systemd[1]: systemd-timesyncd.service: Got notification message from PID 1008 (STATUS=Idle.)
Oct 23 18:12:46 T450s systemd-timesyncd[1008]: Failed to resolve ntp.ubuntu.com: Temporary failure in name resolution
Oct 23 18:12:46 T450s systemd-timesyncd[1008]: Resolving ntp.ubuntu.com...
Oct 23 18:12:46 T450s systemd[1]: systemd-timesyncd.service: Got notification message from PID 1008 (STATUS=Idle.)
Oct 23 18:12:46 T450s systemd-timesyncd[1008]: Failed to resolve ntp.ubuntu.com: Temporary failure in name resolution
Oct 23 18:12:46 T450s systemd-timesyncd[1008]: Resolving ntp.ubuntu.com...
Oct 23 18:12:46 T450s systemd[1]: systemd-timesyncd.service: Got notification message from PID 1008 (STATUS=Idle.)
Oct 23 18:12:46 T450s systemd-timesyncd[1008]: Failed to resolve ntp.ubuntu.com: Temporary failure in name resolution
