Oct 23 18:10:44 T450s systemd-udevd[317]: created empty file '/run/udev/data/c7:131' for '/devices/virtual/vc/vcsa3'
Oct 23 18:10:44 T450s systemd-udevd[317]: passed device to netlink monitor 0x55a9747d0ab0
Oct 23 18:10:44 T450s systemd-udevd[302]: value '[dmi/id]sys_vendor' is 'LENOVO'
Oct 23 18:10:44 T450s systemd-udevd[302]: value '[dmi/id]sys_vendor' is 'LENOVO'
Oct 23 18:10:44 T450s systemd-udevd[302]: passed device to netlink monitor 0x55a9747c9040
Oct 23 18:10:44 T450s systemd-udevd[305]: value '[dmi/id]sys_vendor' is 'LENOVO'
Oct 23 18:10:44 T450s systemd-udevd[299]: passed 182 byte device to netlink monitor 0x55a9747f94f0
Oct 23 18:10:44 T450s systemd-udevd[299]: passed 192 byte device to netlink monitor 0x55a9747f94f0
Oct 23 18:10:44 T450s systemd-udevd[304]: value '[dmi/id]sys_vendor' is 'LENOVO'
Oct 23 18:10:44 T450s systemd-udevd[304]: value '[dmi/id]sys_vendor' is 'LENOVO'
Oct 23 18:10:44 T450s systemd-udevd[304]: passed device to netlink monitor 0x55a9747cde10
Oct 23 18:10:44 T450s systemd-udevd[299]: passed 181 byte device to netlink monitor 0x55a9747f94f0
Oct 23 18:10:44 T450s systemd-udevd[299]: passed 182 byte device to netlink monitor 0x55a9747f94f0
Oct 23 18:10:44 T450s systemd-udevd[311]: value '[dmi/id]sys_vendor' is 'LENOVO'
Oct 23 18:10:44 T450s systemd-udevd[311]: value '[dmi/id]sys_vendor' is 'LENOVO'
Oct 23 18:10:44 T450s systemd-udevd[311]: passed device to netlink monitor 0x55a9747ae460
Oct 23 18:10:44 T450s systemd-udevd[306]: value '[dmi/id]sys_vendor' is 'LENOVO'
Oct 23 18:10:44 T450s systemd-udevd[306]: value '[dmi/id]sys_vendor' is 'LENOVO'
Oct 23 18:10:44 T450s systemd-udevd[306]: passed device to netlink monitor 0x55a9747c9840
Oct 23 18:10:44 T450s systemd-udevd[303]: value '[dmi/id]sys_vendor' is 'LENOVO'
Oct 23 18:10:44 T450s systemd-udevd[303]: value '[dmi/id]sys_vendor' is 'LENOVO'
Oct 23 18:10:44 T450s systemd-udevd[303]: passed device to netlink monitor 0x55a9747d1020
Oct 23 18:10:44 T450s systemd-udevd[299]: passed 179 byte device to netlink monitor 0x55a9747f94f0
Oct 23 18:10:44 T450s systemd-udevd[309]: value '[dmi/id]sys_vendor' is 'LENOVO'
Oct 23 18:10:44 T450s systemd-udevd[309]: value '[dmi/id]sys_vendor' is 'LENOVO'
Oct 23 18:10:44 T450s systemd-udevd[309]: passed device to netlink monitor 0x55a9747c4b30
Oct 23 18:10:44 T450s systemd-udevd[299]: passed 180 byte device to netlink monitor 0x55a9747f94f0
Oct 23 18:10:44 T450s systemd-udevd[315]: value '[dmi/id]sys_vendor' is 'LENOVO'
Oct 23 18:10:44 T450s systemd-udevd[315]: value '[dmi/id]sys_vendor' is 'LENOVO'
Oct 23 18:10:44 T450s systemd-udevd[315]: passed device to netlink monitor 0x55a9747f5ef0
Oct 23 18:10:44 T450s systemd-udevd[299]: passed 185 byte device to netlink monitor 0x55a9747f94f0
Oct 23 18:10:44 T450s systemd-udevd[308]: value '[dmi/id]sys_vendor' is 'LENOVO'
Oct 23 18:10:44 T450s systemd-udevd[308]: value '[dmi/id]sys_vendor' is 'LENOVO'
Oct 23 18:10:44 T450s systemd-udevd[308]: passed device to netlink monitor 0x55a9747cf3f0
Oct 23 18:10:44 T450s systemd-udevd[299]: passed 185 byte device to netlink monitor 0x55a9747f94f0
Oct 23 18:10:44 T450s systemd-udevd[319]: value '[dmi/id]sys_vendor' is 'LENOVO'
Oct 23 18:10:44 T450s systemd-udevd[319]: value '[dmi/id]sys_vendor' is 'LENOVO'
Oct 23 18:10:44 T450s systemd-udevd[319]: passed device to netlink monitor 0x55a9747ca230
Oct 23 18:10:44 T450s systemd-udevd[299]: passed 176 byte device to netlink monitor 0x55a9747f94f0
Oct 23 18:10:44 T450s systemd-udevd[299]: passed 192 byte device to netlink monitor 0x55a9747f94f0
Oct 23 18:10:44 T450s systemd-udevd[299]: passed 148 byte device to netlink monitor 0x55a9747f94f0
Oct 23 18:10:44 T450s systemd-udevd[299]: passed 202 byte device to netlink monitor 0x55a9747f94f0
Oct 23 18:10:44 T450s systemd-udevd[316]: value '[dmi/id]sys_vendor' is 'LENOVO'
Oct 23 18:10:44 T450s systemd-udevd[316]: value '[dmi/id]sys_vendor' is 'LENOVO'
Oct 23 18:10:44 T450s systemd-udevd[316]: GROUP 5 /lib/udev/rules.d/50-udev-default.rules:24
Oct 23 18:10:44 T450s systemd-udevd[316]: handling device node '/dev/vcs4', devnum=c7:4, mode=0660, uid=0, gid=5
Oct 23 18:10:44 T450s systemd-udevd[316]: set permissions /dev/vcs4, 020660, uid=0, gid=5
Oct 23 18:10:44 T450s systemd-udevd[316]: creating symlink '/dev/char/7:4' to '../vcs4'
Oct 23 18:10:44 T450s systemd-udevd[316]: created empty file '/run/udev/data/c7:4' for '/devices/virtual/vc/vcs4'
Oct 23 18:10:44 T450s systemd-udevd[316]: passed device to netlink monitor 0x55a9747d21b0
Oct 23 18:10:44 T450s systemd-udevd[313]: value '[dmi/id]sys_vendor' is 'LENOVO'
Oct 23 18:10:44 T450s systemd-udevd[313]: value '[dmi/id]sys_vendor' is 'LENOVO'
Oct 23 18:10:44 T450s systemd-udevd[313]: passed device to netlink monitor 0x55a9747affa0
Oct 23 18:10:44 T450s systemd-udevd[302]: value '[dmi/id]sys_vendor' is 'LENOVO'
Oct 23 18:10:44 T450s systemd-udevd[302]: value '[dmi/id]sys_vendor' is 'LENOVO'
Oct 23 18:10:44 T450s systemd-udevd[302]: passed device to netlink monitor 0x55a9747c9040
Oct 23 18:10:44 T450s systemd-udevd[318]: value '[dmi/id]sys_vendor' is 'LENOVO'
Oct 23 18:10:44 T450s systemd-udevd[318]: value '[dmi/id]sys_vendor' is 'LENOVO'
Oct 23 18:10:44 T450s systemd-udevd[318]: passed device to netlink monitor 0x55a9747e3950
Oct 23 18:10:44 T450s systemd-udevd[305]: value '[dmi/id]sys_vendor' is 'LENOVO'
Oct 23 18:10:44 T450s systemd-udevd[305]: passed device to netlink monitor 0x55a9747fca40
Oct 23 18:10:44 T450s systemd-udevd[299]: passed 168 byte device to netlink monitor 0x55a9747f94f0
Oct 23 18:10:44 T450s systemd-udevd[299]: passed 172 byte device to netlink monitor 0x55a9747f94f0
Oct 23 18:10:44 T450s systemd-udevd[314]: value '[dmi/id]sys_vendor' is 'LENOVO'
Oct 23 18:10:44 T450s systemd-udevd[314]: value '[dmi/id]sys_vendor' is 'LENOVO'
Oct 23 18:10:44 T450s systemd-udevd[314]: GROUP 5 /lib/udev/rules.d/50-udev-default.rules:24
Oct 23 18:10:44 T450s systemd-udevd[314]: handling device node '/dev/vcs5', devnum=c7:5, mode=0660, uid=0, gid=5
Oct 23 18:10:44 T450s systemd-udevd[314]: set permissions /dev/vcs5, 020660, uid=0, gid=5
Oct 23 18:10:44 T450s systemd-udevd[314]: creating symlink '/dev/char/7:5' to '../vcs5'
Oct 23 18:10:44 T450s systemd-udevd[314]: created empty file '/run/udev/data/c7:5' for '/devices/virtual/vc/vcs5'
Oct 23 18:10:44 T450s systemd-udevd[314]: passed device to netlink monitor 0x55a9747d1b70
Oct 23 18:10:44 T450s systemd-udevd[307]: value '[dmi/id]sys_vendor' is 'LENOVO'
Oct 23 18:10:44 T450s systemd-udevd[307]: value '[dmi/id]sys_vendor' is 'LENOVO'
Oct 23 18:10:44 T450s systemd-udevd[307]: GROUP 5 /lib/udev/rules.d/50-udev-default.rules:24
Oct 23 18:10:44 T450s systemd-udevd[307]: handling device node '/dev/vcsa4', devnum=c7:132, mode=0660, uid=0, gid=5
Oct 23 18:10:44 T450s systemd-udevd[307]: set permissions /dev/vcsa4, 020660, uid=0, gid=5
Oct 23 18:10:44 T450s systemd-udevd[307]: creating symlink '/dev/char/7:132' to '../vcsa4'
Oct 23 18:10:44 T450s systemd-udevd[307]: created empty file '/run/udev/data/c7:132' for '/devices/virtual/vc/vcsa4'
Oct 23 18:10:44 T450s systemd-udevd[307]: passed device to netlink monitor 0x55a9747c3870
Oct 23 18:10:44 T450s systemd-udevd[299]: passed 168 byte device to netlink monitor 0x55a9747f94f0
Oct 23 18:10:44 T450s systemd-udevd[299]: passed 172 byte device to netlink monitor 0x55a9747f94f0
Oct 23 18:10:44 T450s systemd-udevd[304]: value '[dmi/id]sys_vendor' is 'LENOVO'
Oct 23 18:10:44 T450s systemd-udevd[304]: value '[dmi/id]sys_vendor' is 'LENOVO'
Oct 23 18:10:44 T450s systemd-udevd[304]: passed device to netlink monitor 0x55a9747cde10
Oct 23 18:10:44 T450s systemd-udevd[303]: value '[dmi/id]sys_vendor' is 'LENOVO'
Oct 23 18:10:44 T450s systemd-udevd[303]: value '[dmi/id]sys_vendor' is 'LENOVO'
Oct 23 18:10:44 T450s systemd-udevd[303]: GROUP 5 /lib/udev/rules.d/50-udev-default.rules:24
Oct 23 18:10:44 T450s systemd-udevd[303]: handling device node '/dev/vcsa5', devnum=c7:133, mode=0660, uid=0, gid=5
Oct 23 18:10:44 T450s systemd-udevd[303]: set permissions /dev/vcsa5, 020660, uid=0, gid=5
Oct 23 18:10:44 T450s systemd-udevd[303]: creating symlink '/dev/char/7:133' to '../vcsa5'
Oct 23 18:10:44 T450s systemd-udevd[303]: created empty file '/run/udev/data/c7:133' for '/devices/virtual/vc/vcsa5'
Oct 23 18:10:44 T450s systemd-udevd[303]: passed device to netlink monitor 0x55a9747d1020
Oct 23 18:10:44 T450s systemd-udevd[299]: passed 175 byte device to netlink monitor 0x55a9747f94f0
Oct 23 18:10:44 T450s systemd-udevd[299]: passed 179 byte device to netlink monitor 0x55a9747f94f0
Oct 23 18:10:44 T450s systemd-udevd[311]: value '[dmi/id]sys_vendor' is 'LENOVO'
Oct 23 18:10:44 T450s systemd-udevd[311]: value '[dmi/id]sys_vendor' is 'LENOVO'
Oct 23 18:10:44 T450s systemd-udevd[311]: passed device to netlink monitor 0x55a9747ae460
Oct 23 18:10:44 T450s systemd-udevd[306]: value '[dmi/id]sys_vendor' is 'LENOVO'
Oct 23 18:10:44 T450s systemd-udevd[306]: value '[dmi/id]sys_vendor' is 'LENOVO'
Oct 23 18:10:44 T450s systemd-udevd[306]: passed device to netlink monitor 0x55a9747c9840
Oct 23 18:10:44 T450s systemd-udevd[299]: passed 189 byte device to netlink monitor 0x55a9747f94f0
Oct 23 18:10:44 T450s systemd-udevd[309]: value '[dmi/id]sys_vendor' is 'LENOVO'
Oct 23 18:10:44 T450s systemd-udevd[309]: value '[dmi/id]sys_vendor' is 'LENOVO'
Oct 23 18:10:44 T450s systemd-udevd[309]: passed device to netlink monitor 0x55a9747c4b30
Oct 23 18:10:44 T450s systemd-udevd[299]: passed 178 byte device to netlink monitor 0x55a9747f94f0
Oct 23 18:10:44 T450s systemd-udevd[315]: value '[dmi/id]sys_vendor' is 'LENOVO'
Oct 23 18:10:44 T450s systemd-udevd[315]: value '[dmi/id]sys_vendor' is 'LENOVO'
Oct 23 18:10:44 T450s systemd-udevd[315]: passed device to netlink monitor 0x55a9747f5ef0
Oct 23 18:10:44 T450s systemd-udevd[299]: passed 179 byte device to netlink monitor 0x55a9747f94f0
Oct 23 18:10:44 T450s systemd-udevd[308]: value '[dmi/id]sys_vendor' is 'LENOVO'
Oct 23 18:10:44 T450s systemd-udevd[308]: value '[dmi/id]sys_vendor' is 'LENOVO'
Oct 23 18:10:44 T450s systemd-udevd[308]: passed device to netlink monitor 0x55a9747cf3f0
Oct 23 18:10:44 T450s systemd-udevd[299]: passed 176 byte device to netlink monitor 0x55a9747f94f0
Oct 23 18:10:44 T450s systemd-udevd[319]: value '[dmi/id]sys_vendor' is 'LENOVO'
Oct 23 18:10:44 T450s systemd-udevd[319]: value '[dmi/id]sys_vendor' is 'LENOVO'
Oct 23 18:10:44 T450s systemd-udevd[319]: passed device to netlink monitor 0x55a9747ca230
Oct 23 18:10:44 T450s systemd-udevd[299]: passed 177 byte device to netlink monitor 0x55a9747f94f0
Oct 23 18:10:44 T450s systemd-udevd[299]: passed 182 byte device to netlink monitor 0x55a9747f94f0
Oct 23 18:10:44 T450s systemd-udevd[299]: passed 151 byte device to netlink monitor 0x55a9747f94f0
Oct 23 18:10:44 T450s systemd-udevd[299]: passed 182 byte device to netlink monitor 0x55a9747f94f0
Oct 23 18:10:44 T450s systemd-udevd[299]: passed 173 byte device to netlink monitor 0x55a9747f94f0
Oct 23 18:10:44 T450s systemd-udevd[299]: passed 189 byte device to netlink monitor 0x55a9747f94f0
Oct 23 18:10:44 T450s systemd-udevd[299]: passed 168 byte device to netlink monitor 0x55a9747f94f0
Oct 23 18:10:44 T450s systemd-udevd[314]: value '[dmi/id]sys_vendor' is 'LENOVO'
Oct 23 18:10:44 T450s systemd-udevd[314]: value '[dmi/id]sys_vendor' is 'LENOVO'
Oct 23 18:10:44 T450s systemd-udevd[314]: GROUP 5 /lib/udev/rules.d/50-udev-default.rules:24
Oct 23 18:10:44 T450s systemd-udevd[314]: handling device node '/dev/vcsa6', devnum=c7:134, mode=0660, uid=0, gid=5
Oct 23 18:10:44 T450s systemd-udevd[314]: set permissions /dev/vcsa6, 020660, uid=0, gid=5
Oct 23 18:10:44 T450s systemd-udevd[314]: creating symlink '/dev/char/7:134' to '../vcsa6'
Oct 23 18:10:44 T450s systemd-udevd[314]: created empty file '/run/udev/data/c7:134' for '/devices/virtual/vc/vcsa6'
Oct 23 18:10:44 T450s systemd-udevd[314]: passed device to netlink monitor 0x55a9747d1b70
Oct 23 18:10:44 T450s systemd-udevd[299]: passed 172 byte device to netlink monitor 0x55a9747f94f0
Oct 23 18:10:44 T450s systemd-udevd[299]: passed 183 byte device to netlink monitor 0x55a9747f94f0
Oct 23 18:10:44 T450s systemd-udevd[304]: value '[dmi/id]sys_vendor' is 'LENOVO'
Oct 23 18:10:44 T450s systemd-udevd[304]: value '[dmi/id]sys_vendor' is 'LENOVO'
Oct 23 18:10:44 T450s systemd-udevd[304]: passed device to netlink monitor 0x55a9747cde10
Oct 23 18:10:44 T450s systemd-udevd[316]: value '[dmi/id]sys_vendor' is 'LENOVO'
Oct 23 18:10:44 T450s systemd-udevd[316]: value '[dmi/id]sys_vendor' is 'LENOVO'
Oct 23 18:10:44 T450s systemd-udevd[316]: passed device to netlink monitor 0x55a9747d21b0
Oct 23 18:10:44 T450s systemd-udevd[299]: passed 187 byte device to netlink monitor 0x55a9747f94f0
Oct 23 18:10:44 T450s systemd-udevd[299]: passed 184 byte device to netlink monitor 0x55a9747f94f0
Oct 23 18:10:44 T450s systemd-udevd[311]: value '[dmi/id]sys_vendor' is 'LENOVO'
Oct 23 18:10:44 T450s systemd-udevd[311]: value '[dmi/id]sys_vendor' is 'LENOVO'
Oct 23 18:10:44 T450s systemd-udevd[311]: GROUP 5 /lib/udev/rules.d/50-udev-default.rules:24
Oct 23 18:10:44 T450s systemd-udevd[299]: passed 168 byte device to netlink monitor 0x55a9747f94f0
Oct 23 18:10:44 T450s systemd-udevd[309]: value '[dmi/id]sys_vendor' is 'LENOVO'
Oct 23 18:10:44 T450s systemd-udevd[313]: value '[dmi/id]sys_vendor' is 'LENOVO'
Oct 23 18:10:44 T450s systemd-udevd[309]: value '[dmi/id]sys_vendor' is 'LENOVO'
Oct 23 18:10:44 T450s systemd-udevd[313]: value '[dmi/id]sys_vendor' is 'LENOVO'
Oct 23 18:10:44 T450s systemd-udevd[313]: passed device to netlink monitor 0x55a9747affa0
Oct 23 18:10:44 T450s systemd-udevd[309]: passed device to netlink monitor 0x55a9747c4b30
Oct 23 18:10:44 T450s systemd-udevd[307]: value '[dmi/id]sys_vendor' is 'LENOVO'
Oct 23 18:10:44 T450s systemd-udevd[311]: handling device node '/dev/vcs7', devnum=c7:7, mode=0660, uid=0, gid=5
Oct 23 18:10:44 T450s systemd-udevd[311]: set permissions /dev/vcs7, 020660, uid=0, gid=5
Oct 23 18:10:44 T450s systemd-udevd[311]: creating symlink '/dev/char/7:7' to '../vcs7'
Oct 23 18:10:44 T450s systemd-udevd[307]: value '[dmi/id]sys_vendor' is 'LENOVO'
Oct 23 18:10:44 T450s systemd-udevd[307]: GROUP 5 /lib/udev/rules.d/50-udev-default.rules:24
Oct 23 18:10:44 T450s systemd-udevd[311]: created empty file '/run/udev/data/c7:7' for '/devices/virtual/vc/vcs7'
Oct 23 18:10:44 T450s systemd-udevd[311]: passed device to netlink monitor 0x55a9747ae460
Oct 23 18:10:44 T450s systemd-udevd[299]: passed 197 byte device to netlink monitor 0x55a9747f94f0
Oct 23 18:10:44 T450s systemd-udevd[307]: handling device node '/dev/vcs6', devnum=c7:6, mode=0660, uid=0, gid=5
Oct 23 18:10:44 T450s systemd-udevd[307]: set permissions /dev/vcs6, 020660, uid=0, gid=5
Oct 23 18:10:44 T450s systemd-udevd[307]: creating symlink '/dev/char/7:6' to '../vcs6'
Oct 23 18:10:44 T450s systemd-udevd[307]: created empty file '/run/udev/data/c7:6' for '/devices/virtual/vc/vcs6'
Oct 23 18:10:44 T450s systemd-udevd[307]: passed device to netlink monitor 0x55a9747c3870
Oct 23 18:10:44 T450s systemd-udevd[315]: value '[dmi/id]sys_vendor' is 'LENOVO'
Oct 23 18:10:44 T450s systemd-udevd[315]: value '[dmi/id]sys_vendor' is 'LENOVO'
Oct 23 18:10:44 T450s systemd-udevd[306]: value '[dmi/id]sys_vendor' is 'LENOVO'
Oct 23 18:10:44 T450s systemd-udevd[315]: GROUP 5 /lib/udev/rules.d/50-udev-default.rules:24
Oct 23 18:10:44 T450s systemd-udevd[306]: value '[dmi/id]sys_vendor' is 'LENOVO'
Oct 23 18:10:44 T450s systemd-udevd[315]: handling device node '/dev/vcsa7', devnum=c7:135, mode=0660, uid=0, gid=5
Oct 23 18:10:44 T450s systemd-udevd[315]: set permissions /dev/vcsa7, 020660, uid=0, gid=5
Oct 23 18:10:44 T450s systemd-udevd[315]: creating symlink '/dev/char/7:135' to '../vcsa7'
Oct 23 18:10:44 T450s systemd-udevd[315]: created empty file '/run/udev/data/c7:135' for '/devices/virtual/vc/vcsa7'
Oct 23 18:10:44 T450s systemd-udevd[315]: passed device to netlink monitor 0x55a9747f5ef0
Oct 23 18:10:44 T450s systemd-udevd[299]: passed 172 byte device to netlink monitor 0x55a9747f94f0
Oct 23 18:10:44 T450s systemd-udevd[306]: passed device to netlink monitor 0x55a9747c9840
Oct 23 18:10:44 T450s systemd-udevd[308]: value '[dmi/id]sys_vendor' is 'LENOVO'
Oct 23 18:10:44 T450s systemd-udevd[317]: value '[dmi/id]sys_vendor' is 'LENOVO'
Oct 23 18:10:44 T450s systemd-udevd[308]: value '[dmi/id]sys_vendor' is 'LENOVO'
Oct 23 18:10:44 T450s systemd-udevd[317]: value '[dmi/id]sys_vendor' is 'LENOVO'
Oct 23 18:10:44 T450s systemd-udevd[308]: passed device to netlink monitor 0x55a9747cf3f0
Oct 23 18:10:44 T450s systemd-udevd[299]: passed 186 byte device to netlink monitor 0x55a9747f94f0
Oct 23 18:10:44 T450s systemd-udevd[317]: passed device to netlink monitor 0x55a9747d0ab0
Oct 23 18:10:44 T450s systemd-udevd[319]: value '[dmi/id]sys_vendor' is 'LENOVO'
Oct 23 18:10:44 T450s systemd-udevd[305]: value '[dmi/id]sys_vendor' is 'LENOVO'
Oct 23 18:10:44 T450s systemd-udevd[319]: value '[dmi/id]sys_vendor' is 'LENOVO'
Oct 23 18:10:44 T450s systemd-udevd[305]: value '[dmi/id]sys_vendor' is 'LENOVO'
Oct 23 18:10:44 T450s systemd-udevd[319]: passed device to netlink monitor 0x55a9747ca230
Oct 23 18:10:44 T450s systemd-udevd[299]: passed 187 byte device to netlink monitor 0x55a9747f94f0
Oct 23 18:10:44 T450s systemd-udevd[299]: passed 197 byte device to netlink monitor 0x55a9747f94f0
Oct 23 18:10:44 T450s systemd-udevd[305]: passed device to netlink monitor 0x55a9747fca40
Oct 23 18:10:44 T450s systemd-udevd[299]: passed 148 byte device to netlink monitor 0x55a9747f94f0
Oct 23 18:10:44 T450s systemd-udevd[299]: passed 185 byte device to netlink monitor 0x55a9747f94f0
Oct 23 18:10:44 T450s systemd-udevd[299]: passed 190 byte device to netlink monitor 0x55a9747f94f0
Oct 23 18:10:44 T450s systemd-udevd[299]: passed 195 byte device to netlink monitor 0x55a9747f94f0
Oct 23 18:10:44 T450s systemd-udevd[299]: passed 190 byte device to netlink monitor 0x55a9747f94f0
Oct 23 18:10:44 T450s systemd-udevd[302]: value '[dmi/id]sys_vendor' is 'LENOVO'
Oct 23 18:10:44 T450s systemd-udevd[299]: passed 181 byte device to netlink monitor 0x55a9747f94f0
Oct 23 18:10:44 T450s systemd-udevd[299]: passed 197 byte device to netlink monitor 0x55a9747f94f0
Oct 23 18:10:44 T450s systemd-udevd[302]: value '[dmi/id]sys_vendor' is 'LENOVO'
Oct 23 18:10:44 T450s systemd-udevd[311]: value '[dmi/id]sys_vendor' is 'LENOVO'
Oct 23 18:10:44 T450s systemd-udevd[311]: value '[dmi/id]sys_vendor' is 'LENOVO'
Oct 23 18:10:44 T450s systemd-udevd[302]: passed device to netlink monitor 0x55a9747c9040
Oct 23 18:10:44 T450s systemd-udevd[311]: passed device to netlink monitor 0x55a9747ae460
Oct 23 18:10:44 T450s systemd-udevd[303]: value '[dmi/id]sys_vendor' is 'LENOVO'
Oct 23 18:10:44 T450s systemd-udevd[299]: passed 199 byte device to netlink monitor 0x55a9747f94f0
Oct 23 18:10:44 T450s systemd-udevd[303]: value '[dmi/id]sys_vendor' is 'LENOVO'
Oct 23 18:10:44 T450s systemd-udevd[309]: value '[dmi/id]sys_vendor' is 'LENOVO'
Oct 23 18:10:44 T450s systemd[1]: systemd-journald.service: Received EPOLLHUP on stored fd 41 (stored), closing.
Oct 23 18:10:44 T450s systemd-udevd[309]: value '[dmi/id]sys_vendor' is 'LENOVO'
Oct 23 18:10:44 T450s systemd[1]: Received SIGCHLD from PID 323 (udevadm).
Oct 23 18:10:44 T450s systemd[1]: Child 323 (udevadm) died (code=exited, status=0/SUCCESS)
Oct 23 18:10:44 T450s systemd[1]: systemd-udev-trigger.service: Child 323 belongs to systemd-udev-trigger.service
Oct 23 18:10:44 T450s systemd[1]: systemd-udev-trigger.service: Main process exited, code=exited, status=0/SUCCESS
Oct 23 18:10:44 T450s systemd-udevd[303]: passed device to netlink monitor 0x55a9747d1020
Oct 23 18:10:44 T450s systemd-udevd[309]: passed device to netlink monitor 0x55a9747c4b30
Oct 23 18:10:44 T450s systemd-udevd[299]: passed 185 byte device to netlink monitor 0x55a9747f94f0
Oct 23 18:10:44 T450s systemd-udevd[315]: value '[dmi/id]sys_vendor' is 'LENOVO'
Oct 23 18:10:44 T450s systemd[1]: systemd-udev-trigger.service: Changed start -> exited
Oct 23 18:10:44 T450s systemd-udevd[315]: value '[dmi/id]sys_vendor' is 'LENOVO'
Oct 23 18:10:44 T450s systemd[1]: systemd-udev-trigger.service: Job systemd-udev-trigger.service/start finished, result=done
Oct 23 18:10:44 T450s systemd[1]: Started udev Coldplug all Devices.
Oct 23 18:10:44 T450s systemd-udevd[315]: passed device to netlink monitor 0x55a9747f5ef0
Oct 23 18:10:44 T450s systemd-udevd[299]: passed 184 byte device to netlink monitor 0x55a9747f94f0
Oct 23 18:10:44 T450s systemd-udevd[308]: value '[dmi/id]sys_vendor' is 'LENOVO'
Oct 23 18:10:44 T450s systemd-udevd[308]: value '[dmi/id]sys_vendor' is 'LENOVO'
Oct 23 18:10:44 T450s systemd-udevd[308]: passed device to netlink monitor 0x55a9747cf3f0
Oct 23 18:10:44 T450s systemd-udevd[316]: value '[dmi/id]sys_vendor' is 'LENOVO'
Oct 23 18:10:44 T450s systemd-udevd[316]: value '[dmi/id]sys_vendor' is 'LENOVO'
Oct 23 18:10:44 T450s systemd-udevd[316]: passed device to netlink monitor 0x55a9747d21b0
Oct 23 18:10:44 T450s systemd-udevd[314]: value '[dmi/id]sys_vendor' is 'LENOVO'
Oct 23 18:10:44 T450s systemd-udevd[314]: value '[dmi/id]sys_vendor' is 'LENOVO'
Oct 23 18:10:44 T450s systemd-udevd[314]: passed device to netlink monitor 0x55a9747d1b70
Oct 23 18:10:44 T450s systemd-udevd[304]: value '[dmi/id]sys_vendor' is 'LENOVO'
Oct 23 18:10:44 T450s systemd-udevd[304]: value '[dmi/id]sys_vendor' is 'LENOVO'
Oct 23 18:10:44 T450s systemd-udevd[304]: passed device to netlink monitor 0x55a9747cde10
Oct 23 18:10:44 T450s systemd-udevd[299]: passed 169 byte device to netlink monitor 0x55a9747f94f0
Oct 23 18:10:44 T450s systemd-udevd[299]: passed 173 byte device to netlink monitor 0x55a9747f94f0
Oct 23 18:10:44 T450s systemd-udevd[299]: passed 170 byte device to netlink monitor 0x55a9747f94f0
Oct 23 18:10:44 T450s systemd-udevd[299]: passed 183 byte device to netlink monitor 0x55a9747f94f0
Oct 23 18:10:44 T450s systemd-udevd[299]: passed 184 byte device to netlink monitor 0x55a9747f94f0
Oct 23 18:10:44 T450s systemd-udevd[319]: value '[dmi/id]sys_vendor' is 'LENOVO'
Oct 23 18:10:44 T450s systemd-udevd[299]: passed 183 byte device to netlink monitor 0x55a9747f94f0
Oct 23 18:10:44 T450s systemd-udevd[299]: passed 171 byte device to netlink monitor 0x55a9747f94f0
Oct 23 18:10:44 T450s systemd-udevd[299]: passed 176 byte device to netlink monitor 0x55a9747f94f0
Oct 23 18:10:44 T450s systemd-udevd[299]: passed 167 byte device to netlink monitor 0x55a9747f94f0
Oct 23 18:10:44 T450s systemd-udevd[319]: value '[dmi/id]sys_vendor' is 'LENOVO'
Oct 23 18:10:44 T450s systemd-udevd[309]: value '[dmi/id]sys_vendor' is 'LENOVO'
Oct 23 18:10:44 T450s systemd-udevd[319]: passed device to netlink monitor 0x55a9747ca230
Oct 23 18:10:44 T450s systemd-udevd[309]: value '[dmi/id]sys_vendor' is 'LENOVO'
Oct 23 18:10:44 T450s systemd-udevd[309]: passed device to netlink monitor 0x55a9747c4b30
Oct 23 18:10:44 T450s systemd-udevd[299]: passed 173 byte device to netlink monitor 0x55a9747f94f0
Oct 23 18:10:44 T450s systemd-udevd[299]: passed 173 byte device to netlink monitor 0x55a9747f94f0
Oct 23 18:10:44 T450s systemd-udevd[308]: value '[dmi/id]sys_vendor' is 'LENOVO'
Oct 23 18:10:44 T450s systemd-udevd[315]: value '[dmi/id]sys_vendor' is 'LENOVO'
Oct 23 18:10:44 T450s systemd-udevd[315]: value '[dmi/id]sys_vendor' is 'LENOVO'
Oct 23 18:10:44 T450s systemd-udevd[311]: value '[dmi/id]sys_vendor' is 'LENOVO'
Oct 23 18:10:44 T450s systemd-udevd[308]: value '[dmi/id]sys_vendor' is 'LENOVO'
Oct 23 18:10:44 T450s systemd-udevd[308]: passed device to netlink monitor 0x55a9747cf3f0
Oct 23 18:10:44 T450s systemd-udevd[299]: passed 177 byte device to netlink monitor 0x55a9747f94f0
Oct 23 18:10:44 T450s systemd-udevd[315]: passed device to netlink monitor 0x55a9747f5ef0
Oct 23 18:10:44 T450s systemd-udevd[299]: passed 174 byte device to netlink monitor 0x55a9747f94f0
Oct 23 18:10:44 T450s systemd-udevd[299]: passed 171 byte device to netlink monitor 0x55a9747f94f0
Oct 23 18:10:44 T450s systemd-udevd[299]: passed 176 byte device to netlink monitor 0x55a9747f94f0
Oct 23 18:10:44 T450s systemd-udevd[299]: passed 165 byte device to netlink monitor 0x55a9747f94f0
Oct 23 18:10:44 T450s systemd-udevd[309]: value '[dmi/id]sys_vendor' is 'LENOVO'
Oct 23 18:10:44 T450s systemd-udevd[309]: value '[dmi/id]sys_vendor' is 'LENOVO'
Oct 23 18:10:44 T450s systemd-udevd[309]: passed device to netlink monitor 0x55a9747c4b30
Oct 23 18:10:44 T450s systemd-udevd[299]: passed 172 byte device to netlink monitor 0x55a9747f94f0
Oct 23 18:10:44 T450s systemd-udevd[309]: value '[dmi/id]sys_vendor' is 'LENOVO'
Oct 23 18:10:44 T450s systemd-udevd[309]: value '[dmi/id]sys_vendor' is 'LENOVO'
Oct 23 18:10:44 T450s systemd-udevd[309]: passed device to netlink monitor 0x55a9747c4b30
Oct 23 18:10:44 T450s systemd-udevd[299]: passed 172 byte device to netlink monitor 0x55a9747f94f0
Oct 23 18:10:44 T450s systemd-udevd[309]: value '[dmi/id]sys_vendor' is 'LENOVO'
Oct 23 18:10:44 T450s systemd-udevd[309]: value '[dmi/id]sys_vendor' is 'LENOVO'
Oct 23 18:10:44 T450s systemd-udevd[309]: passed device to netlink monitor 0x55a9747c4b30
Oct 23 18:10:44 T450s systemd-udevd[299]: passed 193 byte device to netlink monitor 0x55a9747f94f0
Oct 23 18:10:44 T450s systemd-udevd[309]: value '[dmi/id]sys_vendor' is 'LENOVO'
Oct 23 18:10:44 T450s systemd-udevd[309]: value '[dmi/id]sys_vendor' is 'LENOVO'
Oct 23 18:10:44 T450s systemd-udevd[309]: passed device to netlink monitor 0x55a9747c4b30
Oct 23 18:10:44 T450s systemd-udevd[299]: passed 197 byte device to netlink monitor 0x55a9747f94f0
Oct 23 18:10:44 T450s systemd-udevd[309]: value '[dmi/id]sys_vendor' is 'LENOVO'
Oct 23 18:10:44 T450s systemd-udevd[309]: value '[dmi/id]sys_vendor' is 'LENOVO'
Oct 23 18:10:44 T450s systemd-udevd[309]: passed device to netlink monitor 0x55a9747c4b30
Oct 23 18:10:44 T450s systemd-udevd[299]: passed 194 byte device to netlink monitor 0x55a9747f94f0
Oct 23 18:10:44 T450s systemd-udevd[309]: value '[dmi/id]sys_vendor' is 'LENOVO'
Oct 23 18:10:44 T450s systemd-udevd[309]: value '[dmi/id]sys_vendor' is 'LENOVO'
Oct 23 18:10:44 T450s systemd-udevd[309]: passed device to netlink monitor 0x55a9747c4b30
Oct 23 18:10:44 T450s systemd-udevd[299]: passed 207 byte device to netlink monitor 0x55a9747f94f0
Oct 23 18:10:44 T450s systemd-udevd[309]: value '[dmi/id]sys_vendor' is 'LENOVO'
Oct 23 18:10:44 T450s systemd-udevd[304]: value '[dmi/id]sys_vendor' is 'LENOVO'
Oct 23 18:10:44 T450s systemd-udevd[309]: value '[dmi/id]sys_vendor' is 'LENOVO'
Oct 23 18:10:44 T450s systemd-udevd[304]: value '[dmi/id]sys_vendor' is 'LENOVO'
Oct 23 18:10:44 T450s systemd-udevd[309]: passed device to netlink monitor 0x55a9747c4b30
Oct 23 18:10:44 T450s systemd-udevd[304]: passed device to netlink monitor 0x55a9747cde10
Oct 23 18:10:44 T450s systemd-udevd[313]: value '[dmi/id]sys_vendor' is 'LENOVO'
Oct 23 18:10:44 T450s systemd-udevd[313]: value '[dmi/id]sys_vendor' is 'LENOVO'
Oct 23 18:10:44 T450s systemd-udevd[313]: passed device to netlink monitor 0x55a9747affa0
Oct 23 18:10:44 T450s systemd-udevd[314]: value '[dmi/id]sys_vendor' is 'LENOVO'
Oct 23 18:10:44 T450s systemd-udevd[314]: value '[dmi/id]sys_vendor' is 'LENOVO'
Oct 23 18:10:44 T450s systemd-udevd[314]: passed device to netlink monitor 0x55a9747d1b70
Oct 23 18:10:44 T450s systemd-udevd[316]: value '[dmi/id]sys_vendor' is 'LENOVO'
Oct 23 18:10:44 T450s systemd-udevd[316]: value '[dmi/id]sys_vendor' is 'LENOVO'
Oct 23 18:10:44 T450s systemd-udevd[316]: passed device to netlink monitor 0x55a9747d21b0
Oct 23 18:10:44 T450s systemd-udevd[311]: value '[dmi/id]sys_vendor' is 'LENOVO'
Oct 23 18:10:44 T450s systemd-udevd[311]: passed device to netlink monitor 0x55a9747ae460
Oct 23 18:10:44 T450s systemd-udevd[319]: value '[dmi/id]sys_vendor' is 'LENOVO'
Oct 23 18:10:44 T450s systemd-udevd[319]: value '[dmi/id]sys_vendor' is 'LENOVO'
Oct 23 18:10:44 T450s systemd-udevd[319]: passed device to netlink monitor 0x55a9747ca230
Oct 23 18:10:44 T450s systemd-udevd[315]: value '[dmi/id]sys_vendor' is 'LENOVO'
Oct 23 18:10:44 T450s systemd-udevd[315]: value '[dmi/id]sys_vendor' is 'LENOVO'
Oct 23 18:10:44 T450s systemd-udevd[315]: passed device to netlink monitor 0x55a9747f5ef0
Oct 23 18:10:44 T450s systemd-udevd[308]: value '[dmi/id]sys_vendor' is 'LENOVO'
Oct 23 18:10:44 T450s systemd-udevd[308]: value '[dmi/id]sys_vendor' is 'LENOVO'
Oct 23 18:10:44 T450s systemd-udevd[308]: passed device to netlink monitor 0x55a9747cf3f0
Oct 23 18:10:44 T450s systemd-udevd[306]: value '[dmi/id]sys_vendor' is 'LENOVO'
Oct 23 18:10:44 T450s systemd-udevd[306]: value '[dmi/id]sys_vendor' is 'LENOVO'
Oct 23 18:10:44 T450s systemd-udevd[306]: passed device to netlink monitor 0x55a9747c9840
Oct 23 18:10:44 T450s systemd-udevd[307]: value '[dmi/id]sys_vendor' is 'LENOVO'
Oct 23 18:10:44 T450s systemd-udevd[307]: value '[dmi/id]sys_vendor' is 'LENOVO'
Oct 23 18:10:44 T450s systemd-udevd[307]: passed device to netlink monitor 0x55a9747c3870
Oct 23 18:10:44 T450s systemd-udevd[317]: value '[dmi/id]sys_vendor' is 'LENOVO'
Oct 23 18:10:44 T450s systemd-udevd[317]: value '[dmi/id]sys_vendor' is 'LENOVO'
Oct 23 18:10:44 T450s systemd-udevd[317]: passed device to netlink monitor 0x55a9747d0ab0
Oct 23 18:10:44 T450s systemd-udevd[302]: value '[dmi/id]sys_vendor' is 'LENOVO'
Oct 23 18:10:44 T450s systemd-udevd[302]: value '[dmi/id]sys_vendor' is 'LENOVO'
Oct 23 18:10:44 T450s systemd-udevd[302]: passed device to netlink monitor 0x55a9747c9040
Oct 23 18:10:44 T450s systemd-udevd[318]: value '[dmi/id]sys_vendor' is 'LENOVO'
Oct 23 18:10:44 T450s systemd-udevd[318]: value '[dmi/id]sys_vendor' is 'LENOVO'
Oct 23 18:10:44 T450s systemd-udevd[318]: passed device to netlink monitor 0x55a9747e3950
Oct 23 18:10:44 T450s systemd-udevd[303]: value '[dmi/id]sys_vendor' is 'LENOVO'
Oct 23 18:10:44 T450s systemd-udevd[305]: value '[dmi/id]sys_vendor' is 'LENOVO'
Oct 23 18:10:44 T450s systemd-udevd[303]: value '[dmi/id]sys_vendor' is 'LENOVO'
Oct 23 18:10:44 T450s systemd-udevd[305]: value '[dmi/id]sys_vendor' is 'LENOVO'
Oct 23 18:10:44 T450s systemd-udevd[303]: passed device to netlink monitor 0x55a9747d1020
Oct 23 18:10:44 T450s systemd-udevd[305]: passed device to netlink monitor 0x55a9747fca40
Oct 23 18:10:44 T450s systemd-udevd[299]: passed 151 byte device to netlink monitor 0x55a9747f94f0
Oct 23 18:10:44 T450s systemd-udevd[299]: passed 196 byte device to netlink monitor 0x55a9747f94f0
Oct 23 18:10:44 T450s systemd-udevd[299]: passed 197 byte device to netlink monitor 0x55a9747f94f0
Oct 23 18:10:44 T450s systemd-udevd[299]: passed 207 byte device to netlink monitor 0x55a9747f94f0
Oct 23 18:10:44 T450s systemd-udevd[299]: passed 195 byte device to netlink monitor 0x55a9747f94f0
Oct 23 18:10:44 T450s systemd-udevd[299]: passed 200 byte device to netlink monitor 0x55a9747f94f0
Oct 23 18:10:44 T450s systemd-udevd[313]: value '[dmi/id]sys_vendor' is 'LENOVO'
Oct 23 18:10:44 T450s systemd-udevd[313]: value '[dmi/id]sys_vendor' is 'LENOVO'
Oct 23 18:10:44 T450s systemd-udevd[303]: value '[dmi/id]sys_vendor' is 'LENOVO'
Oct 23 18:10:44 T450s systemd-udevd[313]: passed device to netlink monitor 0x55a9747affa0
Oct 23 18:10:44 T450s systemd-udevd[303]: value '[dmi/id]sys_vendor' is 'LENOVO'
Oct 23 18:10:44 T450s systemd-udevd[303]: passed device to netlink monitor 0x55a9747d1020
Oct 23 18:10:44 T450s systemd-udevd[314]: value '[dmi/id]sys_vendor' is 'LENOVO'
Oct 23 18:10:44 T450s systemd-udevd[314]: value '[dmi/id]sys_vendor' is 'LENOVO'
Oct 23 18:10:44 T450s systemd-udevd[314]: passed device to netlink monitor 0x55a9747d1b70
Oct 23 18:10:44 T450s systemd-udevd[316]: value '[dmi/id]sys_vendor' is 'LENOVO'
Oct 23 18:10:44 T450s systemd-udevd[316]: value '[dmi/id]sys_vendor' is 'LENOVO'
Oct 23 18:10:44 T450s systemd-udevd[316]: passed device to netlink monitor 0x55a9747d21b0
Oct 23 18:10:44 T450s systemd-udevd[307]: value '[dmi/id]sys_vendor' is 'LENOVO'
Oct 23 18:10:44 T450s systemd-udevd[307]: value '[dmi/id]sys_vendor' is 'LENOVO'
Oct 23 18:10:44 T450s systemd-udevd[307]: passed device to netlink monitor 0x55a9747c3870
Oct 23 18:10:44 T450s systemd-udevd[302]: value '[dmi/id]sys_vendor' is 'LENOVO'
Oct 23 18:10:44 T450s systemd-udevd[302]: value '[dmi/id]sys_vendor' is 'LENOVO'
Oct 23 18:10:44 T450s systemd-udevd[302]: passed device to netlink monitor 0x55a9747c9040
Oct 23 18:10:44 T450s systemd-udevd[305]: value '[dmi/id]sys_vendor' is 'LENOVO'
Oct 23 18:10:44 T450s systemd-udevd[305]: value '[dmi/id]sys_vendor' is 'LENOVO'
Oct 23 18:10:44 T450s systemd-udevd[305]: passed device to netlink monitor 0x55a9747fca40
Oct 23 18:10:44 T450s systemd-udevd[299]: passed 205 byte device to netlink monitor 0x55a9747f94f0
Oct 23 18:10:44 T450s systemd-udevd[299]: passed 200 byte device to netlink monitor 0x55a9747f94f0
Oct 23 18:10:44 T450s systemd-udevd[299]: passed 191 byte device to netlink monitor 0x55a9747f94f0
Oct 23 18:10:44 T450s systemd-udevd[299]: passed 207 byte device to netlink monitor 0x55a9747f94f0
Oct 23 18:10:44 T450s systemd-udevd[304]: value '[dmi/id]sys_vendor' is 'LENOVO'
Oct 23 18:10:44 T450s systemd-udevd[309]: value '[dmi/id]sys_vendor' is 'LENOVO'
Oct 23 18:10:44 T450s systemd-udevd[304]: value '[dmi/id]sys_vendor' is 'LENOVO'
Oct 23 18:10:44 T450s systemd-udevd[309]: value '[dmi/id]sys_vendor' is 'LENOVO'
Oct 23 18:10:44 T450s systemd-udevd[309]: passed device to netlink monitor 0x55a9747c4b30
Oct 23 18:10:44 T450s systemd-udevd[304]: passed device to netlink monitor 0x55a9747cde10
Oct 23 18:10:44 T450s systemd-udevd[311]: value '[dmi/id]sys_vendor' is 'LENOVO'
Oct 23 18:10:44 T450s systemd-udevd[311]: value '[dmi/id]sys_vendor' is 'LENOVO'
Oct 23 18:10:44 T450s systemd-udevd[306]: value '[dmi/id]sys_vendor' is 'LENOVO'
Oct 23 18:10:44 T450s systemd-udevd[306]: value '[dmi/id]sys_vendor' is 'LENOVO'
Oct 23 18:10:44 T450s systemd-udevd[311]: passed device to netlink monitor 0x55a9747ae460
Oct 23 18:10:44 T450s systemd-udevd[299]: passed 181 byte device to netlink monitor 0x55a9747f94f0
Oct 23 18:10:44 T450s systemd-udevd[299]: passed 185 byte device to netlink monitor 0x55a9747f94f0
Oct 23 18:10:44 T450s systemd-udevd[299]: passed 182 byte device to netlink monitor 0x55a9747f94f0
Oct 23 18:10:44 T450s systemd-udevd[299]: passed 195 byte device to netlink monitor 0x55a9747f94f0
Oct 23 18:10:44 T450s systemd-udevd[299]: passed 184 byte device to netlink monitor 0x55a9747f94f0
Oct 23 18:10:44 T450s systemd-udevd[299]: passed 185 byte device to netlink monitor 0x55a9747f94f0
Oct 23 18:10:44 T450s systemd-udevd[306]: passed device to netlink monitor 0x55a9747c9840
Oct 23 18:10:44 T450s systemd-udevd[299]: passed 195 byte device to netlink monitor 0x55a9747f94f0
Oct 23 18:10:44 T450s systemd-udevd[299]: passed 183 byte device to netlink monitor 0x55a9747f94f0
Oct 23 18:10:44 T450s systemd-udevd[299]: passed 188 byte device to netlink monitor 0x55a9747f94f0
Oct 23 18:10:44 T450s systemd-udevd[299]: passed 193 byte device to netlink monitor 0x55a9747f94f0
Oct 23 18:10:44 T450s systemd-udevd[299]: passed 188 byte device to netlink monitor 0x55a9747f94f0
Oct 23 18:10:44 T450s systemd-udevd[299]: passed 179 byte device to netlink monitor 0x55a9747f94f0
Oct 23 18:10:44 T450s systemd-udevd[319]: value '[dmi/id]sys_vendor' is 'LENOVO'
Oct 23 18:10:44 T450s systemd-udevd[319]: value '[dmi/id]sys_vendor' is 'LENOVO'
Oct 23 18:10:44 T450s systemd-udevd[303]: value '[dmi/id]sys_vendor' is 'LENOVO'
Oct 23 18:10:44 T450s systemd-udevd[303]: value '[dmi/id]sys_vendor' is 'LENOVO'
Oct 23 18:10:44 T450s systemd-udevd[319]: passed device to netlink monitor 0x55a9747ca230
Oct 23 18:10:44 T450s systemd-udevd[303]: passed device to netlink monitor 0x55a9747d1020
Oct 23 18:10:44 T450s systemd-udevd[315]: value '[dmi/id]sys_vendor' is 'LENOVO'
Oct 23 18:10:44 T450s systemd-udevd[299]: passed 188 byte device to netlink monitor 0x55a9747f94f0
Oct 23 18:10:44 T450s systemd-udevd[299]: passed 192 byte device to netlink monitor 0x55a9747f94f0
Oct 23 18:10:44 T450s systemd-udevd[299]: passed 202 byte device to netlink monitor 0x55a9747f94f0
Oct 23 18:10:44 T450s systemd-udevd[299]: passed 191 byte device to netlink monitor 0x55a9747f94f0
Oct 23 18:10:44 T450s systemd-udevd[315]: value '[dmi/id]sys_vendor' is 'LENOVO'
Oct 23 18:10:44 T450s systemd-udevd[309]: value '[dmi/id]sys_vendor' is 'LENOVO'
Oct 23 18:10:44 T450s systemd-udevd[315]: passed device to netlink monitor 0x55a9747f5ef0
Oct 23 18:10:44 T450s systemd-udevd[308]: value '[dmi/id]sys_vendor' is 'LENOVO'
Oct 23 18:10:44 T450s systemd-udevd[316]: value '[dmi/id]sys_vendor' is 'LENOVO'
Oct 23 18:10:44 T450s systemd-udevd[311]: value '[dmi/id]sys_vendor' is 'LENOVO'
Oct 23 18:10:44 T450s systemd-udevd[309]: value '[dmi/id]sys_vendor' is 'LENOVO'
Oct 23 18:10:44 T450s systemd-udevd[316]: value '[dmi/id]sys_vendor' is 'LENOVO'
Oct 23 18:10:44 T450s systemd-udevd[317]: value '[dmi/id]sys_vendor' is 'LENOVO'
Oct 23 18:10:44 T450s systemd-udevd[318]: value '[dmi/id]sys_vendor' is 'LENOVO'
Oct 23 18:10:44 T450s systemd-udevd[311]: value '[dmi/id]sys_vendor' is 'LENOVO'
Oct 23 18:10:44 T450s systemd-udevd[307]: value '[dmi/id]sys_vendor' is 'LENOVO'
Oct 23 18:10:44 T450s systemd-udevd[313]: value '[dmi/id]sys_vendor' is 'LENOVO'
Oct 23 18:10:44 T450s systemd-udevd[304]: value '[dmi/id]sys_vendor' is 'LENOVO'
Oct 23 18:10:44 T450s systemd-udevd[306]: value '[dmi/id]sys_vendor' is 'LENOVO'
Oct 23 18:10:44 T450s systemd-udevd[309]: passed device to netlink monitor 0x55a9747c4b30
Oct 23 18:10:44 T450s systemd-udevd[314]: value '[dmi/id]sys_vendor' is 'LENOVO'
Oct 23 18:10:44 T450s systemd-udevd[308]: value '[dmi/id]sys_vendor' is 'LENOVO'
Oct 23 18:10:44 T450s systemd-udevd[299]: passed 192 byte device to netlink monitor 0x55a9747f94f0
Oct 23 18:10:44 T450s systemd-udevd[302]: value '[dmi/id]sys_vendor' is 'LENOVO'
Oct 23 18:10:44 T450s systemd-udevd[305]: value '[dmi/id]sys_vendor' is 'LENOVO'
Oct 23 18:10:44 T450s systemd-udevd[316]: passed device to netlink monitor 0x55a9747d21b0
Oct 23 18:10:44 T450s systemd-udevd[317]: value '[dmi/id]sys_vendor' is 'LENOVO'
Oct 23 18:10:44 T450s systemd-udevd[318]: value '[dmi/id]sys_vendor' is 'LENOVO'
Oct 23 18:10:44 T450s systemd-udevd[311]: passed device to netlink monitor 0x55a9747ae460
Oct 23 18:10:44 T450s systemd-udevd[307]: value '[dmi/id]sys_vendor' is 'LENOVO'
Oct 23 18:10:44 T450s systemd-udevd[313]: value '[dmi/id]sys_vendor' is 'LENOVO'
Oct 23 18:10:44 T450s systemd-udevd[304]: value '[dmi/id]sys_vendor' is 'LENOVO'
Oct 23 18:10:44 T450s systemd-udevd[306]: value '[dmi/id]sys_vendor' is 'LENOVO'
Oct 23 18:10:44 T450s systemd-udevd[314]: value '[dmi/id]sys_vendor' is 'LENOVO'
Oct 23 18:10:44 T450s systemd-udevd[308]: passed device to netlink monitor 0x55a9747cf3f0
Oct 23 18:10:44 T450s systemd-udevd[299]: passed 189 byte device to netlink monitor 0x55a9747f94f0
Oct 23 18:10:44 T450s systemd-udevd[303]: value '[dmi/id]sys_vendor' is 'LENOVO'
Oct 23 18:10:44 T450s systemd-udevd[302]: value '[dmi/id]sys_vendor' is 'LENOVO'
Oct 23 18:10:44 T450s systemd-udevd[305]: value '[dmi/id]sys_vendor' is 'LENOVO'
Oct 23 18:10:44 T450s systemd-udevd[317]: passed device to netlink monitor 0x55a9747d0ab0
Oct 23 18:10:44 T450s systemd-udevd[318]: passed device to netlink monitor 0x55a9747e3950
Oct 23 18:10:44 T450s systemd-udevd[307]: passed device to netlink monitor 0x55a9747c3870
Oct 23 18:10:44 T450s systemd-udevd[313]: passed device to netlink monitor 0x55a9747affa0
Oct 23 18:10:44 T450s systemd-udevd[304]: passed device to netlink monitor 0x55a9747cde10
Oct 23 18:10:44 T450s systemd-udevd[306]: passed device to netlink monitor 0x55a9747c9840
Oct 23 18:10:44 T450s systemd-udevd[314]: passed device to netlink monitor 0x55a9747d1b70
Oct 23 18:10:44 T450s systemd-udevd[299]: passed 190 byte device to netlink monitor 0x55a9747f94f0
Oct 23 18:10:44 T450s systemd-udevd[309]: value '[dmi/id]sys_vendor' is 'LENOVO'
Oct 23 18:10:44 T450s systemd-udevd[303]: value '[dmi/id]sys_vendor' is 'LENOVO'
Oct 23 18:10:44 T450s systemd-udevd[302]: passed device to netlink monitor 0x55a9747c9040
Oct 23 18:10:44 T450s systemd-udevd[305]: passed device to netlink monitor 0x55a9747fca40
Oct 23 18:10:44 T450s systemd-udevd[299]: passed 195 byte device to netlink monitor 0x55a9747f94f0
Oct 23 18:10:44 T450s systemd-udevd[315]: value '[dmi/id]sys_vendor' is 'LENOVO'
Oct 23 18:10:44 T450s systemd-udevd[309]: value '[dmi/id]sys_vendor' is 'LENOVO'
Oct 23 18:10:44 T450s systemd-udevd[303]: passed device to netlink monitor 0x55a9747d1020
Oct 23 18:10:44 T450s systemd-udevd[299]: passed 195 byte device to netlink monitor 0x55a9747f94f0
Oct 23 18:10:44 T450s systemd-udevd[319]: value '[dmi/id]sys_vendor' is 'LENOVO'
Oct 23 18:10:44 T450s systemd-udevd[315]: value '[dmi/id]sys_vendor' is 'LENOVO'
Oct 23 18:10:44 T450s systemd-udevd[309]: passed device to netlink monitor 0x55a9747c4b30
Oct 23 18:10:44 T450s systemd-udevd[299]: passed 186 byte device to netlink monitor 0x55a9747f94f0
Oct 23 18:10:44 T450s systemd-udevd[319]: value '[dmi/id]sys_vendor' is 'LENOVO'
Oct 23 18:10:44 T450s systemd-udevd[313]: value '[dmi/id]sys_vendor' is 'LENOVO'
Oct 23 18:10:44 T450s systemd-udevd[315]: passed device to netlink monitor 0x55a9747f5ef0
Oct 23 18:10:44 T450s systemd-udevd[299]: passed 195 byte device to netlink monitor 0x55a9747f94f0
Oct 23 18:10:44 T450s systemd-udevd[302]: value '[dmi/id]sys_vendor' is 'LENOVO'
Oct 23 18:10:44 T450s systemd-udevd[319]: passed device to netlink monitor 0x55a9747ca230
Oct 23 18:10:44 T450s systemd-udevd[313]: value '[dmi/id]sys_vendor' is 'LENOVO'
Oct 23 18:10:44 T450s systemd-udevd[299]: passed 182 byte device to netlink monitor 0x55a9747f94f0
Oct 23 18:10:44 T450s systemd-udevd[305]: value '[dmi/id]sys_vendor' is 'LENOVO'
Oct 23 18:10:44 T450s systemd-udevd[302]: value '[dmi/id]sys_vendor' is 'LENOVO'
Oct 23 18:10:44 T450s systemd-udevd[313]: passed device to netlink monitor 0x55a9747affa0
Oct 23 18:10:44 T450s systemd-udevd[299]: passed 186 byte device to netlink monitor 0x55a9747f94f0
Oct 23 18:10:44 T450s systemd-udevd[316]: value '[dmi/id]sys_vendor' is 'LENOVO'
Oct 23 18:10:44 T450s systemd-udevd[305]: value '[dmi/id]sys_vendor' is 'LENOVO'
Oct 23 18:10:44 T450s systemd-udevd[302]: passed device to netlink monitor 0x55a9747c9040
Oct 23 18:10:44 T450s systemd-udevd[299]: passed 196 byte device to netlink monitor 0x55a9747f94f0
Oct 23 18:10:44 T450s systemd-udevd[307]: value '[dmi/id]sys_vendor' is 'LENOVO'
Oct 23 18:10:44 T450s systemd-udevd[316]: value '[dmi/id]sys_vendor' is 'LENOVO'
Oct 23 18:10:44 T450s systemd-udevd[305]: passed device to netlink monitor 0x55a9747fca40
Oct 23 18:10:44 T450s systemd-udevd[299]: passed 185 byte device to netlink monitor 0x55a9747f94f0
Oct 23 18:10:44 T450s systemd-udevd[314]: value '[dmi/id]sys_vendor' is 'LENOVO'
Oct 23 18:10:44 T450s systemd-udevd[307]: value '[dmi/id]sys_vendor' is 'LENOVO'
Oct 23 18:10:44 T450s systemd-udevd[316]: passed device to netlink monitor 0x55a9747d21b0
Oct 23 18:10:44 T450s systemd-udevd[299]: passed 186 byte device to netlink monitor 0x55a9747f94f0
Oct 23 18:10:44 T450s systemd-udevd[303]: value '[dmi/id]sys_vendor' is 'LENOVO'
Oct 23 18:10:44 T450s systemd-udevd[314]: value '[dmi/id]sys_vendor' is 'LENOVO'
Oct 23 18:10:44 T450s systemd-udevd[307]: passed device to netlink monitor 0x55a9747c3870
Oct 23 18:10:44 T450s systemd-udevd[299]: passed 183 byte device to netlink monitor 0x55a9747f94f0
Oct 23 18:10:44 T450s systemd-udevd[304]: value '[dmi/id]sys_vendor' is 'LENOVO'
Oct 23 18:10:44 T450s systemd-udevd[303]: value '[dmi/id]sys_vendor' is 'LENOVO'
Oct 23 18:10:44 T450s systemd-udevd[314]: passed device to netlink monitor 0x55a9747d1b70
Oct 23 18:10:44 T450s systemd-udevd[299]: passed 184 byte device to netlink monitor 0x55a9747f94f0
Oct 23 18:10:44 T450s systemd-udevd[306]: value '[dmi/id]sys_vendor' is 'LENOVO'
Oct 23 18:10:44 T450s systemd-udevd[304]: value '[dmi/id]sys_vendor' is 'LENOVO'
Oct 23 18:10:44 T450s systemd-udevd[303]: passed device to netlink monitor 0x55a9747d1020
Oct 23 18:10:44 T450s systemd-udevd[299]: passed 189 byte device to netlink monitor 0x55a9747f94f0
Oct 23 18:10:44 T450s systemd-udevd[311]: value '[dmi/id]sys_vendor' is 'LENOVO'
Oct 23 18:10:44 T450s systemd-udevd[306]: value '[dmi/id]sys_vendor' is 'LENOVO'
Oct 23 18:10:44 T450s systemd-udevd[304]: passed device to netlink monitor 0x55a9747cde10
Oct 23 18:10:44 T450s systemd-udevd[299]: passed 189 byte device to netlink monitor 0x55a9747f94f0
Oct 23 18:10:44 T450s systemd-udevd[308]: value '[dmi/id]sys_vendor' is 'LENOVO'
Oct 23 18:10:44 T450s systemd-udevd[311]: value '[dmi/id]sys_vendor' is 'LENOVO'
Oct 23 18:10:44 T450s systemd-udevd[306]: passed device to netlink monitor 0x55a9747c9840
Oct 23 18:10:44 T450s systemd-udevd[299]: passed 180 byte device to netlink monitor 0x55a9747f94f0
Oct 23 18:10:44 T450s systemd-udevd[318]: value '[dmi/id]sys_vendor' is 'LENOVO'
Oct 23 18:10:44 T450s systemd-udevd[308]: value '[dmi/id]sys_vendor' is 'LENOVO'
Oct 23 18:10:44 T450s systemd-udevd[311]: passed device to netlink monitor 0x55a9747ae460
Oct 23 18:10:44 T450s systemd-udevd[299]: passed 184 byte device to netlink monitor 0x55a9747f94f0
Oct 23 18:10:44 T450s systemd-udevd[317]: value '[dmi/id]sys_vendor' is 'LENOVO'
Oct 23 18:10:44 T450s systemd-udevd[318]: value '[dmi/id]sys_vendor' is 'LENOVO'
Oct 23 18:10:44 T450s systemd-udevd[308]: passed device to netlink monitor 0x55a9747cf3f0
Oct 23 18:10:44 T450s systemd-udevd[299]: passed 196 byte device to netlink monitor 0x55a9747f94f0
Oct 23 18:10:44 T450s systemd-udevd[317]: value '[dmi/id]sys_vendor' is 'LENOVO'
Oct 23 18:10:44 T450s systemd-udevd[313]: value '[dmi/id]sys_vendor' is 'LENOVO'
Oct 23 18:10:44 T450s systemd-udevd[318]: passed device to netlink monitor 0x55a9747e3950
Oct 23 18:10:44 T450s systemd-udevd[299]: passed 186 byte device to netlink monitor 0x55a9747f94f0
Oct 23 18:10:44 T450s systemd-udevd[302]: value '[dmi/id]sys_vendor' is 'LENOVO'
Oct 23 18:10:44 T450s systemd-udevd[317]: passed device to netlink monitor 0x55a9747d0ab0
Oct 23 18:10:44 T450s systemd-udevd[313]: value '[dmi/id]sys_vendor' is 'LENOVO'
Oct 23 18:10:44 T450s systemd-udevd[299]: passed 173 byte device to netlink monitor 0x55a9747f94f0
Oct 23 18:10:44 T450s systemd-udevd[305]: value '[dmi/id]sys_vendor' is 'LENOVO'
Oct 23 18:10:44 T450s systemd-udevd[302]: value '[dmi/id]sys_vendor' is 'LENOVO'
Oct 23 18:10:44 T450s systemd-udevd[313]: passed device to netlink monitor 0x55a9747affa0
Oct 23 18:10:44 T450s systemd-udevd[299]: passed 196 byte device to netlink monitor 0x55a9747f94f0
Oct 23 18:10:44 T450s systemd-udevd[316]: value '[dmi/id]sys_vendor' is 'LENOVO'
Oct 23 18:10:44 T450s systemd-udevd[305]: value '[dmi/id]sys_vendor' is 'LENOVO'
Oct 23 18:10:44 T450s systemd-udevd[302]: passed device to netlink monitor 0x55a9747c9040
Oct 23 18:10:44 T450s systemd-udevd[299]: passed 209 byte device to netlink monitor 0x55a9747f94f0
Oct 23 18:10:44 T450s systemd-udevd[307]: value '[dmi/id]sys_vendor' is 'LENOVO'
Oct 23 18:10:44 T450s systemd-udevd[316]: value '[dmi/id]sys_vendor' is 'LENOVO'
Oct 23 18:10:44 T450s systemd-udevd[305]: passed device to netlink monitor 0x55a9747fca40
Oct 23 18:10:44 T450s systemd-udevd[299]: passed 180 byte device to netlink monitor 0x55a9747f94f0
Oct 23 18:10:44 T450s systemd-udevd[314]: value '[dmi/id]sys_vendor' is 'LENOVO'
Oct 23 18:10:44 T450s systemd-udevd[307]: value '[dmi/id]sys_vendor' is 'LENOVO'
Oct 23 18:10:44 T450s systemd-udevd[316]: passed device to netlink monitor 0x55a9747d21b0
Oct 23 18:10:44 T450s systemd-udevd[299]: passed 184 byte device to netlink monitor 0x55a9747f94f0
Oct 23 18:10:44 T450s systemd-udevd[303]: value '[dmi/id]sys_vendor' is 'LENOVO'
Oct 23 18:10:44 T450s systemd-udevd[314]: value '[dmi/id]sys_vendor' is 'LENOVO'
Oct 23 18:10:44 T450s systemd-udevd[307]: passed device to netlink monitor 0x55a9747c3870
Oct 23 18:10:44 T450s systemd-udevd[299]: passed 194 byte device to netlink monitor 0x55a9747f94f0
Oct 23 18:10:44 T450s systemd-udevd[304]: value '[dmi/id]sys_vendor' is 'LENOVO'
Oct 23 18:10:44 T450s systemd-udevd[303]: value '[dmi/id]sys_vendor' is 'LENOVO'
Oct 23 18:10:44 T450s systemd-udevd[314]: passed device to netlink monitor 0x55a9747d1b70
Oct 23 18:10:44 T450s systemd-udevd[299]: passed 181 byte device to netlink monitor 0x55a9747f94f0
Oct 23 18:10:44 T450s systemd-udevd[306]: value '[dmi/id]sys_vendor' is 'LENOVO'
Oct 23 18:10:44 T450s systemd-udevd[304]: value '[dmi/id]sys_vendor' is 'LENOVO'
Oct 23 18:10:44 T450s systemd-udevd[303]: passed device to netlink monitor 0x55a9747d1020
Oct 23 18:10:44 T450s systemd-udevd[299]: passed 194 byte device to netlink monitor 0x55a9747f94f0
Oct 23 18:10:44 T450s systemd-udevd[311]: value '[dmi/id]sys_vendor' is 'LENOVO'
Oct 23 18:10:44 T450s systemd-udevd[306]: value '[dmi/id]sys_vendor' is 'LENOVO'
Oct 23 18:10:44 T450s systemd-udevd[304]: passed device to netlink monitor 0x55a9747cde10
Oct 23 18:10:44 T450s systemd-udevd[299]: passed 183 byte device to netlink monitor 0x55a9747f94f0
Oct 23 18:10:44 T450s systemd-udevd[309]: value '[dmi/id]sys_vendor' is 'LENOVO'
Oct 23 18:10:44 T450s systemd-udevd[311]: value '[dmi/id]sys_vendor' is 'LENOVO'
Oct 23 18:10:44 T450s systemd-udevd[306]: passed device to netlink monitor 0x55a9747c9840
Oct 23 18:10:44 T450s systemd-udevd[299]: passed 184 byte device to netlink monitor 0x55a9747f94f0
Oct 23 18:10:44 T450s systemd-udevd[315]: value '[dmi/id]sys_vendor' is 'LENOVO'
Oct 23 18:10:44 T450s systemd-udevd[309]: value '[dmi/id]sys_vendor' is 'LENOVO'
Oct 23 18:10:44 T450s systemd-udevd[311]: passed device to netlink monitor 0x55a9747ae460
Oct 23 18:10:44 T450s systemd-udevd[299]: passed 194 byte device to netlink monitor 0x55a9747f94f0
Oct 23 18:10:44 T450s systemd-udevd[319]: value '[dmi/id]sys_vendor' is 'LENOVO'
Oct 23 18:10:44 T450s systemd-udevd[315]: value '[dmi/id]sys_vendor' is 'LENOVO'
Oct 23 18:10:44 T450s systemd-udevd[309]: passed device to netlink monitor 0x55a9747c4b30
