Jul 08 21:07:34 galactica NetworkManager[2408]: [1499562454.8970] manager: NetworkManager state is now CONNECTED_LOCAL
Jul 08 21:07:34 galactica NetworkManager[2408]: [1499562454.8977] device (enp2s0): Activation: failed for connection 'Auto Ethernet'
Jul 08 21:07:34 galactica NetworkManager[2408]: [1499562454.8998] device (enp2s0): state change: failed -> disconnected (reason 'none') [120 30 0]
Jul 08 21:07:34 galactica NetworkManager[2408]: [1499562454.9018] policy: auto-activating connection 'Auto Ethernet'
Jul 08 21:07:34 galactica NetworkManager[2408]: [1499562454.9022] device (enp2s0): Activation: starting connection 'Auto Ethernet' (5f9641e4-70e7-48a3-89c9-eca1e7509757)
Jul 08 21:07:34 galactica NetworkManager[2408]: [1499562454.9023] device (enp2s0): state change: disconnected -> prepare (reason 'none') [30 40 0]
Jul 08 21:07:34 galactica NetworkManager[2408]: [1499562454.9024] manager: NetworkManager state is now CONNECTING
Jul 08 21:07:34 galactica NetworkManager[2408]: [1499562454.9026] device (enp2s0): state change: prepare -> config (reason 'none') [40 50 0]
Jul 08 21:07:34 galactica NetworkManager[2408]: [1499562454.9028] device (enp2s0): state change: config -> ip-config (reason 'none') [50 70 0]
Jul 08 21:07:34 galactica NetworkManager[2408]: [1499562454.9029] dhcp4 (enp2s0): activation: beginning transaction (timeout in 45 seconds)
Jul 08 21:07:34 galactica NetworkManager[2408]: [1499562454.9036] dhcp4 (enp2s0): dhclient started with pid 14638
Jul 08 21:07:34 galactica dhclient[14638]: DHCPDISCOVER on enp2s0 to 255.255.255.255 port 67 interval 3 (xid=0x2b7c0251)
Jul 08 21:07:37 galactica dhclient[14638]: DHCPDISCOVER on enp2s0 to 255.255.255.255 port 67 interval 8 (xid=0x2b7c0251)
Jul 08 21:07:45 galactica dhclient[14638]: DHCPDISCOVER on enp2s0 to 255.255.255.255 port 67 interval 12 (xid=0x2b7c0251)
Jul 08 21:07:57 galactica dhclient[14638]: DHCPDISCOVER on enp2s0 to 255.255.255.255 port 67 interval 9 (xid=0x2b7c0251)
Jul 08 21:08:06 galactica dhclient[14638]: DHCPDISCOVER on enp2s0 to 255.255.255.255 port 67 interval 10 (xid=0x2b7c0251)
Jul 08 21:08:16 galactica dhclient[14638]: DHCPDISCOVER on enp2s0 to 255.255.255.255 port 67 interval 13 (xid=0x2b7c0251)
Jul 08 21:08:19 galactica NetworkManager[2408]: [1499562499.8643] dhcp4 (enp2s0): request timed out
Jul 08 21:08:19 galactica NetworkManager[2408]: [1499562499.8644] dhcp4 (enp2s0): state changed unknown -> timeout
Jul 08 21:08:19 galactica NetworkManager[2408]: [1499562499.8810] dhcp4 (enp2s0): canceled DHCP transaction, DHCP client pid 14638
Jul 08 21:08:19 galactica NetworkManager[2408]: [1499562499.8811] dhcp4 (enp2s0): state changed timeout -> done
Jul 08 21:08:19 galactica NetworkManager[2408]: [1499562499.8818] device (enp2s0): state change: ip-config -> failed (reason 'ip-config-unavailable') [70 120 5]
Jul 08 21:08:19 galactica NetworkManager[2408]: [1499562499.8823] manager: NetworkManager state is now CONNECTED_LOCAL
Jul 08 21:08:19 galactica NetworkManager[2408]: [1499562499.8826] policy: disabling autoconnect for connection 'Auto Ethernet'.
Jul 08 21:08:19 galactica NetworkManager[2408]: [1499562499.8833] device (enp2s0): Activation: failed for connection 'Auto Ethernet'
Jul 08 21:08:19 galactica NetworkManager[2408]: [1499562499.8853] device (enp2s0): state change: failed -> disconnected (reason 'none') [120 30 0]
Jul 08 21:13:19 galactica NetworkManager[2408]: [1499562799.9232] policy: auto-activating connection 'Auto Ethernet'
Jul 08 21:13:19 galactica NetworkManager[2408]: [1499562799.9253] device (enp2s0): Activation: starting connection 'Auto Ethernet' (5f9641e4-70e7-48a3-89c9-eca1e7509757)
Jul 08 21:13:19 galactica NetworkManager[2408]: [1499562799.9257] device (enp2s0): state change: disconnected -> prepare (reason 'none') [30 40 0]
Jul 08 21:13:19 galactica NetworkManager[2408]: [1499562799.9260] manager: NetworkManager state is now CONNECTING
Jul 08 21:13:19 galactica NetworkManager[2408]: [1499562799.9272] device (enp2s0): state change: prepare -> config (reason 'none') [40 50 0]
Jul 08 21:13:19 galactica NetworkManager[2408]: [1499562799.9281] device (enp2s0): state change: config -> ip-config (reason 'none') [50 70 0]
Jul 08 21:13:19 galactica NetworkManager[2408]: [1499562799.9285] dhcp4 (enp2s0): activation: beginning transaction (timeout in 45 seconds)
Jul 08 21:13:19 galactica NetworkManager[2408]: [1499562799.9293] dhcp4 (enp2s0): dhclient started with pid 15833
Jul 08 21:13:19 galactica dhclient[15833]: DHCPDISCOVER on enp2s0 to 255.255.255.255 port 67 interval 3 (xid=0x63aace44)
Jul 08 21:13:19 galactica dhclient[15833]: DHCPREQUEST of 192.168.0.104 on enp2s0 to 255.255.255.255 port 67 (xid=0x44ceaa63)
Jul 08 21:13:19 galactica dhclient[15833]: DHCPOFFER of 192.168.0.104 from 192.168.0.10
Jul 08 21:13:19 galactica dhclient[15833]: DHCPACK of 192.168.0.104 from 192.168.0.10
Jul 08 21:13:19 galactica NetworkManager[2408]: [1499562799.9642] address 192.168.0.104
Jul 08 21:13:19 galactica NetworkManager[2408]: [1499562799.9642] plen 24 (255.255.255.0)
Jul 08 21:13:19 galactica NetworkManager[2408]: [1499562799.9642] gateway 192.168.0.1
Jul 08 21:13:19 galactica NetworkManager[2408]: [1499562799.9642] server identifier 192.168.0.10
Jul 08 21:13:19 galactica NetworkManager[2408]: [1499562799.9642] lease time 600
Jul 08 21:13:19 galactica NetworkManager[2408]: [1499562799.9642] nameserver '192.168.0.10'
Jul 08 21:13:19 galactica NetworkManager[2408]: [1499562799.9642] nameserver '8.8.8.8'
Jul 08 21:13:19 galactica NetworkManager[2408]: [1499562799.9642] domain name 'lanes'
Jul 08 21:13:19 galactica NetworkManager[2408]: [1499562799.9642] dhcp4 (enp2s0): state changed unknown -> bound
Jul 08 21:13:19 galactica NetworkManager[2408]: [1499562799.9651] device (enp2s0): state change: ip-config -> ip-check (reason 'none') [70 80 0]
Jul 08 21:13:19 galactica NetworkManager[2408]: [1499562799.9655] device (enp2s0): state change: ip-check -> secondaries (reason 'none') [80 90 0]
Jul 08 21:13:19 galactica NetworkManager[2408]: [1499562799.9660] device (enp2s0): state change: secondaries -> activated (reason 'none') [90 100 0]
Jul 08 21:13:19 galactica NetworkManager[2408]: [1499562799.9661] manager: NetworkManager state is now CONNECTED_LOCAL
Jul 08 21:13:19 galactica dhclient[15833]: bound to 192.168.0.104 -- renewal in 264 seconds.
Jul 08 21:13:19 galactica NetworkManager[2408]: [1499562799.9715] manager: NetworkManager state is now CONNECTED_GLOBAL
Jul 08 21:13:19 galactica NetworkManager[2408]: [1499562799.9716] policy: set 'Auto Ethernet' (enp2s0) as default for IPv4 routing and DNS
Jul 08 21:13:19 galactica NetworkManager[2408]: [1499562799.9724] dns-plugin[0x27d0500]: starting dnsmasq...
Jul 08 21:13:19 galactica NetworkManager[2408]: [1499562799.9736] dns-mgr: Writing DNS information to /sbin/resolvconf
Jul 08 21:13:20 galactica NetworkManager[2408]: [1499562800.0285] device (enp2s0): Activation: successful, device activated.
Jul 08 21:13:20 galactica NetworkManager[2408]: [1499562800.0340] dnsmasq[0x27d0500]: dnsmasq appeared as :1.53
Jul 08 21:17:43 galactica dhclient[15833]: DHCPREQUEST of 192.168.0.104 on enp2s0 to 192.168.0.10 port 67 (xid=0x44ceaa63)
Jul 08 21:17:43 galactica dhclient[15833]: DHCPACK of 192.168.0.104 from 192.168.0.10
Jul 08 21:17:43 galactica NetworkManager[2408]: [1499563063.8301] address 192.168.0.104
Jul 08 21:17:43 galactica NetworkManager[2408]: [1499563063.8302] plen 24 (255.255.255.0)
Jul 08 21:17:43 galactica NetworkManager[2408]: [1499563063.8303] gateway 192.168.0.1
Jul 08 21:17:43 galactica dhclient[15833]: bound to 192.168.0.104 -- renewal in 261 seconds.
Jul 08 21:17:43 galactica NetworkManager[2408]: [1499563063.8303] server identifier 192.168.0.10
Jul 08 21:17:43 galactica NetworkManager[2408]: [1499563063.8304] lease time 600
Jul 08 21:17:43 galactica NetworkManager[2408]: [1499563063.8304] nameserver '192.168.0.10'
Jul 08 21:17:43 galactica NetworkManager[2408]: [1499563063.8304] nameserver '8.8.8.8'
Jul 08 21:17:43 galactica NetworkManager[2408]: [1499563063.8305] domain name 'lanes'
Jul 08 21:17:43 galactica NetworkManager[2408]: [1499563063.8306] dhcp4 (enp2s0): state changed bound -> bound
Jul 08 21:22:04 galactica dhclient[15833]: DHCPREQUEST of 192.168.0.104 on enp2s0 to 192.168.0.10 port 67 (xid=0x44ceaa63)
Jul 08 21:22:04 galactica dhclient[15833]: DHCPACK of 192.168.0.104 from 192.168.0.10
Jul 08 21:22:04 galactica NetworkManager[2408]: [1499563324.7831] address 192.168.0.104
Jul 08 21:22:04 galactica NetworkManager[2408]: [1499563324.7831] plen 24 (255.255.255.0)
Jul 08 21:22:04 galactica NetworkManager[2408]: [1499563324.7832] gateway 192.168.0.1
Jul 08 21:22:04 galactica NetworkManager[2408]: [1499563324.7832] server identifier 192.168.0.10
Jul 08 21:22:04 galactica NetworkManager[2408]: [1499563324.7832] lease time 600
Jul 08 21:22:04 galactica NetworkManager[2408]: [1499563324.7833] nameserver '192.168.0.10'
Jul 08 21:22:04 galactica NetworkManager[2408]: [1499563324.7833] nameserver '8.8.8.8'
Jul 08 21:22:04 galactica NetworkManager[2408]: [1499563324.7833] domain name 'lanes'
Jul 08 21:22:04 galactica NetworkManager[2408]: [1499563324.7833] dhcp4 (enp2s0): state changed bound -> bound
Jul 08 21:22:04 galactica dhclient[15833]: bound to 192.168.0.104 -- renewal in 273 seconds.
Jul 08 21:26:37 galactica dhclient[15833]: DHCPREQUEST of 192.168.0.104 on enp2s0 to 192.168.0.10 port 67 (xid=0x44ceaa63)
Jul 08 21:26:37 galactica dhclient[15833]: DHCPACK of 192.168.0.104 from 192.168.0.10
Jul 08 21:26:37 galactica NetworkManager[2408]: [1499563597.4000] address 192.168.0.104
Jul 08 21:26:37 galactica NetworkManager[2408]: [1499563597.4001] plen 24 (255.255.255.0)
Jul 08 21:26:37 galactica NetworkManager[2408]: [1499563597.4001] gateway 192.168.0.1
Jul 08 21:26:37 galactica NetworkManager[2408]: [1499563597.4002] server identifier 192.168.0.10
Jul 08 21:26:37 galactica NetworkManager[2408]: [1499563597.4002] lease time 600
Jul 08 21:26:37 galactica NetworkManager[2408]: [1499563597.4003] nameserver '192.168.0.10'
Jul 08 21:26:37 galactica NetworkManager[2408]: [1499563597.4003] nameserver '8.8.8.8'
Jul 08 21:26:37 galactica NetworkManager[2408]: [1499563597.4003] domain name 'lanes'
Jul 08 21:26:37 galactica NetworkManager[2408]: [1499563597.4003] dhcp4 (enp2s0): state changed bound -> bound
Jul 08 21:26:37 galactica dhclient[15833]: bound to 192.168.0.104 -- renewal in 291 seconds.
Jul 08 21:31:28 galactica dhclient[15833]: DHCPREQUEST of 192.168.0.104 on enp2s0 to 192.168.0.10 port 67 (xid=0x44ceaa63)
Jul 08 21:31:28 galactica dhclient[15833]: DHCPACK of 192.168.0.104 from 192.168.0.10
Jul 08 21:31:28 galactica NetworkManager[2408]: [1499563888.1242] address 192.168.0.104
Jul 08 21:31:28 galactica NetworkManager[2408]: [1499563888.1243] plen 24 (255.255.255.0)
Jul 08 21:31:28 galactica NetworkManager[2408]: [1499563888.1244] gateway 192.168.0.1
Jul 08 21:31:28 galactica NetworkManager[2408]: [1499563888.1244] server identifier 192.168.0.10
Jul 08 21:31:28 galactica NetworkManager[2408]: [1499563888.1244] lease time 600
Jul 08 21:31:28 galactica NetworkManager[2408]: [1499563888.1245] nameserver '192.168.0.10'
Jul 08 21:31:28 galactica NetworkManager[2408]: [1499563888.1245] nameserver '8.8.8.8'
Jul 08 21:31:28 galactica NetworkManager[2408]: [1499563888.1246] domain name 'lanes'
Jul 08 21:31:28 galactica NetworkManager[2408]: [1499563888.1246] dhcp4 (enp2s0): state changed bound -> bound
Jul 08 21:31:28 galactica dhclient[15833]: bound to 192.168.0.104 -- renewal in 257 seconds.
Jul 08 21:35:45 galactica dhclient[15833]: DHCPREQUEST of 192.168.0.104 on enp2s0 to 192.168.0.10 port 67 (xid=0x44ceaa63)
Jul 08 21:35:45 galactica dhclient[15833]: DHCPACK of 192.168.0.104 from 192.168.0.10
Jul 08 21:35:45 galactica NetworkManager[2408]: [1499564145.1321] address 192.168.0.104
Jul 08 21:35:45 galactica NetworkManager[2408]: [1499564145.1321] plen 24 (255.255.255.0)
Jul 08 21:35:45 galactica NetworkManager[2408]: [1499564145.1322] gateway 192.168.0.1
Jul 08 21:35:45 galactica NetworkManager[2408]: [1499564145.1322] server identifier 192.168.0.10
Jul 08 21:35:45 galactica NetworkManager[2408]: [1499564145.1322] lease time 600
Jul 08 21:35:45 galactica NetworkManager[2408]: [1499564145.1322] nameserver '192.168.0.10'
Jul 08 21:35:45 galactica NetworkManager[2408]: [1499564145.1323] nameserver '8.8.8.8'
Jul 08 21:35:45 galactica NetworkManager[2408]: [1499564145.1323] domain name 'lanes'
Jul 08 21:35:45 galactica NetworkManager[2408]: [1499564145.1323] dhcp4 (enp2s0): state changed bound -> bound
Jul 08 21:35:45 galactica dhclient[15833]: bound to 192.168.0.104 -- renewal in 252 seconds.
Jul 08 21:39:57 galactica dhclient[15833]: DHCPREQUEST of 192.168.0.104 on enp2s0 to 192.168.0.10 port 67 (xid=0x44ceaa63)
Jul 08 21:39:57 galactica dhclient[15833]: DHCPACK of 192.168.0.104 from 192.168.0.10
Jul 08 21:39:57 galactica NetworkManager[2408]: [1499564397.6024] address 192.168.0.104
Jul 08 21:39:57 galactica NetworkManager[2408]: [1499564397.6025] plen 24 (255.255.255.0)
Jul 08 21:39:57 galactica NetworkManager[2408]: [1499564397.6025] gateway 192.168.0.1
Jul 08 21:39:57 galactica NetworkManager[2408]: [1499564397.6025] server identifier 192.168.0.10
Jul 08 21:39:57 galactica NetworkManager[2408]: [1499564397.6026] lease time 600
Jul 08 21:39:57 galactica NetworkManager[2408]: [1499564397.6026] nameserver '192.168.0.10'
Jul 08 21:39:57 galactica NetworkManager[2408]: [1499564397.6026] nameserver '8.8.8.8'
Jul 08 21:39:57 galactica NetworkManager[2408]: [1499564397.6026] domain name 'lanes'
Jul 08 21:39:57 galactica NetworkManager[2408]: [1499564397.6027] dhcp4 (enp2s0): state changed bound -> bound
Jul 08 21:39:57 galactica dhclient[15833]: bound to 192.168.0.104 -- renewal in 242 seconds.
Jul 08 21:43:59 galactica dhclient[15833]: DHCPREQUEST of 192.168.0.104 on enp2s0 to 192.168.0.10 port 67 (xid=0x44ceaa63)
Jul 08 21:43:59 galactica dhclient[15833]: DHCPACK of 192.168.0.104 from 192.168.0.10
Jul 08 21:43:59 galactica NetworkManager[2408]: [1499564639.2407] address 192.168.0.104
Jul 08 21:43:59 galactica NetworkManager[2408]: [1499564639.2408] plen 24 (255.255.255.0)
Jul 08 21:43:59 galactica NetworkManager[2408]: [1499564639.2408] gateway 192.168.0.1
Jul 08 21:43:59 galactica NetworkManager[2408]: [1499564639.2409] server identifier 192.168.0.10
Jul 08 21:43:59 galactica NetworkManager[2408]: [1499564639.2409] lease time 600
Jul 08 21:43:59 galactica NetworkManager[2408]: [1499564639.2409] nameserver '192.168.0.10'
Jul 08 21:43:59 galactica NetworkManager[2408]: [1499564639.2409] nameserver '8.8.8.8'
Jul 08 21:43:59 galactica NetworkManager[2408]: [1499564639.2410] domain name 'lanes'
Jul 08 21:43:59 galactica NetworkManager[2408]: [1499564639.2410] dhcp4 (enp2s0): state changed bound -> bound
Jul 08 21:43:59 galactica dhclient[15833]: bound to 192.168.0.104 -- renewal in 255 seconds.
Jul 08 21:48:14 galactica dhclient[15833]: DHCPREQUEST of 192.168.0.104 on enp2s0 to 192.168.0.10 port 67 (xid=0x44ceaa63)
Jul 08 21:48:14 galactica dhclient[15833]: DHCPACK of 192.168.0.104 from 192.168.0.10
Jul 08 21:48:14 galactica NetworkManager[2408]: [1499564894.5387] address 192.168.0.104
Jul 08 21:48:14 galactica NetworkManager[2408]: [1499564894.5388] plen 24 (255.255.255.0)
Jul 08 21:48:14 galactica dhclient[15833]: bound to 192.168.0.104 -- renewal in 280 seconds.
Jul 08 21:48:14 galactica NetworkManager[2408]: [1499564894.5389] gateway 192.168.0.1
Jul 08 21:48:14 galactica NetworkManager[2408]: [1499564894.5389] server identifier 192.168.0.10
Jul 08 21:48:14 galactica NetworkManager[2408]: [1499564894.5389] lease time 600
Jul 08 21:48:14 galactica NetworkManager[2408]: [1499564894.5390] nameserver '192.168.0.10'
Jul 08 21:48:14 galactica NetworkManager[2408]: [1499564894.5390] nameserver '8.8.8.8'
Jul 08 21:48:14 galactica NetworkManager[2408]: [1499564894.5390] domain name 'lanes'
Jul 08 21:48:14 galactica NetworkManager[2408]: [1499564894.5391] dhcp4 (enp2s0): state changed bound -> bound
Jul 08 21:52:54 galactica dhclient[15833]: DHCPREQUEST of 192.168.0.104 on enp2s0 to 192.168.0.10 port 67 (xid=0x44ceaa63)
Jul 08 21:52:54 galactica dhclient[15833]: DHCPACK of 192.168.0.104 from 192.168.0.10
Jul 08 21:52:54 galactica NetworkManager[2408]: [1499565174.4228] address 192.168.0.104
Jul 08 21:52:54 galactica NetworkManager[2408]: [1499565174.4228] plen 24 (255.255.255.0)
Jul 08 21:52:54 galactica NetworkManager[2408]: [1499565174.4229] gateway 192.168.0.1
Jul 08 21:52:54 galactica dhclient[15833]: bound to 192.168.0.104 -- renewal in 282 seconds.
Jul 08 21:52:54 galactica NetworkManager[2408]: [1499565174.4229] server identifier 192.168.0.10
Jul 08 21:52:54 galactica NetworkManager[2408]: [1499565174.4229] lease time 600
Jul 08 21:52:54 galactica NetworkManager[2408]: [1499565174.4230] nameserver '192.168.0.10'
Jul 08 21:52:54 galactica NetworkManager[2408]: [1499565174.4230] nameserver '8.8.8.8'
Jul 08 21:52:54 galactica NetworkManager[2408]: [1499565174.4230] domain name 'lanes'
Jul 08 21:52:54 galactica NetworkManager[2408]: [1499565174.4230] dhcp4 (enp2s0): state changed bound -> bound
Jul 08 21:57:36 galactica dhclient[15833]: DHCPREQUEST of 192.168.0.104 on enp2s0 to 192.168.0.10 port 67 (xid=0x44ceaa63)
Jul 08 21:57:36 galactica dhclient[15833]: DHCPACK of 192.168.0.104 from 192.168.0.10
Jul 08 21:57:36 galactica NetworkManager[2408]: [1499565456.2424] address 192.168.0.104
Jul 08 21:57:36 galactica NetworkManager[2408]: [1499565456.2425] plen 24 (255.255.255.0)
Jul 08 21:57:36 galactica dhclient[15833]: bound to 192.168.0.104 -- renewal in 277 seconds.
Jul 08 21:57:36 galactica NetworkManager[2408]: [1499565456.2425] gateway 192.168.0.1
Jul 08 21:57:36 galactica NetworkManager[2408]: [1499565456.2426] server identifier 192.168.0.10
Jul 08 21:57:36 galactica NetworkManager[2408]: [1499565456.2426] lease time 600
Jul 08 21:57:36 galactica NetworkManager[2408]: [1499565456.2426] nameserver '192.168.0.10'
Jul 08 21:57:36 galactica NetworkManager[2408]: [1499565456.2427] nameserver '8.8.8.8'
Jul 08 21:57:36 galactica NetworkManager[2408]: [1499565456.2427] domain name 'lanes'
Jul 08 21:57:36 galactica NetworkManager[2408]: [1499565456.2427] dhcp4 (enp2s0): state changed bound -> bound
Jul 08 22:02:13 galactica dhclient[15833]: DHCPREQUEST of 192.168.0.104 on enp2s0 to 192.168.0.10 port 67 (xid=0x44ceaa63)
Jul 08 22:02:13 galactica dhclient[15833]: DHCPACK of 192.168.0.104 from 192.168.0.10
Jul 08 22:02:13 galactica NetworkManager[2408]: [1499565733.6809] address 192.168.0.104
Jul 08 22:02:13 galactica NetworkManager[2408]: [1499565733.6810] plen 24 (255.255.255.0)
Jul 08 22:02:13 galactica NetworkManager[2408]: [1499565733.6810] gateway 192.168.0.1
Jul 08 22:02:13 galactica NetworkManager[2408]: [1499565733.6810] server identifier 192.168.0.10
Jul 08 22:02:13 galactica NetworkManager[2408]: [1499565733.6810] lease time 600
Jul 08 22:02:13 galactica NetworkManager[2408]: [1499565733.6811] nameserver '192.168.0.10'
Jul 08 22:02:13 galactica NetworkManager[2408]: [1499565733.6811] nameserver '8.8.8.8'
Jul 08 22:02:13 galactica NetworkManager[2408]: [1499565733.6811] domain name 'lanes'
Jul 08 22:02:13 galactica NetworkManager[2408]: [1499565733.6812] dhcp4 (enp2s0): state changed bound -> bound
Jul 08 22:02:13 galactica dhclient[15833]: bound to 192.168.0.104 -- renewal in 268 seconds.
Jul 08 22:06:41 galactica dhclient[15833]: DHCPREQUEST of 192.168.0.104 on enp2s0 to 192.168.0.10 port 67 (xid=0x44ceaa63)
Jul 08 22:06:41 galactica dhclient[15833]: DHCPACK of 192.168.0.104 from 192.168.0.10
Jul 08 22:06:41 galactica NetworkManager[2408]: [1499566001.4055] address 192.168.0.104
Jul 08 22:06:41 galactica NetworkManager[2408]: [1499566001.4055] plen 24 (255.255.255.0)
Jul 08 22:06:41 galactica NetworkManager[2408]: [1499566001.4056] gateway 192.168.0.1
Jul 08 22:06:41 galactica NetworkManager[2408]: [1499566001.4056] server identifier 192.168.0.10
Jul 08 22:06:41 galactica NetworkManager[2408]: [1499566001.4057] lease time 600
Jul 08 22:06:41 galactica NetworkManager[2408]: [1499566001.4057] nameserver '192.168.0.10'
Jul 08 22:06:41 galactica NetworkManager[2408]: [1499566001.4057] nameserver '8.8.8.8'
Jul 08 22:06:41 galactica NetworkManager[2408]: [1499566001.4058] domain name 'lanes'
Jul 08 22:06:41 galactica NetworkManager[2408]: [1499566001.4058] dhcp4 (enp2s0): state changed bound -> bound
Jul 08 22:06:41 galactica dhclient[15833]: bound to 192.168.0.104 -- renewal in 264 seconds.
Jul 08 22:11:05 galactica dhclient[15833]: DHCPREQUEST of 192.168.0.104 on enp2s0 to 192.168.0.10 port 67 (xid=0x44ceaa63)
Jul 08 22:11:05 galactica dhclient[15833]: DHCPACK of 192.168.0.104 from 192.168.0.10
Jul 08 22:11:05 galactica NetworkManager[2408]: [1499566265.3873] address 192.168.0.104
Jul 08 22:11:05 galactica NetworkManager[2408]: [1499566265.3873] plen 24 (255.255.255.0)
Jul 08 22:11:05 galactica NetworkManager[2408]: [1499566265.3874] gateway 192.168.0.1
Jul 08 22:11:05 galactica NetworkManager[2408]: [1499566265.3874] server identifier 192.168.0.10
Jul 08 22:11:05 galactica NetworkManager[2408]: [1499566265.3875] lease time 600
Jul 08 22:11:05 galactica NetworkManager[2408]: [1499566265.3875] nameserver '192.168.0.10'
Jul 08 22:11:05 galactica NetworkManager[2408]: [1499566265.3875] nameserver '8.8.8.8'
Jul 08 22:11:05 galactica NetworkManager[2408]: [1499566265.3875] domain name 'lanes'
Jul 08 22:11:05 galactica NetworkManager[2408]: [1499566265.3876] dhcp4 (enp2s0): state changed bound -> bound
Jul 08 22:11:05 galactica dhclient[15833]: bound to 192.168.0.104 -- renewal in 285 seconds.
Jul 08 22:15:51 galactica dhclient[15833]: DHCPREQUEST of 192.168.0.104 on enp2s0 to 192.168.0.10 port 67 (xid=0x44ceaa63)
Jul 08 22:15:51 galactica dhclient[15833]: DHCPACK of 192.168.0.104 from 192.168.0.10
Jul 08 22:15:51 galactica NetworkManager[2408]: [1499566551.0202] address 192.168.0.104
Jul 08 22:15:51 galactica NetworkManager[2408]: [1499566551.0202] plen 24 (255.255.255.0)
Jul 08 22:15:51 galactica NetworkManager[2408]: [1499566551.0203] gateway 192.168.0.1
Jul 08 22:15:51 galactica NetworkManager[2408]: [1499566551.0203] server identifier 192.168.0.10
Jul 08 22:15:51 galactica NetworkManager[2408]: [1499566551.0203] lease time 600
Jul 08 22:15:51 galactica NetworkManager[2408]: [1499566551.0203] nameserver '192.168.0.10'
Jul 08 22:15:51 galactica NetworkManager[2408]: [1499566551.0204] nameserver '8.8.8.8'
Jul 08 22:15:51 galactica NetworkManager[2408]: [1499566551.0204] domain name 'lanes'
Jul 08 22:15:51 galactica NetworkManager[2408]: [1499566551.0204] dhcp4 (enp2s0): state changed bound -> bound
Jul 08 22:15:51 galactica dhclient[15833]: bound to 192.168.0.104 -- renewal in 285 seconds.
Jul 08 22:20:36 galactica dhclient[15833]: DHCPREQUEST of 192.168.0.104 on enp2s0 to 192.168.0.10 port 67 (xid=0x44ceaa63)
Jul 08 22:20:36 galactica dhclient[15833]: DHCPACK of 192.168.0.104 from 192.168.0.10
Jul 08 22:20:36 galactica NetworkManager[2408]: [1499566836.7925] address 192.168.0.104
Jul 08 22:20:36 galactica NetworkManager[2408]: [1499566836.7926] plen 24 (255.255.255.0)
Jul 08 22:20:36 galactica NetworkManager[2408]: [1499566836.7926] gateway 192.168.0.1
Jul 08 22:20:36 galactica NetworkManager[2408]: [1499566836.7927] server identifier 192.168.0.10
Jul 08 22:20:36 galactica NetworkManager[2408]: [1499566836.7927] lease time 600
Jul 08 22:20:36 galactica NetworkManager[2408]: [1499566836.7927] nameserver '192.168.0.10'
Jul 08 22:20:36 galactica NetworkManager[2408]: [1499566836.7927] nameserver '8.8.8.8'
Jul 08 22:20:36 galactica NetworkManager[2408]: [1499566836.7928] domain name 'lanes'
Jul 08 22:20:36 galactica NetworkManager[2408]: [1499566836.7928] dhcp4 (enp2s0): state changed bound -> bound
Jul 08 22:20:36 galactica dhclient[15833]: bound to 192.168.0.104 -- renewal in 242 seconds.
Jul 08 22:24:38 galactica dhclient[15833]: DHCPREQUEST of 192.168.0.104 on enp2s0 to 192.168.0.10 port 67 (xid=0x44ceaa63)
Jul 08 22:24:38 galactica dhclient[15833]: DHCPACK of 192.168.0.104 from 192.168.0.10
Jul 08 22:24:38 galactica NetworkManager[2408]: [1499567078.3878] address 192.168.0.104
Jul 08 22:24:38 galactica NetworkManager[2408]: [1499567078.3879] plen 24 (255.255.255.0)
Jul 08 22:24:38 galactica NetworkManager[2408]: [1499567078.3879] gateway 192.168.0.1
Jul 08 22:24:38 galactica NetworkManager[2408]: [1499567078.3879] server identifier 192.168.0.10
Jul 08 22:24:38 galactica NetworkManager[2408]: [1499567078.3880] lease time 600
Jul 08 22:24:38 galactica NetworkManager[2408]: [1499567078.3880] nameserver '192.168.0.10'
Jul 08 22:24:38 galactica NetworkManager[2408]: [1499567078.3880] nameserver '8.8.8.8'
Jul 08 22:24:38 galactica NetworkManager[2408]: [1499567078.3881] domain name 'lanes'
Jul 08 22:24:38 galactica NetworkManager[2408]: [1499567078.3881] dhcp4 (enp2s0): state changed bound -> bound
Jul 08 22:24:38 galactica dhclient[15833]: bound to 192.168.0.104 -- renewal in 288 seconds.
Jul 08 22:27:40 galactica kernel: snd_hda_codec_hdmi hdaudioC0D2: HDMI: ELD buf size is 0, force 128
Jul 08 22:27:40 galactica kernel: snd_hda_codec_hdmi hdaudioC0D2: HDMI: invalid ELD data byte 0
Jul 08 22:28:10 galactica kernel: snd_hda_codec_hdmi hdaudioC0D2: HDMI: ELD buf size is 0, force 128
Jul 08 22:28:10 galactica kernel: snd_hda_codec_hdmi hdaudioC0D2: HDMI: invalid ELD data byte 0
Jul 08 22:29:26 galactica dhclient[15833]: DHCPREQUEST of 192.168.0.104 on enp2s0 to 192.168.0.10 port 67 (xid=0x44ceaa63)
Jul 08 22:29:26 galactica dhclient[15833]: DHCPACK of 192.168.0.104 from 192.168.0.10
Jul 08 22:29:26 galactica NetworkManager[2408]: [1499567366.5321] address 192.168.0.104
Jul 08 22:29:26 galactica NetworkManager[2408]: [1499567366.5321] plen 24 (255.255.255.0)
Jul 08 22:29:26 galactica NetworkManager[2408]: [1499567366.5322] gateway 192.168.0.1
Jul 08 22:29:26 galactica NetworkManager[2408]: [1499567366.5322] server identifier 192.168.0.10
Jul 08 22:29:26 galactica NetworkManager[2408]: [1499567366.5322] lease time 600
Jul 08 22:29:26 galactica NetworkManager[2408]: [1499567366.5323] nameserver '192.168.0.10'
Jul 08 22:29:26 galactica NetworkManager[2408]: [1499567366.5323] nameserver '8.8.8.8'
Jul 08 22:29:26 galactica NetworkManager[2408]: [1499567366.5323] domain name 'lanes'
Jul 08 22:29:26 galactica NetworkManager[2408]: [1499567366.5323] dhcp4 (enp2s0): state changed bound -> bound
Jul 08 22:29:26 galactica dhclient[15833]: bound to 192.168.0.104 -- renewal in 276 seconds.
Jul 08 22:34:02 galactica dhclient[15833]: DHCPREQUEST of 192.168.0.104 on enp2s0 to 192.168.0.10 port 67 (xid=0x44ceaa63)
Jul 08 22:34:02 galactica dhclient[15833]: DHCPACK of 192.168.0.104 from 192.168.0.10
Jul 08 22:34:02 galactica NetworkManager[2408]: [1499567642.8088] address 192.168.0.104
Jul 08 22:34:02 galactica NetworkManager[2408]: [1499567642.8089] plen 24 (255.255.255.0)
Jul 08 22:34:02 galactica NetworkManager[2408]: [1499567642.8089] gateway 192.168.0.1
Jul 08 22:34:02 galactica NetworkManager[2408]: [1499567642.8089] server identifier 192.168.0.10
Jul 08 22:34:02 galactica NetworkManager[2408]: [1499567642.8089] lease time 600
Jul 08 22:34:02 galactica NetworkManager[2408]: [1499567642.8090] nameserver '192.168.0.10'
Jul 08 22:34:02 galactica NetworkManager[2408]: [1499567642.8090] nameserver '8.8.8.8'
Jul 08 22:34:02 galactica NetworkManager[2408]: [1499567642.8090] domain name 'lanes'
Jul 08 22:34:02 galactica NetworkManager[2408]: [1499567642.8091] dhcp4 (enp2s0): state changed bound -> bound
Jul 08 22:34:02 galactica dhclient[15833]: bound to 192.168.0.104 -- renewal in 299 seconds.
Jul 08 22:39:01 galactica dhclient[15833]: DHCPREQUEST of 192.168.0.104 on enp2s0 to 192.168.0.10 port 67 (xid=0x44ceaa63)
Jul 08 22:39:01 galactica dhclient[15833]: DHCPACK of 192.168.0.104 from 192.168.0.10
Jul 08 22:39:01 galactica NetworkManager[2408]: [1499567941.3070] address 192.168.0.104
Jul 08 22:39:01 galactica NetworkManager[2408]: [1499567941.3071] plen 24 (255.255.255.0)
Jul 08 22:39:01 galactica NetworkManager[2408]: [1499567941.3071] gateway 192.168.0.1
Jul 08 22:39:01 galactica NetworkManager[2408]: [1499567941.3071] server identifier 192.168.0.10
Jul 08 22:39:01 galactica NetworkManager[2408]: [1499567941.3072] lease time 600
Jul 08 22:39:01 galactica NetworkManager[2408]: [1499567941.3072] nameserver '192.168.0.10'
Jul 08 22:39:01 galactica NetworkManager[2408]: [1499567941.3073] nameserver '8.8.8.8'
Jul 08 22:39:01 galactica NetworkManager[2408]: [1499567941.3073] domain name 'lanes'
Jul 08 22:39:01 galactica NetworkManager[2408]: [1499567941.3073] dhcp4 (enp2s0): state changed bound -> bound
Jul 08 22:39:01 galactica dhclient[15833]: bound to 192.168.0.104 -- renewal in 291 seconds.
Jul 08 22:43:52 galactica dhclient[15833]: DHCPREQUEST of 192.168.0.104 on enp2s0 to 192.168.0.10 port 67 (xid=0x44ceaa63)
Jul 08 22:43:52 galactica dhclient[15833]: DHCPACK of 192.168.0.104 from 192.168.0.10
Jul 08 22:43:52 galactica NetworkManager[2408]: [1499568232.3973] address 192.168.0.104
Jul 08 22:43:52 galactica NetworkManager[2408]: [1499568232.3974] plen 24 (255.255.255.0)
Jul 08 22:43:52 galactica NetworkManager[2408]: [1499568232.3974] gateway 192.168.0.1
Jul 08 22:43:52 galactica NetworkManager[2408]: [1499568232.3975] server identifier 192.168.0.10
Jul 08 22:43:52 galactica NetworkManager[2408]: [1499568232.3975] lease time 600
Jul 08 22:43:52 galactica NetworkManager[2408]: [1499568232.3975] nameserver '192.168.0.10'
Jul 08 22:43:52 galactica NetworkManager[2408]: [1499568232.3975] nameserver '8.8.8.8'
Jul 08 22:43:52 galactica NetworkManager[2408]: [1499568232.3976] domain name 'lanes'
Jul 08 22:43:52 galactica NetworkManager[2408]: [1499568232.3976] dhcp4 (enp2s0): state changed bound -> bound
Jul 08 22:43:52 galactica dhclient[15833]: bound to 192.168.0.104 -- renewal in 246 seconds.
Jul 08 22:47:58 galactica dhclient[15833]: DHCPREQUEST of 192.168.0.104 on enp2s0 to 192.168.0.10 port 67 (xid=0x44ceaa63)
Jul 08 22:47:58 galactica dhclient[15833]: DHCPACK of 192.168.0.104 from 192.168.0.10
Jul 08 22:47:58 galactica NetworkManager[2408]: [1499568478.2009] address 192.168.0.104
Jul 08 22:47:58 galactica NetworkManager[2408]: [1499568478.2010] plen 24 (255.255.255.0)
Jul 08 22:47:58 galactica NetworkManager[2408]: [1499568478.2010] gateway 192.168.0.1
Jul 08 22:47:58 galactica NetworkManager[2408]: [1499568478.2011] server identifier 192.168.0.10
Jul 08 22:47:58 galactica NetworkManager[2408]: [1499568478.2011] lease time 600
Jul 08 22:47:58 galactica NetworkManager[2408]: [1499568478.2011] nameserver '192.168.0.10'
Jul 08 22:47:58 galactica NetworkManager[2408]: [1499568478.2012] nameserver '8.8.8.8'
Jul 08 22:47:58 galactica NetworkManager[2408]: [1499568478.2012] domain name 'lanes'
Jul 08 22:47:58 galactica NetworkManager[2408]: [1499568478.2013] dhcp4 (enp2s0): state changed bound -> bound
Jul 08 22:47:58 galactica dhclient[15833]: bound to 192.168.0.104 -- renewal in 264 seconds.
Jul 08 22:52:22 galactica dhclient[15833]: DHCPREQUEST of 192.168.0.104 on enp2s0 to 192.168.0.10 port 67 (xid=0x44ceaa63)
Jul 08 22:52:22 galactica dhclient[15833]: DHCPACK of 192.168.0.104 from 192.168.0.10
Jul 08 22:52:22 galactica NetworkManager[2408]: [1499568742.5366] address 192.168.0.104
Jul 08 22:52:22 galactica NetworkManager[2408]: [1499568742.5367] plen 24 (255.255.255.0)
Jul 08 22:52:22 galactica NetworkManager[2408]: [1499568742.5367] gateway 192.168.0.1
Jul 08 22:52:22 galactica NetworkManager[2408]: [1499568742.5368] server identifier 192.168.0.10
Jul 08 22:52:22 galactica NetworkManager[2408]: [1499568742.5368] lease time 600
Jul 08 22:52:22 galactica NetworkManager[2408]: [1499568742.5368] nameserver '192.168.0.10'
Jul 08 22:52:22 galactica NetworkManager[2408]: [1499568742.5368] nameserver '8.8.8.8'
Jul 08 22:52:22 galactica NetworkManager[2408]: [1499568742.5369] domain name 'lanes'
Jul 08 22:52:22 galactica NetworkManager[2408]: [1499568742.5369] dhcp4 (enp2s0): state changed bound -> bound
Jul 08 22:52:22 galactica dhclient[15833]: bound to 192.168.0.104 -- renewal in 279 seconds.
Jul 08 22:57:01 galactica dhclient[15833]: DHCPREQUEST of 192.168.0.104 on enp2s0 to 192.168.0.10 port 67 (xid=0x44ceaa63)
Jul 08 22:57:01 galactica dhclient[15833]: DHCPACK of 192.168.0.104 from 192.168.0.10
Jul 08 22:57:01 galactica NetworkManager[2408]: [1499569021.1817] address 192.168.0.104
Jul 08 22:57:01 galactica NetworkManager[2408]: [1499569021.1817] plen 24 (255.255.255.0)
Jul 08 22:57:01 galactica NetworkManager[2408]: [1499569021.1818] gateway 192.168.0.1
Jul 08 22:57:01 galactica NetworkManager[2408]: [1499569021.1818] server identifier 192.168.0.10
Jul 08 22:57:01 galactica NetworkManager[2408]: [1499569021.1818] lease time 600
Jul 08 22:57:01 galactica NetworkManager[2408]: [1499569021.1819] nameserver '192.168.0.10'
Jul 08 22:57:01 galactica NetworkManager[2408]: [1499569021.1819] nameserver '8.8.8.8'
Jul 08 22:57:01 galactica NetworkManager[2408]: [1499569021.1819] domain name 'lanes'
Jul 08 22:57:01 galactica NetworkManager[2408]: [1499569021.1819] dhcp4 (enp2s0): state changed bound -> bound
Jul 08 22:57:01 galactica dhclient[15833]: bound to 192.168.0.104 -- renewal in 300 seconds.
Jul 08 23:02:01 galactica dhclient[15833]: DHCPREQUEST of 192.168.0.104 on enp2s0 to 192.168.0.10 port 67 (xid=0x44ceaa63)
Jul 08 23:02:01 galactica dhclient[15833]: DHCPACK of 192.168.0.104 from 192.168.0.10
Jul 08 23:02:01 galactica NetworkManager[2408]: [1499569321.1416] address 192.168.0.104
Jul 08 23:02:01 galactica NetworkManager[2408]: [1499569321.1416] plen 24 (255.255.255.0)
Jul 08 23:02:01 galactica NetworkManager[2408]: [1499569321.1417] gateway 192.168.0.1
Jul 08 23:02:01 galactica NetworkManager[2408]: [1499569321.1417] server identifier 192.168.0.10
Jul 08 23:02:01 galactica NetworkManager[2408]: [1499569321.1417] lease time 600
Jul 08 23:02:01 galactica NetworkManager[2408]: [1499569321.1417] nameserver '192.168.0.10'
Jul 08 23:02:01 galactica NetworkManager[2408]: [1499569321.1418] nameserver '8.8.8.8'
Jul 08 23:02:01 galactica NetworkManager[2408]: [1499569321.1418] domain name 'lanes'
Jul 08 23:02:01 galactica NetworkManager[2408]: [1499569321.1418] dhcp4 (enp2s0): state changed bound -> bound
Jul 08 23:02:01 galactica dhclient[15833]: bound to 192.168.0.104 -- renewal in 293 seconds.
Jul 08 23:06:54 galactica dhclient[15833]: DHCPREQUEST of 192.168.0.104 on enp2s0 to 192.168.0.10 port 67 (xid=0x44ceaa63)
Jul 08 23:06:54 galactica dhclient[15833]: DHCPACK of 192.168.0.104 from 192.168.0.10
Jul 08 23:06:54 galactica NetworkManager[2408]: [1499569614.9795] address 192.168.0.104
Jul 08 23:06:54 galactica NetworkManager[2408]: [1499569614.9796] plen 24 (255.255.255.0)
Jul 08 23:06:54 galactica NetworkManager[2408]: [1499569614.9796] gateway 192.168.0.1
Jul 08 23:06:54 galactica NetworkManager[2408]: [1499569614.9797] server identifier 192.168.0.10
Jul 08 23:06:54 galactica NetworkManager[2408]: [1499569614.9797] lease time 600
Jul 08 23:06:54 galactica NetworkManager[2408]: [1499569614.9797] nameserver '192.168.0.10'
Jul 08 23:06:54 galactica NetworkManager[2408]: [1499569614.9798] nameserver '8.8.8.8'
Jul 08 23:06:54 galactica NetworkManager[2408]: [1499569614.9798] domain name 'lanes'
Jul 08 23:06:54 galactica NetworkManager[2408]: [1499569614.9798] dhcp4 (enp2s0): state changed bound -> bound
Jul 08 23:06:54 galactica dhclient[15833]: bound to 192.168.0.104 -- renewal in 291 seconds.
Jul 08 23:11:45 galactica dhclient[15833]: DHCPREQUEST of 192.168.0.104 on enp2s0 to 192.168.0.10 port 67 (xid=0x44ceaa63)
Jul 08 23:11:45 galactica dhclient[15833]: DHCPACK of 192.168.0.104 from 192.168.0.10
Jul 08 23:11:45 galactica NetworkManager[2408]: [1499569905.6273] address 192.168.0.104
Jul 08 23:11:45 galactica NetworkManager[2408]: [1499569905.6274] plen 24 (255.255.255.0)
Jul 08 23:11:45 galactica NetworkManager[2408]: [1499569905.6274] gateway 192.168.0.1
Jul 08 23:11:45 galactica NetworkManager[2408]: [1499569905.6275] server identifier 192.168.0.10
Jul 08 23:11:45 galactica NetworkManager[2408]: [1499569905.6275] lease time 600
Jul 08 23:11:45 galactica NetworkManager[2408]: [1499569905.6275] nameserver '192.168.0.10'
Jul 08 23:11:45 galactica NetworkManager[2408]: [1499569905.6276] nameserver '8.8.8.8'
Jul 08 23:11:45 galactica NetworkManager[2408]: [1499569905.6276] domain name 'lanes'
Jul 08 23:11:45 galactica NetworkManager[2408]: [1499569905.6276] dhcp4 (enp2s0): state changed bound -> bound
Jul 08 23:11:45 galactica dhclient[15833]: bound to 192.168.0.104 -- renewal in 231 seconds.
Jul 08 23:15:36 galactica dhclient[15833]: DHCPREQUEST of 192.168.0.104 on enp2s0 to 192.168.0.10 port 67 (xid=0x44ceaa63)
Jul 08 23:15:36 galactica dhclient[15833]: DHCPACK of 192.168.0.104 from 192.168.0.10
Jul 08 23:15:36 galactica NetworkManager[2408]: [1499570136.9667] address 192.168.0.104
Jul 08 23:15:36 galactica NetworkManager[2408]: [1499570136.9667] plen 24 (255.255.255.0)
Jul 08 23:15:36 galactica NetworkManager[2408]: [1499570136.9668] gateway 192.168.0.1
Jul 08 23:15:36 galactica NetworkManager[2408]: [1499570136.9668] server identifier 192.168.0.10
Jul 08 23:15:36 galactica NetworkManager[2408]: [1499570136.9668] lease time 600
Jul 08 23:15:36 galactica NetworkManager[2408]: [1499570136.9669] nameserver '192.168.0.10'
Jul 08 23:15:36 galactica NetworkManager[2408]: [1499570136.9669] nameserver '8.8.8.8'
Jul 08 23:15:36 galactica NetworkManager[2408]: [1499570136.9669] domain name 'lanes'
Jul 08 23:15:36 galactica NetworkManager[2408]: [1499570136.9669] dhcp4 (enp2s0): state changed bound -> bound
Jul 08 23:15:36 galactica dhclient[15833]: bound to 192.168.0.104 -- renewal in 260 seconds.
Jul 08 23:19:56 galactica dhclient[15833]: DHCPREQUEST of 192.168.0.104 on enp2s0 to 192.168.0.10 port 67 (xid=0x44ceaa63)
Jul 08 23:19:56 galactica dhclient[15833]: DHCPACK of 192.168.0.104 from 192.168.0.10
Jul 08 23:19:56 galactica NetworkManager[2408]: [1499570396.2647] address 192.168.0.104
Jul 08 23:19:56 galactica NetworkManager[2408]: [1499570396.2647] plen 24 (255.255.255.0)
Jul 08 23:19:56 galactica NetworkManager[2408]: [1499570396.2648] gateway 192.168.0.1
Jul 08 23:19:56 galactica NetworkManager[2408]: [1499570396.2648] server identifier 192.168.0.10
Jul 08 23:19:56 galactica NetworkManager[2408]: [1499570396.2648] lease time 600
Jul 08 23:19:56 galactica NetworkManager[2408]: [1499570396.2648] nameserver '192.168.0.10'
Jul 08 23:19:56 galactica NetworkManager[2408]: [1499570396.2649] nameserver '8.8.8.8'
Jul 08 23:19:56 galactica NetworkManager[2408]: [1499570396.2649] domain name 'lanes'
Jul 08 23:19:56 galactica NetworkManager[2408]: [1499570396.2649] dhcp4 (enp2s0): state changed bound -> bound
Jul 08 23:19:56 galactica dhclient[15833]: bound to 192.168.0.104 -- renewal in 270 seconds.
Jul 08 23:24:26 galactica dhclient[15833]: DHCPREQUEST of 192.168.0.104 on enp2s0 to 192.168.0.10 port 67 (xid=0x44ceaa63)
Jul 08 23:24:26 galactica dhclient[15833]: DHCPACK of 192.168.0.104 from 192.168.0.10
Jul 08 23:24:26 galactica NetworkManager[2408]: [1499570666.4003] address 192.168.0.104
Jul 08 23:24:26 galactica NetworkManager[2408]: [1499570666.4003] plen 24 (255.255.255.0)
Jul 08 23:24:26 galactica NetworkManager[2408]: [1499570666.4004] gateway 192.168.0.1
Jul 08 23:24:26 galactica NetworkManager[2408]: [1499570666.4004] server identifier 192.168.0.10
Jul 08 23:24:26 galactica NetworkManager[2408]: [1499570666.4004] lease time 600
Jul 08 23:24:26 galactica NetworkManager[2408]: [1499570666.4005] nameserver '192.168.0.10'
Jul 08 23:24:26 galactica NetworkManager[2408]: [1499570666.4005] nameserver '8.8.8.8'
Jul 08 23:24:26 galactica NetworkManager[2408]: [1499570666.4005] domain name 'lanes'
Jul 08 23:24:26 galactica NetworkManager[2408]: [1499570666.4005] dhcp4 (enp2s0): state changed bound -> bound
Jul 08 23:24:26 galactica dhclient[15833]: bound to 192.168.0.104 -- renewal in 246 seconds.
Jul 08 23:28:32 galactica dhclient[15833]: DHCPREQUEST of 192.168.0.104 on enp2s0 to 192.168.0.10 port 67 (xid=0x44ceaa63)
Jul 08 23:28:32 galactica dhclient[15833]: DHCPACK of 192.168.0.104 from 192.168.0.10
Jul 08 23:28:32 galactica NetworkManager[2408]: [1499570912.1669] address 192.168.0.104
Jul 08 23:28:32 galactica NetworkManager[2408]: [1499570912.1669] plen 24 (255.255.255.0)
Jul 08 23:28:32 galactica NetworkManager[2408]: [1499570912.1669] gateway 192.168.0.1
Jul 08 23:28:32 galactica NetworkManager[2408]: [1499570912.1669] server identifier 192.168.0.10
Jul 08 23:28:32 galactica NetworkManager[2408]: [1499570912.1669] lease time 600
Jul 08 23:28:32 galactica NetworkManager[2408]: [1499570912.1669] nameserver '192.168.0.10'
Jul 08 23:28:32 galactica NetworkManager[2408]: [1499570912.1669] nameserver '8.8.8.8'
Jul 08 23:28:32 galactica NetworkManager[2408]: [1499570912.1669] domain name 'lanes'
Jul 08 23:28:32 galactica NetworkManager[2408]: [1499570912.1669] dhcp4 (enp2s0): state changed bound -> bound
Jul 08 23:28:32 galactica dhclient[15833]: bound to 192.168.0.104 -- renewal in 230 seconds.
Jul 08 23:32:22 galactica dhclient[15833]: DHCPREQUEST of 192.168.0.104 on enp2s0 to 192.168.0.10 port 67 (xid=0x44ceaa63)
Jul 08 23:32:22 galactica dhclient[15833]: DHCPACK of 192.168.0.104 from 192.168.0.10
Jul 08 23:32:22 galactica NetworkManager[2408]: [1499571142.0333] address 192.168.0.104
Jul 08 23:32:22 galactica NetworkManager[2408]: [1499571142.0333] plen 24 (255.255.255.0)
Jul 08 23:32:22 galactica NetworkManager[2408]: [1499571142.0334] gateway 192.168.0.1
Jul 08 23:32:22 galactica NetworkManager[2408]: [1499571142.0334] server identifier 192.168.0.10
Jul 08 23:32:22 galactica NetworkManager[2408]: [1499571142.0334] lease time 600
Jul 08 23:32:22 galactica NetworkManager[2408]: [1499571142.0335] nameserver '192.168.0.10'
Jul 08 23:32:22 galactica NetworkManager[2408]: [1499571142.0335] nameserver '8.8.8.8'
Jul 08 23:32:22 galactica NetworkManager[2408]: [1499571142.0335] domain name 'lanes'
Jul 08 23:32:22 galactica NetworkManager[2408]: [1499571142.0336] dhcp4 (enp2s0): state changed bound -> bound
Jul 08 23:32:22 galactica dhclient[15833]: bound to 192.168.0.104 -- renewal in 297 seconds.
Jul 08 23:37:19 galactica dhclient[15833]: DHCPREQUEST of 192.168.0.104 on enp2s0 to 192.168.0.10 port 67 (xid=0x44ceaa63)
Jul 08 23:37:19 galactica dhclient[15833]: DHCPACK of 192.168.0.104 from 192.168.0.10
Jul 08 23:37:19 galactica NetworkManager[2408]: [1499571439.4834] address 192.168.0.104
Jul 08 23:37:19 galactica NetworkManager[2408]: [1499571439.4834] plen 24 (255.255.255.0)
Jul 08 23:37:19 galactica NetworkManager[2408]: [1499571439.4834] gateway 192.168.0.1
Jul 08 23:37:19 galactica NetworkManager[2408]: [1499571439.4835] server identifier 192.168.0.10
Jul 08 23:37:19 galactica NetworkManager[2408]: [1499571439.4835] lease time 600
Jul 08 23:37:19 galactica NetworkManager[2408]: [1499571439.4835] nameserver '192.168.0.10'
Jul 08 23:37:19 galactica NetworkManager[2408]: [1499571439.4835] nameserver '8.8.8.8'
Jul 08 23:37:19 galactica NetworkManager[2408]: [1499571439.4835] domain name 'lanes'
Jul 08 23:37:19 galactica NetworkManager[2408]: [1499571439.4835] dhcp4 (enp2s0): state changed bound -> bound
Jul 08 23:37:19 galactica dhclient[15833]: bound to 192.168.0.104 -- renewal in 269 seconds.
Jul 08 23:41:49 galactica dhclient[15833]: DHCPREQUEST of 192.168.0.104 on enp2s0 to 192.168.0.10 port 67 (xid=0x44ceaa63)
Jul 08 23:41:49 galactica dhclient[15833]: DHCPACK of 192.168.0.104 from 192.168.0.10
Jul 08 23:41:49 galactica NetworkManager[2408]: [1499571709.0202] address 192.168.0.104
Jul 08 23:41:49 galactica NetworkManager[2408]: [1499571709.0203] plen 24 (255.255.255.0)
Jul 08 23:41:49 galactica NetworkManager[2408]: [1499571709.0203] gateway 192.168.0.1
Jul 08 23:41:49 galactica NetworkManager[2408]: [1499571709.0203] server identifier 192.168.0.10
Jul 08 23:41:49 galactica NetworkManager[2408]: [1499571709.0204] lease time 600
Jul 08 23:41:49 galactica NetworkManager[2408]: [1499571709.0204] nameserver '192.168.0.10'
Jul 08 23:41:49 galactica NetworkManager[2408]: [1499571709.0204] nameserver '8.8.8.8'
Jul 08 23:41:49 galactica NetworkManager[2408]: [1499571709.0205] domain name 'lanes'
Jul 08 23:41:49 galactica NetworkManager[2408]: [1499571709.0205] dhcp4 (enp2s0): state changed bound -> bound
Jul 08 23:41:49 galactica dhclient[15833]: bound to 192.168.0.104 -- renewal in 241 seconds.
Jul 08 23:45:50 galactica dhclient[15833]: DHCPREQUEST of 192.168.0.104 on enp2s0 to 192.168.0.10 port 67 (xid=0x44ceaa63)
Jul 08 23:45:50 galactica dhclient[15833]: DHCPACK of 192.168.0.104 from 192.168.0.10
Jul 08 23:45:50 galactica NetworkManager[2408]: [1499571950.1730] address 192.168.0.104
Jul 08 23:45:50 galactica NetworkManager[2408]: [1499571950.1731] plen 24 (255.255.255.0)
Jul 08 23:45:50 galactica NetworkManager[2408]: [1499571950.1731] gateway 192.168.0.1
Jul 08 23:45:50 galactica NetworkManager[2408]: [1499571950.1732] server identifier 192.168.0.10
Jul 08 23:45:50 galactica NetworkManager[2408]: [1499571950.1732] lease time 600
Jul 08 23:45:50 galactica NetworkManager[2408]: [1499571950.1732] nameserver '192.168.0.10'
Jul 08 23:45:50 galactica NetworkManager[2408]: [1499571950.1732] nameserver '8.8.8.8'
Jul 08 23:45:50 galactica NetworkManager[2408]: [1499571950.1733] domain name 'lanes'
Jul 08 23:45:50 galactica NetworkManager[2408]: [1499571950.1733] dhcp4 (enp2s0): state changed bound -> bound
Jul 08 23:45:50 galactica dhclient[15833]: bound to 192.168.0.104 -- renewal in 230 seconds.
Jul 08 23:49:40 galactica dhclient[15833]: DHCPREQUEST of 192.168.0.104 on enp2s0 to 192.168.0.10 port 67 (xid=0x44ceaa63)
Jul 08 23:49:40 galactica dhclient[15833]: DHCPACK of 192.168.0.104 from 192.168.0.10
Jul 08 23:49:41 galactica NetworkManager[2408]: [1499572181.0040] address 192.168.0.104
Jul 08 23:49:41 galactica NetworkManager[2408]: [1499572181.0041] plen 24 (255.255.255.0)
Jul 08 23:49:41 galactica NetworkManager[2408]: [1499572181.0041] gateway 192.168.0.1
Jul 08 23:49:41 galactica NetworkManager[2408]: [1499572181.0041] server identifier 192.168.0.10
Jul 08 23:49:41 galactica NetworkManager[2408]: [1499572181.0041] lease time 600
Jul 08 23:49:41 galactica NetworkManager[2408]: [1499572181.0042] nameserver '192.168.0.10'
Jul 08 23:49:41 galactica NetworkManager[2408]: [1499572181.0042] nameserver '8.8.8.8'
Jul 08 23:49:41 galactica NetworkManager[2408]: [1499572181.0042] domain name 'lanes'
Jul 08 23:49:41 galactica NetworkManager[2408]: [1499572181.0043] dhcp4 (enp2s0): state changed bound -> bound
Jul 08 23:49:41 galactica dhclient[15833]: bound to 192.168.0.104 -- renewal in 226 seconds.
Jul 08 23:53:27 galactica dhclient[15833]: DHCPREQUEST of 192.168.0.104 on enp2s0 to 192.168.0.10 port 67 (xid=0x44ceaa63)
Jul 08 23:53:27 galactica dhclient[15833]: DHCPACK of 192.168.0.104 from 192.168.0.10
Jul 08 23:53:27 galactica NetworkManager[2408]: [1499572407.4906] address 192.168.0.104
Jul 08 23:53:27 galactica NetworkManager[2408]: [1499572407.4907] plen 24 (255.255.255.0)
Jul 08 23:53:27 galactica NetworkManager[2408]: [1499572407.4907] gateway 192.168.0.1
Jul 08 23:53:27 galactica NetworkManager[2408]: [1499572407.4907] server identifier 192.168.0.10
Jul 08 23:53:27 galactica NetworkManager[2408]: [1499572407.4907] lease time 600
Jul 08 23:53:27 galactica NetworkManager[2408]: [1499572407.4908] nameserver '192.168.0.10'
Jul 08 23:53:27 galactica NetworkManager[2408]: [1499572407.4908] nameserver '8.8.8.8'
Jul 08 23:53:27 galactica NetworkManager[2408]: [1499572407.4908] domain name 'lanes'
Jul 08 23:53:27 galactica NetworkManager[2408]: [1499572407.4908] dhcp4 (enp2s0): state changed bound -> bound
Jul 08 23:53:27 galactica dhclient[15833]: bound to 192.168.0.104 -- renewal in 271 seconds.
Jul 08 23:57:58 galactica dhclient[15833]: DHCPREQUEST of 192.168.0.104 on enp2s0 to 192.168.0.10 port 67 (xid=0x44ceaa63)
Jul 08 23:57:58 galactica dhclient[15833]: DHCPACK of 192.168.0.104 from 192.168.0.10
Jul 08 23:57:58 galactica NetworkManager[2408]: [1499572678.7651] address 192.168.0.104
Jul 08 23:57:58 galactica NetworkManager[2408]: [1499572678.7652] plen 24 (255.255.255.0)
Jul 08 23:57:58 galactica NetworkManager[2408]: [1499572678.7652] gateway 192.168.0.1
Jul 08 23:57:58 galactica NetworkManager[2408]: [1499572678.7653] server identifier 192.168.0.10
Jul 08 23:57:58 galactica NetworkManager[2408]: [1499572678.7653] lease time 600
Jul 08 23:57:58 galactica NetworkManager[2408]: [1499572678.7653] nameserver '192.168.0.10'
Jul 08 23:57:58 galactica NetworkManager[2408]: [1499572678.7653] nameserver '8.8.8.8'
Jul 08 23:57:58 galactica NetworkManager[2408]: [1499572678.7654] domain name 'lanes'
Jul 08 23:57:58 galactica NetworkManager[2408]: [1499572678.7654] dhcp4 (enp2s0): state changed bound -> bound
Jul 08 23:57:58 galactica dhclient[15833]: bound to 192.168.0.104 -- renewal in 290 seconds.
Jul 09 00:02:48 galactica dhclient[15833]: DHCPREQUEST of 192.168.0.104 on enp2s0 to 192.168.0.10 port 67 (xid=0x44ceaa63)
Jul 09 00:02:48 galactica dhclient[15833]: DHCPACK of 192.168.0.104 from 192.168.0.10
Jul 09 00:02:48 galactica NetworkManager[2408]: [1499572968.8670] address 192.168.0.104
Jul 09 00:02:48 galactica NetworkManager[2408]: [1499572968.8671] plen 24 (255.255.255.0)
Jul 09 00:02:48 galactica NetworkManager[2408]: [1499572968.8671] gateway 192.168.0.1
Jul 09 00:02:48 galactica NetworkManager[2408]: [1499572968.8672] server identifier 192.168.0.10
Jul 09 00:02:48 galactica NetworkManager[2408]: [1499572968.8672] lease time 600
Jul 09 00:02:48 galactica NetworkManager[2408]: [1499572968.8672] nameserver '192.168.0.10'
Jul 09 00:02:48 galactica NetworkManager[2408]: [1499572968.8672] nameserver '8.8.8.8'
Jul 09 00:02:48 galactica NetworkManager[2408]: [1499572968.8673] domain name 'lanes'
Jul 09 00:02:48 galactica NetworkManager[2408]: [1499572968.8673] dhcp4 (enp2s0): state changed bound -> bound
