Nov 02 10:04:29 pharmajohn dhclient[5909]: DHCPACK of 192.168.1.122 from 192.168.1.1
Nov 02 10:04:29 pharmajohn NetworkManager[3059]: [1478099069.9074] address 192.168.1.122
Nov 02 10:04:29 pharmajohn NetworkManager[3059]: [1478099069.9075] plen 24 (255.255.255.0)
Nov 02 10:04:29 pharmajohn NetworkManager[3059]: [1478099069.9075] gateway 192.168.1.1
Nov 02 10:04:29 pharmajohn NetworkManager[3059]: [1478099069.9075] server identifier 192.168.1.1
Nov 02 10:04:29 pharmajohn NetworkManager[3059]: [1478099069.9075] lease time 86400
Nov 02 10:04:29 pharmajohn NetworkManager[3059]: [1478099069.9075] hostname 'pharmajohn'
Nov 02 10:04:29 pharmajohn NetworkManager[3059]: [1478099069.9076] nameserver '192.168.1.1'
Nov 02 10:04:29 pharmajohn NetworkManager[3059]: [1478099069.9076] dhcp4 (eth1): state changed unknown -> bound
Nov 02 10:04:29 pharmajohn NetworkManager[3059]: [1478099069.9115] device (eth1): state change: ip-config -> ip-check (reason 'none') [70 80 0]
Nov 02 10:04:29 pharmajohn NetworkManager[3059]: [1478099069.9146] device (eth1): state change: ip-check -> secondaries (reason 'none') [80 90 0]
Nov 02 10:04:29 pharmajohn NetworkManager[3059]: [1478099069.9154] device (eth1): state change: secondaries -> activated (reason 'none') [90 100 0]
Nov 02 10:04:29 pharmajohn NetworkManager[3059]: [1478099069.9155] manager: NetworkManager state is now CONNECTED_LOCAL
Nov 02 10:04:30 pharmajohn dhclient[5909]: bound to 192.168.1.122 -- renewal in 36848 seconds.
Nov 02 10:04:30 pharmajohn NetworkManager[3059]: [1478099070.0893] manager: NetworkManager state is now CONNECTED_GLOBAL
Nov 02 10:04:30 pharmajohn NetworkManager[3059]: [1478099070.0895] policy: set 'Wired connection 1' (eth1) as default for IPv4 routing and DNS
Nov 02 10:04:30 pharmajohn NetworkManager[3059]: [1478099070.0897] dns-mgr: Writing DNS information to /sbin/resolvconf
Nov 02 10:04:30 pharmajohn NetworkManager[3059]: [1478099070.0981] device (eth1): Activation: successful, device activated.
Nov 02 20:18:37 pharmajohn dhclient[5909]: DHCPREQUEST of 192.168.1.122 on eth1 to 192.168.1.1 port 67 (xid=0x5f849dd3)
Nov 02 20:18:37 pharmajohn dhclient[5909]: DHCPACK of 192.168.1.122 from 192.168.1.1
Nov 02 20:18:38 pharmajohn dhclient[5909]: bound to 192.168.1.122 -- renewal in 30454 seconds.
Nov 02 20:18:38 pharmajohn NetworkManager[3059]: [1478135918.0197] address 192.168.1.122
Nov 02 20:18:38 pharmajohn NetworkManager[3059]: [1478135918.0197] plen 24 (255.255.255.0)
Nov 02 20:18:38 pharmajohn NetworkManager[3059]: [1478135918.0197] gateway 192.168.1.1
Nov 02 20:18:38 pharmajohn NetworkManager[3059]: [1478135918.0198] server identifier 192.168.1.1
Nov 02 20:18:38 pharmajohn NetworkManager[3059]: [1478135918.0198] lease time 86400
Nov 02 20:18:38 pharmajohn NetworkManager[3059]: [1478135918.0198] hostname 'pharmajohn'
Nov 02 20:18:38 pharmajohn NetworkManager[3059]: [1478135918.0198] nameserver '192.168.1.1'
Nov 02 20:18:38 pharmajohn NetworkManager[3059]: [1478135918.0198] dhcp4 (eth1): state changed bound -> bound
Nov 02 20:57:05 pharmajohn kernel: TCP: request_sock_TCP: Possible SYN flooding on port 33081. Sending cookies. Check SNMP counters.
Nov 03 04:46:11 pharmajohn dhclient[5909]: DHCPREQUEST of 192.168.1.122 on eth1 to 192.168.1.1 port 67 (xid=0x5f849dd3)
Nov 03 04:46:11 pharmajohn dhclient[5909]: DHCPACK of 192.168.1.122 from 192.168.1.1
Nov 03 04:46:11 pharmajohn dhclient[5909]: bound to 192.168.1.122 -- renewal in 34662 seconds.
Nov 03 14:23:53 pharmajohn dhclient[5909]: DHCPREQUEST of 192.168.1.122 on eth1 to 192.168.1.1 port 67 (xid=0x5f849dd3)
Nov 03 14:23:53 pharmajohn dhclient[5909]: DHCPACK of 192.168.1.122 from 192.168.1.1
Nov 03 14:23:53 pharmajohn NetworkManager[3059]: [1478201033.7541] address 192.168.1.122
Nov 03 14:23:53 pharmajohn NetworkManager[3059]: [1478201033.7972] plen 24 (255.255.255.0)
Nov 03 14:23:53 pharmajohn dhclient[5909]: bound to 192.168.1.122 -- renewal in 32925 seconds.
Nov 03 14:23:53 pharmajohn NetworkManager[3059]: [1478201033.7972] gateway 192.168.1.1
Nov 03 14:23:53 pharmajohn NetworkManager[3059]: [1478201033.7972] server identifier 192.168.1.1
Nov 03 14:23:53 pharmajohn NetworkManager[3059]: [1478201033.7972] lease time 86400
Nov 03 14:23:53 pharmajohn NetworkManager[3059]: [1478201033.7973] hostname 'pharmajohn'
Nov 03 14:23:53 pharmajohn NetworkManager[3059]: [1478201033.7973] nameserver '192.168.1.1'
Nov 03 14:23:53 pharmajohn NetworkManager[3059]: [1478201033.7973] dhcp4 (eth1): state changed bound -> bound
Nov 03 23:32:39 pharmajohn dhclient[5909]: DHCPREQUEST of 192.168.1.122 on eth1 to 192.168.1.1 port 67 (xid=0x5f849dd3)
Nov 03 23:32:39 pharmajohn dhclient[5909]: DHCPACK of 192.168.1.122 from 192.168.1.1
Nov 03 23:32:39 pharmajohn dhclient[5909]: bound to 192.168.1.122 -- renewal in 36023 seconds.
Nov 03 23:32:39 pharmajohn NetworkManager[3059]: [1478233959.9953] address 192.168.1.122
Nov 03 23:32:39 pharmajohn NetworkManager[3059]: [1478233959.9954] plen 24 (255.255.255.0)
Nov 03 23:32:39 pharmajohn NetworkManager[3059]: [1478233959.9956] gateway 192.168.1.1
Nov 03 23:32:39 pharmajohn NetworkManager[3059]: [1478233959.9956] server identifier 192.168.1.1
Nov 03 23:32:39 pharmajohn NetworkManager[3059]: [1478233959.9956] lease time 86400
Nov 03 23:32:39 pharmajohn NetworkManager[3059]: [1478233959.9957] hostname 'pharmajohn'
Nov 03 23:32:39 pharmajohn NetworkManager[3059]: [1478233959.9957] nameserver '192.168.1.1'
Nov 03 23:32:40 pharmajohn NetworkManager[3059]: [1478233960.0213] dhcp4 (eth1): state changed bound -> bound
Nov 04 02:23:15 pharmajohn kernel: perf: interrupt took too long (12173 > 6166), lowering kernel.perf_event_max_sample_rate to 16250
Nov 04 09:33:02 pharmajohn dhclient[5909]: DHCPREQUEST of 192.168.1.122 on eth1 to 192.168.1.1 port 67 (xid=0x5f849dd3)
Nov 04 09:33:02 pharmajohn dhclient[5909]: DHCPACK of 192.168.1.122 from 192.168.1.1
Nov 04 09:33:02 pharmajohn dhclient[5909]: bound to 192.168.1.122 -- renewal in 34307 seconds.
Nov 04 19:04:49 pharmajohn dhclient[5909]: DHCPREQUEST of 192.168.1.122 on eth1 to 192.168.1.1 port 67 (xid=0x5f849dd3)
Nov 04 19:04:49 pharmajohn dhclient[5909]: DHCPACK of 192.168.1.122 from 192.168.1.1
Nov 04 19:04:49 pharmajohn dhclient[5909]: bound to 192.168.1.122 -- renewal in 36147 seconds.
Nov 04 19:04:49 pharmajohn NetworkManager[3059]: [1478304289.9237] address 192.168.1.122
Nov 04 19:04:49 pharmajohn NetworkManager[3059]: [1478304289.9509] plen 24 (255.255.255.0)
Nov 04 19:04:49 pharmajohn NetworkManager[3059]: [1478304289.9567] gateway 192.168.1.1
Nov 04 19:04:49 pharmajohn NetworkManager[3059]: [1478304289.9568] server identifier 192.168.1.1
Nov 04 19:04:49 pharmajohn NetworkManager[3059]: [1478304289.9568] lease time 86400
Nov 04 19:04:49 pharmajohn NetworkManager[3059]: [1478304289.9568] hostname 'pharmajohn'
Nov 04 19:04:49 pharmajohn NetworkManager[3059]: [1478304289.9568] nameserver '192.168.1.1'
Nov 04 19:04:49 pharmajohn NetworkManager[3059]: [1478304289.9915] dhcp4 (eth1): state changed bound -> bound
Nov 05 05:07:16 pharmajohn dhclient[5909]: DHCPREQUEST of 192.168.1.122 on eth1 to 192.168.1.1 port 67 (xid=0x5f849dd3)
Nov 05 05:07:16 pharmajohn dhclient[5909]: DHCPACK of 192.168.1.122 from 192.168.1.1
Nov 05 05:07:17 pharmajohn dhclient[5909]: bound to 192.168.1.122 -- renewal in 38009 seconds.
Nov 05 05:07:17 pharmajohn NetworkManager[3059]: [1478340437.4287] address 192.168.1.122
Nov 05 05:07:17 pharmajohn NetworkManager[3059]: [1478340437.4288] plen 24 (255.255.255.0)
Nov 05 05:07:17 pharmajohn NetworkManager[3059]: [1478340437.4288] gateway 192.168.1.1
Nov 05 05:07:17 pharmajohn NetworkManager[3059]: [1478340437.4288] server identifier 192.168.1.1
Nov 05 05:07:17 pharmajohn NetworkManager[3059]: [1478340437.4288] lease time 86400
Nov 05 05:07:17 pharmajohn NetworkManager[3059]: [1478340437.4288] hostname 'pharmajohn'
Nov 05 05:07:17 pharmajohn NetworkManager[3059]: [1478340437.4289] nameserver '192.168.1.1'
Nov 05 05:07:17 pharmajohn NetworkManager[3059]: [1478340437.4289] dhcp4 (eth1): state changed bound -> bound
Nov 05 15:40:46 pharmajohn dhclient[5909]: DHCPREQUEST of 192.168.1.122 on eth1 to 192.168.1.1 port 67 (xid=0x5f849dd3)
Nov 05 15:40:46 pharmajohn dhclient[5909]: DHCPACK of 192.168.1.122 from 192.168.1.1
Nov 05 15:40:47 pharmajohn dhclient[5909]: bound to 192.168.1.122 -- renewal in 29225 seconds.
Nov 05 15:40:47 pharmajohn NetworkManager[3059]: [1478378447.4377] address 192.168.1.122
Nov 05 15:40:47 pharmajohn NetworkManager[3059]: [1478378447.4791] plen 24 (255.255.255.0)
Nov 05 15:40:47 pharmajohn NetworkManager[3059]: [1478378447.4791] gateway 192.168.1.1
Nov 05 15:40:47 pharmajohn NetworkManager[3059]: [1478378447.4791] server identifier 192.168.1.1
Nov 05 15:40:47 pharmajohn NetworkManager[3059]: [1478378447.4791] lease time 86400
Nov 05 15:40:47 pharmajohn NetworkManager[3059]: [1478378447.4792] hostname 'pharmajohn'
Nov 05 15:40:47 pharmajohn NetworkManager[3059]: [1478378447.4792] nameserver '192.168.1.1'
Nov 05 15:40:47 pharmajohn NetworkManager[3059]: [1478378447.4795] dhcp4 (eth1): state changed bound -> bound
Nov 05 23:47:52 pharmajohn dhclient[5909]: DHCPREQUEST of 192.168.1.122 on eth1 to 192.168.1.1 port 67 (xid=0x5f849dd3)
Nov 05 23:47:52 pharmajohn dhclient[5909]: DHCPACK of 192.168.1.122 from 192.168.1.1
Nov 05 23:47:52 pharmajohn NetworkManager[3059]: [1478407672.9611] address 192.168.1.122
Nov 05 23:47:52 pharmajohn NetworkManager[3059]: [1478407672.9611] plen 24 (255.255.255.0)
Nov 05 23:47:52 pharmajohn NetworkManager[3059]: [1478407672.9611] gateway 192.168.1.1
Nov 05 23:47:52 pharmajohn dhclient[5909]: bound to 192.168.1.122 -- renewal in 37281 seconds.
Nov 05 23:47:52 pharmajohn NetworkManager[3059]: [1478407672.9612] server identifier 192.168.1.1
Nov 05 23:47:52 pharmajohn NetworkManager[3059]: [1478407672.9612] lease time 86400
Nov 05 23:47:52 pharmajohn NetworkManager[3059]: [1478407672.9612] hostname 'pharmajohn'
Nov 05 23:47:52 pharmajohn NetworkManager[3059]: [1478407672.9612] nameserver '192.168.1.1'
Nov 05 23:47:52 pharmajohn NetworkManager[3059]: [1478407672.9617] dhcp4 (eth1): state changed bound -> bound
Nov 06 09:09:14 pharmajohn dhclient[5909]: DHCPREQUEST of 192.168.1.122 on eth1 to 192.168.1.1 port 67 (xid=0x5f849dd3)
Nov 06 09:09:14 pharmajohn dhclient[5909]: DHCPACK of 192.168.1.122 from 192.168.1.1
Nov 06 09:09:14 pharmajohn dhclient[5909]: bound to 192.168.1.122 -- renewal in 34818 seconds.
Nov 06 18:49:32 pharmajohn dhclient[5909]: DHCPREQUEST of 192.168.1.122 on eth1 to 192.168.1.1 port 67 (xid=0x5f849dd3)
Nov 06 18:49:32 pharmajohn dhclient[5909]: DHCPACK of 192.168.1.122 from 192.168.1.1
Nov 06 18:49:32 pharmajohn NetworkManager[3059]: [1478479772.6570] address 192.168.1.122
Nov 06 18:49:32 pharmajohn NetworkManager[3059]: [1478479772.6570] plen 24 (255.255.255.0)
Nov 06 18:49:32 pharmajohn NetworkManager[3059]: [1478479772.7028] gateway 192.168.1.1
Nov 06 18:49:32 pharmajohn dhclient[5909]: bound to 192.168.1.122 -- renewal in 38176 seconds.
Nov 06 18:49:32 pharmajohn NetworkManager[3059]: [1478479772.7028] server identifier 192.168.1.1
Nov 06 18:49:32 pharmajohn NetworkManager[3059]: [1478479772.7028] lease time 86400
Nov 06 18:49:32 pharmajohn NetworkManager[3059]: [1478479772.7028] hostname 'pharmajohn'
Nov 06 18:49:32 pharmajohn NetworkManager[3059]: [1478479772.7029] nameserver '192.168.1.1'
Nov 06 18:49:32 pharmajohn NetworkManager[3059]: [1478479772.7518] dhcp4 (eth1): state changed bound -> bound
Nov 07 05:01:28 pharmajohn kernel: systemd: 25 output lines suppressed due to ratelimiting
Nov 07 05:25:48 pharmajohn dhclient[5909]: DHCPREQUEST of 192.168.1.122 on eth1 to 192.168.1.1 port 67 (xid=0x5f849dd3)
Nov 07 05:25:48 pharmajohn dhclient[5909]: DHCPACK of 192.168.1.122 from 192.168.1.1
Nov 07 05:25:48 pharmajohn NetworkManager[3059]: [1478517948.3498] address 192.168.1.122
Nov 07 05:25:48 pharmajohn NetworkManager[3059]: [1478517948.3498] plen 24 (255.255.255.0)
Nov 07 05:25:48 pharmajohn NetworkManager[3059]: [1478517948.3647] gateway 192.168.1.1
Nov 07 05:25:48 pharmajohn NetworkManager[3059]: [1478517948.3647] server identifier 192.168.1.1
Nov 07 05:25:48 pharmajohn NetworkManager[3059]: [1478517948.3647] lease time 86400
Nov 07 05:25:48 pharmajohn NetworkManager[3059]: [1478517948.3648] hostname 'pharmajohn'
Nov 07 05:25:48 pharmajohn dhclient[5909]: bound to 192.168.1.122 -- renewal in 36032 seconds.
Nov 07 05:25:48 pharmajohn NetworkManager[3059]: [1478517948.3648] nameserver '192.168.1.1'
Nov 07 05:25:48 pharmajohn NetworkManager[3059]: [1478517948.3648] dhcp4 (eth1): state changed bound -> bound
Nov 07 15:26:20 pharmajohn dhclient[5909]: DHCPREQUEST of 192.168.1.122 on eth1 to 192.168.1.1 port 67 (xid=0x5f849dd3)
Nov 07 15:26:20 pharmajohn dhclient[5909]: DHCPACK of 192.168.1.122 from 192.168.1.1
Nov 07 15:26:20 pharmajohn dhclient[5909]: bound to 192.168.1.122 -- renewal in 38469 seconds.
Nov 07 15:26:20 pharmajohn NetworkManager[3059]: [1478553980.7273] address 192.168.1.122
Nov 07 15:26:20 pharmajohn NetworkManager[3059]: [1478553980.7487] plen 24 (255.255.255.0)
Nov 07 15:26:20 pharmajohn NetworkManager[3059]: [1478553980.7487] gateway 192.168.1.1
Nov 07 15:26:20 pharmajohn NetworkManager[3059]: [1478553980.7487] server identifier 192.168.1.1
Nov 07 15:26:20 pharmajohn NetworkManager[3059]: [1478553980.7488] lease time 86400
Nov 07 15:26:20 pharmajohn NetworkManager[3059]: [1478553980.7488] hostname 'pharmajohn'
Nov 07 15:26:20 pharmajohn NetworkManager[3059]: [1478553980.7488] nameserver '192.168.1.1'
Nov 07 15:26:20 pharmajohn NetworkManager[3059]: [1478553980.7488] dhcp4 (eth1): state changed bound -> bound
Nov 07 19:59:16 pharmajohn kernel: e1000e: eth1 NIC Link is Down
Nov 07 19:59:17 pharmajohn NetworkManager[3059]: [1478570357.0840] device (eth1): link disconnected (deferring action for 4 seconds)
Nov 07 19:59:21 pharmajohn NetworkManager[3059]: [1478570361.3697] device (eth1): link disconnected (calling deferred action)
Nov 07 19:59:21 pharmajohn NetworkManager[3059]: [1478570361.4260] device (eth1): state change: activated -> unavailable (reason 'carrier-changed') [100 20 40]
Nov 07 19:59:21 pharmajohn NetworkManager[3059]: [1478570361.6040] dhcp4 (eth1): canceled DHCP transaction, DHCP client pid 5909
Nov 07 19:59:21 pharmajohn NetworkManager[3059]: [1478570361.6041] dhcp4 (eth1): state changed bound -> done
Nov 07 19:59:22 pharmajohn NetworkManager[3059]: [1478570362.0776] dns-mgr: Writing DNS information to /sbin/resolvconf
Nov 07 19:59:22 pharmajohn NetworkManager[3059]: [1478570362.6130] manager: NetworkManager state is now CONNECTED_LOCAL
Nov 07 19:59:22 pharmajohn NetworkManager[3059]: [1478570362.6789] manager: NetworkManager state is now DISCONNECTED
Nov 07 20:03:45 pharmajohn NetworkManager[3059]: [1478570625.1392] device (eth1): link connected
Nov 07 20:03:45 pharmajohn kernel: e1000e: eth1 NIC Link is Up 1000 Mbps Full Duplex, Flow Control: Rx/Tx
Nov 07 20:03:45 pharmajohn NetworkManager[3059]: [1478570625.1399] device (eth1): state change: unavailable -> disconnected (reason 'carrier-changed') [20 30 40]
Nov 07 20:03:45 pharmajohn NetworkManager[3059]: [1478570625.1412] policy: auto-activating connection 'Wired connection 1'
Nov 07 20:03:45 pharmajohn NetworkManager[3059]: [1478570625.2373] device (eth1): Activation: starting connection 'Wired connection 1' (2eb8d695-527d-3e66-a1a0-cc2f808e0b39)
Nov 07 20:03:45 pharmajohn NetworkManager[3059]: [1478570625.2375] device (eth1): state change: disconnected -> prepare (reason 'none') [30 40 0]
Nov 07 20:03:45 pharmajohn NetworkManager[3059]: [1478570625.2377] manager: NetworkManager state is now CONNECTING
Nov 07 20:03:45 pharmajohn NetworkManager[3059]: [1478570625.2382] device (eth1): state change: prepare -> config (reason 'none') [40 50 0]
Nov 07 20:03:45 pharmajohn NetworkManager[3059]: [1478570625.2673] device (eth1): state change: config -> ip-config (reason 'none') [50 70 0]
Nov 07 20:03:45 pharmajohn NetworkManager[3059]: [1478570625.3487] dhcp4 (eth1): activation: beginning transaction (timeout in 45 seconds)
Nov 07 20:03:45 pharmajohn NetworkManager[3059]: [1478570625.5598] dhcp4 (eth1): dhclient started with pid 30345
Nov 07 20:03:46 pharmajohn dhclient[30345]: DHCPREQUEST of 192.168.1.122 on eth1 to 255.255.255.255 port 67 (xid=0x785ff7c5)
Nov 07 20:03:49 pharmajohn dhclient[30345]: DHCPREQUEST of 192.168.1.122 on eth1 to 255.255.255.255 port 67 (xid=0x785ff7c5)
Nov 07 20:03:56 pharmajohn dhclient[30345]: DHCPREQUEST of 192.168.1.122 on eth1 to 255.255.255.255 port 67 (xid=0x785ff7c5)
Nov 07 20:04:14 pharmajohn dhclient[30345]: DHCPDISCOVER on eth1 to 255.255.255.255 port 67 interval 3 (xid=0x847bdf24)
Nov 07 20:04:17 pharmajohn dhclient[30345]: DHCPDISCOVER on eth1 to 255.255.255.255 port 67 interval 8 (xid=0x847bdf24)
Nov 07 20:04:25 pharmajohn dhclient[30345]: DHCPDISCOVER on eth1 to 255.255.255.255 port 67 interval 10 (xid=0x847bdf24)
Nov 07 20:04:30 pharmajohn NetworkManager[3059]: [1478570670.3734] dhcp4 (eth1): request timed out
Nov 07 20:04:30 pharmajohn NetworkManager[3059]: [1478570670.3734] dhcp4 (eth1): state changed unknown -> timeout
Nov 07 20:04:30 pharmajohn NetworkManager[3059]: [1478570670.4060] dhcp4 (eth1): canceled DHCP transaction, DHCP client pid 30345
Nov 07 20:04:30 pharmajohn NetworkManager[3059]: [1478570670.4060] dhcp4 (eth1): state changed timeout -> done
Nov 07 20:04:30 pharmajohn NetworkManager[3059]: [1478570670.4063] device (eth1): state change: ip-config -> failed (reason 'ip-config-unavailable') [70 120 5]
Nov 07 20:04:30 pharmajohn NetworkManager[3059]: [1478570670.4065] manager: NetworkManager state is now DISCONNECTED
Nov 07 20:04:30 pharmajohn NetworkManager[3059]: [1478570670.4068] device (eth1): Activation: failed for connection 'Wired connection 1'
Nov 07 20:04:30 pharmajohn NetworkManager[3059]: [1478570670.4074] device (eth1): state change: failed -> disconnected (reason 'none') [120 30 0]
Nov 07 20:04:30 pharmajohn NetworkManager[3059]: [1478570670.4118] policy: auto-activating connection 'Wired connection 1'
Nov 07 20:04:30 pharmajohn NetworkManager[3059]: [1478570670.4137] device (eth1): Activation: starting connection 'Wired connection 1' (2eb8d695-527d-3e66-a1a0-cc2f808e0b39)
Nov 07 20:04:30 pharmajohn NetworkManager[3059]: [1478570670.4139] device (eth1): state change: disconnected -> prepare (reason 'none') [30 40 0]
Nov 07 20:04:30 pharmajohn dhclient[30360]: DHCPREQUEST of 192.168.1.122 on eth1 to 255.255.255.255 port 67 (xid=0x4c131566)
Nov 07 20:04:30 pharmajohn NetworkManager[3059]: [1478570670.4140] manager: NetworkManager state is now CONNECTING
Nov 07 20:04:30 pharmajohn NetworkManager[3059]: [1478570670.4145] device (eth1): state change: prepare -> config (reason 'none') [40 50 0]
Nov 07 20:04:30 pharmajohn NetworkManager[3059]: [1478570670.4158] device (eth1): state change: config -> ip-config (reason 'none') [50 70 0]
Nov 07 20:04:30 pharmajohn NetworkManager[3059]: [1478570670.4162] dhcp4 (eth1): activation: beginning transaction (timeout in 45 seconds)
Nov 07 20:04:30 pharmajohn NetworkManager[3059]: [1478570670.4186] dhcp4 (eth1): dhclient started with pid 30360
Nov 07 20:04:33 pharmajohn dhclient[30360]: DHCPREQUEST of 192.168.1.122 on eth1 to 255.255.255.255 port 67 (xid=0x4c131566)
Nov 07 20:04:40 pharmajohn dhclient[30360]: DHCPREQUEST of 192.168.1.122 on eth1 to 255.255.255.255 port 67 (xid=0x4c131566)
Nov 07 20:04:40 pharmajohn dhclient[30360]: DHCPACK of 192.168.1.122 from 192.168.1.1
Nov 07 20:04:40 pharmajohn NetworkManager[3059]: [1478570680.1921] address 192.168.1.122
Nov 07 20:04:40 pharmajohn NetworkManager[3059]: [1478570680.1926] plen 24 (255.255.255.0)
Nov 07 20:04:40 pharmajohn NetworkManager[3059]: [1478570680.1927] gateway 192.168.1.1
Nov 07 20:04:40 pharmajohn NetworkManager[3059]: [1478570680.1927] server identifier 192.168.1.1
Nov 07 20:04:40 pharmajohn NetworkManager[3059]: [1478570680.1927] lease time 86400
Nov 07 20:04:40 pharmajohn NetworkManager[3059]: [1478570680.1927] hostname 'pharmajohn'
Nov 07 20:04:40 pharmajohn NetworkManager[3059]: [1478570680.1928] nameserver '192.168.1.1'
Nov 07 20:04:40 pharmajohn NetworkManager[3059]: [1478570680.1928] dhcp4 (eth1): state changed unknown -> bound
Nov 07 20:04:40 pharmajohn NetworkManager[3059]: [1478570680.1966] device (eth1): state change: ip-config -> ip-check (reason 'none') [70 80 0]
Nov 07 20:04:40 pharmajohn NetworkManager[3059]: [1478570680.1974] device (eth1): state change: ip-check -> secondaries (reason 'none') [80 90 0]
Nov 07 20:04:40 pharmajohn dhclient[30360]: bound to 192.168.1.122 -- renewal in 33194 seconds.
Nov 07 20:04:40 pharmajohn NetworkManager[3059]: [1478570680.1977] device (eth1): state change: secondaries -> activated (reason 'none') [90 100 0]
Nov 07 20:04:40 pharmajohn NetworkManager[3059]: [1478570680.1979] manager: NetworkManager state is now CONNECTED_LOCAL
Nov 07 20:04:40 pharmajohn NetworkManager[3059]: [1478570680.4455] manager: NetworkManager state is now CONNECTED_GLOBAL
Nov 07 20:04:40 pharmajohn NetworkManager[3059]: [1478570680.4458] policy: set 'Wired connection 1' (eth1) as default for IPv4 routing and DNS
Nov 07 20:04:40 pharmajohn NetworkManager[3059]: [1478570680.4460] dns-mgr: Writing DNS information to /sbin/resolvconf
Nov 07 20:04:40 pharmajohn NetworkManager[3059]: [1478570680.4533] device (eth1): Activation: successful, device activated.
Nov 08 00:05:10 pharmajohn kernel: e1000e: eth1 NIC Link is Down
Nov 08 00:05:10 pharmajohn NetworkManager[3059]: [1478585110.2314] device (eth1): link disconnected (deferring action for 4 seconds)
Nov 08 00:05:13 pharmajohn NetworkManager[3059]: [1478585113.4152] device (eth1): link connected
Nov 08 00:05:13 pharmajohn kernel: e1000e: eth1 NIC Link is Up 1000 Mbps Full Duplex, Flow Control: Rx/Tx
Nov 08 00:05:13 pharmajohn NetworkManager[3059]: [1478585113.4339] device (eth1): DHCPv4 lease renewal requested
Nov 08 00:05:13 pharmajohn NetworkManager[3059]: [1478585113.5057] dhcp4 (eth1): canceled DHCP transaction, DHCP client pid 30360
Nov 08 00:05:13 pharmajohn NetworkManager[3059]: [1478585113.5057] dhcp4 (eth1): state changed bound -> done
Nov 08 00:05:13 pharmajohn NetworkManager[3059]: [1478585113.5353] dhcp4 (eth1): activation: beginning transaction (timeout in 45 seconds)
Nov 08 00:05:13 pharmajohn NetworkManager[3059]: [1478585113.6067] dhcp4 (eth1): dhclient started with pid 1625
Nov 08 00:05:13 pharmajohn dhclient[1625]: DHCPREQUEST of 192.168.1.122 on eth1 to 255.255.255.255 port 67 (xid=0x5019842a)
Nov 08 00:05:16 pharmajohn dhclient[1625]: DHCPREQUEST of 192.168.1.122 on eth1 to 255.255.255.255 port 67 (xid=0x5019842a)
Nov 08 00:05:24 pharmajohn dhclient[1625]: DHCPDISCOVER on eth1 to 255.255.255.255 port 67 interval 3 (xid=0xe64f064b)
Nov 08 00:05:27 pharmajohn dhclient[1625]: DHCPDISCOVER on eth1 to 255.255.255.255 port 67 interval 6 (xid=0xe64f064b)
Nov 08 00:05:33 pharmajohn dhclient[1625]: DHCPDISCOVER on eth1 to 255.255.255.255 port 67 interval 13 (xid=0xe64f064b)
Nov 08 00:05:46 pharmajohn dhclient[1625]: DHCPDISCOVER on eth1 to 255.255.255.255 port 67 interval 18 (xid=0xe64f064b)
Nov 08 00:05:58 pharmajohn NetworkManager[3059]: [1478585158.4109] dhcp4 (eth1): request timed out
Nov 08 00:05:58 pharmajohn NetworkManager[3059]: [1478585158.4110] dhcp4 (eth1): state changed unknown -> timeout
Nov 08 00:05:58 pharmajohn NetworkManager[3059]: [1478585158.4271] dhcp4 (eth1): canceled DHCP transaction, DHCP client pid 1625
Nov 08 00:05:58 pharmajohn NetworkManager[3059]: [1478585158.4271] dhcp4 (eth1): state changed timeout -> done
Nov 08 00:05:58 pharmajohn NetworkManager[3059]: [1478585158.4276] device (eth1): state change: activated -> failed (reason 'ip-config-unavailable') [100 120 5]
Nov 08 00:05:58 pharmajohn NetworkManager[3059]: [1478585158.4278] manager: NetworkManager state is now CONNECTED_LOCAL
Nov 08 00:05:58 pharmajohn NetworkManager[3059]: [1478585158.4280] manager: NetworkManager state is now DISCONNECTED
Nov 08 00:05:58 pharmajohn NetworkManager[3059]: [1478585158.6224] device (eth1): Activation: failed for connection 'Wired connection 1'
Nov 08 00:05:58 pharmajohn NetworkManager[3059]: [1478585158.6245] device (eth1): state change: failed -> disconnected (reason 'none') [120 30 0]
Nov 08 00:05:58 pharmajohn NetworkManager[3059]: [1478585158.7178] dns-mgr: Writing DNS information to /sbin/resolvconf
Nov 08 00:05:59 pharmajohn NetworkManager[3059]: [1478585159.0294] policy: auto-activating connection 'Wired connection 1'
Nov 08 00:05:59 pharmajohn NetworkManager[3059]: [1478585159.0303] device (eth1): Activation: starting connection 'Wired connection 1' (2eb8d695-527d-3e66-a1a0-cc2f808e0b39)
Nov 08 00:05:59 pharmajohn NetworkManager[3059]: [1478585159.0305] device (eth1): state change: disconnected -> prepare (reason 'none') [30 40 0]
Nov 08 00:05:59 pharmajohn dhclient[1647]: DHCPREQUEST of 192.168.1.122 on eth1 to 255.255.255.255 port 67 (xid=0x3ef58664)
Nov 08 00:05:59 pharmajohn NetworkManager[3059]: [1478585159.0307] manager: NetworkManager state is now CONNECTING
Nov 08 00:05:59 pharmajohn NetworkManager[3059]: [1478585159.0312] device (eth1): state change: prepare -> config (reason 'none') [40 50 0]
Nov 08 00:05:59 pharmajohn NetworkManager[3059]: [1478585159.0318] device (eth1): state change: config -> ip-config (reason 'none') [50 70 0]
Nov 08 00:05:59 pharmajohn NetworkManager[3059]: [1478585159.0322] dhcp4 (eth1): activation: beginning transaction (timeout in 45 seconds)
Nov 08 00:05:59 pharmajohn NetworkManager[3059]: [1478585159.0449] dhcp4 (eth1): dhclient started with pid 1647
Nov 08 00:06:02 pharmajohn dhclient[1647]: DHCPREQUEST of 192.168.1.122 on eth1 to 255.255.255.255 port 67 (xid=0x3ef58664)
Nov 08 00:06:02 pharmajohn dhclient[1647]: DHCPACK of 192.168.1.122 from 192.168.1.1
Nov 08 00:06:02 pharmajohn NetworkManager[3059]: [1478585162.2289] address 192.168.1.122
Nov 08 00:06:02 pharmajohn NetworkManager[3059]: [1478585162.2289] plen 24 (255.255.255.0)
Nov 08 00:06:02 pharmajohn NetworkManager[3059]: [1478585162.2290] gateway 192.168.1.1
Nov 08 00:06:02 pharmajohn NetworkManager[3059]: [1478585162.2290] server identifier 192.168.1.1
Nov 08 00:06:02 pharmajohn NetworkManager[3059]: [1478585162.2290] lease time 86400
Nov 08 00:06:02 pharmajohn NetworkManager[3059]: [1478585162.2290] hostname 'pharmajohn'
Nov 08 00:06:02 pharmajohn NetworkManager[3059]: [1478585162.2290] nameserver '192.168.1.1'
Nov 08 00:06:02 pharmajohn NetworkManager[3059]: [1478585162.2290] dhcp4 (eth1): state changed unknown -> bound
Nov 08 00:06:02 pharmajohn NetworkManager[3059]: [1478585162.2320] device (eth1): state change: ip-config -> ip-check (reason 'none') [70 80 0]
Nov 08 00:06:02 pharmajohn NetworkManager[3059]: [1478585162.2327] device (eth1): state change: ip-check -> secondaries (reason 'none') [80 90 0]
Nov 08 00:06:02 pharmajohn NetworkManager[3059]: [1478585162.2330] device (eth1): state change: secondaries -> activated (reason 'none') [90 100 0]
Nov 08 00:06:02 pharmajohn NetworkManager[3059]: [1478585162.2332] manager: NetworkManager state is now CONNECTED_LOCAL
Nov 08 00:06:02 pharmajohn dhclient[1647]: bound to 192.168.1.122 -- renewal in 34112 seconds.
Nov 08 00:06:02 pharmajohn NetworkManager[3059]: [1478585162.3676] manager: NetworkManager state is now CONNECTED_GLOBAL
Nov 08 00:06:02 pharmajohn NetworkManager[3059]: [1478585162.3678] policy: set 'Wired connection 1' (eth1) as default for IPv4 routing and DNS
Nov 08 00:06:02 pharmajohn NetworkManager[3059]: [1478585162.3679] dns-mgr: Writing DNS information to /sbin/resolvconf
Nov 08 00:06:02 pharmajohn NetworkManager[3059]: [1478585162.3764] device (eth1): Activation: successful, device activated.
Nov 08 09:34:35 pharmajohn dhclient[1647]: DHCPREQUEST of 192.168.1.122 on eth1 to 192.168.1.1 port 67 (xid=0x3ef58664)
Nov 08 09:34:35 pharmajohn dhclient[1647]: DHCPACK of 192.168.1.122 from 192.168.1.1
Nov 08 09:34:35 pharmajohn dhclient[1647]: bound to 192.168.1.122 -- renewal in 36416 seconds.
Nov 08 09:34:35 pharmajohn NetworkManager[3059]: [1478619275.2250] address 192.168.1.122
Nov 08 09:34:35 pharmajohn NetworkManager[3059]: [1478619275.3226] plen 24 (255.255.255.0)
Nov 08 09:34:35 pharmajohn NetworkManager[3059]: [1478619275.3226] gateway 192.168.1.1
Nov 08 09:34:35 pharmajohn NetworkManager[3059]: [1478619275.3227] server identifier 192.168.1.1
Nov 08 09:34:35 pharmajohn NetworkManager[3059]: [1478619275.3227] lease time 86400
Nov 08 09:34:35 pharmajohn NetworkManager[3059]: [1478619275.3227] hostname 'pharmajohn'
Nov 08 09:34:35 pharmajohn NetworkManager[3059]: [1478619275.3227] nameserver '192.168.1.1'
Nov 08 09:34:35 pharmajohn NetworkManager[3059]: [1478619275.3228] dhcp4 (eth1): state changed bound -> bound
Nov 08 16:02:36 pharmajohn kernel: e1000e: eth1 NIC Link is Down
Nov 08 16:02:36 pharmajohn NetworkManager[3059]: [1478642556.2725] device (eth1): link disconnected (deferring action for 4 seconds)
Nov 08 16:02:40 pharmajohn NetworkManager[3059]: [1478642560.3698] device (eth1): link disconnected (calling deferred action)
Nov 08 16:02:40 pharmajohn NetworkManager[3059]: [1478642560.3713] device (eth1): state change: activated -> unavailable (reason 'carrier-changed') [100 20 40]
Nov 08 16:02:40 pharmajohn NetworkManager[3059]: [1478642560.4732] dhcp4 (eth1): canceled DHCP transaction, DHCP client pid 1647
Nov 08 16:02:40 pharmajohn NetworkManager[3059]: [1478642560.4732] dhcp4 (eth1): state changed bound -> done
Nov 08 16:02:40 pharmajohn NetworkManager[3059]: [1478642560.6151] dns-mgr: Writing DNS information to /sbin/resolvconf
Nov 08 16:02:40 pharmajohn NetworkManager[3059]: [1478642560.9151] manager: NetworkManager state is now CONNECTED_LOCAL
Nov 08 16:02:40 pharmajohn NetworkManager[3059]: [1478642560.9159] manager: NetworkManager state is now DISCONNECTED
Nov 08 16:03:34 pharmajohn NetworkManager[3059]: [1478642614.8113] device (eth1): link connected
Nov 08 16:03:34 pharmajohn NetworkManager[3059]: [1478642614.8117] device (eth1): state change: unavailable -> disconnected (reason 'carrier-changed') [20 30 40]
Nov 08 16:03:34 pharmajohn kernel: e1000e: eth1 NIC Link is Up 1000 Mbps Full Duplex, Flow Control: Rx/Tx
Nov 08 16:03:34 pharmajohn NetworkManager[3059]: [1478642614.8130] policy: auto-activating connection 'Wired connection 1'
Nov 08 16:03:34 pharmajohn NetworkManager[3059]: [1478642614.8140] device (eth1): Activation: starting connection 'Wired connection 1' (2eb8d695-527d-3e66-a1a0-cc2f808e0b39)
Nov 08 16:03:34 pharmajohn NetworkManager[3059]: [1478642614.8141] device (eth1): state change: disconnected -> prepare (reason 'none') [30 40 0]
Nov 08 16:03:34 pharmajohn NetworkManager[3059]: [1478642614.8142] manager: NetworkManager state is now CONNECTING
Nov 08 16:03:34 pharmajohn NetworkManager[3059]: [1478642614.8147] device (eth1): state change: prepare -> config (reason 'none') [40 50 0]
Nov 08 16:03:34 pharmajohn NetworkManager[3059]: [1478642614.8153] device (eth1): state change: config -> ip-config (reason 'none') [50 70 0]
Nov 08 16:03:34 pharmajohn NetworkManager[3059]: [1478642614.8156] dhcp4 (eth1): activation: beginning transaction (timeout in 45 seconds)
Nov 08 16:03:34 pharmajohn NetworkManager[3059]: [1478642614.9983] dhcp4 (eth1): dhclient started with pid 23312
Nov 08 16:03:35 pharmajohn dhclient[23312]: DHCPREQUEST of 192.168.1.122 on eth1 to 255.255.255.255 port 67 (xid=0x2d8cdded)
Nov 08 16:03:39 pharmajohn dhclient[23312]: DHCPREQUEST of 192.168.1.122 on eth1 to 255.255.255.255 port 67 (xid=0x2d8cdded)
Nov 08 16:03:47 pharmajohn dhclient[23312]: DHCPDISCOVER on eth1 to 255.255.255.255 port 67 interval 3 (xid=0xfb88a872)
Nov 08 16:03:50 pharmajohn dhclient[23312]: DHCPDISCOVER on eth1 to 255.255.255.255 port 67 interval 4 (xid=0xfb88a872)
Nov 08 16:03:54 pharmajohn dhclient[23312]: DHCPDISCOVER on eth1 to 255.255.255.255 port 67 interval 6 (xid=0xfb88a872)
Nov 08 16:04:00 pharmajohn dhclient[23312]: DHCPDISCOVER on eth1 to 255.255.255.255 port 67 interval 7 (xid=0xfb88a872)
Nov 08 16:04:07 pharmajohn dhclient[23312]: DHCPDISCOVER on eth1 to 255.255.255.255 port 67 interval 10 (xid=0xfb88a872)
Nov 08 16:04:17 pharmajohn dhclient[23312]: DHCPDISCOVER on eth1 to 255.255.255.255 port 67 interval 11 (xid=0xfb88a872)
Nov 08 16:04:20 pharmajohn NetworkManager[3059]: [1478642660.3798] dhcp4 (eth1): request timed out
Nov 08 16:04:20 pharmajohn NetworkManager[3059]: [1478642660.3798] dhcp4 (eth1): state changed unknown -> timeout
Nov 08 16:04:20 pharmajohn NetworkManager[3059]: [1478642660.3960] dhcp4 (eth1): canceled DHCP transaction, DHCP client pid 23312
Nov 08 16:04:20 pharmajohn NetworkManager[3059]: [1478642660.3960] dhcp4 (eth1): state changed timeout -> done
Nov 08 16:04:20 pharmajohn NetworkManager[3059]: [1478642660.3963] device (eth1): state change: ip-config -> failed (reason 'ip-config-unavailable') [70 120 5]
Nov 08 16:04:20 pharmajohn NetworkManager[3059]: [1478642660.3965] manager: NetworkManager state is now DISCONNECTED
Nov 08 16:04:20 pharmajohn NetworkManager[3059]: [1478642660.3969] device (eth1): Activation: failed for connection 'Wired connection 1'
Nov 08 16:04:20 pharmajohn NetworkManager[3059]: [1478642660.3974] device (eth1): state change: failed -> disconnected (reason 'none') [120 30 0]
Nov 08 16:04:20 pharmajohn NetworkManager[3059]: [1478642660.4074] policy: auto-activating connection 'Wired connection 1'
Nov 08 16:04:20 pharmajohn NetworkManager[3059]: [1478642660.4086] device (eth1): Activation: starting connection 'Wired connection 1' (2eb8d695-527d-3e66-a1a0-cc2f808e0b39)
Nov 08 16:04:20 pharmajohn NetworkManager[3059]: [1478642660.4087] device (eth1): state change: disconnected -> prepare (reason 'none') [30 40 0]
Nov 08 16:04:20 pharmajohn dhclient[23326]: DHCPREQUEST of 192.168.1.122 on eth1 to 255.255.255.255 port 67 (xid=0x40121031)
Nov 08 16:04:20 pharmajohn NetworkManager[3059]: [1478642660.4089] manager: NetworkManager state is now CONNECTING
Nov 08 16:04:20 pharmajohn NetworkManager[3059]: [1478642660.4093] device (eth1): state change: prepare -> config (reason 'none') [40 50 0]
Nov 08 16:04:20 pharmajohn NetworkManager[3059]: [1478642660.4100] device (eth1): state change: config -> ip-config (reason 'none') [50 70 0]
Nov 08 16:04:20 pharmajohn NetworkManager[3059]: [1478642660.4107] dhcp4 (eth1): activation: beginning transaction (timeout in 45 seconds)
Nov 08 16:04:20 pharmajohn NetworkManager[3059]: [1478642660.4824] dhcp4 (eth1): dhclient started with pid 23326
Nov 08 16:04:23 pharmajohn dhclient[23326]: DHCPREQUEST of 192.168.1.122 on eth1 to 255.255.255.255 port 67 (xid=0x40121031)
Nov 08 16:04:27 pharmajohn dhclient[23326]: DHCPREQUEST of 192.168.1.122 on eth1 to 255.255.255.255 port 67 (xid=0x40121031)
Nov 08 16:04:27 pharmajohn dhclient[23326]: DHCPACK of 192.168.1.122 from 192.168.1.1
Nov 08 16:04:27 pharmajohn NetworkManager[3059]: [1478642667.3029] address 192.168.1.122
Nov 08 16:04:27 pharmajohn NetworkManager[3059]: [1478642667.3030] plen 24 (255.255.255.0)
Nov 08 16:04:27 pharmajohn NetworkManager[3059]: [1478642667.3030] gateway 192.168.1.1
Nov 08 16:04:27 pharmajohn NetworkManager[3059]: [1478642667.3030] server identifier 192.168.1.1
Nov 08 16:04:27 pharmajohn NetworkManager[3059]: [1478642667.3030] lease time 86400
Nov 08 16:04:27 pharmajohn NetworkManager[3059]: [1478642667.3030] hostname 'pharmajohn'
Nov 08 16:04:27 pharmajohn NetworkManager[3059]: [1478642667.3031] nameserver '192.168.1.1'
Nov 08 16:04:27 pharmajohn NetworkManager[3059]: [1478642667.3031] dhcp4 (eth1): state changed unknown -> bound
Nov 08 16:04:27 pharmajohn NetworkManager[3059]: [1478642667.3063] device (eth1): state change: ip-config -> ip-check (reason 'none') [70 80 0]
Nov 08 16:04:27 pharmajohn NetworkManager[3059]: [1478642667.3070] device (eth1): state change: ip-check -> secondaries (reason 'none') [80 90 0]
Nov 08 16:04:27 pharmajohn NetworkManager[3059]: [1478642667.3073] device (eth1): state change: secondaries -> activated (reason 'none') [90 100 0]
Nov 08 16:04:27 pharmajohn NetworkManager[3059]: [1478642667.3075] manager: NetworkManager state is now CONNECTED_LOCAL
Nov 08 16:04:27 pharmajohn dhclient[23326]: bound to 192.168.1.122 -- renewal in 33321 seconds.
Nov 08 16:04:27 pharmajohn NetworkManager[3059]: [1478642667.5659] manager: NetworkManager state is now CONNECTED_GLOBAL
Nov 08 16:04:27 pharmajohn NetworkManager[3059]: [1478642667.5660] policy: set 'Wired connection 1' (eth1) as default for IPv4 routing and DNS
Nov 08 16:04:27 pharmajohn NetworkManager[3059]: [1478642667.5662] dns-mgr: Writing DNS information to /sbin/resolvconf
Nov 08 16:04:27 pharmajohn NetworkManager[3059]: [1478642667.5728] device (eth1): Activation: successful, device activated.
Nov 08 16:13:06 pharmajohn NetworkManager[3059]: [1478643186.7306] device (eth1): link disconnected (deferring action for 4 seconds)
Nov 08 16:13:06 pharmajohn kernel: e1000e: eth1 NIC Link is Down
Nov 08 16:13:11 pharmajohn NetworkManager[3059]: [1478643191.3705] device (eth1): link disconnected (calling deferred action)
Nov 08 16:13:11 pharmajohn NetworkManager[3059]: [1478643191.3708] device (eth1): state change: activated -> unavailable (reason 'carrier-changed') [100 20 40]
Nov 08 16:13:11 pharmajohn NetworkManager[3059]: [1478643191.4030] dhcp4 (eth1): canceled DHCP transaction, DHCP client pid 23326
Nov 08 16:13:11 pharmajohn NetworkManager[3059]: [1478643191.4031] dhcp4 (eth1): state changed bound -> done
Nov 08 16:13:11 pharmajohn NetworkManager[3059]: [1478643191.4045] dns-mgr: Writing DNS information to /sbin/resolvconf
Nov 08 16:13:11 pharmajohn NetworkManager[3059]: [1478643191.4143] manager: NetworkManager state is now CONNECTED_LOCAL
Nov 08 16:13:11 pharmajohn NetworkManager[3059]: [1478643191.4145] manager: NetworkManager state is now DISCONNECTED
Nov 08 16:13:27 pharmajohn kernel: e1000e: eth1 NIC Link is Up 1000 Mbps Full Duplex, Flow Control: Rx/Tx
Nov 08 16:13:27 pharmajohn NetworkManager[3059]: [1478643207.8393] device (eth1): link connected
Nov 08 16:13:27 pharmajohn NetworkManager[3059]: [1478643207.8399] device (eth1): state change: unavailable -> disconnected (reason 'carrier-changed') [20 30 40]
Nov 08 16:13:27 pharmajohn NetworkManager[3059]: [1478643207.8412] policy: auto-activating connection 'Wired connection 1'
Nov 08 16:13:27 pharmajohn NetworkManager[3059]: [1478643207.8423] device (eth1): Activation: starting connection 'Wired connection 1' (2eb8d695-527d-3e66-a1a0-cc2f808e0b39)
Nov 08 16:13:27 pharmajohn NetworkManager[3059]: [1478643207.8426] device (eth1): state change: disconnected -> prepare (reason 'none') [30 40 0]
Nov 08 16:13:27 pharmajohn NetworkManager[3059]: [1478643207.8427] manager: NetworkManager state is now CONNECTING
Nov 08 16:13:27 pharmajohn NetworkManager[3059]: [1478643207.8434] device (eth1): state change: prepare -> config (reason 'none') [40 50 0]
Nov 08 16:13:27 pharmajohn NetworkManager[3059]: [1478643207.8441] device (eth1): state change: config -> ip-config (reason 'none') [50 70 0]
Nov 08 16:13:27 pharmajohn dhclient[23660]: DHCPREQUEST of 192.168.1.122 on eth1 to 255.255.255.255 port 67 (xid=0x1e621911)
Nov 08 16:13:27 pharmajohn NetworkManager[3059]: [1478643207.8446] dhcp4 (eth1): activation: beginning transaction (timeout in 45 seconds)
Nov 08 16:13:27 pharmajohn NetworkManager[3059]: [1478643207.8470] dhcp4 (eth1): dhclient started with pid 23660
Nov 08 16:13:30 pharmajohn dhclient[23660]: DHCPREQUEST of 192.168.1.122 on eth1 to 255.255.255.255 port 67 (xid=0x1e621911)
Nov 08 16:13:37 pharmajohn dhclient[23660]: DHCPREQUEST of 192.168.1.122 on eth1 to 255.255.255.255 port 67 (xid=0x1e621911)
Nov 08 16:13:52 pharmajohn dhclient[23660]: DHCPDISCOVER on eth1 to 255.255.255.255 port 67 interval 3 (xid=0x7db4015)
Nov 08 16:13:55 pharmajohn dhclient[23660]: DHCPDISCOVER on eth1 to 255.255.255.255 port 67 interval 8 (xid=0x7db4015)
Nov 08 16:14:03 pharmajohn dhclient[23660]: DHCPDISCOVER on eth1 to 255.255.255.255 port 67 interval 11 (xid=0x7db4015)
Nov 08 16:14:13 pharmajohn NetworkManager[3059]: [1478643253.3697] dhcp4 (eth1): request timed out
Nov 08 16:14:13 pharmajohn NetworkManager[3059]: [1478643253.3698] dhcp4 (eth1): state changed unknown -> timeout
Nov 08 16:14:13 pharmajohn NetworkManager[3059]: [1478643253.3859] dhcp4 (eth1): canceled DHCP transaction, DHCP client pid 23660
Nov 08 16:14:13 pharmajohn NetworkManager[3059]: [1478643253.3859] dhcp4 (eth1): state changed timeout -> done
Nov 08 16:14:13 pharmajohn NetworkManager[3059]: [1478643253.3862] device (eth1): state change: ip-config -> failed (reason 'ip-config-unavailable') [70 120 5]
Nov 08 16:14:13 pharmajohn NetworkManager[3059]: [1478643253.3863] manager: NetworkManager state is now DISCONNECTED
Nov 08 16:14:13 pharmajohn NetworkManager[3059]: [1478643253.3866] device (eth1): Activation: failed for connection 'Wired connection 1'
Nov 08 16:14:13 pharmajohn NetworkManager[3059]: [1478643253.3872] device (eth1): state change: failed -> disconnected (reason 'none') [120 30 0]
Nov 08 16:14:13 pharmajohn NetworkManager[3059]: [1478643253.3972] policy: auto-activating connection 'Wired connection 1'
Nov 08 16:14:13 pharmajohn dhclient[23676]: DHCPREQUEST of 192.168.1.122 on eth1 to 255.255.255.255 port 67 (xid=0x7a9f7c05)
Nov 08 16:14:13 pharmajohn NetworkManager[3059]: [1478643253.3984] device (eth1): Activation: starting connection 'Wired connection 1' (2eb8d695-527d-3e66-a1a0-cc2f808e0b39)
Nov 08 16:14:13 pharmajohn NetworkManager[3059]: [1478643253.3986] device (eth1): state change: disconnected -> prepare (reason 'none') [30 40 0]
Nov 08 16:14:13 pharmajohn NetworkManager[3059]: [1478643253.3987] manager: NetworkManager state is now CONNECTING
Nov 08 16:14:13 pharmajohn NetworkManager[3059]: [1478643253.3992] device (eth1): state change: prepare -> config (reason 'none') [40 50 0]
Nov 08 16:14:13 pharmajohn NetworkManager[3059]: [1478643253.3998] device (eth1): state change: config -> ip-config (reason 'none') [50 70 0]
Nov 08 16:14:13 pharmajohn NetworkManager[3059]: [1478643253.4002] dhcp4 (eth1): activation: beginning transaction (timeout in 45 seconds)
Nov 08 16:14:13 pharmajohn NetworkManager[3059]: [1478643253.4052] dhcp4 (eth1): dhclient started with pid 23676
Nov 08 16:14:16 pharmajohn dhclient[23676]: DHCPREQUEST of 192.168.1.122 on eth1 to 255.255.255.255 port 67 (xid=0x7a9f7c05)
Nov 08 16:14:22 pharmajohn dhclient[23676]: DHCPREQUEST of 192.168.1.122 on eth1 to 255.255.255.255 port 67 (xid=0x7a9f7c05)
Nov 08 16:14:22 pharmajohn dhclient[23676]: DHCPACK of 192.168.1.122 from 192.168.1.1
Nov 08 16:14:22 pharmajohn NetworkManager[3059]: [1478643262.2983] address 192.168.1.122
Nov 08 16:14:22 pharmajohn NetworkManager[3059]: [1478643262.2987] plen 24 (255.255.255.0)
Nov 08 16:14:22 pharmajohn NetworkManager[3059]: [1478643262.2988] gateway 192.168.1.1
Nov 08 16:14:22 pharmajohn NetworkManager[3059]: [1478643262.2988] server identifier 192.168.1.1
Nov 08 16:14:22 pharmajohn NetworkManager[3059]: [1478643262.2988] lease time 86400
Nov 08 16:14:22 pharmajohn NetworkManager[3059]: [1478643262.2988] hostname 'pharmajohn'
Nov 08 16:14:22 pharmajohn dhclient[23676]: bound to 192.168.1.122 -- renewal in 41668 seconds.
Nov 08 16:14:22 pharmajohn NetworkManager[3059]: [1478643262.2988] nameserver '192.168.1.1'
Nov 08 16:14:22 pharmajohn NetworkManager[3059]: [1478643262.2989] dhcp4 (eth1): state changed unknown -> bound
Nov 08 16:14:22 pharmajohn NetworkManager[3059]: [1478643262.3028] device (eth1): state change: ip-config -> ip-check (reason 'none') [70 80 0]
Nov 08 16:14:22 pharmajohn NetworkManager[3059]: [1478643262.3035] device (eth1): state change: ip-check -> secondaries (reason 'none') [80 90 0]
Nov 08 16:14:22 pharmajohn NetworkManager[3059]: [1478643262.3043] device (eth1): state change: secondaries -> activated (reason 'none') [90 100 0]
Nov 08 16:14:22 pharmajohn NetworkManager[3059]: [1478643262.3044] manager: NetworkManager state is now CONNECTED_LOCAL
Nov 08 16:14:22 pharmajohn NetworkManager[3059]: [1478643262.5042] manager: NetworkManager state is now CONNECTED_GLOBAL
Nov 08 16:14:22 pharmajohn NetworkManager[3059]: [1478643262.5044] policy: set 'Wired connection 1' (eth1) as default for IPv4 routing and DNS
Nov 08 16:14:22 pharmajohn NetworkManager[3059]: [1478643262.5046] dns-mgr: Writing DNS information to /sbin/resolvconf
Nov 08 16:14:22 pharmajohn NetworkManager[3059]: [1478643262.5123] device (eth1): Activation: successful, device activated.
Nov 09 03:48:50 pharmajohn dhclient[23676]: DHCPREQUEST of 192.168.1.122 on eth1 to 192.168.1.1 port 67 (xid=0x7a9f7c05)
Nov 09 03:48:50 pharmajohn dhclient[23676]: DHCPACK of 192.168.1.122 from 192.168.1.1
Nov 09 03:48:50 pharmajohn dhclient[23676]: bound to 192.168.1.122 -- renewal in 34612 seconds.
Nov 09 03:48:51 pharmajohn NetworkManager[3059]: [1478684931.0174] address 192.168.1.122
Nov 09 03:48:51 pharmajohn NetworkManager[3059]: [1478684931.0276] plen 24 (255.255.255.0)
Nov 09 03:48:51 pharmajohn NetworkManager[3059]: [1478684931.0277] gateway 192.168.1.1
Nov 09 03:48:51 pharmajohn NetworkManager[3059]: [1478684931.0277] server identifier 192.168.1.1
Nov 09 03:48:51 pharmajohn NetworkManager[3059]: [1478684931.0277] lease time 86400
Nov 09 03:48:51 pharmajohn NetworkManager[3059]: [1478684931.0277] hostname 'pharmajohn'
Nov 09 03:48:51 pharmajohn NetworkManager[3059]: [1478684931.0277] nameserver '192.168.1.1'
Nov 09 03:48:51 pharmajohn NetworkManager[3059]: [1478684931.0278] dhcp4 (eth1): state changed bound -> bound
Nov 09 13:25:42 pharmajohn dhclient[23676]: DHCPREQUEST of 192.168.1.122 on eth1 to 192.168.1.1 port 67 (xid=0x7a9f7c05)
Nov 09 13:25:42 pharmajohn dhclient[23676]: DHCPACK of 192.168.1.122 from 192.168.1.1
Nov 09 13:25:42 pharmajohn dhclient[23676]: bound to 192.168.1.122 -- renewal in 34343 seconds.
Nov 09 13:25:42 pharmajohn NetworkManager[3059]: [1478719542.9453] address 192.168.1.122
Nov 09 13:25:42 pharmajohn NetworkManager[3059]: [1478719542.9750] plen 24 (255.255.255.0)
Nov 09 13:25:42 pharmajohn NetworkManager[3059]: [1478719542.9751] gateway 192.168.1.1
Nov 09 13:25:42 pharmajohn NetworkManager[3059]: [1478719542.9751] server identifier 192.168.1.1
Nov 09 13:25:42 pharmajohn NetworkManager[3059]: [1478719542.9751] lease time 86400
Nov 09 13:25:42 pharmajohn NetworkManager[3059]: [1478719542.9751] hostname 'pharmajohn'
Nov 09 13:25:42 pharmajohn NetworkManager[3059]: [1478719542.9752] nameserver '192.168.1.1'
Nov 09 13:25:42 pharmajohn NetworkManager[3059]: [1478719542.9752] dhcp4 (eth1): state changed bound -> bound
Nov 09 22:58:05 pharmajohn dhclient[23676]: DHCPREQUEST of 192.168.1.122 on eth1 to 192.168.1.1 port 67 (xid=0x7a9f7c05)
Nov 09 22:58:05 pharmajohn dhclient[23676]: DHCPACK of 192.168.1.122 from 192.168.1.1
Nov 09 22:58:06 pharmajohn dhclient[23676]: bound to 192.168.1.122 -- renewal in 32798 seconds.
Nov 09 22:58:06 pharmajohn NetworkManager[3059]: [1478753886.5463] address 192.168.1.122
Nov 09 22:58:06 pharmajohn NetworkManager[3059]: [1478753886.5594] plen 24 (255.255.255.0)
Nov 09 22:58:06 pharmajohn NetworkManager[3059]: [1478753886.5594] gateway 192.168.1.1
Nov 09 22:58:06 pharmajohn NetworkManager[3059]: [1478753886.5595] server identifier 192.168.1.1
Nov 09 22:58:06 pharmajohn NetworkManager[3059]: [1478753886.5595] lease time 86400
Nov 09 22:58:06 pharmajohn NetworkManager[3059]: [1478753886.5595] hostname 'pharmajohn'
Nov 09 22:58:06 pharmajohn NetworkManager[3059]: [1478753886.5595] nameserver '192.168.1.1'
Nov 09 22:58:06 pharmajohn NetworkManager[3059]: [1478753886.5595] dhcp4 (eth1): state changed bound -> bound
Nov 10 06:35:27 pharmajohn NetworkManager[3059]: [1478781327.8885] manager: kernel firmware directory '/lib/firmware' changed
Nov 10 08:04:45 pharmajohn dhclient[23676]: DHCPREQUEST of 192.168.1.122 on eth1 to 192.168.1.1 port 67 (xid=0x7a9f7c05)
Nov 10 08:04:45 pharmajohn dhclient[23676]: DHCPACK of 192.168.1.122 from 192.168.1.1
Nov 10 08:04:45 pharmajohn dhclient[23676]: bound to 192.168.1.122 -- renewal in 35649 seconds.
Nov 10 17:58:54 pharmajohn dhclient[23676]: DHCPREQUEST of 192.168.1.122 on eth1 to 192.168.1.1 port 67 (xid=0x7a9f7c05)
Nov 10 17:58:54 pharmajohn dhclient[23676]: DHCPACK of 192.168.1.122 from 192.168.1.1
Nov 10 17:58:54 pharmajohn dhclient[23676]: bound to 192.168.1.122 -- renewal in 39325 seconds.
Nov 10 17:58:54 pharmajohn NetworkManager[3059]: [1478822334.6529] address 192.168.1.122
Nov 10 17:58:54 pharmajohn NetworkManager[3059]: [1478822334.6660] plen 24 (255.255.255.0)
Nov 10 17:58:54 pharmajohn NetworkManager[3059]: [1478822334.6660] gateway 192.168.1.1
Nov 10 17:58:54 pharmajohn NetworkManager[3059]: [1478822334.6661] server identifier 192.168.1.1
Nov 10 17:58:54 pharmajohn NetworkManager[3059]: [1478822334.6661] lease time 86400
Nov 10 17:58:54 pharmajohn NetworkManager[3059]: [1478822334.6661] hostname 'pharmajohn'
Nov 10 17:58:54 pharmajohn NetworkManager[3059]: [1478822334.6662] nameserver '192.168.1.1'
Nov 10 17:58:54 pharmajohn NetworkManager[3059]: [1478822334.6662] dhcp4 (eth1): state changed bound -> bound
Nov 11 04:54:20 pharmajohn dhclient[23676]: DHCPREQUEST of 192.168.1.122 on eth1 to 192.168.1.1 port 67 (xid=0x7a9f7c05)
Nov 11 04:54:20 pharmajohn dhclient[23676]: DHCPACK of 192.168.1.122 from 192.168.1.1
Nov 11 04:54:20 pharmajohn dhclient[23676]: bound to 192.168.1.122 -- renewal in 32218 seconds.
Nov 11 04:54:20 pharmajohn NetworkManager[3059]: [1478861660.9124] address 192.168.1.122
Nov 11 04:54:20 pharmajohn NetworkManager[3059]: [1478861660.9647] plen 24 (255.255.255.0)
Nov 11 04:54:20 pharmajohn NetworkManager[3059]: [1478861660.9649] gateway 192.168.1.1
Nov 11 04:54:20 pharmajohn NetworkManager[3059]: [1478861660.9649] server identifier 192.168.1.1
Nov 11 04:54:20 pharmajohn NetworkManager[3059]: [1478861660.9649] lease time 86400
Nov 11 04:54:20 pharmajohn NetworkManager[3059]: [1478861660.9649] hostname 'pharmajohn'
Nov 11 04:54:20 pharmajohn NetworkManager[3059]: [1478861660.9649] nameserver '192.168.1.1'
