Aug 18 09:34:23 spicy NetworkManager[5389]: [1471509263.1890] device (vnet3): state change: prepare -> config (reason 'none') [40 50 0]
Aug 18 09:34:23 spicy NetworkManager[5389]: [1471509263.1892] device (vnet3): state change: config -> ip-config (reason 'none') [50 70 0]
Aug 18 09:34:23 spicy kernel: virbr4: port 4(vnet3) entered listening state
Aug 18 09:34:23 spicy kernel: virbr4: port 4(vnet3) entered listening state
Aug 18 09:34:23 spicy NetworkManager[5389]: [1471509263.1893] device (virbr4): bridge port vnet3 was attached
Aug 18 09:34:23 spicy NetworkManager[5389]: [1471509263.1893] device (vnet3): Activation: connection 'vnet3' enslaved, continuing activation
Aug 18 09:34:23 spicy NetworkManager[5389]: [1471509263.1897] device (vnet3): state change: ip-config -> secondaries (reason 'none') [70 90 0]
Aug 18 09:34:23 spicy NetworkManager[5389]: [1471509263.1899] device (vnet3): state change: secondaries -> activated (reason 'none') [90 100 0]
Aug 18 09:34:23 spicy NetworkManager[5389]: [1471509263.2025] device (vnet3): Activation: successful, device activated.
Aug 18 09:34:23 spicy kernel: audit: type=1400 audit(1471509263.341:51): apparmor="STATUS" operation="profile_replace" profile="unconfined" name="libvirt-bc5e1ab3-ec26-44c8-a906-e4b1b30e8a8f" pid=9973 comm="apparmor_parser"
Aug 18 09:34:23 spicy kernel: audit: type=1400 audit(1471509263.369:52): apparmor="STATUS" operation="profile_replace" profile="unconfined" name="libvirt-bc5e1ab3-ec26-44c8-a906-e4b1b30e8a8f//qemu_bridge_helper" pid=9973 comm="apparmor_parser"
Aug 18 09:34:23 spicy kernel: kvm: zapping shadow pages for mmio generation wraparound
Aug 18 09:34:23 spicy kernel: kvm: zapping shadow pages for mmio generation wraparound
Aug 18 09:34:24 spicy kernel: virbr4: port 1(vnet0) entered learning state
Aug 18 09:34:24 spicy kernel: virbr4: port 2(vnet1) entered learning state
Aug 18 09:34:24 spicy kernel: virbr4: port 3(vnet2) entered learning state
Aug 18 09:34:24 spicy kernel: kvm [10047]: vcpu0 unhandled rdmsr: 0x34
Aug 18 09:34:25 spicy kernel: virbr4: port 4(vnet3) entered learning state
Aug 18 09:34:26 spicy kernel: virbr4: topology change detected, propagating
Aug 18 09:34:26 spicy kernel: virbr4: port 1(vnet0) entered forwarding state
Aug 18 09:34:26 spicy NetworkManager[5389]: [1471509266.3816] device (virbr4): link connected
Aug 18 09:34:26 spicy kernel: virbr4: topology change detected, propagating
Aug 18 09:34:26 spicy kernel: virbr4: port 2(vnet1) entered forwarding state
Aug 18 09:34:26 spicy kernel: virbr4: topology change detected, propagating
Aug 18 09:34:26 spicy kernel: virbr4: port 3(vnet2) entered forwarding state
Aug 18 09:34:27 spicy kernel: virbr4: topology change detected, propagating
Aug 18 09:34:27 spicy kernel: virbr4: port 4(vnet3) entered forwarding state
Aug 18 09:34:27 spicy NetworkManager[5389]: [1471509267.4377] WiFi hardware radio set enabled
Aug 18 09:34:27 spicy NetworkManager[5389]: [1471509267.4378] WWAN hardware radio set enabled
Aug 18 09:34:31 spicy kernel: br-enp5s0.5: port 1(enp5s0.5) entered forwarding state
Aug 18 09:36:56 spicy dhclient[5950]: DHCPREQUEST of 192.168.1.64 on enp5s0 to 192.168.1.254 port 67 (xid=0x73098422)
Aug 18 09:36:57 spicy dhclient[5950]: DHCPACK of 192.168.1.64 from 192.168.1.254
Aug 18 09:36:57 spicy dhclient[5950]: bound to 192.168.1.64 -- renewal in 179 seconds.
Aug 18 09:36:57 spicy dhclient[6242]: DHCPREQUEST of 192.168.5.103 on br-enp5s0.5 to 192.168.5.254 port 67 (xid=0x1d6f588c)
Aug 18 09:36:57 spicy dhclient[6242]: DHCPACK of 192.168.5.103 from 192.168.5.254
Aug 18 09:36:57 spicy dhclient[6242]: bound to 192.168.5.103 -- renewal in 176 seconds.
Aug 18 09:38:20 spicy kernel: audit: type=1400 audit(1471509500.168:53): apparmor="STATUS" operation="profile_load" profile="unconfined" name="libvirt-af152cdb-3724-4500-9094-f7bf9b6d7306" pid=11748 comm="apparmor_parser"
Aug 18 09:38:20 spicy kernel: audit: type=1400 audit(1471509500.168:54): apparmor="STATUS" operation="profile_load" profile="unconfined" name="libvirt-af152cdb-3724-4500-9094-f7bf9b6d7306//qemu_bridge_helper" pid=11748 comm="apparmor_parser"
Aug 18 09:38:20 spicy NetworkManager[5389]: [1471509500.1754] manager: (vnet4): new Tun device (/org/freedesktop/NetworkManager/Devices/22)
Aug 18 09:38:20 spicy NetworkManager[5389]: [1471509500.1932] devices added (path: /sys/devices/virtual/net/vnet4, iface: vnet4)
Aug 18 09:38:20 spicy NetworkManager[5389]: [1471509500.1932] device added (path: /sys/devices/virtual/net/vnet4, iface: vnet4): no ifupdown configuration found.
Aug 18 09:38:20 spicy kernel: device vnet4 entered promiscuous mode
Aug 18 09:38:20 spicy NetworkManager[5389]: [1471509500.2621] device (vnet4): state change: unmanaged -> unavailable (reason 'connection-assumed') [10 20 41]
Aug 18 09:38:20 spicy NetworkManager[5389]: [1471509500.2637] keyfile: add connection in-memory (6a93d7ca-4331-4d18-82fc-05668d0618c8,"vnet4")
Aug 18 09:38:20 spicy NetworkManager[5389]: [1471509500.2652] device (vnet4): state change: unavailable -> disconnected (reason 'connection-assumed') [20 30 41]
Aug 18 09:38:20 spicy kernel: virbr1: port 1(vnet4) entered listening state
Aug 18 09:38:20 spicy kernel: virbr1: port 1(vnet4) entered listening state
Aug 18 09:38:20 spicy NetworkManager[5389]: [1471509500.2665] device (vnet4): Activation: starting connection 'vnet4' (6a93d7ca-4331-4d18-82fc-05668d0618c8)
Aug 18 09:38:20 spicy NetworkManager[5389]: [1471509500.2679] device (vnet4): state change: disconnected -> prepare (reason 'none') [30 40 0]
Aug 18 09:38:20 spicy NetworkManager[5389]: [1471509500.2688] device (vnet4): state change: prepare -> config (reason 'none') [40 50 0]
Aug 18 09:38:20 spicy NetworkManager[5389]: [1471509500.2693] device (vnet4): state change: config -> ip-config (reason 'none') [50 70 0]
Aug 18 09:38:20 spicy NetworkManager[5389]: [1471509500.2695] device (virbr1): bridge port vnet4 was attached
Aug 18 09:38:20 spicy NetworkManager[5389]: [1471509500.2695] device (vnet4): Activation: connection 'vnet4' enslaved, continuing activation
Aug 18 09:38:20 spicy NetworkManager[5389]: [1471509500.2700] device (vnet4): state change: ip-config -> secondaries (reason 'none') [70 90 0]
Aug 18 09:38:20 spicy NetworkManager[5389]: [1471509500.2706] device (vnet4): state change: secondaries -> activated (reason 'none') [90 100 0]
Aug 18 09:38:20 spicy NetworkManager[5389]: [1471509500.2855] device (vnet4): Activation: successful, device activated.
Aug 18 09:38:20 spicy kernel: audit: type=1400 audit(1471509500.448:55): apparmor="STATUS" operation="profile_replace" profile="unconfined" name="libvirt-af152cdb-3724-4500-9094-f7bf9b6d7306" pid=11809 comm="apparmor_parser"
Aug 18 09:38:20 spicy kernel: audit: type=1400 audit(1471509500.468:56): apparmor="STATUS" operation="profile_replace" profile="unconfined" name="libvirt-af152cdb-3724-4500-9094-f7bf9b6d7306//qemu_bridge_helper" pid=11809 comm="apparmor_parser"
Aug 18 09:38:20 spicy kernel: kvm: zapping shadow pages for mmio generation wraparound
Aug 18 09:38:20 spicy kernel: kvm: zapping shadow pages for mmio generation wraparound
Aug 18 09:38:22 spicy kernel: virbr1: port 1(vnet4) entered learning state
Aug 18 09:38:23 spicy kernel: audit: type=1400 audit(1471509503.856:57): apparmor="STATUS" operation="profile_load" profile="unconfined" name="libvirt-cf3f5db8-82f8-4c25-b0ed-c38cc8f343f6" pid=12015 comm="apparmor_parser"
Aug 18 09:38:23 spicy kernel: audit: type=1400 audit(1471509503.856:58): apparmor="STATUS" operation="profile_load" profile="unconfined" name="libvirt-cf3f5db8-82f8-4c25-b0ed-c38cc8f343f6//qemu_bridge_helper" pid=12015 comm="apparmor_parser"
Aug 18 09:38:23 spicy NetworkManager[5389]: [1471509503.8641] manager: (vnet5): new Tun device (/org/freedesktop/NetworkManager/Devices/23)
Aug 18 09:38:23 spicy NetworkManager[5389]: [1471509503.8784] devices added (path: /sys/devices/virtual/net/vnet5, iface: vnet5)
Aug 18 09:38:23 spicy NetworkManager[5389]: [1471509503.8785] device added (path: /sys/devices/virtual/net/vnet5, iface: vnet5): no ifupdown configuration found.
Aug 18 09:38:23 spicy NetworkManager[5389]: [1471509503.9221] device (vnet5): state change: unmanaged -> unavailable (reason 'connection-assumed') [10 20 41]
Aug 18 09:38:23 spicy NetworkManager[5389]: [1471509503.9230] keyfile: add connection in-memory (4f9d549a-c5d3-409a-a7f6-761a361e5b12,"vnet5")
Aug 18 09:38:23 spicy NetworkManager[5389]: [1471509503.9238] device (vnet5): state change: unavailable -> disconnected (reason 'connection-assumed') [20 30 41]
Aug 18 09:38:23 spicy NetworkManager[5389]: [1471509503.9244] device (vnet5): Activation: starting connection 'vnet5' (4f9d549a-c5d3-409a-a7f6-761a361e5b12)
Aug 18 09:38:23 spicy NetworkManager[5389]: [1471509503.9250] device (vnet5): state change: disconnected -> prepare (reason 'none') [30 40 0]
Aug 18 09:38:23 spicy kernel: device vnet5 entered promiscuous mode
Aug 18 09:38:23 spicy kernel: virbr2: port 1(vnet5) entered listening state
Aug 18 09:38:23 spicy kernel: virbr2: port 1(vnet5) entered listening state
Aug 18 09:38:23 spicy NetworkManager[5389]: [1471509503.9253] device (vnet5): state change: prepare -> config (reason 'none') [40 50 0]
Aug 18 09:38:23 spicy NetworkManager[5389]: [1471509503.9255] device (vnet5): state change: config -> ip-config (reason 'none') [50 70 0]
Aug 18 09:38:23 spicy NetworkManager[5389]: [1471509503.9256] device (virbr2): bridge port vnet5 was attached
Aug 18 09:38:23 spicy NetworkManager[5389]: [1471509503.9256] device (vnet5): Activation: connection 'vnet5' enslaved, continuing activation
Aug 18 09:38:23 spicy NetworkManager[5389]: [1471509503.9259] device (vnet5): state change: ip-config -> secondaries (reason 'none') [70 90 0]
Aug 18 09:38:23 spicy NetworkManager[5389]: [1471509503.9261] device (vnet5): state change: secondaries -> activated (reason 'none') [90 100 0]
Aug 18 09:38:23 spicy NetworkManager[5389]: [1471509503.9384] device (vnet5): Activation: successful, device activated.
Aug 18 09:38:24 spicy kernel: audit: type=1400 audit(1471509504.100:59): apparmor="STATUS" operation="profile_replace" profile="unconfined" name="libvirt-cf3f5db8-82f8-4c25-b0ed-c38cc8f343f6" pid=12123 comm="apparmor_parser"
Aug 18 09:38:24 spicy NetworkManager[5389]: [1471509504.1201] manager: (vnet6): new Tun device (/org/freedesktop/NetworkManager/Devices/24)
Aug 18 09:38:24 spicy kernel: audit: type=1400 audit(1471509504.116:60): apparmor="STATUS" operation="profile_replace" profile="unconfined" name="libvirt-cf3f5db8-82f8-4c25-b0ed-c38cc8f343f6//qemu_bridge_helper" pid=12123 comm="apparmor_parser"
Aug 18 09:38:24 spicy NetworkManager[5389]: [1471509504.1343] devices added (path: /sys/devices/virtual/net/vnet6, iface: vnet6)
Aug 18 09:38:24 spicy NetworkManager[5389]: [1471509504.1343] device added (path: /sys/devices/virtual/net/vnet6, iface: vnet6): no ifupdown configuration found.
Aug 18 09:38:24 spicy kernel: device vnet6 entered promiscuous mode
Aug 18 09:38:24 spicy NetworkManager[5389]: [1471509504.1819] device (vnet6): state change: unmanaged -> unavailable (reason 'connection-assumed') [10 20 41]
Aug 18 09:38:24 spicy NetworkManager[5389]: [1471509504.1830] keyfile: add connection in-memory (50aabcc6-0d50-44d3-871a-4dfca4f0a99a,"vnet6")
Aug 18 09:38:24 spicy NetworkManager[5389]: [1471509504.1839] device (vnet6): state change: unavailable -> disconnected (reason 'connection-assumed') [20 30 41]
Aug 18 09:38:24 spicy NetworkManager[5389]: [1471509504.1845] device (vnet6): Activation: starting connection 'vnet6' (50aabcc6-0d50-44d3-871a-4dfca4f0a99a)
Aug 18 09:38:24 spicy NetworkManager[5389]: [1471509504.1853] device (vnet6): state change: disconnected -> prepare (reason 'none') [30 40 0]
Aug 18 09:38:24 spicy kernel: virbr0: port 1(vnet6) entered listening state
Aug 18 09:38:24 spicy kernel: virbr0: port 1(vnet6) entered listening state
Aug 18 09:38:24 spicy NetworkManager[5389]: [1471509504.1857] device (vnet6): state change: prepare -> config (reason 'none') [40 50 0]
Aug 18 09:38:24 spicy NetworkManager[5389]: [1471509504.1860] device (vnet6): state change: config -> ip-config (reason 'none') [50 70 0]
Aug 18 09:38:24 spicy NetworkManager[5389]: [1471509504.1861] device (virbr0): bridge port vnet6 was attached
Aug 18 09:38:24 spicy NetworkManager[5389]: [1471509504.1861] device (vnet6): Activation: connection 'vnet6' enslaved, continuing activation
Aug 18 09:38:24 spicy NetworkManager[5389]: [1471509504.1865] device (vnet6): state change: ip-config -> secondaries (reason 'none') [70 90 0]
Aug 18 09:38:24 spicy NetworkManager[5389]: [1471509504.1867] device (vnet6): state change: secondaries -> activated (reason 'none') [90 100 0]
Aug 18 09:38:24 spicy NetworkManager[5389]: [1471509504.2011] device (vnet6): Activation: successful, device activated.
Aug 18 09:38:24 spicy NetworkManager[5389]: [1471509504.2696] device (virbr1): link connected
Aug 18 09:38:24 spicy kernel: virbr1: topology change detected, propagating
Aug 18 09:38:24 spicy kernel: virbr1: port 1(vnet4) entered forwarding state
Aug 18 09:38:24 spicy kernel: audit: type=1400 audit(1471509504.376:61): apparmor="STATUS" operation="profile_replace" profile="unconfined" name="libvirt-cf3f5db8-82f8-4c25-b0ed-c38cc8f343f6" pid=12342 comm="apparmor_parser"
Aug 18 09:38:24 spicy kernel: audit: type=1400 audit(1471509504.400:62): apparmor="STATUS" operation="profile_replace" profile="unconfined" name="libvirt-cf3f5db8-82f8-4c25-b0ed-c38cc8f343f6//qemu_bridge_helper" pid=12342 comm="apparmor_parser"
Aug 18 09:38:24 spicy kernel: kvm: zapping shadow pages for mmio generation wraparound
Aug 18 09:38:24 spicy kernel: kvm: zapping shadow pages for mmio generation wraparound
Aug 18 09:38:25 spicy kernel: virbr2: port 1(vnet5) entered learning state
Aug 18 09:38:26 spicy kernel: virbr0: port 1(vnet6) entered learning state
Aug 18 09:38:27 spicy NetworkManager[5389]: [1471509507.9298] device (virbr2): link connected
Aug 18 09:38:27 spicy kernel: virbr2: topology change detected, propagating
Aug 18 09:38:27 spicy kernel: virbr2: port 1(vnet5) entered forwarding state
Aug 18 09:38:28 spicy NetworkManager[5389]: [1471509508.1896] device (virbr0): link connected
Aug 18 09:38:28 spicy kernel: virbr0: topology change detected, propagating
Aug 18 09:38:28 spicy kernel: virbr0: port 1(vnet6) entered forwarding state
Aug 18 09:38:33 spicy kernel: kvm [12450]: vcpu0 unhandled rdmsr: 0x34
Aug 18 09:39:53 spicy dhclient[6242]: DHCPREQUEST of 192.168.5.103 on br-enp5s0.5 to 192.168.5.254 port 67 (xid=0x1d6f588c)
Aug 18 09:39:53 spicy dhclient[6242]: DHCPACK of 192.168.5.103 from 192.168.5.254
Aug 18 09:39:53 spicy dhclient[6242]: bound to 192.168.5.103 -- renewal in 176 seconds.
Aug 18 09:39:57 spicy dhclient[5950]: DHCPREQUEST of 192.168.1.64 on enp5s0 to 192.168.1.254 port 67 (xid=0x73098422)
Aug 18 09:39:57 spicy dhclient[5950]: DHCPACK of 192.168.1.64 from 192.168.1.254
Aug 18 09:39:57 spicy dhclient[5950]: bound to 192.168.1.64 -- renewal in 176 seconds.
Aug 18 09:42:49 spicy dhclient[6242]: DHCPREQUEST of 192.168.5.103 on br-enp5s0.5 to 192.168.5.254 port 67 (xid=0x1d6f588c)
Aug 18 09:42:49 spicy dhclient[6242]: DHCPACK of 192.168.5.103 from 192.168.5.254
Aug 18 09:42:49 spicy dhclient[6242]: bound to 192.168.5.103 -- renewal in 158 seconds.
Aug 18 09:42:53 spicy dhclient[5950]: DHCPREQUEST of 192.168.1.64 on enp5s0 to 192.168.1.254 port 67 (xid=0x73098422)
Aug 18 09:42:53 spicy dhclient[5950]: DHCPACK of 192.168.1.64 from 192.168.1.254
Aug 18 09:42:53 spicy dhclient[5950]: bound to 192.168.1.64 -- renewal in 149 seconds.
Aug 18 09:45:22 spicy dhclient[5950]: DHCPREQUEST of 192.168.1.64 on enp5s0 to 192.168.1.254 port 67 (xid=0x73098422)
Aug 18 09:45:22 spicy dhclient[5950]: DHCPACK of 192.168.1.64 from 192.168.1.254
Aug 18 09:45:23 spicy dhclient[5950]: bound to 192.168.1.64 -- renewal in 159 seconds.
Aug 18 09:45:27 spicy dhclient[6242]: DHCPREQUEST of 192.168.5.103 on br-enp5s0.5 to 192.168.5.254 port 67 (xid=0x1d6f588c)
Aug 18 09:45:28 spicy dhclient[6242]: DHCPACK of 192.168.5.103 from 192.168.5.254
Aug 18 09:45:28 spicy dhclient[6242]: bound to 192.168.5.103 -- renewal in 170 seconds.
Aug 18 09:48:01 spicy dhclient[5950]: DHCPREQUEST of 192.168.1.64 on enp5s0 to 192.168.1.254 port 67 (xid=0x73098422)
Aug 18 09:48:01 spicy dhclient[5950]: DHCPACK of 192.168.1.64 from 192.168.1.254
Aug 18 09:48:01 spicy dhclient[5950]: bound to 192.168.1.64 -- renewal in 163 seconds.
Aug 18 09:48:18 spicy dhclient[6242]: DHCPREQUEST of 192.168.5.103 on br-enp5s0.5 to 192.168.5.254 port 67 (xid=0x1d6f588c)
Aug 18 09:48:19 spicy dhclient[6242]: DHCPACK of 192.168.5.103 from 192.168.5.254
Aug 18 09:48:19 spicy dhclient[6242]: bound to 192.168.5.103 -- renewal in 150 seconds.
Aug 18 09:49:58 spicy kernel: kvm [12450]: vcpu1 unhandled rdmsr: 0x34
Aug 18 09:50:44 spicy dhclient[5950]: DHCPREQUEST of 192.168.1.64 on enp5s0 to 192.168.1.254 port 67 (xid=0x73098422)
Aug 18 09:50:44 spicy dhclient[5950]: DHCPACK of 192.168.1.64 from 192.168.1.254
Aug 18 09:50:44 spicy dhclient[5950]: bound to 192.168.1.64 -- renewal in 138 seconds.
Aug 18 09:50:49 spicy dhclient[6242]: DHCPREQUEST of 192.168.5.103 on br-enp5s0.5 to 192.168.5.254 port 67 (xid=0x1d6f588c)
Aug 18 09:50:49 spicy dhclient[6242]: DHCPACK of 192.168.5.103 from 192.168.5.254
Aug 18 09:50:49 spicy dhclient[6242]: bound to 192.168.5.103 -- renewal in 146 seconds.
Aug 18 09:53:02 spicy dhclient[5950]: DHCPREQUEST of 192.168.1.64 on enp5s0 to 192.168.1.254 port 67 (xid=0x73098422)
Aug 18 09:53:03 spicy dhclient[5950]: DHCPACK of 192.168.1.64 from 192.168.1.254
Aug 18 09:53:03 spicy dhclient[5950]: bound to 192.168.1.64 -- renewal in 179 seconds.
Aug 18 09:53:15 spicy dhclient[6242]: DHCPREQUEST of 192.168.5.103 on br-enp5s0.5 to 192.168.5.254 port 67 (xid=0x1d6f588c)
Aug 18 09:53:16 spicy dhclient[6242]: DHCPACK of 192.168.5.103 from 192.168.5.254
Aug 18 09:53:16 spicy dhclient[6242]: bound to 192.168.5.103 -- renewal in 151 seconds.
Aug 18 09:55:47 spicy dhclient[6242]: DHCPREQUEST of 192.168.5.103 on br-enp5s0.5 to 192.168.5.254 port 67 (xid=0x1d6f588c)
Aug 18 09:55:48 spicy dhclient[6242]: DHCPACK of 192.168.5.103 from 192.168.5.254
Aug 18 09:55:48 spicy dhclient[6242]: bound to 192.168.5.103 -- renewal in 164 seconds.
Aug 18 09:56:03 spicy dhclient[5950]: DHCPREQUEST of 192.168.1.64 on enp5s0 to 192.168.1.254 port 67 (xid=0x73098422)
Aug 18 09:56:03 spicy dhclient[5950]: DHCPACK of 192.168.1.64 from 192.168.1.254
Aug 18 09:56:03 spicy dhclient[5950]: bound to 192.168.1.64 -- renewal in 164 seconds.
Aug 18 09:58:32 spicy dhclient[6242]: DHCPREQUEST of 192.168.5.103 on br-enp5s0.5 to 192.168.5.254 port 67 (xid=0x1d6f588c)
Aug 18 09:58:32 spicy dhclient[6242]: DHCPACK of 192.168.5.103 from 192.168.5.254
Aug 18 09:58:32 spicy dhclient[6242]: bound to 192.168.5.103 -- renewal in 144 seconds.
Aug 18 09:58:47 spicy dhclient[5950]: DHCPREQUEST of 192.168.1.64 on enp5s0 to 192.168.1.254 port 67 (xid=0x73098422)
Aug 18 09:58:47 spicy dhclient[5950]: DHCPACK of 192.168.1.64 from 192.168.1.254
Aug 18 09:58:47 spicy dhclient[5950]: bound to 192.168.1.64 -- renewal in 151 seconds.
Aug 18 10:00:56 spicy dhclient[6242]: DHCPREQUEST of 192.168.5.103 on br-enp5s0.5 to 192.168.5.254 port 67 (xid=0x1d6f588c)
Aug 18 10:00:56 spicy dhclient[6242]: DHCPACK of 192.168.5.103 from 192.168.5.254
Aug 18 10:00:56 spicy dhclient[6242]: bound to 192.168.5.103 -- renewal in 173 seconds.
Aug 18 10:01:18 spicy dhclient[5950]: DHCPREQUEST of 192.168.1.64 on enp5s0 to 192.168.1.254 port 67 (xid=0x73098422)
Aug 18 10:01:18 spicy dhclient[5950]: DHCPACK of 192.168.1.64 from 192.168.1.254
Aug 18 10:01:18 spicy dhclient[5950]: bound to 192.168.1.64 -- renewal in 147 seconds.
Aug 18 10:03:45 spicy dhclient[5950]: DHCPREQUEST of 192.168.1.64 on enp5s0 to 192.168.1.254 port 67 (xid=0x73098422)
Aug 18 10:03:45 spicy dhclient[5950]: DHCPACK of 192.168.1.64 from 192.168.1.254
Aug 18 10:03:45 spicy dhclient[5950]: bound to 192.168.1.64 -- renewal in 163 seconds.
Aug 18 10:03:49 spicy dhclient[6242]: DHCPREQUEST of 192.168.5.103 on br-enp5s0.5 to 192.168.5.254 port 67 (xid=0x1d6f588c)
Aug 18 10:03:50 spicy dhclient[6242]: DHCPACK of 192.168.5.103 from 192.168.5.254
Aug 18 10:03:50 spicy dhclient[6242]: bound to 192.168.5.103 -- renewal in 157 seconds.
Aug 18 10:04:00 spicy kernel: audit: type=1400 audit(1471511040.920:63): apparmor="STATUS" operation="profile_load" profile="unconfined" name="libvirt-39d79cee-4afd-4fd8-8e05-f5900bcde75e" pid=17352 comm="apparmor_parser"
Aug 18 10:04:00 spicy kernel: audit: type=1400 audit(1471511040.920:64): apparmor="STATUS" operation="profile_load" profile="unconfined" name="libvirt-39d79cee-4afd-4fd8-8e05-f5900bcde75e//qemu_bridge_helper" pid=17352 comm="apparmor_parser"
Aug 18 10:04:00 spicy NetworkManager[5389]: [1471511040.9310] manager: (vnet7): new Tun device (/org/freedesktop/NetworkManager/Devices/25)
Aug 18 10:04:00 spicy NetworkManager[5389]: [1471511040.9486] devices added (path: /sys/devices/virtual/net/vnet7, iface: vnet7)
Aug 18 10:04:00 spicy NetworkManager[5389]: [1471511040.9486] device added (path: /sys/devices/virtual/net/vnet7, iface: vnet7): no ifupdown configuration found.
Aug 18 10:04:00 spicy kernel: device vnet7 entered promiscuous mode
Aug 18 10:04:01 spicy NetworkManager[5389]: [1471511041.0178] device (vnet7): state change: unmanaged -> unavailable (reason 'connection-assumed') [10 20 41]
Aug 18 10:04:01 spicy kernel: virbr2: port 2(vnet7) entered listening state
Aug 18 10:04:01 spicy kernel: virbr2: port 2(vnet7) entered listening state
Aug 18 10:04:01 spicy NetworkManager[5389]: [1471511041.0191] keyfile: add connection in-memory (c5653eac-b85b-4bd1-b1a6-59901278a20f,"vnet7")
Aug 18 10:04:01 spicy NetworkManager[5389]: [1471511041.0204] device (vnet7): state change: unavailable -> disconnected (reason 'connection-assumed') [20 30 41]
Aug 18 10:04:01 spicy NetworkManager[5389]: [1471511041.0212] device (vnet7): Activation: starting connection 'vnet7' (c5653eac-b85b-4bd1-b1a6-59901278a20f)
Aug 18 10:04:01 spicy NetworkManager[5389]: [1471511041.0218] device (vnet7): state change: disconnected -> prepare (reason 'none') [30 40 0]
Aug 18 10:04:01 spicy NetworkManager[5389]: [1471511041.0222] device (vnet7): state change: prepare -> config (reason 'none') [40 50 0]
Aug 18 10:04:01 spicy NetworkManager[5389]: [1471511041.0224] device (vnet7): state change: config -> ip-config (reason 'none') [50 70 0]
Aug 18 10:04:01 spicy NetworkManager[5389]: [1471511041.0227] device (virbr2): bridge port vnet7 was attached
Aug 18 10:04:01 spicy NetworkManager[5389]: [1471511041.0227] device (vnet7): Activation: connection 'vnet7' enslaved, continuing activation
Aug 18 10:04:01 spicy NetworkManager[5389]: [1471511041.0230] device (vnet7): state change: ip-config -> secondaries (reason 'none') [70 90 0]
Aug 18 10:04:01 spicy NetworkManager[5389]: [1471511041.0232] device (vnet7): state change: secondaries -> activated (reason 'none') [90 100 0]
Aug 18 10:04:01 spicy NetworkManager[5389]: [1471511041.0344] device (vnet7): Activation: successful, device activated.
Aug 18 10:04:01 spicy kernel: audit: type=1400 audit(1471511041.200:65): apparmor="STATUS" operation="profile_replace" profile="unconfined" name="libvirt-39d79cee-4afd-4fd8-8e05-f5900bcde75e" pid=17447 comm="apparmor_parser"
Aug 18 10:04:01 spicy kernel: audit: type=1400 audit(1471511041.232:66): apparmor="STATUS" operation="profile_replace" profile="unconfined" name="libvirt-39d79cee-4afd-4fd8-8e05-f5900bcde75e//qemu_bridge_helper" pid=17447 comm="apparmor_parser"
Aug 18 10:04:01 spicy NetworkManager[5389]: [1471511041.2363] manager: (vnet8): new Tun device (/org/freedesktop/NetworkManager/Devices/26)
Aug 18 10:04:01 spicy NetworkManager[5389]: [1471511041.2515] devices added (path: /sys/devices/virtual/net/vnet8, iface: vnet8)
Aug 18 10:04:01 spicy NetworkManager[5389]: [1471511041.2515] device added (path: /sys/devices/virtual/net/vnet8, iface: vnet8): no ifupdown configuration found.
Aug 18 10:04:01 spicy NetworkManager[5389]: [1471511041.2982] device (vnet8): state change: unmanaged -> unavailable (reason 'connection-assumed') [10 20 41]
Aug 18 10:04:01 spicy NetworkManager[5389]: [1471511041.2991] keyfile: add connection in-memory (b726a995-5152-4aca-aa9f-6b8fa31f8af6,"vnet8")
Aug 18 10:04:01 spicy NetworkManager[5389]: [1471511041.3000] device (vnet8): state change: unavailable -> disconnected (reason 'connection-assumed') [20 30 41]
Aug 18 10:04:01 spicy NetworkManager[5389]: [1471511041.3006] device (vnet8): Activation: starting connection 'vnet8' (b726a995-5152-4aca-aa9f-6b8fa31f8af6)
Aug 18 10:04:01 spicy kernel: device vnet8 entered promiscuous mode
Aug 18 10:04:01 spicy kernel: virbr2: port 3(vnet8) entered listening state
Aug 18 10:04:01 spicy kernel: virbr2: port 3(vnet8) entered listening state
Aug 18 10:04:01 spicy NetworkManager[5389]: [1471511041.3015] device (vnet8): state change: disconnected -> prepare (reason 'none') [30 40 0]
Aug 18 10:04:01 spicy NetworkManager[5389]: [1471511041.3025] device (vnet8): state change: prepare -> config (reason 'none') [40 50 0]
Aug 18 10:04:01 spicy NetworkManager[5389]: [1471511041.3028] device (vnet8): state change: config -> ip-config (reason 'none') [50 70 0]
Aug 18 10:04:01 spicy NetworkManager[5389]: [1471511041.3029] device (virbr2): bridge port vnet8 was attached
Aug 18 10:04:01 spicy NetworkManager[5389]: [1471511041.3029] device (vnet8): Activation: connection 'vnet8' enslaved, continuing activation
Aug 18 10:04:01 spicy NetworkManager[5389]: [1471511041.3032] device (vnet8): state change: ip-config -> secondaries (reason 'none') [70 90 0]
Aug 18 10:04:01 spicy NetworkManager[5389]: [1471511041.3036] device (vnet8): state change: secondaries -> activated (reason 'none') [90 100 0]
Aug 18 10:04:01 spicy NetworkManager[5389]: [1471511041.3254] device (vnet8): Activation: successful, device activated.
Aug 18 10:04:01 spicy kernel: audit: type=1400 audit(1471511041.488:67): apparmor="STATUS" operation="profile_replace" profile="unconfined" name="libvirt-39d79cee-4afd-4fd8-8e05-f5900bcde75e" pid=17681 comm="apparmor_parser"
Aug 18 10:04:01 spicy NetworkManager[5389]: [1471511041.5162] manager: (vnet9): new Tun device (/org/freedesktop/NetworkManager/Devices/27)
Aug 18 10:04:01 spicy kernel: audit: type=1400 audit(1471511041.512:68): apparmor="STATUS" operation="profile_replace" profile="unconfined" name="libvirt-39d79cee-4afd-4fd8-8e05-f5900bcde75e//qemu_bridge_helper" pid=17681 comm="apparmor_parser"
Aug 18 10:04:01 spicy NetworkManager[5389]: [1471511041.5326] devices added (path: /sys/devices/virtual/net/vnet9, iface: vnet9)
Aug 18 10:04:01 spicy NetworkManager[5389]: [1471511041.5327] device added (path: /sys/devices/virtual/net/vnet9, iface: vnet9): no ifupdown configuration found.
Aug 18 10:04:01 spicy kernel: device vnet9 entered promiscuous mode
Aug 18 10:04:01 spicy NetworkManager[5389]: [1471511041.6018] device (vnet9): state change: unmanaged -> unavailable (reason 'connection-assumed') [10 20 41]
Aug 18 10:04:01 spicy NetworkManager[5389]: [1471511041.6030] keyfile: add connection in-memory (0cb078a3-541a-483f-856f-9bf55b055fa0,"vnet9")
Aug 18 10:04:01 spicy NetworkManager[5389]: [1471511041.6038] device (vnet9): state change: unavailable -> disconnected (reason 'connection-assumed') [20 30 41]
Aug 18 10:04:01 spicy NetworkManager[5389]: [1471511041.6045] device (vnet9): Activation: starting connection 'vnet9' (0cb078a3-541a-483f-856f-9bf55b055fa0)
Aug 18 10:04:01 spicy NetworkManager[5389]: [1471511041.6053] device (vnet9): state change: disconnected -> prepare (reason 'none') [30 40 0]
Aug 18 10:04:01 spicy kernel: virbr2: port 4(vnet9) entered listening state
Aug 18 10:04:01 spicy kernel: virbr2: port 4(vnet9) entered listening state
Aug 18 10:04:01 spicy NetworkManager[5389]: [1471511041.6059] device (vnet9): state change: prepare -> config (reason 'none') [40 50 0]
Aug 18 10:04:01 spicy NetworkManager[5389]: [1471511041.6062] device (vnet9): state change: config -> ip-config (reason 'none') [50 70 0]
Aug 18 10:04:01 spicy NetworkManager[5389]: [1471511041.6064] device (virbr2): bridge port vnet9 was attached
Aug 18 10:04:01 spicy NetworkManager[5389]: [1471511041.6066] device (vnet9): Activation: connection 'vnet9' enslaved, continuing activation
Aug 18 10:04:01 spicy NetworkManager[5389]: [1471511041.6072] device (vnet9): state change: ip-config -> secondaries (reason 'none') [70 90 0]
Aug 18 10:04:01 spicy NetworkManager[5389]: [1471511041.6077] device (vnet9): state change: secondaries -> activated (reason 'none') [90 100 0]
Aug 18 10:04:01 spicy NetworkManager[5389]: [1471511041.6237] device (vnet9): Activation: successful, device activated.
Aug 18 10:04:01 spicy kernel: audit: type=1400 audit(1471511041.796:69): apparmor="STATUS" operation="profile_replace" profile="unconfined" name="libvirt-39d79cee-4afd-4fd8-8e05-f5900bcde75e" pid=17908 comm="apparmor_parser"
Aug 18 10:04:01 spicy NetworkManager[5389]: [1471511041.8202] manager: (vnet10): new Tun device (/org/freedesktop/NetworkManager/Devices/28)
Aug 18 10:04:01 spicy kernel: audit: type=1400 audit(1471511041.816:70): apparmor="STATUS" operation="profile_replace" profile="unconfined" name="libvirt-39d79cee-4afd-4fd8-8e05-f5900bcde75e//qemu_bridge_helper" pid=17908 comm="apparmor_parser"
Aug 18 10:04:01 spicy NetworkManager[5389]: [1471511041.8346] devices added (path: /sys/devices/virtual/net/vnet10, iface: vnet10)
Aug 18 10:04:01 spicy NetworkManager[5389]: [1471511041.8346] device added (path: /sys/devices/virtual/net/vnet10, iface: vnet10): no ifupdown configuration found.
Aug 18 10:04:01 spicy kernel: device vnet10 entered promiscuous mode
Aug 18 10:04:01 spicy NetworkManager[5389]: [1471511041.9018] device (vnet10): state change: unmanaged -> unavailable (reason 'connection-assumed') [10 20 41]
Aug 18 10:04:01 spicy NetworkManager[5389]: [1471511041.9028] keyfile: add connection in-memory (c34929f5-fa2b-4e1b-99fe-376dec64b981,"vnet10")
Aug 18 10:04:01 spicy NetworkManager[5389]: [1471511041.9039] device (vnet10): state change: unavailable -> disconnected (reason 'connection-assumed') [20 30 41]
Aug 18 10:04:01 spicy NetworkManager[5389]: [1471511041.9046] device (vnet10): Activation: starting connection 'vnet10' (c34929f5-fa2b-4e1b-99fe-376dec64b981)
Aug 18 10:04:01 spicy kernel: virbr2: port 5(vnet10) entered listening state
Aug 18 10:04:01 spicy kernel: virbr2: port 5(vnet10) entered listening state
Aug 18 10:04:01 spicy NetworkManager[5389]: [1471511041.9054] device (vnet10): state change: disconnected -> prepare (reason 'none') [30 40 0]
Aug 18 10:04:01 spicy NetworkManager[5389]: [1471511041.9059] device (vnet10): state change: prepare -> config (reason 'none') [40 50 0]
Aug 18 10:04:01 spicy NetworkManager[5389]: [1471511041.9061] device (vnet10): state change: config -> ip-config (reason 'none') [50 70 0]
Aug 18 10:04:01 spicy NetworkManager[5389]: [1471511041.9063] device (virbr2): bridge port vnet10 was attached
Aug 18 10:04:01 spicy NetworkManager[5389]: [1471511041.9063] device (vnet10): Activation: connection 'vnet10' enslaved, continuing activation
Aug 18 10:04:01 spicy NetworkManager[5389]: [1471511041.9066] device (vnet10): state change: ip-config -> secondaries (reason 'none') [70 90 0]
Aug 18 10:04:01 spicy NetworkManager[5389]: [1471511041.9069] device (vnet10): state change: secondaries -> activated (reason 'none') [90 100 0]
Aug 18 10:04:01 spicy NetworkManager[5389]: [1471511041.9261] device (vnet10): Activation: successful, device activated.
Aug 18 10:04:02 spicy kernel: audit: type=1400 audit(1471511042.100:71): apparmor="STATUS" operation="profile_replace" profile="unconfined" name="libvirt-39d79cee-4afd-4fd8-8e05-f5900bcde75e" pid=18136 comm="apparmor_parser"
Aug 18 10:04:02 spicy kernel: audit: type=1400 audit(1471511042.120:72): apparmor="STATUS" operation="profile_replace" profile="unconfined" name="libvirt-39d79cee-4afd-4fd8-8e05-f5900bcde75e//qemu_bridge_helper" pid=18136 comm="apparmor_parser"
Aug 18 10:04:02 spicy kernel: kvm: zapping shadow pages for mmio generation wraparound
Aug 18 10:04:02 spicy kernel: kvm: zapping shadow pages for mmio generation wraparound
Aug 18 10:04:03 spicy kernel: virbr2: port 2(vnet7) entered learning state
Aug 18 10:04:03 spicy kernel: virbr2: port 3(vnet8) entered learning state
Aug 18 10:04:03 spicy kernel: virbr2: port 4(vnet9) entered learning state
Aug 18 10:04:03 spicy kernel: virbr2: port 5(vnet10) entered learning state
Aug 18 10:04:05 spicy kernel: virbr2: topology change detected, propagating
Aug 18 10:04:05 spicy kernel: virbr2: port 2(vnet7) entered forwarding state
Aug 18 10:04:05 spicy kernel: virbr2: topology change detected, propagating
Aug 18 10:04:05 spicy kernel: virbr2: port 3(vnet8) entered forwarding state
Aug 18 10:04:05 spicy kernel: virbr2: topology change detected, propagating
Aug 18 10:04:05 spicy kernel: virbr2: port 4(vnet9) entered forwarding state
Aug 18 10:04:05 spicy kernel: virbr2: topology change detected, propagating
Aug 18 10:04:05 spicy kernel: virbr2: port 5(vnet10) entered forwarding state
Aug 18 10:04:23 spicy kernel: kvm [18228]: vcpu0 unhandled rdmsr: 0x34
Aug 18 10:06:27 spicy dhclient[6242]: DHCPREQUEST of 192.168.5.103 on br-enp5s0.5 to 192.168.5.254 port 67 (xid=0x1d6f588c)
Aug 18 10:06:27 spicy dhclient[6242]: DHCPACK of 192.168.5.103 from 192.168.5.254
Aug 18 10:06:27 spicy dhclient[6242]: bound to 192.168.5.103 -- renewal in 150 seconds.
Aug 18 10:06:28 spicy dhclient[5950]: DHCPREQUEST of 192.168.1.64 on enp5s0 to 192.168.1.254 port 67 (xid=0x73098422)
Aug 18 10:06:29 spicy dhclient[5950]: DHCPACK of 192.168.1.64 from 192.168.1.254
Aug 18 10:06:29 spicy dhclient[5950]: bound to 192.168.1.64 -- renewal in 164 seconds.
Aug 18 10:08:57 spicy dhclient[6242]: DHCPREQUEST of 192.168.5.103 on br-enp5s0.5 to 192.168.5.254 port 67 (xid=0x1d6f588c)
Aug 18 10:08:57 spicy dhclient[6242]: DHCPACK of 192.168.5.103 from 192.168.5.254
Aug 18 10:08:57 spicy dhclient[6242]: bound to 192.168.5.103 -- renewal in 143 seconds.
Aug 18 10:09:13 spicy dhclient[5950]: DHCPREQUEST of 192.168.1.64 on enp5s0 to 192.168.1.254 port 67 (xid=0x73098422)
Aug 18 10:09:13 spicy dhclient[5950]: DHCPACK of 192.168.1.64 from 192.168.1.254
Aug 18 10:09:13 spicy dhclient[5950]: bound to 192.168.1.64 -- renewal in 158 seconds.
Aug 18 10:11:20 spicy dhclient[6242]: DHCPREQUEST of 192.168.5.103 on br-enp5s0.5 to 192.168.5.254 port 67 (xid=0x1d6f588c)
Aug 18 10:11:21 spicy dhclient[6242]: DHCPACK of 192.168.5.103 from 192.168.5.254
Aug 18 10:11:21 spicy dhclient[6242]: bound to 192.168.5.103 -- renewal in 163 seconds.
Aug 18 10:11:51 spicy dhclient[5950]: DHCPREQUEST of 192.168.1.64 on enp5s0 to 192.168.1.254 port 67 (xid=0x73098422)
Aug 18 10:11:52 spicy dhclient[5950]: DHCPACK of 192.168.1.64 from 192.168.1.254
Aug 18 10:11:52 spicy dhclient[5950]: bound to 192.168.1.64 -- renewal in 142 seconds.
Aug 18 10:14:04 spicy dhclient[6242]: DHCPREQUEST of 192.168.5.103 on br-enp5s0.5 to 192.168.5.254 port 67 (xid=0x1d6f588c)
Aug 18 10:14:04 spicy dhclient[6242]: DHCPACK of 192.168.5.103 from 192.168.5.254
Aug 18 10:14:04 spicy dhclient[6242]: bound to 192.168.5.103 -- renewal in 156 seconds.
Aug 18 10:14:14 spicy dhclient[5950]: DHCPREQUEST of 192.168.1.64 on enp5s0 to 192.168.1.254 port 67 (xid=0x73098422)
Aug 18 10:14:14 spicy dhclient[5950]: DHCPACK of 192.168.1.64 from 192.168.1.254
Aug 18 10:14:14 spicy dhclient[5950]: bound to 192.168.1.64 -- renewal in 165 seconds.
Aug 18 10:16:40 spicy dhclient[6242]: DHCPREQUEST of 192.168.5.103 on br-enp5s0.5 to 192.168.5.254 port 67 (xid=0x1d6f588c)
Aug 18 10:16:40 spicy dhclient[6242]: DHCPACK of 192.168.5.103 from 192.168.5.254
Aug 18 10:16:40 spicy dhclient[6242]: bound to 192.168.5.103 -- renewal in 162 seconds.
Aug 18 10:16:59 spicy dhclient[5950]: DHCPREQUEST of 192.168.1.64 on enp5s0 to 192.168.1.254 port 67 (xid=0x73098422)
Aug 18 10:16:59 spicy dhclient[5950]: DHCPACK of 192.168.1.64 from 192.168.1.254
Aug 18 10:16:59 spicy dhclient[5950]: bound to 192.168.1.64 -- renewal in 175 seconds.
Aug 18 10:19:22 spicy dhclient[6242]: DHCPREQUEST of 192.168.5.103 on br-enp5s0.5 to 192.168.5.254 port 67 (xid=0x1d6f588c)
Aug 18 10:19:22 spicy dhclient[6242]: DHCPACK of 192.168.5.103 from 192.168.5.254
Aug 18 10:19:22 spicy dhclient[6242]: bound to 192.168.5.103 -- renewal in 176 seconds.
Aug 18 10:19:54 spicy dhclient[5950]: DHCPREQUEST of 192.168.1.64 on enp5s0 to 192.168.1.254 port 67 (xid=0x73098422)
Aug 18 10:19:54 spicy dhclient[5950]: DHCPACK of 192.168.1.64 from 192.168.1.254
Aug 18 10:19:54 spicy dhclient[5950]: bound to 192.168.1.64 -- renewal in 143 seconds.
Aug 18 10:22:17 spicy dhclient[5950]: DHCPREQUEST of 192.168.1.64 on enp5s0 to 192.168.1.254 port 67 (xid=0x73098422)
Aug 18 10:22:18 spicy dhclient[5950]: DHCPACK of 192.168.1.64 from 192.168.1.254
Aug 18 10:22:18 spicy dhclient[5950]: bound to 192.168.1.64 -- renewal in 177 seconds.
Aug 18 10:22:18 spicy dhclient[6242]: DHCPREQUEST of 192.168.5.103 on br-enp5s0.5 to 192.168.5.254 port 67 (xid=0x1d6f588c)
Aug 18 10:22:18 spicy dhclient[6242]: DHCPACK of 192.168.5.103 from 192.168.5.254
Aug 18 10:22:18 spicy dhclient[6242]: bound to 192.168.5.103 -- renewal in 146 seconds.
Aug 18 10:24:44 spicy dhclient[6242]: DHCPREQUEST of 192.168.5.103 on br-enp5s0.5 to 192.168.5.254 port 67 (xid=0x1d6f588c)
Aug 18 10:24:44 spicy dhclient[6242]: DHCPACK of 192.168.5.103 from 192.168.5.254
Aug 18 10:24:44 spicy dhclient[6242]: bound to 192.168.5.103 -- renewal in 174 seconds.
Aug 18 10:25:15 spicy dhclient[5950]: DHCPREQUEST of 192.168.1.64 on enp5s0 to 192.168.1.254 port 67 (xid=0x73098422)
Aug 18 10:25:15 spicy dhclient[5950]: DHCPACK of 192.168.1.64 from 192.168.1.254
Aug 18 10:25:15 spicy dhclient[5950]: bound to 192.168.1.64 -- renewal in 137 seconds.
Aug 18 10:27:32 spicy dhclient[5950]: DHCPREQUEST of 192.168.1.64 on enp5s0 to 192.168.1.254 port 67 (xid=0x73098422)
Aug 18 10:27:33 spicy dhclient[5950]: DHCPACK of 192.168.1.64 from 192.168.1.254
Aug 18 10:27:33 spicy dhclient[5950]: bound to 192.168.1.64 -- renewal in 155 seconds.
Aug 18 10:27:38 spicy dhclient[6242]: DHCPREQUEST of 192.168.5.103 on br-enp5s0.5 to 192.168.5.254 port 67 (xid=0x1d6f588c)
Aug 18 10:27:38 spicy dhclient[6242]: DHCPACK of 192.168.5.103 from 192.168.5.254
Aug 18 10:27:38 spicy dhclient[6242]: bound to 192.168.5.103 -- renewal in 140 seconds.
Aug 18 10:29:58 spicy dhclient[6242]: DHCPREQUEST of 192.168.5.103 on br-enp5s0.5 to 192.168.5.254 port 67 (xid=0x1d6f588c)
Aug 18 10:29:59 spicy dhclient[6242]: DHCPACK of 192.168.5.103 from 192.168.5.254
Aug 18 10:29:59 spicy dhclient[6242]: bound to 192.168.5.103 -- renewal in 181 seconds.
Aug 18 10:30:08 spicy dhclient[5950]: DHCPREQUEST of 192.168.1.64 on enp5s0 to 192.168.1.254 port 67 (xid=0x73098422)
Aug 18 10:30:09 spicy dhclient[5950]: DHCPACK of 192.168.1.64 from 192.168.1.254
Aug 18 10:30:09 spicy dhclient[5950]: bound to 192.168.1.64 -- renewal in 156 seconds.
Aug 18 10:32:45 spicy dhclient[5950]: DHCPREQUEST of 192.168.1.64 on enp5s0 to 192.168.1.254 port 67 (xid=0x73098422)
Aug 18 10:32:45 spicy dhclient[5950]: DHCPACK of 192.168.1.64 from 192.168.1.254
Aug 18 10:32:45 spicy dhclient[5950]: bound to 192.168.1.64 -- renewal in 173 seconds.
Aug 18 10:33:00 spicy dhclient[6242]: DHCPREQUEST of 192.168.5.103 on br-enp5s0.5 to 192.168.5.254 port 67 (xid=0x1d6f588c)
Aug 18 10:33:00 spicy dhclient[6242]: DHCPACK of 192.168.5.103 from 192.168.5.254
Aug 18 10:33:00 spicy dhclient[6242]: bound to 192.168.5.103 -- renewal in 152 seconds.
Aug 18 10:35:32 spicy dhclient[6242]: DHCPREQUEST of 192.168.5.103 on br-enp5s0.5 to 192.168.5.254 port 67 (xid=0x1d6f588c)
Aug 18 10:35:32 spicy dhclient[6242]: DHCPACK of 192.168.5.103 from 192.168.5.254
Aug 18 10:35:32 spicy dhclient[6242]: bound to 192.168.5.103 -- renewal in 166 seconds.
Aug 18 10:35:38 spicy dhclient[5950]: DHCPREQUEST of 192.168.1.64 on enp5s0 to 192.168.1.254 port 67 (xid=0x73098422)
Aug 18 10:35:38 spicy dhclient[5950]: DHCPACK of 192.168.1.64 from 192.168.1.254
Aug 18 10:35:38 spicy dhclient[5950]: bound to 192.168.1.64 -- renewal in 169 seconds.
Aug 18 10:38:18 spicy dhclient[6242]: DHCPREQUEST of 192.168.5.103 on br-enp5s0.5 to 192.168.5.254 port 67 (xid=0x1d6f588c)
Aug 18 10:38:18 spicy dhclient[6242]: DHCPACK of 192.168.5.103 from 192.168.5.254
Aug 18 10:38:18 spicy dhclient[6242]: bound to 192.168.5.103 -- renewal in 181 seconds.
Aug 18 10:38:27 spicy dhclient[5950]: DHCPREQUEST of 192.168.1.64 on enp5s0 to 192.168.1.254 port 67 (xid=0x73098422)
Aug 18 10:38:27 spicy dhclient[5950]: DHCPACK of 192.168.1.64 from 192.168.1.254
Aug 18 10:38:27 spicy dhclient[5950]: bound to 192.168.1.64 -- renewal in 154 seconds.
Aug 18 10:41:01 spicy dhclient[5950]: DHCPREQUEST of 192.168.1.64 on enp5s0 to 192.168.1.254 port 67 (xid=0x73098422)
Aug 18 10:41:01 spicy dhclient[5950]: DHCPACK of 192.168.1.64 from 192.168.1.254
Aug 18 10:41:01 spicy dhclient[5950]: bound to 192.168.1.64 -- renewal in 179 seconds.
Aug 18 10:41:19 spicy dhclient[6242]: DHCPREQUEST of 192.168.5.103 on br-enp5s0.5 to 192.168.5.254 port 67 (xid=0x1d6f588c)
Aug 18 10:41:20 spicy dhclient[6242]: DHCPACK of 192.168.5.103 from 192.168.5.254
Aug 18 10:41:20 spicy dhclient[6242]: bound to 192.168.5.103 -- renewal in 171 seconds.
Aug 18 10:44:00 spicy dhclient[5950]: DHCPREQUEST of 192.168.1.64 on enp5s0 to 192.168.1.254 port 67 (xid=0x73098422)
Aug 18 10:44:00 spicy dhclient[5950]: DHCPACK of 192.168.1.64 from 192.168.1.254
Aug 18 10:44:00 spicy dhclient[5950]: bound to 192.168.1.64 -- renewal in 177 seconds.
Aug 18 10:44:12 spicy dhclient[6242]: DHCPREQUEST of 192.168.5.103 on br-enp5s0.5 to 192.168.5.254 port 67 (xid=0x1d6f588c)
Aug 18 10:44:12 spicy dhclient[6242]: DHCPACK of 192.168.5.103 from 192.168.5.254
Aug 18 10:44:12 spicy dhclient[6242]: bound to 192.168.5.103 -- renewal in 180 seconds.
Aug 18 10:46:57 spicy dhclient[5950]: DHCPREQUEST of 192.168.1.64 on enp5s0 to 192.168.1.254 port 67 (xid=0x73098422)
Aug 18 10:46:57 spicy dhclient[5950]: DHCPACK of 192.168.1.64 from 192.168.1.254
Aug 18 10:46:57 spicy dhclient[5950]: bound to 192.168.1.64 -- renewal in 149 seconds.
Aug 18 10:47:12 spicy dhclient[6242]: DHCPREQUEST of 192.168.5.103 on br-enp5s0.5 to 192.168.5.254 port 67 (xid=0x1d6f588c)
Aug 18 10:47:12 spicy dhclient[6242]: DHCPACK of 192.168.5.103 from 192.168.5.254
Aug 18 10:47:12 spicy dhclient[6242]: bound to 192.168.5.103 -- renewal in 146 seconds.
Aug 18 10:49:26 spicy dhclient[5950]: DHCPREQUEST of 192.168.1.64 on enp5s0 to 192.168.1.254 port 67 (xid=0x73098422)
Aug 18 10:49:26 spicy dhclient[5950]: DHCPACK of 192.168.1.64 from 192.168.1.254
Aug 18 10:49:26 spicy dhclient[5950]: bound to 192.168.1.64 -- renewal in 142 seconds.
Aug 18 10:49:39 spicy dhclient[6242]: DHCPREQUEST of 192.168.5.103 on br-enp5s0.5 to 192.168.5.254 port 67 (xid=0x1d6f588c)
Aug 18 10:49:39 spicy dhclient[6242]: DHCPACK of 192.168.5.103 from 192.168.5.254
Aug 18 10:49:39 spicy dhclient[6242]: bound to 192.168.5.103 -- renewal in 161 seconds.
Aug 18 10:51:48 spicy dhclient[5950]: DHCPREQUEST of 192.168.1.64 on enp5s0 to 192.168.1.254 port 67 (xid=0x73098422)
Aug 18 10:51:48 spicy dhclient[5950]: DHCPACK of 192.168.1.64 from 192.168.1.254
Aug 18 10:51:48 spicy dhclient[5950]: bound to 192.168.1.64 -- renewal in 139 seconds.
Aug 18 10:52:20 spicy dhclient[6242]: DHCPREQUEST of 192.168.5.103 on br-enp5s0.5 to 192.168.5.254 port 67 (xid=0x1d6f588c)
Aug 18 10:52:20 spicy dhclient[6242]: DHCPACK of 192.168.5.103 from 192.168.5.254
Aug 18 10:52:20 spicy dhclient[6242]: bound to 192.168.5.103 -- renewal in 140 seconds.
Aug 18 10:54:07 spicy dhclient[5950]: DHCPREQUEST of 192.168.1.64 on enp5s0 to 192.168.1.254 port 67 (xid=0x73098422)
Aug 18 10:54:07 spicy dhclient[5950]: DHCPACK of 192.168.1.64 from 192.168.1.254
Aug 18 10:54:07 spicy dhclient[5950]: bound to 192.168.1.64 -- renewal in 152 seconds.
Aug 18 10:54:40 spicy dhclient[6242]: DHCPREQUEST of 192.168.5.103 on br-enp5s0.5 to 192.168.5.254 port 67 (xid=0x1d6f588c)
Aug 18 10:54:40 spicy dhclient[6242]: DHCPACK of 192.168.5.103 from 192.168.5.254
Aug 18 10:54:40 spicy dhclient[6242]: bound to 192.168.5.103 -- renewal in 153 seconds.
Aug 18 10:56:39 spicy dhclient[5950]: DHCPREQUEST of 192.168.1.64 on enp5s0 to 192.168.1.254 port 67 (xid=0x73098422)
Aug 18 10:56:40 spicy dhclient[5950]: DHCPACK of 192.168.1.64 from 192.168.1.254
Aug 18 10:56:40 spicy dhclient[5950]: bound to 192.168.1.64 -- renewal in 155 seconds.
Aug 18 10:57:13 spicy dhclient[6242]: DHCPREQUEST of 192.168.5.103 on br-enp5s0.5 to 192.168.5.254 port 67 (xid=0x1d6f588c)
Aug 18 10:57:13 spicy dhclient[6242]: DHCPACK of 192.168.5.103 from 192.168.5.254
Aug 18 10:57:13 spicy dhclient[6242]: bound to 192.168.5.103 -- renewal in 152 seconds.
Aug 18 10:59:15 spicy dhclient[5950]: DHCPREQUEST of 192.168.1.64 on enp5s0 to 192.168.1.254 port 67 (xid=0x73098422)
Aug 18 10:59:15 spicy dhclient[5950]: DHCPACK of 192.168.1.64 from 192.168.1.254
Aug 18 10:59:15 spicy dhclient[5950]: bound to 192.168.1.64 -- renewal in 144 seconds.
Aug 18 10:59:45 spicy dhclient[6242]: DHCPREQUEST of 192.168.5.103 on br-enp5s0.5 to 192.168.5.254 port 67 (xid=0x1d6f588c)
Aug 18 10:59:45 spicy dhclient[6242]: DHCPACK of 192.168.5.103 from 192.168.5.254
Aug 18 10:59:45 spicy dhclient[6242]: bound to 192.168.5.103 -- renewal in 156 seconds.
Aug 18 11:01:39 spicy dhclient[5950]: DHCPREQUEST of 192.168.1.64 on enp5s0 to 192.168.1.254 port 67 (xid=0x73098422)
Aug 18 11:01:42 spicy dhclient[5950]: DHCPREQUEST of 192.168.1.64 on enp5s0 to 192.168.1.254 port 67 (xid=0x73098422)
Aug 18 11:01:49 spicy dhclient[5950]: DHCPREQUEST of 192.168.1.64 on enp5s0 to 192.168.1.254 port 67 (xid=0x73098422)
Aug 18 11:02:09 spicy dhclient[5950]: DHCPREQUEST of 192.168.1.64 on enp5s0 to 192.168.1.254 port 67 (xid=0x73098422)
Aug 18 11:02:17 spicy dhclient[5950]: DHCPREQUEST of 192.168.1.64 on enp5s0 to 192.168.1.254 port 67 (xid=0x73098422)
Aug 18 11:02:21 spicy dhclient[6242]: DHCPREQUEST of 192.168.5.103 on br-enp5s0.5 to 192.168.5.254 port 67 (xid=0x1d6f588c)
Aug 18 11:02:24 spicy dhclient[6242]: DHCPREQUEST of 192.168.5.103 on br-enp5s0.5 to 192.168.5.254 port 67 (xid=0x1d6f588c)
Aug 18 11:02:25 spicy dhclient[5950]: DHCPREQUEST of 192.168.1.64 on enp5s0 to 192.168.1.254 port 67 (xid=0x73098422)
Aug 18 11:02:32 spicy dhclient[6242]: DHCPREQUEST of 192.168.5.103 on br-enp5s0.5 to 192.168.5.254 port 67 (xid=0x1d6f588c)
Aug 18 11:02:42 spicy dhclient[6242]: DHCPREQUEST of 192.168.5.103 on br-enp5s0.5 to 192.168.5.254 port 67 (xid=0x1d6f588c)
Aug 18 11:02:45 spicy dhclient[5950]: DHCPREQUEST of 192.168.1.64 on enp5s0 to 192.168.1.254 port 67 (xid=0x73098422)
Aug 18 11:02:50 spicy dhclient[6242]: DHCPREQUEST of 192.168.5.103 on br-enp5s0.5 to 192.168.5.254 port 67 (xid=0x1d6f588c)
Aug 18 11:02:57 spicy dhclient[6242]: DHCPREQUEST of 192.168.5.103 on br-enp5s0.5 to 192.168.5.254 port 67 (xid=0x1d6f588c)
Aug 18 11:03:00 spicy dhclient[5950]: DHCPREQUEST of 192.168.1.64 on enp5s0 to 192.168.1.254 port 67 (xid=0x73098422)
Aug 18 11:03:04 spicy dhclient[6242]: DHCPREQUEST of 192.168.5.103 on br-enp5s0.5 to 192.168.5.254 port 67 (xid=0x1d6f588c)
Aug 18 11:03:15 spicy dhclient[5950]: DHCPREQUEST of 192.168.1.64 on enp5s0 to 192.168.1.254 port 67 (xid=0x73098422)
Aug 18 11:03:15 spicy dhclient[6242]: DHCPREQUEST of 192.168.5.103 on br-enp5s0.5 to 192.168.5.254 port 67 (xid=0x1d6f588c)
Aug 18 11:03:28 spicy dhclient[5950]: DHCPREQUEST of 192.168.1.64 on enp5s0 to 192.168.1.254 port 67 (xid=0x73098422)
Aug 18 11:03:36 spicy dhclient[6242]: DHCPREQUEST of 192.168.5.103 on br-enp5s0.5 to 192.168.5.254 port 67 (xid=0x1d6f588c)
Aug 18 11:03:36 spicy dhclient[6242]: DHCPACK of 192.168.5.103 from 192.168.5.254
Aug 18 11:03:36 spicy dhclient[6242]: bound to 192.168.5.103 -- renewal in 157 seconds.
Aug 18 11:03:47 spicy dhclient[5950]: DHCPREQUEST of 192.168.1.64 on enp5s0 to 192.168.1.254 port 67 (xid=0x73098422)
Aug 18 11:03:48 spicy dhclient[5950]: DHCPACK of 192.168.1.64 from 192.168.1.254
Aug 18 11:03:48 spicy dhclient[5950]: bound to 192.168.1.64 -- renewal in 170 seconds.
Aug 18 11:06:13 spicy dhclient[6242]: DHCPREQUEST of 192.168.5.103 on br-enp5s0.5 to 192.168.5.254 port 67 (xid=0x1d6f588c)
Aug 18 11:06:13 spicy dhclient[6242]: DHCPACK of 192.168.5.103 from 192.168.5.254
Aug 18 11:06:13 spicy dhclient[6242]: bound to 192.168.5.103 -- renewal in 172 seconds.
Aug 18 11:06:38 spicy dhclient[5950]: DHCPREQUEST of 192.168.1.64 on enp5s0 to 192.168.1.254 port 67 (xid=0x73098422)
Aug 18 11:06:39 spicy dhclient[5950]: DHCPACK of 192.168.1.64 from 192.168.1.254
Aug 18 11:06:39 spicy dhclient[5950]: bound to 192.168.1.64 -- renewal in 138 seconds.
Aug 18 11:08:57 spicy dhclient[5950]: DHCPREQUEST of 192.168.1.64 on enp5s0 to 192.168.1.254 port 67 (xid=0x73098422)
Aug 18 11:08:57 spicy dhclient[5950]: DHCPACK of 192.168.1.64 from 192.168.1.254
Aug 18 11:08:57 spicy dhclient[5950]: bound to 192.168.1.64 -- renewal in 169 seconds.
Aug 18 11:09:05 spicy dhclient[6242]: DHCPREQUEST of 192.168.5.103 on br-enp5s0.5 to 192.168.5.254 port 67 (xid=0x1d6f588c)
Aug 18 11:09:06 spicy dhclient[6242]: DHCPACK of 192.168.5.103 from 192.168.5.254
Aug 18 11:09:06 spicy dhclient[6242]: bound to 192.168.5.103 -- renewal in 167 seconds.
Aug 18 11:11:46 spicy dhclient[5950]: DHCPREQUEST of 192.168.1.64 on enp5s0 to 192.168.1.254 port 67 (xid=0x73098422)
Aug 18 11:11:46 spicy dhclient[5950]: DHCPACK of 192.168.1.64 from 192.168.1.254
Aug 18 11:11:46 spicy dhclient[5950]: bound to 192.168.1.64 -- renewal in 151 seconds.
Aug 18 11:11:53 spicy dhclient[6242]: DHCPREQUEST of 192.168.5.103 on br-enp5s0.5 to 192.168.5.254 port 67 (xid=0x1d6f588c)
Aug 18 11:11:53 spicy dhclient[6242]: DHCPACK of 192.168.5.103 from 192.168.5.254
Aug 18 11:11:53 spicy dhclient[6242]: bound to 192.168.5.103 -- renewal in 163 seconds.
Aug 18 11:14:17 spicy dhclient[5950]: DHCPREQUEST of 192.168.1.64 on enp5s0 to 192.168.1.254 port 67 (xid=0x73098422)
