Aug 18 16:36:06 spicy kernel: virbr2: port 7(vnet16) entered disabled state
Aug 18 16:36:06 spicy NetworkManager[5389]: [1471534566.2592] device (vnet16): state change: activated -> unmanaged (reason 'unmanaged') [100 10 3]
Aug 18 16:36:06 spicy NetworkManager[5389]: [1471534566.2593] device (virbr2): bridge port vnet16 was detached
Aug 18 16:36:06 spicy NetworkManager[5389]: [1471534566.2593] device (vnet16): released from master device virbr2
Aug 18 16:36:06 spicy NetworkManager[5389]: [1471534566.2839] devices removed (path: /sys/devices/virtual/net/vnet16, iface: vnet16)
Aug 18 16:36:06 spicy kernel: virbr2: port 8(vnet17) entered disabled state
Aug 18 16:36:06 spicy kernel: device vnet17 left promiscuous mode
Aug 18 16:36:06 spicy kernel: virbr2: port 8(vnet17) entered disabled state
Aug 18 16:36:06 spicy NetworkManager[5389]: [1471534566.3209] device (vnet17): state change: activated -> unmanaged (reason 'unmanaged') [100 10 3]
Aug 18 16:36:06 spicy NetworkManager[5389]: [1471534566.3214] device (virbr2): bridge port vnet17 was detached
Aug 18 16:36:06 spicy NetworkManager[5389]: [1471534566.3214] device (vnet17): released from master device virbr2
Aug 18 16:36:06 spicy NetworkManager[5389]: [1471534566.3482] devices removed (path: /sys/devices/virtual/net/vnet17, iface: vnet17)
Aug 18 16:36:06 spicy kernel: virbr2: port 9(vnet18) entered disabled state
Aug 18 16:36:06 spicy kernel: device vnet18 left promiscuous mode
Aug 18 16:36:06 spicy kernel: virbr2: port 9(vnet18) entered disabled state
Aug 18 16:36:06 spicy NetworkManager[5389]: [1471534566.3846] device (vnet18): state change: activated -> unmanaged (reason 'unmanaged') [100 10 3]
Aug 18 16:36:06 spicy NetworkManager[5389]: [1471534566.3846] device (virbr2): bridge port vnet18 was detached
Aug 18 16:36:06 spicy NetworkManager[5389]: [1471534566.3847] device (vnet18): released from master device virbr2
Aug 18 16:36:06 spicy NetworkManager[5389]: [1471534566.4102] devices removed (path: /sys/devices/virtual/net/vnet18, iface: vnet18)
Aug 18 16:36:06 spicy kernel: audit_printk_skb: 3 callbacks suppressed
Aug 18 16:36:06 spicy kernel: audit: type=1400 audit(1471534566.791:136): apparmor="STATUS" operation="profile_remove" profile="unconfined" name="libvirt-ef898a36-ff85-4a52-ab65-dad183071a90" pid=25143 comm="apparmor_parser"
Aug 18 16:37:01 spicy dhclient[6242]: DHCPREQUEST of 192.168.5.103 on br-enp5s0.5 to 192.168.5.254 port 67 (xid=0x1d6f588c)
Aug 18 16:37:01 spicy dhclient[6242]: DHCPACK of 192.168.5.103 from 192.168.5.254
Aug 18 16:37:01 spicy dhclient[6242]: bound to 192.168.5.103 -- renewal in 170 seconds.
Aug 18 16:37:55 spicy dhclient[5950]: DHCPREQUEST of 192.168.1.64 on enp5s0 to 192.168.1.254 port 67 (xid=0x73098422)
Aug 18 16:37:56 spicy dhclient[5950]: DHCPACK of 192.168.1.64 from 192.168.1.254
Aug 18 16:37:56 spicy dhclient[5950]: bound to 192.168.1.64 -- renewal in 173 seconds.
Aug 18 16:39:51 spicy dhclient[6242]: DHCPREQUEST of 192.168.5.103 on br-enp5s0.5 to 192.168.5.254 port 67 (xid=0x1d6f588c)
Aug 18 16:39:52 spicy dhclient[6242]: DHCPACK of 192.168.5.103 from 192.168.5.254
Aug 18 16:39:52 spicy dhclient[6242]: bound to 192.168.5.103 -- renewal in 148 seconds.
Aug 18 16:40:49 spicy dhclient[5950]: DHCPREQUEST of 192.168.1.64 on enp5s0 to 192.168.1.254 port 67 (xid=0x73098422)
Aug 18 16:40:49 spicy dhclient[5950]: DHCPACK of 192.168.1.64 from 192.168.1.254
Aug 18 16:40:49 spicy dhclient[5950]: bound to 192.168.1.64 -- renewal in 148 seconds.
Aug 18 16:41:08 spicy kernel: audit: type=1400 audit(1471534868.823:137): apparmor="STATUS" operation="profile_load" profile="unconfined" name="lxd-juju-0e9cf9-0_" pid=26097 comm="apparmor_parser"
Aug 18 16:41:08 spicy NetworkManager[5389]: [1471534868.8678] device (vethTSXVAE): failed to find device 54 'vethTSXVAE' with udev
Aug 18 16:41:08 spicy NetworkManager[5389]: [1471534868.8689] manager: (vethTSXVAE): new Veth device (/org/freedesktop/NetworkManager/Devices/53)
Aug 18 16:41:08 spicy kernel: device vethGDD3BN entered promiscuous mode
Aug 18 16:41:08 spicy kernel: IPv6: ADDRCONF(NETDEV_UP): vethGDD3BN: link is not ready
Aug 18 16:41:08 spicy NetworkManager[5389]: [1471534868.8694] device (vethGDD3BN): failed to find device 55 'vethGDD3BN' with udev
Aug 18 16:41:08 spicy NetworkManager[5389]: [1471534868.8704] manager: (vethGDD3BN): new Veth device (/org/freedesktop/NetworkManager/Devices/54)
Aug 18 16:41:08 spicy NetworkManager[5389]: [1471534868.8860] devices added (path: /sys/devices/virtual/net/vethGDD3BN, iface: vethGDD3BN)
Aug 18 16:41:08 spicy NetworkManager[5389]: [1471534868.8860] device added (path: /sys/devices/virtual/net/vethGDD3BN, iface: vethGDD3BN): no ifupdown configuration found.
Aug 18 16:41:08 spicy NetworkManager[5389]: [1471534868.8863] devices added (path: /sys/devices/virtual/net/vethTSXVAE, iface: vethTSXVAE)
Aug 18 16:41:08 spicy NetworkManager[5389]: [1471534868.8863] device added (path: /sys/devices/virtual/net/vethTSXVAE, iface: vethTSXVAE): no ifupdown configuration found.
Aug 18 16:41:08 spicy NetworkManager[5389]: [1471534868.9179] device (vethTSXVAE): driver 'veth' does not support carrier detection.
Aug 18 16:41:08 spicy NetworkManager[5389]: [1471534868.9206] devices removed (path: /sys/devices/virtual/net/vethTSXVAE, iface: vethTSXVAE)
Aug 18 16:41:08 spicy kernel: eth0: renamed from vethTSXVAE
Aug 18 16:41:08 spicy NetworkManager[5389]: [1471534868.9392] device (vethGDD3BN): link connected
Aug 18 16:41:08 spicy NetworkManager[5389]: [1471534868.9393] device (lxdbr0): link connected
Aug 18 16:41:08 spicy kernel: IPv6: ADDRCONF(NETDEV_CHANGE): vethGDD3BN: link becomes ready
Aug 18 16:41:08 spicy kernel: lxdbr0: port 1(vethGDD3BN) entered forwarding state
Aug 18 16:41:08 spicy kernel: lxdbr0: port 1(vethGDD3BN) entered forwarding state
Aug 18 16:41:23 spicy kernel: lxdbr0: port 1(vethGDD3BN) entered forwarding state
Aug 18 16:42:20 spicy dhclient[6242]: DHCPREQUEST of 192.168.5.103 on br-enp5s0.5 to 192.168.5.254 port 67 (xid=0x1d6f588c)
Aug 18 16:42:20 spicy dhclient[6242]: DHCPACK of 192.168.5.103 from 192.168.5.254
Aug 18 16:42:20 spicy dhclient[6242]: bound to 192.168.5.103 -- renewal in 158 seconds.
Aug 18 16:43:17 spicy dhclient[5950]: DHCPREQUEST of 192.168.1.64 on enp5s0 to 192.168.1.254 port 67 (xid=0x73098422)
Aug 18 16:43:18 spicy dhclient[5950]: DHCPACK of 192.168.1.64 from 192.168.1.254
Aug 18 16:43:18 spicy dhclient[5950]: bound to 192.168.1.64 -- renewal in 178 seconds.
Aug 18 16:44:58 spicy dhclient[6242]: DHCPREQUEST of 192.168.5.103 on br-enp5s0.5 to 192.168.5.254 port 67 (xid=0x1d6f588c)
Aug 18 16:44:59 spicy dhclient[6242]: DHCPACK of 192.168.5.103 from 192.168.5.254
Aug 18 16:44:59 spicy dhclient[6242]: bound to 192.168.5.103 -- renewal in 143 seconds.
Aug 18 16:45:13 spicy kernel: audit: type=1400 audit(1471535113.273:138): apparmor="STATUS" operation="profile_load" profile="unconfined" name="libvirt-ef898a36-ff85-4a52-ab65-dad183071a90" pid=32265 comm="apparmor_parser"
Aug 18 16:45:13 spicy kernel: audit: type=1400 audit(1471535113.273:139): apparmor="STATUS" operation="profile_load" profile="unconfined" name="libvirt-ef898a36-ff85-4a52-ab65-dad183071a90//qemu_bridge_helper" pid=32265 comm="apparmor_parser"
Aug 18 16:45:13 spicy NetworkManager[5389]: [1471535113.2875] manager: (vnet15): new Tun device (/org/freedesktop/NetworkManager/Devices/55)
Aug 18 16:45:13 spicy NetworkManager[5389]: [1471535113.3050] devices added (path: /sys/devices/virtual/net/vnet15, iface: vnet15)
Aug 18 16:45:13 spicy NetworkManager[5389]: [1471535113.3050] device added (path: /sys/devices/virtual/net/vnet15, iface: vnet15): no ifupdown configuration found.
Aug 18 16:45:13 spicy kernel: device vnet15 entered promiscuous mode
Aug 18 16:45:13 spicy NetworkManager[5389]: [1471535113.3662] device (vnet15): state change: unmanaged -> unavailable (reason 'connection-assumed') [10 20 41]
Aug 18 16:45:13 spicy NetworkManager[5389]: [1471535113.3674] keyfile: add connection in-memory (7b280f18-7482-42b3-8160-7a1e7bb5f12c,"vnet15")
Aug 18 16:45:13 spicy NetworkManager[5389]: [1471535113.3687] device (vnet15): state change: unavailable -> disconnected (reason 'connection-assumed') [20 30 41]
Aug 18 16:45:13 spicy kernel: virbr2: port 6(vnet15) entered listening state
Aug 18 16:45:13 spicy kernel: virbr2: port 6(vnet15) entered listening state
Aug 18 16:45:13 spicy NetworkManager[5389]: [1471535113.3697] device (vnet15): Activation: starting connection 'vnet15' (7b280f18-7482-42b3-8160-7a1e7bb5f12c)
Aug 18 16:45:13 spicy NetworkManager[5389]: [1471535113.3707] device (vnet15): state change: disconnected -> prepare (reason 'none') [30 40 0]
Aug 18 16:45:13 spicy NetworkManager[5389]: [1471535113.3713] device (vnet15): state change: prepare -> config (reason 'none') [40 50 0]
Aug 18 16:45:13 spicy NetworkManager[5389]: [1471535113.3719] device (vnet15): state change: config -> ip-config (reason 'none') [50 70 0]
Aug 18 16:45:13 spicy NetworkManager[5389]: [1471535113.3720] device (virbr2): bridge port vnet15 was attached
Aug 18 16:45:13 spicy NetworkManager[5389]: [1471535113.3720] device (vnet15): Activation: connection 'vnet15' enslaved, continuing activation
Aug 18 16:45:13 spicy NetworkManager[5389]: [1471535113.3724] device (vnet15): state change: ip-config -> secondaries (reason 'none') [70 90 0]
Aug 18 16:45:13 spicy NetworkManager[5389]: [1471535113.3727] device (vnet15): state change: secondaries -> activated (reason 'none') [90 100 0]
Aug 18 16:45:13 spicy NetworkManager[5389]: [1471535113.3846] device (vnet15): Activation: successful, device activated.
Aug 18 16:45:13 spicy kernel: audit: type=1400 audit(1471535113.513:140): apparmor="STATUS" operation="profile_replace" profile="unconfined" name="libvirt-ef898a36-ff85-4a52-ab65-dad183071a90" pid=32325 comm="apparmor_parser"
Aug 18 16:45:13 spicy NetworkManager[5389]: [1471535113.5571] manager: (vnet16): new Tun device (/org/freedesktop/NetworkManager/Devices/56)
Aug 18 16:45:13 spicy kernel: audit: type=1400 audit(1471535113.549:141): apparmor="STATUS" operation="profile_replace" profile="unconfined" name="libvirt-ef898a36-ff85-4a52-ab65-dad183071a90//qemu_bridge_helper" pid=32325 comm="apparmor_parser"
Aug 18 16:45:13 spicy NetworkManager[5389]: [1471535113.5734] devices added (path: /sys/devices/virtual/net/vnet16, iface: vnet16)
Aug 18 16:45:13 spicy NetworkManager[5389]: [1471535113.5734] device added (path: /sys/devices/virtual/net/vnet16, iface: vnet16): no ifupdown configuration found.
Aug 18 16:45:13 spicy kernel: device vnet16 entered promiscuous mode
Aug 18 16:45:13 spicy NetworkManager[5389]: [1471535113.6660] device (vnet16): state change: unmanaged -> unavailable (reason 'connection-assumed') [10 20 41]
Aug 18 16:45:13 spicy NetworkManager[5389]: [1471535113.6671] keyfile: add connection in-memory (62014044-7b40-42c6-b5a3-07b4f41aacb2,"vnet16")
Aug 18 16:45:13 spicy NetworkManager[5389]: [1471535113.6682] device (vnet16): state change: unavailable -> disconnected (reason 'connection-assumed') [20 30 41]
Aug 18 16:45:13 spicy NetworkManager[5389]: [1471535113.6689] device (vnet16): Activation: starting connection 'vnet16' (62014044-7b40-42c6-b5a3-07b4f41aacb2)
Aug 18 16:45:13 spicy kernel: virbr2: port 7(vnet16) entered listening state
Aug 18 16:45:13 spicy kernel: virbr2: port 7(vnet16) entered listening state
Aug 18 16:45:13 spicy NetworkManager[5389]: [1471535113.6698] device (vnet16): state change: disconnected -> prepare (reason 'none') [30 40 0]
Aug 18 16:45:13 spicy NetworkManager[5389]: [1471535113.6703] device (vnet16): state change: prepare -> config (reason 'none') [40 50 0]
Aug 18 16:45:13 spicy NetworkManager[5389]: [1471535113.6706] device (vnet16): state change: config -> ip-config (reason 'none') [50 70 0]
Aug 18 16:45:13 spicy NetworkManager[5389]: [1471535113.6707] device (virbr2): bridge port vnet16 was attached
Aug 18 16:45:13 spicy NetworkManager[5389]: [1471535113.6707] device (vnet16): Activation: connection 'vnet16' enslaved, continuing activation
Aug 18 16:45:13 spicy NetworkManager[5389]: [1471535113.6711] device (vnet16): state change: ip-config -> secondaries (reason 'none') [70 90 0]
Aug 18 16:45:13 spicy NetworkManager[5389]: [1471535113.6714] device (vnet16): state change: secondaries -> activated (reason 'none') [90 100 0]
Aug 18 16:45:13 spicy NetworkManager[5389]: [1471535113.6926] device (vnet16): Activation: successful, device activated.
Aug 18 16:45:13 spicy kernel: audit: type=1400 audit(1471535113.849:142): apparmor="STATUS" operation="profile_replace" profile="unconfined" name="libvirt-ef898a36-ff85-4a52-ab65-dad183071a90" pid=32605 comm="apparmor_parser"
Aug 18 16:45:13 spicy kernel: audit: type=1400 audit(1471535113.873:143): apparmor="STATUS" operation="profile_replace" profile="unconfined" name="libvirt-ef898a36-ff85-4a52-ab65-dad183071a90//qemu_bridge_helper" pid=32605 comm="apparmor_parser"
Aug 18 16:45:13 spicy NetworkManager[5389]: [1471535113.8822] manager: (vnet17): new Tun device (/org/freedesktop/NetworkManager/Devices/57)
Aug 18 16:45:13 spicy NetworkManager[5389]: [1471535113.8982] devices added (path: /sys/devices/virtual/net/vnet17, iface: vnet17)
Aug 18 16:45:13 spicy NetworkManager[5389]: [1471535113.8983] device added (path: /sys/devices/virtual/net/vnet17, iface: vnet17): no ifupdown configuration found.
Aug 18 16:45:13 spicy kernel: device vnet17 entered promiscuous mode
Aug 18 16:45:13 spicy NetworkManager[5389]: [1471535113.9661] device (vnet17): state change: unmanaged -> unavailable (reason 'connection-assumed') [10 20 41]
Aug 18 16:45:13 spicy NetworkManager[5389]: [1471535113.9671] keyfile: add connection in-memory (e7716a91-f5f5-458b-b9a5-9b05a704c201,"vnet17")
Aug 18 16:45:13 spicy NetworkManager[5389]: [1471535113.9682] device (vnet17): state change: unavailable -> disconnected (reason 'connection-assumed') [20 30 41]
Aug 18 16:45:13 spicy NetworkManager[5389]: [1471535113.9689] device (vnet17): Activation: starting connection 'vnet17' (e7716a91-f5f5-458b-b9a5-9b05a704c201)
Aug 18 16:45:13 spicy kernel: virbr2: port 8(vnet17) entered listening state
Aug 18 16:45:13 spicy kernel: virbr2: port 8(vnet17) entered listening state
Aug 18 16:45:13 spicy NetworkManager[5389]: [1471535113.9697] device (vnet17): state change: disconnected -> prepare (reason 'none') [30 40 0]
Aug 18 16:45:13 spicy NetworkManager[5389]: [1471535113.9701] device (vnet17): state change: prepare -> config (reason 'none') [40 50 0]
Aug 18 16:45:13 spicy NetworkManager[5389]: [1471535113.9703] device (vnet17): state change: config -> ip-config (reason 'none') [50 70 0]
Aug 18 16:45:13 spicy NetworkManager[5389]: [1471535113.9704] device (virbr2): bridge port vnet17 was attached
Aug 18 16:45:13 spicy NetworkManager[5389]: [1471535113.9704] device (vnet17): Activation: connection 'vnet17' enslaved, continuing activation
Aug 18 16:45:13 spicy NetworkManager[5389]: [1471535113.9708] device (vnet17): state change: ip-config -> secondaries (reason 'none') [70 90 0]
Aug 18 16:45:13 spicy NetworkManager[5389]: [1471535113.9710] device (vnet17): state change: secondaries -> activated (reason 'none') [90 100 0]
Aug 18 16:45:13 spicy NetworkManager[5389]: [1471535113.9814] device (vnet17): Activation: successful, device activated.
Aug 18 16:45:14 spicy kernel: audit: type=1400 audit(1471535114.153:144): apparmor="STATUS" operation="profile_replace" profile="unconfined" name="libvirt-ef898a36-ff85-4a52-ab65-dad183071a90" pid=378 comm="apparmor_parser"
Aug 18 16:45:14 spicy NetworkManager[5389]: [1471535114.1764] manager: (vnet18): new Tun device (/org/freedesktop/NetworkManager/Devices/58)
Aug 18 16:45:14 spicy kernel: audit: type=1400 audit(1471535114.169:145): apparmor="STATUS" operation="profile_replace" profile="unconfined" name="libvirt-ef898a36-ff85-4a52-ab65-dad183071a90//qemu_bridge_helper" pid=378 comm="apparmor_parser"
Aug 18 16:45:14 spicy NetworkManager[5389]: [1471535114.1918] devices added (path: /sys/devices/virtual/net/vnet18, iface: vnet18)
Aug 18 16:45:14 spicy NetworkManager[5389]: [1471535114.1918] device added (path: /sys/devices/virtual/net/vnet18, iface: vnet18): no ifupdown configuration found.
Aug 18 16:45:14 spicy kernel: device vnet18 entered promiscuous mode
Aug 18 16:45:14 spicy NetworkManager[5389]: [1471535114.2624] device (vnet18): state change: unmanaged -> unavailable (reason 'connection-assumed') [10 20 41]
Aug 18 16:45:14 spicy NetworkManager[5389]: [1471535114.2637] keyfile: add connection in-memory (332beb6e-3732-4778-a629-5a61bb1a0ae4,"vnet18")
Aug 18 16:45:14 spicy NetworkManager[5389]: [1471535114.2649] device (vnet18): state change: unavailable -> disconnected (reason 'connection-assumed') [20 30 41]
Aug 18 16:45:14 spicy kernel: virbr2: port 9(vnet18) entered listening state
Aug 18 16:45:14 spicy kernel: virbr2: port 9(vnet18) entered listening state
Aug 18 16:45:14 spicy NetworkManager[5389]: [1471535114.2658] device (vnet18): Activation: starting connection 'vnet18' (332beb6e-3732-4778-a629-5a61bb1a0ae4)
Aug 18 16:45:14 spicy NetworkManager[5389]: [1471535114.2668] device (vnet18): state change: disconnected -> prepare (reason 'none') [30 40 0]
Aug 18 16:45:14 spicy NetworkManager[5389]: [1471535114.2674] device (vnet18): state change: prepare -> config (reason 'none') [40 50 0]
Aug 18 16:45:14 spicy NetworkManager[5389]: [1471535114.2676] device (vnet18): state change: config -> ip-config (reason 'none') [50 70 0]
Aug 18 16:45:14 spicy NetworkManager[5389]: [1471535114.2677] device (virbr2): bridge port vnet18 was attached
Aug 18 16:45:14 spicy NetworkManager[5389]: [1471535114.2677] device (vnet18): Activation: connection 'vnet18' enslaved, continuing activation
Aug 18 16:45:14 spicy NetworkManager[5389]: [1471535114.2680] device (vnet18): state change: ip-config -> secondaries (reason 'none') [70 90 0]
Aug 18 16:45:14 spicy NetworkManager[5389]: [1471535114.2683] device (vnet18): state change: secondaries -> activated (reason 'none') [90 100 0]
Aug 18 16:45:14 spicy NetworkManager[5389]: [1471535114.2818] device (vnet18): Activation: successful, device activated.
Aug 18 16:45:14 spicy kernel: audit: type=1400 audit(1471535114.465:146): apparmor="STATUS" operation="profile_replace" profile="unconfined" name="libvirt-ef898a36-ff85-4a52-ab65-dad183071a90" pid=600 comm="apparmor_parser"
Aug 18 16:45:14 spicy kernel: audit: type=1400 audit(1471535114.485:147): apparmor="STATUS" operation="profile_replace" profile="unconfined" name="libvirt-ef898a36-ff85-4a52-ab65-dad183071a90//qemu_bridge_helper" pid=600 comm="apparmor_parser"
Aug 18 16:45:14 spicy kernel: kvm: zapping shadow pages for mmio generation wraparound
Aug 18 16:45:14 spicy kernel: kvm: zapping shadow pages for mmio generation wraparound
Aug 18 16:45:15 spicy kernel: virbr2: port 6(vnet15) entered learning state
Aug 18 16:45:15 spicy kernel: virbr2: port 7(vnet16) entered learning state
Aug 18 16:45:15 spicy kernel: virbr2: port 8(vnet17) entered learning state
Aug 18 16:45:16 spicy kernel: virbr2: port 9(vnet18) entered learning state
Aug 18 16:45:17 spicy kernel: virbr2: topology change detected, propagating
Aug 18 16:45:17 spicy kernel: virbr2: port 6(vnet15) entered forwarding state
Aug 18 16:45:17 spicy kernel: virbr2: topology change detected, propagating
Aug 18 16:45:17 spicy kernel: virbr2: port 7(vnet16) entered forwarding state
Aug 18 16:45:17 spicy kernel: virbr2: topology change detected, propagating
Aug 18 16:45:17 spicy kernel: virbr2: port 8(vnet17) entered forwarding state
Aug 18 16:45:18 spicy kernel: virbr2: topology change detected, propagating
Aug 18 16:45:18 spicy kernel: virbr2: port 9(vnet18) entered forwarding state
Aug 18 16:45:37 spicy kernel: kvm [690]: vcpu1 unhandled rdmsr: 0x34
Aug 18 16:46:16 spicy dhclient[5950]: DHCPREQUEST of 192.168.1.64 on enp5s0 to 192.168.1.254 port 67 (xid=0x73098422)
Aug 18 16:46:16 spicy dhclient[5950]: DHCPACK of 192.168.1.64 from 192.168.1.254
Aug 18 16:46:16 spicy dhclient[5950]: bound to 192.168.1.64 -- renewal in 150 seconds.
Aug 18 16:47:22 spicy dhclient[6242]: DHCPREQUEST of 192.168.5.103 on br-enp5s0.5 to 192.168.5.254 port 67 (xid=0x1d6f588c)
Aug 18 16:47:22 spicy dhclient[6242]: DHCPACK of 192.168.5.103 from 192.168.5.254
Aug 18 16:47:22 spicy dhclient[6242]: bound to 192.168.5.103 -- renewal in 177 seconds.
Aug 18 16:48:33 spicy kernel: kvm [690]: vcpu0 unhandled rdmsr: 0x34
Aug 18 16:48:46 spicy dhclient[5950]: DHCPREQUEST of 192.168.1.64 on enp5s0 to 192.168.1.254 port 67 (xid=0x73098422)
Aug 18 16:48:47 spicy dhclient[5950]: DHCPACK of 192.168.1.64 from 192.168.1.254
Aug 18 16:48:47 spicy dhclient[5950]: bound to 192.168.1.64 -- renewal in 175 seconds.
Aug 18 16:50:19 spicy dhclient[6242]: DHCPREQUEST of 192.168.5.103 on br-enp5s0.5 to 192.168.5.254 port 67 (xid=0x1d6f588c)
Aug 18 16:50:19 spicy dhclient[6242]: DHCPACK of 192.168.5.103 from 192.168.5.254
Aug 18 16:50:19 spicy dhclient[6242]: bound to 192.168.5.103 -- renewal in 177 seconds.
Aug 18 16:51:42 spicy dhclient[5950]: DHCPREQUEST of 192.168.1.64 on enp5s0 to 192.168.1.254 port 67 (xid=0x73098422)
Aug 18 16:51:43 spicy dhclient[5950]: DHCPACK of 192.168.1.64 from 192.168.1.254
Aug 18 16:51:43 spicy dhclient[5950]: bound to 192.168.1.64 -- renewal in 151 seconds.
Aug 18 16:53:16 spicy dhclient[6242]: DHCPREQUEST of 192.168.5.103 on br-enp5s0.5 to 192.168.5.254 port 67 (xid=0x1d6f588c)
Aug 18 16:53:16 spicy dhclient[6242]: DHCPACK of 192.168.5.103 from 192.168.5.254
Aug 18 16:53:16 spicy dhclient[6242]: bound to 192.168.5.103 -- renewal in 136 seconds.
Aug 18 16:54:14 spicy dhclient[5950]: DHCPREQUEST of 192.168.1.64 on enp5s0 to 192.168.1.254 port 67 (xid=0x73098422)
Aug 18 16:54:14 spicy dhclient[5950]: DHCPACK of 192.168.1.64 from 192.168.1.254
Aug 18 16:54:14 spicy dhclient[5950]: bound to 192.168.1.64 -- renewal in 181 seconds.
Aug 18 16:55:32 spicy dhclient[6242]: DHCPREQUEST of 192.168.5.103 on br-enp5s0.5 to 192.168.5.254 port 67 (xid=0x1d6f588c)
Aug 18 16:55:32 spicy dhclient[6242]: DHCPACK of 192.168.5.103 from 192.168.5.254
Aug 18 16:55:32 spicy dhclient[6242]: bound to 192.168.5.103 -- renewal in 160 seconds.
Aug 18 16:55:34 spicy kernel: kvm [690]: vcpu1 unhandled rdmsr: 0x34
Aug 18 16:57:15 spicy dhclient[5950]: DHCPREQUEST of 192.168.1.64 on enp5s0 to 192.168.1.254 port 67 (xid=0x73098422)
Aug 18 16:57:16 spicy dhclient[5950]: DHCPACK of 192.168.1.64 from 192.168.1.254
Aug 18 16:57:16 spicy dhclient[5950]: bound to 192.168.1.64 -- renewal in 147 seconds.
Aug 18 16:58:12 spicy dhclient[6242]: DHCPREQUEST of 192.168.5.103 on br-enp5s0.5 to 192.168.5.254 port 67 (xid=0x1d6f588c)
Aug 18 16:58:13 spicy dhclient[6242]: DHCPACK of 192.168.5.103 from 192.168.5.254
Aug 18 16:58:13 spicy dhclient[6242]: bound to 192.168.5.103 -- renewal in 142 seconds.
Aug 18 16:59:43 spicy dhclient[5950]: DHCPREQUEST of 192.168.1.64 on enp5s0 to 192.168.1.254 port 67 (xid=0x73098422)
Aug 18 16:59:43 spicy dhclient[5950]: DHCPACK of 192.168.1.64 from 192.168.1.254
Aug 18 16:59:43 spicy dhclient[5950]: bound to 192.168.1.64 -- renewal in 181 seconds.
Aug 18 17:00:35 spicy dhclient[6242]: DHCPREQUEST of 192.168.5.103 on br-enp5s0.5 to 192.168.5.254 port 67 (xid=0x1d6f588c)
Aug 18 17:00:36 spicy dhclient[6242]: DHCPACK of 192.168.5.103 from 192.168.5.254
Aug 18 17:00:36 spicy dhclient[6242]: bound to 192.168.5.103 -- renewal in 146 seconds.
Aug 18 17:01:06 spicy kernel: kvm [690]: vcpu0 unhandled rdmsr: 0x34
Aug 18 17:02:44 spicy dhclient[5950]: DHCPREQUEST of 192.168.1.64 on enp5s0 to 192.168.1.254 port 67 (xid=0x73098422)
Aug 18 17:02:44 spicy dhclient[5950]: DHCPACK of 192.168.1.64 from 192.168.1.254
Aug 18 17:02:44 spicy dhclient[5950]: bound to 192.168.1.64 -- renewal in 145 seconds.
Aug 18 17:03:02 spicy dhclient[6242]: DHCPREQUEST of 192.168.5.103 on br-enp5s0.5 to 192.168.5.254 port 67 (xid=0x1d6f588c)
Aug 18 17:03:03 spicy dhclient[6242]: DHCPACK of 192.168.5.103 from 192.168.5.254
Aug 18 17:03:03 spicy dhclient[6242]: bound to 192.168.5.103 -- renewal in 164 seconds.
Aug 18 17:05:09 spicy dhclient[5950]: DHCPREQUEST of 192.168.1.64 on enp5s0 to 192.168.1.254 port 67 (xid=0x73098422)
Aug 18 17:05:10 spicy dhclient[5950]: DHCPACK of 192.168.1.64 from 192.168.1.254
Aug 18 17:05:10 spicy dhclient[5950]: bound to 192.168.1.64 -- renewal in 150 seconds.
Aug 18 17:05:47 spicy dhclient[6242]: DHCPREQUEST of 192.168.5.103 on br-enp5s0.5 to 192.168.5.254 port 67 (xid=0x1d6f588c)
Aug 18 17:05:48 spicy dhclient[6242]: DHCPACK of 192.168.5.103 from 192.168.5.254
Aug 18 17:05:48 spicy dhclient[6242]: bound to 192.168.5.103 -- renewal in 138 seconds.
Aug 18 17:07:40 spicy dhclient[5950]: DHCPREQUEST of 192.168.1.64 on enp5s0 to 192.168.1.254 port 67 (xid=0x73098422)
Aug 18 17:07:41 spicy dhclient[5950]: DHCPACK of 192.168.1.64 from 192.168.1.254
Aug 18 17:07:41 spicy dhclient[5950]: bound to 192.168.1.64 -- renewal in 175 seconds.
Aug 18 17:08:06 spicy dhclient[6242]: DHCPREQUEST of 192.168.5.103 on br-enp5s0.5 to 192.168.5.254 port 67 (xid=0x1d6f588c)
Aug 18 17:08:06 spicy dhclient[6242]: DHCPACK of 192.168.5.103 from 192.168.5.254
Aug 18 17:08:06 spicy dhclient[6242]: bound to 192.168.5.103 -- renewal in 147 seconds.
Aug 18 17:10:33 spicy dhclient[6242]: DHCPREQUEST of 192.168.5.103 on br-enp5s0.5 to 192.168.5.254 port 67 (xid=0x1d6f588c)
Aug 18 17:10:33 spicy dhclient[6242]: DHCPACK of 192.168.5.103 from 192.168.5.254
Aug 18 17:10:33 spicy dhclient[6242]: bound to 192.168.5.103 -- renewal in 181 seconds.
Aug 18 17:10:36 spicy dhclient[5950]: DHCPREQUEST of 192.168.1.64 on enp5s0 to 192.168.1.254 port 67 (xid=0x73098422)
Aug 18 17:10:36 spicy dhclient[5950]: DHCPACK of 192.168.1.64 from 192.168.1.254
Aug 18 17:10:36 spicy dhclient[5950]: bound to 192.168.1.64 -- renewal in 172 seconds.
Aug 18 17:13:28 spicy dhclient[5950]: DHCPREQUEST of 192.168.1.64 on enp5s0 to 192.168.1.254 port 67 (xid=0x73098422)
Aug 18 17:13:29 spicy dhclient[5950]: DHCPACK of 192.168.1.64 from 192.168.1.254
Aug 18 17:13:29 spicy dhclient[5950]: bound to 192.168.1.64 -- renewal in 141 seconds.
Aug 18 17:13:34 spicy dhclient[6242]: DHCPREQUEST of 192.168.5.103 on br-enp5s0.5 to 192.168.5.254 port 67 (xid=0x1d6f588c)
Aug 18 17:13:34 spicy dhclient[6242]: DHCPACK of 192.168.5.103 from 192.168.5.254
Aug 18 17:13:34 spicy dhclient[6242]: bound to 192.168.5.103 -- renewal in 140 seconds.
Aug 18 17:15:50 spicy dhclient[5950]: DHCPREQUEST of 192.168.1.64 on enp5s0 to 192.168.1.254 port 67 (xid=0x73098422)
Aug 18 17:15:50 spicy dhclient[5950]: DHCPACK of 192.168.1.64 from 192.168.1.254
Aug 18 17:15:50 spicy dhclient[5950]: bound to 192.168.1.64 -- renewal in 166 seconds.
Aug 18 17:15:54 spicy dhclient[6242]: DHCPREQUEST of 192.168.5.103 on br-enp5s0.5 to 192.168.5.254 port 67 (xid=0x1d6f588c)
Aug 18 17:15:54 spicy dhclient[6242]: DHCPACK of 192.168.5.103 from 192.168.5.254
Aug 18 17:15:54 spicy dhclient[6242]: bound to 192.168.5.103 -- renewal in 157 seconds.
Aug 18 17:18:31 spicy dhclient[6242]: DHCPREQUEST of 192.168.5.103 on br-enp5s0.5 to 192.168.5.254 port 67 (xid=0x1d6f588c)
Aug 18 17:18:31 spicy dhclient[6242]: DHCPACK of 192.168.5.103 from 192.168.5.254
Aug 18 17:18:31 spicy dhclient[6242]: bound to 192.168.5.103 -- renewal in 161 seconds.
Aug 18 17:18:36 spicy dhclient[5950]: DHCPREQUEST of 192.168.1.64 on enp5s0 to 192.168.1.254 port 67 (xid=0x73098422)
Aug 18 17:18:36 spicy dhclient[5950]: DHCPACK of 192.168.1.64 from 192.168.1.254
Aug 18 17:18:36 spicy dhclient[5950]: bound to 192.168.1.64 -- renewal in 155 seconds.
Aug 18 17:21:11 spicy dhclient[5950]: DHCPREQUEST of 192.168.1.64 on enp5s0 to 192.168.1.254 port 67 (xid=0x73098422)
Aug 18 17:21:11 spicy dhclient[5950]: DHCPACK of 192.168.1.64 from 192.168.1.254
Aug 18 17:21:11 spicy dhclient[5950]: bound to 192.168.1.64 -- renewal in 143 seconds.
Aug 18 17:21:12 spicy dhclient[6242]: DHCPREQUEST of 192.168.5.103 on br-enp5s0.5 to 192.168.5.254 port 67 (xid=0x1d6f588c)
Aug 18 17:21:12 spicy dhclient[6242]: DHCPACK of 192.168.5.103 from 192.168.5.254
Aug 18 17:21:12 spicy dhclient[6242]: bound to 192.168.5.103 -- renewal in 172 seconds.
Aug 18 17:23:34 spicy dhclient[5950]: DHCPREQUEST of 192.168.1.64 on enp5s0 to 192.168.1.254 port 67 (xid=0x73098422)
Aug 18 17:23:34 spicy dhclient[5950]: DHCPACK of 192.168.1.64 from 192.168.1.254
Aug 18 17:23:34 spicy dhclient[5950]: bound to 192.168.1.64 -- renewal in 153 seconds.
Aug 18 17:24:04 spicy dhclient[6242]: DHCPREQUEST of 192.168.5.103 on br-enp5s0.5 to 192.168.5.254 port 67 (xid=0x1d6f588c)
Aug 18 17:24:04 spicy dhclient[6242]: DHCPACK of 192.168.5.103 from 192.168.5.254
Aug 18 17:24:04 spicy dhclient[6242]: bound to 192.168.5.103 -- renewal in 140 seconds.
Aug 18 17:26:07 spicy dhclient[5950]: DHCPREQUEST of 192.168.1.64 on enp5s0 to 192.168.1.254 port 67 (xid=0x73098422)
Aug 18 17:26:07 spicy dhclient[5950]: DHCPACK of 192.168.1.64 from 192.168.1.254
Aug 18 17:26:07 spicy dhclient[5950]: bound to 192.168.1.64 -- renewal in 138 seconds.
Aug 18 17:26:24 spicy dhclient[6242]: DHCPREQUEST of 192.168.5.103 on br-enp5s0.5 to 192.168.5.254 port 67 (xid=0x1d6f588c)
Aug 18 17:26:24 spicy dhclient[6242]: DHCPACK of 192.168.5.103 from 192.168.5.254
Aug 18 17:26:24 spicy dhclient[6242]: bound to 192.168.5.103 -- renewal in 177 seconds.
Aug 18 17:28:25 spicy dhclient[5950]: DHCPREQUEST of 192.168.1.64 on enp5s0 to 192.168.1.254 port 67 (xid=0x73098422)
Aug 18 17:28:25 spicy dhclient[5950]: DHCPACK of 192.168.1.64 from 192.168.1.254
Aug 18 17:28:25 spicy dhclient[5950]: bound to 192.168.1.64 -- renewal in 181 seconds.
Aug 18 17:29:21 spicy dhclient[6242]: DHCPREQUEST of 192.168.5.103 on br-enp5s0.5 to 192.168.5.254 port 67 (xid=0x1d6f588c)
Aug 18 17:29:22 spicy dhclient[6242]: DHCPACK of 192.168.5.103 from 192.168.5.254
Aug 18 17:29:22 spicy dhclient[6242]: bound to 192.168.5.103 -- renewal in 176 seconds.
Aug 18 17:31:26 spicy dhclient[5950]: DHCPREQUEST of 192.168.1.64 on enp5s0 to 192.168.1.254 port 67 (xid=0x73098422)
Aug 18 17:31:26 spicy dhclient[5950]: DHCPACK of 192.168.1.64 from 192.168.1.254
Aug 18 17:31:26 spicy dhclient[5950]: bound to 192.168.1.64 -- renewal in 164 seconds.
Aug 18 17:32:18 spicy dhclient[6242]: DHCPREQUEST of 192.168.5.103 on br-enp5s0.5 to 192.168.5.254 port 67 (xid=0x1d6f588c)
Aug 18 17:32:18 spicy dhclient[6242]: DHCPACK of 192.168.5.103 from 192.168.5.254
Aug 18 17:32:18 spicy dhclient[6242]: bound to 192.168.5.103 -- renewal in 159 seconds.
Aug 18 17:34:10 spicy dhclient[5950]: DHCPREQUEST of 192.168.1.64 on enp5s0 to 192.168.1.254 port 67 (xid=0x73098422)
Aug 18 17:34:11 spicy dhclient[5950]: DHCPACK of 192.168.1.64 from 192.168.1.254
Aug 18 17:34:11 spicy dhclient[5950]: bound to 192.168.1.64 -- renewal in 179 seconds.
Aug 18 17:34:57 spicy dhclient[6242]: DHCPREQUEST of 192.168.5.103 on br-enp5s0.5 to 192.168.5.254 port 67 (xid=0x1d6f588c)
Aug 18 17:34:57 spicy dhclient[6242]: DHCPACK of 192.168.5.103 from 192.168.5.254
Aug 18 17:34:57 spicy dhclient[6242]: bound to 192.168.5.103 -- renewal in 139 seconds.
Aug 18 17:37:10 spicy dhclient[5950]: DHCPREQUEST of 192.168.1.64 on enp5s0 to 192.168.1.254 port 67 (xid=0x73098422)
Aug 18 17:37:10 spicy dhclient[5950]: DHCPACK of 192.168.1.64 from 192.168.1.254
Aug 18 17:37:10 spicy dhclient[5950]: bound to 192.168.1.64 -- renewal in 176 seconds.
Aug 18 17:37:16 spicy dhclient[6242]: DHCPREQUEST of 192.168.5.103 on br-enp5s0.5 to 192.168.5.254 port 67 (xid=0x1d6f588c)
Aug 18 17:37:16 spicy dhclient[6242]: DHCPACK of 192.168.5.103 from 192.168.5.254
Aug 18 17:37:16 spicy dhclient[6242]: bound to 192.168.5.103 -- renewal in 164 seconds.
Aug 18 17:40:00 spicy dhclient[6242]: DHCPREQUEST of 192.168.5.103 on br-enp5s0.5 to 192.168.5.254 port 67 (xid=0x1d6f588c)
Aug 18 17:40:03 spicy dhclient[6242]: DHCPREQUEST of 192.168.5.103 on br-enp5s0.5 to 192.168.5.254 port 67 (xid=0x1d6f588c)
Aug 18 17:40:07 spicy dhclient[5950]: DHCPREQUEST of 192.168.1.64 on enp5s0 to 192.168.1.254 port 67 (xid=0x73098422)
Aug 18 17:40:09 spicy dhclient[6242]: DHCPREQUEST of 192.168.5.103 on br-enp5s0.5 to 192.168.5.254 port 67 (xid=0x1d6f588c)
Aug 18 17:40:10 spicy dhclient[5950]: DHCPREQUEST of 192.168.1.64 on enp5s0 to 192.168.1.254 port 67 (xid=0x73098422)
Aug 18 17:40:13 spicy dhclient[5950]: DHCPREQUEST of 192.168.1.64 on enp5s0 to 192.168.1.254 port 67 (xid=0x73098422)
Aug 18 17:40:19 spicy dhclient[6242]: DHCPREQUEST of 192.168.5.103 on br-enp5s0.5 to 192.168.5.254 port 67 (xid=0x1d6f588c)
Aug 18 17:40:20 spicy dhclient[5950]: DHCPREQUEST of 192.168.1.64 on enp5s0 to 192.168.1.254 port 67 (xid=0x73098422)
Aug 18 17:40:32 spicy dhclient[5950]: DHCPREQUEST of 192.168.1.64 on enp5s0 to 192.168.1.254 port 67 (xid=0x73098422)
Aug 18 17:40:32 spicy dhclient[5950]: DHCPACK of 192.168.1.64 from 192.168.1.254
Aug 18 17:40:32 spicy dhclient[5950]: bound to 192.168.1.64 -- renewal in 145 seconds.
Aug 18 17:40:32 spicy dhclient[6242]: DHCPREQUEST of 192.168.5.103 on br-enp5s0.5 to 192.168.5.254 port 67 (xid=0x1d6f588c)
Aug 18 17:40:33 spicy dhclient[6242]: DHCPACK of 192.168.5.103 from 192.168.5.254
Aug 18 17:40:33 spicy dhclient[6242]: bound to 192.168.5.103 -- renewal in 169 seconds.
Aug 18 17:42:57 spicy dhclient[5950]: DHCPREQUEST of 192.168.1.64 on enp5s0 to 192.168.1.254 port 67 (xid=0x73098422)
Aug 18 17:42:57 spicy dhclient[5950]: DHCPACK of 192.168.1.64 from 192.168.1.254
Aug 18 17:42:57 spicy dhclient[5950]: bound to 192.168.1.64 -- renewal in 140 seconds.
Aug 18 17:43:22 spicy dhclient[6242]: DHCPREQUEST of 192.168.5.103 on br-enp5s0.5 to 192.168.5.254 port 67 (xid=0x1d6f588c)
Aug 18 17:43:22 spicy dhclient[6242]: DHCPACK of 192.168.5.103 from 192.168.5.254
Aug 18 17:43:22 spicy dhclient[6242]: bound to 192.168.5.103 -- renewal in 169 seconds.
Aug 18 17:45:17 spicy dhclient[5950]: DHCPREQUEST of 192.168.1.64 on enp5s0 to 192.168.1.254 port 67 (xid=0x73098422)
Aug 18 17:45:17 spicy dhclient[5950]: DHCPACK of 192.168.1.64 from 192.168.1.254
Aug 18 17:45:17 spicy dhclient[5950]: bound to 192.168.1.64 -- renewal in 178 seconds.
Aug 18 17:46:11 spicy dhclient[6242]: DHCPREQUEST of 192.168.5.103 on br-enp5s0.5 to 192.168.5.254 port 67 (xid=0x1d6f588c)
Aug 18 17:46:11 spicy dhclient[6242]: DHCPACK of 192.168.5.103 from 192.168.5.254
Aug 18 17:46:11 spicy dhclient[6242]: bound to 192.168.5.103 -- renewal in 161 seconds.
Aug 18 17:48:15 spicy dhclient[5950]: DHCPREQUEST of 192.168.1.64 on enp5s0 to 192.168.1.254 port 67 (xid=0x73098422)
Aug 18 17:48:15 spicy dhclient[5950]: DHCPACK of 192.168.1.64 from 192.168.1.254
Aug 18 17:48:15 spicy dhclient[5950]: bound to 192.168.1.64 -- renewal in 146 seconds.
Aug 18 17:48:52 spicy dhclient[6242]: DHCPREQUEST of 192.168.5.103 on br-enp5s0.5 to 192.168.5.254 port 67 (xid=0x1d6f588c)
Aug 18 17:48:53 spicy dhclient[6242]: DHCPACK of 192.168.5.103 from 192.168.5.254
Aug 18 17:48:53 spicy dhclient[6242]: bound to 192.168.5.103 -- renewal in 151 seconds.
Aug 18 17:50:41 spicy dhclient[5950]: DHCPREQUEST of 192.168.1.64 on enp5s0 to 192.168.1.254 port 67 (xid=0x73098422)
Aug 18 17:50:41 spicy dhclient[5950]: DHCPACK of 192.168.1.64 from 192.168.1.254
Aug 18 17:50:41 spicy dhclient[5950]: bound to 192.168.1.64 -- renewal in 147 seconds.
Aug 18 17:51:24 spicy dhclient[6242]: DHCPREQUEST of 192.168.5.103 on br-enp5s0.5 to 192.168.5.254 port 67 (xid=0x1d6f588c)
Aug 18 17:51:24 spicy dhclient[6242]: DHCPACK of 192.168.5.103 from 192.168.5.254
Aug 18 17:51:24 spicy dhclient[6242]: bound to 192.168.5.103 -- renewal in 149 seconds.
Aug 18 17:53:08 spicy dhclient[5950]: DHCPREQUEST of 192.168.1.64 on enp5s0 to 192.168.1.254 port 67 (xid=0x73098422)
Aug 18 17:53:08 spicy dhclient[5950]: DHCPACK of 192.168.1.64 from 192.168.1.254
Aug 18 17:53:08 spicy dhclient[5950]: bound to 192.168.1.64 -- renewal in 145 seconds.
Aug 18 17:53:28 spicy kernel: kvm [690]: vcpu0 unhandled rdmsr: 0x34
Aug 18 17:53:53 spicy dhclient[6242]: DHCPREQUEST of 192.168.5.103 on br-enp5s0.5 to 192.168.5.254 port 67 (xid=0x1d6f588c)
Aug 18 17:53:53 spicy dhclient[6242]: DHCPACK of 192.168.5.103 from 192.168.5.254
Aug 18 17:53:53 spicy dhclient[6242]: bound to 192.168.5.103 -- renewal in 141 seconds.
Aug 18 17:55:33 spicy dhclient[5950]: DHCPREQUEST of 192.168.1.64 on enp5s0 to 192.168.1.254 port 67 (xid=0x73098422)
Aug 18 17:55:34 spicy dhclient[5950]: DHCPACK of 192.168.1.64 from 192.168.1.254
Aug 18 17:55:34 spicy dhclient[5950]: bound to 192.168.1.64 -- renewal in 174 seconds.
Aug 18 17:56:14 spicy dhclient[6242]: DHCPREQUEST of 192.168.5.103 on br-enp5s0.5 to 192.168.5.254 port 67 (xid=0x1d6f588c)
Aug 18 17:56:14 spicy dhclient[6242]: DHCPACK of 192.168.5.103 from 192.168.5.254
Aug 18 17:56:14 spicy dhclient[6242]: bound to 192.168.5.103 -- renewal in 154 seconds.
Aug 18 17:58:28 spicy dhclient[5950]: DHCPREQUEST of 192.168.1.64 on enp5s0 to 192.168.1.254 port 67 (xid=0x73098422)
Aug 18 17:58:28 spicy dhclient[5950]: DHCPACK of 192.168.1.64 from 192.168.1.254
Aug 18 17:58:28 spicy dhclient[5950]: bound to 192.168.1.64 -- renewal in 163 seconds.
Aug 18 17:58:49 spicy dhclient[6242]: DHCPREQUEST of 192.168.5.103 on br-enp5s0.5 to 192.168.5.254 port 67 (xid=0x1d6f588c)
Aug 18 17:58:49 spicy dhclient[6242]: DHCPACK of 192.168.5.103 from 192.168.5.254
Aug 18 17:58:49 spicy dhclient[6242]: bound to 192.168.5.103 -- renewal in 165 seconds.
Aug 18 17:59:25 spicy kernel: kvm [690]: vcpu1 unhandled rdmsr: 0x34
Aug 18 18:01:11 spicy dhclient[5950]: DHCPREQUEST of 192.168.1.64 on enp5s0 to 192.168.1.254 port 67 (xid=0x73098422)
Aug 18 18:01:11 spicy dhclient[5950]: DHCPACK of 192.168.1.64 from 192.168.1.254
Aug 18 18:01:11 spicy dhclient[5950]: bound to 192.168.1.64 -- renewal in 169 seconds.
Aug 18 18:01:34 spicy dhclient[6242]: DHCPREQUEST of 192.168.5.103 on br-enp5s0.5 to 192.168.5.254 port 67 (xid=0x1d6f588c)
Aug 18 18:01:34 spicy dhclient[6242]: DHCPACK of 192.168.5.103 from 192.168.5.254
Aug 18 18:01:34 spicy dhclient[6242]: bound to 192.168.5.103 -- renewal in 170 seconds.
Aug 18 18:04:00 spicy dhclient[5950]: DHCPREQUEST of 192.168.1.64 on enp5s0 to 192.168.1.254 port 67 (xid=0x73098422)
Aug 18 18:04:00 spicy dhclient[5950]: DHCPACK of 192.168.1.64 from 192.168.1.254
Aug 18 18:04:00 spicy dhclient[5950]: bound to 192.168.1.64 -- renewal in 137 seconds.
Aug 18 18:04:24 spicy dhclient[6242]: DHCPREQUEST of 192.168.5.103 on br-enp5s0.5 to 192.168.5.254 port 67 (xid=0x1d6f588c)
Aug 18 18:04:24 spicy dhclient[6242]: DHCPACK of 192.168.5.103 from 192.168.5.254
Aug 18 18:04:24 spicy dhclient[6242]: bound to 192.168.5.103 -- renewal in 142 seconds.
Aug 18 18:06:17 spicy dhclient[5950]: DHCPREQUEST of 192.168.1.64 on enp5s0 to 192.168.1.254 port 67 (xid=0x73098422)
Aug 18 18:06:17 spicy dhclient[5950]: DHCPACK of 192.168.1.64 from 192.168.1.254
Aug 18 18:06:17 spicy dhclient[5950]: bound to 192.168.1.64 -- renewal in 172 seconds.
Aug 18 18:06:46 spicy dhclient[6242]: DHCPREQUEST of 192.168.5.103 on br-enp5s0.5 to 192.168.5.254 port 67 (xid=0x1d6f588c)
Aug 18 18:06:46 spicy dhclient[6242]: DHCPACK of 192.168.5.103 from 192.168.5.254
Aug 18 18:06:46 spicy dhclient[6242]: bound to 192.168.5.103 -- renewal in 170 seconds.
Aug 18 18:09:09 spicy dhclient[5950]: DHCPREQUEST of 192.168.1.64 on enp5s0 to 192.168.1.254 port 67 (xid=0x73098422)
Aug 18 18:09:10 spicy dhclient[5950]: DHCPACK of 192.168.1.64 from 192.168.1.254
Aug 18 18:09:10 spicy dhclient[5950]: bound to 192.168.1.64 -- renewal in 138 seconds.
Aug 18 18:09:36 spicy dhclient[6242]: DHCPREQUEST of 192.168.5.103 on br-enp5s0.5 to 192.168.5.254 port 67 (xid=0x1d6f588c)
Aug 18 18:09:36 spicy dhclient[6242]: DHCPACK of 192.168.5.103 from 192.168.5.254
Aug 18 18:09:36 spicy dhclient[6242]: bound to 192.168.5.103 -- renewal in 164 seconds.
Aug 18 18:10:49 spicy kernel: kvm [690]: vcpu1 unhandled rdmsr: 0x34
Aug 18 18:11:28 spicy dhclient[5950]: DHCPREQUEST of 192.168.1.64 on enp5s0 to 192.168.1.254 port 67 (xid=0x73098422)
Aug 18 18:11:28 spicy dhclient[5950]: DHCPACK of 192.168.1.64 from 192.168.1.254
Aug 18 18:11:28 spicy dhclient[5950]: bound to 192.168.1.64 -- renewal in 178 seconds.
Aug 18 18:12:20 spicy dhclient[6242]: DHCPREQUEST of 192.168.5.103 on br-enp5s0.5 to 192.168.5.254 port 67 (xid=0x1d6f588c)
Aug 18 18:12:21 spicy dhclient[6242]: DHCPACK of 192.168.5.103 from 192.168.5.254
Aug 18 18:12:21 spicy dhclient[6242]: bound to 192.168.5.103 -- renewal in 152 seconds.
Aug 18 18:14:27 spicy dhclient[5950]: DHCPREQUEST of 192.168.1.64 on enp5s0 to 192.168.1.254 port 67 (xid=0x73098422)
Aug 18 18:14:27 spicy dhclient[5950]: DHCPACK of 192.168.1.64 from 192.168.1.254
Aug 18 18:14:27 spicy dhclient[5950]: bound to 192.168.1.64 -- renewal in 179 seconds.
Aug 18 18:14:53 spicy dhclient[6242]: DHCPREQUEST of 192.168.5.103 on br-enp5s0.5 to 192.168.5.254 port 67 (xid=0x1d6f588c)
Aug 18 18:14:53 spicy dhclient[6242]: DHCPACK of 192.168.5.103 from 192.168.5.254
Aug 18 18:14:53 spicy dhclient[6242]: bound to 192.168.5.103 -- renewal in 164 seconds.
Aug 18 18:17:26 spicy dhclient[5950]: DHCPREQUEST of 192.168.1.64 on enp5s0 to 192.168.1.254 port 67 (xid=0x73098422)
Aug 18 18:17:26 spicy dhclient[5950]: DHCPACK of 192.168.1.64 from 192.168.1.254
Aug 18 18:17:26 spicy dhclient[5950]: bound to 192.168.1.64 -- renewal in 171 seconds.
Aug 18 18:17:37 spicy dhclient[6242]: DHCPREQUEST of 192.168.5.103 on br-enp5s0.5 to 192.168.5.254 port 67 (xid=0x1d6f588c)
Aug 18 18:17:38 spicy dhclient[6242]: DHCPACK of 192.168.5.103 from 192.168.5.254
Aug 18 18:17:38 spicy dhclient[6242]: bound to 192.168.5.103 -- renewal in 138 seconds.
Aug 18 18:19:56 spicy dhclient[6242]: DHCPREQUEST of 192.168.5.103 on br-enp5s0.5 to 192.168.5.254 port 67 (xid=0x1d6f588c)
Aug 18 18:19:57 spicy dhclient[6242]: DHCPACK of 192.168.5.103 from 192.168.5.254
Aug 18 18:19:57 spicy dhclient[6242]: bound to 192.168.5.103 -- renewal in 165 seconds.
Aug 18 18:20:17 spicy dhclient[5950]: DHCPREQUEST of 192.168.1.64 on enp5s0 to 192.168.1.254 port 67 (xid=0x73098422)
Aug 18 18:20:18 spicy dhclient[5950]: DHCPACK of 192.168.1.64 from 192.168.1.254
Aug 18 18:20:18 spicy dhclient[5950]: bound to 192.168.1.64 -- renewal in 143 seconds.
Aug 18 18:22:41 spicy dhclient[5950]: DHCPREQUEST of 192.168.1.64 on enp5s0 to 192.168.1.254 port 67 (xid=0x73098422)
Aug 18 18:22:42 spicy dhclient[5950]: DHCPACK of 192.168.1.64 from 192.168.1.254
Aug 18 18:22:42 spicy dhclient[5950]: bound to 192.168.1.64 -- renewal in 180 seconds.
Aug 18 18:22:42 spicy dhclient[6242]: DHCPREQUEST of 192.168.5.103 on br-enp5s0.5 to 192.168.5.254 port 67 (xid=0x1d6f588c)
Aug 18 18:22:42 spicy dhclient[6242]: DHCPACK of 192.168.5.103 from 192.168.5.254
Aug 18 18:22:42 spicy dhclient[6242]: bound to 192.168.5.103 -- renewal in 162 seconds.
Aug 18 18:25:24 spicy dhclient[6242]: DHCPREQUEST of 192.168.5.103 on br-enp5s0.5 to 192.168.5.254 port 67 (xid=0x1d6f588c)
Aug 18 18:25:24 spicy dhclient[6242]: DHCPACK of 192.168.5.103 from 192.168.5.254
Aug 18 18:25:24 spicy dhclient[6242]: bound to 192.168.5.103 -- renewal in 174 seconds.
Aug 18 18:25:42 spicy dhclient[5950]: DHCPREQUEST of 192.168.1.64 on enp5s0 to 192.168.1.254 port 67 (xid=0x73098422)
Aug 18 18:25:42 spicy dhclient[5950]: DHCPACK of 192.168.1.64 from 192.168.1.254
Aug 18 18:25:42 spicy dhclient[5950]: bound to 192.168.1.64 -- renewal in 177 seconds.
Aug 18 18:28:18 spicy dhclient[6242]: DHCPREQUEST of 192.168.5.103 on br-enp5s0.5 to 192.168.5.254 port 67 (xid=0x1d6f588c)
Aug 18 18:28:18 spicy dhclient[6242]: DHCPACK of 192.168.5.103 from 192.168.5.254
Aug 18 18:28:18 spicy dhclient[6242]: bound to 192.168.5.103 -- renewal in 158 seconds.
Aug 18 18:28:39 spicy dhclient[5950]: DHCPREQUEST of 192.168.1.64 on enp5s0 to 192.168.1.254 port 67 (xid=0x73098422)
Aug 18 18:28:40 spicy dhclient[5950]: DHCPACK of 192.168.1.64 from 192.168.1.254
Aug 18 18:28:40 spicy dhclient[5950]: bound to 192.168.1.64 -- renewal in 142 seconds.
Aug 18 18:30:56 spicy dhclient[6242]: DHCPREQUEST of 192.168.5.103 on br-enp5s0.5 to 192.168.5.254 port 67 (xid=0x1d6f588c)
Aug 18 18:30:56 spicy dhclient[6242]: DHCPACK of 192.168.5.103 from 192.168.5.254
Aug 18 18:30:56 spicy dhclient[6242]: bound to 192.168.5.103 -- renewal in 136 seconds.
Aug 18 18:31:02 spicy dhclient[5950]: DHCPREQUEST of 192.168.1.64 on enp5s0 to 192.168.1.254 port 67 (xid=0x73098422)
Aug 18 18:31:03 spicy dhclient[5950]: DHCPACK of 192.168.1.64 from 192.168.1.254
Aug 18 18:31:03 spicy dhclient[5950]: bound to 192.168.1.64 -- renewal in 168 seconds.
Aug 18 18:33:12 spicy dhclient[6242]: DHCPREQUEST of 192.168.5.103 on br-enp5s0.5 to 192.168.5.254 port 67 (xid=0x1d6f588c)
Aug 18 18:33:13 spicy dhclient[6242]: DHCPACK of 192.168.5.103 from 192.168.5.254
Aug 18 18:33:13 spicy dhclient[6242]: bound to 192.168.5.103 -- renewal in 175 seconds.
Aug 18 18:33:51 spicy dhclient[5950]: DHCPREQUEST of 192.168.1.64 on enp5s0 to 192.168.1.254 port 67 (xid=0x73098422)
Aug 18 18:33:51 spicy dhclient[5950]: DHCPACK of 192.168.1.64 from 192.168.1.254
Aug 18 18:33:51 spicy dhclient[5950]: bound to 192.168.1.64 -- renewal in 136 seconds.
Aug 18 18:36:07 spicy dhclient[5950]: DHCPREQUEST of 192.168.1.64 on enp5s0 to 192.168.1.254 port 67 (xid=0x73098422)
Aug 18 18:36:07 spicy dhclient[5950]: DHCPACK of 192.168.1.64 from 192.168.1.254
Aug 18 18:36:07 spicy dhclient[5950]: bound to 192.168.1.64 -- renewal in 145 seconds.
Aug 18 18:36:08 spicy dhclient[6242]: DHCPREQUEST of 192.168.5.103 on br-enp5s0.5 to 192.168.5.254 port 67 (xid=0x1d6f588c)
Aug 18 18:36:08 spicy dhclient[6242]: DHCPACK of 192.168.5.103 from 192.168.5.254
Aug 18 18:36:08 spicy dhclient[6242]: bound to 192.168.5.103 -- renewal in 173 seconds.
Aug 18 18:38:32 spicy dhclient[5950]: DHCPREQUEST of 192.168.1.64 on enp5s0 to 192.168.1.254 port 67 (xid=0x73098422)
Aug 18 18:38:32 spicy dhclient[5950]: DHCPACK of 192.168.1.64 from 192.168.1.254
Aug 18 18:38:32 spicy dhclient[5950]: bound to 192.168.1.64 -- renewal in 165 seconds.
Aug 18 18:39:01 spicy dhclient[6242]: DHCPREQUEST of 192.168.5.103 on br-enp5s0.5 to 192.168.5.254 port 67 (xid=0x1d6f588c)
Aug 18 18:39:01 spicy dhclient[6242]: DHCPACK of 192.168.5.103 from 192.168.5.254
Aug 18 18:39:01 spicy dhclient[6242]: bound to 192.168.5.103 -- renewal in 155 seconds.
Aug 18 18:41:17 spicy dhclient[5950]: DHCPREQUEST of 192.168.1.64 on enp5s0 to 192.168.1.254 port 67 (xid=0x73098422)
Aug 18 18:41:17 spicy dhclient[5950]: DHCPACK of 192.168.1.64 from 192.168.1.254
Aug 18 18:41:17 spicy dhclient[5950]: bound to 192.168.1.64 -- renewal in 174 seconds.
Aug 18 18:41:36 spicy dhclient[6242]: DHCPREQUEST of 192.168.5.103 on br-enp5s0.5 to 192.168.5.254 port 67 (xid=0x1d6f588c)
Aug 18 18:41:36 spicy dhclient[6242]: DHCPACK of 192.168.5.103 from 192.168.5.254
Aug 18 18:41:36 spicy dhclient[6242]: bound to 192.168.5.103 -- renewal in 141 seconds.
Aug 18 18:43:57 spicy dhclient[6242]: DHCPREQUEST of 192.168.5.103 on br-enp5s0.5 to 192.168.5.254 port 67 (xid=0x1d6f588c)
Aug 18 18:43:57 spicy dhclient[6242]: DHCPACK of 192.168.5.103 from 192.168.5.254
Aug 18 18:43:57 spicy dhclient[6242]: bound to 192.168.5.103 -- renewal in 167 seconds.
Aug 18 18:44:11 spicy dhclient[5950]: DHCPREQUEST of 192.168.1.64 on enp5s0 to 192.168.1.254 port 67 (xid=0x73098422)
Aug 18 18:44:11 spicy dhclient[5950]: DHCPACK of 192.168.1.64 from 192.168.1.254
Aug 18 18:44:11 spicy dhclient[5950]: bound to 192.168.1.64 -- renewal in 171 seconds.
Aug 18 18:46:44 spicy dhclient[6242]: DHCPREQUEST of 192.168.5.103 on br-enp5s0.5 to 192.168.5.254 port 67 (xid=0x1d6f588c)
Aug 18 18:46:44 spicy dhclient[6242]: DHCPACK of 192.168.5.103 from 192.168.5.254
Aug 18 18:46:44 spicy dhclient[6242]: bound to 192.168.5.103 -- renewal in 164 seconds.
Aug 18 18:47:02 spicy dhclient[5950]: DHCPREQUEST of 192.168.1.64 on enp5s0 to 192.168.1.254 port 67 (xid=0x73098422)
Aug 18 18:47:02 spicy dhclient[5950]: DHCPACK of 192.168.1.64 from 192.168.1.254
Aug 18 18:47:02 spicy dhclient[5950]: bound to 192.168.1.64 -- renewal in 138 seconds.
Aug 18 18:49:20 spicy dhclient[5950]: DHCPREQUEST of 192.168.1.64 on enp5s0 to 192.168.1.254 port 67 (xid=0x73098422)
Aug 18 18:49:20 spicy dhclient[5950]: DHCPACK of 192.168.1.64 from 192.168.1.254
Aug 18 18:49:20 spicy dhclient[5950]: bound to 192.168.1.64 -- renewal in 164 seconds.
Aug 18 18:49:28 spicy dhclient[6242]: DHCPREQUEST of 192.168.5.103 on br-enp5s0.5 to 192.168.5.254 port 67 (xid=0x1d6f588c)
Aug 18 18:49:28 spicy dhclient[6242]: DHCPACK of 192.168.5.103 from 192.168.5.254
Aug 18 18:49:28 spicy dhclient[6242]: bound to 192.168.5.103 -- renewal in 158 seconds.
Aug 18 18:52:04 spicy dhclient[5950]: DHCPREQUEST of 192.168.1.64 on enp5s0 to 192.168.1.254 port 67 (xid=0x73098422)
Aug 18 18:52:05 spicy dhclient[5950]: DHCPACK of 192.168.1.64 from 192.168.1.254
Aug 18 18:52:05 spicy dhclient[5950]: bound to 192.168.1.64 -- renewal in 173 seconds.
Aug 18 18:52:06 spicy dhclient[6242]: DHCPREQUEST of 192.168.5.103 on br-enp5s0.5 to 192.168.5.254 port 67 (xid=0x1d6f588c)
Aug 18 18:52:07 spicy dhclient[6242]: DHCPACK of 192.168.5.103 from 192.168.5.254
Aug 18 18:52:07 spicy dhclient[6242]: bound to 192.168.5.103 -- renewal in 176 seconds.
Aug 18 18:54:58 spicy dhclient[5950]: DHCPREQUEST of 192.168.1.64 on enp5s0 to 192.168.1.254 port 67 (xid=0x73098422)
Aug 18 18:54:58 spicy dhclient[5950]: DHCPACK of 192.168.1.64 from 192.168.1.254
Aug 18 18:54:58 spicy dhclient[5950]: bound to 192.168.1.64 -- renewal in 141 seconds.
Aug 18 18:55:03 spicy dhclient[6242]: DHCPREQUEST of 192.168.5.103 on br-enp5s0.5 to 192.168.5.254 port 67 (xid=0x1d6f588c)
Aug 18 18:55:03 spicy dhclient[6242]: DHCPACK of 192.168.5.103 from 192.168.5.254
Aug 18 18:55:03 spicy dhclient[6242]: bound to 192.168.5.103 -- renewal in 164 seconds.
Aug 18 18:57:19 spicy dhclient[5950]: DHCPREQUEST of 192.168.1.64 on enp5s0 to 192.168.1.254 port 67 (xid=0x73098422)
Aug 18 18:57:19 spicy dhclient[5950]: DHCPACK of 192.168.1.64 from 192.168.1.254
Aug 18 18:57:19 spicy dhclient[5950]: bound to 192.168.1.64 -- renewal in 141 seconds.
Aug 18 18:57:47 spicy dhclient[6242]: DHCPREQUEST of 192.168.5.103 on br-enp5s0.5 to 192.168.5.254 port 67 (xid=0x1d6f588c)
