Aug 18 11:14:17 spicy dhclient[5950]: DHCPACK of 192.168.1.64 from 192.168.1.254
Aug 18 11:14:17 spicy dhclient[5950]: bound to 192.168.1.64 -- renewal in 171 seconds.
Aug 18 11:14:36 spicy dhclient[6242]: DHCPREQUEST of 192.168.5.103 on br-enp5s0.5 to 192.168.5.254 port 67 (xid=0x1d6f588c)
Aug 18 11:14:36 spicy dhclient[6242]: DHCPACK of 192.168.5.103 from 192.168.5.254
Aug 18 11:14:36 spicy dhclient[6242]: bound to 192.168.5.103 -- renewal in 177 seconds.
Aug 18 11:17:08 spicy dhclient[5950]: DHCPREQUEST of 192.168.1.64 on enp5s0 to 192.168.1.254 port 67 (xid=0x73098422)
Aug 18 11:17:08 spicy dhclient[5950]: DHCPACK of 192.168.1.64 from 192.168.1.254
Aug 18 11:17:08 spicy dhclient[5950]: bound to 192.168.1.64 -- renewal in 138 seconds.
Aug 18 11:17:33 spicy dhclient[6242]: DHCPREQUEST of 192.168.5.103 on br-enp5s0.5 to 192.168.5.254 port 67 (xid=0x1d6f588c)
Aug 18 11:17:33 spicy dhclient[6242]: DHCPACK of 192.168.5.103 from 192.168.5.254
Aug 18 11:17:33 spicy dhclient[6242]: bound to 192.168.5.103 -- renewal in 145 seconds.
Aug 18 11:19:26 spicy dhclient[5950]: DHCPREQUEST of 192.168.1.64 on enp5s0 to 192.168.1.254 port 67 (xid=0x73098422)
Aug 18 11:19:27 spicy dhclient[5950]: DHCPACK of 192.168.1.64 from 192.168.1.254
Aug 18 11:19:27 spicy dhclient[5950]: bound to 192.168.1.64 -- renewal in 177 seconds.
Aug 18 11:19:58 spicy dhclient[6242]: DHCPREQUEST of 192.168.5.103 on br-enp5s0.5 to 192.168.5.254 port 67 (xid=0x1d6f588c)
Aug 18 11:19:59 spicy dhclient[6242]: DHCPACK of 192.168.5.103 from 192.168.5.254
Aug 18 11:19:59 spicy dhclient[6242]: bound to 192.168.5.103 -- renewal in 173 seconds.
Aug 18 11:22:24 spicy dhclient[5950]: DHCPREQUEST of 192.168.1.64 on enp5s0 to 192.168.1.254 port 67 (xid=0x73098422)
Aug 18 11:22:25 spicy dhclient[5950]: DHCPACK of 192.168.1.64 from 192.168.1.254
Aug 18 11:22:25 spicy dhclient[5950]: bound to 192.168.1.64 -- renewal in 172 seconds.
Aug 18 11:22:52 spicy dhclient[6242]: DHCPREQUEST of 192.168.5.103 on br-enp5s0.5 to 192.168.5.254 port 67 (xid=0x1d6f588c)
Aug 18 11:22:52 spicy dhclient[6242]: DHCPACK of 192.168.5.103 from 192.168.5.254
Aug 18 11:22:52 spicy dhclient[6242]: bound to 192.168.5.103 -- renewal in 176 seconds.
Aug 18 11:25:17 spicy dhclient[5950]: DHCPREQUEST of 192.168.1.64 on enp5s0 to 192.168.1.254 port 67 (xid=0x73098422)
Aug 18 11:25:17 spicy dhclient[5950]: DHCPACK of 192.168.1.64 from 192.168.1.254
Aug 18 11:25:17 spicy dhclient[5950]: bound to 192.168.1.64 -- renewal in 159 seconds.
Aug 18 11:25:48 spicy dhclient[6242]: DHCPREQUEST of 192.168.5.103 on br-enp5s0.5 to 192.168.5.254 port 67 (xid=0x1d6f588c)
Aug 18 11:25:48 spicy dhclient[6242]: DHCPACK of 192.168.5.103 from 192.168.5.254
Aug 18 11:25:48 spicy dhclient[6242]: bound to 192.168.5.103 -- renewal in 168 seconds.
Aug 18 11:27:56 spicy dhclient[5950]: DHCPREQUEST of 192.168.1.64 on enp5s0 to 192.168.1.254 port 67 (xid=0x73098422)
Aug 18 11:27:56 spicy dhclient[5950]: DHCPACK of 192.168.1.64 from 192.168.1.254
Aug 18 11:27:56 spicy dhclient[5950]: bound to 192.168.1.64 -- renewal in 164 seconds.
Aug 18 11:28:36 spicy dhclient[6242]: DHCPREQUEST of 192.168.5.103 on br-enp5s0.5 to 192.168.5.254 port 67 (xid=0x1d6f588c)
Aug 18 11:28:37 spicy dhclient[6242]: DHCPACK of 192.168.5.103 from 192.168.5.254
Aug 18 11:28:37 spicy dhclient[6242]: bound to 192.168.5.103 -- renewal in 147 seconds.
Aug 18 11:30:40 spicy dhclient[5950]: DHCPREQUEST of 192.168.1.64 on enp5s0 to 192.168.1.254 port 67 (xid=0x73098422)
Aug 18 11:30:40 spicy dhclient[5950]: DHCPACK of 192.168.1.64 from 192.168.1.254
Aug 18 11:30:40 spicy dhclient[5950]: bound to 192.168.1.64 -- renewal in 153 seconds.
Aug 18 11:31:05 spicy dhclient[6242]: DHCPREQUEST of 192.168.5.103 on br-enp5s0.5 to 192.168.5.254 port 67 (xid=0x1d6f588c)
Aug 18 11:31:05 spicy dhclient[6242]: DHCPACK of 192.168.5.103 from 192.168.5.254
Aug 18 11:31:05 spicy dhclient[6242]: bound to 192.168.5.103 -- renewal in 164 seconds.
Aug 18 11:33:13 spicy dhclient[5950]: DHCPREQUEST of 192.168.1.64 on enp5s0 to 192.168.1.254 port 67 (xid=0x73098422)
Aug 18 11:33:14 spicy dhclient[5950]: DHCPACK of 192.168.1.64 from 192.168.1.254
Aug 18 11:33:14 spicy dhclient[5950]: bound to 192.168.1.64 -- renewal in 141 seconds.
Aug 18 11:33:49 spicy dhclient[6242]: DHCPREQUEST of 192.168.5.103 on br-enp5s0.5 to 192.168.5.254 port 67 (xid=0x1d6f588c)
Aug 18 11:33:49 spicy dhclient[6242]: DHCPACK of 192.168.5.103 from 192.168.5.254
Aug 18 11:33:49 spicy dhclient[6242]: bound to 192.168.5.103 -- renewal in 145 seconds.
Aug 18 11:35:35 spicy dhclient[5950]: DHCPREQUEST of 192.168.1.64 on enp5s0 to 192.168.1.254 port 67 (xid=0x73098422)
Aug 18 11:35:35 spicy dhclient[5950]: DHCPACK of 192.168.1.64 from 192.168.1.254
Aug 18 11:35:35 spicy dhclient[5950]: bound to 192.168.1.64 -- renewal in 137 seconds.
Aug 18 11:36:14 spicy dhclient[6242]: DHCPREQUEST of 192.168.5.103 on br-enp5s0.5 to 192.168.5.254 port 67 (xid=0x1d6f588c)
Aug 18 11:36:15 spicy dhclient[6242]: DHCPACK of 192.168.5.103 from 192.168.5.254
Aug 18 11:36:15 spicy dhclient[6242]: bound to 192.168.5.103 -- renewal in 172 seconds.
Aug 18 11:37:52 spicy dhclient[5950]: DHCPREQUEST of 192.168.1.64 on enp5s0 to 192.168.1.254 port 67 (xid=0x73098422)
Aug 18 11:37:52 spicy dhclient[5950]: DHCPACK of 192.168.1.64 from 192.168.1.254
Aug 18 11:37:53 spicy dhclient[5950]: bound to 192.168.1.64 -- renewal in 160 seconds.
Aug 18 11:39:07 spicy dhclient[6242]: DHCPREQUEST of 192.168.5.103 on br-enp5s0.5 to 192.168.5.254 port 67 (xid=0x1d6f588c)
Aug 18 11:39:07 spicy dhclient[6242]: DHCPACK of 192.168.5.103 from 192.168.5.254
Aug 18 11:39:07 spicy dhclient[6242]: bound to 192.168.5.103 -- renewal in 179 seconds.
Aug 18 11:39:48 spicy kernel: audit: type=1400 audit(1471516788.011:73): apparmor="STATUS" operation="profile_load" profile="unconfined" name="libvirt-dca31765-7756-4220-82a5-7da3b24555e8" pid=3078 comm="apparmor_parser"
Aug 18 11:39:48 spicy kernel: audit: type=1400 audit(1471516788.011:74): apparmor="STATUS" operation="profile_load" profile="unconfined" name="libvirt-dca31765-7756-4220-82a5-7da3b24555e8//qemu_bridge_helper" pid=3078 comm="apparmor_parser"
Aug 18 11:39:48 spicy NetworkManager[5389]: [1471516788.0207] manager: (vnet11): new Tun device (/org/freedesktop/NetworkManager/Devices/29)
Aug 18 11:39:48 spicy NetworkManager[5389]: [1471516788.0378] devices added (path: /sys/devices/virtual/net/vnet11, iface: vnet11)
Aug 18 11:39:48 spicy NetworkManager[5389]: [1471516788.0378] device added (path: /sys/devices/virtual/net/vnet11, iface: vnet11): no ifupdown configuration found.
Aug 18 11:39:48 spicy NetworkManager[5389]: [1471516788.0742] device (vnet11): state change: unmanaged -> unavailable (reason 'connection-assumed') [10 20 41]
Aug 18 11:39:48 spicy NetworkManager[5389]: [1471516788.0752] keyfile: add connection in-memory (0d52856f-b59e-4c96-8787-06b9c1cf8253,"vnet11")
Aug 18 11:39:48 spicy NetworkManager[5389]: [1471516788.0762] device (vnet11): state change: unavailable -> disconnected (reason 'connection-assumed') [20 30 41]
Aug 18 11:39:48 spicy NetworkManager[5389]: [1471516788.0769] device (vnet11): Activation: starting connection 'vnet11' (0d52856f-b59e-4c96-8787-06b9c1cf8253)
Aug 18 11:39:48 spicy kernel: device vnet11 entered promiscuous mode
Aug 18 11:39:48 spicy kernel: virbr1: port 2(vnet11) entered listening state
Aug 18 11:39:48 spicy kernel: virbr1: port 2(vnet11) entered listening state
Aug 18 11:39:48 spicy NetworkManager[5389]: [1471516788.0775] device (vnet11): state change: disconnected -> prepare (reason 'none') [30 40 0]
Aug 18 11:39:48 spicy NetworkManager[5389]: [1471516788.0780] device (vnet11): state change: prepare -> config (reason 'none') [40 50 0]
Aug 18 11:39:48 spicy NetworkManager[5389]: [1471516788.0782] device (vnet11): state change: config -> ip-config (reason 'none') [50 70 0]
Aug 18 11:39:48 spicy NetworkManager[5389]: [1471516788.0785] device (virbr1): bridge port vnet11 was attached
Aug 18 11:39:48 spicy NetworkManager[5389]: [1471516788.0786] device (vnet11): Activation: connection 'vnet11' enslaved, continuing activation
Aug 18 11:39:48 spicy NetworkManager[5389]: [1471516788.0790] device (vnet11): state change: ip-config -> secondaries (reason 'none') [70 90 0]
Aug 18 11:39:48 spicy NetworkManager[5389]: [1471516788.0792] device (vnet11): state change: secondaries -> activated (reason 'none') [90 100 0]
Aug 18 11:39:48 spicy NetworkManager[5389]: [1471516788.0885] device (vnet11): Activation: successful, device activated.
Aug 18 11:39:48 spicy kernel: audit: type=1400 audit(1471516788.275:75): apparmor="STATUS" operation="profile_replace" profile="unconfined" name="libvirt-dca31765-7756-4220-82a5-7da3b24555e8" pid=3222 comm="apparmor_parser"
Aug 18 11:39:48 spicy kernel: audit: type=1400 audit(1471516788.295:76): apparmor="STATUS" operation="profile_replace" profile="unconfined" name="libvirt-dca31765-7756-4220-82a5-7da3b24555e8//qemu_bridge_helper" pid=3222 comm="apparmor_parser"
Aug 18 11:39:48 spicy NetworkManager[5389]: [1471516788.3003] manager: (vnet12): new Tun device (/org/freedesktop/NetworkManager/Devices/30)
Aug 18 11:39:48 spicy NetworkManager[5389]: [1471516788.3152] devices added (path: /sys/devices/virtual/net/vnet12, iface: vnet12)
Aug 18 11:39:48 spicy NetworkManager[5389]: [1471516788.3152] device added (path: /sys/devices/virtual/net/vnet12, iface: vnet12): no ifupdown configuration found.
Aug 18 11:39:48 spicy kernel: device vnet12 entered promiscuous mode
Aug 18 11:39:48 spicy NetworkManager[5389]: [1471516788.3619] device (vnet12): state change: unmanaged -> unavailable (reason 'connection-assumed') [10 20 41]
Aug 18 11:39:48 spicy NetworkManager[5389]: [1471516788.3630] keyfile: add connection in-memory (942fd40c-5868-44f2-949d-4631ff98311c,"vnet12")
Aug 18 11:39:48 spicy NetworkManager[5389]: [1471516788.3640] device (vnet12): state change: unavailable -> disconnected (reason 'connection-assumed') [20 30 41]
Aug 18 11:39:48 spicy NetworkManager[5389]: [1471516788.3647] device (vnet12): Activation: starting connection 'vnet12' (942fd40c-5868-44f2-949d-4631ff98311c)
Aug 18 11:39:48 spicy kernel: virbr1: port 3(vnet12) entered listening state
Aug 18 11:39:48 spicy kernel: virbr1: port 3(vnet12) entered listening state
Aug 18 11:39:48 spicy NetworkManager[5389]: [1471516788.3655] device (vnet12): state change: disconnected -> prepare (reason 'none') [30 40 0]
Aug 18 11:39:48 spicy NetworkManager[5389]: [1471516788.3660] device (vnet12): state change: prepare -> config (reason 'none') [40 50 0]
Aug 18 11:39:48 spicy NetworkManager[5389]: [1471516788.3664] device (vnet12): state change: config -> ip-config (reason 'none') [50 70 0]
Aug 18 11:39:48 spicy NetworkManager[5389]: [1471516788.3665] device (virbr1): bridge port vnet12 was attached
Aug 18 11:39:48 spicy NetworkManager[5389]: [1471516788.3665] device (vnet12): Activation: connection 'vnet12' enslaved, continuing activation
Aug 18 11:39:48 spicy NetworkManager[5389]: [1471516788.3668] device (vnet12): state change: ip-config -> secondaries (reason 'none') [70 90 0]
Aug 18 11:39:48 spicy NetworkManager[5389]: [1471516788.3670] device (vnet12): state change: secondaries -> activated (reason 'none') [90 100 0]
Aug 18 11:39:48 spicy NetworkManager[5389]: [1471516788.3790] device (vnet12): Activation: successful, device activated.
Aug 18 11:39:48 spicy kernel: audit: type=1400 audit(1471516788.575:77): apparmor="STATUS" operation="profile_replace" profile="unconfined" name="libvirt-dca31765-7756-4220-82a5-7da3b24555e8" pid=3438 comm="apparmor_parser"
Aug 18 11:39:48 spicy NetworkManager[5389]: [1471516788.5963] manager: (vnet13): new Tun device (/org/freedesktop/NetworkManager/Devices/31)
Aug 18 11:39:48 spicy kernel: audit: type=1400 audit(1471516788.591:78): apparmor="STATUS" operation="profile_replace" profile="unconfined" name="libvirt-dca31765-7756-4220-82a5-7da3b24555e8//qemu_bridge_helper" pid=3438 comm="apparmor_parser"
Aug 18 11:39:48 spicy NetworkManager[5389]: [1471516788.6128] devices added (path: /sys/devices/virtual/net/vnet13, iface: vnet13)
Aug 18 11:39:48 spicy NetworkManager[5389]: [1471516788.6128] device added (path: /sys/devices/virtual/net/vnet13, iface: vnet13): no ifupdown configuration found.
Aug 18 11:39:48 spicy kernel: device vnet13 entered promiscuous mode
Aug 18 11:39:48 spicy kernel: virbr1: port 4(vnet13) entered listening state
Aug 18 11:39:48 spicy kernel: virbr1: port 4(vnet13) entered listening state
Aug 18 11:39:48 spicy NetworkManager[5389]: [1471516788.6778] device (vnet13): state change: unmanaged -> unavailable (reason 'connection-assumed') [10 20 41]
Aug 18 11:39:48 spicy NetworkManager[5389]: [1471516788.6788] keyfile: add connection in-memory (68c51f76-b539-4b5f-9956-1b330ebd8e50,"vnet13")
Aug 18 11:39:48 spicy NetworkManager[5389]: [1471516788.6797] device (vnet13): state change: unavailable -> disconnected (reason 'connection-assumed') [20 30 41]
Aug 18 11:39:48 spicy NetworkManager[5389]: [1471516788.6803] device (vnet13): Activation: starting connection 'vnet13' (68c51f76-b539-4b5f-9956-1b330ebd8e50)
Aug 18 11:39:48 spicy NetworkManager[5389]: [1471516788.6809] device (vnet13): state change: disconnected -> prepare (reason 'none') [30 40 0]
Aug 18 11:39:48 spicy NetworkManager[5389]: [1471516788.6813] device (vnet13): state change: prepare -> config (reason 'none') [40 50 0]
Aug 18 11:39:48 spicy NetworkManager[5389]: [1471516788.6816] device (vnet13): state change: config -> ip-config (reason 'none') [50 70 0]
Aug 18 11:39:48 spicy NetworkManager[5389]: [1471516788.6817] device (virbr1): bridge port vnet13 was attached
Aug 18 11:39:48 spicy NetworkManager[5389]: [1471516788.6817] device (vnet13): Activation: connection 'vnet13' enslaved, continuing activation
Aug 18 11:39:48 spicy NetworkManager[5389]: [1471516788.6820] device (vnet13): state change: ip-config -> secondaries (reason 'none') [70 90 0]
Aug 18 11:39:48 spicy NetworkManager[5389]: [1471516788.6822] device (vnet13): state change: secondaries -> activated (reason 'none') [90 100 0]
Aug 18 11:39:48 spicy NetworkManager[5389]: [1471516788.6918] device (vnet13): Activation: successful, device activated.
Aug 18 11:39:48 spicy kernel: audit: type=1400 audit(1471516788.879:79): apparmor="STATUS" operation="profile_replace" profile="unconfined" name="libvirt-dca31765-7756-4220-82a5-7da3b24555e8" pid=3655 comm="apparmor_parser"
Aug 18 11:39:48 spicy NetworkManager[5389]: [1471516788.9125] manager: (vnet14): new Tun device (/org/freedesktop/NetworkManager/Devices/32)
Aug 18 11:39:48 spicy kernel: audit: type=1400 audit(1471516788.907:80): apparmor="STATUS" operation="profile_replace" profile="unconfined" name="libvirt-dca31765-7756-4220-82a5-7da3b24555e8//qemu_bridge_helper" pid=3655 comm="apparmor_parser"
Aug 18 11:39:48 spicy NetworkManager[5389]: [1471516788.9283] devices added (path: /sys/devices/virtual/net/vnet14, iface: vnet14)
Aug 18 11:39:48 spicy NetworkManager[5389]: [1471516788.9283] device added (path: /sys/devices/virtual/net/vnet14, iface: vnet14): no ifupdown configuration found.
Aug 18 11:39:48 spicy kernel: device vnet14 entered promiscuous mode
Aug 18 11:39:48 spicy NetworkManager[5389]: [1471516788.9980] device (vnet14): state change: unmanaged -> unavailable (reason 'connection-assumed') [10 20 41]
Aug 18 11:39:48 spicy NetworkManager[5389]: [1471516788.9990] keyfile: add connection in-memory (266f03b0-94d8-42b1-9a80-ef44130e3cbc,"vnet14")
Aug 18 11:39:48 spicy NetworkManager[5389]: [1471516788.10000] device (vnet14): state change: unavailable -> disconnected (reason 'connection-assumed') [20 30 41]
Aug 18 11:39:49 spicy NetworkManager[5389]: [1471516789.0007] device (vnet14): Activation: starting connection 'vnet14' (266f03b0-94d8-42b1-9a80-ef44130e3cbc)
Aug 18 11:39:49 spicy kernel: virbr1: port 5(vnet14) entered listening state
Aug 18 11:39:49 spicy kernel: virbr1: port 5(vnet14) entered listening state
Aug 18 11:39:49 spicy NetworkManager[5389]: [1471516789.0013] device (vnet14): state change: disconnected -> prepare (reason 'none') [30 40 0]
Aug 18 11:39:49 spicy NetworkManager[5389]: [1471516789.0017] device (vnet14): state change: prepare -> config (reason 'none') [40 50 0]
Aug 18 11:39:49 spicy NetworkManager[5389]: [1471516789.0018] device (vnet14): state change: config -> ip-config (reason 'none') [50 70 0]
Aug 18 11:39:49 spicy NetworkManager[5389]: [1471516789.0019] device (virbr1): bridge port vnet14 was attached
Aug 18 11:39:49 spicy NetworkManager[5389]: [1471516789.0019] device (vnet14): Activation: connection 'vnet14' enslaved, continuing activation
Aug 18 11:39:49 spicy NetworkManager[5389]: [1471516789.0021] device (vnet14): state change: ip-config -> secondaries (reason 'none') [70 90 0]
Aug 18 11:39:49 spicy NetworkManager[5389]: [1471516789.0022] device (vnet14): state change: secondaries -> activated (reason 'none') [90 100 0]
Aug 18 11:39:49 spicy NetworkManager[5389]: [1471516789.0157] device (vnet14): Activation: successful, device activated.
Aug 18 11:39:49 spicy kernel: audit: type=1400 audit(1471516789.191:81): apparmor="STATUS" operation="profile_replace" profile="unconfined" name="libvirt-dca31765-7756-4220-82a5-7da3b24555e8" pid=3958 comm="apparmor_parser"
Aug 18 11:39:49 spicy kernel: audit: type=1400 audit(1471516789.211:82): apparmor="STATUS" operation="profile_replace" profile="unconfined" name="libvirt-dca31765-7756-4220-82a5-7da3b24555e8//qemu_bridge_helper" pid=3958 comm="apparmor_parser"
Aug 18 11:39:49 spicy kernel: kvm: zapping shadow pages for mmio generation wraparound
Aug 18 11:39:49 spicy kernel: kvm: zapping shadow pages for mmio generation wraparound
Aug 18 11:39:50 spicy kernel: virbr1: port 2(vnet11) entered learning state
Aug 18 11:39:50 spicy kernel: virbr1: port 3(vnet12) entered learning state
Aug 18 11:39:50 spicy kernel: virbr1: port 4(vnet13) entered learning state
Aug 18 11:39:51 spicy kernel: virbr1: port 5(vnet14) entered learning state
Aug 18 11:39:52 spicy kernel: virbr1: topology change detected, propagating
Aug 18 11:39:52 spicy kernel: virbr1: port 2(vnet11) entered forwarding state
Aug 18 11:39:52 spicy kernel: virbr1: topology change detected, propagating
Aug 18 11:39:52 spicy kernel: virbr1: port 3(vnet12) entered forwarding state
Aug 18 11:39:52 spicy kernel: virbr1: topology change detected, propagating
Aug 18 11:39:52 spicy kernel: virbr1: port 4(vnet13) entered forwarding state
Aug 18 11:39:53 spicy kernel: virbr1: topology change detected, propagating
Aug 18 11:39:53 spicy kernel: virbr1: port 5(vnet14) entered forwarding state
Aug 18 11:40:09 spicy kernel: kvm [4043]: vcpu1 unhandled rdmsr: 0x34
Aug 18 11:40:32 spicy dhclient[5950]: DHCPREQUEST of 192.168.1.64 on enp5s0 to 192.168.1.254 port 67 (xid=0x73098422)
Aug 18 11:40:32 spicy dhclient[5950]: DHCPACK of 192.168.1.64 from 192.168.1.254
Aug 18 11:40:32 spicy dhclient[5950]: bound to 192.168.1.64 -- renewal in 159 seconds.
Aug 18 11:42:06 spicy dhclient[6242]: DHCPREQUEST of 192.168.5.103 on br-enp5s0.5 to 192.168.5.254 port 67 (xid=0x1d6f588c)
Aug 18 11:42:06 spicy dhclient[6242]: DHCPACK of 192.168.5.103 from 192.168.5.254
Aug 18 11:42:06 spicy dhclient[6242]: bound to 192.168.5.103 -- renewal in 137 seconds.
Aug 18 11:42:10 spicy kernel: kvm [4043]: vcpu1 unhandled rdmsr: 0x34
Aug 18 11:43:11 spicy dhclient[5950]: DHCPREQUEST of 192.168.1.64 on enp5s0 to 192.168.1.254 port 67 (xid=0x73098422)
Aug 18 11:43:11 spicy dhclient[5950]: DHCPACK of 192.168.1.64 from 192.168.1.254
Aug 18 11:43:11 spicy dhclient[5950]: bound to 192.168.1.64 -- renewal in 143 seconds.
Aug 18 11:44:23 spicy dhclient[6242]: DHCPREQUEST of 192.168.5.103 on br-enp5s0.5 to 192.168.5.254 port 67 (xid=0x1d6f588c)
Aug 18 11:44:24 spicy dhclient[6242]: DHCPACK of 192.168.5.103 from 192.168.5.254
Aug 18 11:44:24 spicy dhclient[6242]: bound to 192.168.5.103 -- renewal in 167 seconds.
Aug 18 11:45:34 spicy dhclient[5950]: DHCPREQUEST of 192.168.1.64 on enp5s0 to 192.168.1.254 port 67 (xid=0x73098422)
Aug 18 11:45:34 spicy dhclient[5950]: DHCPACK of 192.168.1.64 from 192.168.1.254
Aug 18 11:45:34 spicy dhclient[5950]: bound to 192.168.1.64 -- renewal in 158 seconds.
Aug 18 11:47:11 spicy dhclient[6242]: DHCPREQUEST of 192.168.5.103 on br-enp5s0.5 to 192.168.5.254 port 67 (xid=0x1d6f588c)
Aug 18 11:47:11 spicy dhclient[6242]: DHCPACK of 192.168.5.103 from 192.168.5.254
Aug 18 11:47:11 spicy dhclient[6242]: bound to 192.168.5.103 -- renewal in 166 seconds.
Aug 18 11:48:12 spicy dhclient[5950]: DHCPREQUEST of 192.168.1.64 on enp5s0 to 192.168.1.254 port 67 (xid=0x73098422)
Aug 18 11:48:12 spicy dhclient[5950]: DHCPACK of 192.168.1.64 from 192.168.1.254
Aug 18 11:48:12 spicy dhclient[5950]: bound to 192.168.1.64 -- renewal in 154 seconds.
Aug 18 11:49:57 spicy dhclient[6242]: DHCPREQUEST of 192.168.5.103 on br-enp5s0.5 to 192.168.5.254 port 67 (xid=0x1d6f588c)
Aug 18 11:49:58 spicy dhclient[6242]: DHCPACK of 192.168.5.103 from 192.168.5.254
Aug 18 11:49:58 spicy dhclient[6242]: bound to 192.168.5.103 -- renewal in 167 seconds.
Aug 18 11:50:46 spicy dhclient[5950]: DHCPREQUEST of 192.168.1.64 on enp5s0 to 192.168.1.254 port 67 (xid=0x73098422)
Aug 18 11:50:47 spicy dhclient[5950]: DHCPACK of 192.168.1.64 from 192.168.1.254
Aug 18 11:50:47 spicy dhclient[5950]: bound to 192.168.1.64 -- renewal in 179 seconds.
Aug 18 11:52:45 spicy dhclient[6242]: DHCPREQUEST of 192.168.5.103 on br-enp5s0.5 to 192.168.5.254 port 67 (xid=0x1d6f588c)
Aug 18 11:52:45 spicy dhclient[6242]: DHCPACK of 192.168.5.103 from 192.168.5.254
Aug 18 11:52:45 spicy dhclient[6242]: bound to 192.168.5.103 -- renewal in 152 seconds.
Aug 18 11:53:46 spicy dhclient[5950]: DHCPREQUEST of 192.168.1.64 on enp5s0 to 192.168.1.254 port 67 (xid=0x73098422)
Aug 18 11:53:46 spicy dhclient[5950]: DHCPACK of 192.168.1.64 from 192.168.1.254
Aug 18 11:53:46 spicy dhclient[5950]: bound to 192.168.1.64 -- renewal in 165 seconds.
Aug 18 11:55:17 spicy dhclient[6242]: DHCPREQUEST of 192.168.5.103 on br-enp5s0.5 to 192.168.5.254 port 67 (xid=0x1d6f588c)
Aug 18 11:55:17 spicy dhclient[6242]: DHCPACK of 192.168.5.103 from 192.168.5.254
Aug 18 11:55:17 spicy dhclient[6242]: bound to 192.168.5.103 -- renewal in 180 seconds.
Aug 18 11:56:31 spicy dhclient[5950]: DHCPREQUEST of 192.168.1.64 on enp5s0 to 192.168.1.254 port 67 (xid=0x73098422)
Aug 18 11:56:31 spicy dhclient[5950]: DHCPACK of 192.168.1.64 from 192.168.1.254
Aug 18 11:56:31 spicy dhclient[5950]: bound to 192.168.1.64 -- renewal in 179 seconds.
Aug 18 11:58:17 spicy dhclient[6242]: DHCPREQUEST of 192.168.5.103 on br-enp5s0.5 to 192.168.5.254 port 67 (xid=0x1d6f588c)
Aug 18 11:58:17 spicy dhclient[6242]: DHCPACK of 192.168.5.103 from 192.168.5.254
Aug 18 11:58:17 spicy dhclient[6242]: bound to 192.168.5.103 -- renewal in 164 seconds.
Aug 18 11:59:30 spicy dhclient[5950]: DHCPREQUEST of 192.168.1.64 on enp5s0 to 192.168.1.254 port 67 (xid=0x73098422)
Aug 18 11:59:30 spicy dhclient[5950]: DHCPACK of 192.168.1.64 from 192.168.1.254
Aug 18 11:59:30 spicy dhclient[5950]: bound to 192.168.1.64 -- renewal in 150 seconds.
Aug 18 12:01:01 spicy dhclient[6242]: DHCPREQUEST of 192.168.5.103 on br-enp5s0.5 to 192.168.5.254 port 67 (xid=0x1d6f588c)
Aug 18 12:01:01 spicy dhclient[6242]: DHCPACK of 192.168.5.103 from 192.168.5.254
Aug 18 12:01:01 spicy dhclient[6242]: bound to 192.168.5.103 -- renewal in 155 seconds.
Aug 18 12:02:00 spicy dhclient[5950]: DHCPREQUEST of 192.168.1.64 on enp5s0 to 192.168.1.254 port 67 (xid=0x73098422)
Aug 18 12:02:00 spicy dhclient[5950]: DHCPACK of 192.168.1.64 from 192.168.1.254
Aug 18 12:02:00 spicy dhclient[5950]: bound to 192.168.1.64 -- renewal in 146 seconds.
Aug 18 12:03:36 spicy dhclient[6242]: DHCPREQUEST of 192.168.5.103 on br-enp5s0.5 to 192.168.5.254 port 67 (xid=0x1d6f588c)
Aug 18 12:03:36 spicy dhclient[6242]: DHCPACK of 192.168.5.103 from 192.168.5.254
Aug 18 12:03:37 spicy dhclient[6242]: bound to 192.168.5.103 -- renewal in 138 seconds.
Aug 18 12:04:26 spicy dhclient[5950]: DHCPREQUEST of 192.168.1.64 on enp5s0 to 192.168.1.254 port 67 (xid=0x73098422)
Aug 18 12:04:26 spicy dhclient[5950]: DHCPACK of 192.168.1.64 from 192.168.1.254
Aug 18 12:04:26 spicy dhclient[5950]: bound to 192.168.1.64 -- renewal in 170 seconds.
Aug 18 12:05:55 spicy dhclient[6242]: DHCPREQUEST of 192.168.5.103 on br-enp5s0.5 to 192.168.5.254 port 67 (xid=0x1d6f588c)
Aug 18 12:05:55 spicy dhclient[6242]: DHCPACK of 192.168.5.103 from 192.168.5.254
Aug 18 12:05:55 spicy dhclient[6242]: bound to 192.168.5.103 -- renewal in 180 seconds.
Aug 18 12:07:16 spicy dhclient[5950]: DHCPREQUEST of 192.168.1.64 on enp5s0 to 192.168.1.254 port 67 (xid=0x73098422)
Aug 18 12:07:16 spicy dhclient[5950]: DHCPACK of 192.168.1.64 from 192.168.1.254
Aug 18 12:07:16 spicy dhclient[5950]: bound to 192.168.1.64 -- renewal in 167 seconds.
Aug 18 12:08:55 spicy dhclient[6242]: DHCPREQUEST of 192.168.5.103 on br-enp5s0.5 to 192.168.5.254 port 67 (xid=0x1d6f588c)
Aug 18 12:08:55 spicy dhclient[6242]: DHCPACK of 192.168.5.103 from 192.168.5.254
Aug 18 12:08:55 spicy dhclient[6242]: bound to 192.168.5.103 -- renewal in 172 seconds.
Aug 18 12:10:03 spicy dhclient[5950]: DHCPREQUEST of 192.168.1.64 on enp5s0 to 192.168.1.254 port 67 (xid=0x73098422)
Aug 18 12:10:04 spicy dhclient[5950]: DHCPACK of 192.168.1.64 from 192.168.1.254
Aug 18 12:10:04 spicy dhclient[5950]: bound to 192.168.1.64 -- renewal in 148 seconds.
Aug 18 12:11:47 spicy dhclient[6242]: DHCPREQUEST of 192.168.5.103 on br-enp5s0.5 to 192.168.5.254 port 67 (xid=0x1d6f588c)
Aug 18 12:11:48 spicy dhclient[6242]: DHCPACK of 192.168.5.103 from 192.168.5.254
Aug 18 12:11:48 spicy dhclient[6242]: bound to 192.168.5.103 -- renewal in 156 seconds.
Aug 18 12:12:32 spicy dhclient[5950]: DHCPREQUEST of 192.168.1.64 on enp5s0 to 192.168.1.254 port 67 (xid=0x73098422)
Aug 18 12:12:32 spicy dhclient[5950]: DHCPACK of 192.168.1.64 from 192.168.1.254
Aug 18 12:12:32 spicy dhclient[5950]: bound to 192.168.1.64 -- renewal in 173 seconds.
Aug 18 12:14:24 spicy dhclient[6242]: DHCPREQUEST of 192.168.5.103 on br-enp5s0.5 to 192.168.5.254 port 67 (xid=0x1d6f588c)
Aug 18 12:14:24 spicy dhclient[6242]: DHCPACK of 192.168.5.103 from 192.168.5.254
Aug 18 12:14:24 spicy dhclient[6242]: bound to 192.168.5.103 -- renewal in 152 seconds.
Aug 18 12:15:25 spicy dhclient[5950]: DHCPREQUEST of 192.168.1.64 on enp5s0 to 192.168.1.254 port 67 (xid=0x73098422)
Aug 18 12:15:25 spicy dhclient[5950]: DHCPACK of 192.168.1.64 from 192.168.1.254
Aug 18 12:15:25 spicy dhclient[5950]: bound to 192.168.1.64 -- renewal in 152 seconds.
Aug 18 12:16:56 spicy dhclient[6242]: DHCPREQUEST of 192.168.5.103 on br-enp5s0.5 to 192.168.5.254 port 67 (xid=0x1d6f588c)
Aug 18 12:16:56 spicy dhclient[6242]: DHCPACK of 192.168.5.103 from 192.168.5.254
Aug 18 12:16:56 spicy dhclient[6242]: bound to 192.168.5.103 -- renewal in 167 seconds.
Aug 18 12:17:57 spicy dhclient[5950]: DHCPREQUEST of 192.168.1.64 on enp5s0 to 192.168.1.254 port 67 (xid=0x73098422)
Aug 18 12:17:57 spicy dhclient[5950]: DHCPACK of 192.168.1.64 from 192.168.1.254
Aug 18 12:17:57 spicy dhclient[5950]: bound to 192.168.1.64 -- renewal in 147 seconds.
Aug 18 12:19:43 spicy dhclient[6242]: DHCPREQUEST of 192.168.5.103 on br-enp5s0.5 to 192.168.5.254 port 67 (xid=0x1d6f588c)
Aug 18 12:19:43 spicy dhclient[6242]: DHCPACK of 192.168.5.103 from 192.168.5.254
Aug 18 12:19:43 spicy dhclient[6242]: bound to 192.168.5.103 -- renewal in 181 seconds.
Aug 18 12:20:24 spicy dhclient[5950]: DHCPREQUEST of 192.168.1.64 on enp5s0 to 192.168.1.254 port 67 (xid=0x73098422)
Aug 18 12:20:25 spicy dhclient[5950]: DHCPACK of 192.168.1.64 from 192.168.1.254
Aug 18 12:20:25 spicy dhclient[5950]: bound to 192.168.1.64 -- renewal in 175 seconds.
Aug 18 12:22:44 spicy dhclient[6242]: DHCPREQUEST of 192.168.5.103 on br-enp5s0.5 to 192.168.5.254 port 67 (xid=0x1d6f588c)
Aug 18 12:22:44 spicy dhclient[6242]: DHCPACK of 192.168.5.103 from 192.168.5.254
Aug 18 12:22:44 spicy dhclient[6242]: bound to 192.168.5.103 -- renewal in 145 seconds.
Aug 18 12:23:20 spicy dhclient[5950]: DHCPREQUEST of 192.168.1.64 on enp5s0 to 192.168.1.254 port 67 (xid=0x73098422)
Aug 18 12:23:21 spicy dhclient[5950]: DHCPACK of 192.168.1.64 from 192.168.1.254
Aug 18 12:23:21 spicy dhclient[5950]: bound to 192.168.1.64 -- renewal in 152 seconds.
Aug 18 12:25:09 spicy dhclient[6242]: DHCPREQUEST of 192.168.5.103 on br-enp5s0.5 to 192.168.5.254 port 67 (xid=0x1d6f588c)
Aug 18 12:25:09 spicy dhclient[6242]: DHCPACK of 192.168.5.103 from 192.168.5.254
Aug 18 12:25:09 spicy dhclient[6242]: bound to 192.168.5.103 -- renewal in 157 seconds.
Aug 18 12:25:53 spicy dhclient[5950]: DHCPREQUEST of 192.168.1.64 on enp5s0 to 192.168.1.254 port 67 (xid=0x73098422)
Aug 18 12:25:53 spicy dhclient[5950]: DHCPACK of 192.168.1.64 from 192.168.1.254
Aug 18 12:25:53 spicy dhclient[5950]: bound to 192.168.1.64 -- renewal in 157 seconds.
Aug 18 12:27:46 spicy dhclient[6242]: DHCPREQUEST of 192.168.5.103 on br-enp5s0.5 to 192.168.5.254 port 67 (xid=0x1d6f588c)
Aug 18 12:27:46 spicy dhclient[6242]: DHCPACK of 192.168.5.103 from 192.168.5.254
Aug 18 12:27:46 spicy dhclient[6242]: bound to 192.168.5.103 -- renewal in 163 seconds.
Aug 18 12:28:30 spicy dhclient[5950]: DHCPREQUEST of 192.168.1.64 on enp5s0 to 192.168.1.254 port 67 (xid=0x73098422)
Aug 18 12:28:30 spicy dhclient[5950]: DHCPACK of 192.168.1.64 from 192.168.1.254
Aug 18 12:28:30 spicy dhclient[5950]: bound to 192.168.1.64 -- renewal in 166 seconds.
Aug 18 12:30:29 spicy dhclient[6242]: DHCPREQUEST of 192.168.5.103 on br-enp5s0.5 to 192.168.5.254 port 67 (xid=0x1d6f588c)
Aug 18 12:30:29 spicy dhclient[6242]: DHCPACK of 192.168.5.103 from 192.168.5.254
Aug 18 12:30:29 spicy dhclient[6242]: bound to 192.168.5.103 -- renewal in 155 seconds.
Aug 18 12:31:16 spicy dhclient[5950]: DHCPREQUEST of 192.168.1.64 on enp5s0 to 192.168.1.254 port 67 (xid=0x73098422)
Aug 18 12:31:17 spicy dhclient[5950]: DHCPACK of 192.168.1.64 from 192.168.1.254
Aug 18 12:31:17 spicy dhclient[5950]: bound to 192.168.1.64 -- renewal in 168 seconds.
Aug 18 12:33:04 spicy dhclient[6242]: DHCPREQUEST of 192.168.5.103 on br-enp5s0.5 to 192.168.5.254 port 67 (xid=0x1d6f588c)
Aug 18 12:33:05 spicy dhclient[6242]: DHCPACK of 192.168.5.103 from 192.168.5.254
Aug 18 12:33:05 spicy dhclient[6242]: bound to 192.168.5.103 -- renewal in 163 seconds.
Aug 18 12:34:05 spicy dhclient[5950]: DHCPREQUEST of 192.168.1.64 on enp5s0 to 192.168.1.254 port 67 (xid=0x73098422)
Aug 18 12:34:06 spicy dhclient[5950]: DHCPACK of 192.168.1.64 from 192.168.1.254
Aug 18 12:34:06 spicy dhclient[5950]: bound to 192.168.1.64 -- renewal in 156 seconds.
Aug 18 12:35:48 spicy dhclient[6242]: DHCPREQUEST of 192.168.5.103 on br-enp5s0.5 to 192.168.5.254 port 67 (xid=0x1d6f588c)
Aug 18 12:35:48 spicy dhclient[6242]: DHCPACK of 192.168.5.103 from 192.168.5.254
Aug 18 12:35:48 spicy dhclient[6242]: bound to 192.168.5.103 -- renewal in 144 seconds.
Aug 18 12:36:42 spicy dhclient[5950]: DHCPREQUEST of 192.168.1.64 on enp5s0 to 192.168.1.254 port 67 (xid=0x73098422)
Aug 18 12:36:42 spicy dhclient[5950]: DHCPACK of 192.168.1.64 from 192.168.1.254
Aug 18 12:36:42 spicy dhclient[5950]: bound to 192.168.1.64 -- renewal in 163 seconds.
Aug 18 12:38:12 spicy dhclient[6242]: DHCPREQUEST of 192.168.5.103 on br-enp5s0.5 to 192.168.5.254 port 67 (xid=0x1d6f588c)
Aug 18 12:38:12 spicy dhclient[6242]: DHCPACK of 192.168.5.103 from 192.168.5.254
Aug 18 12:38:12 spicy dhclient[6242]: bound to 192.168.5.103 -- renewal in 181 seconds.
Aug 18 12:39:25 spicy dhclient[5950]: DHCPREQUEST of 192.168.1.64 on enp5s0 to 192.168.1.254 port 67 (xid=0x73098422)
Aug 18 12:39:25 spicy dhclient[5950]: DHCPACK of 192.168.1.64 from 192.168.1.254
Aug 18 12:39:25 spicy dhclient[5950]: bound to 192.168.1.64 -- renewal in 143 seconds.
Aug 18 12:41:13 spicy dhclient[6242]: DHCPREQUEST of 192.168.5.103 on br-enp5s0.5 to 192.168.5.254 port 67 (xid=0x1d6f588c)
Aug 18 12:41:14 spicy dhclient[6242]: DHCPACK of 192.168.5.103 from 192.168.5.254
Aug 18 12:41:14 spicy dhclient[6242]: bound to 192.168.5.103 -- renewal in 171 seconds.
Aug 18 12:41:48 spicy dhclient[5950]: DHCPREQUEST of 192.168.1.64 on enp5s0 to 192.168.1.254 port 67 (xid=0x73098422)
Aug 18 12:41:48 spicy dhclient[5950]: DHCPACK of 192.168.1.64 from 192.168.1.254
Aug 18 12:41:48 spicy dhclient[5950]: bound to 192.168.1.64 -- renewal in 160 seconds.
Aug 18 12:44:06 spicy dhclient[6242]: DHCPREQUEST of 192.168.5.103 on br-enp5s0.5 to 192.168.5.254 port 67 (xid=0x1d6f588c)
Aug 18 12:44:06 spicy dhclient[6242]: DHCPACK of 192.168.5.103 from 192.168.5.254
Aug 18 12:44:06 spicy dhclient[6242]: bound to 192.168.5.103 -- renewal in 151 seconds.
Aug 18 12:44:28 spicy dhclient[5950]: DHCPREQUEST of 192.168.1.64 on enp5s0 to 192.168.1.254 port 67 (xid=0x73098422)
Aug 18 12:44:28 spicy dhclient[5950]: DHCPACK of 192.168.1.64 from 192.168.1.254
Aug 18 12:44:29 spicy dhclient[5950]: bound to 192.168.1.64 -- renewal in 180 seconds.
Aug 18 12:46:37 spicy dhclient[6242]: DHCPREQUEST of 192.168.5.103 on br-enp5s0.5 to 192.168.5.254 port 67 (xid=0x1d6f588c)
Aug 18 12:46:37 spicy dhclient[6242]: DHCPACK of 192.168.5.103 from 192.168.5.254
Aug 18 12:46:37 spicy dhclient[6242]: bound to 192.168.5.103 -- renewal in 158 seconds.
Aug 18 12:47:19 spicy kernel: audit: type=1400 audit(1471520839.038:83): apparmor="STATUS" operation="profile_load" profile="unconfined" name="libvirt-ef898a36-ff85-4a52-ab65-dad183071a90" pid=15220 comm="apparmor_parser"
Aug 18 12:47:19 spicy kernel: audit: type=1400 audit(1471520839.038:84): apparmor="STATUS" operation="profile_load" profile="unconfined" name="libvirt-ef898a36-ff85-4a52-ab65-dad183071a90//qemu_bridge_helper" pid=15220 comm="apparmor_parser"
Aug 18 12:47:19 spicy NetworkManager[5389]: [1471520839.0484] manager: (vnet15): new Tun device (/org/freedesktop/NetworkManager/Devices/33)
Aug 18 12:47:19 spicy NetworkManager[5389]: [1471520839.0649] devices added (path: /sys/devices/virtual/net/vnet15, iface: vnet15)
Aug 18 12:47:19 spicy NetworkManager[5389]: [1471520839.0649] device added (path: /sys/devices/virtual/net/vnet15, iface: vnet15): no ifupdown configuration found.
Aug 18 12:47:19 spicy kernel: device vnet15 entered promiscuous mode
Aug 18 12:47:19 spicy NetworkManager[5389]: [1471520839.1300] device (vnet15): state change: unmanaged -> unavailable (reason 'connection-assumed') [10 20 41]
Aug 18 12:47:19 spicy NetworkManager[5389]: [1471520839.1311] keyfile: add connection in-memory (026661ba-f764-4232-beac-f7bc23139d14,"vnet15")
Aug 18 12:47:19 spicy NetworkManager[5389]: [1471520839.1319] device (vnet15): state change: unavailable -> disconnected (reason 'connection-assumed') [20 30 41]
Aug 18 12:47:19 spicy NetworkManager[5389]: [1471520839.1325] device (vnet15): Activation: starting connection 'vnet15' (026661ba-f764-4232-beac-f7bc23139d14)
Aug 18 12:47:19 spicy NetworkManager[5389]: [1471520839.1331] device (vnet15): state change: disconnected -> prepare (reason 'none') [30 40 0]
Aug 18 12:47:19 spicy kernel: virbr2: port 6(vnet15) entered listening state
Aug 18 12:47:19 spicy kernel: virbr2: port 6(vnet15) entered listening state
Aug 18 12:47:19 spicy NetworkManager[5389]: [1471520839.1336] device (vnet15): state change: prepare -> config (reason 'none') [40 50 0]
Aug 18 12:47:19 spicy NetworkManager[5389]: [1471520839.1339] device (vnet15): state change: config -> ip-config (reason 'none') [50 70 0]
Aug 18 12:47:19 spicy NetworkManager[5389]: [1471520839.1339] device (virbr2): bridge port vnet15 was attached
Aug 18 12:47:19 spicy NetworkManager[5389]: [1471520839.1340] device (vnet15): Activation: connection 'vnet15' enslaved, continuing activation
Aug 18 12:47:19 spicy NetworkManager[5389]: [1471520839.1343] device (vnet15): state change: ip-config -> secondaries (reason 'none') [70 90 0]
Aug 18 12:47:19 spicy NetworkManager[5389]: [1471520839.1345] device (vnet15): state change: secondaries -> activated (reason 'none') [90 100 0]
Aug 18 12:47:19 spicy NetworkManager[5389]: [1471520839.1465] device (vnet15): Activation: successful, device activated.
Aug 18 12:47:19 spicy kernel: audit: type=1400 audit(1471520839.318:85): apparmor="STATUS" operation="profile_replace" profile="unconfined" name="libvirt-ef898a36-ff85-4a52-ab65-dad183071a90" pid=15340 comm="apparmor_parser"
Aug 18 12:47:19 spicy NetworkManager[5389]: [1471520839.3485] manager: (vnet16): new Tun device (/org/freedesktop/NetworkManager/Devices/34)
Aug 18 12:47:19 spicy kernel: audit: type=1400 audit(1471520839.342:86): apparmor="STATUS" operation="profile_replace" profile="unconfined" name="libvirt-ef898a36-ff85-4a52-ab65-dad183071a90//qemu_bridge_helper" pid=15340 comm="apparmor_parser"
Aug 18 12:47:19 spicy NetworkManager[5389]: [1471520839.3638] devices added (path: /sys/devices/virtual/net/vnet16, iface: vnet16)
Aug 18 12:47:19 spicy NetworkManager[5389]: [1471520839.3638] device added (path: /sys/devices/virtual/net/vnet16, iface: vnet16): no ifupdown configuration found.
Aug 18 12:47:19 spicy kernel: device vnet16 entered promiscuous mode
Aug 18 12:47:19 spicy NetworkManager[5389]: [1471520839.4420] device (vnet16): state change: unmanaged -> unavailable (reason 'connection-assumed') [10 20 41]
Aug 18 12:47:19 spicy NetworkManager[5389]: [1471520839.4430] keyfile: add connection in-memory (5f5d3498-66fc-4cb5-9f50-1977dac7ad12,"vnet16")
Aug 18 12:47:19 spicy NetworkManager[5389]: [1471520839.4439] device (vnet16): state change: unavailable -> disconnected (reason 'connection-assumed') [20 30 41]
Aug 18 12:47:19 spicy NetworkManager[5389]: [1471520839.4446] device (vnet16): Activation: starting connection 'vnet16' (5f5d3498-66fc-4cb5-9f50-1977dac7ad12)
Aug 18 12:47:19 spicy NetworkManager[5389]: [1471520839.4452] device (vnet16): state change: disconnected -> prepare (reason 'none') [30 40 0]
Aug 18 12:47:19 spicy kernel: virbr2: port 7(vnet16) entered listening state
Aug 18 12:47:19 spicy kernel: virbr2: port 7(vnet16) entered listening state
Aug 18 12:47:19 spicy NetworkManager[5389]: [1471520839.4457] device (vnet16): state change: prepare -> config (reason 'none') [40 50 0]
Aug 18 12:47:19 spicy NetworkManager[5389]: [1471520839.4462] device (vnet16): state change: config -> ip-config (reason 'none') [50 70 0]
Aug 18 12:47:19 spicy NetworkManager[5389]: [1471520839.4464] device (virbr2): bridge port vnet16 was attached
Aug 18 12:47:19 spicy NetworkManager[5389]: [1471520839.4466] device (vnet16): Activation: connection 'vnet16' enslaved, continuing activation
Aug 18 12:47:19 spicy NetworkManager[5389]: [1471520839.4471] device (vnet16): state change: ip-config -> secondaries (reason 'none') [70 90 0]
Aug 18 12:47:19 spicy NetworkManager[5389]: [1471520839.4476] device (vnet16): state change: secondaries -> activated (reason 'none') [90 100 0]
Aug 18 12:47:19 spicy NetworkManager[5389]: [1471520839.4630] device (vnet16): Activation: successful, device activated.
Aug 18 12:47:19 spicy kernel: audit: type=1400 audit(1471520839.598:87): apparmor="STATUS" operation="profile_replace" profile="unconfined" name="libvirt-ef898a36-ff85-4a52-ab65-dad183071a90" pid=15550 comm="apparmor_parser"
Aug 18 12:47:19 spicy NetworkManager[5389]: [1471520839.6287] manager: (vnet17): new Tun device (/org/freedesktop/NetworkManager/Devices/35)
Aug 18 12:47:19 spicy kernel: audit: type=1400 audit(1471520839.622:88): apparmor="STATUS" operation="profile_replace" profile="unconfined" name="libvirt-ef898a36-ff85-4a52-ab65-dad183071a90//qemu_bridge_helper" pid=15550 comm="apparmor_parser"
Aug 18 12:47:19 spicy NetworkManager[5389]: [1471520839.6506] devices added (path: /sys/devices/virtual/net/vnet17, iface: vnet17)
Aug 18 12:47:19 spicy NetworkManager[5389]: [1471520839.6506] device added (path: /sys/devices/virtual/net/vnet17, iface: vnet17): no ifupdown configuration found.
Aug 18 12:47:19 spicy kernel: device vnet17 entered promiscuous mode
Aug 18 12:47:19 spicy NetworkManager[5389]: [1471520839.7420] device (vnet17): state change: unmanaged -> unavailable (reason 'connection-assumed') [10 20 41]
Aug 18 12:47:19 spicy NetworkManager[5389]: [1471520839.7431] keyfile: add connection in-memory (b00ca31b-6e28-42a1-ad13-a23226b07d81,"vnet17")
Aug 18 12:47:19 spicy NetworkManager[5389]: [1471520839.7440] device (vnet17): state change: unavailable -> disconnected (reason 'connection-assumed') [20 30 41]
Aug 18 12:47:19 spicy NetworkManager[5389]: [1471520839.7445] device (vnet17): Activation: starting connection 'vnet17' (b00ca31b-6e28-42a1-ad13-a23226b07d81)
Aug 18 12:47:19 spicy NetworkManager[5389]: [1471520839.7451] device (vnet17): state change: disconnected -> prepare (reason 'none') [30 40 0]
Aug 18 12:47:19 spicy kernel: virbr2: port 8(vnet17) entered listening state
Aug 18 12:47:19 spicy kernel: virbr2: port 8(vnet17) entered listening state
Aug 18 12:47:19 spicy NetworkManager[5389]: [1471520839.7456] device (vnet17): state change: prepare -> config (reason 'none') [40 50 0]
Aug 18 12:47:19 spicy NetworkManager[5389]: [1471520839.7458] device (vnet17): state change: config -> ip-config (reason 'none') [50 70 0]
Aug 18 12:47:19 spicy NetworkManager[5389]: [1471520839.7459] device (virbr2): bridge port vnet17 was attached
Aug 18 12:47:19 spicy NetworkManager[5389]: [1471520839.7459] device (vnet17): Activation: connection 'vnet17' enslaved, continuing activation
Aug 18 12:47:19 spicy NetworkManager[5389]: [1471520839.7462] device (vnet17): state change: ip-config -> secondaries (reason 'none') [70 90 0]
Aug 18 12:47:19 spicy NetworkManager[5389]: [1471520839.7463] device (vnet17): state change: secondaries -> activated (reason 'none') [90 100 0]
Aug 18 12:47:19 spicy NetworkManager[5389]: [1471520839.7666] device (vnet17): Activation: successful, device activated.
Aug 18 12:47:19 spicy kernel: audit: type=1400 audit(1471520839.927:89): apparmor="STATUS" operation="profile_replace" profile="unconfined" name="libvirt-ef898a36-ff85-4a52-ab65-dad183071a90" pid=15786 comm="apparmor_parser"
Aug 18 12:47:19 spicy NetworkManager[5389]: [1471520839.9564] manager: (vnet18): new Tun device (/org/freedesktop/NetworkManager/Devices/36)
Aug 18 12:47:19 spicy kernel: audit: type=1400 audit(1471520839.951:90): apparmor="STATUS" operation="profile_replace" profile="unconfined" name="libvirt-ef898a36-ff85-4a52-ab65-dad183071a90//qemu_bridge_helper" pid=15786 comm="apparmor_parser"
Aug 18 12:47:19 spicy NetworkManager[5389]: [1471520839.9730] devices added (path: /sys/devices/virtual/net/vnet18, iface: vnet18)
Aug 18 12:47:19 spicy NetworkManager[5389]: [1471520839.9730] device added (path: /sys/devices/virtual/net/vnet18, iface: vnet18): no ifupdown configuration found.
Aug 18 12:47:19 spicy kernel: device vnet18 entered promiscuous mode
Aug 18 12:47:19 spicy NetworkManager[5389]: [1471520839.9899] device (vnet18): state change: unmanaged -> unavailable (reason 'connection-assumed') [10 20 41]
Aug 18 12:47:19 spicy NetworkManager[5389]: [1471520839.9911] keyfile: add connection in-memory (4324c14a-35fd-4f86-95f6-b6b2112308a7,"vnet18")
Aug 18 12:47:19 spicy NetworkManager[5389]: [1471520839.9922] device (vnet18): state change: unavailable -> disconnected (reason 'connection-assumed') [20 30 41]
Aug 18 12:47:19 spicy NetworkManager[5389]: [1471520839.9930] device (vnet18): Activation: starting connection 'vnet18' (4324c14a-35fd-4f86-95f6-b6b2112308a7)
Aug 18 12:47:19 spicy kernel: virbr2: port 9(vnet18) entered listening state
Aug 18 12:47:19 spicy kernel: virbr2: port 9(vnet18) entered listening state
Aug 18 12:47:19 spicy NetworkManager[5389]: [1471520839.9938] device (vnet18): state change: disconnected -> prepare (reason 'none') [30 40 0]
Aug 18 12:47:19 spicy NetworkManager[5389]: [1471520839.9944] device (vnet18): state change: prepare -> config (reason 'none') [40 50 0]
Aug 18 12:47:19 spicy NetworkManager[5389]: [1471520839.9946] device (vnet18): state change: config -> ip-config (reason 'none') [50 70 0]
Aug 18 12:47:19 spicy NetworkManager[5389]: [1471520839.9947] device (virbr2): bridge port vnet18 was attached
Aug 18 12:47:19 spicy NetworkManager[5389]: [1471520839.9947] device (vnet18): Activation: connection 'vnet18' enslaved, continuing activation
Aug 18 12:47:19 spicy NetworkManager[5389]: [1471520839.9949] device (vnet18): state change: ip-config -> secondaries (reason 'none') [70 90 0]
Aug 18 12:47:19 spicy NetworkManager[5389]: [1471520839.9951] device (vnet18): state change: secondaries -> activated (reason 'none') [90 100 0]
Aug 18 12:47:20 spicy NetworkManager[5389]: [1471520840.0138] device (vnet18): Activation: successful, device activated.
Aug 18 12:47:20 spicy kernel: audit: type=1400 audit(1471520840.171:91): apparmor="STATUS" operation="profile_replace" profile="unconfined" name="libvirt-ef898a36-ff85-4a52-ab65-dad183071a90" pid=15986 comm="apparmor_parser"
Aug 18 12:47:20 spicy kernel: audit: type=1400 audit(1471520840.195:92): apparmor="STATUS" operation="profile_replace" profile="unconfined" name="libvirt-ef898a36-ff85-4a52-ab65-dad183071a90//qemu_bridge_helper" pid=15986 comm="apparmor_parser"
Aug 18 12:47:20 spicy kernel: kvm: zapping shadow pages for mmio generation wraparound
Aug 18 12:47:20 spicy kernel: kvm: zapping shadow pages for mmio generation wraparound
Aug 18 12:47:21 spicy kernel: virbr2: port 6(vnet15) entered learning state
Aug 18 12:47:21 spicy kernel: virbr2: port 7(vnet16) entered learning state
Aug 18 12:47:21 spicy kernel: virbr2: port 8(vnet17) entered learning state
Aug 18 12:47:21 spicy kernel: virbr2: port 9(vnet18) entered learning state
Aug 18 12:47:23 spicy kernel: virbr2: topology change detected, propagating
Aug 18 12:47:23 spicy kernel: virbr2: port 6(vnet15) entered forwarding state
Aug 18 12:47:23 spicy kernel: virbr2: topology change detected, propagating
Aug 18 12:47:23 spicy kernel: virbr2: port 7(vnet16) entered forwarding state
Aug 18 12:47:23 spicy kernel: virbr2: topology change detected, propagating
Aug 18 12:47:23 spicy kernel: virbr2: port 8(vnet17) entered forwarding state
Aug 18 12:47:23 spicy kernel: virbr2: topology change detected, propagating
Aug 18 12:47:23 spicy kernel: virbr2: port 9(vnet18) entered forwarding state
Aug 18 12:47:29 spicy dhclient[5950]: DHCPREQUEST of 192.168.1.64 on enp5s0 to 192.168.1.254 port 67 (xid=0x73098422)
Aug 18 12:47:29 spicy dhclient[5950]: DHCPACK of 192.168.1.64 from 192.168.1.254
Aug 18 12:47:29 spicy dhclient[5950]: bound to 192.168.1.64 -- renewal in 162 seconds.
Aug 18 12:47:41 spicy kernel: kvm [16090]: vcpu0 unhandled rdmsr: 0x34
Aug 18 12:49:15 spicy dhclient[6242]: DHCPREQUEST of 192.168.5.103 on br-enp5s0.5 to 192.168.5.254 port 67 (xid=0x1d6f588c)
Aug 18 12:49:15 spicy dhclient[6242]: DHCPACK of 192.168.5.103 from 192.168.5.254
Aug 18 12:49:15 spicy dhclient[6242]: bound to 192.168.5.103 -- renewal in 180 seconds.
Aug 18 12:50:11 spicy dhclient[5950]: DHCPREQUEST of 192.168.1.64 on enp5s0 to 192.168.1.254 port 67 (xid=0x73098422)
Aug 18 12:50:12 spicy dhclient[5950]: DHCPACK of 192.168.1.64 from 192.168.1.254
Aug 18 12:50:12 spicy dhclient[5950]: bound to 192.168.1.64 -- renewal in 174 seconds.
Aug 18 12:52:15 spicy dhclient[6242]: DHCPREQUEST of 192.168.5.103 on br-enp5s0.5 to 192.168.5.254 port 67 (xid=0x1d6f588c)
Aug 18 12:52:16 spicy dhclient[6242]: DHCPACK of 192.168.5.103 from 192.168.5.254
Aug 18 12:52:16 spicy dhclient[6242]: bound to 192.168.5.103 -- renewal in 181 seconds.
Aug 18 12:53:06 spicy dhclient[5950]: DHCPREQUEST of 192.168.1.64 on enp5s0 to 192.168.1.254 port 67 (xid=0x73098422)
Aug 18 12:53:06 spicy dhclient[5950]: DHCPACK of 192.168.1.64 from 192.168.1.254
Aug 18 12:53:06 spicy dhclient[5950]: bound to 192.168.1.64 -- renewal in 166 seconds.
Aug 18 12:55:17 spicy dhclient[6242]: DHCPREQUEST of 192.168.5.103 on br-enp5s0.5 to 192.168.5.254 port 67 (xid=0x1d6f588c)
Aug 18 12:55:18 spicy dhclient[6242]: DHCPACK of 192.168.5.103 from 192.168.5.254
Aug 18 12:55:18 spicy dhclient[6242]: bound to 192.168.5.103 -- renewal in 143 seconds.
Aug 18 12:55:52 spicy dhclient[5950]: DHCPREQUEST of 192.168.1.64 on enp5s0 to 192.168.1.254 port 67 (xid=0x73098422)
Aug 18 12:55:53 spicy dhclient[5950]: DHCPACK of 192.168.1.64 from 192.168.1.254
Aug 18 12:55:53 spicy dhclient[5950]: bound to 192.168.1.64 -- renewal in 162 seconds.
Aug 18 12:57:41 spicy dhclient[6242]: DHCPREQUEST of 192.168.5.103 on br-enp5s0.5 to 192.168.5.254 port 67 (xid=0x1d6f588c)
Aug 18 12:57:41 spicy dhclient[6242]: DHCPACK of 192.168.5.103 from 192.168.5.254
Aug 18 12:57:41 spicy dhclient[6242]: bound to 192.168.5.103 -- renewal in 139 seconds.
Aug 18 12:58:32 spicy kernel: audit: type=1400 audit(1471521512.557:93): apparmor="STATUS" operation="profile_load" profile="unconfined" name="libvirt-01b79dbe-697c-4b7e-889b-ee7b22220e9b" pid=18799 comm="apparmor_parser"
Aug 18 12:58:32 spicy kernel: audit: type=1400 audit(1471521512.557:94): apparmor="STATUS" operation="profile_load" profile="unconfined" name="libvirt-01b79dbe-697c-4b7e-889b-ee7b22220e9b//qemu_bridge_helper" pid=18799 comm="apparmor_parser"
Aug 18 12:58:32 spicy NetworkManager[5389]: [1471521512.5704] manager: (vnet19): new Tun device (/org/freedesktop/NetworkManager/Devices/37)
Aug 18 12:58:32 spicy NetworkManager[5389]: [1471521512.5906] devices added (path: /sys/devices/virtual/net/vnet19, iface: vnet19)
Aug 18 12:58:32 spicy NetworkManager[5389]: [1471521512.5909] device added (path: /sys/devices/virtual/net/vnet19, iface: vnet19): no ifupdown configuration found.
Aug 18 12:58:32 spicy kernel: device vnet19 entered promiscuous mode
Aug 18 12:58:32 spicy NetworkManager[5389]: [1471521512.6420] device (vnet19): state change: unmanaged -> unavailable (reason 'connection-assumed') [10 20 41]
Aug 18 12:58:32 spicy NetworkManager[5389]: [1471521512.6432] keyfile: add connection in-memory (a81baa09-0a3d-4295-850e-686d5251c38c,"vnet19")
Aug 18 12:58:32 spicy NetworkManager[5389]: [1471521512.6446] device (vnet19): state change: unavailable -> disconnected (reason 'connection-assumed') [20 30 41]
