Aug 18 15:23:32 spicy kernel: [] ? ep_poll_wakeup_proc+0x30/0x30
Aug 18 15:23:32 spicy kernel: [] SyS_recvfrom+0xe/0x10
Aug 18 15:23:32 spicy kernel: [] entry_SYSCALL_64_fastpath+0x16/0x71
Aug 18 15:23:38 spicy kernel: : hw csum failure
Aug 18 15:23:38 spicy kernel: CPU: 1 PID: 11086 Comm: Chrome_IOThread Tainted: P OE 4.4.0-34-generic #53-Ubuntu
Aug 18 15:23:38 spicy kernel: Hardware name: Gigabyte Technology Co., Ltd. To be filled by O.E.M./Z77-D3H, BIOS F22 11/14/2013
Aug 18 15:23:38 spicy kernel: 0000000000000286 00000000c05989f2 ffff8807573dfcd0 ffffffff813f11b3
Aug 18 15:23:38 spicy kernel: 0000000000000000 0000000000000008 ffff8807573dfce8 ffffffff8171f6e8
Aug 18 15:23:38 spicy kernel: 0000000000000074 ffff8807573dfd30 ffffffff8171639b 00000000fe091360
Aug 18 15:23:38 spicy kernel: Call Trace:
Aug 18 15:23:38 spicy kernel: [] dump_stack+0x63/0x90
Aug 18 15:23:38 spicy kernel: [] netdev_rx_csum_fault+0x38/0x40
Aug 18 15:23:38 spicy kernel: [] skb_copy_and_csum_datagram_msg+0xeb/0x100
Aug 18 15:23:38 spicy kernel: [] udpv6_recvmsg+0x233/0x670
Aug 18 15:23:38 spicy kernel: [] inet_recvmsg+0x7e/0xb0
Aug 18 15:23:38 spicy kernel: [] sock_recvmsg+0x3b/0x50
Aug 18 15:23:38 spicy kernel: [] SYSC_recvfrom+0xe1/0x160
Aug 18 15:23:38 spicy kernel: [] ? wake_up_q+0x70/0x70
Aug 18 15:23:38 spicy kernel: [] SyS_recvfrom+0xe/0x10
Aug 18 15:23:38 spicy kernel: [] entry_SYSCALL_64_fastpath+0x16/0x71
Aug 18 15:24:54 spicy dhclient[6242]: DHCPREQUEST of 192.168.5.103 on br-enp5s0.5 to 192.168.5.254 port 67 (xid=0x1d6f588c)
Aug 18 15:24:54 spicy dhclient[6242]: DHCPACK of 192.168.5.103 from 192.168.5.254
Aug 18 15:24:54 spicy dhclient[6242]: bound to 192.168.5.103 -- renewal in 144 seconds.
Aug 18 15:25:52 spicy dhclient[5950]: DHCPREQUEST of 192.168.1.64 on enp5s0 to 192.168.1.254 port 67 (xid=0x73098422)
Aug 18 15:25:52 spicy dhclient[5950]: DHCPACK of 192.168.1.64 from 192.168.1.254
Aug 18 15:25:52 spicy dhclient[5950]: bound to 192.168.1.64 -- renewal in 158 seconds.
Aug 18 15:27:18 spicy dhclient[6242]: DHCPREQUEST of 192.168.5.103 on br-enp5s0.5 to 192.168.5.254 port 67 (xid=0x1d6f588c)
Aug 18 15:27:18 spicy dhclient[6242]: DHCPACK of 192.168.5.103 from 192.168.5.254
Aug 18 15:27:18 spicy dhclient[6242]: bound to 192.168.5.103 -- renewal in 169 seconds.
Aug 18 15:28:30 spicy dhclient[5950]: DHCPREQUEST of 192.168.1.64 on enp5s0 to 192.168.1.254 port 67 (xid=0x73098422)
Aug 18 15:28:30 spicy dhclient[5950]: DHCPACK of 192.168.1.64 from 192.168.1.254
Aug 18 15:28:30 spicy dhclient[5950]: bound to 192.168.1.64 -- renewal in 173 seconds.
Aug 18 15:30:07 spicy dhclient[6242]: DHCPREQUEST of 192.168.5.103 on br-enp5s0.5 to 192.168.5.254 port 67 (xid=0x1d6f588c)
Aug 18 15:30:07 spicy dhclient[6242]: DHCPACK of 192.168.5.103 from 192.168.5.254
Aug 18 15:30:07 spicy dhclient[6242]: bound to 192.168.5.103 -- renewal in 154 seconds.
Aug 18 15:31:23 spicy dhclient[5950]: DHCPREQUEST of 192.168.1.64 on enp5s0 to 192.168.1.254 port 67 (xid=0x73098422)
Aug 18 15:31:23 spicy dhclient[5950]: DHCPACK of 192.168.1.64 from 192.168.1.254
Aug 18 15:31:23 spicy dhclient[5950]: bound to 192.168.1.64 -- renewal in 174 seconds.
Aug 18 15:32:41 spicy dhclient[6242]: DHCPREQUEST of 192.168.5.103 on br-enp5s0.5 to 192.168.5.254 port 67 (xid=0x1d6f588c)
Aug 18 15:32:41 spicy dhclient[6242]: DHCPACK of 192.168.5.103 from 192.168.5.254
Aug 18 15:32:41 spicy dhclient[6242]: bound to 192.168.5.103 -- renewal in 151 seconds.
Aug 18 15:34:17 spicy dhclient[5950]: DHCPREQUEST of 192.168.1.64 on enp5s0 to 192.168.1.254 port 67 (xid=0x73098422)
Aug 18 15:34:17 spicy dhclient[5950]: DHCPACK of 192.168.1.64 from 192.168.1.254
Aug 18 15:34:17 spicy dhclient[5950]: bound to 192.168.1.64 -- renewal in 173 seconds.
Aug 18 15:35:12 spicy dhclient[6242]: DHCPREQUEST of 192.168.5.103 on br-enp5s0.5 to 192.168.5.254 port 67 (xid=0x1d6f588c)
Aug 18 15:35:13 spicy dhclient[6242]: DHCPACK of 192.168.5.103 from 192.168.5.254
Aug 18 15:35:13 spicy dhclient[6242]: bound to 192.168.5.103 -- renewal in 170 seconds.
Aug 18 15:37:10 spicy dhclient[5950]: DHCPREQUEST of 192.168.1.64 on enp5s0 to 192.168.1.254 port 67 (xid=0x73098422)
Aug 18 15:37:11 spicy dhclient[5950]: DHCPACK of 192.168.1.64 from 192.168.1.254
Aug 18 15:37:11 spicy dhclient[5950]: bound to 192.168.1.64 -- renewal in 162 seconds.
Aug 18 15:38:03 spicy dhclient[6242]: DHCPREQUEST of 192.168.5.103 on br-enp5s0.5 to 192.168.5.254 port 67 (xid=0x1d6f588c)
Aug 18 15:38:03 spicy dhclient[6242]: DHCPACK of 192.168.5.103 from 192.168.5.254
Aug 18 15:38:03 spicy dhclient[6242]: bound to 192.168.5.103 -- renewal in 175 seconds.
Aug 18 15:39:53 spicy dhclient[5950]: DHCPREQUEST of 192.168.1.64 on enp5s0 to 192.168.1.254 port 67 (xid=0x73098422)
Aug 18 15:39:53 spicy dhclient[5950]: DHCPACK of 192.168.1.64 from 192.168.1.254
Aug 18 15:39:53 spicy dhclient[5950]: bound to 192.168.1.64 -- renewal in 176 seconds.
Aug 18 15:40:58 spicy dhclient[6242]: DHCPREQUEST of 192.168.5.103 on br-enp5s0.5 to 192.168.5.254 port 67 (xid=0x1d6f588c)
Aug 18 15:40:58 spicy dhclient[6242]: DHCPACK of 192.168.5.103 from 192.168.5.254
Aug 18 15:40:58 spicy dhclient[6242]: bound to 192.168.5.103 -- renewal in 154 seconds.
Aug 18 15:42:49 spicy dhclient[5950]: DHCPREQUEST of 192.168.1.64 on enp5s0 to 192.168.1.254 port 67 (xid=0x73098422)
Aug 18 15:42:49 spicy dhclient[5950]: DHCPACK of 192.168.1.64 from 192.168.1.254
Aug 18 15:42:49 spicy dhclient[5950]: bound to 192.168.1.64 -- renewal in 139 seconds.
Aug 18 15:43:32 spicy dhclient[6242]: DHCPREQUEST of 192.168.5.103 on br-enp5s0.5 to 192.168.5.254 port 67 (xid=0x1d6f588c)
Aug 18 15:43:32 spicy dhclient[6242]: DHCPACK of 192.168.5.103 from 192.168.5.254
Aug 18 15:43:32 spicy dhclient[6242]: bound to 192.168.5.103 -- renewal in 171 seconds.
Aug 18 15:45:08 spicy dhclient[5950]: DHCPREQUEST of 192.168.1.64 on enp5s0 to 192.168.1.254 port 67 (xid=0x73098422)
Aug 18 15:45:08 spicy dhclient[5950]: DHCPACK of 192.168.1.64 from 192.168.1.254
Aug 18 15:45:08 spicy dhclient[5950]: bound to 192.168.1.64 -- renewal in 156 seconds.
Aug 18 15:46:23 spicy dhclient[6242]: DHCPREQUEST of 192.168.5.103 on br-enp5s0.5 to 192.168.5.254 port 67 (xid=0x1d6f588c)
Aug 18 15:46:23 spicy dhclient[6242]: DHCPACK of 192.168.5.103 from 192.168.5.254
Aug 18 15:46:23 spicy dhclient[6242]: bound to 192.168.5.103 -- renewal in 166 seconds.
Aug 18 15:47:44 spicy dhclient[5950]: DHCPREQUEST of 192.168.1.64 on enp5s0 to 192.168.1.254 port 67 (xid=0x73098422)
Aug 18 15:47:45 spicy dhclient[5950]: DHCPACK of 192.168.1.64 from 192.168.1.254
Aug 18 15:47:45 spicy dhclient[5950]: bound to 192.168.1.64 -- renewal in 138 seconds.
Aug 18 15:49:09 spicy dhclient[6242]: DHCPREQUEST of 192.168.5.103 on br-enp5s0.5 to 192.168.5.254 port 67 (xid=0x1d6f588c)
Aug 18 15:49:09 spicy dhclient[6242]: DHCPACK of 192.168.5.103 from 192.168.5.254
Aug 18 15:49:09 spicy dhclient[6242]: bound to 192.168.5.103 -- renewal in 156 seconds.
Aug 18 15:50:03 spicy dhclient[5950]: DHCPREQUEST of 192.168.1.64 on enp5s0 to 192.168.1.254 port 67 (xid=0x73098422)
Aug 18 15:50:04 spicy dhclient[5950]: DHCPACK of 192.168.1.64 from 192.168.1.254
Aug 18 15:50:04 spicy dhclient[5950]: bound to 192.168.1.64 -- renewal in 138 seconds.
Aug 18 15:51:45 spicy dhclient[6242]: DHCPREQUEST of 192.168.5.103 on br-enp5s0.5 to 192.168.5.254 port 67 (xid=0x1d6f588c)
Aug 18 15:51:45 spicy dhclient[6242]: DHCPACK of 192.168.5.103 from 192.168.5.254
Aug 18 15:51:45 spicy dhclient[6242]: bound to 192.168.5.103 -- renewal in 170 seconds.
Aug 18 15:52:22 spicy dhclient[5950]: DHCPREQUEST of 192.168.1.64 on enp5s0 to 192.168.1.254 port 67 (xid=0x73098422)
Aug 18 15:52:22 spicy dhclient[5950]: DHCPACK of 192.168.1.64 from 192.168.1.254
Aug 18 15:52:22 spicy dhclient[5950]: bound to 192.168.1.64 -- renewal in 152 seconds.
Aug 18 15:54:35 spicy dhclient[6242]: DHCPREQUEST of 192.168.5.103 on br-enp5s0.5 to 192.168.5.254 port 67 (xid=0x1d6f588c)
Aug 18 15:54:36 spicy dhclient[6242]: DHCPACK of 192.168.5.103 from 192.168.5.254
Aug 18 15:54:36 spicy dhclient[6242]: bound to 192.168.5.103 -- renewal in 180 seconds.
Aug 18 15:54:54 spicy dhclient[5950]: DHCPREQUEST of 192.168.1.64 on enp5s0 to 192.168.1.254 port 67 (xid=0x73098422)
Aug 18 15:54:54 spicy dhclient[5950]: DHCPACK of 192.168.1.64 from 192.168.1.254
Aug 18 15:54:54 spicy dhclient[5950]: bound to 192.168.1.64 -- renewal in 136 seconds.
Aug 18 15:57:10 spicy dhclient[5950]: DHCPREQUEST of 192.168.1.64 on enp5s0 to 192.168.1.254 port 67 (xid=0x73098422)
Aug 18 15:57:10 spicy dhclient[5950]: DHCPACK of 192.168.1.64 from 192.168.1.254
Aug 18 15:57:10 spicy dhclient[5950]: bound to 192.168.1.64 -- renewal in 150 seconds.
Aug 18 15:57:36 spicy dhclient[6242]: DHCPREQUEST of 192.168.5.103 on br-enp5s0.5 to 192.168.5.254 port 67 (xid=0x1d6f588c)
Aug 18 15:57:37 spicy dhclient[6242]: DHCPACK of 192.168.5.103 from 192.168.5.254
Aug 18 15:57:37 spicy dhclient[6242]: bound to 192.168.5.103 -- renewal in 176 seconds.
Aug 18 15:59:40 spicy dhclient[5950]: DHCPREQUEST of 192.168.1.64 on enp5s0 to 192.168.1.254 port 67 (xid=0x73098422)
Aug 18 15:59:41 spicy dhclient[5950]: DHCPACK of 192.168.1.64 from 192.168.1.254
Aug 18 15:59:41 spicy dhclient[5950]: bound to 192.168.1.64 -- renewal in 181 seconds.
Aug 18 16:00:33 spicy dhclient[6242]: DHCPREQUEST of 192.168.5.103 on br-enp5s0.5 to 192.168.5.254 port 67 (xid=0x1d6f588c)
Aug 18 16:00:33 spicy dhclient[6242]: DHCPACK of 192.168.5.103 from 192.168.5.254
Aug 18 16:00:33 spicy dhclient[6242]: bound to 192.168.5.103 -- renewal in 139 seconds.
Aug 18 16:00:43 spicy kernel: virbr2: port 6(vnet15) entered disabled state
Aug 18 16:00:43 spicy kernel: device vnet15 left promiscuous mode
Aug 18 16:00:43 spicy kernel: virbr2: port 6(vnet15) entered disabled state
Aug 18 16:00:43 spicy NetworkManager[5389]: [1471532443.2980] device (vnet15): state change: activated -> unmanaged (reason 'unmanaged') [100 10 3]
Aug 18 16:00:43 spicy NetworkManager[5389]: [1471532443.2981] device (virbr2): bridge port vnet15 was detached
Aug 18 16:00:43 spicy NetworkManager[5389]: [1471532443.2981] device (vnet15): released from master device virbr2
Aug 18 16:00:43 spicy NetworkManager[5389]: [1471532443.3126] devices removed (path: /sys/devices/virtual/net/vnet15, iface: vnet15)
Aug 18 16:00:43 spicy kernel: virbr2: port 7(vnet16) entered disabled state
Aug 18 16:00:43 spicy kernel: device vnet16 left promiscuous mode
Aug 18 16:00:43 spicy kernel: virbr2: port 7(vnet16) entered disabled state
Aug 18 16:00:43 spicy NetworkManager[5389]: [1471532443.3599] device (vnet16): state change: activated -> unmanaged (reason 'unmanaged') [100 10 3]
Aug 18 16:00:43 spicy NetworkManager[5389]: [1471532443.3600] device (virbr2): bridge port vnet16 was detached
Aug 18 16:00:43 spicy NetworkManager[5389]: [1471532443.3600] device (vnet16): released from master device virbr2
Aug 18 16:00:43 spicy NetworkManager[5389]: [1471532443.3718] devices removed (path: /sys/devices/virtual/net/vnet16, iface: vnet16)
Aug 18 16:00:43 spicy kernel: virbr2: port 8(vnet17) entered disabled state
Aug 18 16:00:43 spicy kernel: device vnet17 left promiscuous mode
Aug 18 16:00:43 spicy kernel: virbr2: port 8(vnet17) entered disabled state
Aug 18 16:00:43 spicy NetworkManager[5389]: [1471532443.4190] device (vnet17): state change: activated -> unmanaged (reason 'unmanaged') [100 10 3]
Aug 18 16:00:43 spicy NetworkManager[5389]: [1471532443.4190] device (virbr2): bridge port vnet17 was detached
Aug 18 16:00:43 spicy NetworkManager[5389]: [1471532443.4190] device (vnet17): released from master device virbr2
Aug 18 16:00:43 spicy NetworkManager[5389]: [1471532443.4303] devices removed (path: /sys/devices/virtual/net/vnet17, iface: vnet17)
Aug 18 16:00:43 spicy kernel: virbr2: port 9(vnet18) entered disabled state
Aug 18 16:00:43 spicy kernel: device vnet18 left promiscuous mode
Aug 18 16:00:43 spicy kernel: virbr2: port 9(vnet18) entered disabled state
Aug 18 16:00:43 spicy NetworkManager[5389]: [1471532443.4837] device (vnet18): state change: activated -> unmanaged (reason 'unmanaged') [100 10 3]
Aug 18 16:00:43 spicy NetworkManager[5389]: [1471532443.4838] device (virbr2): bridge port vnet18 was detached
Aug 18 16:00:43 spicy NetworkManager[5389]: [1471532443.4838] device (vnet18): released from master device virbr2
Aug 18 16:00:43 spicy NetworkManager[5389]: [1471532443.4953] devices removed (path: /sys/devices/virtual/net/vnet18, iface: vnet18)
Aug 18 16:00:43 spicy kernel: audit_printk_skb: 3 callbacks suppressed
Aug 18 16:00:43 spicy kernel: audit: type=1400 audit(1471532443.825:114): apparmor="STATUS" operation="profile_remove" profile="unconfined" name="libvirt-ef898a36-ff85-4a52-ab65-dad183071a90" pid=16507 comm="apparmor_parser"
Aug 18 16:02:42 spicy dhclient[5950]: DHCPREQUEST of 192.168.1.64 on enp5s0 to 192.168.1.254 port 67 (xid=0x73098422)
Aug 18 16:02:42 spicy dhclient[5950]: DHCPACK of 192.168.1.64 from 192.168.1.254
Aug 18 16:02:42 spicy dhclient[5950]: bound to 192.168.1.64 -- renewal in 138 seconds.
Aug 18 16:02:52 spicy dhclient[6242]: DHCPREQUEST of 192.168.5.103 on br-enp5s0.5 to 192.168.5.254 port 67 (xid=0x1d6f588c)
Aug 18 16:02:53 spicy dhclient[6242]: DHCPACK of 192.168.5.103 from 192.168.5.254
Aug 18 16:02:53 spicy dhclient[6242]: bound to 192.168.5.103 -- renewal in 175 seconds.
Aug 18 16:04:07 spicy kernel: audit: type=1400 audit(1471532647.656:115): apparmor="STATUS" operation="profile_load" profile="unconfined" name="libvirt-ef898a36-ff85-4a52-ab65-dad183071a90" pid=17354 comm="apparmor_parser"
Aug 18 16:04:07 spicy kernel: audit: type=1400 audit(1471532647.656:116): apparmor="STATUS" operation="profile_load" profile="unconfined" name="libvirt-ef898a36-ff85-4a52-ab65-dad183071a90//qemu_bridge_helper" pid=17354 comm="apparmor_parser"
Aug 18 16:04:07 spicy NetworkManager[5389]: [1471532647.6652] manager: (vnet15): new Tun device (/org/freedesktop/NetworkManager/Devices/45)
Aug 18 16:04:07 spicy NetworkManager[5389]: [1471532647.6840] devices added (path: /sys/devices/virtual/net/vnet15, iface: vnet15)
Aug 18 16:04:07 spicy NetworkManager[5389]: [1471532647.6840] device added (path: /sys/devices/virtual/net/vnet15, iface: vnet15): no ifupdown configuration found.
Aug 18 16:04:07 spicy kernel: device vnet15 entered promiscuous mode
Aug 18 16:04:07 spicy NetworkManager[5389]: [1471532647.7740] device (vnet15): state change: unmanaged -> unavailable (reason 'connection-assumed') [10 20 41]
Aug 18 16:04:07 spicy NetworkManager[5389]: [1471532647.7751] keyfile: add connection in-memory (fdb7b1df-3dc6-4401-b0ac-8e6b7a36ed4a,"vnet15")
Aug 18 16:04:07 spicy NetworkManager[5389]: [1471532647.7760] device (vnet15): state change: unavailable -> disconnected (reason 'connection-assumed') [20 30 41]
Aug 18 16:04:07 spicy NetworkManager[5389]: [1471532647.7767] device (vnet15): Activation: starting connection 'vnet15' (fdb7b1df-3dc6-4401-b0ac-8e6b7a36ed4a)
Aug 18 16:04:07 spicy kernel: virbr2: port 6(vnet15) entered listening state
Aug 18 16:04:07 spicy kernel: virbr2: port 6(vnet15) entered listening state
Aug 18 16:04:07 spicy NetworkManager[5389]: [1471532647.7774] device (vnet15): state change: disconnected -> prepare (reason 'none') [30 40 0]
Aug 18 16:04:07 spicy NetworkManager[5389]: [1471532647.7778] device (vnet15): state change: prepare -> config (reason 'none') [40 50 0]
Aug 18 16:04:07 spicy NetworkManager[5389]: [1471532647.7779] device (vnet15): state change: config -> ip-config (reason 'none') [50 70 0]
Aug 18 16:04:07 spicy NetworkManager[5389]: [1471532647.7780] device (virbr2): bridge port vnet15 was attached
Aug 18 16:04:07 spicy NetworkManager[5389]: [1471532647.7780] device (vnet15): Activation: connection 'vnet15' enslaved, continuing activation
Aug 18 16:04:07 spicy NetworkManager[5389]: [1471532647.7783] device (vnet15): state change: ip-config -> secondaries (reason 'none') [70 90 0]
Aug 18 16:04:07 spicy NetworkManager[5389]: [1471532647.7785] device (vnet15): state change: secondaries -> activated (reason 'none') [90 100 0]
Aug 18 16:04:07 spicy NetworkManager[5389]: [1471532647.7910] device (vnet15): Activation: successful, device activated.
Aug 18 16:04:07 spicy kernel: audit: type=1400 audit(1471532647.952:117): apparmor="STATUS" operation="profile_replace" profile="unconfined" name="libvirt-ef898a36-ff85-4a52-ab65-dad183071a90" pid=17472 comm="apparmor_parser"
Aug 18 16:04:07 spicy kernel: audit: type=1400 audit(1471532647.972:118): apparmor="STATUS" operation="profile_replace" profile="unconfined" name="libvirt-ef898a36-ff85-4a52-ab65-dad183071a90//qemu_bridge_helper" pid=17472 comm="apparmor_parser"
Aug 18 16:04:07 spicy NetworkManager[5389]: [1471532647.9766] manager: (vnet16): new Tun device (/org/freedesktop/NetworkManager/Devices/46)
Aug 18 16:04:07 spicy NetworkManager[5389]: [1471532647.9924] devices added (path: /sys/devices/virtual/net/vnet16, iface: vnet16)
Aug 18 16:04:07 spicy NetworkManager[5389]: [1471532647.9925] device added (path: /sys/devices/virtual/net/vnet16, iface: vnet16): no ifupdown configuration found.
Aug 18 16:04:07 spicy kernel: device vnet16 entered promiscuous mode
Aug 18 16:04:08 spicy NetworkManager[5389]: [1471532648.0221] device (vnet16): state change: unmanaged -> unavailable (reason 'connection-assumed') [10 20 41]
Aug 18 16:04:08 spicy NetworkManager[5389]: [1471532648.0231] keyfile: add connection in-memory (ecc0b380-d017-4092-8585-2b87cf1b1fe5,"vnet16")
Aug 18 16:04:08 spicy NetworkManager[5389]: [1471532648.0240] device (vnet16): state change: unavailable -> disconnected (reason 'connection-assumed') [20 30 41]
Aug 18 16:04:08 spicy NetworkManager[5389]: [1471532648.0246] device (vnet16): Activation: starting connection 'vnet16' (ecc0b380-d017-4092-8585-2b87cf1b1fe5)
Aug 18 16:04:08 spicy NetworkManager[5389]: [1471532648.0251] device (vnet16): state change: disconnected -> prepare (reason 'none') [30 40 0]
Aug 18 16:04:08 spicy kernel: virbr2: port 7(vnet16) entered listening state
Aug 18 16:04:08 spicy kernel: virbr2: port 7(vnet16) entered listening state
Aug 18 16:04:08 spicy NetworkManager[5389]: [1471532648.0255] device (vnet16): state change: prepare -> config (reason 'none') [40 50 0]
Aug 18 16:04:08 spicy NetworkManager[5389]: [1471532648.0257] device (vnet16): state change: config -> ip-config (reason 'none') [50 70 0]
Aug 18 16:04:08 spicy NetworkManager[5389]: [1471532648.0257] device (virbr2): bridge port vnet16 was attached
Aug 18 16:04:08 spicy NetworkManager[5389]: [1471532648.0257] device (vnet16): Activation: connection 'vnet16' enslaved, continuing activation
Aug 18 16:04:08 spicy NetworkManager[5389]: [1471532648.0260] device (vnet16): state change: ip-config -> secondaries (reason 'none') [70 90 0]
Aug 18 16:04:08 spicy NetworkManager[5389]: [1471532648.0261] device (vnet16): state change: secondaries -> activated (reason 'none') [90 100 0]
Aug 18 16:04:08 spicy NetworkManager[5389]: [1471532648.0367] device (vnet16): Activation: successful, device activated.
Aug 18 16:04:08 spicy kernel: audit: type=1400 audit(1471532648.212:119): apparmor="STATUS" operation="profile_replace" profile="unconfined" name="libvirt-ef898a36-ff85-4a52-ab65-dad183071a90" pid=17704 comm="apparmor_parser"
Aug 18 16:04:08 spicy NetworkManager[5389]: [1471532648.2364] manager: (vnet17): new Tun device (/org/freedesktop/NetworkManager/Devices/47)
Aug 18 16:04:08 spicy kernel: audit: type=1400 audit(1471532648.232:120): apparmor="STATUS" operation="profile_replace" profile="unconfined" name="libvirt-ef898a36-ff85-4a52-ab65-dad183071a90//qemu_bridge_helper" pid=17704 comm="apparmor_parser"
Aug 18 16:04:08 spicy NetworkManager[5389]: [1471532648.2526] devices added (path: /sys/devices/virtual/net/vnet17, iface: vnet17)
Aug 18 16:04:08 spicy NetworkManager[5389]: [1471532648.2527] device added (path: /sys/devices/virtual/net/vnet17, iface: vnet17): no ifupdown configuration found.
Aug 18 16:04:08 spicy kernel: device vnet17 entered promiscuous mode
Aug 18 16:04:08 spicy NetworkManager[5389]: [1471532648.3060] device (vnet17): state change: unmanaged -> unavailable (reason 'connection-assumed') [10 20 41]
Aug 18 16:04:08 spicy NetworkManager[5389]: [1471532648.3074] keyfile: add connection in-memory (241eb9b5-7240-4398-a57f-05325bde12cb,"vnet17")
Aug 18 16:04:08 spicy NetworkManager[5389]: [1471532648.3088] device (vnet17): state change: unavailable -> disconnected (reason 'connection-assumed') [20 30 41]
Aug 18 16:04:08 spicy kernel: virbr2: port 8(vnet17) entered listening state
Aug 18 16:04:08 spicy kernel: virbr2: port 8(vnet17) entered listening state
Aug 18 16:04:08 spicy NetworkManager[5389]: [1471532648.3098] device (vnet17): Activation: starting connection 'vnet17' (241eb9b5-7240-4398-a57f-05325bde12cb)
Aug 18 16:04:08 spicy NetworkManager[5389]: [1471532648.3105] device (vnet17): state change: disconnected -> prepare (reason 'none') [30 40 0]
Aug 18 16:04:08 spicy NetworkManager[5389]: [1471532648.3111] device (vnet17): state change: prepare -> config (reason 'none') [40 50 0]
Aug 18 16:04:08 spicy NetworkManager[5389]: [1471532648.3114] device (vnet17): state change: config -> ip-config (reason 'none') [50 70 0]
Aug 18 16:04:08 spicy NetworkManager[5389]: [1471532648.3115] device (virbr2): bridge port vnet17 was attached
Aug 18 16:04:08 spicy NetworkManager[5389]: [1471532648.3115] device (vnet17): Activation: connection 'vnet17' enslaved, continuing activation
Aug 18 16:04:08 spicy NetworkManager[5389]: [1471532648.3120] device (vnet17): state change: ip-config -> secondaries (reason 'none') [70 90 0]
Aug 18 16:04:08 spicy NetworkManager[5389]: [1471532648.3123] device (vnet17): state change: secondaries -> activated (reason 'none') [90 100 0]
Aug 18 16:04:08 spicy NetworkManager[5389]: [1471532648.3243] device (vnet17): Activation: successful, device activated.
Aug 18 16:04:08 spicy kernel: audit: type=1400 audit(1471532648.488:121): apparmor="STATUS" operation="profile_replace" profile="unconfined" name="libvirt-ef898a36-ff85-4a52-ab65-dad183071a90" pid=17899 comm="apparmor_parser"
Aug 18 16:04:08 spicy NetworkManager[5389]: [1471532648.5162] manager: (vnet18): new Tun device (/org/freedesktop/NetworkManager/Devices/48)
Aug 18 16:04:08 spicy kernel: audit: type=1400 audit(1471532648.512:122): apparmor="STATUS" operation="profile_replace" profile="unconfined" name="libvirt-ef898a36-ff85-4a52-ab65-dad183071a90//qemu_bridge_helper" pid=17899 comm="apparmor_parser"
Aug 18 16:04:08 spicy NetworkManager[5389]: [1471532648.5310] devices added (path: /sys/devices/virtual/net/vnet18, iface: vnet18)
Aug 18 16:04:08 spicy NetworkManager[5389]: [1471532648.5310] device added (path: /sys/devices/virtual/net/vnet18, iface: vnet18): no ifupdown configuration found.
Aug 18 16:04:08 spicy kernel: device vnet18 entered promiscuous mode
Aug 18 16:04:08 spicy kernel: virbr2: port 9(vnet18) entered listening state
Aug 18 16:04:08 spicy kernel: virbr2: port 9(vnet18) entered listening state
Aug 18 16:04:08 spicy NetworkManager[5389]: [1471532648.6063] device (vnet18): state change: unmanaged -> unavailable (reason 'connection-assumed') [10 20 41]
Aug 18 16:04:08 spicy NetworkManager[5389]: [1471532648.6073] keyfile: add connection in-memory (b943b5e1-544f-4b76-a7df-1648f40f5d25,"vnet18")
Aug 18 16:04:08 spicy NetworkManager[5389]: [1471532648.6082] device (vnet18): state change: unavailable -> disconnected (reason 'connection-assumed') [20 30 41]
Aug 18 16:04:08 spicy NetworkManager[5389]: [1471532648.6088] device (vnet18): Activation: starting connection 'vnet18' (b943b5e1-544f-4b76-a7df-1648f40f5d25)
Aug 18 16:04:08 spicy NetworkManager[5389]: [1471532648.6096] device (vnet18): state change: disconnected -> prepare (reason 'none') [30 40 0]
Aug 18 16:04:08 spicy NetworkManager[5389]: [1471532648.6103] device (vnet18): state change: prepare -> config (reason 'none') [40 50 0]
Aug 18 16:04:08 spicy NetworkManager[5389]: [1471532648.6106] device (vnet18): state change: config -> ip-config (reason 'none') [50 70 0]
Aug 18 16:04:08 spicy NetworkManager[5389]: [1471532648.6106] device (virbr2): bridge port vnet18 was attached
Aug 18 16:04:08 spicy NetworkManager[5389]: [1471532648.6107] device (vnet18): Activation: connection 'vnet18' enslaved, continuing activation
Aug 18 16:04:08 spicy NetworkManager[5389]: [1471532648.6110] device (vnet18): state change: ip-config -> secondaries (reason 'none') [70 90 0]
Aug 18 16:04:08 spicy NetworkManager[5389]: [1471532648.6111] device (vnet18): state change: secondaries -> activated (reason 'none') [90 100 0]
Aug 18 16:04:08 spicy NetworkManager[5389]: [1471532648.6229] device (vnet18): Activation: successful, device activated.
Aug 18 16:04:08 spicy kernel: audit: type=1400 audit(1471532648.808:123): apparmor="STATUS" operation="profile_replace" profile="unconfined" name="libvirt-ef898a36-ff85-4a52-ab65-dad183071a90" pid=18148 comm="apparmor_parser"
Aug 18 16:04:09 spicy kernel: kvm: zapping shadow pages for mmio generation wraparound
Aug 18 16:04:09 spicy kernel: kvm: zapping shadow pages for mmio generation wraparound
Aug 18 16:04:09 spicy kernel: virbr2: port 6(vnet15) entered learning state
Aug 18 16:04:10 spicy kernel: virbr2: port 7(vnet16) entered learning state
Aug 18 16:04:10 spicy kernel: virbr2: port 8(vnet17) entered learning state
Aug 18 16:04:10 spicy kernel: virbr2: port 9(vnet18) entered learning state
Aug 18 16:04:11 spicy kernel: virbr2: topology change detected, propagating
Aug 18 16:04:11 spicy kernel: virbr2: port 6(vnet15) entered forwarding state
Aug 18 16:04:12 spicy kernel: virbr2: topology change detected, propagating
Aug 18 16:04:12 spicy kernel: virbr2: port 7(vnet16) entered forwarding state
Aug 18 16:04:12 spicy kernel: virbr2: topology change detected, propagating
Aug 18 16:04:12 spicy kernel: virbr2: port 8(vnet17) entered forwarding state
Aug 18 16:04:12 spicy kernel: virbr2: topology change detected, propagating
Aug 18 16:04:12 spicy kernel: virbr2: port 9(vnet18) entered forwarding state
Aug 18 16:04:30 spicy kernel: kvm [18243]: vcpu0 unhandled rdmsr: 0x34
Aug 18 16:05:00 spicy dhclient[5950]: DHCPREQUEST of 192.168.1.64 on enp5s0 to 192.168.1.254 port 67 (xid=0x73098422)
Aug 18 16:05:00 spicy dhclient[5950]: DHCPACK of 192.168.1.64 from 192.168.1.254
Aug 18 16:05:00 spicy dhclient[5950]: bound to 192.168.1.64 -- renewal in 172 seconds.
Aug 18 16:05:48 spicy dhclient[6242]: DHCPREQUEST of 192.168.5.103 on br-enp5s0.5 to 192.168.5.254 port 67 (xid=0x1d6f588c)
Aug 18 16:05:48 spicy dhclient[6242]: DHCPACK of 192.168.5.103 from 192.168.5.254
Aug 18 16:05:48 spicy dhclient[6242]: bound to 192.168.5.103 -- renewal in 141 seconds.
Aug 18 16:07:52 spicy dhclient[5950]: DHCPREQUEST of 192.168.1.64 on enp5s0 to 192.168.1.254 port 67 (xid=0x73098422)
Aug 18 16:07:52 spicy dhclient[5950]: DHCPACK of 192.168.1.64 from 192.168.1.254
Aug 18 16:07:52 spicy dhclient[5950]: bound to 192.168.1.64 -- renewal in 136 seconds.
Aug 18 16:08:10 spicy dhclient[6242]: DHCPREQUEST of 192.168.5.103 on br-enp5s0.5 to 192.168.5.254 port 67 (xid=0x1d6f588c)
Aug 18 16:08:10 spicy dhclient[6242]: DHCPACK of 192.168.5.103 from 192.168.5.254
Aug 18 16:08:10 spicy dhclient[6242]: bound to 192.168.5.103 -- renewal in 139 seconds.
Aug 18 16:10:08 spicy dhclient[5950]: DHCPREQUEST of 192.168.1.64 on enp5s0 to 192.168.1.254 port 67 (xid=0x73098422)
Aug 18 16:10:09 spicy dhclient[5950]: DHCPACK of 192.168.1.64 from 192.168.1.254
Aug 18 16:10:09 spicy dhclient[5950]: bound to 192.168.1.64 -- renewal in 180 seconds.
Aug 18 16:10:29 spicy dhclient[6242]: DHCPREQUEST of 192.168.5.103 on br-enp5s0.5 to 192.168.5.254 port 67 (xid=0x1d6f588c)
Aug 18 16:10:29 spicy dhclient[6242]: DHCPACK of 192.168.5.103 from 192.168.5.254
Aug 18 16:10:29 spicy dhclient[6242]: bound to 192.168.5.103 -- renewal in 160 seconds.
Aug 18 16:13:09 spicy dhclient[6242]: DHCPREQUEST of 192.168.5.103 on br-enp5s0.5 to 192.168.5.254 port 67 (xid=0x1d6f588c)
Aug 18 16:13:10 spicy dhclient[5950]: DHCPREQUEST of 192.168.1.64 on enp5s0 to 192.168.1.254 port 67 (xid=0x73098422)
Aug 18 16:13:10 spicy dhclient[6242]: DHCPACK of 192.168.5.103 from 192.168.5.254
Aug 18 16:13:10 spicy dhclient[6242]: bound to 192.168.5.103 -- renewal in 152 seconds.
Aug 18 16:13:10 spicy dhclient[5950]: DHCPACK of 192.168.1.64 from 192.168.1.254
Aug 18 16:13:10 spicy dhclient[5950]: bound to 192.168.1.64 -- renewal in 180 seconds.
Aug 18 16:15:42 spicy dhclient[6242]: DHCPREQUEST of 192.168.5.103 on br-enp5s0.5 to 192.168.5.254 port 67 (xid=0x1d6f588c)
Aug 18 16:15:42 spicy dhclient[6242]: DHCPACK of 192.168.5.103 from 192.168.5.254
Aug 18 16:15:42 spicy dhclient[6242]: bound to 192.168.5.103 -- renewal in 139 seconds.
Aug 18 16:16:10 spicy dhclient[5950]: DHCPREQUEST of 192.168.1.64 on enp5s0 to 192.168.1.254 port 67 (xid=0x73098422)
Aug 18 16:16:10 spicy dhclient[5950]: DHCPACK of 192.168.1.64 from 192.168.1.254
Aug 18 16:16:10 spicy dhclient[5950]: bound to 192.168.1.64 -- renewal in 137 seconds.
Aug 18 16:18:01 spicy dhclient[6242]: DHCPREQUEST of 192.168.5.103 on br-enp5s0.5 to 192.168.5.254 port 67 (xid=0x1d6f588c)
Aug 18 16:18:01 spicy dhclient[6242]: DHCPACK of 192.168.5.103 from 192.168.5.254
Aug 18 16:18:01 spicy dhclient[6242]: bound to 192.168.5.103 -- renewal in 163 seconds.
Aug 18 16:18:27 spicy dhclient[5950]: DHCPREQUEST of 192.168.1.64 on enp5s0 to 192.168.1.254 port 67 (xid=0x73098422)
Aug 18 16:18:27 spicy dhclient[5950]: DHCPACK of 192.168.1.64 from 192.168.1.254
Aug 18 16:18:27 spicy dhclient[5950]: bound to 192.168.1.64 -- renewal in 179 seconds.
Aug 18 16:20:44 spicy dhclient[6242]: DHCPREQUEST of 192.168.5.103 on br-enp5s0.5 to 192.168.5.254 port 67 (xid=0x1d6f588c)
Aug 18 16:20:44 spicy dhclient[6242]: DHCPACK of 192.168.5.103 from 192.168.5.254
Aug 18 16:20:44 spicy dhclient[6242]: bound to 192.168.5.103 -- renewal in 178 seconds.
Aug 18 16:21:27 spicy dhclient[5950]: DHCPREQUEST of 192.168.1.64 on enp5s0 to 192.168.1.254 port 67 (xid=0x73098422)
Aug 18 16:21:27 spicy dhclient[5950]: DHCPACK of 192.168.1.64 from 192.168.1.254
Aug 18 16:21:27 spicy dhclient[5950]: bound to 192.168.1.64 -- renewal in 165 seconds.
Aug 18 16:23:42 spicy dhclient[6242]: DHCPREQUEST of 192.168.5.103 on br-enp5s0.5 to 192.168.5.254 port 67 (xid=0x1d6f588c)
Aug 18 16:23:43 spicy dhclient[6242]: DHCPACK of 192.168.5.103 from 192.168.5.254
Aug 18 16:23:43 spicy dhclient[6242]: bound to 192.168.5.103 -- renewal in 144 seconds.
Aug 18 16:24:12 spicy dhclient[5950]: DHCPREQUEST of 192.168.1.64 on enp5s0 to 192.168.1.254 port 67 (xid=0x73098422)
Aug 18 16:24:12 spicy dhclient[5950]: DHCPACK of 192.168.1.64 from 192.168.1.254
Aug 18 16:24:12 spicy dhclient[5950]: bound to 192.168.1.64 -- renewal in 168 seconds.
Aug 18 16:24:16 spicy kernel: kvm [12450]: vcpu1 unhandled rdmsr: 0x34
Aug 18 16:26:07 spicy kernel: virbr2: port 6(vnet15) entered disabled state
Aug 18 16:26:07 spicy kernel: device vnet15 left promiscuous mode
Aug 18 16:26:07 spicy kernel: virbr2: port 6(vnet15) entered disabled state
Aug 18 16:26:07 spicy NetworkManager[5389]: [1471533967.5832] device (vnet15): state change: activated -> unmanaged (reason 'unmanaged') [100 10 3]
Aug 18 16:26:07 spicy NetworkManager[5389]: [1471533967.5833] device (virbr2): bridge port vnet15 was detached
Aug 18 16:26:07 spicy NetworkManager[5389]: [1471533967.5833] device (vnet15): released from master device virbr2
Aug 18 16:26:07 spicy NetworkManager[5389]: [1471533967.6055] devices removed (path: /sys/devices/virtual/net/vnet15, iface: vnet15)
Aug 18 16:26:07 spicy kernel: virbr2: port 7(vnet16) entered disabled state
Aug 18 16:26:07 spicy dhclient[6242]: DHCPREQUEST of 192.168.5.103 on br-enp5s0.5 to 192.168.5.254 port 67 (xid=0x1d6f588c)
Aug 18 16:26:07 spicy kernel: device vnet16 left promiscuous mode
Aug 18 16:26:07 spicy kernel: virbr2: port 7(vnet16) entered disabled state
Aug 18 16:26:07 spicy NetworkManager[5389]: [1471533967.6474] device (vnet16): state change: activated -> unmanaged (reason 'unmanaged') [100 10 3]
Aug 18 16:26:07 spicy NetworkManager[5389]: [1471533967.6474] device (virbr2): bridge port vnet16 was detached
Aug 18 16:26:07 spicy NetworkManager[5389]: [1471533967.6474] device (vnet16): released from master device virbr2
Aug 18 16:26:07 spicy NetworkManager[5389]: [1471533967.6601] devices removed (path: /sys/devices/virtual/net/vnet16, iface: vnet16)
Aug 18 16:26:07 spicy kernel: virbr2: port 8(vnet17) entered disabled state
Aug 18 16:26:07 spicy kernel: device vnet17 left promiscuous mode
Aug 18 16:26:07 spicy kernel: virbr2: port 8(vnet17) entered disabled state
Aug 18 16:26:07 spicy NetworkManager[5389]: [1471533967.7187] device (vnet17): state change: activated -> unmanaged (reason 'unmanaged') [100 10 3]
Aug 18 16:26:07 spicy NetworkManager[5389]: [1471533967.7188] device (virbr2): bridge port vnet17 was detached
Aug 18 16:26:07 spicy NetworkManager[5389]: [1471533967.7188] device (vnet17): released from master device virbr2
Aug 18 16:26:07 spicy NetworkManager[5389]: [1471533967.7292] devices removed (path: /sys/devices/virtual/net/vnet17, iface: vnet17)
Aug 18 16:26:07 spicy kernel: virbr2: port 9(vnet18) entered disabled state
Aug 18 16:26:07 spicy kernel: device vnet18 left promiscuous mode
Aug 18 16:26:07 spicy kernel: virbr2: port 9(vnet18) entered disabled state
Aug 18 16:26:07 spicy NetworkManager[5389]: [1471533967.7789] device (vnet18): state change: activated -> unmanaged (reason 'unmanaged') [100 10 3]
Aug 18 16:26:07 spicy NetworkManager[5389]: [1471533967.7789] device (virbr2): bridge port vnet18 was detached
Aug 18 16:26:07 spicy NetworkManager[5389]: [1471533967.7789] device (vnet18): released from master device virbr2
Aug 18 16:26:07 spicy NetworkManager[5389]: [1471533967.7904] devices removed (path: /sys/devices/virtual/net/vnet18, iface: vnet18)
Aug 18 16:26:07 spicy dhclient[6242]: DHCPACK of 192.168.5.103 from 192.168.5.254
Aug 18 16:26:07 spicy dhclient[6242]: bound to 192.168.5.103 -- renewal in 176 seconds.
Aug 18 16:26:08 spicy kernel: audit_printk_skb: 3 callbacks suppressed
Aug 18 16:26:08 spicy kernel: audit: type=1400 audit(1471533968.078:125): apparmor="STATUS" operation="profile_remove" profile="unconfined" name="libvirt-ef898a36-ff85-4a52-ab65-dad183071a90" pid=22358 comm="apparmor_parser"
Aug 18 16:27:00 spicy dhclient[5950]: DHCPREQUEST of 192.168.1.64 on enp5s0 to 192.168.1.254 port 67 (xid=0x73098422)
Aug 18 16:27:00 spicy dhclient[5950]: DHCPACK of 192.168.1.64 from 192.168.1.254
Aug 18 16:27:00 spicy dhclient[5950]: bound to 192.168.1.64 -- renewal in 175 seconds.
Aug 18 16:28:27 spicy kernel: kvm [12450]: vcpu1 unhandled rdmsr: 0x34
Aug 18 16:29:03 spicy dhclient[6242]: DHCPREQUEST of 192.168.5.103 on br-enp5s0.5 to 192.168.5.254 port 67 (xid=0x1d6f588c)
Aug 18 16:29:03 spicy dhclient[6242]: DHCPACK of 192.168.5.103 from 192.168.5.254
Aug 18 16:29:03 spicy dhclient[6242]: bound to 192.168.5.103 -- renewal in 144 seconds.
Aug 18 16:29:55 spicy dhclient[5950]: DHCPREQUEST of 192.168.1.64 on enp5s0 to 192.168.1.254 port 67 (xid=0x73098422)
Aug 18 16:29:55 spicy dhclient[5950]: DHCPACK of 192.168.1.64 from 192.168.1.254
Aug 18 16:29:55 spicy dhclient[5950]: bound to 192.168.1.64 -- renewal in 172 seconds.
Aug 18 16:31:27 spicy dhclient[6242]: DHCPREQUEST of 192.168.5.103 on br-enp5s0.5 to 192.168.5.254 port 67 (xid=0x1d6f588c)
Aug 18 16:31:27 spicy dhclient[6242]: DHCPACK of 192.168.5.103 from 192.168.5.254
Aug 18 16:31:27 spicy dhclient[6242]: bound to 192.168.5.103 -- renewal in 165 seconds.
Aug 18 16:31:37 spicy kernel: audit: type=1400 audit(1471534297.669:126): apparmor="STATUS" operation="profile_load" profile="unconfined" name="libvirt-ef898a36-ff85-4a52-ab65-dad183071a90" pid=23298 comm="apparmor_parser"
Aug 18 16:31:37 spicy kernel: audit: type=1400 audit(1471534297.669:127): apparmor="STATUS" operation="profile_load" profile="unconfined" name="libvirt-ef898a36-ff85-4a52-ab65-dad183071a90//qemu_bridge_helper" pid=23298 comm="apparmor_parser"
Aug 18 16:31:37 spicy NetworkManager[5389]: [1471534297.6790] manager: (vnet15): new Tun device (/org/freedesktop/NetworkManager/Devices/49)
Aug 18 16:31:37 spicy NetworkManager[5389]: [1471534297.6973] devices added (path: /sys/devices/virtual/net/vnet15, iface: vnet15)
Aug 18 16:31:37 spicy NetworkManager[5389]: [1471534297.6973] device added (path: /sys/devices/virtual/net/vnet15, iface: vnet15): no ifupdown configuration found.
Aug 18 16:31:37 spicy kernel: device vnet15 entered promiscuous mode
Aug 18 16:31:37 spicy NetworkManager[5389]: [1471534297.7538] device (vnet15): state change: unmanaged -> unavailable (reason 'connection-assumed') [10 20 41]
Aug 18 16:31:37 spicy NetworkManager[5389]: [1471534297.7552] keyfile: add connection in-memory (ea033a09-1aa7-4782-9d26-e8cc53a512da,"vnet15")
Aug 18 16:31:37 spicy NetworkManager[5389]: [1471534297.7563] device (vnet15): state change: unavailable -> disconnected (reason 'connection-assumed') [20 30 41]
Aug 18 16:31:37 spicy NetworkManager[5389]: [1471534297.7570] device (vnet15): Activation: starting connection 'vnet15' (ea033a09-1aa7-4782-9d26-e8cc53a512da)
Aug 18 16:31:37 spicy kernel: virbr2: port 6(vnet15) entered listening state
Aug 18 16:31:37 spicy kernel: virbr2: port 6(vnet15) entered listening state
Aug 18 16:31:37 spicy NetworkManager[5389]: [1471534297.7577] device (vnet15): state change: disconnected -> prepare (reason 'none') [30 40 0]
Aug 18 16:31:37 spicy NetworkManager[5389]: [1471534297.7582] device (vnet15): state change: prepare -> config (reason 'none') [40 50 0]
Aug 18 16:31:37 spicy NetworkManager[5389]: [1471534297.7585] device (vnet15): state change: config -> ip-config (reason 'none') [50 70 0]
Aug 18 16:31:37 spicy NetworkManager[5389]: [1471534297.7586] device (virbr2): bridge port vnet15 was attached
Aug 18 16:31:37 spicy NetworkManager[5389]: [1471534297.7586] device (vnet15): Activation: connection 'vnet15' enslaved, continuing activation
Aug 18 16:31:37 spicy NetworkManager[5389]: [1471534297.7590] device (vnet15): state change: ip-config -> secondaries (reason 'none') [70 90 0]
Aug 18 16:31:37 spicy NetworkManager[5389]: [1471534297.7593] device (vnet15): state change: secondaries -> activated (reason 'none') [90 100 0]
Aug 18 16:31:37 spicy NetworkManager[5389]: [1471534297.7724] device (vnet15): Activation: successful, device activated.
Aug 18 16:31:37 spicy kernel: audit: type=1400 audit(1471534297.929:128): apparmor="STATUS" operation="profile_replace" profile="unconfined" name="libvirt-ef898a36-ff85-4a52-ab65-dad183071a90" pid=23415 comm="apparmor_parser"
Aug 18 16:31:37 spicy NetworkManager[5389]: [1471534297.9647] manager: (vnet16): new Tun device (/org/freedesktop/NetworkManager/Devices/50)
Aug 18 16:31:37 spicy kernel: audit: type=1400 audit(1471534297.961:129): apparmor="STATUS" operation="profile_replace" profile="unconfined" name="libvirt-ef898a36-ff85-4a52-ab65-dad183071a90//qemu_bridge_helper" pid=23415 comm="apparmor_parser"
Aug 18 16:31:37 spicy NetworkManager[5389]: [1471534297.9824] devices added (path: /sys/devices/virtual/net/vnet16, iface: vnet16)
Aug 18 16:31:37 spicy NetworkManager[5389]: [1471534297.9824] device added (path: /sys/devices/virtual/net/vnet16, iface: vnet16): no ifupdown configuration found.
Aug 18 16:31:38 spicy kernel: device vnet16 entered promiscuous mode
Aug 18 16:31:38 spicy NetworkManager[5389]: [1471534298.0380] device (vnet16): state change: unmanaged -> unavailable (reason 'connection-assumed') [10 20 41]
Aug 18 16:31:38 spicy NetworkManager[5389]: [1471534298.0393] keyfile: add connection in-memory (4dd9a49f-505b-492e-b636-fd3f44b26ddc,"vnet16")
Aug 18 16:31:38 spicy NetworkManager[5389]: [1471534298.0405] device (vnet16): state change: unavailable -> disconnected (reason 'connection-assumed') [20 30 41]
Aug 18 16:31:38 spicy NetworkManager[5389]: [1471534298.0412] device (vnet16): Activation: starting connection 'vnet16' (4dd9a49f-505b-492e-b636-fd3f44b26ddc)
Aug 18 16:31:38 spicy kernel: virbr2: port 7(vnet16) entered listening state
Aug 18 16:31:38 spicy kernel: virbr2: port 7(vnet16) entered listening state
Aug 18 16:31:38 spicy NetworkManager[5389]: [1471534298.0420] device (vnet16): state change: disconnected -> prepare (reason 'none') [30 40 0]
Aug 18 16:31:38 spicy NetworkManager[5389]: [1471534298.0425] device (vnet16): state change: prepare -> config (reason 'none') [40 50 0]
Aug 18 16:31:38 spicy NetworkManager[5389]: [1471534298.0431] device (vnet16): state change: config -> ip-config (reason 'none') [50 70 0]
Aug 18 16:31:38 spicy NetworkManager[5389]: [1471534298.0432] device (virbr2): bridge port vnet16 was attached
Aug 18 16:31:38 spicy NetworkManager[5389]: [1471534298.0433] device (vnet16): Activation: connection 'vnet16' enslaved, continuing activation
Aug 18 16:31:38 spicy NetworkManager[5389]: [1471534298.0436] device (vnet16): state change: ip-config -> secondaries (reason 'none') [70 90 0]
Aug 18 16:31:38 spicy NetworkManager[5389]: [1471534298.0438] device (vnet16): state change: secondaries -> activated (reason 'none') [90 100 0]
Aug 18 16:31:38 spicy NetworkManager[5389]: [1471534298.0572] device (vnet16): Activation: successful, device activated.
Aug 18 16:31:38 spicy kernel: audit: type=1400 audit(1471534298.209:130): apparmor="STATUS" operation="profile_replace" profile="unconfined" name="libvirt-ef898a36-ff85-4a52-ab65-dad183071a90" pid=23638 comm="apparmor_parser"
Aug 18 16:31:38 spicy NetworkManager[5389]: [1471534298.2322] manager: (vnet17): new Tun device (/org/freedesktop/NetworkManager/Devices/51)
Aug 18 16:31:38 spicy kernel: audit: type=1400 audit(1471534298.229:131): apparmor="STATUS" operation="profile_replace" profile="unconfined" name="libvirt-ef898a36-ff85-4a52-ab65-dad183071a90//qemu_bridge_helper" pid=23638 comm="apparmor_parser"
Aug 18 16:31:38 spicy NetworkManager[5389]: [1471534298.2475] devices added (path: /sys/devices/virtual/net/vnet17, iface: vnet17)
Aug 18 16:31:38 spicy NetworkManager[5389]: [1471534298.2475] device added (path: /sys/devices/virtual/net/vnet17, iface: vnet17): no ifupdown configuration found.
Aug 18 16:31:38 spicy kernel: device vnet17 entered promiscuous mode
Aug 18 16:31:38 spicy NetworkManager[5389]: [1471534298.3259] device (vnet17): state change: unmanaged -> unavailable (reason 'connection-assumed') [10 20 41]
Aug 18 16:31:38 spicy NetworkManager[5389]: [1471534298.3271] keyfile: add connection in-memory (8da2e49b-2482-44d9-a04c-46e99ad1425a,"vnet17")
Aug 18 16:31:38 spicy NetworkManager[5389]: [1471534298.3282] device (vnet17): state change: unavailable -> disconnected (reason 'connection-assumed') [20 30 41]
Aug 18 16:31:38 spicy NetworkManager[5389]: [1471534298.3291] device (vnet17): Activation: starting connection 'vnet17' (8da2e49b-2482-44d9-a04c-46e99ad1425a)
Aug 18 16:31:38 spicy kernel: virbr2: port 8(vnet17) entered listening state
Aug 18 16:31:38 spicy kernel: virbr2: port 8(vnet17) entered listening state
Aug 18 16:31:38 spicy NetworkManager[5389]: [1471534298.3300] device (vnet17): state change: disconnected -> prepare (reason 'none') [30 40 0]
Aug 18 16:31:38 spicy NetworkManager[5389]: [1471534298.3308] device (vnet17): state change: prepare -> config (reason 'none') [40 50 0]
Aug 18 16:31:38 spicy NetworkManager[5389]: [1471534298.3313] device (vnet17): state change: config -> ip-config (reason 'none') [50 70 0]
Aug 18 16:31:38 spicy NetworkManager[5389]: [1471534298.3314] device (virbr2): bridge port vnet17 was attached
Aug 18 16:31:38 spicy NetworkManager[5389]: [1471534298.3314] device (vnet17): Activation: connection 'vnet17' enslaved, continuing activation
Aug 18 16:31:38 spicy NetworkManager[5389]: [1471534298.3317] device (vnet17): state change: ip-config -> secondaries (reason 'none') [70 90 0]
Aug 18 16:31:38 spicy NetworkManager[5389]: [1471534298.3319] device (vnet17): state change: secondaries -> activated (reason 'none') [90 100 0]
Aug 18 16:31:38 spicy NetworkManager[5389]: [1471534298.3417] device (vnet17): Activation: successful, device activated.
Aug 18 16:31:38 spicy kernel: audit: type=1400 audit(1471534298.501:132): apparmor="STATUS" operation="profile_replace" profile="unconfined" name="libvirt-ef898a36-ff85-4a52-ab65-dad183071a90" pid=23852 comm="apparmor_parser"
Aug 18 16:31:38 spicy NetworkManager[5389]: [1471534298.5208] manager: (vnet18): new Tun device (/org/freedesktop/NetworkManager/Devices/52)
Aug 18 16:31:38 spicy kernel: audit: type=1400 audit(1471534298.517:133): apparmor="STATUS" operation="profile_replace" profile="unconfined" name="libvirt-ef898a36-ff85-4a52-ab65-dad183071a90//qemu_bridge_helper" pid=23852 comm="apparmor_parser"
Aug 18 16:31:38 spicy NetworkManager[5389]: [1471534298.5377] devices added (path: /sys/devices/virtual/net/vnet18, iface: vnet18)
Aug 18 16:31:38 spicy NetworkManager[5389]: [1471534298.5377] device added (path: /sys/devices/virtual/net/vnet18, iface: vnet18): no ifupdown configuration found.
Aug 18 16:31:38 spicy kernel: device vnet18 entered promiscuous mode
Aug 18 16:31:38 spicy NetworkManager[5389]: [1471534298.6104] device (vnet18): state change: unmanaged -> unavailable (reason 'connection-assumed') [10 20 41]
Aug 18 16:31:38 spicy NetworkManager[5389]: [1471534298.6114] keyfile: add connection in-memory (128a5228-e861-48eb-bb45-de6e672bd17c,"vnet18")
Aug 18 16:31:38 spicy NetworkManager[5389]: [1471534298.6124] device (vnet18): state change: unavailable -> disconnected (reason 'connection-assumed') [20 30 41]
Aug 18 16:31:38 spicy NetworkManager[5389]: [1471534298.6131] device (vnet18): Activation: starting connection 'vnet18' (128a5228-e861-48eb-bb45-de6e672bd17c)
Aug 18 16:31:38 spicy kernel: virbr2: port 9(vnet18) entered listening state
Aug 18 16:31:38 spicy kernel: virbr2: port 9(vnet18) entered listening state
Aug 18 16:31:38 spicy NetworkManager[5389]: [1471534298.6138] device (vnet18): state change: disconnected -> prepare (reason 'none') [30 40 0]
Aug 18 16:31:38 spicy NetworkManager[5389]: [1471534298.6142] device (vnet18): state change: prepare -> config (reason 'none') [40 50 0]
Aug 18 16:31:38 spicy NetworkManager[5389]: [1471534298.6144] device (vnet18): state change: config -> ip-config (reason 'none') [50 70 0]
Aug 18 16:31:38 spicy NetworkManager[5389]: [1471534298.6144] device (virbr2): bridge port vnet18 was attached
Aug 18 16:31:38 spicy NetworkManager[5389]: [1471534298.6145] device (vnet18): Activation: connection 'vnet18' enslaved, continuing activation
Aug 18 16:31:38 spicy NetworkManager[5389]: [1471534298.6147] device (vnet18): state change: ip-config -> secondaries (reason 'none') [70 90 0]
Aug 18 16:31:38 spicy NetworkManager[5389]: [1471534298.6149] device (vnet18): state change: secondaries -> activated (reason 'none') [90 100 0]
Aug 18 16:31:38 spicy NetworkManager[5389]: [1471534298.6284] device (vnet18): Activation: successful, device activated.
Aug 18 16:31:38 spicy kernel: audit: type=1400 audit(1471534298.801:134): apparmor="STATUS" operation="profile_replace" profile="unconfined" name="libvirt-ef898a36-ff85-4a52-ab65-dad183071a90" pid=24072 comm="apparmor_parser"
Aug 18 16:31:39 spicy kernel: kvm: zapping shadow pages for mmio generation wraparound
Aug 18 16:31:39 spicy kernel: kvm: zapping shadow pages for mmio generation wraparound
Aug 18 16:31:39 spicy kernel: virbr2: port 6(vnet15) entered learning state
Aug 18 16:31:40 spicy kernel: virbr2: port 7(vnet16) entered learning state
Aug 18 16:31:40 spicy kernel: virbr2: port 8(vnet17) entered learning state
Aug 18 16:31:40 spicy kernel: virbr2: port 9(vnet18) entered learning state
Aug 18 16:31:41 spicy kernel: virbr2: topology change detected, propagating
Aug 18 16:31:41 spicy kernel: virbr2: port 6(vnet15) entered forwarding state
Aug 18 16:31:42 spicy kernel: virbr2: topology change detected, propagating
Aug 18 16:31:42 spicy kernel: virbr2: port 7(vnet16) entered forwarding state
Aug 18 16:31:42 spicy kernel: virbr2: topology change detected, propagating
Aug 18 16:31:42 spicy kernel: virbr2: port 8(vnet17) entered forwarding state
Aug 18 16:31:42 spicy kernel: virbr2: topology change detected, propagating
Aug 18 16:31:42 spicy kernel: virbr2: port 9(vnet18) entered forwarding state
Aug 18 16:32:01 spicy kernel: kvm [24176]: vcpu1 unhandled rdmsr: 0x34
Aug 18 16:32:47 spicy dhclient[5950]: DHCPREQUEST of 192.168.1.64 on enp5s0 to 192.168.1.254 port 67 (xid=0x73098422)
Aug 18 16:32:47 spicy dhclient[5950]: DHCPACK of 192.168.1.64 from 192.168.1.254
Aug 18 16:32:47 spicy dhclient[5950]: bound to 192.168.1.64 -- renewal in 139 seconds.
Aug 18 16:34:12 spicy dhclient[6242]: DHCPREQUEST of 192.168.5.103 on br-enp5s0.5 to 192.168.5.254 port 67 (xid=0x1d6f588c)
Aug 18 16:34:13 spicy dhclient[6242]: DHCPACK of 192.168.5.103 from 192.168.5.254
Aug 18 16:34:13 spicy dhclient[6242]: bound to 192.168.5.103 -- renewal in 168 seconds.
Aug 18 16:35:06 spicy dhclient[5950]: DHCPREQUEST of 192.168.1.64 on enp5s0 to 192.168.1.254 port 67 (xid=0x73098422)
Aug 18 16:35:06 spicy dhclient[5950]: DHCPACK of 192.168.1.64 from 192.168.1.254
Aug 18 16:35:06 spicy dhclient[5950]: bound to 192.168.1.64 -- renewal in 169 seconds.
Aug 18 16:36:06 spicy kernel: virbr2: port 6(vnet15) entered disabled state
Aug 18 16:36:06 spicy kernel: device vnet15 left promiscuous mode
Aug 18 16:36:06 spicy kernel: virbr2: port 6(vnet15) entered disabled state
Aug 18 16:36:06 spicy NetworkManager[5389]: [1471534566.1875] device (vnet15): state change: activated -> unmanaged (reason 'unmanaged') [100 10 3]
Aug 18 16:36:06 spicy NetworkManager[5389]: [1471534566.1875] device (virbr2): bridge port vnet15 was detached
Aug 18 16:36:06 spicy NetworkManager[5389]: [1471534566.1876] device (vnet15): released from master device virbr2
Aug 18 16:36:06 spicy NetworkManager[5389]: [1471534566.2010] devices removed (path: /sys/devices/virtual/net/vnet15, iface: vnet15)
Aug 18 16:36:06 spicy kernel: virbr2: port 7(vnet16) entered disabled state
Aug 18 16:36:06 spicy kernel: device vnet16 left promiscuous mode
