Jul 01 14:08:19 matthias-MacBookPro kernel: ERROR @wl_cfg80211_get_station : Wrong Mac address, mac = 00:1b:90:77:50:f0 profile =00:23:33:a2:96:50
Jul 01 14:08:19 matthias-MacBookPro kernel: ERROR @wl_cfg80211_get_station : Wrong Mac address, mac = 00:1b:90:77:50:f0 profile =00:23:33:a2:96:50
Jul 01 14:08:19 matthias-MacBookPro wpa_supplicant[1254]: wlan0: Associated with 00:23:33:a2:96:50
Jul 01 14:08:19 matthias-MacBookPro wpa_supplicant[1254]: wlan0: CTRL-EVENT-CONNECTED - Connection to 00:23:33:a2:96:50 completed [id=0 id_str=]
Jul 01 14:08:19 matthias-MacBookPro NetworkManager[989]: [1467374899.2498] device (wlan0): supplicant interface state: associating -> completed
Jul 01 14:10:19 matthias-MacBookPro wpa_supplicant[1254]: wlan0: Trying to associate with 00:1b:90:77:50:f0 (SSID='unispital-public' freq=2412 MHz)
Jul 01 14:10:19 matthias-MacBookPro NetworkManager[989]: [1467375019.1688] device (wlan0): supplicant interface state: completed -> associating
Jul 01 14:10:19 matthias-MacBookPro kernel: ERROR @wl_cfg80211_get_station : Wrong Mac address, mac = 00:23:33:a2:96:50 profile =00:1b:90:77:50:f0
Jul 01 14:10:19 matthias-MacBookPro kernel: ERROR @wl_cfg80211_get_station : Wrong Mac address, mac = 00:23:33:a2:96:50 profile =00:1b:90:77:50:f0
Jul 01 14:10:19 matthias-MacBookPro wpa_supplicant[1254]: wlan0: Associated with 00:1b:90:77:50:f0
Jul 01 14:10:19 matthias-MacBookPro wpa_supplicant[1254]: wlan0: CTRL-EVENT-CONNECTED - Connection to 00:1b:90:77:50:f0 completed [id=0 id_str=]
Jul 01 14:10:19 matthias-MacBookPro NetworkManager[989]: [1467375019.2489] device (wlan0): supplicant interface state: associating -> completed
Jul 01 14:11:49 matthias-MacBookPro dhclient[1799]: DHCPREQUEST of 10.129.240.94 on wlan0 to 1.2.3.4 port 67 (xid=0x5f4cd89e)
Jul 01 14:11:49 matthias-MacBookPro dhclient[1799]: DHCPACK of 10.129.240.94 from 1.2.3.4
Jul 01 14:11:49 matthias-MacBookPro NetworkManager[989]: [1467375109.7161] address 10.129.240.94
Jul 01 14:11:49 matthias-MacBookPro NetworkManager[989]: [1467375109.7162] plen 22 (255.255.252.0)
Jul 01 14:11:49 matthias-MacBookPro NetworkManager[989]: [1467375109.7162] gateway 10.129.243.254
Jul 01 14:11:49 matthias-MacBookPro NetworkManager[989]: [1467375109.7162] server identifier 1.2.3.4
Jul 01 14:11:49 matthias-MacBookPro NetworkManager[989]: [1467375109.7163] lease time 600
Jul 01 14:11:49 matthias-MacBookPro NetworkManager[989]: [1467375109.7163] nameserver '185.12.129.33'
Jul 01 14:11:49 matthias-MacBookPro NetworkManager[989]: [1467375109.7163] domain name 'client.guest.usz.ch'
Jul 01 14:11:49 matthias-MacBookPro NetworkManager[989]: [1467375109.7163] dhcp4 (wlan0): state changed bound -> bound
Jul 01 14:11:49 matthias-MacBookPro dhclient[1799]: bound to 10.129.240.94 -- renewal in 264 seconds.
Jul 01 14:16:13 matthias-MacBookPro dhclient[1799]: DHCPREQUEST of 10.129.240.94 on wlan0 to 1.2.3.4 port 67 (xid=0x5f4cd89e)
Jul 01 14:16:13 matthias-MacBookPro dhclient[1799]: DHCPACK of 10.129.240.94 from 1.2.3.4
Jul 01 14:16:13 matthias-MacBookPro NetworkManager[989]: [1467375373.4241] address 10.129.240.94
Jul 01 14:16:13 matthias-MacBookPro NetworkManager[989]: [1467375373.4242] plen 22 (255.255.252.0)
Jul 01 14:16:13 matthias-MacBookPro NetworkManager[989]: [1467375373.4242] gateway 10.129.243.254
Jul 01 14:16:13 matthias-MacBookPro NetworkManager[989]: [1467375373.4243] server identifier 1.2.3.4
Jul 01 14:16:13 matthias-MacBookPro NetworkManager[989]: [1467375373.4243] lease time 600
Jul 01 14:16:13 matthias-MacBookPro NetworkManager[989]: [1467375373.4243] nameserver '185.12.129.33'
Jul 01 14:16:13 matthias-MacBookPro NetworkManager[989]: [1467375373.4243] domain name 'client.guest.usz.ch'
Jul 01 14:16:13 matthias-MacBookPro NetworkManager[989]: [1467375373.4243] dhcp4 (wlan0): state changed bound -> bound
Jul 01 14:16:13 matthias-MacBookPro dhclient[1799]: bound to 10.129.240.94 -- renewal in 276 seconds.
Jul 01 14:20:49 matthias-MacBookPro dhclient[1799]: DHCPREQUEST of 10.129.240.94 on wlan0 to 1.2.3.4 port 67 (xid=0x5f4cd89e)
Jul 01 14:20:49 matthias-MacBookPro dhclient[1799]: DHCPACK of 10.129.240.94 from 1.2.3.4
Jul 01 14:20:49 matthias-MacBookPro NetworkManager[989]: [1467375649.7866] address 10.129.240.94
Jul 01 14:20:49 matthias-MacBookPro NetworkManager[989]: [1467375649.7867] plen 22 (255.255.252.0)
Jul 01 14:20:49 matthias-MacBookPro NetworkManager[989]: [1467375649.7867] gateway 10.129.243.254
Jul 01 14:20:49 matthias-MacBookPro NetworkManager[989]: [1467375649.7867] server identifier 1.2.3.4
Jul 01 14:20:49 matthias-MacBookPro NetworkManager[989]: [1467375649.7868] lease time 600
Jul 01 14:20:49 matthias-MacBookPro NetworkManager[989]: [1467375649.7868] nameserver '185.12.129.33'
Jul 01 14:20:49 matthias-MacBookPro NetworkManager[989]: [1467375649.7869] domain name 'client.guest.usz.ch'
Jul 01 14:20:49 matthias-MacBookPro NetworkManager[989]: [1467375649.7869] dhcp4 (wlan0): state changed bound -> bound
Jul 01 14:20:49 matthias-MacBookPro dhclient[1799]: bound to 10.129.240.94 -- renewal in 291 seconds.
Jul 01 14:25:40 matthias-MacBookPro dhclient[1799]: DHCPREQUEST of 10.129.240.94 on wlan0 to 1.2.3.4 port 67 (xid=0x5f4cd89e)
Jul 01 14:25:40 matthias-MacBookPro dhclient[1799]: DHCPACK of 10.129.240.94 from 1.2.3.4
Jul 01 14:25:40 matthias-MacBookPro NetworkManager[989]: [1467375940.7714] address 10.129.240.94
Jul 01 14:25:40 matthias-MacBookPro NetworkManager[989]: [1467375940.7715] plen 22 (255.255.252.0)
Jul 01 14:25:40 matthias-MacBookPro NetworkManager[989]: [1467375940.7715] gateway 10.129.243.254
Jul 01 14:25:40 matthias-MacBookPro NetworkManager[989]: [1467375940.7715] server identifier 1.2.3.4
Jul 01 14:25:40 matthias-MacBookPro NetworkManager[989]: [1467375940.7716] lease time 600
Jul 01 14:25:40 matthias-MacBookPro NetworkManager[989]: [1467375940.7716] nameserver '185.12.129.33'
Jul 01 14:25:40 matthias-MacBookPro NetworkManager[989]: [1467375940.7717] domain name 'client.guest.usz.ch'
Jul 01 14:25:40 matthias-MacBookPro NetworkManager[989]: [1467375940.7717] dhcp4 (wlan0): state changed bound -> bound
Jul 01 14:25:40 matthias-MacBookPro dhclient[1799]: bound to 10.129.240.94 -- renewal in 298 seconds.
Jul 01 14:30:38 matthias-MacBookPro dhclient[1799]: DHCPREQUEST of 10.129.240.94 on wlan0 to 1.2.3.4 port 67 (xid=0x5f4cd89e)
Jul 01 14:30:38 matthias-MacBookPro dhclient[1799]: DHCPACK of 10.129.240.94 from 1.2.3.4
Jul 01 14:30:38 matthias-MacBookPro NetworkManager[989]: [1467376238.6471] address 10.129.240.94
Jul 01 14:30:38 matthias-MacBookPro NetworkManager[989]: [1467376238.6471] plen 22 (255.255.252.0)
Jul 01 14:30:38 matthias-MacBookPro NetworkManager[989]: [1467376238.6471] gateway 10.129.243.254
Jul 01 14:30:38 matthias-MacBookPro NetworkManager[989]: [1467376238.6472] server identifier 1.2.3.4
Jul 01 14:30:38 matthias-MacBookPro NetworkManager[989]: [1467376238.6472] lease time 600
Jul 01 14:30:38 matthias-MacBookPro NetworkManager[989]: [1467376238.6472] nameserver '185.12.129.33'
Jul 01 14:30:38 matthias-MacBookPro NetworkManager[989]: [1467376238.6472] domain name 'client.guest.usz.ch'
Jul 01 14:30:38 matthias-MacBookPro NetworkManager[989]: [1467376238.6472] dhcp4 (wlan0): state changed bound -> bound
Jul 01 14:30:38 matthias-MacBookPro dhclient[1799]: bound to 10.129.240.94 -- renewal in 235 seconds.
Jul 01 14:34:33 matthias-MacBookPro dhclient[1799]: DHCPREQUEST of 10.129.240.94 on wlan0 to 1.2.3.4 port 67 (xid=0x5f4cd89e)
Jul 01 14:34:33 matthias-MacBookPro dhclient[1799]: DHCPACK of 10.129.240.94 from 1.2.3.4
Jul 01 14:34:33 matthias-MacBookPro NetworkManager[989]: [1467376473.5525] address 10.129.240.94
Jul 01 14:34:33 matthias-MacBookPro NetworkManager[989]: [1467376473.5525] plen 22 (255.255.252.0)
Jul 01 14:34:33 matthias-MacBookPro NetworkManager[989]: [1467376473.5525] gateway 10.129.243.254
Jul 01 14:34:33 matthias-MacBookPro NetworkManager[989]: [1467376473.5526] server identifier 1.2.3.4
Jul 01 14:34:33 matthias-MacBookPro NetworkManager[989]: [1467376473.5526] lease time 600
Jul 01 14:34:33 matthias-MacBookPro NetworkManager[989]: [1467376473.5526] nameserver '185.12.129.33'
Jul 01 14:34:33 matthias-MacBookPro NetworkManager[989]: [1467376473.5526] domain name 'client.guest.usz.ch'
Jul 01 14:34:33 matthias-MacBookPro NetworkManager[989]: [1467376473.5527] dhcp4 (wlan0): state changed bound -> bound
Jul 01 14:34:33 matthias-MacBookPro dhclient[1799]: bound to 10.129.240.94 -- renewal in 276 seconds.
Jul 01 14:39:09 matthias-MacBookPro dhclient[1799]: DHCPREQUEST of 10.129.240.94 on wlan0 to 1.2.3.4 port 67 (xid=0x5f4cd89e)
Jul 01 14:39:09 matthias-MacBookPro dhclient[1799]: DHCPACK of 10.129.240.94 from 1.2.3.4
Jul 01 14:39:09 matthias-MacBookPro NetworkManager[989]: [1467376749.2233] address 10.129.240.94
Jul 01 14:39:09 matthias-MacBookPro NetworkManager[989]: [1467376749.2233] plen 22 (255.255.252.0)
Jul 01 14:39:09 matthias-MacBookPro NetworkManager[989]: [1467376749.2234] gateway 10.129.243.254
Jul 01 14:39:09 matthias-MacBookPro NetworkManager[989]: [1467376749.2234] server identifier 1.2.3.4
Jul 01 14:39:09 matthias-MacBookPro NetworkManager[989]: [1467376749.2235] lease time 600
Jul 01 14:39:09 matthias-MacBookPro NetworkManager[989]: [1467376749.2235] nameserver '185.12.129.33'
Jul 01 14:39:09 matthias-MacBookPro NetworkManager[989]: [1467376749.2235] domain name 'client.guest.usz.ch'
Jul 01 14:39:09 matthias-MacBookPro NetworkManager[989]: [1467376749.2236] dhcp4 (wlan0): state changed bound -> bound
Jul 01 14:39:09 matthias-MacBookPro dhclient[1799]: bound to 10.129.240.94 -- renewal in 299 seconds.
Jul 01 14:44:08 matthias-MacBookPro dhclient[1799]: DHCPREQUEST of 10.129.240.94 on wlan0 to 1.2.3.4 port 67 (xid=0x5f4cd89e)
Jul 01 14:44:08 matthias-MacBookPro dhclient[1799]: DHCPACK of 10.129.240.94 from 1.2.3.4
Jul 01 14:44:08 matthias-MacBookPro NetworkManager[989]: [1467377048.7552] address 10.129.240.94
Jul 01 14:44:08 matthias-MacBookPro NetworkManager[989]: [1467377048.7552] plen 22 (255.255.252.0)
Jul 01 14:44:08 matthias-MacBookPro NetworkManager[989]: [1467377048.7553] gateway 10.129.243.254
Jul 01 14:44:08 matthias-MacBookPro NetworkManager[989]: [1467377048.7553] server identifier 1.2.3.4
Jul 01 14:44:08 matthias-MacBookPro NetworkManager[989]: [1467377048.7553] lease time 600
Jul 01 14:44:08 matthias-MacBookPro NetworkManager[989]: [1467377048.7553] nameserver '185.12.129.33'
Jul 01 14:44:08 matthias-MacBookPro NetworkManager[989]: [1467377048.7553] domain name 'client.guest.usz.ch'
Jul 01 14:44:08 matthias-MacBookPro NetworkManager[989]: [1467377048.7554] dhcp4 (wlan0): state changed bound -> bound
Jul 01 14:44:08 matthias-MacBookPro dhclient[1799]: bound to 10.129.240.94 -- renewal in 294 seconds.
Jul 01 14:49:02 matthias-MacBookPro dhclient[1799]: DHCPREQUEST of 10.129.240.94 on wlan0 to 1.2.3.4 port 67 (xid=0x5f4cd89e)
Jul 01 14:49:02 matthias-MacBookPro dhclient[1799]: DHCPACK of 10.129.240.94 from 1.2.3.4
Jul 01 14:49:02 matthias-MacBookPro NetworkManager[989]: [1467377342.3774] address 10.129.240.94
Jul 01 14:49:02 matthias-MacBookPro NetworkManager[989]: [1467377342.3774] plen 22 (255.255.252.0)
Jul 01 14:49:02 matthias-MacBookPro NetworkManager[989]: [1467377342.3775] gateway 10.129.243.254
Jul 01 14:49:02 matthias-MacBookPro NetworkManager[989]: [1467377342.3775] server identifier 1.2.3.4
Jul 01 14:49:02 matthias-MacBookPro NetworkManager[989]: [1467377342.3775] lease time 600
Jul 01 14:49:02 matthias-MacBookPro NetworkManager[989]: [1467377342.3776] nameserver '185.12.129.33'
Jul 01 14:49:02 matthias-MacBookPro NetworkManager[989]: [1467377342.3776] domain name 'client.guest.usz.ch'
Jul 01 14:49:02 matthias-MacBookPro NetworkManager[989]: [1467377342.3776] dhcp4 (wlan0): state changed bound -> bound
Jul 01 14:49:02 matthias-MacBookPro dhclient[1799]: bound to 10.129.240.94 -- renewal in 288 seconds.
Jul 01 14:52:19 matthias-MacBookPro wpa_supplicant[1254]: wlan0: Trying to associate with 00:23:33:a2:96:50 (SSID='unispital-public' freq=2437 MHz)
Jul 01 14:52:19 matthias-MacBookPro NetworkManager[989]: [1467377539.1700] device (wlan0): supplicant interface state: completed -> associating
Jul 01 14:52:19 matthias-MacBookPro kernel: ERROR @wl_cfg80211_get_station : Wrong Mac address, mac = 00:1b:90:77:50:f0 profile =00:23:33:a2:96:50
Jul 01 14:52:19 matthias-MacBookPro kernel: ERROR @wl_cfg80211_get_station : Wrong Mac address, mac = 00:1b:90:77:50:f0 profile =00:23:33:a2:96:50
Jul 01 14:52:19 matthias-MacBookPro wpa_supplicant[1254]: wlan0: Associated with 00:23:33:a2:96:50
Jul 01 14:52:19 matthias-MacBookPro wpa_supplicant[1254]: wlan0: CTRL-EVENT-CONNECTED - Connection to 00:23:33:a2:96:50 completed [id=0 id_str=]
Jul 01 14:52:19 matthias-MacBookPro NetworkManager[989]: [1467377539.2696] device (wlan0): supplicant interface state: associating -> completed
Jul 01 14:53:50 matthias-MacBookPro dhclient[1799]: DHCPREQUEST of 10.129.240.94 on wlan0 to 1.2.3.4 port 67 (xid=0x5f4cd89e)
Jul 01 14:53:50 matthias-MacBookPro dhclient[1799]: DHCPACK of 10.129.240.94 from 1.2.3.4
Jul 01 14:53:50 matthias-MacBookPro NetworkManager[989]: [1467377630.2711] address 10.129.240.94
Jul 01 14:53:50 matthias-MacBookPro NetworkManager[989]: [1467377630.2711] plen 22 (255.255.252.0)
Jul 01 14:53:50 matthias-MacBookPro NetworkManager[989]: [1467377630.2711] gateway 10.129.243.254
Jul 01 14:53:50 matthias-MacBookPro NetworkManager[989]: [1467377630.2711] server identifier 1.2.3.4
Jul 01 14:53:50 matthias-MacBookPro NetworkManager[989]: [1467377630.2712] lease time 600
Jul 01 14:53:50 matthias-MacBookPro NetworkManager[989]: [1467377630.2712] nameserver '185.12.129.33'
Jul 01 14:53:50 matthias-MacBookPro NetworkManager[989]: [1467377630.2712] domain name 'client.guest.usz.ch'
Jul 01 14:53:50 matthias-MacBookPro NetworkManager[989]: [1467377630.2712] dhcp4 (wlan0): state changed bound -> bound
Jul 01 14:53:50 matthias-MacBookPro dhclient[1799]: bound to 10.129.240.94 -- renewal in 249 seconds.
Jul 01 14:54:19 matthias-MacBookPro wpa_supplicant[1254]: wlan0: Trying to associate with 00:1b:90:77:50:f0 (SSID='unispital-public' freq=2412 MHz)
Jul 01 14:54:19 matthias-MacBookPro wpa_supplicant[1254]: wlan0: Associated with 00:1b:90:77:50:f0
Jul 01 14:54:19 matthias-MacBookPro wpa_supplicant[1254]: wlan0: CTRL-EVENT-CONNECTED - Connection to 00:1b:90:77:50:f0 completed [id=0 id_str=]
Jul 01 14:54:19 matthias-MacBookPro NetworkManager[989]: [1467377659.1828] device (wlan0): supplicant interface state: completed -> associating
Jul 01 14:54:19 matthias-MacBookPro NetworkManager[989]: [1467377659.2129] device (wlan0): supplicant interface state: associating -> completed
Jul 01 14:57:59 matthias-MacBookPro dhclient[1799]: DHCPREQUEST of 10.129.240.94 on wlan0 to 1.2.3.4 port 67 (xid=0x5f4cd89e)
Jul 01 14:57:59 matthias-MacBookPro dhclient[1799]: DHCPACK of 10.129.240.94 from 1.2.3.4
Jul 01 14:57:59 matthias-MacBookPro NetworkManager[989]: [1467377879.4015] address 10.129.240.94
Jul 01 14:57:59 matthias-MacBookPro NetworkManager[989]: [1467377879.4016] plen 22 (255.255.252.0)
Jul 01 14:57:59 matthias-MacBookPro NetworkManager[989]: [1467377879.4016] gateway 10.129.243.254
Jul 01 14:57:59 matthias-MacBookPro NetworkManager[989]: [1467377879.4016] server identifier 1.2.3.4
Jul 01 14:57:59 matthias-MacBookPro NetworkManager[989]: [1467377879.4017] lease time 600
Jul 01 14:57:59 matthias-MacBookPro NetworkManager[989]: [1467377879.4017] nameserver '185.12.129.33'
Jul 01 14:57:59 matthias-MacBookPro NetworkManager[989]: [1467377879.4017] domain name 'client.guest.usz.ch'
Jul 01 14:57:59 matthias-MacBookPro NetworkManager[989]: [1467377879.4017] dhcp4 (wlan0): state changed bound -> bound
Jul 01 14:57:59 matthias-MacBookPro dhclient[1799]: bound to 10.129.240.94 -- renewal in 248 seconds.
Jul 01 15:02:07 matthias-MacBookPro dhclient[1799]: DHCPREQUEST of 10.129.240.94 on wlan0 to 1.2.3.4 port 67 (xid=0x5f4cd89e)
Jul 01 15:02:07 matthias-MacBookPro dhclient[1799]: DHCPACK of 10.129.240.94 from 1.2.3.4
Jul 01 15:02:07 matthias-MacBookPro NetworkManager[989]: [1467378127.6451] address 10.129.240.94
Jul 01 15:02:07 matthias-MacBookPro NetworkManager[989]: [1467378127.6451] plen 22 (255.255.252.0)
Jul 01 15:02:07 matthias-MacBookPro NetworkManager[989]: [1467378127.6451] gateway 10.129.243.254
Jul 01 15:02:07 matthias-MacBookPro NetworkManager[989]: [1467378127.6451] server identifier 1.2.3.4
Jul 01 15:02:07 matthias-MacBookPro NetworkManager[989]: [1467378127.6452] lease time 600
Jul 01 15:02:07 matthias-MacBookPro NetworkManager[989]: [1467378127.6452] nameserver '185.12.129.33'
Jul 01 15:02:07 matthias-MacBookPro NetworkManager[989]: [1467378127.6452] domain name 'client.guest.usz.ch'
Jul 01 15:02:07 matthias-MacBookPro NetworkManager[989]: [1467378127.6453] dhcp4 (wlan0): state changed bound -> bound
Jul 01 15:02:07 matthias-MacBookPro dhclient[1799]: bound to 10.129.240.94 -- renewal in 289 seconds.
Jul 01 15:06:56 matthias-MacBookPro dhclient[1799]: DHCPREQUEST of 10.129.240.94 on wlan0 to 1.2.3.4 port 67 (xid=0x5f4cd89e)
Jul 01 15:06:56 matthias-MacBookPro dhclient[1799]: DHCPACK of 10.129.240.94 from 1.2.3.4
Jul 01 15:06:56 matthias-MacBookPro NetworkManager[989]: [1467378416.3589] address 10.129.240.94
Jul 01 15:06:56 matthias-MacBookPro NetworkManager[989]: [1467378416.3589] plen 22 (255.255.252.0)
Jul 01 15:06:56 matthias-MacBookPro NetworkManager[989]: [1467378416.3589] gateway 10.129.243.254
Jul 01 15:06:56 matthias-MacBookPro NetworkManager[989]: [1467378416.3589] server identifier 1.2.3.4
Jul 01 15:06:56 matthias-MacBookPro NetworkManager[989]: [1467378416.3589] lease time 600
Jul 01 15:06:56 matthias-MacBookPro NetworkManager[989]: [1467378416.3589] nameserver '185.12.129.33'
Jul 01 15:06:56 matthias-MacBookPro NetworkManager[989]: [1467378416.3590] domain name 'client.guest.usz.ch'
Jul 01 15:06:56 matthias-MacBookPro NetworkManager[989]: [1467378416.3590] dhcp4 (wlan0): state changed bound -> bound
Jul 01 15:06:56 matthias-MacBookPro dhclient[1799]: bound to 10.129.240.94 -- renewal in 265 seconds.
Jul 01 15:11:21 matthias-MacBookPro dhclient[1799]: DHCPREQUEST of 10.129.240.94 on wlan0 to 1.2.3.4 port 67 (xid=0x5f4cd89e)
Jul 01 15:11:22 matthias-MacBookPro dhclient[1799]: DHCPACK of 10.129.240.94 from 1.2.3.4
Jul 01 15:11:22 matthias-MacBookPro NetworkManager[989]: [1467378682.0809] address 10.129.240.94
Jul 01 15:11:22 matthias-MacBookPro NetworkManager[989]: [1467378682.0810] plen 22 (255.255.252.0)
Jul 01 15:11:22 matthias-MacBookPro NetworkManager[989]: [1467378682.0810] gateway 10.129.243.254
Jul 01 15:11:22 matthias-MacBookPro NetworkManager[989]: [1467378682.0811] server identifier 1.2.3.4
Jul 01 15:11:22 matthias-MacBookPro NetworkManager[989]: [1467378682.0811] lease time 600
Jul 01 15:11:22 matthias-MacBookPro NetworkManager[989]: [1467378682.0811] nameserver '185.12.129.33'
Jul 01 15:11:22 matthias-MacBookPro NetworkManager[989]: [1467378682.0811] domain name 'client.guest.usz.ch'
Jul 01 15:11:22 matthias-MacBookPro NetworkManager[989]: [1467378682.0811] dhcp4 (wlan0): state changed bound -> bound
Jul 01 15:11:22 matthias-MacBookPro dhclient[1799]: bound to 10.129.240.94 -- renewal in 255 seconds.
Jul 01 15:15:37 matthias-MacBookPro dhclient[1799]: DHCPREQUEST of 10.129.240.94 on wlan0 to 1.2.3.4 port 67 (xid=0x5f4cd89e)
Jul 01 15:15:37 matthias-MacBookPro dhclient[1799]: DHCPACK of 10.129.240.94 from 1.2.3.4
Jul 01 15:15:37 matthias-MacBookPro NetworkManager[989]: [1467378937.4298] address 10.129.240.94
Jul 01 15:15:37 matthias-MacBookPro NetworkManager[989]: [1467378937.4298] plen 22 (255.255.252.0)
Jul 01 15:15:37 matthias-MacBookPro NetworkManager[989]: [1467378937.4298] gateway 10.129.243.254
Jul 01 15:15:37 matthias-MacBookPro NetworkManager[989]: [1467378937.4298] server identifier 1.2.3.4
Jul 01 15:15:37 matthias-MacBookPro NetworkManager[989]: [1467378937.4299] lease time 600
Jul 01 15:15:37 matthias-MacBookPro NetworkManager[989]: [1467378937.4299] nameserver '185.12.129.33'
Jul 01 15:15:37 matthias-MacBookPro NetworkManager[989]: [1467378937.4299] domain name 'client.guest.usz.ch'
Jul 01 15:15:37 matthias-MacBookPro NetworkManager[989]: [1467378937.4299] dhcp4 (wlan0): state changed bound -> bound
Jul 01 15:15:37 matthias-MacBookPro dhclient[1799]: bound to 10.129.240.94 -- renewal in 296 seconds.
Jul 01 15:20:33 matthias-MacBookPro dhclient[1799]: DHCPREQUEST of 10.129.240.94 on wlan0 to 1.2.3.4 port 67 (xid=0x5f4cd89e)
Jul 01 15:20:33 matthias-MacBookPro dhclient[1799]: DHCPACK of 10.129.240.94 from 1.2.3.4
Jul 01 15:20:33 matthias-MacBookPro NetworkManager[989]: [1467379233.1221] address 10.129.240.94
Jul 01 15:20:33 matthias-MacBookPro NetworkManager[989]: [1467379233.1221] plen 22 (255.255.252.0)
Jul 01 15:20:33 matthias-MacBookPro NetworkManager[989]: [1467379233.1222] gateway 10.129.243.254
Jul 01 15:20:33 matthias-MacBookPro NetworkManager[989]: [1467379233.1222] server identifier 1.2.3.4
Jul 01 15:20:33 matthias-MacBookPro NetworkManager[989]: [1467379233.1222] lease time 600
Jul 01 15:20:33 matthias-MacBookPro NetworkManager[989]: [1467379233.1223] nameserver '185.12.129.33'
Jul 01 15:20:33 matthias-MacBookPro NetworkManager[989]: [1467379233.1223] domain name 'client.guest.usz.ch'
Jul 01 15:20:33 matthias-MacBookPro NetworkManager[989]: [1467379233.1223] dhcp4 (wlan0): state changed bound -> bound
Jul 01 15:20:33 matthias-MacBookPro dhclient[1799]: bound to 10.129.240.94 -- renewal in 230 seconds.
Jul 01 15:24:24 matthias-MacBookPro dhclient[1799]: DHCPREQUEST of 10.129.240.94 on wlan0 to 1.2.3.4 port 67 (xid=0x5f4cd89e)
Jul 01 15:24:24 matthias-MacBookPro dhclient[1799]: DHCPACK of 10.129.240.94 from 1.2.3.4
Jul 01 15:24:24 matthias-MacBookPro NetworkManager[989]: [1467379464.0936] address 10.129.240.94
Jul 01 15:24:24 matthias-MacBookPro NetworkManager[989]: [1467379464.0937] plen 22 (255.255.252.0)
Jul 01 15:24:24 matthias-MacBookPro NetworkManager[989]: [1467379464.0937] gateway 10.129.243.254
Jul 01 15:24:24 matthias-MacBookPro NetworkManager[989]: [1467379464.0937] server identifier 1.2.3.4
Jul 01 15:24:24 matthias-MacBookPro NetworkManager[989]: [1467379464.0937] lease time 600
Jul 01 15:24:24 matthias-MacBookPro NetworkManager[989]: [1467379464.0938] nameserver '185.12.129.33'
Jul 01 15:24:24 matthias-MacBookPro NetworkManager[989]: [1467379464.0939] domain name 'client.guest.usz.ch'
Jul 01 15:24:24 matthias-MacBookPro NetworkManager[989]: [1467379464.0939] dhcp4 (wlan0): state changed bound -> bound
Jul 01 15:24:24 matthias-MacBookPro dhclient[1799]: bound to 10.129.240.94 -- renewal in 235 seconds.
Jul 01 15:28:19 matthias-MacBookPro wpa_supplicant[1254]: wlan0: Trying to associate with 00:23:33:a2:96:50 (SSID='unispital-public' freq=2437 MHz)
Jul 01 15:28:19 matthias-MacBookPro dhclient[1799]: DHCPREQUEST of 10.129.240.94 on wlan0 to 1.2.3.4 port 67 (xid=0x5f4cd89e)
Jul 01 15:28:19 matthias-MacBookPro NetworkManager[989]: [1467379699.1714] device (wlan0): supplicant interface state: completed -> associating
Jul 01 15:28:19 matthias-MacBookPro kernel: ERROR @wl_cfg80211_get_station : Wrong Mac address, mac = 00:1b:90:77:50:f0 profile =00:23:33:a2:96:50
Jul 01 15:28:19 matthias-MacBookPro kernel: ERROR @wl_cfg80211_get_station : Wrong Mac address, mac = 00:1b:90:77:50:f0 profile =00:23:33:a2:96:50
Jul 01 15:28:19 matthias-MacBookPro wpa_supplicant[1254]: wlan0: Associated with 00:23:33:a2:96:50
Jul 01 15:28:19 matthias-MacBookPro wpa_supplicant[1254]: wlan0: CTRL-EVENT-CONNECTED - Connection to 00:23:33:a2:96:50 completed [id=0 id_str=]
Jul 01 15:28:19 matthias-MacBookPro NetworkManager[989]: [1467379699.2712] device (wlan0): supplicant interface state: associating -> completed
Jul 01 15:28:22 matthias-MacBookPro dhclient[1799]: DHCPREQUEST of 10.129.240.94 on wlan0 to 1.2.3.4 port 67 (xid=0x5f4cd89e)
Jul 01 15:28:22 matthias-MacBookPro dhclient[1799]: DHCPACK of 10.129.240.94 from 1.2.3.4
Jul 01 15:28:22 matthias-MacBookPro NetworkManager[989]: [1467379702.4733] address 10.129.240.94
Jul 01 15:28:22 matthias-MacBookPro NetworkManager[989]: [1467379702.4733] plen 22 (255.255.252.0)
Jul 01 15:28:22 matthias-MacBookPro NetworkManager[989]: [1467379702.4734] gateway 10.129.243.254
Jul 01 15:28:22 matthias-MacBookPro NetworkManager[989]: [1467379702.4734] server identifier 1.2.3.4
Jul 01 15:28:22 matthias-MacBookPro NetworkManager[989]: [1467379702.4734] lease time 600
Jul 01 15:28:22 matthias-MacBookPro NetworkManager[989]: [1467379702.4734] nameserver '185.12.129.33'
Jul 01 15:28:22 matthias-MacBookPro NetworkManager[989]: [1467379702.4734] domain name 'client.guest.usz.ch'
Jul 01 15:28:22 matthias-MacBookPro NetworkManager[989]: [1467379702.4735] dhcp4 (wlan0): state changed bound -> bound
Jul 01 15:28:22 matthias-MacBookPro dhclient[1799]: bound to 10.129.240.94 -- renewal in 288 seconds.
Jul 01 15:30:19 matthias-MacBookPro wpa_supplicant[1254]: wlan0: Trying to associate with 00:1b:90:77:50:f0 (SSID='unispital-public' freq=2412 MHz)
Jul 01 15:30:19 matthias-MacBookPro wpa_supplicant[1254]: wlan0: Associated with 00:1b:90:77:50:f0
Jul 01 15:30:19 matthias-MacBookPro wpa_supplicant[1254]: wlan0: CTRL-EVENT-CONNECTED - Connection to 00:1b:90:77:50:f0 completed [id=0 id_str=]
Jul 01 15:30:19 matthias-MacBookPro NetworkManager[989]: [1467379819.1906] device (wlan0): supplicant interface state: completed -> associating
Jul 01 15:30:19 matthias-MacBookPro NetworkManager[989]: [1467379819.2334] device (wlan0): supplicant interface state: associating -> completed
Jul 01 15:30:53 matthias-MacBookPro NetworkManager[989]: [1467379853.6876] device (wlan0): disconnecting connection 'unispital-public' for new activation request.
Jul 01 15:30:53 matthias-MacBookPro NetworkManager[989]: [1467379853.6876] device (wlan0): state change: activated -> deactivating (reason 'new-activation') [100 110 60]
Jul 01 15:30:53 matthias-MacBookPro NetworkManager[989]: [1467379853.6879] manager: NetworkManager state is now CONNECTED_LOCAL
Jul 01 15:30:53 matthias-MacBookPro NetworkManager[989]: [1467379853.6975] device (wlan0): disconnecting for new activation request.
Jul 01 15:30:53 matthias-MacBookPro NetworkManager[989]: [1467379853.6979] audit: op="connection-activate" uuid="79e661ca-69a9-42ce-92d7-4b5793748c30" name="unispital-public" pid=3182 uid=1000 result="success"
Jul 01 15:30:53 matthias-MacBookPro NetworkManager[989]: [1467379853.6998] device (wlan0): state change: deactivating -> disconnected (reason 'new-activation') [110 30 60]
Jul 01 15:30:53 matthias-MacBookPro NetworkManager[989]: [1467379853.7351] dhcp4 (wlan0): canceled DHCP transaction, DHCP client pid 1799
Jul 01 15:30:53 matthias-MacBookPro NetworkManager[989]: [1467379853.7352] dhcp4 (wlan0): state changed bound -> done
Jul 01 15:30:53 matthias-MacBookPro wpa_supplicant[1254]: wlan0: CTRL-EVENT-DISCONNECTED bssid=00:1b:90:77:50:f0 reason=3 locally_generated=1
Jul 01 15:30:53 matthias-MacBookPro wpa_supplicant[1254]: nl80211: Was expecting local disconnect but got another disconnect event first
Jul 01 15:30:53 matthias-MacBookPro NetworkManager[989]: [1467379853.7436] dns-mgr: Writing DNS information to /sbin/resolvconf
Jul 01 15:30:53 matthias-MacBookPro wpa_supplicant[1254]: wlan0: CTRL-EVENT-REGDOM-CHANGE init=CORE type=WORLD
Jul 01 15:30:53 matthias-MacBookPro kernel: cfg80211: World regulatory domain updated:
Jul 01 15:30:53 matthias-MacBookPro kernel: cfg80211: DFS Master region: unset
Jul 01 15:30:53 matthias-MacBookPro kernel: cfg80211: (start_freq - end_freq @ bandwidth), (max_antenna_gain, max_eirp), (dfs_cac_time)
Jul 01 15:30:53 matthias-MacBookPro kernel: cfg80211: (2402000 KHz - 2472000 KHz @ 40000 KHz), (N/A, 2000 mBm), (N/A)
Jul 01 15:30:53 matthias-MacBookPro kernel: cfg80211: (2457000 KHz - 2482000 KHz @ 40000 KHz), (N/A, 2000 mBm), (N/A)
Jul 01 15:30:53 matthias-MacBookPro kernel: cfg80211: (2474000 KHz - 2494000 KHz @ 20000 KHz), (N/A, 2000 mBm), (N/A)
Jul 01 15:30:53 matthias-MacBookPro kernel: cfg80211: (5170000 KHz - 5250000 KHz @ 80000 KHz, 160000 KHz AUTO), (N/A, 2000 mBm), (N/A)
Jul 01 15:30:53 matthias-MacBookPro kernel: cfg80211: (5250000 KHz - 5330000 KHz @ 80000 KHz, 160000 KHz AUTO), (N/A, 2000 mBm), (0 s)
Jul 01 15:30:53 matthias-MacBookPro kernel: cfg80211: (5490000 KHz - 5730000 KHz @ 160000 KHz), (N/A, 2000 mBm), (0 s)
Jul 01 15:30:53 matthias-MacBookPro kernel: cfg80211: (5735000 KHz - 5835000 KHz @ 80000 KHz), (N/A, 2000 mBm), (N/A)
Jul 01 15:30:53 matthias-MacBookPro kernel: cfg80211: (57240000 KHz - 63720000 KHz @ 2160000 KHz), (N/A, 0 mBm), (N/A)
Jul 01 15:30:53 matthias-MacBookPro NetworkManager[989]: [1467379853.8030] device (wlan0): Activation: starting connection 'unispital-public' (79e661ca-69a9-42ce-92d7-4b5793748c30)
Jul 01 15:30:53 matthias-MacBookPro NetworkManager[989]: [1467379853.8086] sup-iface[0x9fa170,wlan0]: connection disconnected (reason -3)
Jul 01 15:30:53 matthias-MacBookPro NetworkManager[989]: [1467379853.8088] device (wlan0): supplicant interface state: completed -> disconnected
Jul 01 15:30:53 matthias-MacBookPro NetworkManager[989]: [1467379853.8116] device (wlan0): state change: disconnected -> prepare (reason 'none') [30 40 0]
Jul 01 15:30:53 matthias-MacBookPro NetworkManager[989]: [1467379853.8117] manager: NetworkManager state is now CONNECTING
Jul 01 15:30:53 matthias-MacBookPro NetworkManager[989]: [1467379853.8129] device (wlan0): state change: prepare -> config (reason 'none') [40 50 0]
Jul 01 15:30:53 matthias-MacBookPro NetworkManager[989]: [1467379853.8133] device (wlan0): Activation: (wifi) connection 'unispital-public' requires no security. No secrets needed.
Jul 01 15:30:53 matthias-MacBookPro NetworkManager[989]: [1467379853.8133] Config: added 'ssid' value 'unispital-public'
Jul 01 15:30:53 matthias-MacBookPro NetworkManager[989]: [1467379853.8134] Config: added 'scan_ssid' value '1'
Jul 01 15:30:53 matthias-MacBookPro NetworkManager[989]: [1467379853.8134] Config: added 'key_mgmt' value 'NONE'
Jul 01 15:30:53 matthias-MacBookPro NetworkManager[989]: [1467379853.8329] sup-iface[0x9fa170,wlan0]: config: set interface ap_scan to 1
Jul 01 15:30:57 matthias-MacBookPro wpa_supplicant[1254]: wlan0: CTRL-EVENT-REGDOM-CHANGE init=BEACON_HINT type=UNKNOWN
Jul 01 15:30:57 matthias-MacBookPro wpa_supplicant[1254]: wlan0: CTRL-EVENT-REGDOM-CHANGE init=BEACON_HINT type=UNKNOWN
Jul 01 15:30:57 matthias-MacBookPro wpa_supplicant[1254]: wlan0: CTRL-EVENT-REGDOM-CHANGE init=BEACON_HINT type=UNKNOWN
Jul 01 15:30:57 matthias-MacBookPro wpa_supplicant[1254]: wlan0: Trying to associate with 00:1b:90:77:50:f0 (SSID='unispital-public' freq=2412 MHz)
Jul 01 15:30:57 matthias-MacBookPro NetworkManager[989]: [1467379857.0511] device (wlan0): supplicant interface state: disconnected -> associating
Jul 01 15:30:57 matthias-MacBookPro wpa_supplicant[1254]: wlan0: Associated with 00:1b:90:77:50:f0
Jul 01 15:30:57 matthias-MacBookPro wpa_supplicant[1254]: wlan0: CTRL-EVENT-CONNECTED - Connection to 00:1b:90:77:50:f0 completed [id=0 id_str=]
Jul 01 15:30:57 matthias-MacBookPro NetworkManager[989]: [1467379857.1098] device (wlan0): supplicant interface state: associating -> completed
Jul 01 15:30:57 matthias-MacBookPro NetworkManager[989]: [1467379857.1102] device (wlan0): Activation: (wifi) Stage 2 of 5 (Device Configure) successful. Connected to wireless network 'unispital-public'.
Jul 01 15:30:57 matthias-MacBookPro NetworkManager[989]: [1467379857.1175] device (wlan0): state change: config -> ip-config (reason 'none') [50 70 0]
Jul 01 15:30:57 matthias-MacBookPro NetworkManager[989]: [1467379857.1226] dhcp4 (wlan0): activation: beginning transaction (timeout in 45 seconds)
Jul 01 15:30:57 matthias-MacBookPro NetworkManager[989]: [1467379857.1411] dhcp4 (wlan0): dhclient started with pid 7958
Jul 01 15:30:57 matthias-MacBookPro kernel: cfg80211: Regulatory domain changed to country: CH
Jul 01 15:30:57 matthias-MacBookPro kernel: cfg80211: DFS Master region: ETSI
Jul 01 15:30:57 matthias-MacBookPro kernel: cfg80211: (start_freq - end_freq @ bandwidth), (max_antenna_gain, max_eirp), (dfs_cac_time)
Jul 01 15:30:57 matthias-MacBookPro kernel: cfg80211: (2402000 KHz - 2482000 KHz @ 40000 KHz), (N/A, 2000 mBm), (N/A)
Jul 01 15:30:57 matthias-MacBookPro kernel: cfg80211: (5170000 KHz - 5250000 KHz @ 80000 KHz, 160000 KHz AUTO), (N/A, 2000 mBm), (N/A)
Jul 01 15:30:57 matthias-MacBookPro kernel: cfg80211: (5250000 KHz - 5330000 KHz @ 80000 KHz, 160000 KHz AUTO), (N/A, 2000 mBm), (0 s)
Jul 01 15:30:57 matthias-MacBookPro kernel: cfg80211: (5490000 KHz - 5710000 KHz @ 160000 KHz), (N/A, 2700 mBm), (0 s)
Jul 01 15:30:57 matthias-MacBookPro kernel: cfg80211: (57000000 KHz - 66000000 KHz @ 2160000 KHz), (N/A, 4000 mBm), (N/A)
Jul 01 15:30:57 matthias-MacBookPro wpa_supplicant[1254]: wlan0: CTRL-EVENT-REGDOM-CHANGE init=COUNTRY_IE type=COUNTRY alpha2=CH
Jul 01 15:30:57 matthias-MacBookPro dhclient[7958]: DHCPREQUEST of 10.129.240.94 on wlan0 to 255.255.255.255 port 67 (xid=0x7895f46b)
Jul 01 15:30:57 matthias-MacBookPro dhclient[7958]: DHCPACK of 10.129.240.94 from 1.2.3.4
Jul 01 15:30:57 matthias-MacBookPro NetworkManager[989]: [1467379857.2183] address 10.129.240.94
Jul 01 15:30:57 matthias-MacBookPro NetworkManager[989]: [1467379857.2184] plen 22 (255.255.252.0)
Jul 01 15:30:57 matthias-MacBookPro NetworkManager[989]: [1467379857.2184] gateway 10.129.243.254
Jul 01 15:30:57 matthias-MacBookPro NetworkManager[989]: [1467379857.2184] server identifier 1.2.3.4
Jul 01 15:30:57 matthias-MacBookPro NetworkManager[989]: [1467379857.2184] lease time 600
Jul 01 15:30:57 matthias-MacBookPro NetworkManager[989]: [1467379857.2184] nameserver '185.12.129.33'
Jul 01 15:30:57 matthias-MacBookPro NetworkManager[989]: [1467379857.2184] domain name 'client.guest.usz.ch'
Jul 01 15:30:57 matthias-MacBookPro NetworkManager[989]: [1467379857.2184] dhcp4 (wlan0): state changed unknown -> bound
Jul 01 15:30:57 matthias-MacBookPro NetworkManager[989]: [1467379857.2227] device (wlan0): state change: ip-config -> ip-check (reason 'none') [70 80 0]
Jul 01 15:30:57 matthias-MacBookPro NetworkManager[989]: [1467379857.2237] device (wlan0): state change: ip-check -> secondaries (reason 'none') [80 90 0]
Jul 01 15:30:57 matthias-MacBookPro NetworkManager[989]: [1467379857.2241] device (wlan0): state change: secondaries -> activated (reason 'none') [90 100 0]
Jul 01 15:30:57 matthias-MacBookPro NetworkManager[989]: [1467379857.2242] manager: NetworkManager state is now CONNECTED_LOCAL
Jul 01 15:30:57 matthias-MacBookPro dhclient[7958]: bound to 10.129.240.94 -- renewal in 242 seconds.
Jul 01 15:30:57 matthias-MacBookPro NetworkManager[989]: [1467379857.2465] manager: NetworkManager state is now CONNECTED_GLOBAL
Jul 01 15:30:57 matthias-MacBookPro NetworkManager[989]: [1467379857.2467] policy: set 'unispital-public' (wlan0) as default for IPv4 routing and DNS
Jul 01 15:30:57 matthias-MacBookPro NetworkManager[989]: [1467379857.2469] dns-mgr: Writing DNS information to /sbin/resolvconf
Jul 01 15:30:57 matthias-MacBookPro NetworkManager[989]: [1467379857.3658] device (wlan0): Activation: successful, device activated.
Jul 01 15:34:59 matthias-MacBookPro dhclient[7958]: DHCPREQUEST of 10.129.240.94 on wlan0 to 1.2.3.4 port 67 (xid=0x7895f46b)
Jul 01 15:34:59 matthias-MacBookPro dhclient[7958]: DHCPACK of 10.129.240.94 from 1.2.3.4
Jul 01 15:34:59 matthias-MacBookPro NetworkManager[989]: [1467380099.2359] address 10.129.240.94
Jul 01 15:34:59 matthias-MacBookPro NetworkManager[989]: [1467380099.2360] plen 22 (255.255.252.0)
Jul 01 15:34:59 matthias-MacBookPro NetworkManager[989]: [1467380099.2360] gateway 10.129.243.254
Jul 01 15:34:59 matthias-MacBookPro NetworkManager[989]: [1467380099.2360] server identifier 1.2.3.4
Jul 01 15:34:59 matthias-MacBookPro NetworkManager[989]: [1467380099.2360] lease time 600
Jul 01 15:34:59 matthias-MacBookPro NetworkManager[989]: [1467380099.2360] nameserver '185.12.129.33'
Jul 01 15:34:59 matthias-MacBookPro NetworkManager[989]: [1467380099.2361] domain name 'client.guest.usz.ch'
Jul 01 15:34:59 matthias-MacBookPro NetworkManager[989]: [1467380099.2361] dhcp4 (wlan0): state changed bound -> bound
Jul 01 15:34:59 matthias-MacBookPro dhclient[7958]: bound to 10.129.240.94 -- renewal in 230 seconds.
Jul 01 15:38:49 matthias-MacBookPro dhclient[7958]: DHCPREQUEST of 10.129.240.94 on wlan0 to 1.2.3.4 port 67 (xid=0x7895f46b)
Jul 01 15:38:49 matthias-MacBookPro dhclient[7958]: DHCPACK of 10.129.240.94 from 1.2.3.4
Jul 01 15:38:49 matthias-MacBookPro NetworkManager[989]: [1467380329.8377] address 10.129.240.94
Jul 01 15:38:49 matthias-MacBookPro NetworkManager[989]: [1467380329.8377] plen 22 (255.255.252.0)
Jul 01 15:38:49 matthias-MacBookPro NetworkManager[989]: [1467380329.8378] gateway 10.129.243.254
Jul 01 15:38:49 matthias-MacBookPro NetworkManager[989]: [1467380329.8378] server identifier 1.2.3.4
Jul 01 15:38:49 matthias-MacBookPro NetworkManager[989]: [1467380329.8378] lease time 600
Jul 01 15:38:49 matthias-MacBookPro NetworkManager[989]: [1467380329.8379] nameserver '185.12.129.33'
Jul 01 15:38:49 matthias-MacBookPro NetworkManager[989]: [1467380329.8379] domain name 'client.guest.usz.ch'
Jul 01 15:38:49 matthias-MacBookPro NetworkManager[989]: [1467380329.8379] dhcp4 (wlan0): state changed bound -> bound
Jul 01 15:38:49 matthias-MacBookPro dhclient[7958]: bound to 10.129.240.94 -- renewal in 246 seconds.
Jul 01 15:42:55 matthias-MacBookPro dhclient[7958]: DHCPREQUEST of 10.129.240.94 on wlan0 to 1.2.3.4 port 67 (xid=0x7895f46b)
Jul 01 15:42:55 matthias-MacBookPro dhclient[7958]: DHCPACK of 10.129.240.94 from 1.2.3.4
Jul 01 15:42:55 matthias-MacBookPro NetworkManager[989]: [1467380575.6706] address 10.129.240.94
Jul 01 15:42:55 matthias-MacBookPro NetworkManager[989]: [1467380575.6706] plen 22 (255.255.252.0)
Jul 01 15:42:55 matthias-MacBookPro NetworkManager[989]: [1467380575.6707] gateway 10.129.243.254
Jul 01 15:42:55 matthias-MacBookPro NetworkManager[989]: [1467380575.6707] server identifier 1.2.3.4
Jul 01 15:42:55 matthias-MacBookPro NetworkManager[989]: [1467380575.6707] lease time 600
Jul 01 15:42:55 matthias-MacBookPro NetworkManager[989]: [1467380575.6708] nameserver '185.12.129.33'
Jul 01 15:42:55 matthias-MacBookPro NetworkManager[989]: [1467380575.6708] domain name 'client.guest.usz.ch'
Jul 01 15:42:55 matthias-MacBookPro NetworkManager[989]: [1467380575.6709] dhcp4 (wlan0): state changed bound -> bound
Jul 01 15:42:55 matthias-MacBookPro dhclient[7958]: bound to 10.129.240.94 -- renewal in 258 seconds.
Jul 01 15:47:13 matthias-MacBookPro dhclient[7958]: DHCPREQUEST of 10.129.240.94 on wlan0 to 1.2.3.4 port 67 (xid=0x7895f46b)
Jul 01 15:47:13 matthias-MacBookPro dhclient[7958]: DHCPACK of 10.129.240.94 from 1.2.3.4
Jul 01 15:47:13 matthias-MacBookPro NetworkManager[989]: [1467380833.5902] address 10.129.240.94
Jul 01 15:47:13 matthias-MacBookPro NetworkManager[989]: [1467380833.5903] plen 22 (255.255.252.0)
Jul 01 15:47:13 matthias-MacBookPro NetworkManager[989]: [1467380833.5903] gateway 10.129.243.254
Jul 01 15:47:13 matthias-MacBookPro NetworkManager[989]: [1467380833.5904] server identifier 1.2.3.4
Jul 01 15:47:13 matthias-MacBookPro NetworkManager[989]: [1467380833.5904] lease time 600
Jul 01 15:47:13 matthias-MacBookPro NetworkManager[989]: [1467380833.5905] nameserver '185.12.129.33'
Jul 01 15:47:13 matthias-MacBookPro NetworkManager[989]: [1467380833.5905] domain name 'client.guest.usz.ch'
Jul 01 15:47:13 matthias-MacBookPro NetworkManager[989]: [1467380833.5906] dhcp4 (wlan0): state changed bound -> bound
Jul 01 15:47:13 matthias-MacBookPro dhclient[7958]: bound to 10.129.240.94 -- renewal in 283 seconds.
Jul 01 15:51:56 matthias-MacBookPro dhclient[7958]: DHCPREQUEST of 10.129.240.94 on wlan0 to 1.2.3.4 port 67 (xid=0x7895f46b)
Jul 01 15:51:56 matthias-MacBookPro dhclient[7958]: DHCPACK of 10.129.240.94 from 1.2.3.4
Jul 01 15:51:56 matthias-MacBookPro NetworkManager[989]: [1467381116.4884] address 10.129.240.94
Jul 01 15:51:56 matthias-MacBookPro NetworkManager[989]: [1467381116.4885] plen 22 (255.255.252.0)
Jul 01 15:51:56 matthias-MacBookPro NetworkManager[989]: [1467381116.4885] gateway 10.129.243.254
Jul 01 15:51:56 matthias-MacBookPro NetworkManager[989]: [1467381116.4885] server identifier 1.2.3.4
Jul 01 15:51:56 matthias-MacBookPro NetworkManager[989]: [1467381116.4885] lease time 600
Jul 01 15:51:56 matthias-MacBookPro NetworkManager[989]: [1467381116.4886] nameserver '185.12.129.33'
Jul 01 15:51:56 matthias-MacBookPro NetworkManager[989]: [1467381116.4886] domain name 'client.guest.usz.ch'
Jul 01 15:51:56 matthias-MacBookPro NetworkManager[989]: [1467381116.4887] dhcp4 (wlan0): state changed bound -> bound
Jul 01 15:51:56 matthias-MacBookPro dhclient[7958]: bound to 10.129.240.94 -- renewal in 257 seconds.
Jul 01 15:56:13 matthias-MacBookPro dhclient[7958]: DHCPREQUEST of 10.129.240.94 on wlan0 to 1.2.3.4 port 67 (xid=0x7895f46b)
Jul 01 15:56:13 matthias-MacBookPro dhclient[7958]: DHCPACK of 10.129.240.94 from 1.2.3.4
Jul 01 15:56:14 matthias-MacBookPro NetworkManager[989]: [1467381374.0033] address 10.129.240.94
Jul 01 15:56:14 matthias-MacBookPro NetworkManager[989]: [1467381374.0034] plen 22 (255.255.252.0)
Jul 01 15:56:14 matthias-MacBookPro NetworkManager[989]: [1467381374.0034] gateway 10.129.243.254
Jul 01 15:56:14 matthias-MacBookPro NetworkManager[989]: [1467381374.0034] server identifier 1.2.3.4
Jul 01 15:56:14 matthias-MacBookPro NetworkManager[989]: [1467381374.0035] lease time 600
Jul 01 15:56:14 matthias-MacBookPro NetworkManager[989]: [1467381374.0035] nameserver '185.12.129.33'
Jul 01 15:56:14 matthias-MacBookPro NetworkManager[989]: [1467381374.0035] domain name 'client.guest.usz.ch'
Jul 01 15:56:14 matthias-MacBookPro NetworkManager[989]: [1467381374.0035] dhcp4 (wlan0): state changed bound -> bound
Jul 01 15:56:14 matthias-MacBookPro dhclient[7958]: bound to 10.129.240.94 -- renewal in 298 seconds.
Jul 01 16:01:12 matthias-MacBookPro dhclient[7958]: DHCPREQUEST of 10.129.240.94 on wlan0 to 1.2.3.4 port 67 (xid=0x7895f46b)
Jul 01 16:01:12 matthias-MacBookPro dhclient[7958]: DHCPACK of 10.129.240.94 from 1.2.3.4
Jul 01 16:01:12 matthias-MacBookPro NetworkManager[989]: [1467381672.6381] address 10.129.240.94
Jul 01 16:01:12 matthias-MacBookPro NetworkManager[989]: [1467381672.6382] plen 22 (255.255.252.0)
Jul 01 16:01:12 matthias-MacBookPro NetworkManager[989]: [1467381672.6382] gateway 10.129.243.254
Jul 01 16:01:12 matthias-MacBookPro NetworkManager[989]: [1467381672.6382] server identifier 1.2.3.4
Jul 01 16:01:12 matthias-MacBookPro NetworkManager[989]: [1467381672.6382] lease time 600
Jul 01 16:01:12 matthias-MacBookPro NetworkManager[989]: [1467381672.6382] nameserver '185.12.129.33'
Jul 01 16:01:12 matthias-MacBookPro NetworkManager[989]: [1467381672.6383] domain name 'client.guest.usz.ch'
Jul 01 16:01:12 matthias-MacBookPro NetworkManager[989]: [1467381672.6383] dhcp4 (wlan0): state changed bound -> bound
Jul 01 16:01:12 matthias-MacBookPro dhclient[7958]: bound to 10.129.240.94 -- renewal in 299 seconds.
Jul 01 16:06:11 matthias-MacBookPro dhclient[7958]: DHCPREQUEST of 10.129.240.94 on wlan0 to 1.2.3.4 port 67 (xid=0x7895f46b)
Jul 01 16:06:11 matthias-MacBookPro dhclient[7958]: DHCPACK of 10.129.240.94 from 1.2.3.4
Jul 01 16:06:11 matthias-MacBookPro NetworkManager[989]: [1467381971.9825] address 10.129.240.94
Jul 01 16:06:11 matthias-MacBookPro NetworkManager[989]: [1467381971.9825] plen 22 (255.255.252.0)
Jul 01 16:06:11 matthias-MacBookPro NetworkManager[989]: [1467381971.9826] gateway 10.129.243.254
Jul 01 16:06:11 matthias-MacBookPro NetworkManager[989]: [1467381971.9827] server identifier 1.2.3.4
Jul 01 16:06:11 matthias-MacBookPro NetworkManager[989]: [1467381971.9827] lease time 600
Jul 01 16:06:11 matthias-MacBookPro NetworkManager[989]: [1467381971.9827] nameserver '185.12.129.33'
Jul 01 16:06:11 matthias-MacBookPro NetworkManager[989]: [1467381971.9828] domain name 'client.guest.usz.ch'
Jul 01 16:06:11 matthias-MacBookPro NetworkManager[989]: [1467381971.9828] dhcp4 (wlan0): state changed bound -> bound
Jul 01 16:06:11 matthias-MacBookPro dhclient[7958]: bound to 10.129.240.94 -- renewal in 256 seconds.
Jul 01 16:10:27 matthias-MacBookPro dhclient[7958]: DHCPREQUEST of 10.129.240.94 on wlan0 to 1.2.3.4 port 67 (xid=0x7895f46b)
Jul 01 16:10:27 matthias-MacBookPro dhclient[7958]: DHCPACK of 10.129.240.94 from 1.2.3.4
Jul 01 16:10:27 matthias-MacBookPro NetworkManager[989]: [1467382227.4697] address 10.129.240.94
Jul 01 16:10:27 matthias-MacBookPro NetworkManager[989]: [1467382227.4697] plen 22 (255.255.252.0)
Jul 01 16:10:27 matthias-MacBookPro NetworkManager[989]: [1467382227.4698] gateway 10.129.243.254
Jul 01 16:10:27 matthias-MacBookPro NetworkManager[989]: [1467382227.4698] server identifier 1.2.3.4
Jul 01 16:10:27 matthias-MacBookPro NetworkManager[989]: [1467382227.4698] lease time 600
Jul 01 16:10:27 matthias-MacBookPro NetworkManager[989]: [1467382227.4698] nameserver '185.12.129.33'
Jul 01 16:10:27 matthias-MacBookPro NetworkManager[989]: [1467382227.4698] domain name 'client.guest.usz.ch'
Jul 01 16:10:27 matthias-MacBookPro NetworkManager[989]: [1467382227.4699] dhcp4 (wlan0): state changed bound -> bound
Jul 01 16:10:27 matthias-MacBookPro dhclient[7958]: bound to 10.129.240.94 -- renewal in 288 seconds.
Jul 01 16:15:15 matthias-MacBookPro dhclient[7958]: DHCPREQUEST of 10.129.240.94 on wlan0 to 1.2.3.4 port 67 (xid=0x7895f46b)
Jul 01 16:15:15 matthias-MacBookPro dhclient[7958]: DHCPACK of 10.129.240.94 from 1.2.3.4
Jul 01 16:15:15 matthias-MacBookPro NetworkManager[989]: [1467382515.7345] address 10.129.240.94
Jul 01 16:15:15 matthias-MacBookPro NetworkManager[989]: [1467382515.7345] plen 22 (255.255.252.0)
Jul 01 16:15:15 matthias-MacBookPro NetworkManager[989]: [1467382515.7346] gateway 10.129.243.254
Jul 01 16:15:15 matthias-MacBookPro NetworkManager[989]: [1467382515.7346] server identifier 1.2.3.4
Jul 01 16:15:15 matthias-MacBookPro NetworkManager[989]: [1467382515.7346] lease time 600
Jul 01 16:15:15 matthias-MacBookPro NetworkManager[989]: [1467382515.7346] nameserver '185.12.129.33'
Jul 01 16:15:15 matthias-MacBookPro NetworkManager[989]: [1467382515.7347] domain name 'client.guest.usz.ch'
Jul 01 16:15:15 matthias-MacBookPro NetworkManager[989]: [1467382515.7347] dhcp4 (wlan0): state changed bound -> bound
Jul 01 16:15:15 matthias-MacBookPro dhclient[7958]: bound to 10.129.240.94 -- renewal in 278 seconds.
Jul 01 16:19:53 matthias-MacBookPro dhclient[7958]: DHCPREQUEST of 10.129.240.94 on wlan0 to 1.2.3.4 port 67 (xid=0x7895f46b)
Jul 01 16:19:53 matthias-MacBookPro dhclient[7958]: DHCPACK of 10.129.240.94 from 1.2.3.4
Jul 01 16:19:53 matthias-MacBookPro NetworkManager[989]: [1467382793.6177] address 10.129.240.94
Jul 01 16:19:53 matthias-MacBookPro NetworkManager[989]: [1467382793.6178] plen 22 (255.255.252.0)
Jul 01 16:19:53 matthias-MacBookPro NetworkManager[989]: [1467382793.6178] gateway 10.129.243.254
Jul 01 16:19:53 matthias-MacBookPro NetworkManager[989]: [1467382793.6178] server identifier 1.2.3.4
Jul 01 16:19:53 matthias-MacBookPro NetworkManager[989]: [1467382793.6178] lease time 600
Jul 01 16:19:53 matthias-MacBookPro NetworkManager[989]: [1467382793.6179] nameserver '185.12.129.33'
Jul 01 16:19:53 matthias-MacBookPro NetworkManager[989]: [1467382793.6179] domain name 'client.guest.usz.ch'
Jul 01 16:19:53 matthias-MacBookPro NetworkManager[989]: [1467382793.6179] dhcp4 (wlan0): state changed bound -> bound
Jul 01 16:19:53 matthias-MacBookPro dhclient[7958]: bound to 10.129.240.94 -- renewal in 272 seconds.
Jul 01 16:24:25 matthias-MacBookPro dhclient[7958]: DHCPREQUEST of 10.129.240.94 on wlan0 to 1.2.3.4 port 67 (xid=0x7895f46b)
Jul 01 16:24:25 matthias-MacBookPro dhclient[7958]: DHCPACK of 10.129.240.94 from 1.2.3.4
Jul 01 16:24:25 matthias-MacBookPro NetworkManager[989]: [1467383065.9087] address 10.129.240.94
Jul 01 16:24:25 matthias-MacBookPro NetworkManager[989]: [1467383065.9088] plen 22 (255.255.252.0)
Jul 01 16:24:25 matthias-MacBookPro NetworkManager[989]: [1467383065.9088] gateway 10.129.243.254
Jul 01 16:24:25 matthias-MacBookPro NetworkManager[989]: [1467383065.9089] server identifier 1.2.3.4
Jul 01 16:24:25 matthias-MacBookPro NetworkManager[989]: [1467383065.9089] lease time 600
Jul 01 16:24:25 matthias-MacBookPro NetworkManager[989]: [1467383065.9089] nameserver '185.12.129.33'
Jul 01 16:24:25 matthias-MacBookPro NetworkManager[989]: [1467383065.9090] domain name 'client.guest.usz.ch'
Jul 01 16:24:25 matthias-MacBookPro NetworkManager[989]: [1467383065.9090] dhcp4 (wlan0): state changed bound -> bound
Jul 01 16:24:25 matthias-MacBookPro dhclient[7958]: bound to 10.129.240.94 -- renewal in 267 seconds.
Jul 01 16:28:52 matthias-MacBookPro dhclient[7958]: DHCPREQUEST of 10.129.240.94 on wlan0 to 1.2.3.4 port 67 (xid=0x7895f46b)
Jul 01 16:28:52 matthias-MacBookPro dhclient[7958]: DHCPACK of 10.129.240.94 from 1.2.3.4
Jul 01 16:28:52 matthias-MacBookPro NetworkManager[989]: [1467383332.1832] address 10.129.240.94
Jul 01 16:28:52 matthias-MacBookPro NetworkManager[989]: [1467383332.1833] plen 22 (255.255.252.0)
Jul 01 16:28:52 matthias-MacBookPro NetworkManager[989]: [1467383332.1833] gateway 10.129.243.254
Jul 01 16:28:52 matthias-MacBookPro NetworkManager[989]: [1467383332.1833] server identifier 1.2.3.4
Jul 01 16:28:52 matthias-MacBookPro NetworkManager[989]: [1467383332.1834] lease time 600
Jul 01 16:28:52 matthias-MacBookPro NetworkManager[989]: [1467383332.1834] nameserver '185.12.129.33'
Jul 01 16:28:52 matthias-MacBookPro NetworkManager[989]: [1467383332.1834] domain name 'client.guest.usz.ch'
Jul 01 16:28:52 matthias-MacBookPro NetworkManager[989]: [1467383332.1835] dhcp4 (wlan0): state changed bound -> bound
Jul 01 16:28:52 matthias-MacBookPro dhclient[7958]: bound to 10.129.240.94 -- renewal in 259 seconds.
Jul 01 16:33:11 matthias-MacBookPro dhclient[7958]: DHCPREQUEST of 10.129.240.94 on wlan0 to 1.2.3.4 port 67 (xid=0x7895f46b)
