2015-08-13 15:31:31.735741 7ff104e317c0 0 ceph version 0.94.2 (5fb85614ca8f354284c713a2f9c610860720bbf3), process radosgw, pid 8011
2015-08-13 15:31:31.741480 7ff104e317c0 -1 Couldn't init storage provider (RADOS)
2015-08-13 15:33:30.326833 7f6dc9f337c0 0 ceph version 0.94.2 (5fb85614ca8f354284c713a2f9c610860720bbf3), process radosgw, pid 8400
2015-08-13 15:33:30.332593 7f6dc9f31700 0 -- :/1008402 >> 10.1.48.88:6789/0 pipe(0x7f6dcd8cd700 sd=8 :0 s=1 pgs=0 cs=0 l=1 c=0x7f6dcd8d19a0).fault
2015-08-13 15:33:33.332682 7f6dc98c2700 0 -- :/1008402 >> 10.1.48.88:6789/0 pipe(0x7f6dac000c00 sd=9 :0 s=1 pgs=0 cs=0 l=1 c=0x7f6dac004ea0).fault
2015-08-13 15:33:36.332924 7f6dc9f31700 0 -- :/1008402 >> 10.1.48.88:6789/0 pipe(0x7f6dac0080e0 sd=9 :0 s=1 pgs=0 cs=0 l=1 c=0x7f6dac00c380).fault
2015-08-13 15:33:39.333161 7f6dc98c2700 0 -- :/1008402 >> 10.1.48.88:6789/0 pipe(0x7f6dac000c00 sd=9 :0 s=1 pgs=0 cs=0 l=1 c=0x7f6dac0064a0).fault
2015-08-13 15:33:42.333331 7f6dc9f31700 0 -- :/1008402 >> 10.1.48.88:6789/0 pipe(0x7f6dac0080e0 sd=9 :0 s=1 pgs=0 cs=0 l=1 c=0x7f6dac0056e0).fault
2015-08-13 15:33:45.333755 7f6dc98c2700 0 -- :/1008402 >> 10.1.48.88:6789/0 pipe(0x7f6dac000c00 sd=8 :0 s=1 pgs=0 cs=0 l=1 c=0x7f6dac004ea0).fault
2015-08-13 15:33:48.333906 7f6dc9f31700 0 -- :/1008402 >> 10.1.48.88:6789/0 pipe(0x7f6dac0080e0 sd=8 :0 s=1 pgs=0 cs=0 l=1 c=0x7f6dac00e580).fault
2015-08-13 15:33:51.333980 7f6dc98c2700 0 -- :/1008402 >> 10.1.48.88:6789/0 pipe(0x7f6dac000c00 sd=9 :0 s=1 pgs=0 cs=0 l=1 c=0x7f6dac004ea0).fault
2015-08-13 15:33:54.334184 7f6dc9f31700 0 -- :/1008402 >> 10.1.48.88:6789/0 pipe(0x7f6dac0080e0 sd=9 :0 s=1 pgs=0 cs=0 l=1 c=0x7f6dac012430).fault
2015-08-13 15:33:57.334512 7f6dc98c2700 0 -- :/1008402 >> 10.1.48.88:6789/0 pipe(0x7f6dac000c00 sd=8 :0 s=1 pgs=0 cs=0 l=1 c=0x7f6dac004ea0).fault
2015-08-13 15:34:00.334605 7f6dc9f31700 0 -- :/1008402 >> 10.1.48.88:6789/0 pipe(0x7f6dac0080e0 sd=9 :0 s=1 pgs=0 cs=0 l=1 c=0x7f6dac0134e0).fault
2015-08-13 15:34:00.426202 7f4b67d4e7c0 0 ceph version 0.94.2 (5fb85614ca8f354284c713a2f9c610860720bbf3), process radosgw, pid 8551
2015-08-13 15:34:00.433657 7f4b67d4c700 0 -- :/1008553 >> 10.1.48.88:6789/0 pipe(0x7f4b69fc8740 sd=8 :0 s=1 pgs=0 cs=0 l=1 c=0x7f4b69fcc9e0).fault
2015-08-13 15:34:03.432650 7f4b676dd700 0 -- :/1008553 >> 10.1.48.88:6789/0 pipe(0x7f4b44000c00 sd=8 :0 s=1 pgs=0 cs=0 l=1 c=0x7f4b44004ea0).fault
2015-08-13 15:34:06.432832 7f4b67d4c700 0 -- :/1008553 >> 10.1.48.88:6789/0 pipe(0x7f4b440080e0 sd=9 :0 s=1 pgs=0 cs=0 l=1 c=0x7f4b4400c380).fault
2015-08-13 15:34:09.433079 7f4b676dd700 0 -- :/1008553 >> 10.1.48.88:6789/0 pipe(0x7f4b44000c00 sd=9 :0 s=1 pgs=0 cs=0 l=1 c=0x7f4b440064a0).fault
2015-08-13 15:34:12.433335 7f4b67d4c700 0 -- :/1008553 >> 10.1.48.88:6789/0 pipe(0x7f4b440080e0 sd=9 :0 s=1 pgs=0 cs=0 l=1 c=0x7f4b440056e0).fault
2015-08-13 15:34:15.433532 7f4b676dd700 0 -- :/1008553 >> 10.1.48.88:6789/0 pipe(0x7f4b44000c00 sd=9 :0 s=1 pgs=0 cs=0 l=1 c=0x7f4b44004ea0).fault
2015-08-13 15:34:18.433778 7f4b67d4c700 0 -- :/1008553 >> 10.1.48.88:6789/0 pipe(0x7f4b440080e0 sd=9 :0 s=1 pgs=0 cs=0 l=1 c=0x7f4b4400e4b0).fault
2015-08-13 15:34:21.433977 7f4b676dd700 0 -- :/1008553 >> 10.1.48.88:6789/0 pipe(0x7f4b44000c00 sd=9 :0 s=1 pgs=0 cs=0 l=1 c=0x7f4b44004ea0).fault
2015-08-13 15:34:24.434178 7f4b67d4c700 0 -- :/1008553 >> 10.1.48.88:6789/0 pipe(0x7f4b440080e0 sd=9 :0 s=1 pgs=0 cs=0 l=1 c=0x7f4b440106e0).fault
2015-08-13 15:34:27.434385 7f4b676dd700 0 -- :/1008553 >> 10.1.48.88:6789/0 pipe(0x7f4b44000c00 sd=9 :0 s=1 pgs=0 cs=0 l=1 c=0x7f4b44004ea0).fault
2015-08-13 15:34:30.434606 7f4b67d4c700 0 -- :/1008553 >> 10.1.48.88:6789/0 pipe(0x7f4b440080e0 sd=9 :0 s=1 pgs=0 cs=0 l=1 c=0x7f4b440120e0).fault
2015-08-13 15:34:33.434787 7f4b676dd700 0 -- :/1008553 >> 10.1.48.88:6789/0 pipe(0x7f4b44000c00 sd=9 :0 s=1 pgs=0 cs=0 l=1 c=0x7f4b44004ea0).fault
2015-08-13 15:34:36.435015 7f4b67d4c700 0 -- :/1008553 >> 10.1.48.88:6789/0 pipe(0x7f4b440080e0 sd=9 :0 s=1 pgs=0 cs=0 l=1 c=0x7f4b44012b80).fault
2015-08-13 15:34:39.435272 7f4b676dd700 0 -- :/1008553 >> 10.1.48.88:6789/0 pipe(0x7f4b44000c00 sd=9 :0 s=1 pgs=0 cs=0 l=1 c=0x7f4b44004ea0).fault
2015-08-13 15:34:42.435473 7f4b67d4c700 0 -- :/1008553 >> 10.1.48.88:6789/0 pipe(0x7f4b440080e0 sd=9 :0 s=1 pgs=0 cs=0 l=1 c=0x7f4b4400c380).fault
2015-08-13 15:34:45.435643 7f4b676dd700 0 -- :/1008553 >> 10.1.48.88:6789/0 pipe(0x7f4b44000c00 sd=9 :0 s=1 pgs=0 cs=0 l=1 c=0x7f4b44004ea0).fault
2015-08-13 15:34:48.435896 7f4b67d4c700 0 -- :/1008553 >> 10.1.48.88:6789/0 pipe(0x7f4b440080e0 sd=9 :0 s=1 pgs=0 cs=0 l=1 c=0x7f4b4400c380).fault
2015-08-13 15:34:51.436111 7f4b676dd700 0 -- :/1008553 >> 10.1.48.88:6789/0 pipe(0x7f4b44000c00 sd=9 :0 s=1 pgs=0 cs=0 l=1 c=0x7f4b44004ea0).fault
2015-08-13 15:34:54.436341 7f4b67d4c700 0 -- :/1008553 >> 10.1.48.88:6789/0 pipe(0x7f4b440080e0 sd=9 :0 s=1 pgs=0 cs=0 l=1 c=0x7f4b4400c380).fault
2015-08-13 15:34:57.436561 7f4b676dd700 0 -- :/1008553 >> 10.1.48.88:6789/0 pipe(0x7f4b44000c00 sd=9 :0 s=1 pgs=0 cs=0 l=1 c=0x7f4b44004ea0).fault
2015-08-13 15:35:00.436714 7f4b67d4c700 0 -- :/1008553 >> 10.1.48.88:6789/0 pipe(0x7f4b440080e0 sd=9 :0 s=1 pgs=0 cs=0 l=1 c=0x7f4b4400c380).fault
2015-08-13 15:35:03.436971 7f4b676dd700 0 -- :/1008553 >> 10.1.48.88:6789/0 pipe(0x7f4b44000c00 sd=9 :0 s=1 pgs=0 cs=0 l=1 c=0x7f4b44004ea0).fault
2015-08-13 15:35:06.437202 7f4b67d4c700 0 -- :/1008553 >> 10.1.48.88:6789/0 pipe(0x7f4b440080e0 sd=9 :0 s=1 pgs=0 cs=0 l=1 c=0x7f4b4400c380).fault
2015-08-13 15:35:09.437469 7f4b676dd700 0 -- :/1008553 >> 10.1.48.88:6789/0 pipe(0x7f4b44000c00 sd=9 :0 s=1 pgs=0 cs=0 l=1 c=0x7f4b44004ea0).fault
2015-08-13 15:35:12.437673 7f4b67d4c700 0 -- :/1008553 >> 10.1.48.88:6789/0 pipe(0x7f4b440080e0 sd=9 :0 s=1 pgs=0 cs=0 l=1 c=0x7f4b4400c380).fault
2015-08-13 15:35:15.438134 7f4b676dd700 0 -- :/1008553 >> 10.1.48.88:6789/0 pipe(0x7f4b44000c00 sd=8 :0 s=1 pgs=0 cs=0 l=1 c=0x7f4b44004ea0).fault
2015-08-13 15:35:18.438182 7f4b67d4c700 0 -- :/1008553 >> 10.1.48.88:6789/0 pipe(0x7f4b440080e0 sd=9 :0 s=1 pgs=0 cs=0 l=1 c=0x7f4b4400c380).fault
2015-08-13 15:35:21.438397 7f4b676dd700 0 -- :/1008553 >> 10.1.48.88:6789/0 pipe(0x7f4b44000c00 sd=9 :0 s=1 pgs=0 cs=0 l=1 c=0x7f4b44004ea0).fault
2015-08-13 15:35:24.438642 7f4b67d4c700 0 -- :/1008553 >> 10.1.48.88:6789/0 pipe(0x7f4b440080e0 sd=9 :0 s=1 pgs=0 cs=0 l=1 c=0x7f4b4400c380).fault
2015-08-13 15:35:27.438834 7f4b676dd700 0 -- :/1008553 >> 10.1.48.88:6789/0 pipe(0x7f4b44000c00 sd=9 :0 s=1 pgs=0 cs=0 l=1 c=0x7f4b44004ea0).fault
2015-08-13 15:35:30.439103 7f4b67d4c700 0 -- :/1008553 >> 10.1.48.88:6789/0 pipe(0x7f4b440080e0 sd=9 :0 s=1 pgs=0 cs=0 l=1 c=0x7f4b4400c380).fault
2015-08-13 15:35:33.439320 7f4b676dd700 0 -- :/1008553 >> 10.1.48.88:6789/0 pipe(0x7f4b44000c00 sd=9 :0 s=1 pgs=0 cs=0 l=1 c=0x7f4b44004ea0).fault
2015-08-13 15:35:36.439545 7f4b67d4c700 0 -- :/1008553 >> 10.1.48.88:6789/0 pipe(0x7f4b440080e0 sd=9 :0 s=1 pgs=0 cs=0 l=1 c=0x7f4b4400c380).fault
2015-08-13 15:35:39.439787 7f4b676dd700 0 -- :/1008553 >> 10.1.48.88:6789/0 pipe(0x7f4b44000c00 sd=9 :0 s=1 pgs=0 cs=0 l=1 c=0x7f4b44004ea0).fault
2015-08-13 15:35:42.441798 7f4b67d4c700 0 -- :/1008553 >> 10.1.48.88:6789/0 pipe(0x7f4b440080e0 sd=8 :0 s=1 pgs=0 cs=0 l=1 c=0x7f4b4400c380).fault
2015-08-13 15:35:45.440346 7f4b676dd700 0 -- :/1008553 >> 10.1.48.88:6789/0 pipe(0x7f4b44000c00 sd=8 :0 s=1 pgs=0 cs=0 l=1 c=0x7f4b44004ea0).fault
2015-08-13 15:35:47.838947 7f3c670767c0 0 ceph version 0.94.2 (5fb85614ca8f354284c713a2f9c610860720bbf3), process radosgw, pid 8766
2015-08-13 15:35:47.851385 7f3c67074700 0 -- :/1008768 >> 10.1.48.88:6789/0 pipe(0x7f3c6a92b700 sd=8 :0 s=1 pgs=0 cs=0 l=1 c=0x7f3c6a92f9a0).fault
2015-08-13 15:35:50.851370 7f3c66a05700 0 -- :/1008768 >> 10.1.48.88:6789/0 pipe(0x7f3c48000c00 sd=9 :0 s=1 pgs=0 cs=0 l=1 c=0x7f3c48004ea0).fault
2015-08-13 15:35:53.851585 7f3c67074700 0 -- :/1008768 >> 10.1.48.88:6789/0 pipe(0x7f3c480080e0 sd=9 :0 s=1 pgs=0 cs=0 l=1 c=0x7f3c4800c380).fault
2015-08-13 15:35:56.851948 7f3c66a05700 0 -- :/1008768 >> 10.1.48.88:6789/0 pipe(0x7f3c48000c00 sd=8 :0 s=1 pgs=0 cs=0 l=1 c=0x7f3c480064a0).fault
2015-08-13 15:35:59.852147 7f3c67074700 0 -- :/1008768 >> 10.1.48.88:6789/0 pipe(0x7f3c480080e0 sd=8 :0 s=1 pgs=0 cs=0 l=1 c=0x7f3c480056e0).fault
2015-08-13 15:36:02.852235 7f3c66a05700 0 -- :/1008768 >> 10.1.48.88:6789/0 pipe(0x7f3c48000c00 sd=9 :0 s=1 pgs=0 cs=0 l=1 c=0x7f3c48004ea0).fault
2015-08-13 15:36:05.852630 7f3c67074700 0 -- :/1008768 >> 10.1.48.88:6789/0 pipe(0x7f3c480080e0 sd=9 :0 s=1 pgs=0 cs=0 l=1 c=0x7f3c4800e580).fault
2015-08-13 15:36:08.853072 7f3c66a05700 0 -- :/1008768 >> 10.1.48.88:6789/0 pipe(0x7f3c48000c00 sd=9 :0 s=1 pgs=0 cs=0 l=1 c=0x7f3c48004ea0).fault
2015-08-13 15:36:11.853151 7f3c67074700 0 -- :/1008768 >> 10.1.48.88:6789/0 pipe(0x7f3c480080e0 sd=9 :0 s=1 pgs=0 cs=0 l=1 c=0x7f3c48012430).fault
2015-08-13 15:36:14.853518 7f3c66a05700 0 -- :/1008768 >> 10.1.48.88:6789/0 pipe(0x7f3c48000c00 sd=9 :0 s=1 pgs=0 cs=0 l=1 c=0x7f3c48004ea0).fault
2015-08-13 15:36:17.853728 7f3c67074700 0 -- :/1008768 >> 10.1.48.88:6789/0 pipe(0x7f3c480080e0 sd=9 :0 s=1 pgs=0 cs=0 l=1 c=0x7f3c48013230).fault
2015-08-13 15:36:20.854011 7f3c66a05700 0 -- :/1008768 >> 10.1.48.88:6789/0 pipe(0x7f3c48000c00 sd=8 :0 s=1 pgs=0 cs=0 l=1 c=0x7f3c48004ea0).fault
2015-08-13 15:36:23.854537 7f3c67074700 0 -- :/1008768 >> 10.1.48.88:6789/0 pipe(0x7f3c480080e0 sd=8 :0 s=1 pgs=0 cs=0 l=1 c=0x7f3c48011cd0).fault
2015-08-13 15:36:26.854902 7f3c66a05700 0 -- :/1008768 >> 10.1.48.88:6789/0 pipe(0x7f3c48000c00 sd=9 :0 s=1 pgs=0 cs=0 l=1 c=0x7f3c48013df0).fault
2015-08-13 15:36:29.855387 7f3c67074700 0 -- :/1008768 >> 10.1.48.88:6789/0 pipe(0x7f3c480080e0 sd=9 :0 s=1 pgs=0 cs=0 l=1 c=0x7f3c4800c380).fault
2015-08-13 15:36:32.855757 7f3c66a05700 0 -- :/1008768 >> 10.1.48.88:6789/0 pipe(0x7f3c48000c00 sd=9 :0 s=1 pgs=0 cs=0 l=1 c=0x7f3c48010bf0).fault
2015-08-13 15:36:35.856361 7f3c67074700 0 -- :/1008768 >> 10.1.48.88:6789/0 pipe(0x7f3c480080e0 sd=9 :0 s=1 pgs=0 cs=0 l=1 c=0x7f3c4800c380).fault
2015-08-13 15:36:38.856441 7f3c66a05700 0 -- :/1008768 >> 10.1.48.88:6789/0 pipe(0x7f3c48000c00 sd=9 :0 s=1 pgs=0 cs=0 l=1 c=0x7f3c4800d1d0).fault
2015-08-13 15:36:41.856794 7f3c67074700 0 -- :/1008768 >> 10.1.48.88:6789/0 pipe(0x7f3c480080e0 sd=8 :0 s=1 pgs=0 cs=0 l=1 c=0x7f3c4800c380).fault
2015-08-13 15:36:44.856853 7f3c66a05700 0 -- :/1008768 >> 10.1.48.88:6789/0 pipe(0x7f3c48000c00 sd=9 :0 s=1 pgs=0 cs=0 l=1 c=0x7f3c48007050).fault
2015-08-13 15:36:47.857136 7f3c67074700 0 -- :/1008768 >> 10.1.48.88:6789/0 pipe(0x7f3c480080e0 sd=9 :0 s=1 pgs=0 cs=0 l=1 c=0x7f3c4800c380).fault
2015-08-13 15:36:50.857290 7f3c66a05700 0 -- :/1008768 >> 10.1.48.88:6789/0 pipe(0x7f3c48000c00 sd=9 :0 s=1 pgs=0 cs=0 l=1 c=0x7f3c48013f90).fault
2015-08-13 15:36:53.857804 7f3c67074700 0 -- :/1008768 >> 10.1.48.88:6789/0 pipe(0x7f3c480080e0 sd=8 :0 s=1 pgs=0 cs=0 l=1 c=0x7f3c4800c380).fault
2015-08-13 15:36:56.857810 7f3c66a05700 0 -- :/1008768 >> 10.1.48.88:6789/0 pipe(0x7f3c48000c00 sd=9 :0 s=1 pgs=0 cs=0 l=1 c=0x7f3c48015f50).fault
2015-08-13 15:36:59.858258 7f3c67074700 0 -- :/1008768 >> 10.1.48.88:6789/0 pipe(0x7f3c480080e0 sd=9 :0 s=1 pgs=0 cs=0 l=1 c=0x7f3c4800c380).fault
2015-08-13 15:37:02.858397 7f3c66a05700 0 -- :/1008768 >> 10.1.48.88:6789/0 pipe(0x7f3c48000c00 sd=9 :0 s=1 pgs=0 cs=0 l=1 c=0x7f3c4801bc30).fault
2015-08-13 15:37:05.858588 7f3c67074700 0 -- :/1008768 >> 10.1.48.88:6789/0 pipe(0x7f3c480080e0 sd=9 :0 s=1 pgs=0 cs=0 l=1 c=0x7f3c4800c380).fault
2015-08-13 15:37:08.859290 7f3c66a05700 0 -- :/1008768 >> 10.1.48.88:6789/0 pipe(0x7f3c48000c00 sd=9 :0 s=1 pgs=0 cs=0 l=1 c=0x7f3c48016500).fault
2015-08-13 15:37:11.860043 7f3c67074700 0 -- :/1008768 >> 10.1.48.88:6789/0 pipe(0x7f3c480080e0 sd=9 :0 s=1 pgs=0 cs=0 l=1 c=0x7f3c4800c380).fault
2015-08-13 15:37:14.860810 7f3c66a05700 0 -- :/1008768 >> 10.1.48.88:6789/0 pipe(0x7f3c48000c00 sd=9 :0 s=1 pgs=0 cs=0 l=1 c=0x7f3c48017fb0).fault
2015-08-13 15:37:17.861108 7f3c67074700 0 -- :/1008768 >> 10.1.48.88:6789/0 pipe(0x7f3c480080e0 sd=9 :0 s=1 pgs=0 cs=0 l=1 c=0x7f3c4800c380).fault
2015-08-13 15:37:20.862044 7f3c66a05700 0 -- :/1008768 >> 10.1.48.88:6789/0 pipe(0x7f3c48000c00 sd=9 :0 s=1 pgs=0 cs=0 l=1 c=0x7f3c4801f390).fault
2015-08-13 15:37:23.862300 7f3c67074700 0 -- :/1008768 >> 10.1.48.88:6789/0 pipe(0x7f3c480080e0 sd=9 :0 s=1 pgs=0 cs=0 l=1 c=0x7f3c4800c380).fault
2015-08-13 15:37:26.863084 7f3c66a05700 0 -- :/1008768 >> 10.1.48.88:6789/0 pipe(0x7f3c48000c00 sd=9 :0 s=1 pgs=0 cs=0 l=1 c=0x7f3c4800fd20).fault
2015-08-13 15:37:29.863309 7f3c67074700 0 -- :/1008768 >> 10.1.48.88:6789/0 pipe(0x7f3c480080e0 sd=8 :0 s=1 pgs=0 cs=0 l=1 c=0x7f3c4800c380).fault
2015-08-13 15:37:32.864130 7f3c66a05700 0 -- :/1008768 >> 10.1.48.88:6789/0 pipe(0x7f3c48000c00 sd=9 :0 s=1 pgs=0 cs=0 l=1 c=0x7f3c4801ff00).fault
2015-08-13 15:37:35.864929 7f3c67074700 0 -- :/1008768 >> 10.1.48.88:6789/0 pipe(0x7f3c480080e0 sd=9 :0 s=1 pgs=0 cs=0 l=1 c=0x7f3c480206c0).fault
2015-08-13 15:37:38.865464 7f3c66a05700 0 -- :/1008768 >> 10.1.48.88:6789/0 pipe(0x7f3c48000c00 sd=9 :0 s=1 pgs=0 cs=0 l=1 c=0x7f3c48021230).fault
2015-08-13 15:37:41.866482 7f3c67074700 0 -- :/1008768 >> 10.1.48.88:6789/0 pipe(0x7f3c480080e0 sd=9 :0 s=1 pgs=0 cs=0 l=1 c=0x7f3c48018530).fault
2015-08-13 15:37:44.866635 7f3c66a05700 0 -- :/1008768 >> 10.1.48.88:6789/0 pipe(0x7f3c48000c00 sd=8 :0 s=1 pgs=0 cs=0 l=1 c=0x7f3c48021540).fault
2015-08-13 15:37:47.867323 7f3c67074700 0 -- :/1008768 >> 10.1.48.88:6789/0 pipe(0x7f3c480080e0 sd=9 :0 s=1 pgs=0 cs=0 l=1 c=0x7f3c4801a0e0).fault
2015-08-13 15:37:50.868182 7f3c66a05700 0 -- :/1008768 >> 10.1.48.88:6789/0 pipe(0x7f3c48000c00 sd=9 :0 s=1 pgs=0 cs=0 l=1 c=0x7f3c48021d70).fault
2015-08-13 15:37:53.868774 7f3c67074700 0 -- :/1008768 >> 10.1.48.88:6789/0 pipe(0x7f3c480080e0 sd=9 :0 s=1 pgs=0 cs=0 l=1 c=0x7f3c4801abb0).fault
2015-08-13 15:37:56.869440 7f3c66a05700 0 -- :/1008768 >> 10.1.48.88:6789/0 pipe(0x7f3c48000c00 sd=9 :0 s=1 pgs=0 cs=0 l=1 c=0x7f3c4801c250).fault
2015-08-13 15:37:59.870147 7f3c67074700 0 -- :/1008768 >> 10.1.48.88:6789/0 pipe(0x7f3c480080e0 sd=9 :0 s=1 pgs=0 cs=0 l=1 c=0x7f3c4801ca60).fault
2015-08-13 15:38:02.870726 7f3c66a05700 0 -- :/1008768 >> 10.1.48.88:6789/0 pipe(0x7f3c48000c00 sd=9 :0 s=1 pgs=0 cs=0 l=1 c=0x7f3c48019340).fault
2015-08-13 15:38:05.871237 7f3c67074700 0 -- :/1008768 >> 10.1.48.88:6789/0 pipe(0x7f3c480080e0 sd=9 :0 s=1 pgs=0 cs=0 l=1 c=0x7f3c48019b80).fault
2015-08-13 15:38:08.871981 7f3c66a05700 0 -- :/1008768 >> 10.1.48.88:6789/0 pipe(0x7f3c48000c00 sd=9 :0 s=1 pgs=0 cs=0 l=1 c=0x7f3c48022220).fault
2015-08-13 15:38:11.872728 7f3c67074700 0 -- :/1008768 >> 10.1.48.88:6789/0 pipe(0x7f3c480080e0 sd=9 :0 s=1 pgs=0 cs=0 l=1 c=0x7f3c4801dc50).fault
2015-08-13 15:38:14.873504 7f3c66a05700 0 -- :/1008768 >> 10.1.48.88:6789/0 pipe(0x7f3c48000c00 sd=9 :0 s=1 pgs=0 cs=0 l=1 c=0x7f3c48024d70).fault
2015-08-13 15:38:17.874333 7f3c67074700 0 -- :/1008768 >> 10.1.48.88:6789/0 pipe(0x7f3c480080e0 sd=9 :0 s=1 pgs=0 cs=0 l=1 c=0x7f3c4801e4e0).fault
2015-08-13 15:38:20.874877 7f3c66a05700 0 -- :/1008768 >> 10.1.48.88:6789/0 pipe(0x7f3c48000c00 sd=9 :0 s=1 pgs=0 cs=0 l=1 c=0x7f3c48024d70).fault
2015-08-13 15:38:23.875456 7f3c67074700 0 -- :/1008768 >> 10.1.48.88:6789/0 pipe(0x7f3c480080e0 sd=9 :0 s=1 pgs=0 cs=0 l=1 c=0x7f3c48022f70).fault
2015-08-13 15:38:26.875859 7f3c66a05700 0 -- :/1008768 >> 10.1.48.88:6789/0 pipe(0x7f3c48000c00 sd=9 :0 s=1 pgs=0 cs=0 l=1 c=0x7f3c48025080).fault
2015-08-13 15:38:29.876587 7f3c67074700 0 -- :/1008768 >> 10.1.48.88:6789/0 pipe(0x7f3c480080e0 sd=9 :0 s=1 pgs=0 cs=0 l=1 c=0x7f3c48026da0).fault
2015-08-13 15:38:32.877476 7f3c66a05700 0 -- :/1008768 >> 10.1.48.88:6789/0 pipe(0x7f3c48000c00 sd=9 :0 s=1 pgs=0 cs=0 l=1 c=0x7f3c480252f0).fault
2015-08-13 15:38:35.878148 7f3c67074700 0 -- :/1008768 >> 10.1.48.88:6789/0 pipe(0x7f3c480080e0 sd=9 :0 s=1 pgs=0 cs=0 l=1 c=0x7f3c480270b0).fault
2015-08-13 15:38:38.878718 7f3c66a05700 0 -- :/1008768 >> 10.1.48.88:6789/0 pipe(0x7f3c48000c00 sd=9 :0 s=1 pgs=0 cs=0 l=1 c=0x7f3c48027670).fault
2015-08-13 15:38:41.879268 7f3c67074700 0 -- :/1008768 >> 10.1.48.88:6789/0 pipe(0x7f3c480080e0 sd=9 :0 s=1 pgs=0 cs=0 l=1 c=0x7f3c480238b0).fault
2015-08-13 15:38:44.880284 7f3c66a05700 0 -- :/1008768 >> 10.1.48.88:6789/0 pipe(0x7f3c48000c00 sd=9 :0 s=1 pgs=0 cs=0 l=1 c=0x7f3c480242d0).fault
2015-08-13 15:38:47.880714 7f3c67074700 0 -- :/1008768 >> 10.1.48.88:6789/0 pipe(0x7f3c480080e0 sd=9 :0 s=1 pgs=0 cs=0 l=1 c=0x7f3c48028ec0).fault
2015-08-13 15:38:50.881328 7f3c66a05700 0 -- :/1008768 >> 10.1.48.88:6789/0 pipe(0x7f3c48000c00 sd=9 :0 s=1 pgs=0 cs=0 l=1 c=0x7f3c4802c590).fault
2015-08-13 15:38:53.881383 7f3c67074700 0 -- :/1008768 >> 10.1.48.88:6789/0 pipe(0x7f3c480080e0 sd=9 :0 s=1 pgs=0 cs=0 l=1 c=0x7f3c4802cd00).fault
2015-08-13 15:38:56.881714 7f3c66a05700 0 -- :/1008768 >> 10.1.48.88:6789/0 pipe(0x7f3c48000c00 sd=8 :0 s=1 pgs=0 cs=0 l=1 c=0x7f3c48027810).fault
2015-08-13 15:38:59.881940 7f3c67074700 0 -- :/1008768 >> 10.1.48.88:6789/0 pipe(0x7f3c480080e0 sd=8 :0 s=1 pgs=0 cs=0 l=1 c=0x7f3c48027980).fault
2015-08-13 15:39:01.126569 7fed98c767c0 0 ceph version 0.94.2 (5fb85614ca8f354284c713a2f9c610860720bbf3), process radosgw, pid 9205
2015-08-13 15:39:01.132945 7fed98c74700 0 -- :/1009207 >> 10.1.48.88:6789/0 pipe(0x7fed9b682770 sd=8 :0 s=1 pgs=0 cs=0 l=1 c=0x7fed9b686a10).fault
2015-08-13 15:39:04.131958 7fed98605700 0 -- :/1009207 >> 10.1.48.88:6789/0 pipe(0x7fed7c000c00 sd=9 :0 s=1 pgs=0 cs=0 l=1 c=0x7fed7c004ea0).fault
2015-08-13 15:39:07.132122 7fed98c74700 0 -- :/1009207 >> 10.1.48.88:6789/0 pipe(0x7fed7c0080e0 sd=8 :0 s=1 pgs=0 cs=0 l=1 c=0x7fed7c00c380).fault
2015-08-13 15:39:10.132447 7fed98605700 0 -- :/1009207 >> 10.1.48.88:6789/0 pipe(0x7fed7c00d5d0 sd=8 :0 s=1 pgs=0 cs=0 l=1 c=0x7fed7c007340).fault
2015-08-13 15:39:12.654400 7f0f2e9847c0 0 ceph version 0.94.2 (5fb85614ca8f354284c713a2f9c610860720bbf3), process radosgw, pid 9411
2015-08-13 15:39:12.662391 7f0f2e982700 0 -- :/1009413 >> 10.1.48.88:6789/0 pipe(0x7f0f308ac120 sd=8 :0 s=1 pgs=0 cs=0 l=1 c=0x7f0f308a8ad0).fault
2015-08-13 15:39:12.793072 7f89c5a897c0 0 ceph version 0.94.2 (5fb85614ca8f354284c713a2f9c610860720bbf3), process radosgw, pid 9457
2015-08-13 15:39:12.805803 7f89c5a87700 0 -- :/1009459 >> 10.1.48.88:6789/0 pipe(0x7f89c8eff120 sd=8 :0 s=1 pgs=0 cs=0 l=1 c=0x7f89c8efbad0).fault
2015-08-13 15:39:15.810521 7f89c5a897c0 0 couldn't find old data placement pools config, setting up new ones for the zone
2015-08-13 15:39:17.099893 7f5e40f9a7c0 0 ceph version 0.94.2 (5fb85614ca8f354284c713a2f9c610860720bbf3), process radosgw, pid 9652
2015-08-13 15:39:17.108407 7f5e40f98700 0 -- :/1009654 >> 10.1.48.88:6789/0 pipe(0x7f5e44e3e050 sd=8 :0 s=1 pgs=0 cs=0 l=1 c=0x7f5e44e3adc0).fault
2015-08-13 15:39:17.235192 7f9a72c8f7c0 0 ceph version 0.94.2 (5fb85614ca8f354284c713a2f9c610860720bbf3), process radosgw, pid 9697
2015-08-13 15:39:17.247364 7f9a72c8f7c0 0 couldn't find old data placement pools config, setting up new ones for the zone
2015-08-13 15:39:21.367358 7f2f68d2e7c0 0 ceph version 0.94.2 (5fb85614ca8f354284c713a2f9c610860720bbf3), process radosgw, pid 9882
2015-08-13 15:39:21.500670 7f09d10b47c0 0 ceph version 0.94.2 (5fb85614ca8f354284c713a2f9c610860720bbf3), process radosgw, pid 9937
2015-08-13 15:39:24.407231 7f09d10b47c0 0 framework: civetweb
2015-08-13 15:39:24.407246 7f09d10b47c0 0 framework conf key: port, val: 70
2015-08-13 15:39:24.407270 7f09d10b47c0 0 starting handler: civetweb
2015-08-13 15:39:28.187979 7f09ad7fa700 -1 failed to list objects pool_iterate returned r=-2
2015-08-13 15:39:28.187990 7f09ad7fa700 0 ERROR: lists_keys_next(): ret=-2
2015-08-13 15:39:28.187995 7f09ad7fa700 0 ERROR: sync_all_users() returned ret=-2
2015-08-13 15:40:19.341212 7f09acff9700 1 handle_sigterm
2015-08-13 15:40:19.341248 7f09acff9700 1 handle_sigterm set alarm for 120
2015-08-13 15:40:19.341251 7f09d10b47c0 -1 shutting down
2015-08-13 15:40:19.458224 7f09acff9700 1 handle_sigterm
2015-08-13 15:40:19.458252 7f09acff9700 1 handle_sigterm set alarm for 120
2015-08-13 15:40:20.046138 7f09d10b47c0 1 final shutdown