2020-12-02 14:14:15.081 24 INFO neutron.wsgi [req-8e14f414-80cf-42d1-bc48-c2137754ef41 0da1bc1a3acc45d0aca57e504c04ea17 63be5b4f4d784088b73cd36e6114f00e - default default] 10.31.10.2,10.31.10.1 "GET /v2.0/subnets HTTP/1.1" status: 200 len: 2016 time: 0.0614688
2020-12-02 14:14:16.492 21 INFO neutron.wsgi [req-fef74ba9-1aa5-4a05-998c-162e52390393 0da1bc1a3acc45d0aca57e504c04ea17 63be5b4f4d784088b73cd36e6114f00e - default default] 10.31.10.20,10.31.10.1 "GET /v2.0/ports?device_id=a1cd5b9c-26b5-413f-8af6-e2fb9f3d8697 HTTP/1.1" status: 200 len: 1281 time: 0.1337793
2020-12-02 14:14:16.725 25 INFO neutron.wsgi [req-9ad508c1-03ca-4663-ab1f-ca08efdd7ec8 0da1bc1a3acc45d0aca57e504c04ea17 63be5b4f4d784088b73cd36e6114f00e - default default] 10.31.10.2,10.31.10.1 "GET /v2.0/floatingips?port_id=902028fa-f267-424a-b762-3bc7354d5423&tenant_id=63be5b4f4d784088b73cd36e6114f00e HTTP/1.1" status: 200 len: 193 time: 0.0589736
2020-12-02 14:14:17.065 24 INFO neutron.wsgi [req-4ad9292d-93da-4d30-bb3b-494286ca4814 0da1bc1a3acc45d0aca57e504c04ea17 63be5b4f4d784088b73cd36e6114f00e - default default] 10.31.10.2,10.31.10.1 "GET /v2.0/subnets HTTP/1.1" status: 200 len: 2016 time: 0.0629220
2020-12-02 14:14:21.844 24 INFO neutron.wsgi [req-331b138c-ceb3-4e1c-8098-5b5eee049e33 851af1939a9b4ff8808a741857d37b46 761947fab1374992bf04ee79f6b6b929 - default default] 10.31.10.2,10.31.10.1 "GET /v2.0/ports?device_id=43362a64-7c50-48f8-b7e2-97a6f3ab6ba6&fields=binding%3Ahost_id&fields=binding%3Avif_type HTTP/1.1" status: 200 len: 238 time: 0.1569879
2020-12-02 14:14:22.280 21 INFO neutron.wsgi [req-0d96c6df-f996-4fc5-a9e9-71e0baf4e0fc 851af1939a9b4ff8808a741857d37b46 761947fab1374992bf04ee79f6b6b929 - default default] 10.31.10.2,10.31.10.1 "GET /v2.0/floatingips?fixed_ip_address=10.31.12.174&port_id=b808505d-ff26-458c-9a69-56093e82c8de HTTP/1.1" status: 200 len: 193 time: 0.0628061
2020-12-02 14:14:22.602 21 INFO neutron.wsgi [req-d22704b0-4d7c-4af4-a1f4-537ed9aa1ff6 851af1939a9b4ff8808a741857d37b46 761947fab1374992bf04ee79f6b6b929 - default default] 10.31.10.2,10.31.10.1 "GET /v2.0/networks/31d7fa17-bee4-4ca0-8150-8bdf6a8ca8c2?fields=segments HTTP/1.1" status: 200 len: 188 time: 0.1220176
2020-12-02 14:14:26.564 23 INFO neutron.wsgi [-] 10.31.10.1 "GET / HTTP/1.1" status: 200 len: 228 time: 0.0074668
2020-12-02 14:14:56.756 23 INFO neutron.wsgi [-] 10.31.10.1 "GET / HTTP/1.1" status: 200 len: 228 time: 0.0054569
2020-12-02 14:15:10.528 21 INFO neutron.wsgi [req-7f81b985-2282-42bd-b141-b2ebe70d219c 851af1939a9b4ff8808a741857d37b46 761947fab1374992bf04ee79f6b6b929 - default default] 10.31.10.3,10.31.10.1 "GET /v2.0/ports?tenant_id=63be5b4f4d784088b73cd36e6114f00e&device_id=a1cd5b9c-26b5-413f-8af6-e2fb9f3d8697 HTTP/1.1" status: 200 len: 1281 time: 0.0739448
2020-12-02 14:15:11.012 22 INFO neutron.wsgi [req-881e2b59-48a2-4630-8b7f-1cb446b5a996 851af1939a9b4ff8808a741857d37b46 761947fab1374992bf04ee79f6b6b929 - default default] 10.31.10.3,10.31.10.1 "GET /v2.0/subnets?id=226b7ffb-b593-46b7-a0aa-f239c871bd0c HTTP/1.1" status: 200 len: 783 time: 0.0814683
2020-12-02 14:15:11.370 22 INFO neutron.wsgi [req-185daa5a-30f5-47fc-a8a2-dc981210f80d 851af1939a9b4ff8808a741857d37b46 761947fab1374992bf04ee79f6b6b929 - default default] 10.31.10.3,10.31.10.1 "GET /v2.0/networks/c8e1bba8-da86-4439-a984-1085e84d9405?fields=provider%3Aphysical_network&fields=provider%3Anetwork_type HTTP/1.1" status: 200 len: 257 time: 0.1396236
2020-12-02 14:15:22.089 22 INFO neutron.wsgi [req-dba97fef-11db-491f-8177-e0256c489ef4 851af1939a9b4ff8808a741857d37b46 761947fab1374992bf04ee79f6b6b929 - default default] 10.31.10.2,10.31.10.1 "GET /v2.0/networks?id=31d7fa17-bee4-4ca0-8150-8bdf6a8ca8c2 HTTP/1.1" status: 200 len: 902 time: 0.1164851
2020-12-02 14:15:22.322 22 INFO neutron.wsgi [req-cf6cdcb4-2fe8-4e44-81a5-05f97dbd010d 851af1939a9b4ff8808a741857d37b46 761947fab1374992bf04ee79f6b6b929 - default default] 10.31.10.2,10.31.10.1 "GET /v2.0/ports?network_id=31d7fa17-bee4-4ca0-8150-8bdf6a8ca8c2&device_owner=network%3Adhcp HTTP/1.1" status: 200 len: 2479 time: 0.0713236
2020-12-02 14:15:26.934 24 INFO neutron.wsgi [-] 10.31.10.1 "GET / HTTP/1.1" status: 200 len: 228 time: 0.0042117
2020-12-02 14:15:57.115 22 INFO neutron.wsgi [-] 10.31.10.1 "GET / HTTP/1.1" status: 200 len: 228 time: 0.0041499
2020-12-02 14:16:08.386 24 INFO neutron.wsgi [req-6738aade-1938-46c9-b9ca-5664c47fc3ef 851af1939a9b4ff8808a741857d37b46 761947fab1374992bf04ee79f6b6b929 - default default] 10.31.10.3,10.31.10.1 "GET /v2.0/ports?device_id=a1cd5b9c-26b5-413f-8af6-e2fb9f3d8697&fields=binding%3Ahost_id&fields=binding%3Avif_type HTTP/1.1" status: 200 len: 238 time: 0.0728908
2020-12-02 14:16:08.818 24 INFO neutron.wsgi [req-af54ce4d-c7c6-4a11-afe7-e3e21b9dd4e5 851af1939a9b4ff8808a741857d37b46 761947fab1374992bf04ee79f6b6b929 - default default] 10.31.10.3,10.31.10.1 "GET /v2.0/floatingips?fixed_ip_address=10.31.11.100&port_id=902028fa-f267-424a-b762-3bc7354d5423 HTTP/1.1" status: 200 len: 193 time: 0.0672407
2020-12-02 14:16:09.110 24 INFO neutron.wsgi [req-f4b394d9-7aff-4731-ac94-303da3ebc0a9 851af1939a9b4ff8808a741857d37b46 761947fab1374992bf04ee79f6b6b929 - default default] 10.31.10.3,10.31.10.1 "GET /v2.0/networks/c8e1bba8-da86-4439-a984-1085e84d9405?fields=segments HTTP/1.1" status: 200 len: 188 time: 0.1324167
2020-12-02 14:16:22.917 25 INFO neutron.wsgi [req-e20357bc-fb10-4d2f-8518-4c3a50c413c1 851af1939a9b4ff8808a741857d37b46 761947fab1374992bf04ee79f6b6b929 - default default] 10.31.10.2,10.31.10.1 "GET /v2.0/ports?tenant_id=63be5b4f4d784088b73cd36e6114f00e&device_id=43362a64-7c50-48f8-b7e2-97a6f3ab6ba6 HTTP/1.1" status: 200 len: 1315 time: 0.0810289
2020-12-02 14:16:23.266 21 INFO neutron.wsgi [req-0f6b4e94-2268-4a78-af4a-71adc15f4370 851af1939a9b4ff8808a741857d37b46 761947fab1374992bf04ee79f6b6b929 - default default] 10.31.10.2,10.31.10.1 "GET /v2.0/subnets?id=355627ec-9f34-485a-8c9f-63327e7fe7f8 HTTP/1.1" status: 200 len: 818 time: 0.0789006
2020-12-02 14:16:23.651 25 INFO neutron.wsgi [req-9851824f-4f7a-4d77-98fd-721400b5ec09 851af1939a9b4ff8808a741857d37b46 761947fab1374992bf04ee79f6b6b929 - default default] 10.31.10.2,10.31.10.1 "GET /v2.0/networks/31d7fa17-bee4-4ca0-8150-8bdf6a8ca8c2?fields=provider%3Aphysical_network&fields=provider%3Anetwork_type HTTP/1.1" status: 200 len: 257 time: 0.1244826
2020-12-02 14:16:27.290 22 INFO neutron.wsgi [-] 10.31.10.1 "GET / HTTP/1.1" status: 200 len: 228 time: 0.0041108
2020-12-02 14:16:57.478 22 INFO neutron.wsgi [-] 10.31.10.1 "GET / HTTP/1.1" status: 200 len: 228 time: 0.0052993
2020-12-02 14:17:08.819 22 INFO neutron.wsgi [req-5182e221-05bd-4615-b55f-e0685d90cbc8 851af1939a9b4ff8808a741857d37b46 761947fab1374992bf04ee79f6b6b929 - default default] 10.31.10.3,10.31.10.1 "GET /v2.0/networks?id=c8e1bba8-da86-4439-a984-1085e84d9405 HTTP/1.1" status: 200 len: 905 time: 0.1374900
2020-12-02 14:17:09.028 22 INFO neutron.wsgi [req-106576e6-d042-4457-ad2a-6de10c63f4a3 851af1939a9b4ff8808a741857d37b46 761947fab1374992bf04ee79f6b6b929 - default default] 10.31.10.3,10.31.10.1 "GET /v2.0/ports?network_id=c8e1bba8-da86-4439-a984-1085e84d9405&device_owner=network%3Adhcp HTTP/1.1" status: 200 len: 186 time: 0.0416958
2020-12-02 14:17:22.871 22 INFO neutron.wsgi [req-3965117b-9db3-4470-ac1d-cded52864f2c 851af1939a9b4ff8808a741857d37b46 761947fab1374992bf04ee79f6b6b929 - default default] 10.31.10.2,10.31.10.1 "GET /v2.0/ports?device_id=43362a64-7c50-48f8-b7e2-97a6f3ab6ba6&fields=binding%3Ahost_id&fields=binding%3Avif_type HTTP/1.1" status: 200 len: 238 time: 0.2162125
2020-12-02 14:17:23.289 22 INFO neutron.wsgi [req-4bcebc10-3750-4977-aa55-b8d465866f3e 851af1939a9b4ff8808a741857d37b46 761947fab1374992bf04ee79f6b6b929 - default default] 10.31.10.2,10.31.10.1 "GET /v2.0/floatingips?fixed_ip_address=10.31.12.174&port_id=b808505d-ff26-458c-9a69-56093e82c8de HTTP/1.1" status: 200 len: 193 time: 0.0614510
2020-12-02 14:17:23.613 22 INFO neutron.wsgi [req-bee782a3-dc26-42f9-a81d-27b0f83034c2 851af1939a9b4ff8808a741857d37b46 761947fab1374992bf04ee79f6b6b929 - default default] 10.31.10.2,10.31.10.1 "GET /v2.0/networks/31d7fa17-bee4-4ca0-8150-8bdf6a8ca8c2?fields=segments HTTP/1.1" status: 200 len: 188 time: 0.1316361
2020-12-02 14:17:27.669 22 INFO neutron.wsgi [-] 10.31.10.1 "GET / HTTP/1.1" status: 200 len: 228 time: 0.0108309
2020-12-02 14:17:57.862 25 INFO neutron.wsgi [-] 10.31.10.1 "GET / HTTP/1.1" status: 200 len: 228 time: 0.0055516
2020-12-02 14:18:10.564 25 INFO neutron.wsgi [req-e06911a0-1956-4239-ba56-61b1ff929f13 851af1939a9b4ff8808a741857d37b46 761947fab1374992bf04ee79f6b6b929 - default default] 10.31.10.3,10.31.10.1 "GET /v2.0/ports?tenant_id=63be5b4f4d784088b73cd36e6114f00e&device_id=a1cd5b9c-26b5-413f-8af6-e2fb9f3d8697 HTTP/1.1" status: 200 len: 1281 time: 0.0833943
2020-12-02 14:18:10.885 25 INFO neutron.wsgi [req-1d647fb1-3d9d-4474-8437-ea7323c91e54 851af1939a9b4ff8808a741857d37b46 761947fab1374992bf04ee79f6b6b929 - default default] 10.31.10.3,10.31.10.1 "GET /v2.0/subnets?id=226b7ffb-b593-46b7-a0aa-f239c871bd0c HTTP/1.1" status: 200 len: 783 time: 0.0580554
2020-12-02 14:18:11.354 25 INFO neutron.wsgi [req-56e72c2f-40e4-4c6f-aa72-78b0078cb2a9 851af1939a9b4ff8808a741857d37b46 761947fab1374992bf04ee79f6b6b929 - default default] 10.31.10.3,10.31.10.1 "GET /v2.0/networks/c8e1bba8-da86-4439-a984-1085e84d9405?fields=provider%3Aphysical_network&fields=provider%3Anetwork_type HTTP/1.1" status: 200 len: 257 time: 0.2525296
2020-12-02 14:18:24.092 21 INFO neutron.wsgi [req-1eabf06d-3497-4a16-b55c-328d6f3f6a64 851af1939a9b4ff8808a741857d37b46 761947fab1374992bf04ee79f6b6b929 - default default] 10.31.10.2,10.31.10.1 "GET /v2.0/networks?id=31d7fa17-bee4-4ca0-8150-8bdf6a8ca8c2 HTTP/1.1" status: 200 len: 902 time: 0.1366549
2020-12-02 14:18:24.340 21 INFO neutron.wsgi [req-ac6eac79-d10f-496c-922c-65aea09b0c85 851af1939a9b4ff8808a741857d37b46 761947fab1374992bf04ee79f6b6b929 - default default] 10.31.10.2,10.31.10.1 "GET /v2.0/ports?network_id=31d7fa17-bee4-4ca0-8150-8bdf6a8ca8c2&device_owner=network%3Adhcp HTTP/1.1" status: 200 len: 2479 time: 0.0729868
2020-12-02 14:18:28.023 24 INFO neutron.wsgi [-] 10.31.10.1 "GET / HTTP/1.1" status: 200 len: 228 time: 0.0081601
2020-12-02 14:18:58.198 25 INFO neutron.wsgi [-] 10.31.10.1 "GET / HTTP/1.1" status: 200 len: 228 time: 0.0053968
2020-12-02 14:19:12.476 21 INFO neutron.wsgi [req-4bd35591-d072-4e73-8607-4e4780436ac7 851af1939a9b4ff8808a741857d37b46 761947fab1374992bf04ee79f6b6b929 - default default] 10.31.10.3,10.31.10.1 "GET /v2.0/ports?device_id=a1cd5b9c-26b5-413f-8af6-e2fb9f3d8697&fields=binding%3Ahost_id&fields=binding%3Avif_type HTTP/1.1" status: 200 len: 238 time: 0.1592555
2020-12-02 14:19:12.881 21 INFO neutron.wsgi [req-d8ebffd2-ac3c-4dd9-882b-3773aa087615 851af1939a9b4ff8808a741857d37b46 761947fab1374992bf04ee79f6b6b929 - default default] 10.31.10.3,10.31.10.1 "GET /v2.0/floatingips?fixed_ip_address=10.31.11.100&port_id=902028fa-f267-424a-b762-3bc7354d5423 HTTP/1.1" status: 200 len: 193 time: 0.0585258
2020-12-02 14:19:13.151 21 INFO neutron.wsgi [req-5b4d536e-973a-474f-8fb8-008dc09bdcda 851af1939a9b4ff8808a741857d37b46 761947fab1374992bf04ee79f6b6b929 - default default] 10.31.10.3,10.31.10.1 "GET /v2.0/networks/c8e1bba8-da86-4439-a984-1085e84d9405?fields=segments HTTP/1.1" status: 200 len: 188 time: 0.1217391
2020-12-02 14:19:24.006 21 INFO neutron.wsgi [req-130b68c1-6842-4ca4-90bf-f9f0b49c4422 851af1939a9b4ff8808a741857d37b46 761947fab1374992bf04ee79f6b6b929 - default default] 10.31.10.2,10.31.10.1 "GET /v2.0/ports?tenant_id=63be5b4f4d784088b73cd36e6114f00e&device_id=43362a64-7c50-48f8-b7e2-97a6f3ab6ba6 HTTP/1.1" status: 200 len: 1315 time: 0.0826745
2020-12-02 14:19:24.336 21 INFO neutron.wsgi [req-66293c35-32db-4321-8b5c-b08816a9191f 851af1939a9b4ff8808a741857d37b46 761947fab1374992bf04ee79f6b6b929 - default default] 10.31.10.2,10.31.10.1 "GET /v2.0/subnets?id=355627ec-9f34-485a-8c9f-63327e7fe7f8 HTTP/1.1" status: 200 len: 818 time: 0.0624897
2020-12-02 14:19:24.733 21 INFO neutron.wsgi [req-2d014275-0882-4480-870a-a29b5fb34dc2 851af1939a9b4ff8808a741857d37b46 761947fab1374992bf04ee79f6b6b929 - default default] 10.31.10.2,10.31.10.1 "GET /v2.0/networks/31d7fa17-bee4-4ca0-8150-8bdf6a8ca8c2?fields=provider%3Aphysical_network&fields=provider%3Anetwork_type HTTP/1.1" status: 200 len: 257 time: 0.1313632
2020-12-02 14:19:28.374 21 INFO neutron.wsgi [-] 10.31.10.1 "GET / HTTP/1.1" status: 200 len: 228 time: 0.0060890
2020-12-02 14:19:58.554 24 INFO neutron.wsgi [-] 10.31.10.1 "GET / HTTP/1.1" status: 200 len: 228 time: 0.0057387
2020-12-02 14:20:16.532 22 INFO neutron.wsgi [req-66eef216-bcbc-4ffe-9347-26b915e6ef24 851af1939a9b4ff8808a741857d37b46 761947fab1374992bf04ee79f6b6b929 - default default] 10.31.10.3,10.31.10.1 "GET /v2.0/networks?id=c8e1bba8-da86-4439-a984-1085e84d9405 HTTP/1.1" status: 200 len: 905 time: 0.1481819
2020-12-02 14:20:16.917 22 INFO neutron.wsgi [req-0779df59-6af8-45c6-9f92-e2c8f96448bd 851af1939a9b4ff8808a741857d37b46 761947fab1374992bf04ee79f6b6b929 - default default] 10.31.10.3,10.31.10.1 "GET /v2.0/ports?network_id=c8e1bba8-da86-4439-a984-1085e84d9405&device_owner=network%3Adhcp HTTP/1.1" status: 200 len: 186 time: 0.0418420
2020-12-02 14:20:23.722 25 INFO neutron.wsgi [req-2c6bea6c-1247-4224-b3a6-cef55eba0a0e 851af1939a9b4ff8808a741857d37b46 761947fab1374992bf04ee79f6b6b929 - default default] 10.31.10.2,10.31.10.1 "GET /v2.0/ports?device_id=43362a64-7c50-48f8-b7e2-97a6f3ab6ba6&fields=binding%3Ahost_id&fields=binding%3Avif_type HTTP/1.1" status: 200 len: 238 time: 0.0794544
2020-12-02 14:20:24.165 25 INFO neutron.wsgi [req-ecf3de91-7588-4f5a-8f04-5f1afdf7ed9e 851af1939a9b4ff8808a741857d37b46 761947fab1374992bf04ee79f6b6b929 - default default] 10.31.10.2,10.31.10.1 "GET /v2.0/floatingips?fixed_ip_address=10.31.12.174&port_id=b808505d-ff26-458c-9a69-56093e82c8de HTTP/1.1" status: 200 len: 193 time: 0.0598719
2020-12-02 14:20:24.492 25 INFO neutron.wsgi [req-62fbd281-7fa5-4062-9698-362d32730cf0 851af1939a9b4ff8808a741857d37b46 761947fab1374992bf04ee79f6b6b929 - default default] 10.31.10.2,10.31.10.1 "GET /v2.0/networks/31d7fa17-bee4-4ca0-8150-8bdf6a8ca8c2?fields=segments HTTP/1.1" status: 200 len: 188 time: 0.1294923
2020-12-02 14:20:28.733 22 INFO neutron.wsgi [-] 10.31.10.1 "GET / HTTP/1.1" status: 200 len: 228 time: 0.0055418
2020-12-02 14:20:58.917 23 INFO neutron.wsgi [-] 10.31.10.1 "GET / HTTP/1.1" status: 200 len: 228 time: 0.0051811
2020-12-02 14:21:18.318 25 INFO neutron.wsgi [req-46e8ce78-a6d2-4b99-999d-7fca9742c80c 851af1939a9b4ff8808a741857d37b46 761947fab1374992bf04ee79f6b6b929 - default default] 10.31.10.3,10.31.10.1 "GET /v2.0/ports?tenant_id=63be5b4f4d784088b73cd36e6114f00e&device_id=a1cd5b9c-26b5-413f-8af6-e2fb9f3d8697 HTTP/1.1" status: 200 len: 1281 time: 0.0790865
2020-12-02 14:21:18.639 25 INFO neutron.wsgi [req-2de65c02-4e11-4e84-9469-602fad68f6e2 851af1939a9b4ff8808a741857d37b46 761947fab1374992bf04ee79f6b6b929 - default default] 10.31.10.3,10.31.10.1 "GET /v2.0/subnets?id=226b7ffb-b593-46b7-a0aa-f239c871bd0c HTTP/1.1" status: 200 len: 783 time: 0.0647776
2020-12-02 14:21:18.984 25 INFO neutron.wsgi [req-b2200cd6-ec9a-4e9b-83e5-8366c1643157 851af1939a9b4ff8808a741857d37b46 761947fab1374992bf04ee79f6b6b929 - default default] 10.31.10.3,10.31.10.1 "GET /v2.0/networks/c8e1bba8-da86-4439-a984-1085e84d9405?fields=provider%3Aphysical_network&fields=provider%3Anetwork_type HTTP/1.1" status: 200 len: 257 time: 0.1278157
2020-12-02 14:21:25.160 25 INFO neutron.wsgi [req-a0e2f3ca-0e3e-431a-97fd-241f562eed8d 851af1939a9b4ff8808a741857d37b46 761947fab1374992bf04ee79f6b6b929 - default default] 10.31.10.2,10.31.10.1 "GET /v2.0/networks?id=31d7fa17-bee4-4ca0-8150-8bdf6a8ca8c2 HTTP/1.1" status: 200 len: 902 time: 0.1226079
2020-12-02 14:21:25.412 25 INFO neutron.wsgi [req-c22cc019-8f8f-42ce-8220-4f7f06f62ffd 851af1939a9b4ff8808a741857d37b46 761947fab1374992bf04ee79f6b6b929 - default default] 10.31.10.2,10.31.10.1 "GET /v2.0/ports?network_id=31d7fa17-bee4-4ca0-8150-8bdf6a8ca8c2&device_owner=network%3Adhcp HTTP/1.1" status: 200 len: 2479 time: 0.0807662
2020-12-02 14:21:29.097 23 INFO neutron.wsgi [-] 10.31.10.1 "GET / HTTP/1.1" status: 200 len: 228 time: 0.0057781
2020-12-02 14:21:59.294 25 INFO neutron.wsgi [-] 10.31.10.1 "GET / HTTP/1.1" status: 200 len: 228 time: 0.0094805
2020-12-02 14:22:19.080 25 INFO neutron.wsgi [req-154c681a-e57b-41d2-a075-a17318e3e00e 851af1939a9b4ff8808a741857d37b46 761947fab1374992bf04ee79f6b6b929 - default default] 10.31.10.3,10.31.10.1 "GET /v2.0/ports?device_id=a1cd5b9c-26b5-413f-8af6-e2fb9f3d8697&fields=binding%3Ahost_id&fields=binding%3Avif_type HTTP/1.1" status: 200 len: 238 time: 0.0757399
2020-12-02 14:22:19.516 25 INFO neutron.wsgi [req-4213e965-9f83-446c-bbab-62adb6fea5e5 851af1939a9b4ff8808a741857d37b46 761947fab1374992bf04ee79f6b6b929 - default default] 10.31.10.3,10.31.10.1 "GET /v2.0/floatingips?fixed_ip_address=10.31.11.100&port_id=902028fa-f267-424a-b762-3bc7354d5423 HTTP/1.1" status: 200 len: 193 time: 0.0604534
2020-12-02 14:22:19.785 25 INFO neutron.wsgi [req-db244478-964b-456b-8453-f1ae5f095f87 851af1939a9b4ff8808a741857d37b46 761947fab1374992bf04ee79f6b6b929 - default default] 10.31.10.3,10.31.10.1 "GET /v2.0/networks/c8e1bba8-da86-4439-a984-1085e84d9405?fields=segments HTTP/1.1" status: 200 len: 188 time: 0.1264849
2020-12-02 14:22:24.904 25 INFO neutron.wsgi [req-c0c433da-0d5e-49db-83a4-98430da7178f 851af1939a9b4ff8808a741857d37b46 761947fab1374992bf04ee79f6b6b929 - default default] 10.31.10.2,10.31.10.1 "GET /v2.0/ports?tenant_id=63be5b4f4d784088b73cd36e6114f00e&device_id=43362a64-7c50-48f8-b7e2-97a6f3ab6ba6 HTTP/1.1" status: 200 len: 1315 time: 0.0861874
2020-12-02 14:22:25.226 22 INFO neutron.wsgi [req-54ac5d12-6d73-4b88-b2e5-55099b5b1acb 851af1939a9b4ff8808a741857d37b46 761947fab1374992bf04ee79f6b6b929 - default default] 10.31.10.2,10.31.10.1 "GET /v2.0/subnets?id=355627ec-9f34-485a-8c9f-63327e7fe7f8 HTTP/1.1" status: 200 len: 818 time: 0.0661058
2020-12-02 14:22:25.617 22 INFO neutron.wsgi [req-5c513f4c-0b06-4634-bdca-f25b6c963804 851af1939a9b4ff8808a741857d37b46 761947fab1374992bf04ee79f6b6b929 - default default] 10.31.10.2,10.31.10.1 "GET /v2.0/networks/31d7fa17-bee4-4ca0-8150-8bdf6a8ca8c2?fields=provider%3Aphysical_network&fields=provider%3Anetwork_type HTTP/1.1" status: 200 len: 257 time: 0.1246464
2020-12-02 14:22:29.472 22 INFO neutron.wsgi [-] 10.31.10.1 "GET / HTTP/1.1" status: 200 len: 228 time: 0.0043800
2020-12-02 14:22:59.648 24 INFO neutron.wsgi [-] 10.31.10.1 "GET / HTTP/1.1" status: 200 len: 228 time: 0.0044546
2020-12-02 14:23:17.773 24 INFO neutron.wsgi [req-94d5167f-51fa-4437-9d82-4ce02ec00f78 851af1939a9b4ff8808a741857d37b46 761947fab1374992bf04ee79f6b6b929 - default default] 10.31.10.3,10.31.10.1 "GET /v2.0/networks?id=c8e1bba8-da86-4439-a984-1085e84d9405 HTTP/1.1" status: 200 len: 905 time: 0.1399646
2020-12-02 14:23:17.987 24 INFO neutron.wsgi [req-b6ad02b4-f530-4dd1-bd95-48757810331c 851af1939a9b4ff8808a741857d37b46 761947fab1374992bf04ee79f6b6b929 - default default] 10.31.10.3,10.31.10.1 "GET /v2.0/ports?network_id=c8e1bba8-da86-4439-a984-1085e84d9405&device_owner=network%3Adhcp HTTP/1.1" status: 200 len: 186 time: 0.0422750
2020-12-02 14:23:26.718 22 INFO neutron.wsgi [req-658a83f3-7596-457c-86ef-aa4c3d3b392c 851af1939a9b4ff8808a741857d37b46 761947fab1374992bf04ee79f6b6b929 - default default] 10.31.10.2,10.31.10.1 "GET /v2.0/ports?device_id=43362a64-7c50-48f8-b7e2-97a6f3ab6ba6&fields=binding%3Ahost_id&fields=binding%3Avif_type HTTP/1.1" status: 200 len: 238 time: 0.0834615
2020-12-02 14:23:27.169 21 INFO neutron.wsgi [req-91fff6c4-746f-42fd-892f-2cb9c74c8246 851af1939a9b4ff8808a741857d37b46 761947fab1374992bf04ee79f6b6b929 - default default] 10.31.10.2,10.31.10.1 "GET /v2.0/floatingips?fixed_ip_address=10.31.12.174&port_id=b808505d-ff26-458c-9a69-56093e82c8de HTTP/1.1" status: 200 len: 193 time: 0.0696430
2020-12-02 14:23:27.370 21 INFO neutron.wsgi [req-5beaaae1-d35f-4d4e-a313-a15bcebab89d 851af1939a9b4ff8808a741857d37b46 761947fab1374992bf04ee79f6b6b929 - default default] 10.31.10.2,10.31.10.1 "GET /v2.0/extensions HTTP/1.1" status: 200 len: 14561 time: 0.0107417
2020-12-02 14:23:29.822 21 INFO neutron.wsgi [-] 10.31.10.1 "GET / HTTP/1.1" status: 200 len: 228 time: 0.0056419
2020-12-02 14:23:59.981 23 INFO neutron.wsgi [-] 10.31.10.1 "GET / HTTP/1.1" status: 200 len: 228 time: 0.0062971
2020-12-02 14:24:19.598 21 INFO neutron.wsgi [req-31ade717-91fb-4ab2-96eb-a0229196c12a 851af1939a9b4ff8808a741857d37b46 761947fab1374992bf04ee79f6b6b929 - default default] 10.31.10.3,10.31.10.1 "GET /v2.0/ports?device_id=a1cd5b9c-26b5-413f-8af6-e2fb9f3d8697&fields=binding%3Ahost_id&fields=binding%3Avif_type HTTP/1.1" status: 200 len: 238 time: 0.2654850
2020-12-02 14:24:20.015 21 INFO neutron.wsgi [req-f43a6f79-b22b-4ce2-8922-2134ebf586a0 851af1939a9b4ff8808a741857d37b46 761947fab1374992bf04ee79f6b6b929 - default default] 10.31.10.3,10.31.10.1 "GET /v2.0/floatingips?fixed_ip_address=10.31.11.100&port_id=902028fa-f267-424a-b762-3bc7354d5423 HTTP/1.1" status: 200 len: 193 time: 0.0607893
2020-12-02 14:24:20.185 21 INFO neutron.wsgi [req-5cab83f8-714c-42a3-b567-c107fc957aab 851af1939a9b4ff8808a741857d37b46 761947fab1374992bf04ee79f6b6b929 - default default] 10.31.10.3,10.31.10.1 "GET /v2.0/extensions HTTP/1.1" status: 200 len: 14561 time: 0.0113082
2020-12-02 14:24:26.817 22 INFO neutron.wsgi [req-14ef8918-a07e-474f-8abe-f337fdea2547 851af1939a9b4ff8808a741857d37b46 761947fab1374992bf04ee79f6b6b929 - default default] 10.31.10.2,10.31.10.1 "GET /v2.0/ports?device_id=43362a64-7c50-48f8-b7e2-97a6f3ab6ba6&fields=binding%3Ahost_id&fields=binding%3Avif_type HTTP/1.1" status: 200 len: 238 time: 0.1846044
2020-12-02 14:24:27.527 22 INFO neutron.wsgi [req-b7b07e4d-ceba-444d-9d63-c644dfb84e7d 851af1939a9b4ff8808a741857d37b46 761947fab1374992bf04ee79f6b6b929 - default default] 10.31.10.2,10.31.10.1 "GET /v2.0/floatingips?fixed_ip_address=10.31.12.174&port_id=b808505d-ff26-458c-9a69-56093e82c8de HTTP/1.1" status: 200 len: 193 time: 0.0593927
2020-12-02 14:24:27.859 22 INFO neutron.wsgi [req-25be330a-147d-44ae-9828-3b5ddd8ebdd9 851af1939a9b4ff8808a741857d37b46 761947fab1374992bf04ee79f6b6b929 - default default] 10.31.10.2,10.31.10.1 "GET /v2.0/networks/31d7fa17-bee4-4ca0-8150-8bdf6a8ca8c2?fields=segments HTTP/1.1" status: 200 len: 188 time: 0.1255889
2020-12-02 14:24:30.168 24 INFO neutron.wsgi [-] 10.31.10.1 "GET / HTTP/1.1" status: 200 len: 228 time: 0.0041573
2020-12-02 14:25:00.381 22 INFO neutron.wsgi [-] 10.31.10.1 "GET / HTTP/1.1" status: 200 len: 228 time: 0.0108466
2020-12-02 14:25:21.605 22 INFO neutron.wsgi [req-1681e085-7147-49a4-be00-590a78320f96 851af1939a9b4ff8808a741857d37b46 761947fab1374992bf04ee79f6b6b929 - default default] 10.31.10.3,10.31.10.1 "GET /v2.0/ports?tenant_id=63be5b4f4d784088b73cd36e6114f00e&device_id=a1cd5b9c-26b5-413f-8af6-e2fb9f3d8697 HTTP/1.1" status: 200 len: 1281 time: 0.0739946
2020-12-02 14:25:21.943 24 INFO neutron.wsgi [req-376910ac-c471-4a21-b027-b6c161aa6059 851af1939a9b4ff8808a741857d37b46 761947fab1374992bf04ee79f6b6b929 - default default] 10.31.10.3,10.31.10.1 "GET /v2.0/subnets?id=226b7ffb-b593-46b7-a0aa-f239c871bd0c HTTP/1.1" status: 200 len: 783 time: 0.0709836
2020-12-02 14:25:22.288 21 INFO neutron.wsgi [req-7a67b54a-dd72-4131-b83e-c02a37b00f79 851af1939a9b4ff8808a741857d37b46 761947fab1374992bf04ee79f6b6b929 - default default] 10.31.10.3,10.31.10.1 "GET /v2.0/networks/c8e1bba8-da86-4439-a984-1085e84d9405?fields=provider%3Aphysical_network&fields=provider%3Anetwork_type HTTP/1.1" status: 200 len: 257 time: 0.1232104
2020-12-02 14:25:29.067 21 INFO neutron.wsgi [req-75f82b04-e975-4a34-ae8c-8c6853e7ba59 851af1939a9b4ff8808a741857d37b46 761947fab1374992bf04ee79f6b6b929 - default default] 10.31.10.2,10.31.10.1 "GET /v2.0/networks?id=31d7fa17-bee4-4ca0-8150-8bdf6a8ca8c2 HTTP/1.1" status: 200 len: 902 time: 0.1239452
2020-12-02 14:25:29.313 21 INFO neutron.wsgi [req-176ed487-ba79-45c1-a414-da67fb79cb18 851af1939a9b4ff8808a741857d37b46 761947fab1374992bf04ee79f6b6b929 - default default] 10.31.10.2,10.31.10.1 "GET /v2.0/ports?network_id=31d7fa17-bee4-4ca0-8150-8bdf6a8ca8c2&device_owner=network%3Adhcp HTTP/1.1" status: 200 len: 2479 time: 0.0780809
2020-12-02 14:25:30.560 22 INFO neutron.wsgi [-] 10.31.10.1 "GET / HTTP/1.1" status: 200 len: 228 time: 0.0048378
2020-12-02 14:26:00.725 25 INFO neutron.wsgi [-] 10.31.10.1 "GET / HTTP/1.1" status: 200 len: 228 time: 0.0043206
2020-12-02 14:26:24.553 23 INFO neutron.wsgi [req-e263fc1b-5a91-48ff-9e54-68415e64eff1 0da1bc1a3acc45d0aca57e504c04ea17 63be5b4f4d784088b73cd36e6114f00e - default default] 10.31.10.20,10.31.10.1 "GET /v2.0/ports?device_id=a1cd5b9c-26b5-413f-8af6-e2fb9f3d8697&device_id=43362a64-7c50-48f8-b7e2-97a6f3ab6ba6 HTTP/1.1" status: 200 len: 2409 time: 0.5990427
2020-12-02 14:26:25.410 24 INFO neutron.wsgi [req-a65cb268-bc01-4360-8ff4-31c91bd09c27 851af1939a9b4ff8808a741857d37b46 761947fab1374992bf04ee79f6b6b929 - default default] 10.31.10.3,10.31.10.1 "GET /v2.0/ports?tenant_id=63be5b4f4d784088b73cd36e6114f00e&device_id=a1cd5b9c-26b5-413f-8af6-e2fb9f3d8697 HTTP/1.1" status: 200 len: 1281 time: 0.0705311
2020-12-02 14:26:25.725 24 INFO neutron.wsgi [req-25a595b4-bfff-4133-9f53-5ca04e91edfb 851af1939a9b4ff8808a741857d37b46 761947fab1374992bf04ee79f6b6b929 - default default] 10.31.10.3,10.31.10.1 "GET /v2.0/subnets?id=226b7ffb-b593-46b7-a0aa-f239c871bd0c HTTP/1.1" status: 200 len: 783 time: 0.0616815
2020-12-02 14:26:26.170 24 INFO neutron.wsgi [req-d3e9d213-2a51-4a6f-a061-2e51c304e73d 851af1939a9b4ff8808a741857d37b46 761947fab1374992bf04ee79f6b6b929 - default default] 10.31.10.3,10.31.10.1 "GET /v2.0/networks/c8e1bba8-da86-4439-a984-1085e84d9405?fields=provider%3Aphysical_network&fields=provider%3Anetwork_type HTTP/1.1" status: 200 len: 257 time: 0.1154380
2020-12-02 14:26:30.910 24 INFO neutron.wsgi [-] 10.31.10.1 "GET / HTTP/1.1" status: 200 len: 228 time: 0.0071952
2020-12-02 14:26:31.068 24 INFO neutron.wsgi [req-08f2856c-94ff-46d8-aabd-81f84c8b07d6 851af1939a9b4ff8808a741857d37b46 761947fab1374992bf04ee79f6b6b929 - default default] 10.31.10.2,10.31.10.1 "GET /v2.0/networks?id=31d7fa17-bee4-4ca0-8150-8bdf6a8ca8c2 HTTP/1.1" status: 200 len: 902 time: 0.1139488
2020-12-02 14:26:31.307 24 INFO neutron.wsgi [req-ca5e0501-c52c-471d-81d7-8e8cce834982 851af1939a9b4ff8808a741857d37b46 761947fab1374992bf04ee79f6b6b929 - default default] 10.31.10.2,10.31.10.1 "GET /v2.0/ports?network_id=31d7fa17-bee4-4ca0-8150-8bdf6a8ca8c2&device_owner=network%3Adhcp HTTP/1.1" status: 200 len: 2479 time: 0.0681396
2020-12-02 14:26:44.155 25 INFO neutron.wsgi [req-01c116fe-47ce-456e-ad55-af6ac27bc424 0da1bc1a3acc45d0aca57e504c04ea17 63be5b4f4d784088b73cd36e6114f00e - default default] 10.31.10.2,10.31.10.1 "GET /v2.0/ports?device_id=a1cd5b9c-26b5-413f-8af6-e2fb9f3d8697&device_id=43362a64-7c50-48f8-b7e2-97a6f3ab6ba6 HTTP/1.1" status: 200 len: 2409 time: 0.1749742
2020-12-02 14:26:44.406 25 INFO neutron.wsgi [req-202010fe-243d-46af-864f-a24fc92d93db 0da1bc1a3acc45d0aca57e504c04ea17 63be5b4f4d784088b73cd36e6114f00e - default default] 10.31.10.2,10.31.10.1 "GET /v2.0/floatingips?port_id=902028fa-f267-424a-b762-3bc7354d5423&port_id=b808505d-ff26-458c-9a69-56093e82c8de&tenant_id=63be5b4f4d784088b73cd36e6114f00e HTTP/1.1" status: 200 len: 193 time: 0.0591569
2020-12-02 14:26:44.749 25 INFO neutron.wsgi [req-0d83b2d8-24d0-45b2-ae8f-26ad66cf5dbd 0da1bc1a3acc45d0aca57e504c04ea17 63be5b4f4d784088b73cd36e6114f00e - default default] 10.31.10.2,10.31.10.1 "GET /v2.0/subnets HTTP/1.1" status: 200 len: 2016 time: 0.0655940
2020-12-02 14:26:49.004 25 INFO neutron.wsgi [req-b8c0af54-47a5-4257-becf-70304ad07565 0da1bc1a3acc45d0aca57e504c04ea17 63be5b4f4d784088b73cd36e6114f00e - default default] 10.31.10.2,10.31.10.1 "GET /v2.0/networks?tenant_id=63be5b4f4d784088b73cd36e6114f00e&shared=False HTTP/1.1" status: 200 len: 905 time: 0.1292040
2020-12-02 14:26:49.347 24 INFO neutron.wsgi [req-ca3efb9e-76a3-4f01-84c1-c789123d450c 0da1bc1a3acc45d0aca57e504c04ea17 63be5b4f4d784088b73cd36e6114f00e - default default] 10.31.10.2,10.31.10.1 "GET /v2.0/extensions HTTP/1.1" status: 200 len: 14561 time: 0.0105515
2020-12-02 14:26:49.424 24 INFO neutron.wsgi [req-5aadecba-47b4-4749-9351-4b1111cc247b 0da1bc1a3acc45d0aca57e504c04ea17 63be5b4f4d784088b73cd36e6114f00e - default default] 10.31.10.2,10.31.10.1 "GET /v2.0/ports?network_id=31d7fa17-bee4-4ca0-8150-8bdf6a8ca8c2 HTTP/1.1" status: 200 len: 3607 time: 0.0658586
2020-12-02 14:27:01.089 22 INFO neutron.wsgi [-] 10.31.10.1 "GET / HTTP/1.1" status: 200 len: 228 time: 0.0061107
2020-12-02 14:27:25.536 24 INFO neutron.wsgi [req-fba25543-4188-4d47-84ee-95b919ec8813 851af1939a9b4ff8808a741857d37b46 761947fab1374992bf04ee79f6b6b929 - default default] 10.31.10.3,10.31.10.1 "GET /v2.0/networks?id=c8e1bba8-da86-4439-a984-1085e84d9405 HTTP/1.1" status: 200 len: 905 time: 0.1177809
2020-12-02 14:27:25.770 21 INFO neutron.wsgi [req-3fb22b98-73a0-4a35-81e8-9b058f594ed3 851af1939a9b4ff8808a741857d37b46 761947fab1374992bf04ee79f6b6b929 - default default] 10.31.10.3,10.31.10.1 "GET /v2.0/ports?network_id=c8e1bba8-da86-4439-a984-1085e84d9405&device_owner=network%3Adhcp HTTP/1.1" status: 200 len: 186 time: 0.0401535
2020-12-02 14:27:30.742 25 INFO neutron.wsgi [req-2b4e5d8d-8e0b-476c-b2d7-ed4a626bf695 851af1939a9b4ff8808a741857d37b46 761947fab1374992bf04ee79f6b6b929 - default default] 10.31.10.2,10.31.10.1 "GET /v2.0/ports?device_id=43362a64-7c50-48f8-b7e2-97a6f3ab6ba6&fields=binding%3Ahost_id&fields=binding%3Avif_type HTTP/1.1" status: 200 len: 238 time: 0.0766842
2020-12-02 14:27:31.176 21 INFO neutron.wsgi [req-bf1d0ac4-59fd-4ba8-83cc-feaaaa5c88fe 851af1939a9b4ff8808a741857d37b46 761947fab1374992bf04ee79f6b6b929 - default default] 10.31.10.2,10.31.10.1 "GET /v2.0/floatingips?fixed_ip_address=10.31.12.174&port_id=b808505d-ff26-458c-9a69-56093e82c8de HTTP/1.1" status: 200 len: 193 time: 0.0621440
2020-12-02 14:27:31.254 25 INFO neutron.wsgi [-] 10.31.10.1 "GET / HTTP/1.1" status: 200 len: 228 time: 0.0041130
2020-12-02 14:27:31.631 24 INFO neutron.wsgi [req-5d045fb5-6f06-4eac-b59e-006615f1df5a 851af1939a9b4ff8808a741857d37b46 761947fab1374992bf04ee79f6b6b929 - default default] 10.31.10.2,10.31.10.1 "GET /v2.0/networks/31d7fa17-bee4-4ca0-8150-8bdf6a8ca8c2?fields=segments HTTP/1.1" status: 200 len: 188 time: 0.2707760
2020-12-02 14:28:01.432 23 INFO neutron.wsgi [-] 10.31.10.1 "GET / HTTP/1.1" status: 200 len: 228 time: 0.0043640
2020-12-02 14:28:25.406 24 INFO neutron.wsgi [req-9009598b-eac0-417a-a834-73e81431ae51 851af1939a9b4ff8808a741857d37b46 761947fab1374992bf04ee79f6b6b929 - default default] 10.31.10.3,10.31.10.1 "GET /v2.0/ports?tenant_id=63be5b4f4d784088b73cd36e6114f00e&device_id=a1cd5b9c-26b5-413f-8af6-e2fb9f3d8697 HTTP/1.1" status: 200 len: 1281 time: 0.0702393
2020-12-02 14:28:25.745 24 INFO neutron.wsgi [req-29b701fe-bc1a-4be5-bbc5-f80efa550e9a 851af1939a9b4ff8808a741857d37b46 761947fab1374992bf04ee79f6b6b929 - default default] 10.31.10.3,10.31.10.1 "GET /v2.0/subnets?id=226b7ffb-b593-46b7-a0aa-f239c871bd0c HTTP/1.1" status: 200 len: 783 time: 0.0678954
2020-12-02 14:28:26.125 24 INFO neutron.wsgi [req-169f3382-de45-4f74-9df7-7acc7bf5295b 851af1939a9b4ff8808a741857d37b46 761947fab1374992bf04ee79f6b6b929 - default default] 10.31.10.3,10.31.10.1 "GET /v2.0/networks/c8e1bba8-da86-4439-a984-1085e84d9405?fields=provider%3Aphysical_network&fields=provider%3Anetwork_type HTTP/1.1" status: 200 len: 257 time: 0.1573658
2020-12-02 14:28:31.622 25 INFO neutron.wsgi [-] 10.31.10.1 "GET / HTTP/1.1" status: 200 len: 228 time: 0.0042348
2020-12-02 14:28:33.096 25 INFO neutron.wsgi [req-0e949f90-629b-403b-9721-956da998c457 851af1939a9b4ff8808a741857d37b46 761947fab1374992bf04ee79f6b6b929 - default default] 10.31.10.2,10.31.10.1 "GET /v2.0/networks?id=31d7fa17-bee4-4ca0-8150-8bdf6a8ca8c2 HTTP/1.1" status: 200 len: 902 time: 0.1262674
2020-12-02 14:28:33.348 24 INFO neutron.wsgi [req-9930c642-af98-46cb-a7ca-fbd0d22e5774 851af1939a9b4ff8808a741857d37b46 761947fab1374992bf04ee79f6b6b929 - default default] 10.31.10.2,10.31.10.1 "GET /v2.0/ports?network_id=31d7fa17-bee4-4ca0-8150-8bdf6a8ca8c2&device_owner=network%3Adhcp HTTP/1.1" status: 200 len: 2479 time: 0.0772753
2020-12-02 14:29:01.789 23 INFO neutron.wsgi [-] 10.31.10.1 "GET / HTTP/1.1" status: 200 len: 228 time: 0.0054977
2020-12-02 14:29:26.523 23 INFO neutron.wsgi [req-308081da-0d50-4816-b515-2361d15f3cff 851af1939a9b4ff8808a741857d37b46 761947fab1374992bf04ee79f6b6b929 - default default] 10.31.10.3,10.31.10.1 "GET /v2.0/ports?device_id=a1cd5b9c-26b5-413f-8af6-e2fb9f3d8697&fields=binding%3Ahost_id&fields=binding%3Avif_type HTTP/1.1" status: 200 len: 238 time: 0.3246078
2020-12-02 14:29:26.955 23 INFO neutron.wsgi [req-a4b5bc92-43f3-4737-899c-a76e6c06af22 851af1939a9b4ff8808a741857d37b46 761947fab1374992bf04ee79f6b6b929 - default default] 10.31.10.3,10.31.10.1 "GET /v2.0/floatingips?fixed_ip_address=10.31.11.100&port_id=902028fa-f267-424a-b762-3bc7354d5423 HTTP/1.1" status: 200 len: 193 time: 0.0609658
2020-12-02 14:29:27.255 23 INFO neutron.wsgi [req-1c7d18f0-b50f-4e26-ada0-9bd5f6e7c927 851af1939a9b4ff8808a741857d37b46 761947fab1374992bf04ee79f6b6b929 - default default] 10.31.10.3,10.31.10.1 "GET /v2.0/networks/c8e1bba8-da86-4439-a984-1085e84d9405?fields=segments HTTP/1.1" status: 200 len: 188 time: 0.1396816
2020-12-02 14:29:31.973 24 INFO neutron.wsgi [-] 10.31.10.1 "GET / HTTP/1.1" status: 200 len: 228 time: 0.0107069
2020-12-02 14:29:34.994 24 INFO neutron.wsgi [req-96637513-5be5-48e7-9bd1-f1760dcbbb8e 851af1939a9b4ff8808a741857d37b46 761947fab1374992bf04ee79f6b6b929 - default default] 10.31.10.2,10.31.10.1 "GET /v2.0/ports?tenant_id=63be5b4f4d784088b73cd36e6114f00e&device_id=43362a64-7c50-48f8-b7e2-97a6f3ab6ba6 HTTP/1.1" status: 200 len: 1315 time: 0.0665607
2020-12-02 14:29:35.303 24 INFO neutron.wsgi [req-9a70f06a-3334-43cd-9edb-f677813424fb 851af1939a9b4ff8808a741857d37b46 761947fab1374992bf04ee79f6b6b929 - default default] 10.31.10.2,10.31.10.1 "GET /v2.0/subnets?id=355627ec-9f34-485a-8c9f-63327e7fe7f8 HTTP/1.1" status: 200 len: 818 time: 0.0610249
2020-12-02 14:29:35.670 24 INFO neutron.wsgi [req-e73ed3cf-f7e1-4428-9b07-f65c87497888 851af1939a9b4ff8808a741857d37b46 761947fab1374992bf04ee79f6b6b929 - default default] 10.31.10.2,10.31.10.1 "GET /v2.0/networks/31d7fa17-bee4-4ca0-8150-8bdf6a8ca8c2?fields=provider%3Aphysical_network&fields=provider%3Anetwork_type HTTP/1.1" status: 200 len: 257 time: 0.1163952
2020-12-02 14:29:40.495 24 INFO neutron.wsgi [req-9230954e-9a6d-4f48-9d72-be294945603a 0da1bc1a3acc45d0aca57e504c04ea17 63be5b4f4d784088b73cd36e6114f00e - default default] 10.31.10.2,10.31.10.1 "GET /v2.0/subnets HTTP/1.1" status: 200 len: 2016 time: 0.0649002
2020-12-02 14:29:40.819 21 INFO neutron.wsgi [req-ec599227-f27b-4a53-82a4-7bc69d77278f 0da1bc1a3acc45d0aca57e504c04ea17 63be5b4f4d784088b73cd36e6114f00e - default default] 10.31.10.2,10.31.10.1 "GET /v2.0/extensions HTTP/1.1" status: 200 len: 14561 time: 0.0074577
2020-12-02 14:30:02.158 25 INFO neutron.wsgi [-] 10.31.10.1 "GET / HTTP/1.1" status: 200 len: 228 time: 0.0043120
2020-12-02 14:30:09.415 24 INFO neutron.wsgi [req-0be69622-c363-47fb-b744-a8bc1219945f 0da1bc1a3acc45d0aca57e504c04ea17 63be5b4f4d784088b73cd36e6114f00e - default default] 10.31.10.20,10.31.10.1 "GET /v2.0/security-groups?id=b92ca6e7-6354-4c1e-a781-6be287e270a3&fields=id HTTP/1.1" status: 200 len: 243 time: 0.0446351
2020-12-02 14:30:09.698 23 INFO neutron.wsgi [req-6264d345-9ff5-419d-8f6c-b42e012e055c 0da1bc1a3acc45d0aca57e504c04ea17 63be5b4f4d784088b73cd36e6114f00e - default default] 10.31.10.20,10.31.10.1 "GET /v2.0/ports?tenant_id=63be5b4f4d784088b73cd36e6114f00e&fields=id HTTP/1.1" status: 200 len: 370 time: 0.0778952
2020-12-02 14:30:10.095 25 INFO neutron.wsgi [req-a7643541-32e0-4e9b-aae4-0a844d91fa01 851af1939a9b4ff8808a741857d37b46 761947fab1374992bf04ee79f6b6b929 - default default] 10.31.10.20,10.31.10.1 "GET /v2.0/networks/c8e1bba8-da86-4439-a984-1085e84d9405?fields=provider%3Aphysical_network&fields=provider%3Anetwork_type HTTP/1.1" status: 200 len: 257 time: 0.1242750
2020-12-02 14:30:11.378 24 INFO neutron.wsgi [req-8a94db7f-17bc-4456-9b91-a238b49527c0 0da1bc1a3acc45d0aca57e504c04ea17 63be5b4f4d784088b73cd36e6114f00e - default default] 10.31.10.2,10.31.10.1 "GET /v2.0/security-groups?id=b92ca6e7-6354-4c1e-a781-6be287e270a3&fields=id&fields=name HTTP/1.1" status: 200 len: 262 time: 0.0382943
2020-12-02 14:30:11.618 24 INFO neutron.wsgi [req-7eb2e44a-f50c-4dd8-a044-dda8f11eff51 0da1bc1a3acc45d0aca57e504c04ea17 63be5b4f4d784088b73cd36e6114f00e - default default] 10.31.10.2,10.31.10.1 "GET /v2.0/ports?tenant_id=63be5b4f4d784088b73cd36e6114f00e HTTP/1.1" status: 200 len: 4701 time: 0.0669520
2020-12-02 14:30:11.954 24 INFO neutron.wsgi [req-2ff6a457-f46a-4fd4-95dc-e4a89f1a3bb8 0da1bc1a3acc45d0aca57e504c04ea17 63be5b4f4d784088b73cd36e6114f00e - default default] 10.31.10.2,10.31.10.1 "GET /v2.0/extensions HTTP/1.1" status: 200 len: 14561 time: 0.0098882
2020-12-02 14:30:13.202 24 INFO neutron.wsgi [req-ebd76cfc-b38f-4a90-9f47-e049f3e3d0af 0da1bc1a3acc45d0aca57e504c04ea17 63be5b4f4d784088b73cd36e6114f00e - default default] 10.31.10.20,10.31.10.1 "POST /v2.0/ports HTTP/1.1" status: 201 len: 1215 time: 0.7277868
2020-12-02 14:30:13.490 25 INFO neutron.wsgi [req-4520b117-6e36-4eb0-83db-a9e9f101e9f8 0da1bc1a3acc45d0aca57e504c04ea17 63be5b4f4d784088b73cd36e6114f00e - default default] 10.31.10.20,10.31.10.1 "GET /v2.0/security-groups?id=b92ca6e7-6354-4c1e-a781-6be287e270a3&fields=id&fields=name HTTP/1.1" status: 200 len: 262 time: 0.0440462
2020-12-02 14:30:13.747 25 INFO neutron.wsgi [req-22def223-0a87-4b84-949b-90de3b422eac 0da1bc1a3acc45d0aca57e504c04ea17 63be5b4f4d784088b73cd36e6114f00e - default default] 10.31.10.2,10.31.10.1 "GET /v2.0/floatingips?port_id=638dbe1c-3bfb-4f03-a2f5-bac3e9c1ee1b&tenant_id=63be5b4f4d784088b73cd36e6114f00e HTTP/1.1" status: 200 len: 193 time: 0.0605214
2020-12-02 14:30:14.080 24 INFO neutron.wsgi [req-20e4473a-4627-4730-a471-f177590b5e5d 0da1bc1a3acc45d0aca57e504c04ea17 63be5b4f4d784088b73cd36e6114f00e - default default] 10.31.10.2,10.31.10.1 "GET /v2.0/subnets HTTP/1.1" status: 200 len: 2016 time: 0.0640590
2020-12-02 14:30:15.422 24 INFO neutron.wsgi [req-dd8bbd36-7196-40a0-a4fe-4097f5a7dc9f 851af1939a9b4ff8808a741857d37b46 761947fab1374992bf04ee79f6b6b929 - default default] 10.31.10.20,10.31.10.1 "GET /v2.0/subnets?id=226b7ffb-b593-46b7-a0aa-f239c871bd0c HTTP/1.1" status: 200 len: 783 time: 0.0671256
2020-12-02 14:30:15.745 25 INFO neutron.wsgi [req-dba1e8fb-0cd7-4e29-8976-48cc9d92fe9a 851af1939a9b4ff8808a741857d37b46 761947fab1374992bf04ee79f6b6b929 - default default] 10.31.10.20,10.31.10.1 "GET /v2.0/networks/c8e1bba8-da86-4439-a984-1085e84d9405?fields=provider%3Aphysical_network&fields=provider%3Anetwork_type HTTP/1.1" status: 200 len: 257 time: 0.1186349
2020-12-02 14:30:16.099 21 INFO neutron.wsgi [req-f9875843-5159-43a6-ab33-a28dfaea4d8f 851af1939a9b4ff8808a741857d37b46 761947fab1374992bf04ee79f6b6b929 - default default] 10.31.10.20,10.31.10.1 "GET /v2.0/floatingips?fixed_ip_address=10.31.11.197&port_id=638dbe1c-3bfb-4f03-a2f5-bac3e9c1ee1b HTTP/1.1" status: 200 len: 193 time: 0.0631773
2020-12-02 14:30:16.402 21 INFO neutron.wsgi [req-0b42a84d-bc44-4106-a304-0738eb2627dd 851af1939a9b4ff8808a741857d37b46 761947fab1374992bf04ee79f6b6b929 - default default] 10.31.10.20,10.31.10.1 "GET /v2.0/networks/c8e1bba8-da86-4439-a984-1085e84d9405?fields=segments HTTP/1.1" status: 200 len: 188 time: 0.1468596
2020-12-02 14:30:17.465 24 INFO neutron.wsgi [req-4d31c3c3-0562-4f3a-a98b-78b372a44d74 0da1bc1a3acc45d0aca57e504c04ea17 63be5b4f4d784088b73cd36e6114f00e - default default] 10.31.10.20,10.31.10.1 "GET /v2.0/security-groups?id=b92ca6e7-6354-4c1e-a781-6be287e270a3&fields=id&fields=name HTTP/1.1" status: 200 len: 262 time: 0.0450540
2020-12-02 14:30:17.823 24 INFO neutron.wsgi [req-e46c2fac-29bf-423d-aed8-4cc9621ef1c5 0da1bc1a3acc45d0aca57e504c04ea17 63be5b4f4d784088b73cd36e6114f00e - default default] 10.31.10.2,10.31.10.1 "GET /v2.0/ports?tenant_id=63be5b4f4d784088b73cd36e6114f00e HTTP/1.1" status: 200 len: 5827 time: 0.0827293
2020-12-02 14:30:22.941 25 INFO neutron.wsgi [req-916ee1f7-29db-4d4d-910f-f085a1c2fb02 0da1bc1a3acc45d0aca57e504c04ea17 63be5b4f4d784088b73cd36e6114f00e - default default] 10.31.10.20,10.31.10.1 "GET /v2.0/ports?device_id=a4e73fe7-cf28-4d45-ad4f-ba65977536de&device_id=a1cd5b9c-26b5-413f-8af6-e2fb9f3d8697&device_id=43362a64-7c50-48f8-b7e2-97a6f3ab6ba6 HTTP/1.1" status: 200 len: 3535 time: 0.1493554
2020-12-02 14:30:23.865 24 INFO neutron.wsgi [req-e2defc64-6b09-4dce-8bb1-8cdf176a9439 0da1bc1a3acc45d0aca57e504c04ea17 63be5b4f4d784088b73cd36e6114f00e - default default] 10.31.10.2,10.31.10.1 "GET /v2.0/security-groups?id=b92ca6e7-6354-4c1e-a781-6be287e270a3&fields=id&fields=name HTTP/1.1" status: 200 len: 262 time: 0.0488784
2020-12-02 14:30:24.211 24 INFO neutron.wsgi [req-e99d9d18-a93a-4f11-9bb5-a19bf7af2be5 0da1bc1a3acc45d0aca57e504c04ea17 63be5b4f4d784088b73cd36e6114f00e - default default] 10.31.10.2,10.31.10.1 "GET /v2.0/ports?tenant_id=63be5b4f4d784088b73cd36e6114f00e HTTP/1.1" status: 200 len: 5827 time: 0.0763822
2020-12-02 14:30:25.407 24 INFO neutron.wsgi [req-263fb02b-ccec-44a6-856e-bb6cd32d31d4 851af1939a9b4ff8808a741857d37b46 761947fab1374992bf04ee79f6b6b929 - default default] 10.31.10.3,10.31.10.1 "GET /v2.0/ports?device_id=a1cd5b9c-26b5-413f-8af6-e2fb9f3d8697&fields=binding%3Ahost_id&fields=binding%3Avif_type HTTP/1.1" status: 200 len: 238 time: 0.0723035
2020-12-02 14:30:25.809 24 INFO neutron.wsgi [req-94882742-a8a6-467a-bf70-63692e2f3bee 851af1939a9b4ff8808a741857d37b46 761947fab1374992bf04ee79f6b6b929 - default default] 10.31.10.3,10.31.10.1 "GET /v2.0/floatingips?fixed_ip_address=10.31.11.100&port_id=902028fa-f267-424a-b762-3bc7354d5423 HTTP/1.1" status: 200 len: 193 time: 0.0613022
2020-12-02 14:30:26.077 24 INFO neutron.wsgi [req-b5554728-a75e-4e42-8077-6609da5b0cb1 851af1939a9b4ff8808a741857d37b46 761947fab1374992bf04ee79f6b6b929 - default default] 10.31.10.3,10.31.10.1 "GET /v2.0/networks/c8e1bba8-da86-4439-a984-1085e84d9405?fields=segments HTTP/1.1" status: 200 len: 188 time: 0.1214879
2020-12-02 14:30:32.356 23 INFO neutron.wsgi [-] 10.31.10.1 "GET / HTTP/1.1" status: 200 len: 228 time: 0.0046363
2020-12-02 14:30:33.555 23 INFO neutron.wsgi [req-00289f30-48b3-42cc-b7c5-fc24c690bd40 0da1bc1a3acc45d0aca57e504c04ea17 63be5b4f4d784088b73cd36e6114f00e - default default] 10.31.10.2,10.31.10.1 "GET /v2.0/security-groups?id=b92ca6e7-6354-4c1e-a781-6be287e270a3&fields=id&fields=name HTTP/1.1" status: 200 len: 262 time: 0.0447950
2020-12-02 14:30:33.908 23 INFO neutron.wsgi [req-bc9dc7b0-12fc-49ce-8fee-f67779865c21 0da1bc1a3acc45d0aca57e504c04ea17 63be5b4f4d784088b73cd36e6114f00e - default default] 10.31.10.2,10.31.10.1 "GET /v2.0/ports?tenant_id=63be5b4f4d784088b73cd36e6114f00e HTTP/1.1" status: 200 len: 5829 time: 0.0728598
2020-12-02 14:30:36.755 24 INFO neutron.wsgi [req-64149349-b139-4fb6-83b0-63fd69a8b5a5 851af1939a9b4ff8808a741857d37b46 761947fab1374992bf04ee79f6b6b929 - default default] 10.31.10.2,10.31.10.1 "GET /v2.0/ports?device_id=43362a64-7c50-48f8-b7e2-97a6f3ab6ba6&fields=binding%3Ahost_id&fields=binding%3Avif_type HTTP/1.1" status: 200 len: 238 time: 0.0732100
2020-12-02 14:30:37.186 24 INFO neutron.wsgi [req-1784837d-4ee7-4333-8524-fd09a8441416 851af1939a9b4ff8808a741857d37b46 761947fab1374992bf04ee79f6b6b929 - default default] 10.31.10.2,10.31.10.1 "GET /v2.0/floatingips?fixed_ip_address=10.31.12.174&port_id=b808505d-ff26-458c-9a69-56093e82c8de HTTP/1.1" status: 200 len: 193 time: 0.0586762
2020-12-02 14:30:37.504 22 INFO neutron.wsgi [req-0fc4ae8a-3d8d-4783-9c99-3b64ada4ac41 851af1939a9b4ff8808a741857d37b46 761947fab1374992bf04ee79f6b6b929 - default default] 10.31.10.2,10.31.10.1 "GET /v2.0/networks/31d7fa17-bee4-4ca0-8150-8bdf6a8ca8c2?fields=segments HTTP/1.1" status: 200 len: 188 time: 0.1277008
2020-12-02 14:31:02.531 25 INFO neutron.wsgi [-] 10.31.10.1 "GET / HTTP/1.1" status: 200 len: 228 time: 0.0045433
2020-12-02 14:31:25.910 25 INFO neutron.wsgi [req-b2861aef-9106-4e23-bdd9-d290d8397dd8 851af1939a9b4ff8808a741857d37b46 761947fab1374992bf04ee79f6b6b929 - default default] 10.31.10.20,10.31.10.1 "GET /v2.0/ports?tenant_id=63be5b4f4d784088b73cd36e6114f00e&device_id=a4e73fe7-cf28-4d45-ad4f-ba65977536de HTTP/1.1" status: 200 len: 1315 time: 0.0690284
2020-12-02 14:31:26.237 25 INFO neutron.wsgi [req-47af0b5c-c84b-436c-9fae-72c8c9f506c8 851af1939a9b4ff8808a741857d37b46 761947fab1374992bf04ee79f6b6b929 - default default] 10.31.10.20,10.31.10.1 "GET /v2.0/subnets?id=226b7ffb-b593-46b7-a0aa-f239c871bd0c HTTP/1.1" status: 200 len: 783 time: 0.0664694
2020-12-02 14:31:26.561 24 INFO neutron.wsgi [req-23cba421-a1fa-4dd5-b8cb-f501982823a4 851af1939a9b4ff8808a741857d37b46 761947fab1374992bf04ee79f6b6b929 - default default] 10.31.10.20,10.31.10.1 "GET /v2.0/networks/c8e1bba8-da86-4439-a984-1085e84d9405?fields=provider%3Aphysical_network&fields=provider%3Anetwork_type HTTP/1.1" status: 200 len: 257 time: 0.1182802
2020-12-02 14:31:29.542 21 INFO neutron.wsgi [req-0822b843-9d48-46f5-8ace-2110a455e027 851af1939a9b4ff8808a741857d37b46 761947fab1374992bf04ee79f6b6b929 - default default] 10.31.10.3,10.31.10.1 "GET /v2.0/networks?id=c8e1bba8-da86-4439-a984-1085e84d9405 HTTP/1.1" status: 200 len: 905 time: 0.1297739
2020-12-02 14:31:29.759 24 INFO neutron.wsgi [req-c292ee6d-8fa3-479e-a98b-8dc4e9928f0d 851af1939a9b4ff8808a741857d37b46 761947fab1374992bf04ee79f6b6b929 - default default] 10.31.10.3,10.31.10.1 "GET /v2.0/ports?network_id=c8e1bba8-da86-4439-a984-1085e84d9405&device_owner=network%3Adhcp HTTP/1.1" status: 200 len: 186 time: 0.0475368
2020-12-02 14:31:32.725 23 INFO neutron.wsgi [-] 10.31.10.1 "GET / HTTP/1.1" status: 200 len: 228 time: 0.0070357
2020-12-02 14:31:37.787 23 INFO neutron.wsgi [req-ccba794f-3460-44be-8fb1-4eba2bb3c8c8 851af1939a9b4ff8808a741857d37b46 761947fab1374992bf04ee79f6b6b929 - default default] 10.31.10.2,10.31.10.1 "GET /v2.0/ports?device_id=43362a64-7c50-48f8-b7e2-97a6f3ab6ba6&fields=binding%3Ahost_id&fields=binding%3Avif_type HTTP/1.1" status: 200 len: 238 time: 0.0699358
2020-12-02 14:31:38.230 24 INFO neutron.wsgi [req-79922466-74fd-40b1-ad29-b7f22f5ab7ce 851af1939a9b4ff8808a741857d37b46 761947fab1374992bf04ee79f6b6b929 - default default] 10.31.10.2,10.31.10.1 "GET /v2.0/floatingips?fixed_ip_address=10.31.12.174&port_id=b808505d-ff26-458c-9a69-56093e82c8de HTTP/1.1" status: 200 len: 193 time: 0.0635927
2020-12-02 14:31:38.558 23 INFO neutron.wsgi [req-738de33a-d3e5-481e-aa18-cc883cae90d5 851af1939a9b4ff8808a741857d37b46 761947fab1374992bf04ee79f6b6b929 - default default] 10.31.10.2,10.31.10.1 "GET /v2.0/networks/31d7fa17-bee4-4ca0-8150-8bdf6a8ca8c2?fields=segments HTTP/1.1" status: 200 len: 188 time: 0.1310012
2020-12-02 14:31:41.115 25 INFO neutron.wsgi [req-e228d590-baef-4e24-8fef-c886b53f6cce 0da1bc1a3acc45d0aca57e504c04ea17 63be5b4f4d784088b73cd36e6114f00e - default default] 10.31.10.3,10.31.10.1 "GET /v2.0/security-groups?id=b92ca6e7-6354-4c1e-a781-6be287e270a3&fields=id&fields=name HTTP/1.1" status: 200 len: 262 time: 0.0486352
2020-12-02 14:31:41.367 25 INFO neutron.wsgi [req-4cb9a813-03ab-406a-819c-198b05e7858d 0da1bc1a3acc45d0aca57e504c04ea17 63be5b4f4d784088b73cd36e6114f00e - default default] 10.31.10.2,10.31.10.1 "GET /v2.0/security-groups?id=b92ca6e7-6354-4c1e-a781-6be287e270a3 HTTP/1.1" status: 200 len: 4653 time: 0.0533586
2020-12-02 14:31:41.612 24 INFO neutron.wsgi [req-35a00417-b2b6-44f9-8ebd-5a6199dacca8 0da1bc1a3acc45d0aca57e504c04ea17 63be5b4f4d784088b73cd36e6114f00e - default default] 10.31.10.2,10.31.10.1 "GET /v2.0/networks?id=c8e1bba8-da86-4439-a984-1085e84d9405 HTTP/1.1" status: 200 len: 905 time: 0.1291416
2020-12-02 14:31:42.101 25 INFO neutron.wsgi [req-8b074d4e-3f3c-4d79-b15c-df54ec6c17d2 0da1bc1a3acc45d0aca57e504c04ea17 63be5b4f4d784088b73cd36e6114f00e - default default] 10.31.10.3,10.31.10.1 "GET /v2.0/ports?device_id=a4e73fe7-cf28-4d45-ad4f-ba65977536de HTTP/1.1" status: 200 len: 1315 time: 0.1515079
2020-12-02 14:31:44.839 24 INFO neutron.wsgi [req-45af0b6b-eb59-49d2-8585-3acb34a3100e 0da1bc1a3acc45d0aca57e504c04ea17 63be5b4f4d784088b73cd36e6114f00e - default default] 10.31.10.3,10.31.10.1 "GET /v2.0/security-groups?id=b92ca6e7-6354-4c1e-a781-6be287e270a3&fields=id&fields=name HTTP/1.1" status: 200 len: 262 time: 0.0559964
2020-12-02 14:31:45.160 23 INFO neutron.wsgi [req-f7ee7018-8c70-4f64-bc03-612df5be70fb 0da1bc1a3acc45d0aca57e504c04ea17 63be5b4f4d784088b73cd36e6114f00e - default default] 10.31.10.2,10.31.10.1 "GET /v2.0/floatingips?port_id=638dbe1c-3bfb-4f03-a2f5-bac3e9c1ee1b&tenant_id=63be5b4f4d784088b73cd36e6114f00e HTTP/1.1" status: 200 len: 193 time: 0.0627091
2020-12-02 14:31:45.399 23 INFO neutron.wsgi [req-ed834f45-1e8e-42ce-a361-42685120e19b 0da1bc1a3acc45d0aca57e504c04ea17 63be5b4f4d784088b73cd36e6114f00e - default default] 10.31.10.2,10.31.10.1 "GET /v2.0/networks?id=c8e1bba8-da86-4439-a984-1085e84d9405 HTTP/1.1" status: 200 len: 905 time: 0.1260691
2020-12-02 14:31:45.864 23 INFO neutron.wsgi [req-1661fde1-fed7-40e4-ac51-b9afee493b99 0da1bc1a3acc45d0aca57e504c04ea17 63be5b4f4d784088b73cd36e6114f00e - default default] 10.31.10.3,10.31.10.1 "GET /v2.0/ports?device_id=a4e73fe7-cf28-4d45-ad4f-ba65977536de HTTP/1.1" status: 200 len: 1315 time: 0.1601477
2020-12-02 14:31:49.231 25 INFO neutron.wsgi [req-006cf4ba-df9b-4309-877a-a7aa634f3563 0da1bc1a3acc45d0aca57e504c04ea17 63be5b4f4d784088b73cd36e6114f00e - default default] 10.31.10.2,10.31.10.1 "GET /v2.0/ports/638dbe1c-3bfb-4f03-a2f5-bac3e9c1ee1b HTTP/1.1" status: 200 len: 1312 time: 0.0629201
