2020-12-02 16:30:30.823 21 INFO neutron.wsgi [req-b31897e5-e34f-411a-aeaa-2a24da5783a6 851af1939a9b4ff8808a741857d37b46 761947fab1374992bf04ee79f6b6b929 - default default] 10.31.10.2,10.31.10.1 "GET /v2.0/ports?device_id=43362a64-7c50-48f8-b7e2-97a6f3ab6ba6&fields=binding%3Ahost_id&fields=binding%3Avif_type HTTP/1.1" status: 200 len: 238 time: 0.0741644
2020-12-02 16:30:31.438 21 INFO neutron.wsgi [req-9bdf3408-d23b-42ad-84d7-e1c65bcfcf64 851af1939a9b4ff8808a741857d37b46 761947fab1374992bf04ee79f6b6b929 - default default] 10.31.10.2,10.31.10.1 "GET /v2.0/floatingips?fixed_ip_address=10.31.12.174&port_id=b808505d-ff26-458c-9a69-56093e82c8de HTTP/1.1" status: 200 len: 193 time: 0.0614290
2020-12-02 16:30:31.764 24 INFO neutron.wsgi [req-51905338-0622-4222-81d5-0eb0269f1ac3 851af1939a9b4ff8808a741857d37b46 761947fab1374992bf04ee79f6b6b929 - default default] 10.31.10.2,10.31.10.1 "GET /v2.0/networks/31d7fa17-bee4-4ca0-8150-8bdf6a8ca8c2?fields=segments HTTP/1.1" status: 200 len: 188 time: 0.1243620
2020-12-02 16:30:39.039 24 INFO neutron.wsgi [req-02725d56-d5bd-420f-9585-dd49990d0105 0da1bc1a3acc45d0aca57e504c04ea17 63be5b4f4d784088b73cd36e6114f00e - default default] 10.31.10.2,10.31.10.1 "GET /v2.0/networks?tenant_id=63be5b4f4d784088b73cd36e6114f00e&shared=False HTTP/1.1" status: 200 len: 905 time: 0.3148367
2020-12-02 16:30:39.350 24 INFO neutron.wsgi [req-b40cd424-20d8-49d6-bbe6-f778f5948d24 0da1bc1a3acc45d0aca57e504c04ea17 63be5b4f4d784088b73cd36e6114f00e - default default] 10.31.10.2,10.31.10.1 "GET /v2.0/extensions HTTP/1.1" status: 200 len: 14561 time: 0.0115113
2020-12-02 16:30:39.434 24 INFO neutron.wsgi [req-4135ffdb-8c25-489f-bda2-3ac19af87248 0da1bc1a3acc45d0aca57e504c04ea17 63be5b4f4d784088b73cd36e6114f00e - default default] 10.31.10.2,10.31.10.1 "GET /v2.0/ports?network_id=c8e1bba8-da86-4439-a984-1085e84d9405 HTTP/1.1" status: 200 len: 2372 time: 0.0682454
2020-12-02 16:30:40.722 25 INFO neutron.wsgi [req-6a0a6581-3c3c-4885-8af8-3fb228c8d7b9 851af1939a9b4ff8808a741857d37b46 761947fab1374992bf04ee79f6b6b929 - default default] 10.31.10.3,10.31.10.1 "GET /v2.0/networks?id=c8e1bba8-da86-4439-a984-1085e84d9405 HTTP/1.1" status: 200 len: 905 time: 0.1241527
2020-12-02 16:30:40.938 24 INFO neutron.wsgi [req-6fb4cad8-9a0a-429d-a5db-3eb8b31866ee 851af1939a9b4ff8808a741857d37b46 761947fab1374992bf04ee79f6b6b929 - default default] 10.31.10.3,10.31.10.1 "GET /v2.0/ports?network_id=c8e1bba8-da86-4439-a984-1085e84d9405&device_owner=network%3Adhcp HTTP/1.1" status: 200 len: 186 time: 0.0460634
2020-12-02 16:30:45.481 25 INFO neutron.wsgi [-] 10.31.10.1 "GET / HTTP/1.1" status: 200 len: 228 time: 0.0105357
2020-12-02 16:31:03.338 25 INFO neutron.wsgi [req-541c98ba-116e-4560-b120-d388bae625ba 0da1bc1a3acc45d0aca57e504c04ea17 63be5b4f4d784088b73cd36e6114f00e - default default] 10.31.10.2,10.31.10.1 "GET /v2.0/security-groups?id=b92ca6e7-6354-4c1e-a781-6be287e270a3&fields=id HTTP/1.1" status: 200 len: 243 time: 0.0487490
2020-12-02 16:31:03.621 22 INFO neutron.wsgi [req-d1564f6d-fdf9-4087-82c1-5601eab29ac2 0da1bc1a3acc45d0aca57e504c04ea17 63be5b4f4d784088b73cd36e6114f00e - default default] 10.31.10.2,10.31.10.1 "GET /v2.0/ports?tenant_id=63be5b4f4d784088b73cd36e6114f00e&fields=id HTTP/1.1" status: 200 len: 416 time: 0.0796242
2020-12-02 16:31:04.567 22 INFO neutron.wsgi [req-db361db2-e5a9-4b35-8100-41989a66ab43 851af1939a9b4ff8808a741857d37b46 761947fab1374992bf04ee79f6b6b929 - default default] 10.31.10.2,10.31.10.1 "GET /v2.0/networks/31d7fa17-bee4-4ca0-8150-8bdf6a8ca8c2?fields=provider%3Aphysical_network&fields=provider%3Anetwork_type HTTP/1.1" status: 200 len: 257 time: 0.2615759
2020-12-02 16:31:05.825 23 INFO neutron.wsgi [req-2b4da5d2-0211-4ec3-9e74-b283ad52ac61 0da1bc1a3acc45d0aca57e504c04ea17 63be5b4f4d784088b73cd36e6114f00e - default default] 10.31.10.3,10.31.10.1 "GET /v2.0/security-groups?id=b92ca6e7-6354-4c1e-a781-6be287e270a3&fields=id&fields=name HTTP/1.1" status: 200 len: 262 time: 0.0454810
2020-12-02 16:31:06.091 25 INFO neutron.wsgi [req-4cbd395e-8544-4363-bba4-d195c140e45a 0da1bc1a3acc45d0aca57e504c04ea17 63be5b4f4d784088b73cd36e6114f00e - default default] 10.31.10.2,10.31.10.1 "GET /v2.0/ports?tenant_id=63be5b4f4d784088b73cd36e6114f00e HTTP/1.1" status: 200 len: 5792 time: 0.0708988
2020-12-02 16:31:06.654 25 INFO neutron.wsgi [req-94f7e361-7d15-4207-b36b-df63fcdf6c05 0da1bc1a3acc45d0aca57e504c04ea17 63be5b4f4d784088b73cd36e6114f00e - default default] 10.31.10.2,10.31.10.1 "GET /v2.0/extensions HTTP/1.1" status: 200 len: 14561 time: 0.0123925
2020-12-02 16:31:07.832 25 INFO neutron.wsgi [req-0c937cf3-e15a-4962-a015-a80b174a0032 0da1bc1a3acc45d0aca57e504c04ea17 63be5b4f4d784088b73cd36e6114f00e - default default] 10.31.10.3,10.31.10.1 "POST /v2.0/ports HTTP/1.1" status: 201 len: 1215 time: 0.9057164
2020-12-02 16:31:07.992 25 INFO neutron.wsgi [req-aca20083-bda3-4028-ad04-d76d73f4d653 0da1bc1a3acc45d0aca57e504c04ea17 63be5b4f4d784088b73cd36e6114f00e - default default] 10.31.10.2,10.31.10.1 "GET /v2.0/security-groups?id=b92ca6e7-6354-4c1e-a781-6be287e270a3&fields=id&fields=name HTTP/1.1" status: 200 len: 262 time: 0.0391781
2020-12-02 16:31:08.356 25 INFO neutron.wsgi [req-4a143e3e-96bc-4e4a-97dd-2afa04130285 0da1bc1a3acc45d0aca57e504c04ea17 63be5b4f4d784088b73cd36e6114f00e - default default] 10.31.10.2,10.31.10.1 "GET /v2.0/ports?tenant_id=63be5b4f4d784088b73cd36e6114f00e HTTP/1.1" status: 200 len: 6818 time: 0.0819123
2020-12-02 16:31:09.588 23 INFO neutron.wsgi [req-302a6008-9586-440a-8747-be8413a70108 851af1939a9b4ff8808a741857d37b46 761947fab1374992bf04ee79f6b6b929 - default default] 10.31.10.3,10.31.10.1 "GET /v2.0/ports?tenant_id=63be5b4f4d784088b73cd36e6114f00e&device_id=6c0f3e79-5f6a-4b36-b70c-204b20881049 HTTP/1.1" status: 200 len: 1337 time: 0.0689621
2020-12-02 16:31:09.984 21 INFO neutron.wsgi [req-8a273b35-572c-4082-a938-4d02f733ab25 851af1939a9b4ff8808a741857d37b46 761947fab1374992bf04ee79f6b6b929 - default default] 10.31.10.3,10.31.10.1 "GET /v2.0/ports?network_id=31d7fa17-bee4-4ca0-8150-8bdf6a8ca8c2&device_owner=network%3Adhcp HTTP/1.1" status: 200 len: 2479 time: 0.0808287
2020-12-02 16:31:10.819 23 INFO neutron.wsgi [req-945d109e-9702-43b6-8628-de486ea456b6 851af1939a9b4ff8808a741857d37b46 761947fab1374992bf04ee79f6b6b929 - default default] 10.31.10.3,10.31.10.1 "GET /v2.0/ports?tenant_id=63be5b4f4d784088b73cd36e6114f00e&device_id=6c0f3e79-5f6a-4b36-b70c-204b20881049 HTTP/1.1" status: 200 len: 1337 time: 0.0763822
2020-12-02 16:31:11.253 22 INFO neutron.wsgi [req-9ea64cd9-85fd-45b1-b2ef-26b035b10ff7 851af1939a9b4ff8808a741857d37b46 761947fab1374992bf04ee79f6b6b929 - default default] 10.31.10.3,10.31.10.1 "GET /v2.0/subnets?id=355627ec-9f34-485a-8c9f-63327e7fe7f8 HTTP/1.1" status: 200 len: 818 time: 0.0632429
2020-12-02 16:31:11.628 22 INFO neutron.wsgi [req-360549e9-485a-4dc1-8ae3-078529fac583 851af1939a9b4ff8808a741857d37b46 761947fab1374992bf04ee79f6b6b929 - default default] 10.31.10.3,10.31.10.1 "GET /v2.0/networks/31d7fa17-bee4-4ca0-8150-8bdf6a8ca8c2?fields=provider%3Aphysical_network&fields=provider%3Anetwork_type HTTP/1.1" status: 200 len: 257 time: 0.1359422
2020-12-02 16:31:11.995 21 INFO neutron.wsgi [req-eb8a59b2-8e85-4f29-a760-c4bf7db2d139 0da1bc1a3acc45d0aca57e504c04ea17 63be5b4f4d784088b73cd36e6114f00e - default default] 10.31.10.2,10.31.10.1 "GET /v2.0/ports?device_id=6c0f3e79-5f6a-4b36-b70c-204b20881049 HTTP/1.1" status: 200 len: 1337 time: 0.0633466
2020-12-02 16:31:12.313 23 INFO neutron.wsgi [req-7c45e951-7131-4882-8e46-957ea9138522 0da1bc1a3acc45d0aca57e504c04ea17 63be5b4f4d784088b73cd36e6114f00e - default default] 10.31.10.2,10.31.10.1 "GET /v2.0/networks?id=31d7fa17-bee4-4ca0-8150-8bdf6a8ca8c2 HTTP/1.1" status: 200 len: 902 time: 0.1362073
2020-12-02 16:31:15.641 25 INFO neutron.wsgi [-] 10.31.10.1 "GET / HTTP/1.1" status: 200 len: 228 time: 0.0041039
2020-12-02 16:31:18.312 24 INFO neutron.wsgi [req-7cfeba74-c6d6-4e52-a2cf-a081b327b5e8 0da1bc1a3acc45d0aca57e504c04ea17 63be5b4f4d784088b73cd36e6114f00e - default default] 10.31.10.20,10.31.10.1 "GET /v2.0/security-groups?id=b92ca6e7-6354-4c1e-a781-6be287e270a3&fields=id&fields=name HTTP/1.1" status: 200 len: 262 time: 0.0419142
2020-12-02 16:31:18.684 21 INFO neutron.wsgi [req-aa559960-dd1b-429a-8245-e6bb15e42761 0da1bc1a3acc45d0aca57e504c04ea17 63be5b4f4d784088b73cd36e6114f00e - default default] 10.31.10.2,10.31.10.1 "GET /v2.0/ports?tenant_id=63be5b4f4d784088b73cd36e6114f00e HTTP/1.1" status: 200 len: 6942 time: 0.0818532
2020-12-02 16:31:25.476 22 INFO neutron.wsgi [req-8b7dbab0-0e4b-41f4-992c-2afdcd213958 851af1939a9b4ff8808a741857d37b46 761947fab1374992bf04ee79f6b6b929 - default default] 10.31.10.20,10.31.10.1 "GET /v2.0/ports?device_id=a4e73fe7-cf28-4d45-ad4f-ba65977536de&fields=binding%3Ahost_id&fields=binding%3Avif_type HTTP/1.1" status: 200 len: 238 time: 0.0772331
2020-12-02 16:31:25.894 24 INFO neutron.wsgi [req-f3657288-3113-4377-b582-67865e8861cf 851af1939a9b4ff8808a741857d37b46 761947fab1374992bf04ee79f6b6b929 - default default] 10.31.10.20,10.31.10.1 "GET /v2.0/floatingips?fixed_ip_address=10.31.11.197&port_id=638dbe1c-3bfb-4f03-a2f5-bac3e9c1ee1b HTTP/1.1" status: 200 len: 193 time: 0.0546291
2020-12-02 16:31:26.171 24 INFO neutron.wsgi [req-67fb3b63-b647-48a6-873f-270327c6c600 851af1939a9b4ff8808a741857d37b46 761947fab1374992bf04ee79f6b6b929 - default default] 10.31.10.20,10.31.10.1 "GET /v2.0/networks/c8e1bba8-da86-4439-a984-1085e84d9405?fields=segments HTTP/1.1" status: 200 len: 188 time: 0.1191900
2020-12-02 16:31:27.489 22 INFO neutron.wsgi [req-82d1af1d-9bd5-463e-9726-169ed699503c 0da1bc1a3acc45d0aca57e504c04ea17 63be5b4f4d784088b73cd36e6114f00e - default default] 10.31.10.3,10.31.10.1 "GET /v2.0/security-groups?id=b92ca6e7-6354-4c1e-a781-6be287e270a3&fields=id&fields=name HTTP/1.1" status: 200 len: 262 time: 0.0449438
2020-12-02 16:31:27.961 22 INFO neutron.wsgi [req-e8cabb5e-8a45-4682-be82-4bf4225c3592 0da1bc1a3acc45d0aca57e504c04ea17 63be5b4f4d784088b73cd36e6114f00e - default default] 10.31.10.2,10.31.10.1 "GET /v2.0/ports?tenant_id=63be5b4f4d784088b73cd36e6114f00e HTTP/1.1" status: 200 len: 6942 time: 0.0806017
2020-12-02 16:31:30.388 27 INFO neutron.notifiers.nova [-] Nova event response: {'server_uuid': '6c0f3e79-5f6a-4b36-b70c-204b20881049', 'name': 'network-vif-plugged', 'status': 'completed', 'tag': '1b341eb6-039a-4cd6-b580-7094ae96eae8', 'code': 200}
2020-12-02 16:31:31.908 21 INFO neutron.wsgi [req-958e35b8-711f-4b6e-9105-cd9c5eda3699 851af1939a9b4ff8808a741857d37b46 761947fab1374992bf04ee79f6b6b929 - default default] 10.31.10.2,10.31.10.1 "GET /v2.0/ports?device_id=43362a64-7c50-48f8-b7e2-97a6f3ab6ba6&fields=binding%3Ahost_id&fields=binding%3Avif_type HTTP/1.1" status: 200 len: 238 time: 0.1617694
2020-12-02 16:31:32.328 21 INFO neutron.wsgi [req-d94ccc3d-1d83-4bed-9c70-ed9d8455d65a 851af1939a9b4ff8808a741857d37b46 761947fab1374992bf04ee79f6b6b929 - default default] 10.31.10.2,10.31.10.1 "GET /v2.0/floatingips?fixed_ip_address=10.31.12.174&port_id=b808505d-ff26-458c-9a69-56093e82c8de HTTP/1.1" status: 200 len: 193 time: 0.0610869
2020-12-02 16:31:32.678 21 INFO neutron.wsgi [req-a992823b-3cec-468f-982c-4aeaa04dbd98 851af1939a9b4ff8808a741857d37b46 761947fab1374992bf04ee79f6b6b929 - default default] 10.31.10.2,10.31.10.1 "GET /v2.0/networks/31d7fa17-bee4-4ca0-8150-8bdf6a8ca8c2?fields=segments HTTP/1.1" status: 200 len: 188 time: 0.1497493
2020-12-02 16:31:39.440 24 INFO neutron.wsgi [req-cdb5a244-40eb-482e-aaa5-bad86dff8b6b 0da1bc1a3acc45d0aca57e504c04ea17 63be5b4f4d784088b73cd36e6114f00e - default default] 10.31.10.3,10.31.10.1 "GET /v2.0/security-groups?id=b92ca6e7-6354-4c1e-a781-6be287e270a3&fields=id&fields=name HTTP/1.1" status: 200 len: 262 time: 0.0453579
2020-12-02 16:31:39.760 25 INFO neutron.wsgi [req-b487b9ae-7fc3-4a7f-aa07-6e4c899b6855 0da1bc1a3acc45d0aca57e504c04ea17 63be5b4f4d784088b73cd36e6114f00e - default default] 10.31.10.2,10.31.10.1 "GET /v2.0/ports?tenant_id=63be5b4f4d784088b73cd36e6114f00e HTTP/1.1" status: 200 len: 6944 time: 0.0688281
2020-12-02 16:31:42.468 25 INFO neutron.wsgi [req-eab953c4-221c-4890-b911-31158e90be7e 851af1939a9b4ff8808a741857d37b46 761947fab1374992bf04ee79f6b6b929 - default default] 10.31.10.3,10.31.10.1 "GET /v2.0/ports?device_id=a1cd5b9c-26b5-413f-8af6-e2fb9f3d8697&fields=binding%3Ahost_id&fields=binding%3Avif_type HTTP/1.1" status: 200 len: 238 time: 0.1527369
2020-12-02 16:31:42.897 24 INFO neutron.wsgi [req-2df28071-a623-40cb-b0c1-572eb9678264 851af1939a9b4ff8808a741857d37b46 761947fab1374992bf04ee79f6b6b929 - default default] 10.31.10.3,10.31.10.1 "GET /v2.0/floatingips?fixed_ip_address=10.31.11.100&port_id=902028fa-f267-424a-b762-3bc7354d5423 HTTP/1.1" status: 200 len: 193 time: 0.0608168
2020-12-02 16:31:43.172 24 INFO neutron.wsgi [req-e3434638-952f-4e30-96b4-d004d7b608a8 851af1939a9b4ff8808a741857d37b46 761947fab1374992bf04ee79f6b6b929 - default default] 10.31.10.3,10.31.10.1 "GET /v2.0/networks/c8e1bba8-da86-4439-a984-1085e84d9405?fields=segments HTTP/1.1" status: 200 len: 188 time: 0.1146905
2020-12-02 16:31:46.777 21 INFO neutron.wsgi [-] 10.31.10.1 "GET / HTTP/1.1" status: 200 len: 228 time: 0.0069010
2020-12-02 16:32:16.947 22 INFO neutron.wsgi [-] 10.31.10.1 "GET / HTTP/1.1" status: 200 len: 228 time: 0.0052588
2020-12-02 16:32:25.751 25 INFO neutron.wsgi [req-0c693c9a-c881-4d19-b2a6-63169e69e135 851af1939a9b4ff8808a741857d37b46 761947fab1374992bf04ee79f6b6b929 - default default] 10.31.10.20,10.31.10.1 "GET /v2.0/ports?tenant_id=63be5b4f4d784088b73cd36e6114f00e&device_id=a4e73fe7-cf28-4d45-ad4f-ba65977536de HTTP/1.1" status: 200 len: 1278 time: 0.0882621
2020-12-02 16:32:26.059 25 INFO neutron.wsgi [req-65a0527a-88f0-4edb-be71-0681d1f64559 851af1939a9b4ff8808a741857d37b46 761947fab1374992bf04ee79f6b6b929 - default default] 10.31.10.20,10.31.10.1 "GET /v2.0/subnets?id=226b7ffb-b593-46b7-a0aa-f239c871bd0c HTTP/1.1" status: 200 len: 783 time: 0.0584183
2020-12-02 16:32:26.284 25 INFO neutron.wsgi [req-9ab6497d-48f7-46da-bf9f-6f5f3be598cd 851af1939a9b4ff8808a741857d37b46 761947fab1374992bf04ee79f6b6b929 - default default] 10.31.10.20,10.31.10.1 "GET /v2.0/networks/c8e1bba8-da86-4439-a984-1085e84d9405?fields=segments HTTP/1.1" status: 200 len: 188 time: 0.1296813
2020-12-02 16:32:33.000 25 INFO neutron.wsgi [req-0df9ea16-9839-453a-b231-03d61e5ce1fa 851af1939a9b4ff8808a741857d37b46 761947fab1374992bf04ee79f6b6b929 - default default] 10.31.10.2,10.31.10.1 "GET /v2.0/ports?tenant_id=63be5b4f4d784088b73cd36e6114f00e&device_id=43362a64-7c50-48f8-b7e2-97a6f3ab6ba6 HTTP/1.1" status: 200 len: 1315 time: 0.0807917
2020-12-02 16:32:33.349 21 INFO neutron.wsgi [req-cff7fb00-fe1d-44ed-9fbe-416786162720 851af1939a9b4ff8808a741857d37b46 761947fab1374992bf04ee79f6b6b929 - default default] 10.31.10.2,10.31.10.1 "GET /v2.0/subnets?id=355627ec-9f34-485a-8c9f-63327e7fe7f8 HTTP/1.1" status: 200 len: 818 time: 0.0668979
2020-12-02 16:32:33.756 21 INFO neutron.wsgi [req-c2471150-1fc3-43be-af6d-defe15667a8f 851af1939a9b4ff8808a741857d37b46 761947fab1374992bf04ee79f6b6b929 - default default] 10.31.10.2,10.31.10.1 "GET /v2.0/networks/31d7fa17-bee4-4ca0-8150-8bdf6a8ca8c2?fields=provider%3Aphysical_network&fields=provider%3Anetwork_type HTTP/1.1" status: 200 len: 257 time: 0.1299632
2020-12-02 16:32:44.748 24 INFO neutron.wsgi [req-e09a7079-ccdf-4e80-9792-70607c67baeb 851af1939a9b4ff8808a741857d37b46 761947fab1374992bf04ee79f6b6b929 - default default] 10.31.10.3,10.31.10.1 "GET /v2.0/networks?id=31d7fa17-bee4-4ca0-8150-8bdf6a8ca8c2 HTTP/1.1" status: 200 len: 902 time: 0.1284173
2020-12-02 16:32:45.015 21 INFO neutron.wsgi [req-5670ee3e-e480-4c1d-9cb8-3f9a0d3b664b 851af1939a9b4ff8808a741857d37b46 761947fab1374992bf04ee79f6b6b929 - default default] 10.31.10.3,10.31.10.1 "GET /v2.0/ports?network_id=31d7fa17-bee4-4ca0-8150-8bdf6a8ca8c2&device_owner=network%3Adhcp HTTP/1.1" status: 200 len: 2479 time: 0.0761843
2020-12-02 16:32:47.136 21 INFO neutron.wsgi [-] 10.31.10.1 "GET / HTTP/1.1" status: 200 len: 228 time: 0.0042536
2020-12-02 16:33:17.325 22 INFO neutron.wsgi [-] 10.31.10.1 "GET / HTTP/1.1" status: 200 len: 228 time: 0.0058486
2020-12-02 16:33:26.494 25 INFO neutron.wsgi [req-d3a8121d-b703-4cf8-8381-0157f53b19ff 851af1939a9b4ff8808a741857d37b46 761947fab1374992bf04ee79f6b6b929 - default default] 10.31.10.20,10.31.10.1 "GET /v2.0/ports?device_id=a4e73fe7-cf28-4d45-ad4f-ba65977536de&fields=binding%3Ahost_id&fields=binding%3Avif_type HTTP/1.1" status: 200 len: 238 time: 0.0825982
2020-12-02 16:33:26.916 24 INFO neutron.wsgi [req-88781b0d-6467-4459-96ae-69b71da7db42 851af1939a9b4ff8808a741857d37b46 761947fab1374992bf04ee79f6b6b929 - default default] 10.31.10.20,10.31.10.1 "GET /v2.0/floatingips?fixed_ip_address=10.31.11.197&port_id=638dbe1c-3bfb-4f03-a2f5-bac3e9c1ee1b HTTP/1.1" status: 200 len: 193 time: 0.0626025
2020-12-02 16:33:27.229 22 INFO neutron.wsgi [req-61b58a45-bec7-4b98-a36c-fe1ef763afcf 851af1939a9b4ff8808a741857d37b46 761947fab1374992bf04ee79f6b6b929 - default default] 10.31.10.20,10.31.10.1 "GET /v2.0/networks/c8e1bba8-da86-4439-a984-1085e84d9405?fields=segments HTTP/1.1" status: 200 len: 188 time: 0.1402988
2020-12-02 16:33:33.000 22 INFO neutron.wsgi [req-8e02b0b5-32f1-467d-8c89-d38d4c2e033b 851af1939a9b4ff8808a741857d37b46 761947fab1374992bf04ee79f6b6b929 - default default] 10.31.10.2,10.31.10.1 "GET /v2.0/ports?tenant_id=63be5b4f4d784088b73cd36e6114f00e&device_id=43362a64-7c50-48f8-b7e2-97a6f3ab6ba6 HTTP/1.1" status: 200 len: 1315 time: 0.0738003
2020-12-02 16:33:33.312 22 INFO neutron.wsgi [req-cde01a77-e7ee-4517-bd3a-5e24b3bc85f7 851af1939a9b4ff8808a741857d37b46 761947fab1374992bf04ee79f6b6b929 - default default] 10.31.10.2,10.31.10.1 "GET /v2.0/subnets?id=355627ec-9f34-485a-8c9f-63327e7fe7f8 HTTP/1.1" status: 200 len: 818 time: 0.0699694
2020-12-02 16:33:33.724 22 INFO neutron.wsgi [req-974f96d3-d29b-4627-9ec7-1c1d7a6535cd 851af1939a9b4ff8808a741857d37b46 761947fab1374992bf04ee79f6b6b929 - default default] 10.31.10.2,10.31.10.1 "GET /v2.0/networks/31d7fa17-bee4-4ca0-8150-8bdf6a8ca8c2?fields=provider%3Aphysical_network&fields=provider%3Anetwork_type HTTP/1.1" status: 200 len: 257 time: 0.1350665
2020-12-02 16:33:41.977 21 INFO neutron.wsgi [req-f7e9c57a-d0f6-49fe-a827-62766350ac6e 0da1bc1a3acc45d0aca57e504c04ea17 63be5b4f4d784088b73cd36e6114f00e - default default] 10.31.10.2,10.31.10.1 "GET /v2.0/ports?device_id=6c0f3e79-5f6a-4b36-b70c-204b20881049 HTTP/1.1" status: 200 len: 1339 time: 0.0713711
2020-12-02 16:33:42.045 21 INFO neutron.wsgi [req-fbe8ffd4-59f8-4f72-8934-b53ad8ae2059 0da1bc1a3acc45d0aca57e504c04ea17 63be5b4f4d784088b73cd36e6114f00e - default default] 10.31.10.2,10.31.10.1 "GET /v2.0/security-groups?id=b92ca6e7-6354-4c1e-a781-6be287e270a3 HTTP/1.1" status: 200 len: 4653 time: 0.0489540
2020-12-02 16:33:42.511 24 INFO neutron.wsgi [req-80248864-109a-46fd-8662-2b1c2fe9ac60 0da1bc1a3acc45d0aca57e504c04ea17 63be5b4f4d784088b73cd36e6114f00e - default default] 10.31.10.2,10.31.10.1 "GET /v2.0/subnets HTTP/1.1" status: 200 len: 2016 time: 0.0669765
2020-12-02 16:33:42.961 25 INFO neutron.wsgi [req-5f50f6b5-166f-481b-8492-059f4d75b433 0da1bc1a3acc45d0aca57e504c04ea17 63be5b4f4d784088b73cd36e6114f00e - default default] 10.31.10.20,10.31.10.1 "GET /v2.0/security-groups?id=b92ca6e7-6354-4c1e-a781-6be287e270a3&fields=id&fields=name HTTP/1.1" status: 200 len: 262 time: 0.0488093
2020-12-02 16:33:45.601 25 INFO neutron.wsgi [req-99506d0e-2eba-4fe2-a3b4-cd90070af859 0da1bc1a3acc45d0aca57e504c04ea17 63be5b4f4d784088b73cd36e6114f00e - default default] 10.31.10.2,10.31.10.1 "GET /v2.0/ports?device_id=6c0f3e79-5f6a-4b36-b70c-204b20881049 HTTP/1.1" status: 200 len: 1339 time: 0.0774601
2020-12-02 16:33:45.668 25 INFO neutron.wsgi [req-fc524647-bd48-4a93-91fd-ea995e13048f 0da1bc1a3acc45d0aca57e504c04ea17 63be5b4f4d784088b73cd36e6114f00e - default default] 10.31.10.2,10.31.10.1 "GET /v2.0/floatingips?port_id=1b341eb6-039a-4cd6-b580-7094ae96eae8&tenant_id=63be5b4f4d784088b73cd36e6114f00e HTTP/1.1" status: 200 len: 193 time: 0.0520883
2020-12-02 16:33:45.985 21 INFO neutron.wsgi [req-909448b2-4db1-4679-906e-e4a2f14e6b7f 0da1bc1a3acc45d0aca57e504c04ea17 63be5b4f4d784088b73cd36e6114f00e - default default] 10.31.10.2,10.31.10.1 "GET /v2.0/subnets HTTP/1.1" status: 200 len: 2016 time: 0.0652454
2020-12-02 16:33:46.401 21 INFO neutron.wsgi [req-3f0b057c-b155-4f9c-9986-23ab5842ee3b 851af1939a9b4ff8808a741857d37b46 761947fab1374992bf04ee79f6b6b929 - default default] 10.31.10.3,10.31.10.1 "GET /v2.0/ports?device_id=a1cd5b9c-26b5-413f-8af6-e2fb9f3d8697&fields=binding%3Ahost_id&fields=binding%3Avif_type HTTP/1.1" status: 200 len: 238 time: 0.0830698
2020-12-02 16:33:46.659 22 INFO neutron.wsgi [req-ee3ff961-1b9f-4223-b86a-676327896325 0da1bc1a3acc45d0aca57e504c04ea17 63be5b4f4d784088b73cd36e6114f00e - default default] 10.31.10.2,10.31.10.1 "GET /v2.0/networks?id=31d7fa17-bee4-4ca0-8150-8bdf6a8ca8c2 HTTP/1.1" status: 200 len: 902 time: 0.1251051
2020-12-02 16:33:46.903 22 INFO neutron.wsgi [req-46762364-3b4a-49a3-87ed-827719aaae9f 851af1939a9b4ff8808a741857d37b46 761947fab1374992bf04ee79f6b6b929 - default default] 10.31.10.3,10.31.10.1 "GET /v2.0/subnets?id=226b7ffb-b593-46b7-a0aa-f239c871bd0c HTTP/1.1" status: 200 len: 783 time: 0.0646613
2020-12-02 16:33:47.249 22 INFO neutron.wsgi [req-787a57cd-f40a-46bb-a819-4852fb2c7c72 851af1939a9b4ff8808a741857d37b46 761947fab1374992bf04ee79f6b6b929 - default default] 10.31.10.3,10.31.10.1 "GET /v2.0/networks/c8e1bba8-da86-4439-a984-1085e84d9405?fields=provider%3Aphysical_network&fields=provider%3Anetwork_type HTTP/1.1" status: 200 len: 257 time: 0.1277609
2020-12-02 16:33:47.502 23 INFO neutron.wsgi [-] 10.31.10.1 "GET / HTTP/1.1" status: 200 len: 228 time: 0.0041943
2020-12-02 16:33:51.817 22 INFO neutron.wsgi [req-97b9407f-2604-4db5-bb87-ab39a1dd41a2 0da1bc1a3acc45d0aca57e504c04ea17 63be5b4f4d784088b73cd36e6114f00e - default default] 10.31.10.2,10.31.10.1 "GET /v2.0/ports?device_id=6c0f3e79-5f6a-4b36-b70c-204b20881049&device_id=a4e73fe7-cf28-4d45-ad4f-ba65977536de&device_id=a1cd5b9c-26b5-413f-8af6-e2fb9f3d8697&device_id=43362a64-7c50-48f8-b7e2-97a6f3ab6ba6 HTTP/1.1" status: 200 len: 4652 time: 0.0866449
2020-12-02 16:33:52.146 21 INFO neutron.wsgi [req-87f8d41b-9a28-44b3-9d25-beb804be6d0d 0da1bc1a3acc45d0aca57e504c04ea17 63be5b4f4d784088b73cd36e6114f00e - default default] 10.31.10.2,10.31.10.1 "GET /v2.0/networks?id=31d7fa17-bee4-4ca0-8150-8bdf6a8ca8c2&id=c8e1bba8-da86-4439-a984-1085e84d9405 HTTP/1.1" status: 200 len: 1619 time: 0.1363983
2020-12-02 16:34:00.009 21 INFO neutron.wsgi [req-dd57c40f-7b25-451d-8a0f-98a41e106d64 0da1bc1a3acc45d0aca57e504c04ea17 63be5b4f4d784088b73cd36e6114f00e - default default] 10.31.10.2,10.31.10.1 "GET /v2.0/extensions HTTP/1.1" status: 200 len: 14561 time: 0.0110762
2020-12-02 16:34:01.278 24 INFO neutron.wsgi [req-0b17f083-725a-4339-addb-faebcbf47b37 0da1bc1a3acc45d0aca57e504c04ea17 63be5b4f4d784088b73cd36e6114f00e - default default] 10.31.10.2,10.31.10.1 "GET /v2.0/extensions HTTP/1.1" status: 200 len: 14561 time: 0.0085335
2020-12-02 16:34:02.197 23 INFO neutron.wsgi [req-518161af-d78a-42f5-850e-2450b5e914c0 0da1bc1a3acc45d0aca57e504c04ea17 63be5b4f4d784088b73cd36e6114f00e - default default] 10.31.10.2,10.31.10.1 "GET /v2.0/floatingips?tenant_id=63be5b4f4d784088b73cd36e6114f00e HTTP/1.1" status: 200 len: 193 time: 0.0601540
2020-12-02 16:34:03.972 24 INFO neutron.wsgi [req-c5aa6936-e329-44d1-a14b-5a2c23ce7749 0da1bc1a3acc45d0aca57e504c04ea17 63be5b4f4d784088b73cd36e6114f00e - default default] 10.31.10.2,10.31.10.1 "GET /v2.0/security-groups/b92ca6e7-6354-4c1e-a781-6be287e270a3 HTTP/1.1" status: 200 len: 4650 time: 0.0623057
2020-12-02 16:34:13.104 25 INFO neutron.wsgi [req-c9bbab3c-fecc-454c-8cb5-e9e8c84c1469 0da1bc1a3acc45d0aca57e504c04ea17 63be5b4f4d784088b73cd36e6114f00e - default default] 10.31.10.20,10.31.10.1 "GET /v2.0/ports?device_id=6c0f3e79-5f6a-4b36-b70c-204b20881049&device_id=a4e73fe7-cf28-4d45-ad4f-ba65977536de&device_id=a1cd5b9c-26b5-413f-8af6-e2fb9f3d8697&device_id=43362a64-7c50-48f8-b7e2-97a6f3ab6ba6 HTTP/1.1" status: 200 len: 4652 time: 0.0827787
2020-12-02 16:34:13.354 22 INFO neutron.wsgi [req-683a617f-4a8a-4330-8700-e178040a7d42 0da1bc1a3acc45d0aca57e504c04ea17 63be5b4f4d784088b73cd36e6114f00e - default default] 10.31.10.2,10.31.10.1 "GET /v2.0/floatingips?port_id=1b341eb6-039a-4cd6-b580-7094ae96eae8&port_id=638dbe1c-3bfb-4f03-a2f5-bac3e9c1ee1b&port_id=902028fa-f267-424a-b762-3bc7354d5423&port_id=b808505d-ff26-458c-9a69-56093e82c8de&tenant_id=63be5b4f4d784088b73cd36e6114f00e HTTP/1.1" status: 200 len: 193 time: 0.0576968
2020-12-02 16:34:13.678 24 INFO neutron.wsgi [req-a8af78b2-034c-47fa-b50b-aaa90b6b364e 0da1bc1a3acc45d0aca57e504c04ea17 63be5b4f4d784088b73cd36e6114f00e - default default] 10.31.10.2,10.31.10.1 "GET /v2.0/subnets HTTP/1.1" status: 200 len: 2016 time: 0.0640404
2020-12-02 16:34:17.676 25 INFO neutron.wsgi [-] 10.31.10.1 "GET / HTTP/1.1" status: 200 len: 228 time: 0.0042539
2020-12-02 16:34:19.750 21 INFO neutron.wsgi [req-cf9fbdab-3d77-4aa4-85e0-cb343946cbdd 0da1bc1a3acc45d0aca57e504c04ea17 63be5b4f4d784088b73cd36e6114f00e - default default] 10.31.10.2,10.31.10.1 "GET /v2.0/security-groups?id=b92ca6e7-6354-4c1e-a781-6be287e270a3&fields=id&fields=name HTTP/1.1" status: 200 len: 262 time: 0.0483713
2020-12-02 16:34:19.996 24 INFO neutron.wsgi [req-44975863-b162-46c4-aa40-e273e676ecbc 0da1bc1a3acc45d0aca57e504c04ea17 63be5b4f4d784088b73cd36e6114f00e - default default] 10.31.10.2,10.31.10.1 "GET /v2.0/floatingips?port_id=1b341eb6-039a-4cd6-b580-7094ae96eae8&tenant_id=63be5b4f4d784088b73cd36e6114f00e HTTP/1.1" status: 200 len: 193 time: 0.0635941
2020-12-02 16:34:20.234 25 INFO neutron.wsgi [req-6cd31131-6bef-4244-847a-979bb55a948f 0da1bc1a3acc45d0aca57e504c04ea17 63be5b4f4d784088b73cd36e6114f00e - default default] 10.31.10.2,10.31.10.1 "GET /v2.0/networks?id=31d7fa17-bee4-4ca0-8150-8bdf6a8ca8c2 HTTP/1.1" status: 200 len: 902 time: 0.1272080
2020-12-02 16:34:20.619 25 INFO neutron.wsgi [req-aab2713d-a812-4d27-9a9b-6b167dc2b193 0da1bc1a3acc45d0aca57e504c04ea17 63be5b4f4d784088b73cd36e6114f00e - default default] 10.31.10.2,10.31.10.1 "GET /v2.0/ports?device_id=6c0f3e79-5f6a-4b36-b70c-204b20881049 HTTP/1.1" status: 200 len: 1339 time: 0.0755296
2020-12-02 16:34:23.358 22 INFO neutron.wsgi [req-1a84e5f2-cb6f-426e-9984-cefb44f65cad 0da1bc1a3acc45d0aca57e504c04ea17 63be5b4f4d784088b73cd36e6114f00e - default default] 10.31.10.2,10.31.10.1 "GET /v2.0/security-groups?id=b92ca6e7-6354-4c1e-a781-6be287e270a3&fields=id&fields=name HTTP/1.1" status: 200 len: 262 time: 0.0505013
2020-12-02 16:34:23.589 23 INFO neutron.wsgi [req-855c3bab-41ab-474c-bfc8-b16480e74640 0da1bc1a3acc45d0aca57e504c04ea17 63be5b4f4d784088b73cd36e6114f00e - default default] 10.31.10.2,10.31.10.1 "GET /v2.0/security-groups?id=b92ca6e7-6354-4c1e-a781-6be287e270a3 HTTP/1.1" status: 200 len: 4653 time: 0.0551364
2020-12-02 16:34:23.850 25 INFO neutron.wsgi [req-bef02330-ede4-46dd-a808-ab50f1e41909 0da1bc1a3acc45d0aca57e504c04ea17 63be5b4f4d784088b73cd36e6114f00e - default default] 10.31.10.2,10.31.10.1 "GET /v2.0/networks?id=31d7fa17-bee4-4ca0-8150-8bdf6a8ca8c2 HTTP/1.1" status: 200 len: 902 time: 0.1288736
2020-12-02 16:34:24.347 24 INFO neutron.wsgi [req-b964bc3a-44b8-4695-a1ca-2a626592fd9b 0da1bc1a3acc45d0aca57e504c04ea17 63be5b4f4d784088b73cd36e6114f00e - default default] 10.31.10.2,10.31.10.1 "GET /v2.0/ports?device_id=6c0f3e79-5f6a-4b36-b70c-204b20881049 HTTP/1.1" status: 200 len: 1339 time: 0.1624708
2020-12-02 16:34:26.475 22 INFO neutron.wsgi [req-b1cd568b-3c1b-48f5-887f-2ca496f917aa 851af1939a9b4ff8808a741857d37b46 761947fab1374992bf04ee79f6b6b929 - default default] 10.31.10.20,10.31.10.1 "GET /v2.0/ports?device_id=a4e73fe7-cf28-4d45-ad4f-ba65977536de&fields=binding%3Ahost_id&fields=binding%3Avif_type HTTP/1.1" status: 200 len: 238 time: 0.0738752
2020-12-02 16:34:26.904 24 INFO neutron.wsgi [req-d2bedf04-d3fa-4b25-9e7e-20b7c290c319 851af1939a9b4ff8808a741857d37b46 761947fab1374992bf04ee79f6b6b929 - default default] 10.31.10.20,10.31.10.1 "GET /v2.0/floatingips?fixed_ip_address=10.31.11.197&port_id=638dbe1c-3bfb-4f03-a2f5-bac3e9c1ee1b HTTP/1.1" status: 200 len: 193 time: 0.0555413
2020-12-02 16:34:27.171 24 INFO neutron.wsgi [req-44f6fcec-2795-4a4f-9257-6c9a8eeb61e5 851af1939a9b4ff8808a741857d37b46 761947fab1374992bf04ee79f6b6b929 - default default] 10.31.10.20,10.31.10.1 "GET /v2.0/networks/c8e1bba8-da86-4439-a984-1085e84d9405?fields=segments HTTP/1.1" status: 200 len: 188 time: 0.1166062
2020-12-02 16:34:27.966 24 INFO neutron.wsgi [req-dccaeaf2-6cd5-4f4e-b252-01d8f08a0d9e 0da1bc1a3acc45d0aca57e504c04ea17 63be5b4f4d784088b73cd36e6114f00e - default default] 10.31.10.2,10.31.10.1 "GET /v2.0/extensions HTTP/1.1" status: 200 len: 14561 time: 0.0125155
2020-12-02 16:34:33.810 24 INFO neutron.wsgi [req-aca71a88-2bc5-4d37-b804-b4e9ee968993 851af1939a9b4ff8808a741857d37b46 761947fab1374992bf04ee79f6b6b929 - default default] 10.31.10.2,10.31.10.1 "GET /v2.0/ports?device_id=43362a64-7c50-48f8-b7e2-97a6f3ab6ba6&fields=binding%3Ahost_id&fields=binding%3Avif_type HTTP/1.1" status: 200 len: 238 time: 0.0695546
2020-12-02 16:34:34.364 24 INFO neutron.wsgi [req-935984a3-e550-4b71-bbba-d606098bbf19 851af1939a9b4ff8808a741857d37b46 761947fab1374992bf04ee79f6b6b929 - default default] 10.31.10.2,10.31.10.1 "GET /v2.0/floatingips?fixed_ip_address=10.31.12.174&port_id=b808505d-ff26-458c-9a69-56093e82c8de HTTP/1.1" status: 200 len: 193 time: 0.0633583
2020-12-02 16:34:34.687 24 INFO neutron.wsgi [req-849a76b4-b06d-4b07-a522-900477521ad9 851af1939a9b4ff8808a741857d37b46 761947fab1374992bf04ee79f6b6b929 - default default] 10.31.10.2,10.31.10.1 "GET /v2.0/networks/31d7fa17-bee4-4ca0-8150-8bdf6a8ca8c2?fields=segments HTTP/1.1" status: 200 len: 188 time: 0.1204872
2020-12-02 16:34:38.623 21 INFO neutron.wsgi [req-2f7c666f-eec9-4bca-9081-86deff1464eb 0da1bc1a3acc45d0aca57e504c04ea17 63be5b4f4d784088b73cd36e6114f00e - default default] 10.31.10.2,10.31.10.1 "GET /v2.0/extensions HTTP/1.1" status: 200 len: 14561 time: 0.0110679
2020-12-02 16:34:46.440 21 INFO neutron.wsgi [req-06f6e8b3-7e28-4a93-b2f1-985f0f7f0292 851af1939a9b4ff8808a741857d37b46 761947fab1374992bf04ee79f6b6b929 - default default] 10.31.10.3,10.31.10.1 "GET /v2.0/ports?device_id=6c0f3e79-5f6a-4b36-b70c-204b20881049&fields=binding%3Ahost_id&fields=binding%3Avif_type HTTP/1.1" status: 200 len: 238 time: 0.0793660
2020-12-02 16:34:46.800 21 INFO neutron.wsgi [req-09b2a312-6c56-4b27-b5f6-c480fa0e1199 851af1939a9b4ff8808a741857d37b46 761947fab1374992bf04ee79f6b6b929 - default default] 10.31.10.3,10.31.10.1 "GET /v2.0/floatingips?fixed_ip_address=10.31.12.238&port_id=1b341eb6-039a-4cd6-b580-7094ae96eae8 HTTP/1.1" status: 200 len: 193 time: 0.0630670
2020-12-02 16:34:47.114 21 INFO neutron.wsgi [req-f2b2e430-fb5c-46ee-859c-dd796c6c2d0c 851af1939a9b4ff8808a741857d37b46 761947fab1374992bf04ee79f6b6b929 - default default] 10.31.10.3,10.31.10.1 "GET /v2.0/networks/31d7fa17-bee4-4ca0-8150-8bdf6a8ca8c2?fields=segments HTTP/1.1" status: 200 len: 188 time: 0.1299713
2020-12-02 16:34:47.848 21 INFO neutron.wsgi [-] 10.31.10.1 "GET / HTTP/1.1" status: 200 len: 228 time: 0.0042017
2020-12-02 16:34:54.842 23 INFO neutron.wsgi [req-3726362b-f311-4cce-9de9-491e46de1215 0da1bc1a3acc45d0aca57e504c04ea17 63be5b4f4d784088b73cd36e6114f00e - default default] 10.31.10.2,10.31.10.1 "GET /v2.0/extensions HTTP/1.1" status: 200 len: 14561 time: 0.0108726
2020-12-02 16:34:55.720 22 INFO neutron.wsgi [req-270ad085-ce99-4cf4-9118-ed0e4eaaeea4 0da1bc1a3acc45d0aca57e504c04ea17 63be5b4f4d784088b73cd36e6114f00e - default default] 10.31.10.2,10.31.10.1 "PUT /v2.0/ports/1b341eb6-039a-4cd6-b580-7094ae96eae8 HTTP/1.1" status: 200 len: 1299 time: 0.7098215
2020-12-02 16:34:56.240 22 INFO neutron.notifiers.nova [-] Nova event response: {'name': 'network-changed', 'server_uuid': '6c0f3e79-5f6a-4b36-b70c-204b20881049', 'tag': '1b341eb6-039a-4cd6-b580-7094ae96eae8', 'status': 'completed', 'code': 200}
2020-12-02 16:34:56.300 21 INFO neutron.wsgi [req-247bddeb-f610-4274-9bef-d3b4398236bd 0da1bc1a3acc45d0aca57e504c04ea17 63be5b4f4d784088b73cd36e6114f00e - default default] 10.31.10.2,10.31.10.1 "GET /v2.0/ports?device_id=6c0f3e79-5f6a-4b36-b70c-204b20881049 HTTP/1.1" status: 200 len: 1302 time: 0.0723956
2020-12-02 16:34:56.479 21 INFO neutron.wsgi [req-c36732a9-eefb-4ca5-8ef9-b773b7b4c57c 851af1939a9b4ff8808a741857d37b46 761947fab1374992bf04ee79f6b6b929 - default default] 10.31.10.3,10.31.10.1 "GET /v2.0/networks?id=31d7fa17-bee4-4ca0-8150-8bdf6a8ca8c2 HTTP/1.1" status: 200 len: 902 time: 0.1255808
2020-12-02 16:34:56.549 21 INFO neutron.wsgi [req-ae5f7cf1-2feb-408c-a915-71c09aa3b8e4 851af1939a9b4ff8808a741857d37b46 761947fab1374992bf04ee79f6b6b929 - default default] 10.31.10.3,10.31.10.1 "GET /v2.0/floatingips?fixed_ip_address=10.31.12.238&port_id=1b341eb6-039a-4cd6-b580-7094ae96eae8 HTTP/1.1" status: 200 len: 193 time: 0.0571878
2020-12-02 16:34:56.702 21 INFO neutron.wsgi [req-52014954-47fb-4ea9-8a8b-707492bb2161 851af1939a9b4ff8808a741857d37b46 761947fab1374992bf04ee79f6b6b929 - default default] 10.31.10.3,10.31.10.1 "GET /v2.0/ports?network_id=31d7fa17-bee4-4ca0-8150-8bdf6a8ca8c2&device_owner=network%3Adhcp HTTP/1.1" status: 200 len: 2479 time: 0.0734918
2020-12-02 16:34:57.125 21 INFO neutron.wsgi [req-80b604a0-e3ce-44b8-a645-ff13e768cd3b 851af1939a9b4ff8808a741857d37b46 761947fab1374992bf04ee79f6b6b929 - default default] 10.31.10.3,10.31.10.1 "GET /v2.0/networks/31d7fa17-bee4-4ca0-8150-8bdf6a8ca8c2?fields=provider%3Aphysical_network&fields=provider%3Anetwork_type HTTP/1.1" status: 200 len: 257 time: 0.2766333
2020-12-02 16:34:58.139 21 INFO neutron.wsgi [req-fb658eea-7135-4075-9cfe-c466efc2c50f 0da1bc1a3acc45d0aca57e504c04ea17 63be5b4f4d784088b73cd36e6114f00e - default default] 10.31.10.2,10.31.10.1 "GET /v2.0/ports?device_id=6c0f3e79-5f6a-4b36-b70c-204b20881049 HTTP/1.1" status: 200 len: 1302 time: 0.0697320
2020-12-02 16:34:58.302 21 INFO neutron.wsgi [req-279f2f2d-f688-4ad3-9069-5ab4fa3127ff 0da1bc1a3acc45d0aca57e504c04ea17 63be5b4f4d784088b73cd36e6114f00e - default default] 10.31.10.2,10.31.10.1 "GET /v2.0/ports?tenant_id=63be5b4f4d784088b73cd36e6114f00e HTTP/1.1" status: 200 len: 6907 time: 0.0772696
2020-12-02 16:34:58.548 21 INFO neutron.wsgi [req-7d7d3a48-3510-44d5-aeb5-ca5867ad5b4d 0da1bc1a3acc45d0aca57e504c04ea17 63be5b4f4d784088b73cd36e6114f00e - default default] 10.31.10.2,10.31.10.1 "GET /v2.0/extensions HTTP/1.1" status: 200 len: 14561 time: 0.0116107
2020-12-02 16:35:13.939 21 INFO neutron.wsgi [req-eefdb1fd-88a3-456e-94f4-f5ad265c9d31 0da1bc1a3acc45d0aca57e504c04ea17 63be5b4f4d784088b73cd36e6114f00e - default default] 10.31.10.20,10.31.10.1 "GET /v2.0/ports?device_id=6c0f3e79-5f6a-4b36-b70c-204b20881049&device_id=a4e73fe7-cf28-4d45-ad4f-ba65977536de&device_id=a1cd5b9c-26b5-413f-8af6-e2fb9f3d8697&device_id=43362a64-7c50-48f8-b7e2-97a6f3ab6ba6 HTTP/1.1" status: 200 len: 4615 time: 0.1502571
2020-12-02 16:35:14.187 25 INFO neutron.wsgi [req-3d4a3e10-a0c8-4d92-861e-9af1dd91d7ca 0da1bc1a3acc45d0aca57e504c04ea17 63be5b4f4d784088b73cd36e6114f00e - default default] 10.31.10.2,10.31.10.1 "GET /v2.0/floatingips?port_id=1b341eb6-039a-4cd6-b580-7094ae96eae8&port_id=638dbe1c-3bfb-4f03-a2f5-bac3e9c1ee1b&port_id=902028fa-f267-424a-b762-3bc7354d5423&port_id=b808505d-ff26-458c-9a69-56093e82c8de&tenant_id=63be5b4f4d784088b73cd36e6114f00e HTTP/1.1" status: 200 len: 193 time: 0.0645187
2020-12-02 16:35:14.508 25 INFO neutron.wsgi [req-b347eb27-de90-479d-ba3e-81cc5ca5e3fd 0da1bc1a3acc45d0aca57e504c04ea17 63be5b4f4d784088b73cd36e6114f00e - default default] 10.31.10.2,10.31.10.1 "GET /v2.0/subnets HTTP/1.1" status: 200 len: 2016 time: 0.0644376
2020-12-02 16:35:17.279 25 INFO neutron.wsgi [req-4e4bfc1b-0333-4806-93c6-098b8b57d24e 0da1bc1a3acc45d0aca57e504c04ea17 63be5b4f4d784088b73cd36e6114f00e - default default] 10.31.10.2,10.31.10.1 "GET /v2.0/ports?device_id=6c0f3e79-5f6a-4b36-b70c-204b20881049 HTTP/1.1" status: 200 len: 1302 time: 0.0763016
2020-12-02 16:35:17.438 25 INFO neutron.wsgi [req-56e5c4fb-192f-4bbf-9c20-1e5185b44f5c 0da1bc1a3acc45d0aca57e504c04ea17 63be5b4f4d784088b73cd36e6114f00e - default default] 10.31.10.2,10.31.10.1 "GET /v2.0/ports?tenant_id=63be5b4f4d784088b73cd36e6114f00e HTTP/1.1" status: 200 len: 6907 time: 0.0802240
2020-12-02 16:35:17.712 24 INFO neutron.wsgi [req-36703d43-3f32-492e-8d44-49575c433f64 0da1bc1a3acc45d0aca57e504c04ea17 63be5b4f4d784088b73cd36e6114f00e - default default] 10.31.10.3,10.31.10.1 "GET /v2.0/ports?device_id=6c0f3e79-5f6a-4b36-b70c-204b20881049 HTTP/1.1" status: 200 len: 1302 time: 0.0686190
2020-12-02 16:35:17.865 23 INFO neutron.wsgi [req-cb248480-1687-4af6-be5d-f3e78fb17cf4 0da1bc1a3acc45d0aca57e504c04ea17 63be5b4f4d784088b73cd36e6114f00e - default default] 10.31.10.2,10.31.10.1 "GET /v2.0/ports?device_id=6c0f3e79-5f6a-4b36-b70c-204b20881049 HTTP/1.1" status: 200 len: 1302 time: 0.0681870
2020-12-02 16:35:18.026 24 INFO neutron.wsgi [req-8f76cea2-fa15-4e2e-a5f4-f8d0fdf13193 0da1bc1a3acc45d0aca57e504c04ea17 63be5b4f4d784088b73cd36e6114f00e - default default] 10.31.10.2,10.31.10.1 "GET /v2.0/ports?tenant_id=63be5b4f4d784088b73cd36e6114f00e HTTP/1.1" status: 200 len: 6907 time: 0.0813210
2020-12-02 16:35:18.042 24 INFO neutron.wsgi [-] 10.31.10.1 "GET / HTTP/1.1" status: 200 len: 228 time: 0.0042779
2020-12-02 16:35:18.282 21 INFO neutron.wsgi [req-a77c4648-edb2-4e82-aeec-f04c8e039c0e 0da1bc1a3acc45d0aca57e504c04ea17 63be5b4f4d784088b73cd36e6114f00e - default default] 10.31.10.2,10.31.10.1 "GET /v2.0/extensions HTTP/1.1" status: 200 len: 14561 time: 0.0123324
2020-12-02 16:35:21.562 24 INFO neutron.wsgi [req-ab2f2c6b-24f0-4260-8ae9-5cf75604c873 0da1bc1a3acc45d0aca57e504c04ea17 63be5b4f4d784088b73cd36e6114f00e - default default] 10.31.10.2,10.31.10.1 "GET /v2.0/ports?device_id=6c0f3e79-5f6a-4b36-b70c-204b20881049 HTTP/1.1" status: 200 len: 1302 time: 0.0820003
2020-12-02 16:35:21.719 22 INFO neutron.wsgi [req-159a1f25-9904-4528-8f2f-283d5ff67161 0da1bc1a3acc45d0aca57e504c04ea17 63be5b4f4d784088b73cd36e6114f00e - default default] 10.31.10.2,10.31.10.1 "GET /v2.0/ports?tenant_id=63be5b4f4d784088b73cd36e6114f00e HTTP/1.1" status: 200 len: 6907 time: 0.0759392
2020-12-02 16:35:21.960 25 INFO neutron.wsgi [req-98bd17ac-c366-4223-bdfb-49fa9d87bab0 0da1bc1a3acc45d0aca57e504c04ea17 63be5b4f4d784088b73cd36e6114f00e - default default] 10.31.10.2,10.31.10.1 "GET /v2.0/extensions HTTP/1.1" status: 200 len: 14561 time: 0.0114017
2020-12-02 16:35:28.657 25 INFO neutron.wsgi [req-76b679d2-d8c7-4a0d-b2c4-535121b59ad7 851af1939a9b4ff8808a741857d37b46 761947fab1374992bf04ee79f6b6b929 - default default] 10.31.10.20,10.31.10.1 "GET /v2.0/ports?tenant_id=63be5b4f4d784088b73cd36e6114f00e&device_id=a4e73fe7-cf28-4d45-ad4f-ba65977536de HTTP/1.1" status: 200 len: 1278 time: 0.0871665
2020-12-02 16:35:29.131 24 INFO neutron.wsgi [req-22f5e9ef-892b-4036-912f-2110fece81b4 851af1939a9b4ff8808a741857d37b46 761947fab1374992bf04ee79f6b6b929 - default default] 10.31.10.20,10.31.10.1 "GET /v2.0/subnets?id=226b7ffb-b593-46b7-a0aa-f239c871bd0c HTTP/1.1" status: 200 len: 783 time: 0.0650673
2020-12-02 16:35:29.470 25 INFO neutron.wsgi [req-d6dd60df-4938-474e-b624-fd2091c1c7ae 851af1939a9b4ff8808a741857d37b46 761947fab1374992bf04ee79f6b6b929 - default default] 10.31.10.20,10.31.10.1 "GET /v2.0/networks/c8e1bba8-da86-4439-a984-1085e84d9405?fields=provider%3Aphysical_network&fields=provider%3Anetwork_type HTTP/1.1" status: 200 len: 257 time: 0.1204419
2020-12-02 16:35:34.527 25 INFO neutron.wsgi [req-0ed526db-78f1-4a12-b880-663d8125776a 0da1bc1a3acc45d0aca57e504c04ea17 63be5b4f4d784088b73cd36e6114f00e - default default] 10.31.10.2,10.31.10.1 "GET /v2.0/ports?device_id=6c0f3e79-5f6a-4b36-b70c-204b20881049&device_id=a4e73fe7-cf28-4d45-ad4f-ba65977536de&device_id=a1cd5b9c-26b5-413f-8af6-e2fb9f3d8697&device_id=43362a64-7c50-48f8-b7e2-97a6f3ab6ba6 HTTP/1.1" status: 200 len: 4615 time: 0.0823915
2020-12-02 16:35:34.852 24 INFO neutron.wsgi [req-b731dc42-dc55-4c2d-99d5-61e218c14453 0da1bc1a3acc45d0aca57e504c04ea17 63be5b4f4d784088b73cd36e6114f00e - default default] 10.31.10.2,10.31.10.1 "GET /v2.0/networks?id=31d7fa17-bee4-4ca0-8150-8bdf6a8ca8c2&id=c8e1bba8-da86-4439-a984-1085e84d9405 HTTP/1.1" status: 200 len: 1619 time: 0.1229978
2020-12-02 16:35:35.828 22 INFO neutron.wsgi [req-da7f0d43-4c9d-4213-beb0-1eef4d8123cd 851af1939a9b4ff8808a741857d37b46 761947fab1374992bf04ee79f6b6b929 - default default] 10.31.10.2,10.31.10.1 "GET /v2.0/ports?device_id=43362a64-7c50-48f8-b7e2-97a6f3ab6ba6&fields=binding%3Ahost_id&fields=binding%3Avif_type HTTP/1.1" status: 200 len: 238 time: 0.0793061
2020-12-02 16:35:36.237 22 INFO neutron.wsgi [req-d135c6cf-53ef-44a4-b9d7-8c831b2b6534 851af1939a9b4ff8808a741857d37b46 761947fab1374992bf04ee79f6b6b929 - default default] 10.31.10.2,10.31.10.1 "GET /v2.0/floatingips?fixed_ip_address=10.31.12.174&port_id=b808505d-ff26-458c-9a69-56093e82c8de HTTP/1.1" status: 200 len: 193 time: 0.0588634
2020-12-02 16:35:36.438 22 INFO neutron.wsgi [req-3c591900-a4d0-4a7c-94f9-2f4411fcbd3a 851af1939a9b4ff8808a741857d37b46 761947fab1374992bf04ee79f6b6b929 - default default] 10.31.10.2,10.31.10.1 "GET /v2.0/extensions HTTP/1.1" status: 200 len: 14561 time: 0.0132775
2020-12-02 16:35:43.595 21 INFO neutron.wsgi [req-2bfbbfbc-2910-4397-8859-807ebc4764b0 0da1bc1a3acc45d0aca57e504c04ea17 63be5b4f4d784088b73cd36e6114f00e - default default] 10.31.10.3,10.31.10.1 "GET /v2.0/ports?device_id=6c0f3e79-5f6a-4b36-b70c-204b20881049&device_id=a4e73fe7-cf28-4d45-ad4f-ba65977536de&device_id=a1cd5b9c-26b5-413f-8af6-e2fb9f3d8697&device_id=43362a64-7c50-48f8-b7e2-97a6f3ab6ba6 HTTP/1.1" status: 200 len: 4615 time: 0.0843227
2020-12-02 16:35:43.986 22 INFO neutron.wsgi [req-a353ecef-6289-45ef-be17-cc376f145fb3 0da1bc1a3acc45d0aca57e504c04ea17 63be5b4f4d784088b73cd36e6114f00e - default default] 10.31.10.2,10.31.10.1 "GET /v2.0/floatingips?port_id=1b341eb6-039a-4cd6-b580-7094ae96eae8&port_id=638dbe1c-3bfb-4f03-a2f5-bac3e9c1ee1b&port_id=902028fa-f267-424a-b762-3bc7354d5423&port_id=b808505d-ff26-458c-9a69-56093e82c8de&tenant_id=63be5b4f4d784088b73cd36e6114f00e HTTP/1.1" status: 200 len: 193 time: 0.1978619
2020-12-02 16:35:44.312 22 INFO neutron.wsgi [req-c9e0ad8d-4ac3-4141-ba75-cac7a5a767f0 0da1bc1a3acc45d0aca57e504c04ea17 63be5b4f4d784088b73cd36e6114f00e - default default] 10.31.10.2,10.31.10.1 "GET /v2.0/subnets HTTP/1.1" status: 200 len: 2016 time: 0.0672383
2020-12-02 16:35:45.409 24 INFO neutron.wsgi [req-4bc95f8c-5307-47c6-b279-5a79ea031002 0da1bc1a3acc45d0aca57e504c04ea17 63be5b4f4d784088b73cd36e6114f00e - default default] 10.31.10.2,10.31.10.1 "GET /v2.0/ports?device_id=a4e73fe7-cf28-4d45-ad4f-ba65977536de&device_id=a1cd5b9c-26b5-413f-8af6-e2fb9f3d8697&device_id=43362a64-7c50-48f8-b7e2-97a6f3ab6ba6 HTTP/1.1" status: 200 len: 3500 time: 0.0746284
2020-12-02 16:35:45.473 24 INFO neutron.wsgi [req-30342cdb-e1f3-428d-a903-79004592db42 0da1bc1a3acc45d0aca57e504c04ea17 63be5b4f4d784088b73cd36e6114f00e - default default] 10.31.10.2,10.31.10.1 "GET /v2.0/floatingips?port_id=638dbe1c-3bfb-4f03-a2f5-bac3e9c1ee1b&port_id=902028fa-f267-424a-b762-3bc7354d5423&port_id=b808505d-ff26-458c-9a69-56093e82c8de&tenant_id=63be5b4f4d784088b73cd36e6114f00e HTTP/1.1" status: 200 len: 193 time: 0.0535197
2020-12-02 16:35:45.918 24 INFO neutron.wsgi [req-7fc12fe0-c994-4a9f-a59e-acdd519ee457 0da1bc1a3acc45d0aca57e504c04ea17 63be5b4f4d784088b73cd36e6114f00e - default default] 10.31.10.2,10.31.10.1 "GET /v2.0/subnets HTTP/1.1" status: 200 len: 2016 time: 0.0558176
2020-12-02 16:35:46.543 24 INFO neutron.wsgi [req-45bf2d22-4ae8-4a21-8024-54149472335c 851af1939a9b4ff8808a741857d37b46 761947fab1374992bf04ee79f6b6b929 - default default] 10.31.10.3,10.31.10.1 "GET /v2.0/ports?tenant_id=63be5b4f4d784088b73cd36e6114f00e&device_id=a1cd5b9c-26b5-413f-8af6-e2fb9f3d8697 HTTP/1.1" status: 200 len: 1281 time: 0.0601842
2020-12-02 16:35:46.860 21 INFO neutron.wsgi [req-89906fe1-205b-466d-a003-ad8c0e66b0cb 851af1939a9b4ff8808a741857d37b46 761947fab1374992bf04ee79f6b6b929 - default default] 10.31.10.3,10.31.10.1 "GET /v2.0/subnets?id=226b7ffb-b593-46b7-a0aa-f239c871bd0c HTTP/1.1" status: 200 len: 783 time: 0.0648706
2020-12-02 16:35:47.203 24 INFO neutron.wsgi [req-60c74179-a17b-4f54-8e0d-c8f03140de6b 851af1939a9b4ff8808a741857d37b46 761947fab1374992bf04ee79f6b6b929 - default default] 10.31.10.3,10.31.10.1 "GET /v2.0/networks/c8e1bba8-da86-4439-a984-1085e84d9405?fields=provider%3Aphysical_network&fields=provider%3Anetwork_type HTTP/1.1" status: 200 len: 257 time: 0.1160672
2020-12-02 16:35:48.210 24 INFO neutron.wsgi [-] 10.31.10.1 "GET / HTTP/1.1" status: 200 len: 228 time: 0.0068140
2020-12-02 16:36:18.390 25 INFO neutron.wsgi [-] 10.31.10.1 "GET / HTTP/1.1" status: 200 len: 228 time: 0.0078781
2020-12-02 16:36:30.704 24 INFO neutron.wsgi [req-88631709-bbd4-4369-ab73-30ab236bcf18 851af1939a9b4ff8808a741857d37b46 761947fab1374992bf04ee79f6b6b929 - default default] 10.31.10.20,10.31.10.1 "GET /v2.0/ports?tenant_id=63be5b4f4d784088b73cd36e6114f00e&device_id=a4e73fe7-cf28-4d45-ad4f-ba65977536de HTTP/1.1" status: 200 len: 1278 time: 0.0829244
2020-12-02 16:36:31.038 22 INFO neutron.wsgi [req-441dda13-7be1-42d8-b7a8-1133d14c2961 851af1939a9b4ff8808a741857d37b46 761947fab1374992bf04ee79f6b6b929 - default default] 10.31.10.20,10.31.10.1 "GET /v2.0/subnets?id=226b7ffb-b593-46b7-a0aa-f239c871bd0c HTTP/1.1" status: 200 len: 783 time: 0.0693276
2020-12-02 16:36:31.397 22 INFO neutron.wsgi [req-bbb36883-61da-4fff-83bc-f6703c17f933 851af1939a9b4ff8808a741857d37b46 761947fab1374992bf04ee79f6b6b929 - default default] 10.31.10.20,10.31.10.1 "GET /v2.0/networks/c8e1bba8-da86-4439-a984-1085e84d9405?fields=provider%3Aphysical_network&fields=provider%3Anetwork_type HTTP/1.1" status: 200 len: 257 time: 0.1238420
2020-12-02 16:36:37.427 23 INFO neutron.wsgi [req-b8755851-0e37-4adb-bfd5-0884fb663dde 851af1939a9b4ff8808a741857d37b46 761947fab1374992bf04ee79f6b6b929 - default default] 10.31.10.2,10.31.10.1 "GET /v2.0/networks?id=31d7fa17-bee4-4ca0-8150-8bdf6a8ca8c2 HTTP/1.1" status: 200 len: 902 time: 0.1327429
2020-12-02 16:36:37.680 23 INFO neutron.wsgi [req-ca021f7f-9c66-4944-8060-9be9ee7daaef 851af1939a9b4ff8808a741857d37b46 761947fab1374992bf04ee79f6b6b929 - default default] 10.31.10.2,10.31.10.1 "GET /v2.0/ports?network_id=31d7fa17-bee4-4ca0-8150-8bdf6a8ca8c2&device_owner=network%3Adhcp HTTP/1.1" status: 200 len: 2479 time: 0.0816228
2020-12-02 16:36:46.513 23 INFO neutron.wsgi [req-7080d7f4-f412-45bd-8bb3-a4ed47aad352 851af1939a9b4ff8808a741857d37b46 761947fab1374992bf04ee79f6b6b929 - default default] 10.31.10.3,10.31.10.1 "GET /v2.0/ports?device_id=a1cd5b9c-26b5-413f-8af6-e2fb9f3d8697&fields=binding%3Ahost_id&fields=binding%3Avif_type HTTP/1.1" status: 200 len: 238 time: 0.1980460
2020-12-02 16:36:46.948 23 INFO neutron.wsgi [req-04d08c4f-203a-4a25-8be8-d90d15f25100 851af1939a9b4ff8808a741857d37b46 761947fab1374992bf04ee79f6b6b929 - default default] 10.31.10.3,10.31.10.1 "GET /v2.0/floatingips?fixed_ip_address=10.31.11.100&port_id=902028fa-f267-424a-b762-3bc7354d5423 HTTP/1.1" status: 200 len: 193 time: 0.0597885
2020-12-02 16:36:47.119 22 INFO neutron.wsgi [req-d29324e3-8d84-4fff-b25b-96b13cc6a2b1 851af1939a9b4ff8808a741857d37b46 761947fab1374992bf04ee79f6b6b929 - default default] 10.31.10.3,10.31.10.1 "GET /v2.0/extensions HTTP/1.1" status: 200 len: 14561 time: 0.0133576
2020-12-02 16:36:48.559 24 INFO neutron.wsgi [-] 10.31.10.1 "GET / HTTP/1.1" status: 200 len: 228 time: 0.0044620
2020-12-02 16:37:18.717 23 INFO neutron.wsgi [-] 10.31.10.1 "GET / HTTP/1.1" status: 200 len: 228 time: 0.0072122
2020-12-02 16:37:31.552 21 INFO neutron.wsgi [req-ac7eeb7f-fbb0-4757-b894-4a27984227a7 851af1939a9b4ff8808a741857d37b46 761947fab1374992bf04ee79f6b6b929 - default default] 10.31.10.20,10.31.10.1 "GET /v2.0/ports?device_id=a4e73fe7-cf28-4d45-ad4f-ba65977536de&fields=binding%3Ahost_id&fields=binding%3Avif_type HTTP/1.1" status: 200 len: 238 time: 0.1584332
2020-12-02 16:37:31.995 24 INFO neutron.wsgi [req-764f002d-cbdd-40bd-b14f-a3397a1a0d13 851af1939a9b4ff8808a741857d37b46 761947fab1374992bf04ee79f6b6b929 - default default] 10.31.10.20,10.31.10.1 "GET /v2.0/floatingips?fixed_ip_address=10.31.11.197&port_id=638dbe1c-3bfb-4f03-a2f5-bac3e9c1ee1b HTTP/1.1" status: 200 len: 193 time: 0.0603092
2020-12-02 16:37:32.270 24 INFO neutron.wsgi [req-40554087-8db4-4e7f-ac39-7b12ab4854d2 851af1939a9b4ff8808a741857d37b46 761947fab1374992bf04ee79f6b6b929 - default default] 10.31.10.20,10.31.10.1 "GET /v2.0/networks/c8e1bba8-da86-4439-a984-1085e84d9405?fields=segments HTTP/1.1" status: 200 len: 188 time: 0.1220272
2020-12-02 16:37:39.028 24 INFO neutron.wsgi [req-e0aa7dec-ef36-4bd5-97a1-bd5476f67835 851af1939a9b4ff8808a741857d37b46 761947fab1374992bf04ee79f6b6b929 - default default] 10.31.10.2,10.31.10.1 "GET /v2.0/ports?tenant_id=63be5b4f4d784088b73cd36e6114f00e&device_id=43362a64-7c50-48f8-b7e2-97a6f3ab6ba6 HTTP/1.1" status: 200 len: 1315 time: 0.0880351
2020-12-02 16:37:39.350 24 INFO neutron.wsgi [req-af111d8b-b2b5-4562-9c14-c00320db1301 851af1939a9b4ff8808a741857d37b46 761947fab1374992bf04ee79f6b6b929 - default default] 10.31.10.2,10.31.10.1 "GET /v2.0/subnets?id=355627ec-9f34-485a-8c9f-63327e7fe7f8 HTTP/1.1" status: 200 len: 818 time: 0.0651140
2020-12-02 16:37:39.732 24 INFO neutron.wsgi [req-1c3a9c5d-4885-45ac-b7f7-e92de91d2506 851af1939a9b4ff8808a741857d37b46 761947fab1374992bf04ee79f6b6b929 - default default] 10.31.10.2,10.31.10.1 "GET /v2.0/networks/31d7fa17-bee4-4ca0-8150-8bdf6a8ca8c2?fields=provider%3Aphysical_network&fields=provider%3Anetwork_type HTTP/1.1" status: 200 len: 257 time: 0.1220150
2020-12-02 16:37:47.736 24 INFO neutron.wsgi [req-52c91a84-d0de-43a4-bf50-5270932ae77a 851af1939a9b4ff8808a741857d37b46 761947fab1374992bf04ee79f6b6b929 - default default] 10.31.10.3,10.31.10.1 "GET /v2.0/networks?id=c8e1bba8-da86-4439-a984-1085e84d9405 HTTP/1.1" status: 200 len: 905 time: 0.1228125
