2020-12-02 14:47:08.499 25 INFO neutron.wsgi [-] 10.31.10.1 "GET / HTTP/1.1" status: 200 len: 228 time: 0.0064888
2020-12-02 14:47:38.675 25 INFO neutron.wsgi [-] 10.31.10.1 "GET / HTTP/1.1" status: 200 len: 228 time: 0.0047259
2020-12-02 14:47:43.741 24 INFO neutron.wsgi [req-940386e2-757c-4c4b-b4cc-0db10ccb30df 851af1939a9b4ff8808a741857d37b46 761947fab1374992bf04ee79f6b6b929 - default default] 10.31.10.20,10.31.10.1 "GET /v2.0/ports?tenant_id=63be5b4f4d784088b73cd36e6114f00e&device_id=a4e73fe7-cf28-4d45-ad4f-ba65977536de HTTP/1.1" status: 200 len: 1278 time: 0.0780938
2020-12-02 14:47:44.074 22 INFO neutron.wsgi [req-6e6454e6-bae4-4841-8e5f-b7b5634f7f78 851af1939a9b4ff8808a741857d37b46 761947fab1374992bf04ee79f6b6b929 - default default] 10.31.10.20,10.31.10.1 "GET /v2.0/subnets?id=226b7ffb-b593-46b7-a0aa-f239c871bd0c HTTP/1.1" status: 200 len: 783 time: 0.0698576
2020-12-02 14:47:44.413 22 INFO neutron.wsgi [req-15dae5f0-cba2-4240-9198-a37554904fa8 851af1939a9b4ff8808a741857d37b46 761947fab1374992bf04ee79f6b6b929 - default default] 10.31.10.20,10.31.10.1 "GET /v2.0/networks/c8e1bba8-da86-4439-a984-1085e84d9405?fields=provider%3Aphysical_network&fields=provider%3Anetwork_type HTTP/1.1" status: 200 len: 257 time: 0.1233094
2020-12-02 14:47:52.728 24 INFO neutron.wsgi [req-2f838b4c-21cd-4f68-b9fa-fb98562102b3 851af1939a9b4ff8808a741857d37b46 761947fab1374992bf04ee79f6b6b929 - default default] 10.31.10.3,10.31.10.1 "GET /v2.0/networks?id=c8e1bba8-da86-4439-a984-1085e84d9405 HTTP/1.1" status: 200 len: 905 time: 0.1197901
2020-12-02 14:47:52.941 24 INFO neutron.wsgi [req-8e0c5dbd-ea15-4ba0-8c1f-7966d813754c 851af1939a9b4ff8808a741857d37b46 761947fab1374992bf04ee79f6b6b929 - default default] 10.31.10.3,10.31.10.1 "GET /v2.0/ports?network_id=c8e1bba8-da86-4439-a984-1085e84d9405&device_owner=network%3Adhcp HTTP/1.1" status: 200 len: 186 time: 0.0432255
2020-12-02 14:47:54.781 22 INFO neutron.wsgi [req-79871edf-3137-483c-9e9d-fb5f7847eaf4 851af1939a9b4ff8808a741857d37b46 761947fab1374992bf04ee79f6b6b929 - default default] 10.31.10.2,10.31.10.1 "GET /v2.0/ports?device_id=43362a64-7c50-48f8-b7e2-97a6f3ab6ba6&fields=binding%3Ahost_id&fields=binding%3Avif_type HTTP/1.1" status: 200 len: 238 time: 0.0807371
2020-12-02 14:47:55.123 22 INFO neutron.wsgi [req-1b9d9e0f-3ff6-4d85-ad8f-7ed6d65e956a 851af1939a9b4ff8808a741857d37b46 761947fab1374992bf04ee79f6b6b929 - default default] 10.31.10.2,10.31.10.1 "GET /v2.0/networks?id=31d7fa17-bee4-4ca0-8150-8bdf6a8ca8c2 HTTP/1.1" status: 200 len: 902 time: 0.1247253
2020-12-02 14:47:55.275 24 INFO neutron.wsgi [req-b4270d3f-a822-4478-9a92-a058008fc6aa 851af1939a9b4ff8808a741857d37b46 761947fab1374992bf04ee79f6b6b929 - default default] 10.31.10.2,10.31.10.1 "GET /v2.0/subnets?id=355627ec-9f34-485a-8c9f-63327e7fe7f8 HTTP/1.1" status: 200 len: 818 time: 0.0567231
2020-12-02 14:47:55.673 24 INFO neutron.wsgi [req-f2c76777-8ff8-48a6-ac6e-5ad9ec37444e 851af1939a9b4ff8808a741857d37b46 761947fab1374992bf04ee79f6b6b929 - default default] 10.31.10.2,10.31.10.1 "GET /v2.0/networks/31d7fa17-bee4-4ca0-8150-8bdf6a8ca8c2?fields=provider%3Aphysical_network&fields=provider%3Anetwork_type HTTP/1.1" status: 200 len: 257 time: 0.1332273
2020-12-02 14:48:08.860 21 INFO neutron.wsgi [-] 10.31.10.1 "GET / HTTP/1.1" status: 200 len: 228 time: 0.0072551
2020-12-02 14:48:39.038 21 INFO neutron.wsgi [-] 10.31.10.1 "GET / HTTP/1.1" status: 200 len: 228 time: 0.0061669
2020-12-02 14:48:45.122 24 INFO neutron.wsgi [req-ab109a1a-3ee2-4106-b5e8-b54da7d8f421 851af1939a9b4ff8808a741857d37b46 761947fab1374992bf04ee79f6b6b929 - default default] 10.31.10.20,10.31.10.1 "GET /v2.0/networks?id=c8e1bba8-da86-4439-a984-1085e84d9405 HTTP/1.1" status: 200 len: 905 time: 0.1211450
2020-12-02 14:48:45.323 24 INFO neutron.wsgi [req-27342324-7bf6-4b91-8110-c4c8dce46950 851af1939a9b4ff8808a741857d37b46 761947fab1374992bf04ee79f6b6b929 - default default] 10.31.10.20,10.31.10.1 "GET /v2.0/ports?network_id=c8e1bba8-da86-4439-a984-1085e84d9405&device_owner=network%3Adhcp HTTP/1.1" status: 200 len: 186 time: 0.0433609
2020-12-02 14:48:54.393 25 INFO neutron.wsgi [req-0311e3d6-fa1f-4989-85ef-1f6d481d8746 851af1939a9b4ff8808a741857d37b46 761947fab1374992bf04ee79f6b6b929 - default default] 10.31.10.3,10.31.10.1 "GET /v2.0/ports?device_id=a1cd5b9c-26b5-413f-8af6-e2fb9f3d8697&fields=binding%3Ahost_id&fields=binding%3Avif_type HTTP/1.1" status: 200 len: 238 time: 0.0769894
2020-12-02 14:48:54.842 25 INFO neutron.wsgi [req-4fadc168-c9d7-4e91-bf3e-24f5df2bd227 851af1939a9b4ff8808a741857d37b46 761947fab1374992bf04ee79f6b6b929 - default default] 10.31.10.3,10.31.10.1 "GET /v2.0/floatingips?fixed_ip_address=10.31.11.100&port_id=902028fa-f267-424a-b762-3bc7354d5423 HTTP/1.1" status: 200 len: 193 time: 0.0612540
2020-12-02 14:48:55.101 24 INFO neutron.wsgi [req-8e9a4a77-87d7-4c9f-accb-a89546cddde8 851af1939a9b4ff8808a741857d37b46 761947fab1374992bf04ee79f6b6b929 - default default] 10.31.10.3,10.31.10.1 "GET /v2.0/networks/c8e1bba8-da86-4439-a984-1085e84d9405?fields=segments HTTP/1.1" status: 200 len: 188 time: 0.1184201
2020-12-02 14:48:56.957 24 INFO neutron.wsgi [req-12be298c-74e9-4e01-beab-f308d40e580b 851af1939a9b4ff8808a741857d37b46 761947fab1374992bf04ee79f6b6b929 - default default] 10.31.10.2,10.31.10.1 "GET /v2.0/ports?tenant_id=63be5b4f4d784088b73cd36e6114f00e&device_id=43362a64-7c50-48f8-b7e2-97a6f3ab6ba6 HTTP/1.1" status: 200 len: 1315 time: 0.0728817
2020-12-02 14:48:57.282 22 INFO neutron.wsgi [req-5c867147-0cf7-4872-bb95-cfd5eab96448 851af1939a9b4ff8808a741857d37b46 761947fab1374992bf04ee79f6b6b929 - default default] 10.31.10.2,10.31.10.1 "GET /v2.0/subnets?id=355627ec-9f34-485a-8c9f-63327e7fe7f8 HTTP/1.1" status: 200 len: 818 time: 0.0718858
2020-12-02 14:48:57.680 24 INFO neutron.wsgi [req-7824fb8a-e0a1-4130-9608-103409194cfe 851af1939a9b4ff8808a741857d37b46 761947fab1374992bf04ee79f6b6b929 - default default] 10.31.10.2,10.31.10.1 "GET /v2.0/networks/31d7fa17-bee4-4ca0-8150-8bdf6a8ca8c2?fields=provider%3Aphysical_network&fields=provider%3Anetwork_type HTTP/1.1" status: 200 len: 257 time: 0.1246088
2020-12-02 14:49:09.226 24 INFO neutron.wsgi [-] 10.31.10.1 "GET / HTTP/1.1" status: 200 len: 228 time: 0.0043869
2020-12-02 14:49:39.430 23 INFO neutron.wsgi [-] 10.31.10.1 "GET / HTTP/1.1" status: 200 len: 228 time: 0.0046153
2020-12-02 14:49:45.936 21 INFO neutron.wsgi [req-f316bed4-885b-4791-abbc-db8ef5107cec 851af1939a9b4ff8808a741857d37b46 761947fab1374992bf04ee79f6b6b929 - default default] 10.31.10.20,10.31.10.1 "GET /v2.0/networks?id=c8e1bba8-da86-4439-a984-1085e84d9405 HTTP/1.1" status: 200 len: 905 time: 0.1351719
2020-12-02 14:49:46.204 24 INFO neutron.wsgi [req-6b143e7b-798e-46ca-90a4-c39faddee8cc 851af1939a9b4ff8808a741857d37b46 761947fab1374992bf04ee79f6b6b929 - default default] 10.31.10.20,10.31.10.1 "GET /v2.0/ports?network_id=c8e1bba8-da86-4439-a984-1085e84d9405&device_owner=network%3Adhcp HTTP/1.1" status: 200 len: 186 time: 0.0823030
2020-12-02 14:49:54.478 24 INFO neutron.wsgi [req-878158af-9e5a-4f1c-80e0-e3933af51dd8 851af1939a9b4ff8808a741857d37b46 761947fab1374992bf04ee79f6b6b929 - default default] 10.31.10.3,10.31.10.1 "GET /v2.0/ports?device_id=a1cd5b9c-26b5-413f-8af6-e2fb9f3d8697&fields=binding%3Ahost_id&fields=binding%3Avif_type HTTP/1.1" status: 200 len: 238 time: 0.1577704
2020-12-02 14:49:54.919 25 INFO neutron.wsgi [req-d1e87b38-3cd3-4569-bba1-67d4e2b5ccab 851af1939a9b4ff8808a741857d37b46 761947fab1374992bf04ee79f6b6b929 - default default] 10.31.10.3,10.31.10.1 "GET /v2.0/floatingips?fixed_ip_address=10.31.11.100&port_id=902028fa-f267-424a-b762-3bc7354d5423 HTTP/1.1" status: 200 len: 193 time: 0.0621395
2020-12-02 14:49:55.196 25 INFO neutron.wsgi [req-462841a0-99fc-429c-bc03-894c46248179 851af1939a9b4ff8808a741857d37b46 761947fab1374992bf04ee79f6b6b929 - default default] 10.31.10.3,10.31.10.1 "GET /v2.0/networks/c8e1bba8-da86-4439-a984-1085e84d9405?fields=segments HTTP/1.1" status: 200 len: 188 time: 0.1313987
2020-12-02 14:49:59.045 25 INFO neutron.wsgi [req-fb78f118-b3e5-4abc-8c8a-de1401608f73 851af1939a9b4ff8808a741857d37b46 761947fab1374992bf04ee79f6b6b929 - default default] 10.31.10.2,10.31.10.1 "GET /v2.0/ports?tenant_id=63be5b4f4d784088b73cd36e6114f00e&device_id=43362a64-7c50-48f8-b7e2-97a6f3ab6ba6 HTTP/1.1" status: 200 len: 1315 time: 0.0812459
2020-12-02 14:49:59.372 25 INFO neutron.wsgi [req-d197ff16-b7cc-405e-b0eb-6ef69197e007 851af1939a9b4ff8808a741857d37b46 761947fab1374992bf04ee79f6b6b929 - default default] 10.31.10.2,10.31.10.1 "GET /v2.0/subnets?id=355627ec-9f34-485a-8c9f-63327e7fe7f8 HTTP/1.1" status: 200 len: 818 time: 0.0615447
2020-12-02 14:49:59.904 23 INFO neutron.wsgi [req-6682ab6a-bfbd-4706-9b6b-0d0d741c22b9 851af1939a9b4ff8808a741857d37b46 761947fab1374992bf04ee79f6b6b929 - default default] 10.31.10.2,10.31.10.1 "GET /v2.0/networks/31d7fa17-bee4-4ca0-8150-8bdf6a8ca8c2?fields=provider%3Aphysical_network&fields=provider%3Anetwork_type HTTP/1.1" status: 200 len: 257 time: 0.2778862
2020-12-02 14:50:09.603 23 INFO neutron.wsgi [-] 10.31.10.1 "GET / HTTP/1.1" status: 200 len: 228 time: 0.0066984
2020-12-02 14:50:39.788 21 INFO neutron.wsgi [-] 10.31.10.1 "GET / HTTP/1.1" status: 200 len: 228 time: 0.0058556
2020-12-02 14:50:46.773 21 INFO neutron.wsgi [req-dde0205d-7ec1-4d13-8be7-cdb83f3adf30 851af1939a9b4ff8808a741857d37b46 761947fab1374992bf04ee79f6b6b929 - default default] 10.31.10.20,10.31.10.1 "GET /v2.0/networks?id=c8e1bba8-da86-4439-a984-1085e84d9405 HTTP/1.1" status: 200 len: 905 time: 0.1303725
2020-12-02 14:50:46.991 24 INFO neutron.wsgi [req-a015a3af-6773-49f6-b160-3a6329d8094d 851af1939a9b4ff8808a741857d37b46 761947fab1374992bf04ee79f6b6b929 - default default] 10.31.10.20,10.31.10.1 "GET /v2.0/ports?network_id=c8e1bba8-da86-4439-a984-1085e84d9405&device_owner=network%3Adhcp HTTP/1.1" status: 200 len: 186 time: 0.0454419
2020-12-02 14:50:47.482 22 INFO neutron.wsgi [req-6f0fd14d-0585-49ea-af83-41e6eec5c5b7 851af1939a9b4ff8808a741857d37b46 761947fab1374992bf04ee79f6b6b929 - default default] 10.31.10.20,10.31.10.1 "GET /v2.0/networks/c8e1bba8-da86-4439-a984-1085e84d9405?fields=provider%3Aphysical_network&fields=provider%3Anetwork_type HTTP/1.1" status: 200 len: 257 time: 0.1253803
2020-12-02 14:50:56.905 22 INFO neutron.wsgi [req-5eef166b-ecce-46c2-bfb8-87f7684ca728 851af1939a9b4ff8808a741857d37b46 761947fab1374992bf04ee79f6b6b929 - default default] 10.31.10.3,10.31.10.1 "GET /v2.0/networks?id=c8e1bba8-da86-4439-a984-1085e84d9405 HTTP/1.1" status: 200 len: 905 time: 0.2611306
2020-12-02 14:50:57.124 24 INFO neutron.wsgi [req-b30402d2-91aa-464f-9ace-3fe3238edc3f 851af1939a9b4ff8808a741857d37b46 761947fab1374992bf04ee79f6b6b929 - default default] 10.31.10.3,10.31.10.1 "GET /v2.0/ports?network_id=c8e1bba8-da86-4439-a984-1085e84d9405&device_owner=network%3Adhcp HTTP/1.1" status: 200 len: 186 time: 0.0478671
2020-12-02 14:50:59.775 21 INFO neutron.wsgi [req-6bfaea97-52c6-4096-8aec-badbd546d8c9 851af1939a9b4ff8808a741857d37b46 761947fab1374992bf04ee79f6b6b929 - default default] 10.31.10.2,10.31.10.1 "GET /v2.0/ports?device_id=43362a64-7c50-48f8-b7e2-97a6f3ab6ba6&fields=binding%3Ahost_id&fields=binding%3Avif_type HTTP/1.1" status: 200 len: 238 time: 0.0856049
2020-12-02 14:51:00.206 23 INFO neutron.wsgi [req-2e085c89-7a27-400c-8f6c-6fc830f35978 851af1939a9b4ff8808a741857d37b46 761947fab1374992bf04ee79f6b6b929 - default default] 10.31.10.2,10.31.10.1 "GET /v2.0/floatingips?fixed_ip_address=10.31.12.174&port_id=b808505d-ff26-458c-9a69-56093e82c8de HTTP/1.1" status: 200 len: 193 time: 0.0623507
2020-12-02 14:51:00.523 23 INFO neutron.wsgi [req-5b1fee34-00c8-4ec3-b242-57b91ade30cc 851af1939a9b4ff8808a741857d37b46 761947fab1374992bf04ee79f6b6b929 - default default] 10.31.10.2,10.31.10.1 "GET /v2.0/networks/31d7fa17-bee4-4ca0-8150-8bdf6a8ca8c2?fields=segments HTTP/1.1" status: 200 len: 188 time: 0.1268485
2020-12-02 14:51:09.972 23 INFO neutron.wsgi [-] 10.31.10.1 "GET / HTTP/1.1" status: 200 len: 228 time: 0.0056159
2020-12-02 14:51:40.162 21 INFO neutron.wsgi [-] 10.31.10.1 "GET / HTTP/1.1" status: 200 len: 228 time: 0.0049722
2020-12-02 14:51:46.416 24 INFO neutron.wsgi [req-6c6cdc4c-b479-481f-8abc-a56afa3384bd 851af1939a9b4ff8808a741857d37b46 761947fab1374992bf04ee79f6b6b929 - default default] 10.31.10.20,10.31.10.1 "GET /v2.0/ports?tenant_id=63be5b4f4d784088b73cd36e6114f00e&device_id=a4e73fe7-cf28-4d45-ad4f-ba65977536de HTTP/1.1" status: 200 len: 1278 time: 0.0829487
2020-12-02 14:51:46.743 24 INFO neutron.wsgi [req-e34faa90-32b2-4b6c-b12b-b4936f36a24b 851af1939a9b4ff8808a741857d37b46 761947fab1374992bf04ee79f6b6b929 - default default] 10.31.10.20,10.31.10.1 "GET /v2.0/subnets?id=226b7ffb-b593-46b7-a0aa-f239c871bd0c HTTP/1.1" status: 200 len: 783 time: 0.0674646
2020-12-02 14:51:47.226 25 INFO neutron.wsgi [req-6cd634d5-7bea-4dcf-a9d0-9abadb199457 851af1939a9b4ff8808a741857d37b46 761947fab1374992bf04ee79f6b6b929 - default default] 10.31.10.20,10.31.10.1 "GET /v2.0/networks/c8e1bba8-da86-4439-a984-1085e84d9405?fields=provider%3Aphysical_network&fields=provider%3Anetwork_type HTTP/1.1" status: 200 len: 257 time: 0.1320553
2020-12-02 14:51:58.757 24 INFO neutron.wsgi [req-848cb41c-7a67-4f24-a8f8-f065247c2c8b 851af1939a9b4ff8808a741857d37b46 761947fab1374992bf04ee79f6b6b929 - default default] 10.31.10.3,10.31.10.1 "GET /v2.0/networks?id=c8e1bba8-da86-4439-a984-1085e84d9405 HTTP/1.1" status: 200 len: 905 time: 0.1432583
2020-12-02 14:51:58.985 23 INFO neutron.wsgi [req-ce55929d-96ab-445c-80b3-f7d6eb790eac 851af1939a9b4ff8808a741857d37b46 761947fab1374992bf04ee79f6b6b929 - default default] 10.31.10.3,10.31.10.1 "GET /v2.0/ports?network_id=c8e1bba8-da86-4439-a984-1085e84d9405&device_owner=network%3Adhcp HTTP/1.1" status: 200 len: 186 time: 0.0448036
2020-12-02 14:51:59.784 23 INFO neutron.wsgi [req-e5a1c200-db29-4cd6-aa31-6609ce4eccec 851af1939a9b4ff8808a741857d37b46 761947fab1374992bf04ee79f6b6b929 - default default] 10.31.10.2,10.31.10.1 "GET /v2.0/ports?device_id=43362a64-7c50-48f8-b7e2-97a6f3ab6ba6&fields=binding%3Ahost_id&fields=binding%3Avif_type HTTP/1.1" status: 200 len: 238 time: 0.0870187
2020-12-02 14:52:00.211 23 INFO neutron.wsgi [req-49dc5449-f073-44d1-9f07-f11ff06f52ad 851af1939a9b4ff8808a741857d37b46 761947fab1374992bf04ee79f6b6b929 - default default] 10.31.10.2,10.31.10.1 "GET /v2.0/floatingips?fixed_ip_address=10.31.12.174&port_id=b808505d-ff26-458c-9a69-56093e82c8de HTTP/1.1" status: 200 len: 193 time: 0.0578113
2020-12-02 14:52:00.524 23 INFO neutron.wsgi [req-0f5fbfbd-77b1-4243-944c-256399d9f1f1 851af1939a9b4ff8808a741857d37b46 761947fab1374992bf04ee79f6b6b929 - default default] 10.31.10.2,10.31.10.1 "GET /v2.0/networks/31d7fa17-bee4-4ca0-8150-8bdf6a8ca8c2?fields=segments HTTP/1.1" status: 200 len: 188 time: 0.1234570
2020-12-02 14:52:10.343 23 INFO neutron.wsgi [-] 10.31.10.1 "GET / HTTP/1.1" status: 200 len: 228 time: 0.0108914
2020-12-02 14:52:40.525 21 INFO neutron.wsgi [-] 10.31.10.1 "GET / HTTP/1.1" status: 200 len: 228 time: 0.0049353
2020-12-02 14:52:47.436 24 INFO neutron.wsgi [req-b1a30f7e-6973-4e49-b003-382826f99672 851af1939a9b4ff8808a741857d37b46 761947fab1374992bf04ee79f6b6b929 - default default] 10.31.10.20,10.31.10.1 "GET /v2.0/ports?tenant_id=63be5b4f4d784088b73cd36e6114f00e&device_id=a4e73fe7-cf28-4d45-ad4f-ba65977536de HTTP/1.1" status: 200 len: 1278 time: 0.0716019
2020-12-02 14:52:47.897 22 INFO neutron.wsgi [req-290b3992-01a5-4cc3-92ab-298f9603b4f0 851af1939a9b4ff8808a741857d37b46 761947fab1374992bf04ee79f6b6b929 - default default] 10.31.10.20,10.31.10.1 "GET /v2.0/subnets?id=226b7ffb-b593-46b7-a0aa-f239c871bd0c HTTP/1.1" status: 200 len: 783 time: 0.0710335
2020-12-02 14:52:48.234 22 INFO neutron.wsgi [req-d1db0265-ed0e-4458-9a58-819979fa4024 851af1939a9b4ff8808a741857d37b46 761947fab1374992bf04ee79f6b6b929 - default default] 10.31.10.20,10.31.10.1 "GET /v2.0/networks/c8e1bba8-da86-4439-a984-1085e84d9405?fields=provider%3Aphysical_network&fields=provider%3Anetwork_type HTTP/1.1" status: 200 len: 257 time: 0.1234453
2020-12-02 14:53:00.756 22 INFO neutron.wsgi [req-9ea40ad6-a550-412c-a2d3-4d02f4ffde97 851af1939a9b4ff8808a741857d37b46 761947fab1374992bf04ee79f6b6b929 - default default] 10.31.10.3,10.31.10.1 "GET /v2.0/networks?id=c8e1bba8-da86-4439-a984-1085e84d9405 HTTP/1.1" status: 200 len: 905 time: 0.1267779
2020-12-02 14:53:00.993 22 INFO neutron.wsgi [req-22a08e9d-5d37-4d27-b08d-439ecc0baf13 851af1939a9b4ff8808a741857d37b46 761947fab1374992bf04ee79f6b6b929 - default default] 10.31.10.3,10.31.10.1 "GET /v2.0/ports?network_id=c8e1bba8-da86-4439-a984-1085e84d9405&device_owner=network%3Adhcp HTTP/1.1" status: 200 len: 186 time: 0.0459185
2020-12-02 14:53:01.768 22 INFO neutron.wsgi [req-5120594d-0b21-453a-85cf-e09430e5c260 851af1939a9b4ff8808a741857d37b46 761947fab1374992bf04ee79f6b6b929 - default default] 10.31.10.2,10.31.10.1 "GET /v2.0/ports?device_id=43362a64-7c50-48f8-b7e2-97a6f3ab6ba6&fields=binding%3Ahost_id&fields=binding%3Avif_type HTTP/1.1" status: 200 len: 238 time: 0.0753093
2020-12-02 14:53:02.195 22 INFO neutron.wsgi [req-e17cff8a-7692-47c6-85a4-bea4a1968558 851af1939a9b4ff8808a741857d37b46 761947fab1374992bf04ee79f6b6b929 - default default] 10.31.10.2,10.31.10.1 "GET /v2.0/floatingips?fixed_ip_address=10.31.12.174&port_id=b808505d-ff26-458c-9a69-56093e82c8de HTTP/1.1" status: 200 len: 193 time: 0.0606492
2020-12-02 14:53:02.502 22 INFO neutron.wsgi [req-1daf86d9-2bbc-4364-b175-8d0174229c08 851af1939a9b4ff8808a741857d37b46 761947fab1374992bf04ee79f6b6b929 - default default] 10.31.10.2,10.31.10.1 "GET /v2.0/networks/31d7fa17-bee4-4ca0-8150-8bdf6a8ca8c2?fields=segments HTTP/1.1" status: 200 len: 188 time: 0.1187205
2020-12-02 14:53:10.724 25 INFO neutron.wsgi [-] 10.31.10.1 "GET / HTTP/1.1" status: 200 len: 228 time: 0.0058448
2020-12-02 14:53:40.904 23 INFO neutron.wsgi [-] 10.31.10.1 "GET / HTTP/1.1" status: 200 len: 228 time: 0.0042889
2020-12-02 14:53:49.655 24 INFO neutron.wsgi [req-5be60664-93a4-409f-b324-f33f741c1ffd 851af1939a9b4ff8808a741857d37b46 761947fab1374992bf04ee79f6b6b929 - default default] 10.31.10.20,10.31.10.1 "GET /v2.0/ports?tenant_id=63be5b4f4d784088b73cd36e6114f00e&device_id=a4e73fe7-cf28-4d45-ad4f-ba65977536de HTTP/1.1" status: 200 len: 1278 time: 0.0740266
2020-12-02 14:53:49.969 25 INFO neutron.wsgi [req-7b91dfbe-a64d-4991-bb23-c74ca0301633 851af1939a9b4ff8808a741857d37b46 761947fab1374992bf04ee79f6b6b929 - default default] 10.31.10.20,10.31.10.1 "GET /v2.0/subnets?id=226b7ffb-b593-46b7-a0aa-f239c871bd0c HTTP/1.1" status: 200 len: 783 time: 0.0707307
2020-12-02 14:53:50.313 25 INFO neutron.wsgi [req-9232bf8a-455e-416c-a936-a1a8022b6ed5 851af1939a9b4ff8808a741857d37b46 761947fab1374992bf04ee79f6b6b929 - default default] 10.31.10.20,10.31.10.1 "GET /v2.0/networks/c8e1bba8-da86-4439-a984-1085e84d9405?fields=provider%3Aphysical_network&fields=provider%3Anetwork_type HTTP/1.1" status: 200 len: 257 time: 0.1232004
2020-12-02 14:54:00.748 25 INFO neutron.wsgi [req-37ed5688-dfc2-4129-8461-6f4a149a2ea6 851af1939a9b4ff8808a741857d37b46 761947fab1374992bf04ee79f6b6b929 - default default] 10.31.10.3,10.31.10.1 "GET /v2.0/networks?id=c8e1bba8-da86-4439-a984-1085e84d9405 HTTP/1.1" status: 200 len: 905 time: 0.1296117
2020-12-02 14:54:00.977 25 INFO neutron.wsgi [req-d53f691d-5476-4901-87c4-a5fbf09f8c92 851af1939a9b4ff8808a741857d37b46 761947fab1374992bf04ee79f6b6b929 - default default] 10.31.10.3,10.31.10.1 "GET /v2.0/ports?network_id=c8e1bba8-da86-4439-a984-1085e84d9405&device_owner=network%3Adhcp HTTP/1.1" status: 200 len: 186 time: 0.0435753
2020-12-02 14:54:03.766 25 INFO neutron.wsgi [req-00a26bd6-4847-4f43-8cd0-97a02d56062f 851af1939a9b4ff8808a741857d37b46 761947fab1374992bf04ee79f6b6b929 - default default] 10.31.10.2,10.31.10.1 "GET /v2.0/ports?device_id=43362a64-7c50-48f8-b7e2-97a6f3ab6ba6&fields=binding%3Ahost_id&fields=binding%3Avif_type HTTP/1.1" status: 200 len: 238 time: 0.0745559
2020-12-02 14:54:04.334 25 INFO neutron.wsgi [req-bf1b215a-1929-471b-b3a3-292cc67718f0 851af1939a9b4ff8808a741857d37b46 761947fab1374992bf04ee79f6b6b929 - default default] 10.31.10.2,10.31.10.1 "GET /v2.0/floatingips?fixed_ip_address=10.31.12.174&port_id=b808505d-ff26-458c-9a69-56093e82c8de HTTP/1.1" status: 200 len: 193 time: 0.2062430
2020-12-02 14:54:04.545 25 INFO neutron.wsgi [req-6afdc7d0-a803-4d40-8a20-066dd60d1cd2 851af1939a9b4ff8808a741857d37b46 761947fab1374992bf04ee79f6b6b929 - default default] 10.31.10.2,10.31.10.1 "GET /v2.0/extensions HTTP/1.1" status: 200 len: 14561 time: 0.0100787
2020-12-02 14:54:11.096 23 INFO neutron.wsgi [-] 10.31.10.1 "GET / HTTP/1.1" status: 200 len: 228 time: 0.0047719
2020-12-02 14:54:41.283 24 INFO neutron.wsgi [-] 10.31.10.1 "GET / HTTP/1.1" status: 200 len: 228 time: 0.0046992
2020-12-02 14:54:50.154 24 INFO neutron.wsgi [req-257131fa-e95b-4bda-9d6a-9df530774591 851af1939a9b4ff8808a741857d37b46 761947fab1374992bf04ee79f6b6b929 - default default] 10.31.10.20,10.31.10.1 "GET /v2.0/ports?device_id=a4e73fe7-cf28-4d45-ad4f-ba65977536de&fields=binding%3Ahost_id&fields=binding%3Avif_type HTTP/1.1" status: 200 len: 238 time: 0.0743253
2020-12-02 14:54:50.565 25 INFO neutron.wsgi [req-830f6f9a-aaa9-41ee-ab9c-1714b62a3be4 851af1939a9b4ff8808a741857d37b46 761947fab1374992bf04ee79f6b6b929 - default default] 10.31.10.20,10.31.10.1 "GET /v2.0/floatingips?fixed_ip_address=10.31.11.197&port_id=638dbe1c-3bfb-4f03-a2f5-bac3e9c1ee1b HTTP/1.1" status: 200 len: 193 time: 0.0628879
2020-12-02 14:54:50.861 25 INFO neutron.wsgi [req-88227934-0ed0-4c82-a042-7079ff0a6bf8 851af1939a9b4ff8808a741857d37b46 761947fab1374992bf04ee79f6b6b929 - default default] 10.31.10.20,10.31.10.1 "GET /v2.0/networks/c8e1bba8-da86-4439-a984-1085e84d9405?fields=segments HTTP/1.1" status: 200 len: 188 time: 0.1291518
2020-12-02 14:55:02.745 24 INFO neutron.wsgi [req-e8a413f6-eabb-449d-8a34-48c21ff594c4 851af1939a9b4ff8808a741857d37b46 761947fab1374992bf04ee79f6b6b929 - default default] 10.31.10.3,10.31.10.1 "GET /v2.0/ports?tenant_id=63be5b4f4d784088b73cd36e6114f00e&device_id=a1cd5b9c-26b5-413f-8af6-e2fb9f3d8697 HTTP/1.1" status: 200 len: 1281 time: 0.0769019
2020-12-02 14:55:03.085 25 INFO neutron.wsgi [req-f596c8be-70d8-4559-8e25-1e3a15903dd6 851af1939a9b4ff8808a741857d37b46 761947fab1374992bf04ee79f6b6b929 - default default] 10.31.10.3,10.31.10.1 "GET /v2.0/subnets?id=226b7ffb-b593-46b7-a0aa-f239c871bd0c HTTP/1.1" status: 200 len: 783 time: 0.0697296
2020-12-02 14:55:03.301 25 INFO neutron.wsgi [req-6feb1893-7301-4c73-942e-777fc32fd179 851af1939a9b4ff8808a741857d37b46 761947fab1374992bf04ee79f6b6b929 - default default] 10.31.10.3,10.31.10.1 "GET /v2.0/networks/c8e1bba8-da86-4439-a984-1085e84d9405?fields=segments HTTP/1.1" status: 200 len: 188 time: 0.1206017
2020-12-02 14:55:06.071 24 INFO neutron.wsgi [req-279984c9-9067-477c-933b-1ec915ff9efc 851af1939a9b4ff8808a741857d37b46 761947fab1374992bf04ee79f6b6b929 - default default] 10.31.10.2,10.31.10.1 "GET /v2.0/ports?tenant_id=63be5b4f4d784088b73cd36e6114f00e&device_id=43362a64-7c50-48f8-b7e2-97a6f3ab6ba6 HTTP/1.1" status: 200 len: 1315 time: 0.0736794
2020-12-02 14:55:06.384 22 INFO neutron.wsgi [req-1191b5f9-5803-44a5-ae62-958086d3bd3f 851af1939a9b4ff8808a741857d37b46 761947fab1374992bf04ee79f6b6b929 - default default] 10.31.10.2,10.31.10.1 "GET /v2.0/subnets?id=355627ec-9f34-485a-8c9f-63327e7fe7f8 HTTP/1.1" status: 200 len: 818 time: 0.0648453
2020-12-02 14:55:06.769 22 INFO neutron.wsgi [req-d5dd981b-f5e7-4d55-8fe0-48eb7cd84b88 851af1939a9b4ff8808a741857d37b46 761947fab1374992bf04ee79f6b6b929 - default default] 10.31.10.2,10.31.10.1 "GET /v2.0/networks/31d7fa17-bee4-4ca0-8150-8bdf6a8ca8c2?fields=provider%3Aphysical_network&fields=provider%3Anetwork_type HTTP/1.1" status: 200 len: 257 time: 0.1287391
2020-12-02 14:55:11.457 25 INFO neutron.wsgi [-] 10.31.10.1 "GET / HTTP/1.1" status: 200 len: 228 time: 0.0042603
2020-12-02 14:55:41.659 23 INFO neutron.wsgi [-] 10.31.10.1 "GET / HTTP/1.1" status: 200 len: 228 time: 0.0111635
2020-12-02 14:55:51.518 24 INFO neutron.wsgi [req-f463013a-6e32-4811-806e-9068755b2565 851af1939a9b4ff8808a741857d37b46 761947fab1374992bf04ee79f6b6b929 - default default] 10.31.10.20,10.31.10.1 "GET /v2.0/networks?id=c8e1bba8-da86-4439-a984-1085e84d9405 HTTP/1.1" status: 200 len: 905 time: 0.1262927
2020-12-02 14:55:51.733 22 INFO neutron.wsgi [req-815fb807-8bc0-49ad-8517-19003b49b67b 851af1939a9b4ff8808a741857d37b46 761947fab1374992bf04ee79f6b6b929 - default default] 10.31.10.20,10.31.10.1 "GET /v2.0/ports?network_id=c8e1bba8-da86-4439-a984-1085e84d9405&device_owner=network%3Adhcp HTTP/1.1" status: 200 len: 186 time: 0.0482116
2020-12-02 14:56:04.406 21 INFO neutron.wsgi [req-dcaf386a-0f3d-49ef-8df4-ec701462675b 851af1939a9b4ff8808a741857d37b46 761947fab1374992bf04ee79f6b6b929 - default default] 10.31.10.3,10.31.10.1 "GET /v2.0/ports?device_id=a1cd5b9c-26b5-413f-8af6-e2fb9f3d8697&fields=binding%3Ahost_id&fields=binding%3Avif_type HTTP/1.1" status: 200 len: 238 time: 0.0726347
2020-12-02 14:56:04.869 23 INFO neutron.wsgi [req-06e8e522-05db-46a8-a7ac-20811eeab5be 851af1939a9b4ff8808a741857d37b46 761947fab1374992bf04ee79f6b6b929 - default default] 10.31.10.3,10.31.10.1 "GET /v2.0/floatingips?fixed_ip_address=10.31.11.100&port_id=902028fa-f267-424a-b762-3bc7354d5423 HTTP/1.1" status: 200 len: 193 time: 0.0685005
2020-12-02 14:56:05.315 23 INFO neutron.wsgi [req-73874a4a-b839-4367-a05b-fb234a91290a 851af1939a9b4ff8808a741857d37b46 761947fab1374992bf04ee79f6b6b929 - default default] 10.31.10.3,10.31.10.1 "GET /v2.0/networks/c8e1bba8-da86-4439-a984-1085e84d9405?fields=segments HTTP/1.1" status: 200 len: 188 time: 0.1236200
2020-12-02 14:56:05.938 23 INFO neutron.wsgi [req-f874c263-1fce-4ab5-81d3-d988493c8f67 851af1939a9b4ff8808a741857d37b46 761947fab1374992bf04ee79f6b6b929 - default default] 10.31.10.2,10.31.10.1 "GET /v2.0/ports?tenant_id=63be5b4f4d784088b73cd36e6114f00e&device_id=43362a64-7c50-48f8-b7e2-97a6f3ab6ba6 HTTP/1.1" status: 200 len: 1315 time: 0.0782042
2020-12-02 14:56:06.256 23 INFO neutron.wsgi [req-d1fd3088-f95e-481b-be24-8222eff5af76 851af1939a9b4ff8808a741857d37b46 761947fab1374992bf04ee79f6b6b929 - default default] 10.31.10.2,10.31.10.1 "GET /v2.0/subnets?id=355627ec-9f34-485a-8c9f-63327e7fe7f8 HTTP/1.1" status: 200 len: 818 time: 0.0653393
2020-12-02 14:56:06.629 23 INFO neutron.wsgi [req-c898cc87-1967-4b19-b430-377f6edec8b0 851af1939a9b4ff8808a741857d37b46 761947fab1374992bf04ee79f6b6b929 - default default] 10.31.10.2,10.31.10.1 "GET /v2.0/networks/31d7fa17-bee4-4ca0-8150-8bdf6a8ca8c2?fields=provider%3Aphysical_network&fields=provider%3Anetwork_type HTTP/1.1" status: 200 len: 257 time: 0.1279938
2020-12-02 14:56:11.853 21 INFO neutron.wsgi [-] 10.31.10.1 "GET / HTTP/1.1" status: 200 len: 228 time: 0.0113158
2020-12-02 14:56:42.046 24 INFO neutron.wsgi [-] 10.31.10.1 "GET / HTTP/1.1" status: 200 len: 228 time: 0.0051327
2020-12-02 14:56:51.568 25 INFO neutron.wsgi [req-39f30558-bb54-4766-941d-b7e30416870c 851af1939a9b4ff8808a741857d37b46 761947fab1374992bf04ee79f6b6b929 - default default] 10.31.10.20,10.31.10.1 "GET /v2.0/networks?id=c8e1bba8-da86-4439-a984-1085e84d9405 HTTP/1.1" status: 200 len: 905 time: 0.1253667
2020-12-02 14:56:51.787 25 INFO neutron.wsgi [req-3ae0fab0-9a91-4a60-be31-7479de7289d2 851af1939a9b4ff8808a741857d37b46 761947fab1374992bf04ee79f6b6b929 - default default] 10.31.10.20,10.31.10.1 "GET /v2.0/ports?network_id=c8e1bba8-da86-4439-a984-1085e84d9405&device_owner=network%3Adhcp HTTP/1.1" status: 200 len: 186 time: 0.0445888
2020-12-02 14:57:06.389 23 INFO neutron.wsgi [req-cfbb8d86-8f9b-4f1c-b9be-245a013dd3e6 851af1939a9b4ff8808a741857d37b46 761947fab1374992bf04ee79f6b6b929 - default default] 10.31.10.3,10.31.10.1 "GET /v2.0/ports?device_id=a1cd5b9c-26b5-413f-8af6-e2fb9f3d8697&fields=binding%3Ahost_id&fields=binding%3Avif_type HTTP/1.1" status: 200 len: 238 time: 0.0721176
2020-12-02 14:57:06.810 23 INFO neutron.wsgi [req-c3ea6a79-b205-45cf-99df-eda5ec113688 851af1939a9b4ff8808a741857d37b46 761947fab1374992bf04ee79f6b6b929 - default default] 10.31.10.3,10.31.10.1 "GET /v2.0/floatingips?fixed_ip_address=10.31.11.100&port_id=902028fa-f267-424a-b762-3bc7354d5423 HTTP/1.1" status: 200 len: 193 time: 0.0585709
2020-12-02 14:57:07.098 24 INFO neutron.wsgi [req-6ff68955-b3c4-4851-ba34-85e40c1cd6c8 851af1939a9b4ff8808a741857d37b46 761947fab1374992bf04ee79f6b6b929 - default default] 10.31.10.3,10.31.10.1 "GET /v2.0/networks/c8e1bba8-da86-4439-a984-1085e84d9405?fields=segments HTTP/1.1" status: 200 len: 188 time: 0.1278987
2020-12-02 14:57:07.967 22 INFO neutron.wsgi [req-77e4942b-cb52-42df-9957-0971dd8675e8 851af1939a9b4ff8808a741857d37b46 761947fab1374992bf04ee79f6b6b929 - default default] 10.31.10.2,10.31.10.1 "GET /v2.0/ports?tenant_id=63be5b4f4d784088b73cd36e6114f00e&device_id=43362a64-7c50-48f8-b7e2-97a6f3ab6ba6 HTTP/1.1" status: 200 len: 1315 time: 0.0864725
2020-12-02 14:57:08.296 22 INFO neutron.wsgi [req-e89fdcb5-25a9-43f1-b4a6-ed0692449e11 851af1939a9b4ff8808a741857d37b46 761947fab1374992bf04ee79f6b6b929 - default default] 10.31.10.2,10.31.10.1 "GET /v2.0/subnets?id=355627ec-9f34-485a-8c9f-63327e7fe7f8 HTTP/1.1" status: 200 len: 818 time: 0.0674658
2020-12-02 14:57:08.671 22 INFO neutron.wsgi [req-d2a8dbeb-d77e-444c-b930-6122fe45fd1d 851af1939a9b4ff8808a741857d37b46 761947fab1374992bf04ee79f6b6b929 - default default] 10.31.10.2,10.31.10.1 "GET /v2.0/networks/31d7fa17-bee4-4ca0-8150-8bdf6a8ca8c2?fields=provider%3Aphysical_network&fields=provider%3Anetwork_type HTTP/1.1" status: 200 len: 257 time: 0.1281552
2020-12-02 14:57:12.243 25 INFO neutron.wsgi [-] 10.31.10.1 "GET / HTTP/1.1" status: 200 len: 228 time: 0.0044558
2020-12-02 14:57:42.446 25 INFO neutron.wsgi [-] 10.31.10.1 "GET / HTTP/1.1" status: 200 len: 228 time: 0.0047379
2020-12-02 14:57:53.720 25 INFO neutron.wsgi [req-40eb7fbb-9fb1-4dd7-98c7-d0834bbde974 851af1939a9b4ff8808a741857d37b46 761947fab1374992bf04ee79f6b6b929 - default default] 10.31.10.20,10.31.10.1 "GET /v2.0/networks?id=c8e1bba8-da86-4439-a984-1085e84d9405 HTTP/1.1" status: 200 len: 905 time: 0.1313045
2020-12-02 14:57:53.918 25 INFO neutron.wsgi [req-1062c7e2-d06a-40e7-80b2-77924fe19773 851af1939a9b4ff8808a741857d37b46 761947fab1374992bf04ee79f6b6b929 - default default] 10.31.10.20,10.31.10.1 "GET /v2.0/ports?network_id=c8e1bba8-da86-4439-a984-1085e84d9405&device_owner=network%3Adhcp HTTP/1.1" status: 200 len: 186 time: 0.0419738
2020-12-02 14:58:07.376 25 INFO neutron.wsgi [req-d2aed22c-7dc4-4f24-a3c9-fe21d35473ac 851af1939a9b4ff8808a741857d37b46 761947fab1374992bf04ee79f6b6b929 - default default] 10.31.10.3,10.31.10.1 "GET /v2.0/ports?device_id=a1cd5b9c-26b5-413f-8af6-e2fb9f3d8697&fields=binding%3Ahost_id&fields=binding%3Avif_type HTTP/1.1" status: 200 len: 238 time: 0.0701125
2020-12-02 14:58:07.820 25 INFO neutron.wsgi [req-4f2b01c9-d460-4a56-b003-dd8a8c8ba1c8 851af1939a9b4ff8808a741857d37b46 761947fab1374992bf04ee79f6b6b929 - default default] 10.31.10.3,10.31.10.1 "GET /v2.0/floatingips?fixed_ip_address=10.31.11.100&port_id=902028fa-f267-424a-b762-3bc7354d5423 HTTP/1.1" status: 200 len: 193 time: 0.0616748
2020-12-02 14:58:08.092 25 INFO neutron.wsgi [req-e4ff6289-69ee-4293-855e-d98274bdf611 851af1939a9b4ff8808a741857d37b46 761947fab1374992bf04ee79f6b6b929 - default default] 10.31.10.3,10.31.10.1 "GET /v2.0/networks/c8e1bba8-da86-4439-a984-1085e84d9405?fields=segments HTTP/1.1" status: 200 len: 188 time: 0.1210008
2020-12-02 14:58:09.950 25 INFO neutron.wsgi [req-0eb370a2-c86c-464d-8761-f296181e2edb 851af1939a9b4ff8808a741857d37b46 761947fab1374992bf04ee79f6b6b929 - default default] 10.31.10.2,10.31.10.1 "GET /v2.0/ports?tenant_id=63be5b4f4d784088b73cd36e6114f00e&device_id=43362a64-7c50-48f8-b7e2-97a6f3ab6ba6 HTTP/1.1" status: 200 len: 1315 time: 0.0753398
2020-12-02 14:58:10.445 24 INFO neutron.wsgi [req-d9da0e38-6402-4af4-b411-db622fcd6e95 851af1939a9b4ff8808a741857d37b46 761947fab1374992bf04ee79f6b6b929 - default default] 10.31.10.2,10.31.10.1 "GET /v2.0/subnets?id=355627ec-9f34-485a-8c9f-63327e7fe7f8 HTTP/1.1" status: 200 len: 818 time: 0.2461057
2020-12-02 14:58:10.822 22 INFO neutron.wsgi [req-dae96406-220e-4d6f-a88e-5ab528fac39e 851af1939a9b4ff8808a741857d37b46 761947fab1374992bf04ee79f6b6b929 - default default] 10.31.10.2,10.31.10.1 "GET /v2.0/networks/31d7fa17-bee4-4ca0-8150-8bdf6a8ca8c2?fields=provider%3Aphysical_network&fields=provider%3Anetwork_type HTTP/1.1" status: 200 len: 257 time: 0.1272111
2020-12-02 14:58:12.648 22 INFO neutron.wsgi [-] 10.31.10.1 "GET / HTTP/1.1" status: 200 len: 228 time: 0.0040655
2020-12-02 14:58:42.840 24 INFO neutron.wsgi [-] 10.31.10.1 "GET / HTTP/1.1" status: 200 len: 228 time: 0.0070081
2020-12-02 14:58:53.825 24 INFO neutron.wsgi [req-f37c8887-afbd-4919-9396-b26d5a8f06a8 851af1939a9b4ff8808a741857d37b46 761947fab1374992bf04ee79f6b6b929 - default default] 10.31.10.20,10.31.10.1 "GET /v2.0/networks?id=c8e1bba8-da86-4439-a984-1085e84d9405 HTTP/1.1" status: 200 len: 905 time: 0.1196010
2020-12-02 14:58:54.044 23 INFO neutron.wsgi [req-02a65030-e60f-4593-b6e3-72882ebda70a 851af1939a9b4ff8808a741857d37b46 761947fab1374992bf04ee79f6b6b929 - default default] 10.31.10.20,10.31.10.1 "GET /v2.0/ports?network_id=c8e1bba8-da86-4439-a984-1085e84d9405&device_owner=network%3Adhcp HTTP/1.1" status: 200 len: 186 time: 0.0484445
2020-12-02 14:59:09.393 23 INFO neutron.wsgi [req-bb9ce32e-f5f5-4bf0-922b-420f1fcde91e 851af1939a9b4ff8808a741857d37b46 761947fab1374992bf04ee79f6b6b929 - default default] 10.31.10.3,10.31.10.1 "GET /v2.0/ports?device_id=a1cd5b9c-26b5-413f-8af6-e2fb9f3d8697&fields=binding%3Ahost_id&fields=binding%3Avif_type HTTP/1.1" status: 200 len: 238 time: 0.0670178
2020-12-02 14:59:09.783 24 INFO neutron.wsgi [req-80820387-3f51-4cc0-a288-885c0bce465a 851af1939a9b4ff8808a741857d37b46 761947fab1374992bf04ee79f6b6b929 - default default] 10.31.10.2,10.31.10.1 "GET /v2.0/ports?device_id=43362a64-7c50-48f8-b7e2-97a6f3ab6ba6&fields=binding%3Ahost_id&fields=binding%3Avif_type HTTP/1.1" status: 200 len: 238 time: 0.0879550
2020-12-02 14:59:09.942 24 INFO neutron.wsgi [req-5fdc6ebf-1fb3-4a64-ac99-8520acc4cf6f 851af1939a9b4ff8808a741857d37b46 761947fab1374992bf04ee79f6b6b929 - default default] 10.31.10.2,10.31.10.1 "GET /v2.0/ports?tenant_id=63be5b4f4d784088b73cd36e6114f00e&device_id=43362a64-7c50-48f8-b7e2-97a6f3ab6ba6 HTTP/1.1" status: 200 len: 1315 time: 0.0729117
2020-12-02 14:59:10.103 24 INFO neutron.wsgi [req-2df8a673-52e7-47ca-9865-43720ab9a867 851af1939a9b4ff8808a741857d37b46 761947fab1374992bf04ee79f6b6b929 - default default] 10.31.10.3,10.31.10.1 "GET /v2.0/networks/c8e1bba8-da86-4439-a984-1085e84d9405?fields=segments HTTP/1.1" status: 200 len: 188 time: 0.1231658
2020-12-02 14:59:10.248 24 INFO neutron.wsgi [req-2944dc35-4712-4402-8576-a06d7e283eac 851af1939a9b4ff8808a741857d37b46 761947fab1374992bf04ee79f6b6b929 - default default] 10.31.10.2,10.31.10.1 "GET /v2.0/subnets?id=355627ec-9f34-485a-8c9f-63327e7fe7f8 HTTP/1.1" status: 200 len: 818 time: 0.0604208
2020-12-02 14:59:10.617 23 INFO neutron.wsgi [req-d915d49c-051e-4995-8b04-30088e8560d4 851af1939a9b4ff8808a741857d37b46 761947fab1374992bf04ee79f6b6b929 - default default] 10.31.10.2,10.31.10.1 "GET /v2.0/networks/31d7fa17-bee4-4ca0-8150-8bdf6a8ca8c2?fields=provider%3Aphysical_network&fields=provider%3Anetwork_type HTTP/1.1" status: 200 len: 257 time: 0.1195331
2020-12-02 14:59:13.022 22 INFO neutron.wsgi [-] 10.31.10.1 "GET / HTTP/1.1" status: 200 len: 228 time: 0.0063443
2020-12-02 14:59:43.211 22 INFO neutron.wsgi [-] 10.31.10.1 "GET / HTTP/1.1" status: 200 len: 228 time: 0.0085933
2020-12-02 14:59:53.531 22 INFO neutron.wsgi [req-d8490d73-79cf-4b38-9e66-f75c9ee196cc 851af1939a9b4ff8808a741857d37b46 761947fab1374992bf04ee79f6b6b929 - default default] 10.31.10.20,10.31.10.1 "GET /v2.0/networks?id=c8e1bba8-da86-4439-a984-1085e84d9405 HTTP/1.1" status: 200 len: 905 time: 0.1284683
2020-12-02 14:59:53.747 22 INFO neutron.wsgi [req-fc15433b-d81e-4c81-8c99-8025da9fb78d 851af1939a9b4ff8808a741857d37b46 761947fab1374992bf04ee79f6b6b929 - default default] 10.31.10.20,10.31.10.1 "GET /v2.0/ports?network_id=c8e1bba8-da86-4439-a984-1085e84d9405&device_owner=network%3Adhcp HTTP/1.1" status: 200 len: 186 time: 0.0456550
2020-12-02 15:00:09.873 25 INFO neutron.wsgi [req-c88ac8ec-e3ec-4421-907f-68234b5e6fbf 851af1939a9b4ff8808a741857d37b46 761947fab1374992bf04ee79f6b6b929 - default default] 10.31.10.2,10.31.10.1 "GET /v2.0/ports?device_id=43362a64-7c50-48f8-b7e2-97a6f3ab6ba6&fields=binding%3Ahost_id&fields=binding%3Avif_type HTTP/1.1" status: 200 len: 238 time: 0.1737878
2020-12-02 15:00:10.280 25 INFO neutron.wsgi [req-b60d93bf-0132-4007-9717-d1e2c233be46 851af1939a9b4ff8808a741857d37b46 761947fab1374992bf04ee79f6b6b929 - default default] 10.31.10.2,10.31.10.1 "GET /v2.0/floatingips?fixed_ip_address=10.31.12.174&port_id=b808505d-ff26-458c-9a69-56093e82c8de HTTP/1.1" status: 200 len: 193 time: 0.0615246
2020-12-02 15:00:10.446 25 INFO neutron.wsgi [req-2236226e-4300-46ce-887e-ca70b6ea3a2e 851af1939a9b4ff8808a741857d37b46 761947fab1374992bf04ee79f6b6b929 - default default] 10.31.10.2,10.31.10.1 "GET /v2.0/ports?network_id=31d7fa17-bee4-4ca0-8150-8bdf6a8ca8c2&device_owner=network%3Adhcp HTTP/1.1" status: 200 len: 2479 time: 0.0774255
2020-12-02 15:00:10.727 25 INFO neutron.wsgi [req-b1d6d87f-893d-4f7e-a6fd-05fbb351c5da 851af1939a9b4ff8808a741857d37b46 761947fab1374992bf04ee79f6b6b929 - default default] 10.31.10.2,10.31.10.1 "GET /v2.0/networks/31d7fa17-bee4-4ca0-8150-8bdf6a8ca8c2?fields=provider%3Aphysical_network&fields=provider%3Anetwork_type HTTP/1.1" status: 200 len: 257 time: 0.1285717
2020-12-02 15:00:11.111 25 INFO neutron.wsgi [req-0c3f05f6-95aa-4ab6-b040-e705ab727090 851af1939a9b4ff8808a741857d37b46 761947fab1374992bf04ee79f6b6b929 - default default] 10.31.10.3,10.31.10.1 "GET /v2.0/subnets?id=226b7ffb-b593-46b7-a0aa-f239c871bd0c HTTP/1.1" status: 200 len: 783 time: 0.0629251
2020-12-02 15:00:11.459 21 INFO neutron.wsgi [req-e828d19f-db2c-408b-a3c7-98a8a1ca00ce 851af1939a9b4ff8808a741857d37b46 761947fab1374992bf04ee79f6b6b929 - default default] 10.31.10.3,10.31.10.1 "GET /v2.0/networks/c8e1bba8-da86-4439-a984-1085e84d9405?fields=provider%3Aphysical_network&fields=provider%3Anetwork_type HTTP/1.1" status: 200 len: 257 time: 0.1300194
2020-12-02 15:00:13.368 25 INFO neutron.wsgi [-] 10.31.10.1 "GET / HTTP/1.1" status: 200 len: 228 time: 0.0046167
2020-12-02 15:00:43.551 23 INFO neutron.wsgi [-] 10.31.10.1 "GET / HTTP/1.1" status: 200 len: 228 time: 0.0057929
2020-12-02 15:00:54.562 23 INFO neutron.wsgi [req-24334d94-dfef-45f1-b96f-916ccbb54925 851af1939a9b4ff8808a741857d37b46 761947fab1374992bf04ee79f6b6b929 - default default] 10.31.10.20,10.31.10.1 "GET /v2.0/networks?id=c8e1bba8-da86-4439-a984-1085e84d9405 HTTP/1.1" status: 200 len: 905 time: 0.1327970
2020-12-02 15:00:54.783 23 INFO neutron.wsgi [req-87e47c24-0568-44d5-9567-55360cf39057 851af1939a9b4ff8808a741857d37b46 761947fab1374992bf04ee79f6b6b929 - default default] 10.31.10.20,10.31.10.1 "GET /v2.0/ports?network_id=c8e1bba8-da86-4439-a984-1085e84d9405&device_owner=network%3Adhcp HTTP/1.1" status: 200 len: 186 time: 0.0433033
2020-12-02 15:00:55.097 21 INFO neutron.wsgi [req-569ad31a-ba81-4bae-a7cf-df536024bcf3 851af1939a9b4ff8808a741857d37b46 761947fab1374992bf04ee79f6b6b929 - default default] 10.31.10.20,10.31.10.1 "GET /v2.0/networks/c8e1bba8-da86-4439-a984-1085e84d9405?fields=provider%3Aphysical_network&fields=provider%3Anetwork_type HTTP/1.1" status: 200 len: 257 time: 0.1329079
2020-12-02 15:01:10.162 21 INFO neutron.wsgi [req-611b06a4-fecc-4e65-95cd-9eb7c807304f 851af1939a9b4ff8808a741857d37b46 761947fab1374992bf04ee79f6b6b929 - default default] 10.31.10.2,10.31.10.1 "GET /v2.0/networks?id=31d7fa17-bee4-4ca0-8150-8bdf6a8ca8c2 HTTP/1.1" status: 200 len: 902 time: 0.1282394
2020-12-02 15:01:10.433 21 INFO neutron.wsgi [req-bba95281-4a06-449d-aca9-3c8b3305a1ee 851af1939a9b4ff8808a741857d37b46 761947fab1374992bf04ee79f6b6b929 - default default] 10.31.10.2,10.31.10.1 "GET /v2.0/ports?network_id=31d7fa17-bee4-4ca0-8150-8bdf6a8ca8c2&device_owner=network%3Adhcp HTTP/1.1" status: 200 len: 2479 time: 0.0912981
2020-12-02 15:01:11.413 21 INFO neutron.wsgi [req-504fdb16-72b1-4d0e-9822-a9deec595a8a 851af1939a9b4ff8808a741857d37b46 761947fab1374992bf04ee79f6b6b929 - default default] 10.31.10.3,10.31.10.1 "GET /v2.0/ports?device_id=a1cd5b9c-26b5-413f-8af6-e2fb9f3d8697&fields=binding%3Ahost_id&fields=binding%3Avif_type HTTP/1.1" status: 200 len: 238 time: 0.0769794
2020-12-02 15:01:11.848 21 INFO neutron.wsgi [req-fbc43dd2-6c46-4b3a-b852-d534016847c4 851af1939a9b4ff8808a741857d37b46 761947fab1374992bf04ee79f6b6b929 - default default] 10.31.10.3,10.31.10.1 "GET /v2.0/floatingips?fixed_ip_address=10.31.11.100&port_id=902028fa-f267-424a-b762-3bc7354d5423 HTTP/1.1" status: 200 len: 193 time: 0.0638118
2020-12-02 15:01:12.132 21 INFO neutron.wsgi [req-b0ec7681-6bbe-4ec5-bbc1-25c295e120b0 851af1939a9b4ff8808a741857d37b46 761947fab1374992bf04ee79f6b6b929 - default default] 10.31.10.3,10.31.10.1 "GET /v2.0/networks/c8e1bba8-da86-4439-a984-1085e84d9405?fields=segments HTTP/1.1" status: 200 len: 188 time: 0.1273804
2020-12-02 15:01:13.724 23 INFO neutron.wsgi [-] 10.31.10.1 "GET / HTTP/1.1" status: 200 len: 228 time: 0.0089743
2020-12-02 15:01:43.897 25 INFO neutron.wsgi [-] 10.31.10.1 "GET / HTTP/1.1" status: 200 len: 228 time: 0.0040500
2020-12-02 15:01:54.795 25 INFO neutron.wsgi [req-52bc2c04-046e-4fc8-b406-2c1c391f2824 851af1939a9b4ff8808a741857d37b46 761947fab1374992bf04ee79f6b6b929 - default default] 10.31.10.20,10.31.10.1 "GET /v2.0/ports?tenant_id=63be5b4f4d784088b73cd36e6114f00e&device_id=a4e73fe7-cf28-4d45-ad4f-ba65977536de HTTP/1.1" status: 200 len: 1278 time: 0.0790148
2020-12-02 15:01:55.109 25 INFO neutron.wsgi [req-993c5550-f38f-441f-9b48-62dd12002f3f 851af1939a9b4ff8808a741857d37b46 761947fab1374992bf04ee79f6b6b929 - default default] 10.31.10.20,10.31.10.1 "GET /v2.0/subnets?id=226b7ffb-b593-46b7-a0aa-f239c871bd0c HTTP/1.1" status: 200 len: 783 time: 0.0643647
2020-12-02 15:01:55.449 25 INFO neutron.wsgi [req-ffef4e62-2d2f-4ed1-a759-2d9c1cf79b0a 851af1939a9b4ff8808a741857d37b46 761947fab1374992bf04ee79f6b6b929 - default default] 10.31.10.20,10.31.10.1 "GET /v2.0/networks/c8e1bba8-da86-4439-a984-1085e84d9405?fields=provider%3Aphysical_network&fields=provider%3Anetwork_type HTTP/1.1" status: 200 len: 257 time: 0.1248035
2020-12-02 15:02:10.186 25 INFO neutron.wsgi [req-e5a0a9fc-1f3a-47e9-8587-3e977d52e294 851af1939a9b4ff8808a741857d37b46 761947fab1374992bf04ee79f6b6b929 - default default] 10.31.10.2,10.31.10.1 "GET /v2.0/networks?id=31d7fa17-bee4-4ca0-8150-8bdf6a8ca8c2 HTTP/1.1" status: 200 len: 902 time: 0.1202796
2020-12-02 15:02:10.442 21 INFO neutron.wsgi [req-30247094-996e-4cc2-a289-82b9cb86bdd3 851af1939a9b4ff8808a741857d37b46 761947fab1374992bf04ee79f6b6b929 - default default] 10.31.10.2,10.31.10.1 "GET /v2.0/ports?network_id=31d7fa17-bee4-4ca0-8150-8bdf6a8ca8c2&device_owner=network%3Adhcp HTTP/1.1" status: 200 len: 2479 time: 0.0805576
2020-12-02 15:02:11.390 21 INFO neutron.wsgi [req-0a75bd40-e34d-4754-a969-e25da6c6d3e6 851af1939a9b4ff8808a741857d37b46 761947fab1374992bf04ee79f6b6b929 - default default] 10.31.10.3,10.31.10.1 "GET /v2.0/ports?device_id=a1cd5b9c-26b5-413f-8af6-e2fb9f3d8697&fields=binding%3Ahost_id&fields=binding%3Avif_type HTTP/1.1" status: 200 len: 238 time: 0.0748131
2020-12-02 15:02:11.807 21 INFO neutron.wsgi [req-ebd76476-9135-47d7-b450-de4c1de550e7 851af1939a9b4ff8808a741857d37b46 761947fab1374992bf04ee79f6b6b929 - default default] 10.31.10.3,10.31.10.1 "GET /v2.0/floatingips?fixed_ip_address=10.31.11.100&port_id=902028fa-f267-424a-b762-3bc7354d5423 HTTP/1.1" status: 200 len: 193 time: 0.0568204
2020-12-02 15:02:12.083 21 INFO neutron.wsgi [req-a42fa709-ee14-46c5-938e-54d5873fab65 851af1939a9b4ff8808a741857d37b46 761947fab1374992bf04ee79f6b6b929 - default default] 10.31.10.3,10.31.10.1 "GET /v2.0/networks/c8e1bba8-da86-4439-a984-1085e84d9405?fields=segments HTTP/1.1" status: 200 len: 188 time: 0.1221383
2020-12-02 15:02:14.082 25 INFO neutron.wsgi [-] 10.31.10.1 "GET / HTTP/1.1" status: 200 len: 228 time: 0.0042157
2020-12-02 15:02:44.265 22 INFO neutron.wsgi [-] 10.31.10.1 "GET / HTTP/1.1" status: 200 len: 228 time: 0.0044518
2020-12-02 15:02:54.701 25 INFO neutron.wsgi [req-5dd58636-f254-4190-878c-d6f4749dda0b 851af1939a9b4ff8808a741857d37b46 761947fab1374992bf04ee79f6b6b929 - default default] 10.31.10.20,10.31.10.1 "GET /v2.0/ports?tenant_id=63be5b4f4d784088b73cd36e6114f00e&device_id=a4e73fe7-cf28-4d45-ad4f-ba65977536de HTTP/1.1" status: 200 len: 1278 time: 0.0777676
2020-12-02 15:02:55.057 25 INFO neutron.wsgi [req-a4c26ae4-458d-4304-bfb6-f63d912e020c 851af1939a9b4ff8808a741857d37b46 761947fab1374992bf04ee79f6b6b929 - default default] 10.31.10.20,10.31.10.1 "GET /v2.0/subnets?id=226b7ffb-b593-46b7-a0aa-f239c871bd0c HTTP/1.1" status: 200 len: 783 time: 0.0615633
2020-12-02 15:02:55.385 25 INFO neutron.wsgi [req-41b72546-9562-4860-90b4-c908200c7436 851af1939a9b4ff8808a741857d37b46 761947fab1374992bf04ee79f6b6b929 - default default] 10.31.10.20,10.31.10.1 "GET /v2.0/networks/c8e1bba8-da86-4439-a984-1085e84d9405?fields=provider%3Aphysical_network&fields=provider%3Anetwork_type HTTP/1.1" status: 200 len: 257 time: 0.1152141
2020-12-02 15:03:12.149 23 INFO neutron.wsgi [req-3b3b594a-ed83-49c2-b9e5-2bcf6d00a7db 851af1939a9b4ff8808a741857d37b46 761947fab1374992bf04ee79f6b6b929 - default default] 10.31.10.2,10.31.10.1 "GET /v2.0/networks?id=31d7fa17-bee4-4ca0-8150-8bdf6a8ca8c2 HTTP/1.1" status: 200 len: 902 time: 0.1339691
2020-12-02 15:03:12.389 23 INFO neutron.wsgi [req-cb3b373f-65b4-430f-8a19-d5e010cae151 851af1939a9b4ff8808a741857d37b46 761947fab1374992bf04ee79f6b6b929 - default default] 10.31.10.2,10.31.10.1 "GET /v2.0/ports?network_id=31d7fa17-bee4-4ca0-8150-8bdf6a8ca8c2&device_owner=network%3Adhcp HTTP/1.1" status: 200 len: 2479 time: 0.0817204
2020-12-02 15:03:12.600 23 INFO neutron.wsgi [req-fbcf40a1-9e85-41bb-90b0-735a4dddd15e 851af1939a9b4ff8808a741857d37b46 761947fab1374992bf04ee79f6b6b929 - default default] 10.31.10.3,10.31.10.1 "GET /v2.0/ports?tenant_id=63be5b4f4d784088b73cd36e6114f00e&device_id=a1cd5b9c-26b5-413f-8af6-e2fb9f3d8697 HTTP/1.1" status: 200 len: 1281 time: 0.0746119
2020-12-02 15:03:12.849 23 INFO neutron.wsgi [req-96608967-36cb-44d7-b86d-2521664ac50b 851af1939a9b4ff8808a741857d37b46 761947fab1374992bf04ee79f6b6b929 - default default] 10.31.10.3,10.31.10.1 "GET /v2.0/floatingips?fixed_ip_address=10.31.11.100&port_id=902028fa-f267-424a-b762-3bc7354d5423 HTTP/1.1" status: 200 len: 193 time: 0.0596278
2020-12-02 15:03:13.125 23 INFO neutron.wsgi [req-713bc1f1-1f6e-4701-bdfc-7e206f97266b 851af1939a9b4ff8808a741857d37b46 761947fab1374992bf04ee79f6b6b929 - default default] 10.31.10.3,10.31.10.1 "GET /v2.0/networks/c8e1bba8-da86-4439-a984-1085e84d9405?fields=segments HTTP/1.1" status: 200 len: 188 time: 0.1279767
2020-12-02 15:03:14.437 22 INFO neutron.wsgi [-] 10.31.10.1 "GET / HTTP/1.1" status: 200 len: 228 time: 0.0110064
2020-12-02 15:03:44.634 23 INFO neutron.wsgi [-] 10.31.10.1 "GET / HTTP/1.1" status: 200 len: 228 time: 0.0130906
2020-12-02 15:03:56.670 21 INFO neutron.wsgi [req-c2664214-a2c4-4538-ba43-f33b92aed3c7 851af1939a9b4ff8808a741857d37b46 761947fab1374992bf04ee79f6b6b929 - default default] 10.31.10.20,10.31.10.1 "GET /v2.0/ports?tenant_id=63be5b4f4d784088b73cd36e6114f00e&device_id=a4e73fe7-cf28-4d45-ad4f-ba65977536de HTTP/1.1" status: 200 len: 1278 time: 0.1000555
2020-12-02 15:03:57.008 21 INFO neutron.wsgi [req-bb10a1c0-f350-4e6b-8980-e6ed8c2bfcb5 851af1939a9b4ff8808a741857d37b46 761947fab1374992bf04ee79f6b6b929 - default default] 10.31.10.20,10.31.10.1 "GET /v2.0/subnets?id=226b7ffb-b593-46b7-a0aa-f239c871bd0c HTTP/1.1" status: 200 len: 783 time: 0.0622673
2020-12-02 15:03:57.361 22 INFO neutron.wsgi [req-b7f66e5d-419c-42d3-8dd3-681d2a42ebc2 851af1939a9b4ff8808a741857d37b46 761947fab1374992bf04ee79f6b6b929 - default default] 10.31.10.20,10.31.10.1 "GET /v2.0/networks/c8e1bba8-da86-4439-a984-1085e84d9405?fields=provider%3Aphysical_network&fields=provider%3Anetwork_type HTTP/1.1" status: 200 len: 257 time: 0.1230357
2020-12-02 15:04:12.159 24 INFO neutron.wsgi [req-c1421043-acfd-4cf2-a7ef-f91d69191cf5 851af1939a9b4ff8808a741857d37b46 761947fab1374992bf04ee79f6b6b929 - default default] 10.31.10.2,10.31.10.1 "GET /v2.0/networks?id=31d7fa17-bee4-4ca0-8150-8bdf6a8ca8c2 HTTP/1.1" status: 200 len: 902 time: 0.1316755
2020-12-02 15:04:12.590 24 INFO neutron.wsgi [req-bfee0bef-b141-454c-adcc-80b79788eb1c 851af1939a9b4ff8808a741857d37b46 761947fab1374992bf04ee79f6b6b929 - default default] 10.31.10.2,10.31.10.1 "GET /v2.0/ports?network_id=31d7fa17-bee4-4ca0-8150-8bdf6a8ca8c2&device_owner=network%3Adhcp HTTP/1.1" status: 200 len: 2479 time: 0.0884893
2020-12-02 15:04:13.043 23 INFO neutron.wsgi [req-91f60f5c-9c86-4761-b0fb-63de5d54860c 851af1939a9b4ff8808a741857d37b46 761947fab1374992bf04ee79f6b6b929 - default default] 10.31.10.2,10.31.10.1 "GET /v2.0/networks/31d7fa17-bee4-4ca0-8150-8bdf6a8ca8c2?fields=provider%3Aphysical_network&fields=provider%3Anetwork_type HTTP/1.1" status: 200 len: 257 time: 0.2738199
2020-12-02 15:04:13.734 23 INFO neutron.wsgi [req-6ae75dad-99c0-4818-9049-a723077b7a71 851af1939a9b4ff8808a741857d37b46 761947fab1374992bf04ee79f6b6b929 - default default] 10.31.10.3,10.31.10.1 "GET /v2.0/networks?id=c8e1bba8-da86-4439-a984-1085e84d9405 HTTP/1.1" status: 200 len: 905 time: 0.1258733
2020-12-02 15:04:13.978 22 INFO neutron.wsgi [req-f2ca2de7-c4c3-4628-b0ee-fa8283a76c6e 851af1939a9b4ff8808a741857d37b46 761947fab1374992bf04ee79f6b6b929 - default default] 10.31.10.3,10.31.10.1 "GET /v2.0/ports?network_id=c8e1bba8-da86-4439-a984-1085e84d9405&device_owner=network%3Adhcp HTTP/1.1" status: 200 len: 186 time: 0.0469658
2020-12-02 15:04:14.824 21 INFO neutron.wsgi [-] 10.31.10.1 "GET / HTTP/1.1" status: 200 len: 228 time: 0.0072331
2020-12-02 15:04:45.003 24 INFO neutron.wsgi [-] 10.31.10.1 "GET / HTTP/1.1" status: 200 len: 228 time: 0.0064211
