2020-12-02 17:22:16.090 24 INFO neutron.wsgi [req-ac679925-c6d6-4207-8d0d-3b69da1d306d 851af1939a9b4ff8808a741857d37b46 761947fab1374992bf04ee79f6b6b929 - default default] 10.31.10.2,10.31.10.1 "GET /v2.0/ports?tenant_id=63be5b4f4d784088b73cd36e6114f00e&device_id=43362a64-7c50-48f8-b7e2-97a6f3ab6ba6 HTTP/1.1" status: 200 len: 1315 time: 0.0694170
2020-12-02 17:22:16.432 22 INFO neutron.wsgi [req-56e70c66-c799-4f97-b749-6265aa2faddb 851af1939a9b4ff8808a741857d37b46 761947fab1374992bf04ee79f6b6b929 - default default] 10.31.10.2,10.31.10.1 "GET /v2.0/subnets?id=355627ec-9f34-485a-8c9f-63327e7fe7f8 HTTP/1.1" status: 200 len: 818 time: 0.0666227
2020-12-02 17:22:16.808 24 INFO neutron.wsgi [req-161b7849-08c5-4dbc-9e04-2a3fa09c8f9c 851af1939a9b4ff8808a741857d37b46 761947fab1374992bf04ee79f6b6b929 - default default] 10.31.10.2,10.31.10.1 "GET /v2.0/networks/31d7fa17-bee4-4ca0-8150-8bdf6a8ca8c2?fields=provider%3Aphysical_network&fields=provider%3Anetwork_type HTTP/1.1" status: 200 len: 257 time: 0.1142511
2020-12-02 17:22:17.819 24 INFO neutron.wsgi [req-73334073-44af-4e7f-8dcd-f1dd66a39efa 851af1939a9b4ff8808a741857d37b46 761947fab1374992bf04ee79f6b6b929 - default default] 10.31.10.20,10.31.10.1 "GET /v2.0/networks?id=c8e1bba8-da86-4439-a984-1085e84d9405 HTTP/1.1" status: 200 len: 905 time: 0.1252658
2020-12-02 17:22:18.030 21 INFO neutron.wsgi [req-c7540586-e45a-47d3-9f95-780557a95b55 851af1939a9b4ff8808a741857d37b46 761947fab1374992bf04ee79f6b6b929 - default default] 10.31.10.20,10.31.10.1 "GET /v2.0/ports?network_id=c8e1bba8-da86-4439-a984-1085e84d9405&device_owner=network%3Adhcp HTTP/1.1" status: 200 len: 186 time: 0.0484724
2020-12-02 17:22:34.829 24 INFO neutron.wsgi [-] 10.31.10.1 "GET / HTTP/1.1" status: 200 len: 228 time: 0.0065024
2020-12-02 17:22:38.496 24 INFO neutron.wsgi [req-04ae1d75-836d-4a96-82e3-b8f1e17fb41b 851af1939a9b4ff8808a741857d37b46 761947fab1374992bf04ee79f6b6b929 - default default] 10.31.10.3,10.31.10.1 "GET /v2.0/ports?device_id=12606f42-4bd4-4c46-869a-034d53d6e431&fields=binding%3Ahost_id&fields=binding%3Avif_type HTTP/1.1" status: 200 len: 238 time: 0.1447618
2020-12-02 17:22:38.862 24 INFO neutron.wsgi [req-d3cdd03a-39fd-4c8c-9263-d59f7eac4365 851af1939a9b4ff8808a741857d37b46 761947fab1374992bf04ee79f6b6b929 - default default] 10.31.10.3,10.31.10.1 "GET /v2.0/floatingips?fixed_ip_address=10.31.12.213&port_id=46824667-0ee6-4cfa-b673-904fb7b96b5c HTTP/1.1" status: 200 len: 193 time: 0.0554049
2020-12-02 17:22:39.161 24 INFO neutron.wsgi [req-3c169cac-99f7-4e1d-9cae-fe422d2a7cf3 851af1939a9b4ff8808a741857d37b46 761947fab1374992bf04ee79f6b6b929 - default default] 10.31.10.3,10.31.10.1 "GET /v2.0/networks/31d7fa17-bee4-4ca0-8150-8bdf6a8ca8c2?fields=segments HTTP/1.1" status: 200 len: 188 time: 0.1069016
2020-12-02 17:23:05.020 25 INFO neutron.wsgi [-] 10.31.10.1 "GET / HTTP/1.1" status: 200 len: 228 time: 0.0049193
2020-12-02 17:23:16.012 24 INFO neutron.wsgi [req-48c5f6cf-bbd8-47c4-ac35-92b1d62d7081 851af1939a9b4ff8808a741857d37b46 761947fab1374992bf04ee79f6b6b929 - default default] 10.31.10.2,10.31.10.1 "GET /v2.0/ports?tenant_id=63be5b4f4d784088b73cd36e6114f00e&device_id=43362a64-7c50-48f8-b7e2-97a6f3ab6ba6 HTTP/1.1" status: 200 len: 1315 time: 0.0676856
2020-12-02 17:23:16.338 24 INFO neutron.wsgi [req-7909a777-a366-49a8-8cea-9eafe3c6dc13 851af1939a9b4ff8808a741857d37b46 761947fab1374992bf04ee79f6b6b929 - default default] 10.31.10.2,10.31.10.1 "GET /v2.0/subnets?id=355627ec-9f34-485a-8c9f-63327e7fe7f8 HTTP/1.1" status: 200 len: 818 time: 0.0569067
2020-12-02 17:23:16.869 24 INFO neutron.wsgi [req-bd611e27-56e9-4246-a619-b7e42061571d 851af1939a9b4ff8808a741857d37b46 761947fab1374992bf04ee79f6b6b929 - default default] 10.31.10.2,10.31.10.1 "GET /v2.0/networks/31d7fa17-bee4-4ca0-8150-8bdf6a8ca8c2?fields=provider%3Aphysical_network&fields=provider%3Anetwork_type HTTP/1.1" status: 200 len: 257 time: 0.1196349
2020-12-02 17:23:18.867 24 INFO neutron.wsgi [req-f855cb9c-3cb9-4cfd-a7bc-5f281997c3ea 851af1939a9b4ff8808a741857d37b46 761947fab1374992bf04ee79f6b6b929 - default default] 10.31.10.20,10.31.10.1 "GET /v2.0/networks?id=c8e1bba8-da86-4439-a984-1085e84d9405 HTTP/1.1" status: 200 len: 905 time: 0.1197045
2020-12-02 17:23:19.078 24 INFO neutron.wsgi [req-a9d068e1-3bff-4642-9d2e-0ea2cf0c9ff6 851af1939a9b4ff8808a741857d37b46 761947fab1374992bf04ee79f6b6b929 - default default] 10.31.10.20,10.31.10.1 "GET /v2.0/ports?network_id=c8e1bba8-da86-4439-a984-1085e84d9405&device_owner=network%3Adhcp HTTP/1.1" status: 200 len: 186 time: 0.0464711
2020-12-02 17:23:19.377 24 INFO neutron.wsgi [req-b339629b-9137-41f7-b115-14649373b4e3 851af1939a9b4ff8808a741857d37b46 761947fab1374992bf04ee79f6b6b929 - default default] 10.31.10.20,10.31.10.1 "GET /v2.0/networks/c8e1bba8-da86-4439-a984-1085e84d9405?fields=provider%3Aphysical_network&fields=provider%3Anetwork_type HTTP/1.1" status: 200 len: 257 time: 0.1164281
2020-12-02 17:23:35.199 25 INFO neutron.wsgi [-] 10.31.10.1 "GET / HTTP/1.1" status: 200 len: 228 time: 0.0043600
2020-12-02 17:23:40.729 25 INFO neutron.wsgi [req-73ba63d0-4731-4a3a-9301-bc7ca8141425 851af1939a9b4ff8808a741857d37b46 761947fab1374992bf04ee79f6b6b929 - default default] 10.31.10.3,10.31.10.1 "GET /v2.0/networks?id=c8e1bba8-da86-4439-a984-1085e84d9405 HTTP/1.1" status: 200 len: 905 time: 0.1299152
2020-12-02 17:23:40.931 21 INFO neutron.wsgi [req-82221145-a64e-4e59-97de-058cec0635b6 851af1939a9b4ff8808a741857d37b46 761947fab1374992bf04ee79f6b6b929 - default default] 10.31.10.3,10.31.10.1 "GET /v2.0/ports?network_id=c8e1bba8-da86-4439-a984-1085e84d9405&device_owner=network%3Adhcp HTTP/1.1" status: 200 len: 186 time: 0.0404959
2020-12-02 17:24:05.387 25 INFO neutron.wsgi [-] 10.31.10.1 "GET / HTTP/1.1" status: 200 len: 228 time: 0.0068128
2020-12-02 17:24:16.828 21 INFO neutron.wsgi [req-0693f3dd-d058-4503-b887-e9714bf9361d 851af1939a9b4ff8808a741857d37b46 761947fab1374992bf04ee79f6b6b929 - default default] 10.31.10.2,10.31.10.1 "GET /v2.0/ports?device_id=43362a64-7c50-48f8-b7e2-97a6f3ab6ba6&fields=binding%3Ahost_id&fields=binding%3Avif_type HTTP/1.1" status: 200 len: 238 time: 0.0722680
2020-12-02 17:24:17.266 21 INFO neutron.wsgi [req-8f117558-715a-4979-9b4a-a3fc0c7b4e80 851af1939a9b4ff8808a741857d37b46 761947fab1374992bf04ee79f6b6b929 - default default] 10.31.10.2,10.31.10.1 "GET /v2.0/floatingips?fixed_ip_address=10.31.12.174&port_id=b808505d-ff26-458c-9a69-56093e82c8de HTTP/1.1" status: 200 len: 193 time: 0.0605214
2020-12-02 17:24:17.587 21 INFO neutron.wsgi [req-2f04f523-61a7-427e-a67e-a8ae77e31b76 851af1939a9b4ff8808a741857d37b46 761947fab1374992bf04ee79f6b6b929 - default default] 10.31.10.2,10.31.10.1 "GET /v2.0/networks/31d7fa17-bee4-4ca0-8150-8bdf6a8ca8c2?fields=segments HTTP/1.1" status: 200 len: 188 time: 0.1224687
2020-12-02 17:24:19.619 21 INFO neutron.wsgi [req-0c08c38e-a4a6-4ea1-b14a-ec52bb536428 851af1939a9b4ff8808a741857d37b46 761947fab1374992bf04ee79f6b6b929 - default default] 10.31.10.20,10.31.10.1 "GET /v2.0/ports?tenant_id=63be5b4f4d784088b73cd36e6114f00e&device_id=a4e73fe7-cf28-4d45-ad4f-ba65977536de HTTP/1.1" status: 200 len: 1278 time: 0.0788264
2020-12-02 17:24:19.953 21 INFO neutron.wsgi [req-2cffe778-0f75-4507-9c95-8471ae466ee7 851af1939a9b4ff8808a741857d37b46 761947fab1374992bf04ee79f6b6b929 - default default] 10.31.10.20,10.31.10.1 "GET /v2.0/subnets?id=226b7ffb-b593-46b7-a0aa-f239c871bd0c HTTP/1.1" status: 200 len: 783 time: 0.0704596
2020-12-02 17:24:20.299 22 INFO neutron.wsgi [req-9b0b3951-5a95-437e-aca6-9503da865bc7 851af1939a9b4ff8808a741857d37b46 761947fab1374992bf04ee79f6b6b929 - default default] 10.31.10.20,10.31.10.1 "GET /v2.0/networks/c8e1bba8-da86-4439-a984-1085e84d9405?fields=provider%3Aphysical_network&fields=provider%3Anetwork_type HTTP/1.1" status: 200 len: 257 time: 0.1280627
2020-12-02 17:24:35.554 23 INFO neutron.wsgi [-] 10.31.10.1 "GET / HTTP/1.1" status: 200 len: 228 time: 0.0050151
2020-12-02 17:24:42.908 22 INFO neutron.wsgi [req-6bf58921-a470-44ff-b4df-856680c5edf2 851af1939a9b4ff8808a741857d37b46 761947fab1374992bf04ee79f6b6b929 - default default] 10.31.10.3,10.31.10.1 "GET /v2.0/networks?id=31d7fa17-bee4-4ca0-8150-8bdf6a8ca8c2 HTTP/1.1" status: 200 len: 902 time: 0.1256061
2020-12-02 17:24:43.166 22 INFO neutron.wsgi [req-463e4617-6029-4e26-8b16-f55dbc2b001a 851af1939a9b4ff8808a741857d37b46 761947fab1374992bf04ee79f6b6b929 - default default] 10.31.10.3,10.31.10.1 "GET /v2.0/ports?network_id=31d7fa17-bee4-4ca0-8150-8bdf6a8ca8c2&device_owner=network%3Adhcp HTTP/1.1" status: 200 len: 2479 time: 0.0803220
2020-12-02 17:25:05.737 22 INFO neutron.wsgi [-] 10.31.10.1 "GET / HTTP/1.1" status: 200 len: 228 time: 0.0048783
2020-12-02 17:25:17.826 25 INFO neutron.wsgi [req-bd394fcf-7900-41e1-9f99-88e235698c37 851af1939a9b4ff8808a741857d37b46 761947fab1374992bf04ee79f6b6b929 - default default] 10.31.10.2,10.31.10.1 "GET /v2.0/ports?device_id=43362a64-7c50-48f8-b7e2-97a6f3ab6ba6&fields=binding%3Ahost_id&fields=binding%3Avif_type HTTP/1.1" status: 200 len: 238 time: 0.0744689
2020-12-02 17:25:18.249 25 INFO neutron.wsgi [req-94d6b233-cf7f-44d7-9458-36719213ed4d 851af1939a9b4ff8808a741857d37b46 761947fab1374992bf04ee79f6b6b929 - default default] 10.31.10.2,10.31.10.1 "GET /v2.0/floatingips?fixed_ip_address=10.31.12.174&port_id=b808505d-ff26-458c-9a69-56093e82c8de HTTP/1.1" status: 200 len: 193 time: 0.0613945
2020-12-02 17:25:18.562 25 INFO neutron.wsgi [req-d85d6c12-2aff-4959-be9f-6e0e9482e23e 851af1939a9b4ff8808a741857d37b46 761947fab1374992bf04ee79f6b6b929 - default default] 10.31.10.2,10.31.10.1 "GET /v2.0/networks/31d7fa17-bee4-4ca0-8150-8bdf6a8ca8c2?fields=segments HTTP/1.1" status: 200 len: 188 time: 0.1297836
2020-12-02 17:25:21.644 25 INFO neutron.wsgi [req-bbf07370-708f-454b-846c-34cde785e368 851af1939a9b4ff8808a741857d37b46 761947fab1374992bf04ee79f6b6b929 - default default] 10.31.10.20,10.31.10.1 "GET /v2.0/ports?tenant_id=63be5b4f4d784088b73cd36e6114f00e&device_id=a4e73fe7-cf28-4d45-ad4f-ba65977536de HTTP/1.1" status: 200 len: 1278 time: 0.0867541
2020-12-02 17:25:21.969 21 INFO neutron.wsgi [req-c5cb4080-b5ed-49b0-8972-8876583fcf76 851af1939a9b4ff8808a741857d37b46 761947fab1374992bf04ee79f6b6b929 - default default] 10.31.10.20,10.31.10.1 "GET /v2.0/subnets?id=226b7ffb-b593-46b7-a0aa-f239c871bd0c HTTP/1.1" status: 200 len: 783 time: 0.0675147
2020-12-02 17:25:22.338 21 INFO neutron.wsgi [req-d6dac881-d21e-4caa-9851-c2f6fd94741f 851af1939a9b4ff8808a741857d37b46 761947fab1374992bf04ee79f6b6b929 - default default] 10.31.10.20,10.31.10.1 "GET /v2.0/networks/c8e1bba8-da86-4439-a984-1085e84d9405?fields=provider%3Aphysical_network&fields=provider%3Anetwork_type HTTP/1.1" status: 200 len: 257 time: 0.1247857
2020-12-02 17:25:35.916 22 INFO neutron.wsgi [-] 10.31.10.1 "GET / HTTP/1.1" status: 200 len: 228 time: 0.0041986
2020-12-02 17:25:42.735 23 INFO neutron.wsgi [req-83a16bd6-9255-4d8b-9509-765c673208e3 851af1939a9b4ff8808a741857d37b46 761947fab1374992bf04ee79f6b6b929 - default default] 10.31.10.3,10.31.10.1 "GET /v2.0/networks?id=c8e1bba8-da86-4439-a984-1085e84d9405 HTTP/1.1" status: 200 len: 905 time: 0.1243081
2020-12-02 17:25:42.950 22 INFO neutron.wsgi [req-0bc3eb62-8049-4314-a740-95ca6c98c936 851af1939a9b4ff8808a741857d37b46 761947fab1374992bf04ee79f6b6b929 - default default] 10.31.10.3,10.31.10.1 "GET /v2.0/ports?network_id=c8e1bba8-da86-4439-a984-1085e84d9405&device_owner=network%3Adhcp HTTP/1.1" status: 200 len: 186 time: 0.0438154
2020-12-02 17:26:06.092 23 INFO neutron.wsgi [-] 10.31.10.1 "GET / HTTP/1.1" status: 200 len: 228 time: 0.0054739
2020-12-02 17:26:18.828 25 INFO neutron.wsgi [req-64a75c6f-1be9-42ae-a793-0968137ea032 851af1939a9b4ff8808a741857d37b46 761947fab1374992bf04ee79f6b6b929 - default default] 10.31.10.2,10.31.10.1 "GET /v2.0/ports?device_id=43362a64-7c50-48f8-b7e2-97a6f3ab6ba6&fields=binding%3Ahost_id&fields=binding%3Avif_type HTTP/1.1" status: 200 len: 238 time: 0.0772114
2020-12-02 17:26:19.243 25 INFO neutron.wsgi [req-33cb64d3-a522-44c6-8c8c-eb385cd69129 851af1939a9b4ff8808a741857d37b46 761947fab1374992bf04ee79f6b6b929 - default default] 10.31.10.2,10.31.10.1 "GET /v2.0/floatingips?fixed_ip_address=10.31.12.174&port_id=b808505d-ff26-458c-9a69-56093e82c8de HTTP/1.1" status: 200 len: 193 time: 0.0558844
2020-12-02 17:26:19.456 25 INFO neutron.wsgi [req-a0343443-cc5b-4645-99bf-f4d5e314952c 851af1939a9b4ff8808a741857d37b46 761947fab1374992bf04ee79f6b6b929 - default default] 10.31.10.2,10.31.10.1 "GET /v2.0/extensions HTTP/1.1" status: 200 len: 14561 time: 0.0102732
2020-12-02 17:26:23.460 25 INFO neutron.wsgi [req-2076929f-e430-44df-adbd-20f122d9a46b 851af1939a9b4ff8808a741857d37b46 761947fab1374992bf04ee79f6b6b929 - default default] 10.31.10.20,10.31.10.1 "GET /v2.0/ports?device_id=a4e73fe7-cf28-4d45-ad4f-ba65977536de&fields=binding%3Ahost_id&fields=binding%3Avif_type HTTP/1.1" status: 200 len: 238 time: 0.0881679
2020-12-02 17:26:23.895 21 INFO neutron.wsgi [req-3531b1bc-0734-4c64-bc45-748eaf09d73c 851af1939a9b4ff8808a741857d37b46 761947fab1374992bf04ee79f6b6b929 - default default] 10.31.10.20,10.31.10.1 "GET /v2.0/floatingips?fixed_ip_address=10.31.11.197&port_id=638dbe1c-3bfb-4f03-a2f5-bac3e9c1ee1b HTTP/1.1" status: 200 len: 193 time: 0.0678339
2020-12-02 17:26:24.203 22 INFO neutron.wsgi [req-6025e44f-b722-482a-b961-0ee8a1ac9866 851af1939a9b4ff8808a741857d37b46 761947fab1374992bf04ee79f6b6b929 - default default] 10.31.10.20,10.31.10.1 "GET /v2.0/networks/c8e1bba8-da86-4439-a984-1085e84d9405?fields=segments HTTP/1.1" status: 200 len: 188 time: 0.1322854
2020-12-02 17:26:36.287 24 INFO neutron.wsgi [-] 10.31.10.1 "GET / HTTP/1.1" status: 200 len: 228 time: 0.0051427
2020-12-02 17:26:42.572 25 INFO neutron.wsgi [req-955a11ec-1bed-4e64-be6a-bfa37b47d56f 851af1939a9b4ff8808a741857d37b46 761947fab1374992bf04ee79f6b6b929 - default default] 10.31.10.3,10.31.10.1 "GET /v2.0/ports?tenant_id=63be5b4f4d784088b73cd36e6114f00e&device_id=12606f42-4bd4-4c46-869a-034d53d6e431 HTTP/1.1" status: 200 len: 1336 time: 0.0754738
2020-12-02 17:26:42.882 22 INFO neutron.wsgi [req-04d716fa-c274-4377-a569-89d9f0e0f263 851af1939a9b4ff8808a741857d37b46 761947fab1374992bf04ee79f6b6b929 - default default] 10.31.10.3,10.31.10.1 "GET /v2.0/subnets?id=355627ec-9f34-485a-8c9f-63327e7fe7f8 HTTP/1.1" status: 200 len: 818 time: 0.0673792
2020-12-02 17:26:43.253 25 INFO neutron.wsgi [req-6fc1539e-7e9f-4967-8128-6109eb188f84 851af1939a9b4ff8808a741857d37b46 761947fab1374992bf04ee79f6b6b929 - default default] 10.31.10.3,10.31.10.1 "GET /v2.0/networks/31d7fa17-bee4-4ca0-8150-8bdf6a8ca8c2?fields=provider%3Aphysical_network&fields=provider%3Anetwork_type HTTP/1.1" status: 200 len: 257 time: 0.1266575
2020-12-02 17:27:06.463 24 INFO neutron.wsgi [-] 10.31.10.1 "GET / HTTP/1.1" status: 200 len: 228 time: 0.0044236
2020-12-02 17:27:20.341 25 INFO neutron.wsgi [req-27e90f29-4257-4a62-be3a-c6ffb7f8afdd 851af1939a9b4ff8808a741857d37b46 761947fab1374992bf04ee79f6b6b929 - default default] 10.31.10.2,10.31.10.1 "GET /v2.0/ports?tenant_id=63be5b4f4d784088b73cd36e6114f00e&device_id=43362a64-7c50-48f8-b7e2-97a6f3ab6ba6 HTTP/1.1" status: 200 len: 1315 time: 0.0780635
2020-12-02 17:27:20.667 25 INFO neutron.wsgi [req-d8f02bc6-2780-4629-a3b5-eb9b198e634d 851af1939a9b4ff8808a741857d37b46 761947fab1374992bf04ee79f6b6b929 - default default] 10.31.10.2,10.31.10.1 "GET /v2.0/subnets?id=355627ec-9f34-485a-8c9f-63327e7fe7f8 HTTP/1.1" status: 200 len: 818 time: 0.0655427
2020-12-02 17:27:21.046 25 INFO neutron.wsgi [req-33d8ddff-44bb-4354-9d0f-1c14bfe61ecc 851af1939a9b4ff8808a741857d37b46 761947fab1374992bf04ee79f6b6b929 - default default] 10.31.10.2,10.31.10.1 "GET /v2.0/networks/31d7fa17-bee4-4ca0-8150-8bdf6a8ca8c2?fields=provider%3Aphysical_network&fields=provider%3Anetwork_type HTTP/1.1" status: 200 len: 257 time: 0.1284239
2020-12-02 17:27:25.805 25 INFO neutron.wsgi [req-d800ec5c-36be-4073-96bb-2edfbf68558c 851af1939a9b4ff8808a741857d37b46 761947fab1374992bf04ee79f6b6b929 - default default] 10.31.10.20,10.31.10.1 "GET /v2.0/networks?id=c8e1bba8-da86-4439-a984-1085e84d9405 HTTP/1.1" status: 200 len: 905 time: 0.1316068
2020-12-02 17:27:26.015 21 INFO neutron.wsgi [req-050d7601-9bdc-4e08-aaa0-fad9e685f48a 851af1939a9b4ff8808a741857d37b46 761947fab1374992bf04ee79f6b6b929 - default default] 10.31.10.20,10.31.10.1 "GET /v2.0/ports?network_id=c8e1bba8-da86-4439-a984-1085e84d9405&device_owner=network%3Adhcp HTTP/1.1" status: 200 len: 186 time: 0.0435920
2020-12-02 17:27:36.638 25 INFO neutron.wsgi [-] 10.31.10.1 "GET / HTTP/1.1" status: 200 len: 228 time: 0.0040727
2020-12-02 17:27:36.965 21 INFO neutron.wsgi [req-a3a22ddf-5f72-42ad-a709-232588e28d95 0da1bc1a3acc45d0aca57e504c04ea17 63be5b4f4d784088b73cd36e6114f00e - default default] 10.31.10.3,10.31.10.1 "GET /v2.0/extensions HTTP/1.1" status: 200 len: 14561 time: 0.0105677
2020-12-02 17:27:44.946 23 INFO neutron.wsgi [req-ef06de7c-ef2d-4a39-8921-a9b36f8ede12 851af1939a9b4ff8808a741857d37b46 761947fab1374992bf04ee79f6b6b929 - default default] 10.31.10.3,10.31.10.1 "GET /v2.0/networks?id=c8e1bba8-da86-4439-a984-1085e84d9405 HTTP/1.1" status: 200 len: 905 time: 0.1282868
2020-12-02 17:27:45.151 22 INFO neutron.wsgi [req-c89d68a5-5f87-485c-b912-4d1cf02c4ede 851af1939a9b4ff8808a741857d37b46 761947fab1374992bf04ee79f6b6b929 - default default] 10.31.10.3,10.31.10.1 "GET /v2.0/ports?network_id=c8e1bba8-da86-4439-a984-1085e84d9405&device_owner=network%3Adhcp HTTP/1.1" status: 200 len: 186 time: 0.0464826
2020-12-02 17:27:45.584 22 INFO neutron.wsgi [req-17cd0778-66fc-4d66-964c-eea900a6432e 851af1939a9b4ff8808a741857d37b46 761947fab1374992bf04ee79f6b6b929 - default default] 10.31.10.3,10.31.10.1 "GET /v2.0/networks/c8e1bba8-da86-4439-a984-1085e84d9405?fields=provider%3Aphysical_network&fields=provider%3Anetwork_type HTTP/1.1" status: 200 len: 257 time: 0.1212566
2020-12-02 17:28:06.804 23 INFO neutron.wsgi [-] 10.31.10.1 "GET / HTTP/1.1" status: 200 len: 228 time: 0.0044167
2020-12-02 17:28:20.197 23 INFO neutron.wsgi [req-8ab2644e-a3b0-4679-908e-7edb9c267be2 851af1939a9b4ff8808a741857d37b46 761947fab1374992bf04ee79f6b6b929 - default default] 10.31.10.2,10.31.10.1 "GET /v2.0/networks?id=31d7fa17-bee4-4ca0-8150-8bdf6a8ca8c2 HTTP/1.1" status: 200 len: 902 time: 0.1310501
2020-12-02 17:28:20.470 21 INFO neutron.wsgi [req-9b6418bb-1641-4b42-811c-a516a9deafee 851af1939a9b4ff8808a741857d37b46 761947fab1374992bf04ee79f6b6b929 - default default] 10.31.10.2,10.31.10.1 "GET /v2.0/ports?network_id=31d7fa17-bee4-4ca0-8150-8bdf6a8ca8c2&device_owner=network%3Adhcp HTTP/1.1" status: 200 len: 2479 time: 0.0836000
2020-12-02 17:28:27.561 21 INFO neutron.wsgi [req-5df5b2cd-4d5c-4445-b56e-d7985d7a5307 851af1939a9b4ff8808a741857d37b46 761947fab1374992bf04ee79f6b6b929 - default default] 10.31.10.20,10.31.10.1 "GET /v2.0/ports?device_id=a4e73fe7-cf28-4d45-ad4f-ba65977536de&fields=binding%3Ahost_id&fields=binding%3Avif_type HTTP/1.1" status: 200 len: 238 time: 0.1666269
2020-12-02 17:28:27.986 24 INFO neutron.wsgi [req-9f4aa237-0c1f-4af8-ad95-55ca8668215f 851af1939a9b4ff8808a741857d37b46 761947fab1374992bf04ee79f6b6b929 - default default] 10.31.10.20,10.31.10.1 "GET /v2.0/floatingips?fixed_ip_address=10.31.11.197&port_id=638dbe1c-3bfb-4f03-a2f5-bac3e9c1ee1b HTTP/1.1" status: 200 len: 193 time: 0.0628567
2020-12-02 17:28:28.260 22 INFO neutron.wsgi [req-71b47d9e-a390-4717-84c9-a91ee0bac530 851af1939a9b4ff8808a741857d37b46 761947fab1374992bf04ee79f6b6b929 - default default] 10.31.10.20,10.31.10.1 "GET /v2.0/networks/c8e1bba8-da86-4439-a984-1085e84d9405?fields=segments HTTP/1.1" status: 200 len: 188 time: 0.1235857
2020-12-02 17:28:36.987 25 INFO neutron.wsgi [-] 10.31.10.1 "GET / HTTP/1.1" status: 200 len: 228 time: 0.0042706
2020-12-02 17:28:45.548 25 INFO neutron.wsgi [req-7fae218b-50db-480e-894c-7ca83dbd6200 851af1939a9b4ff8808a741857d37b46 761947fab1374992bf04ee79f6b6b929 - default default] 10.31.10.3,10.31.10.1 "GET /v2.0/ports?tenant_id=63be5b4f4d784088b73cd36e6114f00e&device_id=12606f42-4bd4-4c46-869a-034d53d6e431 HTTP/1.1" status: 200 len: 1336 time: 0.0814528
2020-12-02 17:28:45.870 25 INFO neutron.wsgi [req-c52c606f-59c3-4f55-b496-2d099a5af9c2 851af1939a9b4ff8808a741857d37b46 761947fab1374992bf04ee79f6b6b929 - default default] 10.31.10.3,10.31.10.1 "GET /v2.0/subnets?id=355627ec-9f34-485a-8c9f-63327e7fe7f8 HTTP/1.1" status: 200 len: 818 time: 0.0640595
2020-12-02 17:28:46.232 25 INFO neutron.wsgi [req-8b274d7f-3532-49ce-8805-07c495d47c1b 851af1939a9b4ff8808a741857d37b46 761947fab1374992bf04ee79f6b6b929 - default default] 10.31.10.3,10.31.10.1 "GET /v2.0/networks/31d7fa17-bee4-4ca0-8150-8bdf6a8ca8c2?fields=provider%3Aphysical_network&fields=provider%3Anetwork_type HTTP/1.1" status: 200 len: 257 time: 0.1198683
2020-12-02 17:29:07.196 21 INFO neutron.wsgi [-] 10.31.10.1 "GET / HTTP/1.1" status: 200 len: 228 time: 0.0047243
2020-12-02 17:29:20.198 21 INFO neutron.wsgi [req-00a1249e-a0da-4639-86ca-f4108f79ce3e 851af1939a9b4ff8808a741857d37b46 761947fab1374992bf04ee79f6b6b929 - default default] 10.31.10.2,10.31.10.1 "GET /v2.0/networks?id=31d7fa17-bee4-4ca0-8150-8bdf6a8ca8c2 HTTP/1.1" status: 200 len: 902 time: 0.1235185
2020-12-02 17:29:20.453 21 INFO neutron.wsgi [req-53de9988-17f9-4fc8-bc2f-c55586b5a084 851af1939a9b4ff8808a741857d37b46 761947fab1374992bf04ee79f6b6b929 - default default] 10.31.10.2,10.31.10.1 "GET /v2.0/ports?network_id=31d7fa17-bee4-4ca0-8150-8bdf6a8ca8c2&device_owner=network%3Adhcp HTTP/1.1" status: 200 len: 2479 time: 0.0799441
2020-12-02 17:29:29.465 25 INFO neutron.wsgi [req-57a3a719-d643-4174-a768-3a199af21c35 851af1939a9b4ff8808a741857d37b46 761947fab1374992bf04ee79f6b6b929 - default default] 10.31.10.20,10.31.10.1 "GET /v2.0/ports?device_id=a4e73fe7-cf28-4d45-ad4f-ba65977536de&fields=binding%3Ahost_id&fields=binding%3Avif_type HTTP/1.1" status: 200 len: 238 time: 0.0731738
2020-12-02 17:29:29.882 24 INFO neutron.wsgi [req-bc0cf883-97e4-4fb0-a9c6-11daf3639090 851af1939a9b4ff8808a741857d37b46 761947fab1374992bf04ee79f6b6b929 - default default] 10.31.10.20,10.31.10.1 "GET /v2.0/floatingips?fixed_ip_address=10.31.11.197&port_id=638dbe1c-3bfb-4f03-a2f5-bac3e9c1ee1b HTTP/1.1" status: 200 len: 193 time: 0.0663724
2020-12-02 17:29:30.184 24 INFO neutron.wsgi [req-efe8ffea-c76a-48df-b67a-8966150c9120 851af1939a9b4ff8808a741857d37b46 761947fab1374992bf04ee79f6b6b929 - default default] 10.31.10.20,10.31.10.1 "GET /v2.0/networks/c8e1bba8-da86-4439-a984-1085e84d9405?fields=segments HTTP/1.1" status: 200 len: 188 time: 0.1334183
2020-12-02 17:29:37.365 24 INFO neutron.wsgi [-] 10.31.10.1 "GET / HTTP/1.1" status: 200 len: 228 time: 0.0046701
2020-12-02 17:29:45.583 21 INFO neutron.wsgi [req-3ed4b4bb-a497-47de-9deb-6237a5aa0db1 851af1939a9b4ff8808a741857d37b46 761947fab1374992bf04ee79f6b6b929 - default default] 10.31.10.3,10.31.10.1 "GET /v2.0/ports?tenant_id=63be5b4f4d784088b73cd36e6114f00e&device_id=a1cd5b9c-26b5-413f-8af6-e2fb9f3d8697 HTTP/1.1" status: 200 len: 1281 time: 0.0784910
2020-12-02 17:29:45.889 21 INFO neutron.wsgi [req-1a6290fb-113c-4b51-b456-809096ebe884 851af1939a9b4ff8808a741857d37b46 761947fab1374992bf04ee79f6b6b929 - default default] 10.31.10.3,10.31.10.1 "GET /v2.0/subnets?id=226b7ffb-b593-46b7-a0aa-f239c871bd0c HTTP/1.1" status: 200 len: 783 time: 0.0619304
2020-12-02 17:29:46.210 21 INFO neutron.wsgi [req-6c63febc-8414-4a04-acc4-5f240c762a6a 851af1939a9b4ff8808a741857d37b46 761947fab1374992bf04ee79f6b6b929 - default default] 10.31.10.3,10.31.10.1 "GET /v2.0/networks/c8e1bba8-da86-4439-a984-1085e84d9405?fields=provider%3Aphysical_network&fields=provider%3Anetwork_type HTTP/1.1" status: 200 len: 257 time: 0.1141405
2020-12-02 17:30:07.554 21 INFO neutron.wsgi [-] 10.31.10.1 "GET / HTTP/1.1" status: 200 len: 228 time: 0.0042415
2020-12-02 17:30:21.190 25 INFO neutron.wsgi [req-4e0429ca-9c04-43ed-a6ac-a3fe48141923 851af1939a9b4ff8808a741857d37b46 761947fab1374992bf04ee79f6b6b929 - default default] 10.31.10.2,10.31.10.1 "GET /v2.0/networks?id=31d7fa17-bee4-4ca0-8150-8bdf6a8ca8c2 HTTP/1.1" status: 200 len: 902 time: 0.1255708
2020-12-02 17:30:21.451 25 INFO neutron.wsgi [req-fa56cbb9-6b32-4fed-a427-f7e491b952e9 851af1939a9b4ff8808a741857d37b46 761947fab1374992bf04ee79f6b6b929 - default default] 10.31.10.2,10.31.10.1 "GET /v2.0/ports?network_id=31d7fa17-bee4-4ca0-8150-8bdf6a8ca8c2&device_owner=network%3Adhcp HTTP/1.1" status: 200 len: 2479 time: 0.0846863
2020-12-02 17:30:29.465 25 INFO neutron.wsgi [req-1f69f953-72fa-4fb8-9a79-b529373b82ab 851af1939a9b4ff8808a741857d37b46 761947fab1374992bf04ee79f6b6b929 - default default] 10.31.10.20,10.31.10.1 "GET /v2.0/ports?device_id=a4e73fe7-cf28-4d45-ad4f-ba65977536de&fields=binding%3Ahost_id&fields=binding%3Avif_type HTTP/1.1" status: 200 len: 238 time: 0.0670161
2020-12-02 17:30:29.888 25 INFO neutron.wsgi [req-3971fbbc-2d03-47da-8b6b-7f91183cf918 851af1939a9b4ff8808a741857d37b46 761947fab1374992bf04ee79f6b6b929 - default default] 10.31.10.20,10.31.10.1 "GET /v2.0/floatingips?fixed_ip_address=10.31.11.197&port_id=638dbe1c-3bfb-4f03-a2f5-bac3e9c1ee1b HTTP/1.1" status: 200 len: 193 time: 0.0591624
2020-12-02 17:30:30.188 24 INFO neutron.wsgi [req-daf1c617-b761-4473-ab97-f8884948807a 851af1939a9b4ff8808a741857d37b46 761947fab1374992bf04ee79f6b6b929 - default default] 10.31.10.20,10.31.10.1 "GET /v2.0/networks/c8e1bba8-da86-4439-a984-1085e84d9405?fields=segments HTTP/1.1" status: 200 len: 188 time: 0.1377718
2020-12-02 17:30:37.723 23 INFO neutron.wsgi [-] 10.31.10.1 "GET / HTTP/1.1" status: 200 len: 228 time: 0.0040953
2020-12-02 17:30:46.549 24 INFO neutron.wsgi [req-9ddf3b43-e699-40ad-ac34-4cf7eecf91b0 851af1939a9b4ff8808a741857d37b46 761947fab1374992bf04ee79f6b6b929 - default default] 10.31.10.3,10.31.10.1 "GET /v2.0/ports?tenant_id=63be5b4f4d784088b73cd36e6114f00e&device_id=12606f42-4bd4-4c46-869a-034d53d6e431 HTTP/1.1" status: 200 len: 1336 time: 0.0767965
2020-12-02 17:30:46.870 24 INFO neutron.wsgi [req-ddd95c8c-7af0-406e-b58e-cd390d4c7970 851af1939a9b4ff8808a741857d37b46 761947fab1374992bf04ee79f6b6b929 - default default] 10.31.10.3,10.31.10.1 "GET /v2.0/subnets?id=355627ec-9f34-485a-8c9f-63327e7fe7f8 HTTP/1.1" status: 200 len: 818 time: 0.0652561
2020-12-02 17:30:47.249 21 INFO neutron.wsgi [req-84c0dff1-a3dc-4b92-9ff4-27ad7645625a 851af1939a9b4ff8808a741857d37b46 761947fab1374992bf04ee79f6b6b929 - default default] 10.31.10.3,10.31.10.1 "GET /v2.0/networks/31d7fa17-bee4-4ca0-8150-8bdf6a8ca8c2?fields=provider%3Aphysical_network&fields=provider%3Anetwork_type HTTP/1.1" status: 200 len: 257 time: 0.1345534
2020-12-02 17:31:07.905 22 INFO neutron.wsgi [-] 10.31.10.1 "GET / HTTP/1.1" status: 200 len: 228 time: 0.0072625
2020-12-02 17:31:22.182 22 INFO neutron.wsgi [req-f507ec49-946b-4f06-b0fb-ea3e01ad5d90 851af1939a9b4ff8808a741857d37b46 761947fab1374992bf04ee79f6b6b929 - default default] 10.31.10.2,10.31.10.1 "GET /v2.0/networks?id=31d7fa17-bee4-4ca0-8150-8bdf6a8ca8c2 HTTP/1.1" status: 200 len: 902 time: 0.1327074
2020-12-02 17:31:22.454 22 INFO neutron.wsgi [req-c8312e69-1014-4410-a414-01935890f6ae 851af1939a9b4ff8808a741857d37b46 761947fab1374992bf04ee79f6b6b929 - default default] 10.31.10.2,10.31.10.1 "GET /v2.0/ports?network_id=31d7fa17-bee4-4ca0-8150-8bdf6a8ca8c2&device_owner=network%3Adhcp HTTP/1.1" status: 200 len: 2479 time: 0.0859561
2020-12-02 17:31:29.465 24 INFO neutron.wsgi [req-29af9364-4c01-428f-90eb-3f3b20f855bb 851af1939a9b4ff8808a741857d37b46 761947fab1374992bf04ee79f6b6b929 - default default] 10.31.10.20,10.31.10.1 "GET /v2.0/ports?device_id=a4e73fe7-cf28-4d45-ad4f-ba65977536de&fields=binding%3Ahost_id&fields=binding%3Avif_type HTTP/1.1" status: 200 len: 238 time: 0.0674710
2020-12-02 17:31:29.917 24 INFO neutron.wsgi [req-9caf389e-6258-4a8a-bc22-fca275b37b83 851af1939a9b4ff8808a741857d37b46 761947fab1374992bf04ee79f6b6b929 - default default] 10.31.10.20,10.31.10.1 "GET /v2.0/floatingips?fixed_ip_address=10.31.11.197&port_id=638dbe1c-3bfb-4f03-a2f5-bac3e9c1ee1b HTTP/1.1" status: 200 len: 193 time: 0.0781879
2020-12-02 17:31:30.190 25 INFO neutron.wsgi [req-899f59b4-793c-46e9-9092-71059f5a91d0 851af1939a9b4ff8808a741857d37b46 761947fab1374992bf04ee79f6b6b929 - default default] 10.31.10.20,10.31.10.1 "GET /v2.0/networks/c8e1bba8-da86-4439-a984-1085e84d9405?fields=segments HTTP/1.1" status: 200 len: 188 time: 0.1230237
2020-12-02 17:31:38.088 22 INFO neutron.wsgi [-] 10.31.10.1 "GET / HTTP/1.1" status: 200 len: 228 time: 0.0053601
2020-12-02 17:31:47.578 22 INFO neutron.wsgi [req-7b6eb0f4-cc78-412a-998d-93ec15498afa 851af1939a9b4ff8808a741857d37b46 761947fab1374992bf04ee79f6b6b929 - default default] 10.31.10.3,10.31.10.1 "GET /v2.0/ports?tenant_id=63be5b4f4d784088b73cd36e6114f00e&device_id=a1cd5b9c-26b5-413f-8af6-e2fb9f3d8697 HTTP/1.1" status: 200 len: 1281 time: 0.0813673
2020-12-02 17:31:47.895 25 INFO neutron.wsgi [req-a0393876-5de5-4454-84a9-b2704055c72f 851af1939a9b4ff8808a741857d37b46 761947fab1374992bf04ee79f6b6b929 - default default] 10.31.10.3,10.31.10.1 "GET /v2.0/subnets?id=226b7ffb-b593-46b7-a0aa-f239c871bd0c HTTP/1.1" status: 200 len: 783 time: 0.0664783
2020-12-02 17:31:48.238 25 INFO neutron.wsgi [req-1e3a5e69-301d-46c0-bcb8-f5d369078b1c 851af1939a9b4ff8808a741857d37b46 761947fab1374992bf04ee79f6b6b929 - default default] 10.31.10.3,10.31.10.1 "GET /v2.0/networks/c8e1bba8-da86-4439-a984-1085e84d9405?fields=provider%3Aphysical_network&fields=provider%3Anetwork_type HTTP/1.1" status: 200 len: 257 time: 0.1321218
2020-12-02 17:32:08.287 23 INFO neutron.wsgi [-] 10.31.10.1 "GET / HTTP/1.1" status: 200 len: 228 time: 0.0095351
2020-12-02 17:32:23.256 23 INFO neutron.wsgi [req-d24d6ee2-38e9-4a17-8550-b57701f1a766 851af1939a9b4ff8808a741857d37b46 761947fab1374992bf04ee79f6b6b929 - default default] 10.31.10.2,10.31.10.1 "GET /v2.0/networks?id=31d7fa17-bee4-4ca0-8150-8bdf6a8ca8c2 HTTP/1.1" status: 200 len: 902 time: 0.1284766
2020-12-02 17:32:23.504 23 INFO neutron.wsgi [req-8214204f-a804-4eb8-8b69-d3eedec8443e 851af1939a9b4ff8808a741857d37b46 761947fab1374992bf04ee79f6b6b929 - default default] 10.31.10.2,10.31.10.1 "GET /v2.0/ports?network_id=31d7fa17-bee4-4ca0-8150-8bdf6a8ca8c2&device_owner=network%3Adhcp HTTP/1.1" status: 200 len: 2479 time: 0.0762837
2020-12-02 17:32:30.584 25 INFO neutron.wsgi [req-53e66741-4719-46d9-b94f-a4043fa1b4a8 851af1939a9b4ff8808a741857d37b46 761947fab1374992bf04ee79f6b6b929 - default default] 10.31.10.20,10.31.10.1 "GET /v2.0/ports?device_id=a4e73fe7-cf28-4d45-ad4f-ba65977536de&fields=binding%3Ahost_id&fields=binding%3Avif_type HTTP/1.1" status: 200 len: 238 time: 0.0836217
2020-12-02 17:32:31.010 25 INFO neutron.wsgi [req-22148afa-9128-4a84-bbcc-a9e7ba32b7a4 851af1939a9b4ff8808a741857d37b46 761947fab1374992bf04ee79f6b6b929 - default default] 10.31.10.20,10.31.10.1 "GET /v2.0/floatingips?fixed_ip_address=10.31.11.197&port_id=638dbe1c-3bfb-4f03-a2f5-bac3e9c1ee1b HTTP/1.1" status: 200 len: 193 time: 0.0587828
2020-12-02 17:32:31.286 25 INFO neutron.wsgi [req-1a531057-2c3d-4ab9-a011-3d5ce16a25f8 851af1939a9b4ff8808a741857d37b46 761947fab1374992bf04ee79f6b6b929 - default default] 10.31.10.20,10.31.10.1 "GET /v2.0/networks/c8e1bba8-da86-4439-a984-1085e84d9405?fields=segments HTTP/1.1" status: 200 len: 188 time: 0.1245849
2020-12-02 17:32:38.457 24 INFO neutron.wsgi [-] 10.31.10.1 "GET / HTTP/1.1" status: 200 len: 228 time: 0.0055358
2020-12-02 17:32:47.656 25 INFO neutron.wsgi [req-ec50ff6c-cd1b-4a37-9fdc-007f84d743bd 851af1939a9b4ff8808a741857d37b46 761947fab1374992bf04ee79f6b6b929 - default default] 10.31.10.3,10.31.10.1 "GET /v2.0/ports?tenant_id=63be5b4f4d784088b73cd36e6114f00e&device_id=12606f42-4bd4-4c46-869a-034d53d6e431 HTTP/1.1" status: 200 len: 1336 time: 0.0851471
2020-12-02 17:32:47.987 21 INFO neutron.wsgi [req-2e71c794-8d10-4ad9-9905-38cbca5b97d8 851af1939a9b4ff8808a741857d37b46 761947fab1374992bf04ee79f6b6b929 - default default] 10.31.10.3,10.31.10.1 "GET /v2.0/subnets?id=355627ec-9f34-485a-8c9f-63327e7fe7f8 HTTP/1.1" status: 200 len: 818 time: 0.0714450
2020-12-02 17:32:48.379 22 INFO neutron.wsgi [req-8db11459-8163-4baa-be1a-c4ec3300815f 851af1939a9b4ff8808a741857d37b46 761947fab1374992bf04ee79f6b6b929 - default default] 10.31.10.3,10.31.10.1 "GET /v2.0/networks/31d7fa17-bee4-4ca0-8150-8bdf6a8ca8c2?fields=provider%3Aphysical_network&fields=provider%3Anetwork_type HTTP/1.1" status: 200 len: 257 time: 0.1331966
2020-12-02 17:33:08.642 23 INFO neutron.wsgi [-] 10.31.10.1 "GET / HTTP/1.1" status: 200 len: 228 time: 0.0042961
2020-12-02 17:33:23.327 25 INFO neutron.wsgi [req-ad488e77-a988-4ca5-b2bc-2530bf626e4f 851af1939a9b4ff8808a741857d37b46 761947fab1374992bf04ee79f6b6b929 - default default] 10.31.10.2,10.31.10.1 "GET /v2.0/networks?id=31d7fa17-bee4-4ca0-8150-8bdf6a8ca8c2 HTTP/1.1" status: 200 len: 902 time: 0.2738018
2020-12-02 17:33:23.595 24 INFO neutron.wsgi [req-38ed274e-345a-4357-9999-095bf8ec2c7a 851af1939a9b4ff8808a741857d37b46 761947fab1374992bf04ee79f6b6b929 - default default] 10.31.10.2,10.31.10.1 "GET /v2.0/ports?network_id=31d7fa17-bee4-4ca0-8150-8bdf6a8ca8c2&device_owner=network%3Adhcp HTTP/1.1" status: 200 len: 2479 time: 0.0876715
2020-12-02 17:33:31.561 24 INFO neutron.wsgi [req-8806bb5a-f368-45ad-8416-5a55265ced6f 851af1939a9b4ff8808a741857d37b46 761947fab1374992bf04ee79f6b6b929 - default default] 10.31.10.20,10.31.10.1 "GET /v2.0/ports?device_id=a4e73fe7-cf28-4d45-ad4f-ba65977536de&fields=binding%3Ahost_id&fields=binding%3Avif_type HTTP/1.1" status: 200 len: 238 time: 0.1674733
2020-12-02 17:33:31.988 22 INFO neutron.wsgi [req-31d9bd09-cddc-4c80-83fb-d416a9ba302b 851af1939a9b4ff8808a741857d37b46 761947fab1374992bf04ee79f6b6b929 - default default] 10.31.10.20,10.31.10.1 "GET /v2.0/floatingips?fixed_ip_address=10.31.11.197&port_id=638dbe1c-3bfb-4f03-a2f5-bac3e9c1ee1b HTTP/1.1" status: 200 len: 193 time: 0.0642536
2020-12-02 17:33:32.152 24 INFO neutron.wsgi [req-1a92e8d6-a43b-411c-a1a0-2c98ce20dd68 851af1939a9b4ff8808a741857d37b46 761947fab1374992bf04ee79f6b6b929 - default default] 10.31.10.20,10.31.10.1 "GET /v2.0/extensions HTTP/1.1" status: 200 len: 14561 time: 0.0106728
2020-12-02 17:33:38.821 21 INFO neutron.wsgi [-] 10.31.10.1 "GET / HTTP/1.1" status: 200 len: 228 time: 0.0052142
2020-12-02 17:33:48.381 21 INFO neutron.wsgi [req-c4888597-74e5-4a22-9044-8b6d0bf98b82 851af1939a9b4ff8808a741857d37b46 761947fab1374992bf04ee79f6b6b929 - default default] 10.31.10.3,10.31.10.1 "GET /v2.0/ports?device_id=a1cd5b9c-26b5-413f-8af6-e2fb9f3d8697&fields=binding%3Ahost_id&fields=binding%3Avif_type HTTP/1.1" status: 200 len: 238 time: 0.0727990
2020-12-02 17:33:48.796 21 INFO neutron.wsgi [req-336bdba9-abae-4585-83c2-e0b2ce59c456 851af1939a9b4ff8808a741857d37b46 761947fab1374992bf04ee79f6b6b929 - default default] 10.31.10.3,10.31.10.1 "GET /v2.0/floatingips?fixed_ip_address=10.31.11.100&port_id=902028fa-f267-424a-b762-3bc7354d5423 HTTP/1.1" status: 200 len: 193 time: 0.0596507
2020-12-02 17:33:49.061 21 INFO neutron.wsgi [req-050a9571-0ab9-4617-b2aa-820aafd83fdb 851af1939a9b4ff8808a741857d37b46 761947fab1374992bf04ee79f6b6b929 - default default] 10.31.10.3,10.31.10.1 "GET /v2.0/networks/c8e1bba8-da86-4439-a984-1085e84d9405?fields=segments HTTP/1.1" status: 200 len: 188 time: 0.1285675
2020-12-02 17:34:09.038 21 INFO neutron.wsgi [-] 10.31.10.1 "GET / HTTP/1.1" status: 200 len: 228 time: 0.0065808
2020-12-02 17:34:25.018 25 INFO neutron.wsgi [req-ce01cc2a-ac70-4dec-8b45-50abd0f8d020 851af1939a9b4ff8808a741857d37b46 761947fab1374992bf04ee79f6b6b929 - default default] 10.31.10.2,10.31.10.1 "GET /v2.0/ports?tenant_id=63be5b4f4d784088b73cd36e6114f00e&device_id=43362a64-7c50-48f8-b7e2-97a6f3ab6ba6 HTTP/1.1" status: 200 len: 1315 time: 0.0772467
2020-12-02 17:34:25.356 25 INFO neutron.wsgi [req-ba2baaf2-ce2e-4241-a9f1-929edfe83d37 851af1939a9b4ff8808a741857d37b46 761947fab1374992bf04ee79f6b6b929 - default default] 10.31.10.2,10.31.10.1 "GET /v2.0/subnets?id=355627ec-9f34-485a-8c9f-63327e7fe7f8 HTTP/1.1" status: 200 len: 818 time: 0.0677397
2020-12-02 17:34:25.755 25 INFO neutron.wsgi [req-ebd5e109-c9db-461e-8e49-612036b7326e 851af1939a9b4ff8808a741857d37b46 761947fab1374992bf04ee79f6b6b929 - default default] 10.31.10.2,10.31.10.1 "GET /v2.0/networks/31d7fa17-bee4-4ca0-8150-8bdf6a8ca8c2?fields=provider%3Aphysical_network&fields=provider%3Anetwork_type HTTP/1.1" status: 200 len: 257 time: 0.1330552
2020-12-02 17:34:32.824 25 INFO neutron.wsgi [req-fc093934-0dd5-42ed-bb60-2dbeddae822a 851af1939a9b4ff8808a741857d37b46 761947fab1374992bf04ee79f6b6b929 - default default] 10.31.10.20,10.31.10.1 "GET /v2.0/networks?id=c8e1bba8-da86-4439-a984-1085e84d9405 HTTP/1.1" status: 200 len: 905 time: 0.1284559
2020-12-02 17:34:33.042 23 INFO neutron.wsgi [req-d562c486-e40a-4a4a-8219-f16a758fbf44 851af1939a9b4ff8808a741857d37b46 761947fab1374992bf04ee79f6b6b929 - default default] 10.31.10.20,10.31.10.1 "GET /v2.0/ports?network_id=c8e1bba8-da86-4439-a984-1085e84d9405&device_owner=network%3Adhcp HTTP/1.1" status: 200 len: 186 time: 0.0426700
2020-12-02 17:34:39.198 23 INFO neutron.wsgi [-] 10.31.10.1 "GET / HTTP/1.1" status: 200 len: 228 time: 0.0063863
2020-12-02 17:34:50.434 22 INFO neutron.wsgi [req-eb44411e-8738-4433-a02d-842b1c9c191c 851af1939a9b4ff8808a741857d37b46 761947fab1374992bf04ee79f6b6b929 - default default] 10.31.10.3,10.31.10.1 "GET /v2.0/ports?device_id=12606f42-4bd4-4c46-869a-034d53d6e431&fields=binding%3Ahost_id&fields=binding%3Avif_type HTTP/1.1" status: 200 len: 238 time: 0.0823114
2020-12-02 17:34:50.811 21 INFO neutron.wsgi [req-aced697c-1326-4454-8a82-f854d6c82c71 851af1939a9b4ff8808a741857d37b46 761947fab1374992bf04ee79f6b6b929 - default default] 10.31.10.3,10.31.10.1 "GET /v2.0/floatingips?fixed_ip_address=10.31.12.213&port_id=46824667-0ee6-4cfa-b673-904fb7b96b5c HTTP/1.1" status: 200 len: 193 time: 0.0643334
2020-12-02 17:34:51.257 22 INFO neutron.wsgi [req-01be9d79-5caa-4c4e-9eb4-d903ce915514 851af1939a9b4ff8808a741857d37b46 761947fab1374992bf04ee79f6b6b929 - default default] 10.31.10.3,10.31.10.1 "GET /v2.0/networks/31d7fa17-bee4-4ca0-8150-8bdf6a8ca8c2?fields=segments HTTP/1.1" status: 200 len: 188 time: 0.2584515
2020-12-02 17:35:09.387 21 INFO neutron.wsgi [-] 10.31.10.1 "GET / HTTP/1.1" status: 200 len: 228 time: 0.0043836
2020-12-02 17:35:26.146 21 INFO neutron.wsgi [req-18e8b977-8d69-48af-9902-c309e47d7ff3 851af1939a9b4ff8808a741857d37b46 761947fab1374992bf04ee79f6b6b929 - default default] 10.31.10.2,10.31.10.1 "GET /v2.0/ports?tenant_id=63be5b4f4d784088b73cd36e6114f00e&device_id=43362a64-7c50-48f8-b7e2-97a6f3ab6ba6 HTTP/1.1" status: 200 len: 1315 time: 0.2197084
2020-12-02 17:35:26.471 21 INFO neutron.wsgi [req-51ce0202-4cf8-4cbd-9b3d-7c5bbf34ffcb 851af1939a9b4ff8808a741857d37b46 761947fab1374992bf04ee79f6b6b929 - default default] 10.31.10.2,10.31.10.1 "GET /v2.0/subnets?id=355627ec-9f34-485a-8c9f-63327e7fe7f8 HTTP/1.1" status: 200 len: 818 time: 0.0624616
2020-12-02 17:35:26.844 21 INFO neutron.wsgi [req-e820f9cf-0ff2-4526-a3ac-a689fb2ca5fa 851af1939a9b4ff8808a741857d37b46 761947fab1374992bf04ee79f6b6b929 - default default] 10.31.10.2,10.31.10.1 "GET /v2.0/networks/31d7fa17-bee4-4ca0-8150-8bdf6a8ca8c2?fields=provider%3Aphysical_network&fields=provider%3Anetwork_type HTTP/1.1" status: 200 len: 257 time: 0.1239369
2020-12-02 17:35:33.823 21 INFO neutron.wsgi [req-437c9a37-2cda-40c2-97ff-0daf86553516 851af1939a9b4ff8808a741857d37b46 761947fab1374992bf04ee79f6b6b929 - default default] 10.31.10.20,10.31.10.1 "GET /v2.0/networks?id=c8e1bba8-da86-4439-a984-1085e84d9405 HTTP/1.1" status: 200 len: 905 time: 0.1291590
2020-12-02 17:35:34.040 21 INFO neutron.wsgi [req-d1bb8138-c6aa-4ec1-b99b-9c392c8898f9 851af1939a9b4ff8808a741857d37b46 761947fab1374992bf04ee79f6b6b929 - default default] 10.31.10.20,10.31.10.1 "GET /v2.0/ports?network_id=c8e1bba8-da86-4439-a984-1085e84d9405&device_owner=network%3Adhcp HTTP/1.1" status: 200 len: 186 time: 0.0420818
2020-12-02 17:35:39.551 23 INFO neutron.wsgi [-] 10.31.10.1 "GET / HTTP/1.1" status: 200 len: 228 time: 0.0040696
2020-12-02 17:35:50.377 23 INFO neutron.wsgi [req-f6be9646-6833-49d1-8ff9-05a7494cc6c6 851af1939a9b4ff8808a741857d37b46 761947fab1374992bf04ee79f6b6b929 - default default] 10.31.10.3,10.31.10.1 "GET /v2.0/ports?device_id=a1cd5b9c-26b5-413f-8af6-e2fb9f3d8697&fields=binding%3Ahost_id&fields=binding%3Avif_type HTTP/1.1" status: 200 len: 238 time: 0.0730252
2020-12-02 17:35:50.941 22 INFO neutron.wsgi [req-a1c543fa-b60f-401f-9f9f-1b580d93497c 851af1939a9b4ff8808a741857d37b46 761947fab1374992bf04ee79f6b6b929 - default default] 10.31.10.3,10.31.10.1 "GET /v2.0/floatingips?fixed_ip_address=10.31.11.100&port_id=902028fa-f267-424a-b762-3bc7354d5423 HTTP/1.1" status: 200 len: 193 time: 0.0648715
2020-12-02 17:35:51.212 22 INFO neutron.wsgi [req-87f0429b-03c4-40c5-9265-506eeb966df7 851af1939a9b4ff8808a741857d37b46 761947fab1374992bf04ee79f6b6b929 - default default] 10.31.10.3,10.31.10.1 "GET /v2.0/networks/c8e1bba8-da86-4439-a984-1085e84d9405?fields=segments HTTP/1.1" status: 200 len: 188 time: 0.1284196
2020-12-02 17:36:09.712 21 INFO neutron.wsgi [-] 10.31.10.1 "GET / HTTP/1.1" status: 200 len: 228 time: 0.0041583
2020-12-02 17:36:28.006 21 INFO neutron.wsgi [req-a59f9d2d-f6a7-444b-8229-82c985430796 851af1939a9b4ff8808a741857d37b46 761947fab1374992bf04ee79f6b6b929 - default default] 10.31.10.2,10.31.10.1 "GET /v2.0/ports?tenant_id=63be5b4f4d784088b73cd36e6114f00e&device_id=43362a64-7c50-48f8-b7e2-97a6f3ab6ba6 HTTP/1.1" status: 200 len: 1315 time: 0.0778320
2020-12-02 17:36:28.478 22 INFO neutron.wsgi [req-fd6a9f75-63ba-4c18-bbae-e2e859ead752 851af1939a9b4ff8808a741857d37b46 761947fab1374992bf04ee79f6b6b929 - default default] 10.31.10.2,10.31.10.1 "GET /v2.0/subnets?id=355627ec-9f34-485a-8c9f-63327e7fe7f8 HTTP/1.1" status: 200 len: 818 time: 0.0684731
2020-12-02 17:36:28.721 22 INFO neutron.wsgi [req-54d8a766-e29a-4c08-a602-09e9207995be 851af1939a9b4ff8808a741857d37b46 761947fab1374992bf04ee79f6b6b929 - default default] 10.31.10.2,10.31.10.1 "GET /v2.0/networks/31d7fa17-bee4-4ca0-8150-8bdf6a8ca8c2?fields=segments HTTP/1.1" status: 200 len: 188 time: 0.1169941
2020-12-02 17:36:33.666 25 INFO neutron.wsgi [req-fbd57622-1a48-41ae-9ec5-0387473ee693 851af1939a9b4ff8808a741857d37b46 761947fab1374992bf04ee79f6b6b929 - default default] 10.31.10.20,10.31.10.1 "GET /v2.0/ports?tenant_id=63be5b4f4d784088b73cd36e6114f00e&device_id=a4e73fe7-cf28-4d45-ad4f-ba65977536de HTTP/1.1" status: 200 len: 1278 time: 0.0723033
2020-12-02 17:36:33.987 25 INFO neutron.wsgi [req-4c4b308a-a8c0-4185-bccc-c6701417004e 851af1939a9b4ff8808a741857d37b46 761947fab1374992bf04ee79f6b6b929 - default default] 10.31.10.20,10.31.10.1 "GET /v2.0/subnets?id=226b7ffb-b593-46b7-a0aa-f239c871bd0c HTTP/1.1" status: 200 len: 783 time: 0.0661666
2020-12-02 17:36:34.344 21 INFO neutron.wsgi [req-04caa9c2-c1c8-462a-acbf-04008a2dde47 851af1939a9b4ff8808a741857d37b46 761947fab1374992bf04ee79f6b6b929 - default default] 10.31.10.20,10.31.10.1 "GET /v2.0/networks/c8e1bba8-da86-4439-a984-1085e84d9405?fields=provider%3Aphysical_network&fields=provider%3Anetwork_type HTTP/1.1" status: 200 len: 257 time: 0.1295290
2020-12-02 17:36:39.886 25 INFO neutron.wsgi [-] 10.31.10.1 "GET / HTTP/1.1" status: 200 len: 228 time: 0.0044849
2020-12-02 17:36:51.744 21 INFO neutron.wsgi [req-a0723cac-b8ae-4421-82d4-5cd4d51ba29a 851af1939a9b4ff8808a741857d37b46 761947fab1374992bf04ee79f6b6b929 - default default] 10.31.10.3,10.31.10.1 "GET /v2.0/networks?id=31d7fa17-bee4-4ca0-8150-8bdf6a8ca8c2 HTTP/1.1" status: 200 len: 902 time: 0.1315219
2020-12-02 17:36:52.010 21 INFO neutron.wsgi [req-ff624d74-6c26-4e9f-8363-d1bb40b548a2 851af1939a9b4ff8808a741857d37b46 761947fab1374992bf04ee79f6b6b929 - default default] 10.31.10.3,10.31.10.1 "GET /v2.0/ports?network_id=31d7fa17-bee4-4ca0-8150-8bdf6a8ca8c2&device_owner=network%3Adhcp HTTP/1.1" status: 200 len: 2479 time: 0.0826654
2020-12-02 17:37:10.067 24 INFO neutron.wsgi [-] 10.31.10.1 "GET / HTTP/1.1" status: 200 len: 228 time: 0.0064399
2020-12-02 17:37:29.001 21 INFO neutron.wsgi [req-204b96cf-014c-4c23-8d87-1156a84505c2 851af1939a9b4ff8808a741857d37b46 761947fab1374992bf04ee79f6b6b929 - default default] 10.31.10.2,10.31.10.1 "GET /v2.0/ports?device_id=43362a64-7c50-48f8-b7e2-97a6f3ab6ba6&fields=binding%3Ahost_id&fields=binding%3Avif_type HTTP/1.1" status: 200 len: 238 time: 0.2527840
2020-12-02 17:37:29.427 21 INFO neutron.wsgi [req-21b2e473-eaa4-4f04-bc18-9873569f4ced 851af1939a9b4ff8808a741857d37b46 761947fab1374992bf04ee79f6b6b929 - default default] 10.31.10.2,10.31.10.1 "GET /v2.0/floatingips?fixed_ip_address=10.31.12.174&port_id=b808505d-ff26-458c-9a69-56093e82c8de HTTP/1.1" status: 200 len: 193 time: 0.0619636
2020-12-02 17:37:29.751 21 INFO neutron.wsgi [req-2e0af4b4-9089-4fea-96e3-45c98936318c 851af1939a9b4ff8808a741857d37b46 761947fab1374992bf04ee79f6b6b929 - default default] 10.31.10.2,10.31.10.1 "GET /v2.0/networks/31d7fa17-bee4-4ca0-8150-8bdf6a8ca8c2?fields=segments HTTP/1.1" status: 200 len: 188 time: 0.1290851
2020-12-02 17:37:35.677 21 INFO neutron.wsgi [req-0d3345e5-dc2b-4fce-9bc9-d91138a459ee 851af1939a9b4ff8808a741857d37b46 761947fab1374992bf04ee79f6b6b929 - default default] 10.31.10.20,10.31.10.1 "GET /v2.0/ports?tenant_id=63be5b4f4d784088b73cd36e6114f00e&device_id=a4e73fe7-cf28-4d45-ad4f-ba65977536de HTTP/1.1" status: 200 len: 1278 time: 0.0748656
2020-12-02 17:37:36.002 21 INFO neutron.wsgi [req-0c8e1794-9dc9-4a2e-a77c-78d5e8f7ad99 851af1939a9b4ff8808a741857d37b46 761947fab1374992bf04ee79f6b6b929 - default default] 10.31.10.20,10.31.10.1 "GET /v2.0/subnets?id=226b7ffb-b593-46b7-a0aa-f239c871bd0c HTTP/1.1" status: 200 len: 783 time: 0.0653737
2020-12-02 17:37:36.345 21 INFO neutron.wsgi [req-659f1ca6-cc1b-4576-9133-546ad5a36123 851af1939a9b4ff8808a741857d37b46 761947fab1374992bf04ee79f6b6b929 - default default] 10.31.10.20,10.31.10.1 "GET /v2.0/networks/c8e1bba8-da86-4439-a984-1085e84d9405?fields=provider%3Aphysical_network&fields=provider%3Anetwork_type HTTP/1.1" status: 200 len: 257 time: 0.1264210
2020-12-02 17:37:40.226 23 INFO neutron.wsgi [-] 10.31.10.1 "GET / HTTP/1.1" status: 200 len: 228 time: 0.0042648
2020-12-02 17:37:53.082 23 INFO neutron.wsgi [req-1b3023cc-2001-40c8-8cb8-941da5ae5c4b 851af1939a9b4ff8808a741857d37b46 761947fab1374992bf04ee79f6b6b929 - default default] 10.31.10.3,10.31.10.1 "GET /v2.0/networks?id=c8e1bba8-da86-4439-a984-1085e84d9405 HTTP/1.1" status: 200 len: 905 time: 0.1355805
2020-12-02 17:37:53.301 23 INFO neutron.wsgi [req-766065a4-a7ad-435a-9fe5-a8950e0d274f 851af1939a9b4ff8808a741857d37b46 761947fab1374992bf04ee79f6b6b929 - default default] 10.31.10.3,10.31.10.1 "GET /v2.0/ports?network_id=c8e1bba8-da86-4439-a984-1085e84d9405&device_owner=network%3Adhcp HTTP/1.1" status: 200 len: 186 time: 0.0503626
2020-12-02 17:37:53.609 25 INFO neutron.wsgi [req-0a62d2ce-8b53-408a-8b3d-5eea56ff658c 851af1939a9b4ff8808a741857d37b46 761947fab1374992bf04ee79f6b6b929 - default default] 10.31.10.3,10.31.10.1 "GET /v2.0/networks/c8e1bba8-da86-4439-a984-1085e84d9405?fields=provider%3Aphysical_network&fields=provider%3Anetwork_type HTTP/1.1" status: 200 len: 257 time: 0.1225328
2020-12-02 17:38:10.416 25 INFO neutron.wsgi [-] 10.31.10.1 "GET / HTTP/1.1" status: 200 len: 228 time: 0.0096631
2020-12-02 17:38:29.188 25 INFO neutron.wsgi [req-7c1cd812-f119-477d-a5f9-b1241c4077e7 851af1939a9b4ff8808a741857d37b46 761947fab1374992bf04ee79f6b6b929 - default default] 10.31.10.2,10.31.10.1 "GET /v2.0/networks?id=31d7fa17-bee4-4ca0-8150-8bdf6a8ca8c2 HTTP/1.1" status: 200 len: 902 time: 0.1315618
2020-12-02 17:38:29.443 25 INFO neutron.wsgi [req-9fcb2e7d-587a-4cb2-9b42-16036f7c0d80 851af1939a9b4ff8808a741857d37b46 761947fab1374992bf04ee79f6b6b929 - default default] 10.31.10.2,10.31.10.1 "GET /v2.0/ports?network_id=31d7fa17-bee4-4ca0-8150-8bdf6a8ca8c2&device_owner=network%3Adhcp HTTP/1.1" status: 200 len: 2479 time: 0.0840797
2020-12-02 17:38:37.586 25 INFO neutron.wsgi [req-bf92b23b-4b79-43cb-a53a-8ae2b097ab00 851af1939a9b4ff8808a741857d37b46 761947fab1374992bf04ee79f6b6b929 - default default] 10.31.10.20,10.31.10.1 "GET /v2.0/ports?device_id=a4e73fe7-cf28-4d45-ad4f-ba65977536de&fields=binding%3Ahost_id&fields=binding%3Avif_type HTTP/1.1" status: 200 len: 238 time: 0.1928053
2020-12-02 17:38:38.009 25 INFO neutron.wsgi [req-504c909d-2cd9-4520-9456-c4e7caf64b83 851af1939a9b4ff8808a741857d37b46 761947fab1374992bf04ee79f6b6b929 - default default] 10.31.10.20,10.31.10.1 "GET /v2.0/floatingips?fixed_ip_address=10.31.11.197&port_id=638dbe1c-3bfb-4f03-a2f5-bac3e9c1ee1b HTTP/1.1" status: 200 len: 193 time: 0.0590990
2020-12-02 17:38:38.270 21 INFO neutron.wsgi [req-1a8c1ed7-97cc-420f-acdd-3edc77de8568 851af1939a9b4ff8808a741857d37b46 761947fab1374992bf04ee79f6b6b929 - default default] 10.31.10.20,10.31.10.1 "GET /v2.0/networks/c8e1bba8-da86-4439-a984-1085e84d9405?fields=segments HTTP/1.1" status: 200 len: 188 time: 0.1194305
2020-12-02 17:38:40.583 21 INFO neutron.wsgi [-] 10.31.10.1 "GET / HTTP/1.1" status: 200 len: 228 time: 0.0041254
2020-12-02 17:38:54.562 23 INFO neutron.wsgi [req-b37fabf4-02e2-4914-9183-6e6974f746f6 851af1939a9b4ff8808a741857d37b46 761947fab1374992bf04ee79f6b6b929 - default default] 10.31.10.3,10.31.10.1 "GET /v2.0/ports?tenant_id=63be5b4f4d784088b73cd36e6114f00e&device_id=12606f42-4bd4-4c46-869a-034d53d6e431 HTTP/1.1" status: 200 len: 1336 time: 0.0807915
2020-12-02 17:38:54.900 24 INFO neutron.wsgi [req-5aba8c42-f67b-42bf-bb76-5de055487ce9 851af1939a9b4ff8808a741857d37b46 761947fab1374992bf04ee79f6b6b929 - default default] 10.31.10.3,10.31.10.1 "GET /v2.0/subnets?id=355627ec-9f34-485a-8c9f-63327e7fe7f8 HTTP/1.1" status: 200 len: 818 time: 0.0703225
2020-12-02 17:38:55.493 24 INFO neutron.wsgi [req-a76a48eb-06e9-47aa-b8dc-2d634775f26d 851af1939a9b4ff8808a741857d37b46 761947fab1374992bf04ee79f6b6b929 - default default] 10.31.10.3,10.31.10.1 "GET /v2.0/networks/31d7fa17-bee4-4ca0-8150-8bdf6a8ca8c2?fields=provider%3Aphysical_network&fields=provider%3Anetwork_type HTTP/1.1" status: 200 len: 257 time: 0.3456688
2020-12-02 17:39:10.780 23 INFO neutron.wsgi [-] 10.31.10.1 "GET / HTTP/1.1" status: 200 len: 228 time: 0.0058260
