2020-12-02 17:39:29.156 23 INFO neutron.wsgi [req-260b6a5d-cfb2-43a5-8d26-24f07e7ba76c 851af1939a9b4ff8808a741857d37b46 761947fab1374992bf04ee79f6b6b929 - default default] 10.31.10.2,10.31.10.1 "GET /v2.0/networks?id=31d7fa17-bee4-4ca0-8150-8bdf6a8ca8c2 HTTP/1.1" status: 200 len: 902 time: 0.1236231
2020-12-02 17:39:29.422 23 INFO neutron.wsgi [req-0e4fcf16-18e4-4b80-8f88-de230bf35296 851af1939a9b4ff8808a741857d37b46 761947fab1374992bf04ee79f6b6b929 - default default] 10.31.10.2,10.31.10.1 "GET /v2.0/ports?network_id=31d7fa17-bee4-4ca0-8150-8bdf6a8ca8c2&device_owner=network%3Adhcp HTTP/1.1" status: 200 len: 2479 time: 0.1010075
2020-12-02 17:39:37.485 25 INFO neutron.wsgi [req-b321943b-068a-48d5-aea9-0a94afa83a3f 851af1939a9b4ff8808a741857d37b46 761947fab1374992bf04ee79f6b6b929 - default default] 10.31.10.20,10.31.10.1 "GET /v2.0/ports?device_id=a4e73fe7-cf28-4d45-ad4f-ba65977536de&fields=binding%3Ahost_id&fields=binding%3Avif_type HTTP/1.1" status: 200 len: 238 time: 0.0810013
2020-12-02 17:39:37.890 25 INFO neutron.wsgi [req-608f4960-4e41-423a-bf0b-a1c3ddc1f50f 851af1939a9b4ff8808a741857d37b46 761947fab1374992bf04ee79f6b6b929 - default default] 10.31.10.20,10.31.10.1 "GET /v2.0/floatingips?fixed_ip_address=10.31.11.197&port_id=638dbe1c-3bfb-4f03-a2f5-bac3e9c1ee1b HTTP/1.1" status: 200 len: 193 time: 0.0550449
2020-12-02 17:39:38.179 25 INFO neutron.wsgi [req-e618b4d6-48d4-43c7-add6-82502cf92814 851af1939a9b4ff8808a741857d37b46 761947fab1374992bf04ee79f6b6b929 - default default] 10.31.10.20,10.31.10.1 "GET /v2.0/networks/c8e1bba8-da86-4439-a984-1085e84d9405?fields=segments HTTP/1.1" status: 200 len: 188 time: 0.1215596
2020-12-02 17:39:40.959 25 INFO neutron.wsgi [-] 10.31.10.1 "GET / HTTP/1.1" status: 200 len: 228 time: 0.0042024
2020-12-02 17:39:54.587 21 INFO neutron.wsgi [req-e0df7888-b036-44ba-b813-af581ddfd13b 851af1939a9b4ff8808a741857d37b46 761947fab1374992bf04ee79f6b6b929 - default default] 10.31.10.3,10.31.10.1 "GET /v2.0/ports?tenant_id=63be5b4f4d784088b73cd36e6114f00e&device_id=a1cd5b9c-26b5-413f-8af6-e2fb9f3d8697 HTTP/1.1" status: 200 len: 1281 time: 0.0799997
2020-12-02 17:39:54.922 21 INFO neutron.wsgi [req-6450c4b2-553d-4294-9c13-beb851cfc28e 851af1939a9b4ff8808a741857d37b46 761947fab1374992bf04ee79f6b6b929 - default default] 10.31.10.3,10.31.10.1 "GET /v2.0/subnets?id=226b7ffb-b593-46b7-a0aa-f239c871bd0c HTTP/1.1" status: 200 len: 783 time: 0.0645132
2020-12-02 17:39:55.261 21 INFO neutron.wsgi [req-210af552-28f0-48ad-b574-2ffcfb4bbfd4 851af1939a9b4ff8808a741857d37b46 761947fab1374992bf04ee79f6b6b929 - default default] 10.31.10.3,10.31.10.1 "GET /v2.0/networks/c8e1bba8-da86-4439-a984-1085e84d9405?fields=provider%3Aphysical_network&fields=provider%3Anetwork_type HTTP/1.1" status: 200 len: 257 time: 0.1217115
2020-12-02 17:40:11.137 24 INFO neutron.wsgi [-] 10.31.10.1 "GET / HTTP/1.1" status: 200 len: 228 time: 0.0049593
2020-12-02 17:40:29.178 24 INFO neutron.wsgi [req-c71b2da5-9942-4c99-acb7-0a1a01090cc8 851af1939a9b4ff8808a741857d37b46 761947fab1374992bf04ee79f6b6b929 - default default] 10.31.10.2,10.31.10.1 "GET /v2.0/networks?id=31d7fa17-bee4-4ca0-8150-8bdf6a8ca8c2 HTTP/1.1" status: 200 len: 902 time: 0.1259286
2020-12-02 17:40:29.437 23 INFO neutron.wsgi [req-42f22241-a939-455a-8311-cbf22375e84b 851af1939a9b4ff8808a741857d37b46 761947fab1374992bf04ee79f6b6b929 - default default] 10.31.10.2,10.31.10.1 "GET /v2.0/ports?network_id=31d7fa17-bee4-4ca0-8150-8bdf6a8ca8c2&device_owner=network%3Adhcp HTTP/1.1" status: 200 len: 2479 time: 0.0870037
2020-12-02 17:40:38.472 23 INFO neutron.wsgi [req-dd796cdf-04b2-4cfe-902a-0e79b35e30cf 851af1939a9b4ff8808a741857d37b46 761947fab1374992bf04ee79f6b6b929 - default default] 10.31.10.20,10.31.10.1 "GET /v2.0/ports?device_id=a4e73fe7-cf28-4d45-ad4f-ba65977536de&fields=binding%3Ahost_id&fields=binding%3Avif_type HTTP/1.1" status: 200 len: 238 time: 0.0756960
2020-12-02 17:40:38.908 23 INFO neutron.wsgi [req-a29734fd-d05d-491a-bc7e-05d52d560bd7 851af1939a9b4ff8808a741857d37b46 761947fab1374992bf04ee79f6b6b929 - default default] 10.31.10.20,10.31.10.1 "GET /v2.0/floatingips?fixed_ip_address=10.31.11.197&port_id=638dbe1c-3bfb-4f03-a2f5-bac3e9c1ee1b HTTP/1.1" status: 200 len: 193 time: 0.0618236
2020-12-02 17:40:39.192 23 INFO neutron.wsgi [req-8943e2e7-8419-47ef-a0e2-65ee93914407 851af1939a9b4ff8808a741857d37b46 761947fab1374992bf04ee79f6b6b929 - default default] 10.31.10.20,10.31.10.1 "GET /v2.0/networks/c8e1bba8-da86-4439-a984-1085e84d9405?fields=segments HTTP/1.1" status: 200 len: 188 time: 0.1285369
2020-12-02 17:40:41.320 25 INFO neutron.wsgi [-] 10.31.10.1 "GET / HTTP/1.1" status: 200 len: 228 time: 0.0069726
2020-12-02 17:40:56.559 23 INFO neutron.wsgi [req-89374fa9-08b3-4d23-a05e-e2c2702d0f3d 851af1939a9b4ff8808a741857d37b46 761947fab1374992bf04ee79f6b6b929 - default default] 10.31.10.3,10.31.10.1 "GET /v2.0/ports?tenant_id=63be5b4f4d784088b73cd36e6114f00e&device_id=12606f42-4bd4-4c46-869a-034d53d6e431 HTTP/1.1" status: 200 len: 1336 time: 0.0781283
2020-12-02 17:40:56.896 24 INFO neutron.wsgi [req-def17656-1096-4ad0-91dd-24c3a882496c 851af1939a9b4ff8808a741857d37b46 761947fab1374992bf04ee79f6b6b929 - default default] 10.31.10.3,10.31.10.1 "GET /v2.0/subnets?id=355627ec-9f34-485a-8c9f-63327e7fe7f8 HTTP/1.1" status: 200 len: 818 time: 0.0747743
2020-12-02 17:40:57.285 24 INFO neutron.wsgi [req-b71899b7-062a-4499-9bf2-2768d0ae0d1b 851af1939a9b4ff8808a741857d37b46 761947fab1374992bf04ee79f6b6b929 - default default] 10.31.10.3,10.31.10.1 "GET /v2.0/networks/31d7fa17-bee4-4ca0-8150-8bdf6a8ca8c2?fields=provider%3Aphysical_network&fields=provider%3Anetwork_type HTTP/1.1" status: 200 len: 257 time: 0.1203172
2020-12-02 17:41:11.509 21 INFO neutron.wsgi [-] 10.31.10.1 "GET / HTTP/1.1" status: 200 len: 228 time: 0.0041625
2020-12-02 17:41:18.446 21 INFO neutron.db.segments_db [req-64a181b5-f867-4f99-8813-cc67528418b7 0da1bc1a3acc45d0aca57e504c04ea17 63be5b4f4d784088b73cd36e6114f00e - default default] Added segment 0e8d7ed0-698c-4344-8b2d-a51b158ac030 of type vxlan for network 24c7f19e-0ed7-4e1b-ad01-171de85d60d5
2020-12-02 17:41:18.594 21 INFO neutron.wsgi [req-64a181b5-f867-4f99-8813-cc67528418b7 0da1bc1a3acc45d0aca57e504c04ea17 63be5b4f4d784088b73cd36e6114f00e - default default] 192.168.208.187,10.31.10.1 "POST /v2.0/networks HTTP/1.1" status: 201 len: 858 time: 1.1322534
2020-12-02 17:41:20.577 24 INFO neutron.db.segments_db [req-8f08929c-5719-48b1-b12e-5a511591fd28 0da1bc1a3acc45d0aca57e504c04ea17 63be5b4f4d784088b73cd36e6114f00e - default default] Added segment 6650a28d-c0a1-473e-a8b3-81f7be39a613 of type vxlan for network 62049e83-87ca-44ec-8391-adf94ac1ea7f
2020-12-02 17:41:22.075 24 INFO neutron.services.segments.plugin [-] Segment 6650a28d-c0a1-473e-a8b3-81f7be39a613 resource provider aggregate not found
2020-12-02 17:41:22.109 24 INFO neutron.services.segments.plugin [-] Segment 6650a28d-c0a1-473e-a8b3-81f7be39a613 resource provider not found; error: Placement Client Error (4xx): {"errors": [{"status": 404, "title": "Not Found", "detail": "The resource could not be found.\n\n No resource provider with uuid 6650a28d-c0a1-473e-a8b3-81f7be39a613 found for delete ", "request_id": "req-52380f74-6b7b-46a2-884c-66bbf1435cb9"}]}
2020-12-02 17:41:23.932 24 INFO neutron.wsgi [req-031c5728-c31f-4ef5-b67d-a7b9bcb9dd62 0da1bc1a3acc45d0aca57e504c04ea17 63be5b4f4d784088b73cd36e6114f00e - default default] 192.168.208.187,10.31.10.1 "GET /v2.0/networks/24c7f19e-0ed7-4e1b-ad01-171de85d60d5 HTTP/1.1" status: 200 len: 834 time: 0.1498587
2020-12-02 17:41:24.395 25 INFO neutron.wsgi [req-876e23b2-453d-42fd-b83c-cac1462e5375 0da1bc1a3acc45d0aca57e504c04ea17 63be5b4f4d784088b73cd36e6114f00e - default default] 192.168.208.187,10.31.10.1 "GET /v2.0/networks/e1fa9917-969b-4d63-a24a-6ac0d8c7de97 HTTP/1.1" status: 200 len: 834 time: 0.1015854
2020-12-02 17:41:25.149 25 INFO neutron.wsgi [req-74480b3b-369d-4489-bf9a-fa192957fdcd 0da1bc1a3acc45d0aca57e504c04ea17 63be5b4f4d784088b73cd36e6114f00e - default default] 192.168.208.187,10.31.10.1 "POST /v2.0/subnets HTTP/1.1" status: 201 len: 809 time: 0.5975618
2020-12-02 17:41:26.794 24 INFO neutron.wsgi [req-8f08929c-5719-48b1-b12e-5a511591fd28 0da1bc1a3acc45d0aca57e504c04ea17 63be5b4f4d784088b73cd36e6114f00e - default default] 192.168.208.187,10.31.10.1 "POST /v2.0/routers HTTP/1.1" status: 201 len: 692 time: 9.3322365
2020-12-02 17:41:29.814 23 INFO neutron.wsgi [req-ca469e94-132f-4bd0-8e2c-9780c0be6e60 851af1939a9b4ff8808a741857d37b46 761947fab1374992bf04ee79f6b6b929 - default default] 10.31.10.2,10.31.10.1 "GET /v2.0/ports?device_id=43362a64-7c50-48f8-b7e2-97a6f3ab6ba6&fields=binding%3Ahost_id&fields=binding%3Avif_type HTTP/1.1" status: 200 len: 238 time: 0.0640969
2020-12-02 17:41:30.377 24 INFO neutron.wsgi [req-ff53d644-e374-43d0-90cd-263972789fdf 851af1939a9b4ff8808a741857d37b46 761947fab1374992bf04ee79f6b6b929 - default default] 10.31.10.2,10.31.10.1 "GET /v2.0/networks?id=31d7fa17-bee4-4ca0-8150-8bdf6a8ca8c2 HTTP/1.1" status: 200 len: 902 time: 0.3536592
2020-12-02 17:41:30.453 25 INFO neutron.wsgi [req-4aa63d9a-aa6d-49de-870f-24e89dee1ab2 0da1bc1a3acc45d0aca57e504c04ea17 63be5b4f4d784088b73cd36e6114f00e - default default] 192.168.208.187,10.31.10.1 "GET /v2.0/subnets/d958e6c8-57bf-4639-b952-3306ce5c8f4f HTTP/1.1" status: 200 len: 804 time: 0.0850141
2020-12-02 17:41:30.463 21 INFO neutron.wsgi [req-aabc4cd6-4577-42e6-b375-a8ac510a5a2c 0da1bc1a3acc45d0aca57e504c04ea17 63be5b4f4d784088b73cd36e6114f00e - default default] 192.168.208.187,10.31.10.1 "GET /v2.0/subnets/a60616db-7fb1-40d8-b7d5-0dd2b847f58d HTTP/1.1" status: 200 len: 804 time: 0.0700817
2020-12-02 17:41:30.593 21 INFO neutron.wsgi [req-dc91ad3a-1899-4a97-a3a9-f98ccaaf0761 0da1bc1a3acc45d0aca57e504c04ea17 63be5b4f4d784088b73cd36e6114f00e - default default] 192.168.208.187,10.31.10.1 "GET /v2.0/subnets/a60616db-7fb1-40d8-b7d5-0dd2b847f58d HTTP/1.1" status: 200 len: 804 time: 0.0586162
2020-12-02 17:41:30.980 21 INFO neutron.wsgi [req-1edb3d34-9df3-4c4f-b9aa-e669502f3afb 0da1bc1a3acc45d0aca57e504c04ea17 63be5b4f4d784088b73cd36e6114f00e - default default] 192.168.208.187,10.31.10.1 "GET /v2.0/networks?name=test-net-0&status=ACTIVE HTTP/1.1" status: 200 len: 881 time: 0.1264930
2020-12-02 17:41:31.063 22 INFO neutron.wsgi [req-01432c4c-6450-4c1c-972a-12618cd645cc 0da1bc1a3acc45d0aca57e504c04ea17 63be5b4f4d784088b73cd36e6114f00e - default default] 192.168.208.187,10.31.10.1 "GET /v2.0/networks?name=test-net-1&status=ACTIVE HTTP/1.1" status: 200 len: 881 time: 0.1210856
2020-12-02 17:41:31.644 23 INFO neutron.wsgi [req-59a02407-8a7f-4310-a782-cdea1379bf67 0da1bc1a3acc45d0aca57e504c04ea17 63be5b4f4d784088b73cd36e6114f00e - default default] 10.31.10.2,10.31.10.1 "GET /v2.0/quotas/63be5b4f4d784088b73cd36e6114f00e HTTP/1.1" status: 200 len: 454 time: 0.0203586
2020-12-02 17:41:31.769 22 INFO neutron.wsgi [req-91df0456-cf15-4208-b84c-b8fd8df21c61 0da1bc1a3acc45d0aca57e504c04ea17 63be5b4f4d784088b73cd36e6114f00e - default default] 10.31.10.20,10.31.10.1 "GET /v2.0/ports?tenant_id=63be5b4f4d784088b73cd36e6114f00e&fields=id HTTP/1.1" status: 200 len: 738 time: 0.0763657
2020-12-02 17:41:31.859 25 INFO neutron.wsgi [req-f23c2d2c-146a-4ae2-93ce-606911980122 0da1bc1a3acc45d0aca57e504c04ea17 63be5b4f4d784088b73cd36e6114f00e - default default] 10.31.10.3,10.31.10.1 "GET /v2.0/quotas/63be5b4f4d784088b73cd36e6114f00e HTTP/1.1" status: 200 len: 454 time: 0.0129001
2020-12-02 17:41:32.195 25 INFO neutron.wsgi [req-8ff1aa81-e4f7-4039-aae3-e9f7c388ff31 0da1bc1a3acc45d0aca57e504c04ea17 63be5b4f4d784088b73cd36e6114f00e - default default] 192.168.208.187,10.31.10.1 "GET /v2.0/routers/78cd9936-45db-4b85-8412-26be455ab469 HTTP/1.1" status: 200 len: 693 time: 0.3064675
2020-12-02 17:41:32.405 25 INFO neutron.wsgi [req-f7764a38-fe60-4d5e-a9fd-0e2876ef8275 0da1bc1a3acc45d0aca57e504c04ea17 63be5b4f4d784088b73cd36e6114f00e - default default] 192.168.208.187,10.31.10.1 "GET /v2.0/routers/78cd9936-45db-4b85-8412-26be455ab469 HTTP/1.1" status: 200 len: 693 time: 0.1386652
2020-12-02 17:41:32.876 21 INFO neutron.wsgi [req-7d623b46-c36f-4634-bbc1-d17ce2389f59 851af1939a9b4ff8808a741857d37b46 761947fab1374992bf04ee79f6b6b929 - default default] 10.31.10.20,10.31.10.1 "GET /v2.0/networks/e1fa9917-969b-4d63-a24a-6ac0d8c7de97?fields=provider%3Aphysical_network&fields=provider%3Anetwork_type HTTP/1.1" status: 200 len: 252 time: 0.4333301
2020-12-02 17:41:34.351 21 INFO neutron.wsgi [req-761ae2ac-abb2-4f7c-9730-78c75d3a3a9e 0da1bc1a3acc45d0aca57e504c04ea17 63be5b4f4d784088b73cd36e6114f00e - default default] 10.31.10.2,10.31.10.1 "GET /v2.0/networks?id=24c7f19e-0ed7-4e1b-ad01-171de85d60d5 HTTP/1.1" status: 200 len: 881 time: 0.1565189
2020-12-02 17:41:34.610 22 INFO neutron.wsgi [req-a7c27f93-3817-4595-ad75-a90b5ff36e0c 0da1bc1a3acc45d0aca57e504c04ea17 63be5b4f4d784088b73cd36e6114f00e - default default] 10.31.10.3,10.31.10.1 "GET /v2.0/networks HTTP/1.1" status: 200 len: 5056 time: 0.1289763
2020-12-02 17:41:34.943 24 INFO neutron.wsgi [req-b5a8af5d-34a9-439f-98db-6e68f3b9fbc5 0da1bc1a3acc45d0aca57e504c04ea17 63be5b4f4d784088b73cd36e6114f00e - default default] 10.31.10.3,10.31.10.1 "GET /v2.0/networks/31d7fa17-bee4-4ca0-8150-8bdf6a8ca8c2/dhcp-agents HTTP/1.1" status: 200 len: 1350 time: 0.0227828
2020-12-02 17:41:35.008 22 INFO neutron.wsgi [req-ec55e02e-5873-46c8-818f-112559a24509 0da1bc1a3acc45d0aca57e504c04ea17 63be5b4f4d784088b73cd36e6114f00e - default default] 10.31.10.3,10.31.10.1 "GET /v2.0/networks/96a11aa9-3b4f-49fa-90a3-c53ba587e296/dhcp-agents HTTP/1.1" status: 200 len: 1350 time: 0.0210505
2020-12-02 17:41:35.458 24 INFO neutron.wsgi [req-d96222de-15fe-4a25-896f-50fdf2119601 0da1bc1a3acc45d0aca57e504c04ea17 63be5b4f4d784088b73cd36e6114f00e - default default] 10.31.10.3,10.31.10.1 "GET /v2.0/networks/e1fa9917-969b-4d63-a24a-6ac0d8c7de97/dhcp-agents HTTP/1.1" status: 200 len: 1350 time: 0.0314667
2020-12-02 17:41:35.760 21 INFO neutron.wsgi [req-185232da-e946-462d-888e-f1acdfbc6458 0da1bc1a3acc45d0aca57e504c04ea17 63be5b4f4d784088b73cd36e6114f00e - default default] 192.168.208.187,10.31.10.1 "PUT /v2.0/routers/09357b0b-bbf8-4296-b87d-517534c58cde/add_router_interface HTTP/1.1" status: 200 len: 484 time: 3.2804186
2020-12-02 17:41:35.914 21 INFO neutron.wsgi [req-7dd33453-c5b8-4026-99cc-f8cdd9ed3892 0da1bc1a3acc45d0aca57e504c04ea17 63be5b4f4d784088b73cd36e6114f00e - default default] 10.31.10.3,10.31.10.1 "GET /v2.0/quotas/63be5b4f4d784088b73cd36e6114f00e/details HTTP/1.1" status: 200 len: 975 time: 0.1172931
2020-12-02 17:41:36.077 24 INFO neutron.wsgi [req-4b931cf1-fe7a-40e5-b312-4fcfb73703fe 0da1bc1a3acc45d0aca57e504c04ea17 63be5b4f4d784088b73cd36e6114f00e - default default] 10.31.10.3,10.31.10.1 "GET /v2.0/quotas/761947fab1374992bf04ee79f6b6b929/details HTTP/1.1" status: 200 len: 972 time: 0.1282656
2020-12-02 17:41:38.398 25 INFO neutron.wsgi [req-65a12feb-441a-417c-88bc-8c633df4a203 851af1939a9b4ff8808a741857d37b46 761947fab1374992bf04ee79f6b6b929 - default default] 10.31.10.2,10.31.10.1 "GET /v2.0/subnets?id=617d1956-5bd4-48e2-9055-232d3e6be719 HTTP/1.1" status: 200 len: 807 time: 0.0675261
2020-12-02 17:41:38.583 24 INFO neutron.wsgi [req-e1f2aee6-5575-4e3a-9fa9-8b1a416d0735 851af1939a9b4ff8808a741857d37b46 761947fab1374992bf04ee79f6b6b929 - default default] 10.31.10.2,10.31.10.1 "GET /v2.0/ports?tenant_id=63be5b4f4d784088b73cd36e6114f00e&device_id=3e8a3267-088d-4796-9aa9-b703bb6ecd6a HTTP/1.1" status: 200 len: 1343 time: 0.0770130
2020-12-02 17:41:38.761 22 INFO neutron.wsgi [req-96c065e7-7701-42ab-aafe-3ccc74d20d49 851af1939a9b4ff8808a741857d37b46 761947fab1374992bf04ee79f6b6b929 - default default] 10.31.10.2,10.31.10.1 "GET /v2.0/subnets?id=a60616db-7fb1-40d8-b7d5-0dd2b847f58d HTTP/1.1" status: 200 len: 807 time: 0.0727289
2020-12-02 17:41:38.877 23 INFO neutron.wsgi [req-12a4a609-ed1f-4ad6-8506-e2ceea823c41 851af1939a9b4ff8808a741857d37b46 761947fab1374992bf04ee79f6b6b929 - default default] 10.31.10.2,10.31.10.1 "PUT /v2.0/ports/cf874a12-c969-4d70-835c-71a059d45e9e HTTP/1.1" status: 200 len: 1342 time: 1.7814195
2020-12-02 17:41:38.971 24 INFO neutron.wsgi [req-5db63d3b-b57e-4682-9ee3-64936d95d675 851af1939a9b4ff8808a741857d37b46 761947fab1374992bf04ee79f6b6b929 - default default] 10.31.10.2,10.31.10.1 "GET /v2.0/networks?id=96a11aa9-3b4f-49fa-90a3-c53ba587e296 HTTP/1.1" status: 200 len: 881 time: 0.1373856
2020-12-02 17:41:39.037 24 INFO neutron.wsgi [req-0679a1c2-5054-4eb8-b462-7920cbc093b2 851af1939a9b4ff8808a741857d37b46 761947fab1374992bf04ee79f6b6b929 - default default] 10.31.10.2,10.31.10.1 "GET /v2.0/floatingips?fixed_ip_address=192.168.0.153&port_id=237f5f1a-505f-4423-a216-d91fa16ac59b HTTP/1.1" status: 200 len: 193 time: 0.0598412
2020-12-02 17:41:39.115 24 INFO neutron.wsgi [req-916007f4-1719-4ae1-833b-8f8b84e161d2 851af1939a9b4ff8808a741857d37b46 761947fab1374992bf04ee79f6b6b929 - default default] 10.31.10.2,10.31.10.1 "GET /v2.0/subnets?id=617d1956-5bd4-48e2-9055-232d3e6be719 HTTP/1.1" status: 200 len: 807 time: 0.0692546
2020-12-02 17:41:39.238 22 INFO neutron.wsgi [req-3bb32b8b-05e7-4e13-911e-a26b323f3ee8 851af1939a9b4ff8808a741857d37b46 761947fab1374992bf04ee79f6b6b929 - default default] 10.31.10.2,10.31.10.1 "GET /v2.0/ports?network_id=e1fa9917-969b-4d63-a24a-6ac0d8c7de97&device_owner=network%3Adhcp HTTP/1.1" status: 200 len: 2487 time: 0.0760307
2020-12-02 17:41:39.375 22 INFO neutron.wsgi [req-b80dfc4b-b1f5-4331-a3ba-b25dcdcc9bb6 851af1939a9b4ff8808a741857d37b46 761947fab1374992bf04ee79f6b6b929 - default default] 10.31.10.2,10.31.10.1 "GET /v2.0/networks/e1fa9917-969b-4d63-a24a-6ac0d8c7de97?fields=segments HTTP/1.1" status: 200 len: 188 time: 0.1257994
2020-12-02 17:41:39.409 23 INFO neutron.notifiers.nova [-] Nova event response: {'name': 'network-changed', 'server_uuid': '3935fae2-9358-40ef-b23c-2c92a64c92cc', 'tag': 'cf874a12-c969-4d70-835c-71a059d45e9e', 'status': 'completed', 'code': 200}
2020-12-02 17:41:39.439 23 INFO neutron.wsgi [req-244085ed-6c09-483b-8228-4f6a4c658418 851af1939a9b4ff8808a741857d37b46 761947fab1374992bf04ee79f6b6b929 - default default] 10.31.10.20,10.31.10.1 "GET /v2.0/ports?device_id=a4e73fe7-cf28-4d45-ad4f-ba65977536de&fields=binding%3Ahost_id&fields=binding%3Avif_type HTTP/1.1" status: 200 len: 238 time: 0.0688136
2020-12-02 17:41:39.650 25 INFO neutron.wsgi [req-2f8458a8-bfa7-477a-9049-ce3c26605a23 851af1939a9b4ff8808a741857d37b46 761947fab1374992bf04ee79f6b6b929 - default default] 10.31.10.2,10.31.10.1 "GET /v2.0/ports?tenant_id=63be5b4f4d784088b73cd36e6114f00e&device_id=3935fae2-9358-40ef-b23c-2c92a64c92cc HTTP/1.1" status: 200 len: 1345 time: 0.0845258
2020-12-02 17:41:39.718 23 INFO neutron.wsgi [req-96507cee-8562-4a32-a103-f9e2b8dde844 851af1939a9b4ff8808a741857d37b46 761947fab1374992bf04ee79f6b6b929 - default default] 10.31.10.2,10.31.10.1 "GET /v2.0/subnets?id=a60616db-7fb1-40d8-b7d5-0dd2b847f58d HTTP/1.1" status: 200 len: 807 time: 0.0609915
2020-12-02 17:41:39.835 24 INFO neutron.wsgi [req-a5466baf-c144-4a27-ad02-e3e669c0e505 851af1939a9b4ff8808a741857d37b46 761947fab1374992bf04ee79f6b6b929 - default default] 10.31.10.20,10.31.10.1 "GET /v2.0/floatingips?fixed_ip_address=10.31.11.197&port_id=638dbe1c-3bfb-4f03-a2f5-bac3e9c1ee1b HTTP/1.1" status: 200 len: 193 time: 0.0646439
2020-12-02 17:41:39.907 24 INFO neutron.wsgi [req-3d6a6bb9-dd7b-4be2-8b1e-893c2cb33f98 851af1939a9b4ff8808a741857d37b46 761947fab1374992bf04ee79f6b6b929 - default default] 10.31.10.20,10.31.10.1 "GET /v2.0/subnets?id=226b7ffb-b593-46b7-a0aa-f239c871bd0c HTTP/1.1" status: 200 len: 783 time: 0.0619862
2020-12-02 17:41:40.073 24 INFO neutron.wsgi [req-5cb09833-bdd1-40dd-99f8-7afa97984cf8 851af1939a9b4ff8808a741857d37b46 761947fab1374992bf04ee79f6b6b929 - default default] 10.31.10.2,10.31.10.1 "GET /v2.0/networks/24c7f19e-0ed7-4e1b-ad01-171de85d60d5?fields=provider%3Aphysical_network&fields=provider%3Anetwork_type HTTP/1.1" status: 200 len: 252 time: 0.1363416
2020-12-02 17:41:40.187 25 INFO neutron.wsgi [req-b11f866d-7972-40c4-9dab-75c63838ffe1 851af1939a9b4ff8808a741857d37b46 761947fab1374992bf04ee79f6b6b929 - default default] 10.31.10.2,10.31.10.1 "GET /v2.0/networks/e1fa9917-969b-4d63-a24a-6ac0d8c7de97?fields=segments HTTP/1.1" status: 200 len: 188 time: 0.1393631
2020-12-02 17:41:41.064 21 INFO neutron.wsgi [req-47f4ea62-f3ec-4b14-8374-9242db1318e3 0da1bc1a3acc45d0aca57e504c04ea17 63be5b4f4d784088b73cd36e6114f00e - default default] 192.168.208.187,10.31.10.1 "GET /v2.0/ports/de4c4e72-ecbd-45ef-86fb-0028c8bd4e22 HTTP/1.1" status: 200 len: 1209 time: 0.0814428
2020-12-02 17:41:41.299 21 INFO neutron.wsgi [req-1f78de55-dd5d-483d-a184-5b723fae5b08 0da1bc1a3acc45d0aca57e504c04ea17 63be5b4f4d784088b73cd36e6114f00e - default default] 192.168.208.187,10.31.10.1 "GET /v2.0/ports/c656a3f1-e7ce-460b-84d7-c6e5b6afb050 HTTP/1.1" status: 200 len: 1209 time: 0.0723302
2020-12-02 17:41:41.674 21 INFO neutron.wsgi [-] 10.31.10.1 "GET / HTTP/1.1" status: 200 len: 228 time: 0.0043285
2020-12-02 17:41:42.904 21 INFO neutron.wsgi [req-eda42c88-bcf9-4e84-9b6d-6fbaf6513ba6 0da1bc1a3acc45d0aca57e504c04ea17 63be5b4f4d784088b73cd36e6114f00e - default default] 192.168.208.187,10.31.10.1 "GET /v2.0/ports/31cbfa18-ba62-4bd9-8c43-d2f6bd0dfc8f HTTP/1.1" status: 200 len: 1209 time: 0.0597813
2020-12-02 17:41:43.281 21 INFO neutron.wsgi [req-36dcab0f-a71a-42d9-a0d8-1c4a841b3b3f 0da1bc1a3acc45d0aca57e504c04ea17 63be5b4f4d784088b73cd36e6114f00e - default default] 10.31.10.3,10.31.10.1 "GET /v2.0/security-groups?id=b92ca6e7-6354-4c1e-a781-6be287e270a3&fields=id&fields=name HTTP/1.1" status: 200 len: 262 time: 0.0449376
2020-12-02 17:41:43.855 22 INFO neutron.wsgi [req-b9c33a2c-8b55-4966-8d31-8ac8173d5fad 0da1bc1a3acc45d0aca57e504c04ea17 63be5b4f4d784088b73cd36e6114f00e - default default] 10.31.10.3,10.31.10.1 "GET /v2.0/extensions HTTP/1.1" status: 200 len: 14561 time: 0.0116322
2020-12-02 17:41:44.344 21 INFO neutron.wsgi [req-fbb6c378-10ed-4979-a979-7f9d18654e3f 0da1bc1a3acc45d0aca57e504c04ea17 63be5b4f4d784088b73cd36e6114f00e - default default] 10.31.10.3,10.31.10.1 "GET /v2.0/networks/e1fa9917-969b-4d63-a24a-6ac0d8c7de97 HTTP/1.1" status: 200 len: 878 time: 0.2801127
2020-12-02 17:41:46.148 23 INFO neutron.wsgi [req-71f5a0be-8cf5-4f95-a06d-1f32d8f5efc5 0da1bc1a3acc45d0aca57e504c04ea17 63be5b4f4d784088b73cd36e6114f00e - default default] 10.31.10.2,10.31.10.1 "GET /v2.0/ports?device_id=3e8a3267-088d-4796-9aa9-b703bb6ecd6a HTTP/1.1" status: 200 len: 1343 time: 0.1444876
2020-12-02 17:41:46.532 22 INFO neutron.wsgi [req-9160d720-fca1-46ff-b7ec-2a7ba753ba6d 0da1bc1a3acc45d0aca57e504c04ea17 63be5b4f4d784088b73cd36e6114f00e - default default] 10.31.10.3,10.31.10.1 "GET /v2.0/extensions HTTP/1.1" status: 200 len: 14561 time: 0.0071917
2020-12-02 17:41:46.653 25 INFO neutron.wsgi [req-5ec40e79-2991-4f7f-89d4-a9b3cabeeef1 0da1bc1a3acc45d0aca57e504c04ea17 63be5b4f4d784088b73cd36e6114f00e - default default] 10.31.10.3,10.31.10.1 "GET /v2.0/network-ip-availabilities/e1fa9917-969b-4d63-a24a-6ac0d8c7de97 HTTP/1.1" status: 200 len: 611 time: 0.0160577
2020-12-02 17:41:46.905 25 INFO neutron.wsgi [req-8dfbdfbe-8d1d-45e0-8f23-c86df8f9d551 0da1bc1a3acc45d0aca57e504c04ea17 63be5b4f4d784088b73cd36e6114f00e - default default] 10.31.10.3,10.31.10.1 "GET /v2.0/subnets/d958e6c8-57bf-4639-b952-3306ce5c8f4f HTTP/1.1" status: 200 len: 804 time: 0.0626063
2020-12-02 17:41:47.263 21 INFO neutron.wsgi [req-5d802991-bf31-40d0-9f3e-8b1b5423b491 0da1bc1a3acc45d0aca57e504c04ea17 63be5b4f4d784088b73cd36e6114f00e - default default] 10.31.10.3,10.31.10.1 "GET /v2.0/networks/e1fa9917-969b-4d63-a24a-6ac0d8c7de97 HTTP/1.1" status: 200 len: 878 time: 0.1324823
2020-12-02 17:41:49.703 27 INFO neutron.notifiers.nova [-] Nova event response: {'server_uuid': '3935fae2-9358-40ef-b23c-2c92a64c92cc', 'name': 'network-vif-plugged', 'status': 'completed', 'tag': 'cf874a12-c969-4d70-835c-71a059d45e9e', 'code': 200}
2020-12-02 17:41:50.300 23 INFO neutron.wsgi [req-b038be61-8dad-48dc-a55c-8699386d1355 0da1bc1a3acc45d0aca57e504c04ea17 63be5b4f4d784088b73cd36e6114f00e - default default] 10.31.10.3,10.31.10.1 "GET /v2.0/ports?network_id=e1fa9917-969b-4d63-a24a-6ac0d8c7de97 HTTP/1.1" status: 200 len: 4675 time: 0.0823772
2020-12-02 17:41:50.657 21 INFO neutron.wsgi [req-02089890-24be-45e1-b812-85903f3eabcb 0da1bc1a3acc45d0aca57e504c04ea17 63be5b4f4d784088b73cd36e6114f00e - default default] 10.31.10.3,10.31.10.1 "GET /v2.0/quotas/63be5b4f4d784088b73cd36e6114f00e/details HTTP/1.1" status: 200 len: 973 time: 0.1442337
2020-12-02 17:41:51.057 24 INFO neutron.wsgi [req-61aaa0c1-e71e-4b12-a4a3-2d2c203681c9 0da1bc1a3acc45d0aca57e504c04ea17 63be5b4f4d784088b73cd36e6114f00e - default default] 10.31.10.3,10.31.10.1 "GET /v2.0/quotas/63be5b4f4d784088b73cd36e6114f00e/details HTTP/1.1" status: 200 len: 973 time: 0.1101587
2020-12-02 17:41:51.881 27 INFO neutron.notifiers.nova [-] Nova event response: {'server_uuid': '4de7fa90-392b-4737-81e4-252fef9d2c88', 'name': 'network-vif-plugged', 'status': 'completed', 'tag': '237f5f1a-505f-4423-a216-d91fa16ac59b', 'code': 200}
2020-12-02 17:41:52.593 24 INFO neutron.wsgi [req-0e47482e-07dd-4e28-9d06-2fa069645a00 0da1bc1a3acc45d0aca57e504c04ea17 63be5b4f4d784088b73cd36e6114f00e - default default] 10.31.10.20,10.31.10.1 "GET /v2.0/security-groups?id=b92ca6e7-6354-4c1e-a781-6be287e270a3&fields=id&fields=name HTTP/1.1" status: 200 len: 262 time: 0.0446053
2020-12-02 17:41:53.089 24 INFO neutron.wsgi [req-9aff6845-0f5f-4bae-9d44-1f5be2121420 0da1bc1a3acc45d0aca57e504c04ea17 63be5b4f4d784088b73cd36e6114f00e - default default] 10.31.10.2,10.31.10.1 "GET /v2.0/security-groups?id=b92ca6e7-6354-4c1e-a781-6be287e270a3&fields=id&fields=name HTTP/1.1" status: 200 len: 262 time: 0.0444443
2020-12-02 17:41:53.295 21 INFO neutron.wsgi [req-3bbb9dab-ae3c-4613-97a3-8f678206f314 0da1bc1a3acc45d0aca57e504c04ea17 63be5b4f4d784088b73cd36e6114f00e - default default] 10.31.10.3,10.31.10.1 "GET /v2.0/security-groups?id=b92ca6e7-6354-4c1e-a781-6be287e270a3&fields=id&fields=name HTTP/1.1" status: 200 len: 262 time: 0.0397072
2020-12-02 17:41:53.724 21 INFO neutron.wsgi [req-803b1044-d94d-4e4b-9522-9421d72737ed 0da1bc1a3acc45d0aca57e504c04ea17 63be5b4f4d784088b73cd36e6114f00e - default default] 10.31.10.3,10.31.10.1 "GET /v2.0/ports?device_id=4de7fa90-392b-4737-81e4-252fef9d2c88 HTTP/1.1" status: 200 len: 1347 time: 0.0795565
2020-12-02 17:41:53.951 27 INFO neutron.notifiers.nova [-] Nova event response: {'server_uuid': '3e8a3267-088d-4796-9aa9-b703bb6ecd6a', 'name': 'network-vif-plugged', 'status': 'completed', 'tag': '0700d8b0-f557-4356-9816-9cddccfbc54c', 'code': 200}
2020-12-02 17:41:53.967 21 INFO neutron.wsgi [req-d02b4d05-876c-4ef9-8ebe-9a73ff0097c8 0da1bc1a3acc45d0aca57e504c04ea17 63be5b4f4d784088b73cd36e6114f00e - default default] 10.31.10.20,10.31.10.1 "GET /v2.0/ports?device_id=3935fae2-9358-40ef-b23c-2c92a64c92cc HTTP/1.1" status: 200 len: 1347 time: 0.0698893
2020-12-02 17:41:54.261 24 INFO neutron.wsgi [req-a6bd9e5c-e330-4daa-b243-0ff399f10a0d 0da1bc1a3acc45d0aca57e504c04ea17 63be5b4f4d784088b73cd36e6114f00e - default default] 192.168.208.187,10.31.10.1 "GET /v2.0/networks?name=test-net-1&status=ACTIVE HTTP/1.1" status: 200 len: 881 time: 0.1284726
2020-12-02 17:41:54.656 22 INFO neutron.wsgi [req-c33f065d-8ae3-4569-9d10-f7b875da9518 0da1bc1a3acc45d0aca57e504c04ea17 63be5b4f4d784088b73cd36e6114f00e - default default] 10.31.10.3,10.31.10.1 "GET /v2.0/ports?device_id=3935fae2-9358-40ef-b23c-2c92a64c92cc HTTP/1.1" status: 200 len: 1347 time: 0.1616788
2020-12-02 17:41:55.280 22 INFO neutron.wsgi [req-c28c9716-f038-4cf2-82ed-039bb272459f 851af1939a9b4ff8808a741857d37b46 761947fab1374992bf04ee79f6b6b929 - default default] 10.31.10.3,10.31.10.1 "GET /v2.0/security-groups?id=b92ca6e7-6354-4c1e-a781-6be287e270a3&fields=id&fields=name HTTP/1.1" status: 200 len: 262 time: 0.0335248
2020-12-02 17:41:57.411 21 INFO neutron.wsgi [req-7212e379-0784-4c08-be73-eaf47e9cd177 851af1939a9b4ff8808a741857d37b46 761947fab1374992bf04ee79f6b6b929 - default default] 10.31.10.3,10.31.10.1 "GET /v2.0/ports?device_id=a1cd5b9c-26b5-413f-8af6-e2fb9f3d8697&fields=binding%3Ahost_id&fields=binding%3Avif_type HTTP/1.1" status: 200 len: 238 time: 0.0937600
2020-12-02 17:41:57.816 24 INFO neutron.wsgi [req-fd2be1a3-7751-48cd-93fb-2b6877a24a68 851af1939a9b4ff8808a741857d37b46 761947fab1374992bf04ee79f6b6b929 - default default] 10.31.10.3,10.31.10.1 "GET /v2.0/floatingips?fixed_ip_address=10.31.11.100&port_id=902028fa-f267-424a-b762-3bc7354d5423 HTTP/1.1" status: 200 len: 193 time: 0.0632002
2020-12-02 17:41:58.097 23 INFO neutron.wsgi [req-95368e1e-703e-43b5-a051-89aa33ab7f16 851af1939a9b4ff8808a741857d37b46 761947fab1374992bf04ee79f6b6b929 - default default] 10.31.10.3,10.31.10.1 "GET /v2.0/networks/c8e1bba8-da86-4439-a984-1085e84d9405?fields=segments HTTP/1.1" status: 200 len: 188 time: 0.1263278
2020-12-02 17:42:02.925 23 INFO neutron.wsgi [req-7bb47ca0-dd36-4795-9770-f6749c7fb912 0da1bc1a3acc45d0aca57e504c04ea17 63be5b4f4d784088b73cd36e6114f00e - default default] 10.31.10.3,10.31.10.1 "GET /v2.0/security-groups?id=b92ca6e7-6354-4c1e-a781-6be287e270a3&fields=id&fields=name HTTP/1.1" status: 200 len: 262 time: 0.0458789
2020-12-02 17:42:03.482 23 INFO neutron.wsgi [req-c3b39978-48f6-4a86-96a7-34c89bbc5317 0da1bc1a3acc45d0aca57e504c04ea17 63be5b4f4d784088b73cd36e6114f00e - default default] 10.31.10.2,10.31.10.1 "GET /v2.0/ports?device_id=3e8a3267-088d-4796-9aa9-b703bb6ecd6a HTTP/1.1" status: 200 len: 1345 time: 0.0754170
2020-12-02 17:42:04.105 23 INFO neutron.wsgi [req-a7b0d5be-f17f-4b47-b911-1471a2f4e4f6 0da1bc1a3acc45d0aca57e504c04ea17 63be5b4f4d784088b73cd36e6114f00e - default default] 10.31.10.20,10.31.10.1 "GET /v2.0/ports?device_id=3e8a3267-088d-4796-9aa9-b703bb6ecd6a HTTP/1.1" status: 200 len: 1345 time: 0.0694330
2020-12-02 17:42:11.842 21 INFO neutron.wsgi [-] 10.31.10.1 "GET / HTTP/1.1" status: 200 len: 228 time: 0.0069284
2020-12-02 17:42:29.045 24 INFO neutron.wsgi [req-f56bea70-c450-4a7b-b19a-312272de3d94 0da1bc1a3acc45d0aca57e504c04ea17 63be5b4f4d784088b73cd36e6114f00e - default default] 10.31.10.3,10.31.10.1 "GET /v2.0/extensions HTTP/1.1" status: 200 len: 14561 time: 0.0126421
2020-12-02 17:42:30.262 24 INFO neutron.wsgi [req-3e3efa64-e9eb-432b-a131-b94312b136fd 851af1939a9b4ff8808a741857d37b46 761947fab1374992bf04ee79f6b6b929 - default default] 10.31.10.2,10.31.10.1 "GET /v2.0/networks?id=31d7fa17-bee4-4ca0-8150-8bdf6a8ca8c2 HTTP/1.1" status: 200 len: 902 time: 0.1275582
2020-12-02 17:42:30.539 24 INFO neutron.wsgi [req-550d6a72-03f4-43ec-8755-6f55920b4787 851af1939a9b4ff8808a741857d37b46 761947fab1374992bf04ee79f6b6b929 - default default] 10.31.10.2,10.31.10.1 "GET /v2.0/ports?network_id=31d7fa17-bee4-4ca0-8150-8bdf6a8ca8c2&device_owner=network%3Adhcp HTTP/1.1" status: 200 len: 2479 time: 0.1052461
2020-12-02 17:42:33.906 24 INFO neutron.wsgi [req-b032473f-7f63-4eda-b74e-0d5044232976 0da1bc1a3acc45d0aca57e504c04ea17 63be5b4f4d784088b73cd36e6114f00e - default default] 10.31.10.3,10.31.10.1 "GET /v2.0/extensions HTTP/1.1" status: 200 len: 14561 time: 0.0110493
2020-12-02 17:42:41.619 24 INFO neutron.wsgi [req-e6586cb7-42f0-446a-b482-0929fa03afc3 851af1939a9b4ff8808a741857d37b46 761947fab1374992bf04ee79f6b6b929 - default default] 10.31.10.20,10.31.10.1 "GET /v2.0/ports?tenant_id=63be5b4f4d784088b73cd36e6114f00e&device_id=a4e73fe7-cf28-4d45-ad4f-ba65977536de HTTP/1.1" status: 200 len: 1278 time: 0.0659392
2020-12-02 17:42:41.941 24 INFO neutron.wsgi [req-cbfab6c3-68f9-4a0a-9453-1e365fcab239 851af1939a9b4ff8808a741857d37b46 761947fab1374992bf04ee79f6b6b929 - default default] 10.31.10.20,10.31.10.1 "GET /v2.0/subnets?id=226b7ffb-b593-46b7-a0aa-f239c871bd0c HTTP/1.1" status: 200 len: 783 time: 0.0658758
2020-12-02 17:42:42.012 25 INFO neutron.wsgi [-] 10.31.10.1 "GET / HTTP/1.1" status: 200 len: 228 time: 0.0076568
2020-12-02 17:42:42.276 24 INFO neutron.wsgi [req-bf1d7506-974b-4570-9f26-f678ee3e985f 851af1939a9b4ff8808a741857d37b46 761947fab1374992bf04ee79f6b6b929 - default default] 10.31.10.20,10.31.10.1 "GET /v2.0/networks/c8e1bba8-da86-4439-a984-1085e84d9405?fields=provider%3Aphysical_network&fields=provider%3Anetwork_type HTTP/1.1" status: 200 len: 257 time: 0.1207037
2020-12-02 17:42:57.805 23 INFO neutron.wsgi [req-1277c5b0-ad96-42d6-9aff-7591ac57d9f2 851af1939a9b4ff8808a741857d37b46 761947fab1374992bf04ee79f6b6b929 - default default] 10.31.10.3,10.31.10.1 "GET /v2.0/networks?id=31d7fa17-bee4-4ca0-8150-8bdf6a8ca8c2 HTTP/1.1" status: 200 len: 902 time: 0.1289220
2020-12-02 17:42:58.051 23 INFO neutron.wsgi [req-3a0db792-0519-4515-948c-e21e03271035 851af1939a9b4ff8808a741857d37b46 761947fab1374992bf04ee79f6b6b929 - default default] 10.31.10.3,10.31.10.1 "GET /v2.0/ports?network_id=31d7fa17-bee4-4ca0-8150-8bdf6a8ca8c2&device_owner=network%3Adhcp HTTP/1.1" status: 200 len: 2479 time: 0.0778558
2020-12-02 17:43:12.182 25 INFO neutron.wsgi [-] 10.31.10.1 "GET / HTTP/1.1" status: 200 len: 228 time: 0.0040450
2020-12-02 17:43:12.904 21 INFO neutron.wsgi [req-22d09791-b8ed-4a5e-8e36-45acfb46b6c2 0da1bc1a3acc45d0aca57e504c04ea17 63be5b4f4d784088b73cd36e6114f00e - default default] 10.31.10.3,10.31.10.1 "GET /v2.0/extensions HTTP/1.1" status: 200 len: 14561 time: 0.0136151
2020-12-02 17:43:14.136 24 INFO neutron.wsgi [req-094029cc-ecf7-4190-a16c-63f88c8567d0 0da1bc1a3acc45d0aca57e504c04ea17 63be5b4f4d784088b73cd36e6114f00e - default default] 10.31.10.3,10.31.10.1 "PUT /v2.0/quotas/63be5b4f4d784088b73cd36e6114f00e HTTP/1.1" status: 200 len: 468 time: 0.0949411
2020-12-02 17:43:24.072 21 INFO neutron.wsgi [req-ae16585a-4096-49b2-a5a1-2ae01088abed 0da1bc1a3acc45d0aca57e504c04ea17 63be5b4f4d784088b73cd36e6114f00e - default default] 10.31.10.3,10.31.10.1 "GET /v2.0/security-groups?id=b92ca6e7-6354-4c1e-a781-6be287e270a3&fields=id&fields=name HTTP/1.1" status: 200 len: 262 time: 0.0460105
2020-12-02 17:43:24.374 22 INFO neutron.wsgi [req-0633cff5-eea4-4629-89ea-86b1d8b7e76e 0da1bc1a3acc45d0aca57e504c04ea17 63be5b4f4d784088b73cd36e6114f00e - default default] 10.31.10.3,10.31.10.1 "GET /v2.0/ports?tenant_id=63be5b4f4d784088b73cd36e6114f00e HTTP/1.1" status: 200 len: 20404 time: 0.1015668
2020-12-02 17:43:24.757 24 INFO neutron.wsgi [req-c0f16033-66c7-4755-bafc-8ac8f6e770c8 0da1bc1a3acc45d0aca57e504c04ea17 63be5b4f4d784088b73cd36e6114f00e - default default] 10.31.10.3,10.31.10.1 "GET /v2.0/extensions HTTP/1.1" status: 200 len: 14561 time: 0.0108857
2020-12-02 17:43:30.098 24 INFO neutron.wsgi [req-95ce29ab-e77e-477b-a72e-3635bf8b167c 0da1bc1a3acc45d0aca57e504c04ea17 63be5b4f4d784088b73cd36e6114f00e - default default] 10.31.10.3,10.31.10.1 "GET /v2.0/ports?device_id=4de7fa90-392b-4737-81e4-252fef9d2c88 HTTP/1.1" status: 200 len: 1347 time: 0.0800102
2020-12-02 17:43:30.171 24 INFO neutron.wsgi [req-a0aa888c-f2d1-4550-bb40-49078eb42852 0da1bc1a3acc45d0aca57e504c04ea17 63be5b4f4d784088b73cd36e6114f00e - default default] 10.31.10.3,10.31.10.1 "GET /v2.0/security-groups?id=b92ca6e7-6354-4c1e-a781-6be287e270a3 HTTP/1.1" status: 200 len: 4653 time: 0.0497482
2020-12-02 17:43:30.700 24 INFO neutron.wsgi [req-8ebc6ae5-8ed6-433d-9f92-ffffa503928c 0da1bc1a3acc45d0aca57e504c04ea17 63be5b4f4d784088b73cd36e6114f00e - default default] 10.31.10.3,10.31.10.1 "GET /v2.0/subnets HTTP/1.1" status: 200 len: 4453 time: 0.0737329
2020-12-02 17:43:31.079 21 INFO neutron.wsgi [req-48df6194-7df2-414a-b44d-d53ec8015b01 0da1bc1a3acc45d0aca57e504c04ea17 63be5b4f4d784088b73cd36e6114f00e - default default] 10.31.10.20,10.31.10.1 "GET /v2.0/security-groups?id=b92ca6e7-6354-4c1e-a781-6be287e270a3&fields=id&fields=name HTTP/1.1" status: 200 len: 262 time: 0.0410471
2020-12-02 17:43:32.148 21 INFO neutron.wsgi [req-ec8699b3-b72f-4f9e-8f41-aee7618d85f5 851af1939a9b4ff8808a741857d37b46 761947fab1374992bf04ee79f6b6b929 - default default] 10.31.10.2,10.31.10.1 "GET /v2.0/networks?id=24c7f19e-0ed7-4e1b-ad01-171de85d60d5 HTTP/1.1" status: 200 len: 881 time: 0.1338067
2020-12-02 17:43:32.395 23 INFO neutron.wsgi [req-af85407e-3d91-4be3-b01e-8f5cd65e0906 851af1939a9b4ff8808a741857d37b46 761947fab1374992bf04ee79f6b6b929 - default default] 10.31.10.2,10.31.10.1 "GET /v2.0/ports?network_id=24c7f19e-0ed7-4e1b-ad01-171de85d60d5&device_owner=network%3Adhcp HTTP/1.1" status: 200 len: 2487 time: 0.0808563
2020-12-02 17:43:35.871 21 INFO neutron.wsgi [req-f2eb089f-ffcc-4e95-a726-404ceedaeb52 0da1bc1a3acc45d0aca57e504c04ea17 63be5b4f4d784088b73cd36e6114f00e - default default] 10.31.10.20,10.31.10.1 "GET /v2.0/ports?device_id=4de7fa90-392b-4737-81e4-252fef9d2c88 HTTP/1.1" status: 200 len: 1347 time: 0.0712290
2020-12-02 17:43:36.086 21 INFO neutron.wsgi [req-52e74dcd-b438-4b70-b859-ff5ff8c12e11 0da1bc1a3acc45d0aca57e504c04ea17 63be5b4f4d784088b73cd36e6114f00e - default default] 10.31.10.3,10.31.10.1 "GET /v2.0/ports?device_id=4de7fa90-392b-4737-81e4-252fef9d2c88 HTTP/1.1" status: 200 len: 1347 time: 0.0700598
2020-12-02 17:43:36.268 21 INFO neutron.wsgi [req-8def5f71-1a5a-42b1-904c-f131da47f4d5 0da1bc1a3acc45d0aca57e504c04ea17 63be5b4f4d784088b73cd36e6114f00e - default default] 10.31.10.3,10.31.10.1 "GET /v2.0/ports?tenant_id=63be5b4f4d784088b73cd36e6114f00e HTTP/1.1" status: 200 len: 20404 time: 0.0945697
2020-12-02 17:43:36.525 21 INFO neutron.wsgi [req-665a4d7c-0043-4564-a14b-05c5571ebce2 0da1bc1a3acc45d0aca57e504c04ea17 63be5b4f4d784088b73cd36e6114f00e - default default] 10.31.10.3,10.31.10.1 "GET /v2.0/extensions HTTP/1.1" status: 200 len: 14561 time: 0.0114791
2020-12-02 17:43:37.094 21 INFO neutron.wsgi [req-90e6dd51-9815-4730-abe4-c202ca5cc96f 0da1bc1a3acc45d0aca57e504c04ea17 63be5b4f4d784088b73cd36e6114f00e - default default] 10.31.10.3,10.31.10.1 "GET /v2.0/networks?id=96a11aa9-3b4f-49fa-90a3-c53ba587e296 HTTP/1.1" status: 200 len: 881 time: 0.1228101
2020-12-02 17:43:40.022 21 INFO neutron.wsgi [req-855651c4-0e88-4d94-a54b-4a38cc4a29c1 0da1bc1a3acc45d0aca57e504c04ea17 63be5b4f4d784088b73cd36e6114f00e - default default] 10.31.10.3,10.31.10.1 "GET /v2.0/ports?device_id=4de7fa90-392b-4737-81e4-252fef9d2c88 HTTP/1.1" status: 200 len: 1347 time: 0.0730176
2020-12-02 17:43:40.104 21 INFO neutron.wsgi [req-89d57a03-2e03-44e1-9e5e-7dc44a156a74 0da1bc1a3acc45d0aca57e504c04ea17 63be5b4f4d784088b73cd36e6114f00e - default default] 10.31.10.3,10.31.10.1 "GET /v2.0/floatingips?port_id=237f5f1a-505f-4423-a216-d91fa16ac59b&tenant_id=63be5b4f4d784088b73cd36e6114f00e HTTP/1.1" status: 200 len: 193 time: 0.0585923
2020-12-02 17:43:40.461 23 INFO neutron.wsgi [req-76e6a0ce-454a-4c60-805f-73de7e99fd0a 0da1bc1a3acc45d0aca57e504c04ea17 63be5b4f4d784088b73cd36e6114f00e - default default] 10.31.10.3,10.31.10.1 "GET /v2.0/subnets HTTP/1.1" status: 200 len: 4453 time: 0.0808287
2020-12-02 17:43:40.841 25 INFO neutron.wsgi [req-1f7d326a-c041-42ab-9db6-14f6cfe63d0e 0da1bc1a3acc45d0aca57e504c04ea17 63be5b4f4d784088b73cd36e6114f00e - default default] 10.31.10.20,10.31.10.1 "GET /v2.0/security-groups?id=b92ca6e7-6354-4c1e-a781-6be287e270a3&fields=id&fields=name HTTP/1.1" status: 200 len: 262 time: 0.0505404
2020-12-02 17:43:41.879 25 INFO neutron.wsgi [req-2bf7acb7-ac28-4507-a249-a6eef9b0feb7 851af1939a9b4ff8808a741857d37b46 761947fab1374992bf04ee79f6b6b929 - default default] 10.31.10.20,10.31.10.1 "GET /v2.0/networks?id=c8e1bba8-da86-4439-a984-1085e84d9405 HTTP/1.1" status: 200 len: 905 time: 0.1268933
2020-12-02 17:43:42.081 25 INFO neutron.wsgi [req-2f48334b-843c-46a1-bec1-dcfd479de7c2 851af1939a9b4ff8808a741857d37b46 761947fab1374992bf04ee79f6b6b929 - default default] 10.31.10.20,10.31.10.1 "GET /v2.0/ports?network_id=c8e1bba8-da86-4439-a984-1085e84d9405&device_owner=network%3Adhcp HTTP/1.1" status: 200 len: 186 time: 0.0430429
2020-12-02 17:43:42.362 23 INFO neutron.wsgi [-] 10.31.10.1 "GET / HTTP/1.1" status: 200 len: 228 time: 0.0056682
2020-12-02 17:43:42.394 24 INFO neutron.wsgi [req-f4786640-7826-4069-85a9-c8f2bec6d9b8 851af1939a9b4ff8808a741857d37b46 761947fab1374992bf04ee79f6b6b929 - default default] 10.31.10.20,10.31.10.1 "GET /v2.0/networks/c8e1bba8-da86-4439-a984-1085e84d9405?fields=provider%3Aphysical_network&fields=provider%3Anetwork_type HTTP/1.1" status: 200 len: 257 time: 0.1385348
2020-12-02 17:43:45.574 23 INFO neutron.wsgi [req-883b5b32-4451-499a-90b8-68f606124ec7 0da1bc1a3acc45d0aca57e504c04ea17 63be5b4f4d784088b73cd36e6114f00e - default default] 10.31.10.3,10.31.10.1 "GET /v2.0/ports?device_id=4de7fa90-392b-4737-81e4-252fef9d2c88 HTTP/1.1" status: 200 len: 1347 time: 0.0776646
2020-12-02 17:43:45.643 23 INFO neutron.wsgi [req-f617b15c-5ad5-43c9-ace1-a6207eb1a38b 0da1bc1a3acc45d0aca57e504c04ea17 63be5b4f4d784088b73cd36e6114f00e - default default] 10.31.10.3,10.31.10.1 "GET /v2.0/security-groups?id=b92ca6e7-6354-4c1e-a781-6be287e270a3 HTTP/1.1" status: 200 len: 4653 time: 0.0486186
2020-12-02 17:43:46.015 22 INFO neutron.wsgi [req-f57b95d7-cf38-47e6-91a0-5f77dc3a2ab8 0da1bc1a3acc45d0aca57e504c04ea17 63be5b4f4d784088b73cd36e6114f00e - default default] 10.31.10.3,10.31.10.1 "GET /v2.0/subnets HTTP/1.1" status: 200 len: 4453 time: 0.0726321
2020-12-02 17:43:46.385 22 INFO neutron.wsgi [req-f9ef68bf-6666-42b8-ad47-d2186a1fd950 0da1bc1a3acc45d0aca57e504c04ea17 63be5b4f4d784088b73cd36e6114f00e - default default] 10.31.10.2,10.31.10.1 "GET /v2.0/security-groups?id=b92ca6e7-6354-4c1e-a781-6be287e270a3&fields=id&fields=name HTTP/1.1" status: 200 len: 262 time: 0.0435894
2020-12-02 17:43:59.764 22 INFO neutron.wsgi [req-58d656fd-9929-4348-994c-20bb6ffedf26 851af1939a9b4ff8808a741857d37b46 761947fab1374992bf04ee79f6b6b929 - default default] 10.31.10.3,10.31.10.1 "GET /v2.0/networks?id=c8e1bba8-da86-4439-a984-1085e84d9405 HTTP/1.1" status: 200 len: 905 time: 0.1195490
2020-12-02 17:43:59.979 22 INFO neutron.wsgi [req-077df9c2-89fb-449f-bf58-9b82ee0e9bb2 851af1939a9b4ff8808a741857d37b46 761947fab1374992bf04ee79f6b6b929 - default default] 10.31.10.3,10.31.10.1 "GET /v2.0/ports?network_id=c8e1bba8-da86-4439-a984-1085e84d9405&device_owner=network%3Adhcp HTTP/1.1" status: 200 len: 186 time: 0.0441775
2020-12-02 17:44:08.423 24 INFO neutron.wsgi [req-779c2bae-6528-415e-bcb6-1f58aa6424c6 0da1bc1a3acc45d0aca57e504c04ea17 63be5b4f4d784088b73cd36e6114f00e - default default] 192.168.208.187,10.31.10.1 "GET /v2.0/networks/e1fa9917-969b-4d63-a24a-6ac0d8c7de97 HTTP/1.1" status: 200 len: 878 time: 0.3297806
2020-12-02 17:44:08.448 24 INFO neutron.wsgi [req-e66c6713-25c9-40c7-8147-54bcb0de86ab 0da1bc1a3acc45d0aca57e504c04ea17 63be5b4f4d784088b73cd36e6114f00e - default default] 192.168.208.187,10.31.10.1 "GET /v2.0/routers/09357b0b-bbf8-4296-b87d-517534c58cde HTTP/1.1" status: 200 len: 693 time: 0.3714793
2020-12-02 17:44:08.571 23 INFO neutron.wsgi [req-a2a1629f-e4b2-40e3-a916-be077242da1c 0da1bc1a3acc45d0aca57e504c04ea17 63be5b4f4d784088b73cd36e6114f00e - default default] 192.168.208.187,10.31.10.1 "GET /v2.0/subnets/617d1956-5bd4-48e2-9055-232d3e6be719 HTTP/1.1" status: 200 len: 804 time: 0.0683496
2020-12-02 17:44:08.730 25 INFO neutron.wsgi [req-30f4faba-d5d2-4fbd-8929-5dddec748a5c 0da1bc1a3acc45d0aca57e504c04ea17 63be5b4f4d784088b73cd36e6114f00e - default default] 192.168.208.187,10.31.10.1 "GET /v2.0/ports/c656a3f1-e7ce-460b-84d7-c6e5b6afb050 HTTP/1.1" status: 200 len: 1212 time: 0.0673652
2020-12-02 17:44:08.881 24 INFO neutron.wsgi [req-69c82080-b050-4716-aee1-9d3e504b3809 0da1bc1a3acc45d0aca57e504c04ea17 63be5b4f4d784088b73cd36e6114f00e - default default] 10.31.10.3,10.31.10.1 "GET /v2.0/ports?device_id=3935fae2-9358-40ef-b23c-2c92a64c92cc HTTP/1.1" status: 200 len: 1347 time: 0.0745652
2020-12-02 17:44:08.930 24 INFO neutron.wsgi [req-ea818d56-2ca4-4842-886d-3a53f0d197eb 0da1bc1a3acc45d0aca57e504c04ea17 63be5b4f4d784088b73cd36e6114f00e - default default] 10.31.10.3,10.31.10.1 "GET /v2.0/security-groups?id=b92ca6e7-6354-4c1e-a781-6be287e270a3&fields=id&fields=name HTTP/1.1" status: 200 len: 262 time: 0.0384746
2020-12-02 17:44:09.240 25 INFO neutron.wsgi [req-db0360b3-3b21-443a-be4b-fb65d9f4a6d2 0da1bc1a3acc45d0aca57e504c04ea17 63be5b4f4d784088b73cd36e6114f00e - default default] 10.31.10.3,10.31.10.1 "GET /v2.0/security-groups?id=b92ca6e7-6354-4c1e-a781-6be287e270a3&fields=id&fields=name HTTP/1.1" status: 200 len: 262 time: 0.0411692
2020-12-02 17:44:09.248 22 INFO neutron.wsgi [req-812ebff7-c939-43df-a867-cbaedb548df8 0da1bc1a3acc45d0aca57e504c04ea17 63be5b4f4d784088b73cd36e6114f00e - default default] 10.31.10.2,10.31.10.1 "GET /v2.0/ports?device_id=3935fae2-9358-40ef-b23c-2c92a64c92cc HTTP/1.1" status: 200 len: 1347 time: 0.1545291
2020-12-02 17:44:09.574 25 INFO neutron.wsgi [req-ece7c92b-8eaf-48bb-975e-32853e6f3731 0da1bc1a3acc45d0aca57e504c04ea17 63be5b4f4d784088b73cd36e6114f00e - default default] 10.31.10.2,10.31.10.1 "GET /v2.0/ports?device_id=3e8a3267-088d-4796-9aa9-b703bb6ecd6a HTTP/1.1" status: 200 len: 1345 time: 0.0751326
2020-12-02 17:44:09.621 25 INFO neutron.wsgi [req-de204eea-4712-46db-ba49-5790eff1d675 0da1bc1a3acc45d0aca57e504c04ea17 63be5b4f4d784088b73cd36e6114f00e - default default] 10.31.10.2,10.31.10.1 "GET /v2.0/security-groups?id=b92ca6e7-6354-4c1e-a781-6be287e270a3&fields=id&fields=name HTTP/1.1" status: 200 len: 262 time: 0.0359824
2020-12-02 17:44:12.543 24 INFO neutron.wsgi [-] 10.31.10.1 "GET / HTTP/1.1" status: 200 len: 228 time: 0.0062151
2020-12-02 17:44:21.549 23 INFO neutron.wsgi [req-6470238d-af2f-421c-894d-da88536db843 0da1bc1a3acc45d0aca57e504c04ea17 63be5b4f4d784088b73cd36e6114f00e - default default] 10.31.10.2,10.31.10.1 "GET /v2.0/ports?device_id=4de7fa90-392b-4737-81e4-252fef9d2c88 HTTP/1.1" status: 200 len: 1347 time: 0.0715070
2020-12-02 17:44:22.546 23 INFO neutron.wsgi [req-e1121f22-5536-45d8-8019-080f9c31284a 0da1bc1a3acc45d0aca57e504c04ea17 63be5b4f4d784088b73cd36e6114f00e - default default] 10.31.10.2,10.31.10.1 "DELETE /v2.0/ports/237f5f1a-505f-4423-a216-d91fa16ac59b HTTP/1.1" status: 204 len: 149 time: 0.9878113
2020-12-02 17:44:22.583 23 INFO neutron.notifiers.nova [-] Nova event response: {'server_uuid': '4de7fa90-392b-4737-81e4-252fef9d2c88', 'name': 'network-vif-deleted', 'tag': '237f5f1a-505f-4423-a216-d91fa16ac59b', 'status': 'completed', 'code': 200}
2020-12-02 17:44:24.726 23 INFO neutron.wsgi [req-82681084-97c3-4ea2-ad6a-14761fb77abd 0da1bc1a3acc45d0aca57e504c04ea17 63be5b4f4d784088b73cd36e6114f00e - default default] 192.168.208.187,10.31.10.1 "GET /v2.0/ports/31cbfa18-ba62-4bd9-8c43-d2f6bd0dfc8f HTTP/1.1" status: 200 len: 1212 time: 0.0761619
2020-12-02 17:44:28.609 23 INFO neutron.wsgi [req-e28d97aa-236a-46a7-b21e-db44015d5249 0da1bc1a3acc45d0aca57e504c04ea17 63be5b4f4d784088b73cd36e6114f00e - default default] 192.168.208.187,10.31.10.1 "PUT /v2.0/routers/f06a6a29-2bfc-4892-a260-2904e616715f/remove_router_interface HTTP/1.1" status: 200 len: 484 time: 3.7965114
2020-12-02 17:44:31.745 21 INFO neutron.pecan_wsgi.hooks.translation [req-0be61a25-7f96-4c65-ae34-9da4fd5c3e42 0da1bc1a3acc45d0aca57e504c04ea17 63be5b4f4d784088b73cd36e6114f00e - default default] GET failed (client error): The resource could not be found.
2020-12-02 17:44:31.747 21 INFO neutron.wsgi [req-0be61a25-7f96-4c65-ae34-9da4fd5c3e42 0da1bc1a3acc45d0aca57e504c04ea17 63be5b4f4d784088b73cd36e6114f00e - default default] 192.168.208.187,10.31.10.1 "GET /v2.0/ports/31cbfa18-ba62-4bd9-8c43-d2f6bd0dfc8f HTTP/1.1" status: 404 len: 314 time: 0.0563505
2020-12-02 17:44:36.303 21 INFO neutron.db.l3_hamode_db [req-a69679cb-0b57-416b-b57a-f6b39434044c 0da1bc1a3acc45d0aca57e504c04ea17 63be5b4f4d784088b73cd36e6114f00e - default default] HA network ecbbbae7-9271-417f-acea-3cece3604643 was deleted as no HA routers are present in tenant 63be5b4f4d784088b73cd36e6114f00e.
2020-12-02 17:44:36.329 21 INFO neutron.wsgi [req-a69679cb-0b57-416b-b57a-f6b39434044c 0da1bc1a3acc45d0aca57e504c04ea17 63be5b4f4d784088b73cd36e6114f00e - default default] 192.168.208.187,10.31.10.1 "DELETE /v2.0/routers/78cd9936-45db-4b85-8412-26be455ab469 HTTP/1.1" status: 204 len: 149 time: 4.0143726
2020-12-02 17:44:36.750 21 INFO neutron.services.segments.plugin [-] Segment 291866f7-e49e-4910-9fe0-0ef1785901e5 resource provider aggregate not found
2020-12-02 17:44:36.781 21 INFO neutron.services.segments.plugin [-] Segment 291866f7-e49e-4910-9fe0-0ef1785901e5 resource provider not found; error: Placement Client Error (4xx): {"errors": [{"status": 404, "title": "Not Found", "detail": "The resource could not be found.\n\n No resource provider with uuid 291866f7-e49e-4910-9fe0-0ef1785901e5 found for delete ", "request_id": "req-9b2fc59c-fa1b-49d5-8e2b-48c487dc00f9"}]}
2020-12-02 17:44:37.388 21 INFO neutron.wsgi [req-a7c3e8c4-746c-42bb-8cff-1a979d1b33d4 0da1bc1a3acc45d0aca57e504c04ea17 63be5b4f4d784088b73cd36e6114f00e - default default] 192.168.208.187,10.31.10.1 "GET /v2.0/subnets/a60616db-7fb1-40d8-b7d5-0dd2b847f58d HTTP/1.1" status: 200 len: 804 time: 0.0650630
2020-12-02 17:44:38.040 21 INFO neutron.wsgi [req-59f170c7-9247-4562-a4a3-0b2becc6bf04 0da1bc1a3acc45d0aca57e504c04ea17 63be5b4f4d784088b73cd36e6114f00e - default default] 192.168.208.187,10.31.10.1 "DELETE /v2.0/subnets/a60616db-7fb1-40d8-b7d5-0dd2b847f58d HTTP/1.1" status: 204 len: 149 time: 0.5799067
2020-12-02 17:44:41.150 23 INFO neutron.pecan_wsgi.hooks.translation [req-4e111138-d152-41ee-94ca-189b08799716 0da1bc1a3acc45d0aca57e504c04ea17 63be5b4f4d784088b73cd36e6114f00e - default default] GET failed (client error): The resource could not be found.
2020-12-02 17:44:41.152 23 INFO neutron.wsgi [req-4e111138-d152-41ee-94ca-189b08799716 0da1bc1a3acc45d0aca57e504c04ea17 63be5b4f4d784088b73cd36e6114f00e - default default] 192.168.208.187,10.31.10.1 "GET /v2.0/subnets/a60616db-7fb1-40d8-b7d5-0dd2b847f58d HTTP/1.1" status: 404 len: 318 time: 0.0517917
2020-12-02 17:44:41.476 23 INFO neutron.api.v2.resource [req-80f2c7c4-6e27-4b58-ba75-799c881aa389 0da1bc1a3acc45d0aca57e504c04ea17 63be5b4f4d784088b73cd36e6114f00e - default default] show failed (client error): The resource could not be found.
