2020-12-02 15:21:26.684 23 INFO neutron.wsgi [req-3bfffc4f-77c8-47a9-a8c4-ca6a3d10dbf3 851af1939a9b4ff8808a741857d37b46 761947fab1374992bf04ee79f6b6b929 - default default] 10.31.10.2,10.31.10.1 "GET /v2.0/networks/31d7fa17-bee4-4ca0-8150-8bdf6a8ca8c2?fields=segments HTTP/1.1" status: 200 len: 188 time: 0.1218989
2020-12-02 15:21:33.602 21 INFO neutron.wsgi [req-22aed9b4-3ff3-45da-9afd-0bc07bf862ae 851af1939a9b4ff8808a741857d37b46 761947fab1374992bf04ee79f6b6b929 - default default] 10.31.10.3,10.31.10.1 "GET /v2.0/ports?tenant_id=63be5b4f4d784088b73cd36e6114f00e&device_id=a1cd5b9c-26b5-413f-8af6-e2fb9f3d8697 HTTP/1.1" status: 200 len: 1281 time: 0.0737562
2020-12-02 15:21:33.913 21 INFO neutron.wsgi [req-1d36de10-49a5-43bd-8e25-d450777616ec 851af1939a9b4ff8808a741857d37b46 761947fab1374992bf04ee79f6b6b929 - default default] 10.31.10.3,10.31.10.1 "GET /v2.0/subnets?id=226b7ffb-b593-46b7-a0aa-f239c871bd0c HTTP/1.1" status: 200 len: 783 time: 0.0616896
2020-12-02 15:21:34.260 21 INFO neutron.wsgi [req-cf4f4d44-508e-42dd-a226-f62a8318aa20 851af1939a9b4ff8808a741857d37b46 761947fab1374992bf04ee79f6b6b929 - default default] 10.31.10.3,10.31.10.1 "GET /v2.0/networks/c8e1bba8-da86-4439-a984-1085e84d9405?fields=provider%3Aphysical_network&fields=provider%3Anetwork_type HTTP/1.1" status: 200 len: 257 time: 0.1241663
2020-12-02 15:21:51.073 25 INFO neutron.wsgi [-] 10.31.10.1 "GET / HTTP/1.1" status: 200 len: 228 time: 0.0039141
2020-12-02 15:22:19.877 21 INFO neutron.wsgi [req-072d4925-4573-4a88-8282-6dc81a33f4a4 851af1939a9b4ff8808a741857d37b46 761947fab1374992bf04ee79f6b6b929 - default default] 10.31.10.20,10.31.10.1 "GET /v2.0/networks?id=c8e1bba8-da86-4439-a984-1085e84d9405 HTTP/1.1" status: 200 len: 905 time: 0.1338313
2020-12-02 15:22:20.253 21 INFO neutron.wsgi [req-bd0318ae-b442-419a-9f76-0086665b95ab 851af1939a9b4ff8808a741857d37b46 761947fab1374992bf04ee79f6b6b929 - default default] 10.31.10.20,10.31.10.1 "GET /v2.0/ports?network_id=c8e1bba8-da86-4439-a984-1085e84d9405&device_owner=network%3Adhcp HTTP/1.1" status: 200 len: 186 time: 0.0429075
2020-12-02 15:22:21.262 23 INFO neutron.wsgi [-] 10.31.10.1 "GET / HTTP/1.1" status: 200 len: 228 time: 0.0044923
2020-12-02 15:22:27.806 21 INFO neutron.wsgi [req-959caf3f-a10e-4efb-9e64-28ffd557075e 851af1939a9b4ff8808a741857d37b46 761947fab1374992bf04ee79f6b6b929 - default default] 10.31.10.2,10.31.10.1 "GET /v2.0/ports?device_id=43362a64-7c50-48f8-b7e2-97a6f3ab6ba6&fields=binding%3Ahost_id&fields=binding%3Avif_type HTTP/1.1" status: 200 len: 238 time: 0.0767138
2020-12-02 15:22:28.246 21 INFO neutron.wsgi [req-c427689a-5465-4011-9c3e-179043f5396b 851af1939a9b4ff8808a741857d37b46 761947fab1374992bf04ee79f6b6b929 - default default] 10.31.10.2,10.31.10.1 "GET /v2.0/floatingips?fixed_ip_address=10.31.12.174&port_id=b808505d-ff26-458c-9a69-56093e82c8de HTTP/1.1" status: 200 len: 193 time: 0.0595348
2020-12-02 15:22:28.593 24 INFO neutron.wsgi [req-c5214f70-e797-4285-abb7-60d8cc7ebe03 851af1939a9b4ff8808a741857d37b46 761947fab1374992bf04ee79f6b6b929 - default default] 10.31.10.2,10.31.10.1 "GET /v2.0/networks/31d7fa17-bee4-4ca0-8150-8bdf6a8ca8c2?fields=segments HTTP/1.1" status: 200 len: 188 time: 0.1313009
2020-12-02 15:22:34.583 23 INFO neutron.wsgi [req-1d6e0385-72f7-4ecf-9823-dd9321d2fe32 851af1939a9b4ff8808a741857d37b46 761947fab1374992bf04ee79f6b6b929 - default default] 10.31.10.3,10.31.10.1 "GET /v2.0/ports?tenant_id=63be5b4f4d784088b73cd36e6114f00e&device_id=a1cd5b9c-26b5-413f-8af6-e2fb9f3d8697 HTTP/1.1" status: 200 len: 1281 time: 0.0813994
2020-12-02 15:22:35.103 23 INFO neutron.wsgi [req-a9060be7-f23d-41b3-af92-836ea412578e 851af1939a9b4ff8808a741857d37b46 761947fab1374992bf04ee79f6b6b929 - default default] 10.31.10.3,10.31.10.1 "GET /v2.0/subnets?id=226b7ffb-b593-46b7-a0aa-f239c871bd0c HTTP/1.1" status: 200 len: 783 time: 0.0690210
2020-12-02 15:22:35.576 23 INFO neutron.wsgi [req-6876291f-b72b-4642-88ab-56f3bc468ec4 851af1939a9b4ff8808a741857d37b46 761947fab1374992bf04ee79f6b6b929 - default default] 10.31.10.3,10.31.10.1 "GET /v2.0/networks/c8e1bba8-da86-4439-a984-1085e84d9405?fields=provider%3Aphysical_network&fields=provider%3Anetwork_type HTTP/1.1" status: 200 len: 257 time: 0.2527833
2020-12-02 15:22:51.441 23 INFO neutron.wsgi [-] 10.31.10.1 "GET / HTTP/1.1" status: 200 len: 228 time: 0.0040040
2020-12-02 15:23:21.626 23 INFO neutron.wsgi [-] 10.31.10.1 "GET / HTTP/1.1" status: 200 len: 228 time: 0.0115364
2020-12-02 15:23:21.815 25 INFO neutron.wsgi [req-142ed296-6062-4e01-b2cb-d9a7a13518e1 851af1939a9b4ff8808a741857d37b46 761947fab1374992bf04ee79f6b6b929 - default default] 10.31.10.20,10.31.10.1 "GET /v2.0/networks?id=c8e1bba8-da86-4439-a984-1085e84d9405 HTTP/1.1" status: 200 len: 905 time: 0.1255434
2020-12-02 15:23:22.053 23 INFO neutron.wsgi [req-5e80c314-6496-40c8-9ef2-8e0dd286cd78 851af1939a9b4ff8808a741857d37b46 761947fab1374992bf04ee79f6b6b929 - default default] 10.31.10.20,10.31.10.1 "GET /v2.0/ports?network_id=c8e1bba8-da86-4439-a984-1085e84d9405&device_owner=network%3Adhcp HTTP/1.1" status: 200 len: 186 time: 0.0450442
2020-12-02 15:23:28.816 23 INFO neutron.wsgi [req-693199fe-49f5-4ca7-8548-a79c751cd40c 851af1939a9b4ff8808a741857d37b46 761947fab1374992bf04ee79f6b6b929 - default default] 10.31.10.2,10.31.10.1 "GET /v2.0/ports?device_id=43362a64-7c50-48f8-b7e2-97a6f3ab6ba6&fields=binding%3Ahost_id&fields=binding%3Avif_type HTTP/1.1" status: 200 len: 238 time: 0.0769732
2020-12-02 15:23:29.243 23 INFO neutron.wsgi [req-5672188c-dd93-4d10-b0c6-43c402473e52 851af1939a9b4ff8808a741857d37b46 761947fab1374992bf04ee79f6b6b929 - default default] 10.31.10.2,10.31.10.1 "GET /v2.0/floatingips?fixed_ip_address=10.31.12.174&port_id=b808505d-ff26-458c-9a69-56093e82c8de HTTP/1.1" status: 200 len: 193 time: 0.0589318
2020-12-02 15:23:29.556 23 INFO neutron.wsgi [req-f882bfd6-86d7-4793-9df2-7758188db476 851af1939a9b4ff8808a741857d37b46 761947fab1374992bf04ee79f6b6b929 - default default] 10.31.10.2,10.31.10.1 "GET /v2.0/networks/31d7fa17-bee4-4ca0-8150-8bdf6a8ca8c2?fields=segments HTTP/1.1" status: 200 len: 188 time: 0.1233962
2020-12-02 15:23:34.574 25 INFO neutron.wsgi [req-c1de87d4-6976-40bf-a4fc-e5125503f3c8 851af1939a9b4ff8808a741857d37b46 761947fab1374992bf04ee79f6b6b929 - default default] 10.31.10.3,10.31.10.1 "GET /v2.0/ports?tenant_id=63be5b4f4d784088b73cd36e6114f00e&device_id=a1cd5b9c-26b5-413f-8af6-e2fb9f3d8697 HTTP/1.1" status: 200 len: 1281 time: 0.0802815
2020-12-02 15:23:34.897 24 INFO neutron.wsgi [req-ecf09965-dac2-4f9e-9f08-b11e7932f62d 851af1939a9b4ff8808a741857d37b46 761947fab1374992bf04ee79f6b6b929 - default default] 10.31.10.3,10.31.10.1 "GET /v2.0/subnets?id=226b7ffb-b593-46b7-a0aa-f239c871bd0c HTTP/1.1" status: 200 len: 783 time: 0.0638483
2020-12-02 15:23:35.396 24 INFO neutron.wsgi [req-c6a66d7f-1a0f-47f1-8316-f2ae4fc9ae89 851af1939a9b4ff8808a741857d37b46 761947fab1374992bf04ee79f6b6b929 - default default] 10.31.10.3,10.31.10.1 "GET /v2.0/networks/c8e1bba8-da86-4439-a984-1085e84d9405?fields=provider%3Aphysical_network&fields=provider%3Anetwork_type HTTP/1.1" status: 200 len: 257 time: 0.2702661
2020-12-02 15:23:51.804 21 INFO neutron.wsgi [-] 10.31.10.1 "GET / HTTP/1.1" status: 200 len: 228 time: 0.0055079
2020-12-02 15:24:21.977 21 INFO neutron.wsgi [-] 10.31.10.1 "GET / HTTP/1.1" status: 200 len: 228 time: 0.0038803
2020-12-02 15:24:22.810 24 INFO neutron.wsgi [req-1e2b4da1-acd7-43a2-bd61-472e341dadb7 851af1939a9b4ff8808a741857d37b46 761947fab1374992bf04ee79f6b6b929 - default default] 10.31.10.20,10.31.10.1 "GET /v2.0/networks?id=c8e1bba8-da86-4439-a984-1085e84d9405 HTTP/1.1" status: 200 len: 905 time: 0.1186712
2020-12-02 15:24:23.026 21 INFO neutron.wsgi [req-ad7cfda7-e7c8-415d-8c0a-d4d64f649d01 851af1939a9b4ff8808a741857d37b46 761947fab1374992bf04ee79f6b6b929 - default default] 10.31.10.20,10.31.10.1 "GET /v2.0/ports?network_id=c8e1bba8-da86-4439-a984-1085e84d9405&device_owner=network%3Adhcp HTTP/1.1" status: 200 len: 186 time: 0.0463269
2020-12-02 15:24:30.817 21 INFO neutron.wsgi [req-0933bff1-34ee-4e08-99ac-4fb1f0d4c8bc 851af1939a9b4ff8808a741857d37b46 761947fab1374992bf04ee79f6b6b929 - default default] 10.31.10.2,10.31.10.1 "GET /v2.0/ports?device_id=43362a64-7c50-48f8-b7e2-97a6f3ab6ba6&fields=binding%3Ahost_id&fields=binding%3Avif_type HTTP/1.1" status: 200 len: 238 time: 0.0797443
2020-12-02 15:24:31.250 21 INFO neutron.wsgi [req-0c4dced7-7548-4062-a307-56ad91e96f7e 851af1939a9b4ff8808a741857d37b46 761947fab1374992bf04ee79f6b6b929 - default default] 10.31.10.2,10.31.10.1 "GET /v2.0/floatingips?fixed_ip_address=10.31.12.174&port_id=b808505d-ff26-458c-9a69-56093e82c8de HTTP/1.1" status: 200 len: 193 time: 0.0644183
2020-12-02 15:24:31.460 22 INFO neutron.wsgi [req-34b4f1b2-d39c-4a6f-b46a-96ae9a55032a 851af1939a9b4ff8808a741857d37b46 761947fab1374992bf04ee79f6b6b929 - default default] 10.31.10.2,10.31.10.1 "GET /v2.0/extensions HTTP/1.1" status: 200 len: 14561 time: 0.0133176
2020-12-02 15:24:36.391 23 INFO neutron.wsgi [req-5d286f79-973b-4a5d-9fb4-e3fe396126f6 851af1939a9b4ff8808a741857d37b46 761947fab1374992bf04ee79f6b6b929 - default default] 10.31.10.3,10.31.10.1 "GET /v2.0/ports?device_id=a1cd5b9c-26b5-413f-8af6-e2fb9f3d8697&fields=binding%3Ahost_id&fields=binding%3Avif_type HTTP/1.1" status: 200 len: 238 time: 0.0718718
2020-12-02 15:24:36.828 24 INFO neutron.wsgi [req-a07c3547-fd91-4d72-a7b7-bd17c5b898c0 851af1939a9b4ff8808a741857d37b46 761947fab1374992bf04ee79f6b6b929 - default default] 10.31.10.3,10.31.10.1 "GET /v2.0/floatingips?fixed_ip_address=10.31.11.100&port_id=902028fa-f267-424a-b762-3bc7354d5423 HTTP/1.1" status: 200 len: 193 time: 0.0645659
2020-12-02 15:24:37.093 24 INFO neutron.wsgi [req-b56c9cfd-65ef-4bd4-85ba-01a4cd8da09e 851af1939a9b4ff8808a741857d37b46 761947fab1374992bf04ee79f6b6b929 - default default] 10.31.10.3,10.31.10.1 "GET /v2.0/networks/c8e1bba8-da86-4439-a984-1085e84d9405?fields=segments HTTP/1.1" status: 200 len: 188 time: 0.1169121
2020-12-02 15:24:52.155 24 INFO neutron.wsgi [-] 10.31.10.1 "GET / HTTP/1.1" status: 200 len: 228 time: 0.0051227
2020-12-02 15:25:22.338 25 INFO neutron.wsgi [-] 10.31.10.1 "GET / HTTP/1.1" status: 200 len: 228 time: 0.0047045
2020-12-02 15:25:22.623 24 INFO neutron.wsgi [req-5440e496-58d5-4a11-b9bc-2a7bf2c3d03f 851af1939a9b4ff8808a741857d37b46 761947fab1374992bf04ee79f6b6b929 - default default] 10.31.10.20,10.31.10.1 "GET /v2.0/ports?tenant_id=63be5b4f4d784088b73cd36e6114f00e&device_id=a4e73fe7-cf28-4d45-ad4f-ba65977536de HTTP/1.1" status: 200 len: 1278 time: 0.0708737
2020-12-02 15:25:22.946 24 INFO neutron.wsgi [req-99a3e4a1-ac2a-4469-8679-ce8659b1216c 851af1939a9b4ff8808a741857d37b46 761947fab1374992bf04ee79f6b6b929 - default default] 10.31.10.20,10.31.10.1 "GET /v2.0/subnets?id=226b7ffb-b593-46b7-a0aa-f239c871bd0c HTTP/1.1" status: 200 len: 783 time: 0.0627964
2020-12-02 15:25:23.284 25 INFO neutron.wsgi [req-d4aa1972-7eea-4b1f-98ad-0c261696b6ea 851af1939a9b4ff8808a741857d37b46 761947fab1374992bf04ee79f6b6b929 - default default] 10.31.10.20,10.31.10.1 "GET /v2.0/networks/c8e1bba8-da86-4439-a984-1085e84d9405?fields=provider%3Aphysical_network&fields=provider%3Anetwork_type HTTP/1.1" status: 200 len: 257 time: 0.1226764
2020-12-02 15:25:31.324 24 INFO neutron.wsgi [req-27aa3a74-9893-4a95-a705-3388ce24ceda 851af1939a9b4ff8808a741857d37b46 761947fab1374992bf04ee79f6b6b929 - default default] 10.31.10.2,10.31.10.1 "GET /v2.0/networks?id=31d7fa17-bee4-4ca0-8150-8bdf6a8ca8c2 HTTP/1.1" status: 200 len: 902 time: 0.1167288
2020-12-02 15:25:31.565 23 INFO neutron.wsgi [req-8c830494-d9ba-4592-85bf-8c4ab0dabc4a 851af1939a9b4ff8808a741857d37b46 761947fab1374992bf04ee79f6b6b929 - default default] 10.31.10.2,10.31.10.1 "GET /v2.0/ports?network_id=31d7fa17-bee4-4ca0-8150-8bdf6a8ca8c2&device_owner=network%3Adhcp HTTP/1.1" status: 200 len: 2479 time: 0.0815151
2020-12-02 15:25:36.476 23 INFO neutron.wsgi [req-7e7ad227-afb3-42c9-ad67-eb00d97e39c0 851af1939a9b4ff8808a741857d37b46 761947fab1374992bf04ee79f6b6b929 - default default] 10.31.10.3,10.31.10.1 "GET /v2.0/ports?device_id=a1cd5b9c-26b5-413f-8af6-e2fb9f3d8697&fields=binding%3Ahost_id&fields=binding%3Avif_type HTTP/1.1" status: 200 len: 238 time: 0.1604514
2020-12-02 15:25:36.927 23 INFO neutron.wsgi [req-a3bbb446-9ee0-428c-aace-94cf0bf4ead9 851af1939a9b4ff8808a741857d37b46 761947fab1374992bf04ee79f6b6b929 - default default] 10.31.10.3,10.31.10.1 "GET /v2.0/floatingips?fixed_ip_address=10.31.11.100&port_id=902028fa-f267-424a-b762-3bc7354d5423 HTTP/1.1" status: 200 len: 193 time: 0.0612581
2020-12-02 15:25:37.094 23 INFO neutron.wsgi [req-582b8286-274f-463d-80b9-7f82f3ab217b 851af1939a9b4ff8808a741857d37b46 761947fab1374992bf04ee79f6b6b929 - default default] 10.31.10.3,10.31.10.1 "GET /v2.0/extensions HTTP/1.1" status: 200 len: 14561 time: 0.0104156
2020-12-02 15:25:52.522 24 INFO neutron.wsgi [-] 10.31.10.1 "GET / HTTP/1.1" status: 200 len: 228 time: 0.0041540
2020-12-02 15:26:22.697 22 INFO neutron.wsgi [-] 10.31.10.1 "GET / HTTP/1.1" status: 200 len: 228 time: 0.0063124
2020-12-02 15:26:23.543 21 INFO neutron.wsgi [req-bb73abfb-f3a1-4201-a996-6665d550504f 851af1939a9b4ff8808a741857d37b46 761947fab1374992bf04ee79f6b6b929 - default default] 10.31.10.20,10.31.10.1 "GET /v2.0/ports?device_id=a4e73fe7-cf28-4d45-ad4f-ba65977536de&fields=binding%3Ahost_id&fields=binding%3Avif_type HTTP/1.1" status: 200 len: 238 time: 0.1674953
2020-12-02 15:26:23.978 24 INFO neutron.wsgi [req-353bdfea-8ac6-4bf6-a8b8-428b86ed73a9 851af1939a9b4ff8808a741857d37b46 761947fab1374992bf04ee79f6b6b929 - default default] 10.31.10.20,10.31.10.1 "GET /v2.0/floatingips?fixed_ip_address=10.31.11.197&port_id=638dbe1c-3bfb-4f03-a2f5-bac3e9c1ee1b HTTP/1.1" status: 200 len: 193 time: 0.0623090
2020-12-02 15:26:24.257 24 INFO neutron.wsgi [req-406f37bc-1e14-4bea-841e-2c80d170cc0e 851af1939a9b4ff8808a741857d37b46 761947fab1374992bf04ee79f6b6b929 - default default] 10.31.10.20,10.31.10.1 "GET /v2.0/networks/c8e1bba8-da86-4439-a984-1085e84d9405?fields=segments HTTP/1.1" status: 200 len: 188 time: 0.1195836
2020-12-02 15:26:31.004 24 INFO neutron.wsgi [req-566b9868-e6f2-4376-92f9-6c9a14079155 851af1939a9b4ff8808a741857d37b46 761947fab1374992bf04ee79f6b6b929 - default default] 10.31.10.2,10.31.10.1 "GET /v2.0/ports?tenant_id=63be5b4f4d784088b73cd36e6114f00e&device_id=43362a64-7c50-48f8-b7e2-97a6f3ab6ba6 HTTP/1.1" status: 200 len: 1315 time: 0.0824387
2020-12-02 15:26:31.325 24 INFO neutron.wsgi [req-dcf79d29-652d-47c0-8b2c-7b40dac8f226 851af1939a9b4ff8808a741857d37b46 761947fab1374992bf04ee79f6b6b929 - default default] 10.31.10.2,10.31.10.1 "GET /v2.0/subnets?id=355627ec-9f34-485a-8c9f-63327e7fe7f8 HTTP/1.1" status: 200 len: 818 time: 0.0590780
2020-12-02 15:26:31.714 22 INFO neutron.wsgi [req-bfa232d2-839f-4b60-8b16-21fba2c19e45 851af1939a9b4ff8808a741857d37b46 761947fab1374992bf04ee79f6b6b929 - default default] 10.31.10.2,10.31.10.1 "GET /v2.0/networks/31d7fa17-bee4-4ca0-8150-8bdf6a8ca8c2?fields=provider%3Aphysical_network&fields=provider%3Anetwork_type HTTP/1.1" status: 200 len: 257 time: 0.1318178
2020-12-02 15:26:36.750 24 INFO neutron.wsgi [req-63e2e3a4-45fa-41e7-b412-f909af5c502b 851af1939a9b4ff8808a741857d37b46 761947fab1374992bf04ee79f6b6b929 - default default] 10.31.10.3,10.31.10.1 "GET /v2.0/networks?id=c8e1bba8-da86-4439-a984-1085e84d9405 HTTP/1.1" status: 200 len: 905 time: 0.1189001
2020-12-02 15:26:36.961 21 INFO neutron.wsgi [req-2cb1e2f7-f629-4654-8dfe-f46188bf90a1 851af1939a9b4ff8808a741857d37b46 761947fab1374992bf04ee79f6b6b929 - default default] 10.31.10.3,10.31.10.1 "GET /v2.0/ports?network_id=c8e1bba8-da86-4439-a984-1085e84d9405&device_owner=network%3Adhcp HTTP/1.1" status: 200 len: 186 time: 0.0478694
2020-12-02 15:26:52.883 25 INFO neutron.wsgi [-] 10.31.10.1 "GET / HTTP/1.1" status: 200 len: 228 time: 0.0042136
2020-12-02 15:27:23.089 25 INFO neutron.wsgi [-] 10.31.10.1 "GET / HTTP/1.1" status: 200 len: 228 time: 0.0058315
2020-12-02 15:27:23.474 25 INFO neutron.wsgi [req-f2372e68-4418-4323-849e-75d4b92c3308 851af1939a9b4ff8808a741857d37b46 761947fab1374992bf04ee79f6b6b929 - default default] 10.31.10.20,10.31.10.1 "GET /v2.0/ports?device_id=a4e73fe7-cf28-4d45-ad4f-ba65977536de&fields=binding%3Ahost_id&fields=binding%3Avif_type HTTP/1.1" status: 200 len: 238 time: 0.0826120
2020-12-02 15:27:23.911 25 INFO neutron.wsgi [req-b1a30793-8d44-47ec-914b-895b43f2726a 851af1939a9b4ff8808a741857d37b46 761947fab1374992bf04ee79f6b6b929 - default default] 10.31.10.20,10.31.10.1 "GET /v2.0/floatingips?fixed_ip_address=10.31.11.197&port_id=638dbe1c-3bfb-4f03-a2f5-bac3e9c1ee1b HTTP/1.1" status: 200 len: 193 time: 0.0661302
2020-12-02 15:27:24.339 25 INFO neutron.wsgi [req-c8990e12-c43e-42c8-91ce-759b245df178 851af1939a9b4ff8808a741857d37b46 761947fab1374992bf04ee79f6b6b929 - default default] 10.31.10.20,10.31.10.1 "GET /v2.0/networks/c8e1bba8-da86-4439-a984-1085e84d9405?fields=segments HTTP/1.1" status: 200 len: 188 time: 0.2726111
2020-12-02 15:27:33.008 24 INFO neutron.wsgi [req-bac6ca36-8e1b-4dc0-b75f-0de752955c0d 851af1939a9b4ff8808a741857d37b46 761947fab1374992bf04ee79f6b6b929 - default default] 10.31.10.2,10.31.10.1 "GET /v2.0/ports?tenant_id=63be5b4f4d784088b73cd36e6114f00e&device_id=43362a64-7c50-48f8-b7e2-97a6f3ab6ba6 HTTP/1.1" status: 200 len: 1315 time: 0.0672684
2020-12-02 15:27:33.481 24 INFO neutron.wsgi [req-b99f0f39-4bfd-476e-ae00-5dd3952f81b9 851af1939a9b4ff8808a741857d37b46 761947fab1374992bf04ee79f6b6b929 - default default] 10.31.10.2,10.31.10.1 "GET /v2.0/subnets?id=355627ec-9f34-485a-8c9f-63327e7fe7f8 HTTP/1.1" status: 200 len: 818 time: 0.0631437
2020-12-02 15:27:33.870 21 INFO neutron.wsgi [req-3b56f425-e07f-4992-ad0f-340b96df3470 851af1939a9b4ff8808a741857d37b46 761947fab1374992bf04ee79f6b6b929 - default default] 10.31.10.2,10.31.10.1 "GET /v2.0/networks/31d7fa17-bee4-4ca0-8150-8bdf6a8ca8c2?fields=provider%3Aphysical_network&fields=provider%3Anetwork_type HTTP/1.1" status: 200 len: 257 time: 0.1275537
2020-12-02 15:27:36.754 21 INFO neutron.wsgi [req-8ab39d0b-d282-4bef-958b-cdf914d32a87 851af1939a9b4ff8808a741857d37b46 761947fab1374992bf04ee79f6b6b929 - default default] 10.31.10.3,10.31.10.1 "GET /v2.0/networks?id=c8e1bba8-da86-4439-a984-1085e84d9405 HTTP/1.1" status: 200 len: 905 time: 0.1316543
2020-12-02 15:27:36.961 21 INFO neutron.wsgi [req-583965a7-de28-4e09-a0e6-98bcb0fa1b54 851af1939a9b4ff8808a741857d37b46 761947fab1374992bf04ee79f6b6b929 - default default] 10.31.10.3,10.31.10.1 "GET /v2.0/ports?network_id=c8e1bba8-da86-4439-a984-1085e84d9405&device_owner=network%3Adhcp HTTP/1.1" status: 200 len: 186 time: 0.0404603
2020-12-02 15:27:53.277 21 INFO neutron.wsgi [-] 10.31.10.1 "GET / HTTP/1.1" status: 200 len: 228 time: 0.0137036
2020-12-02 15:28:23.443 21 INFO neutron.wsgi [-] 10.31.10.1 "GET / HTTP/1.1" status: 200 len: 228 time: 0.0042953
2020-12-02 15:28:23.481 21 INFO neutron.wsgi [req-8abd9596-6f37-4fd0-a387-3f398e2f79dd 851af1939a9b4ff8808a741857d37b46 761947fab1374992bf04ee79f6b6b929 - default default] 10.31.10.20,10.31.10.1 "GET /v2.0/ports?device_id=a4e73fe7-cf28-4d45-ad4f-ba65977536de&fields=binding%3Ahost_id&fields=binding%3Avif_type HTTP/1.1" status: 200 len: 238 time: 0.0902975
2020-12-02 15:28:23.908 25 INFO neutron.wsgi [req-dd86c268-456c-4b4f-b324-d20f13cbad8e 851af1939a9b4ff8808a741857d37b46 761947fab1374992bf04ee79f6b6b929 - default default] 10.31.10.20,10.31.10.1 "GET /v2.0/floatingips?fixed_ip_address=10.31.11.197&port_id=638dbe1c-3bfb-4f03-a2f5-bac3e9c1ee1b HTTP/1.1" status: 200 len: 193 time: 0.0624323
2020-12-02 15:28:24.170 25 INFO neutron.wsgi [req-d7a4ca13-e30d-404f-a03c-dc3d5ea9230e 851af1939a9b4ff8808a741857d37b46 761947fab1374992bf04ee79f6b6b929 - default default] 10.31.10.20,10.31.10.1 "GET /v2.0/networks/c8e1bba8-da86-4439-a984-1085e84d9405?fields=segments HTTP/1.1" status: 200 len: 188 time: 0.1259489
2020-12-02 15:28:33.002 25 INFO neutron.wsgi [req-64a21222-b811-49a3-b849-974aa19faddf 851af1939a9b4ff8808a741857d37b46 761947fab1374992bf04ee79f6b6b929 - default default] 10.31.10.2,10.31.10.1 "GET /v2.0/ports?tenant_id=63be5b4f4d784088b73cd36e6114f00e&device_id=43362a64-7c50-48f8-b7e2-97a6f3ab6ba6 HTTP/1.1" status: 200 len: 1315 time: 0.0727918
2020-12-02 15:28:33.332 25 INFO neutron.wsgi [req-863835c2-0cc9-4314-b501-1f063bd3bb7e 851af1939a9b4ff8808a741857d37b46 761947fab1374992bf04ee79f6b6b929 - default default] 10.31.10.2,10.31.10.1 "GET /v2.0/subnets?id=355627ec-9f34-485a-8c9f-63327e7fe7f8 HTTP/1.1" status: 200 len: 818 time: 0.0823884
2020-12-02 15:28:33.708 25 INFO neutron.wsgi [req-ee84bc96-37a9-43b6-8802-e3e30b8d47ce 851af1939a9b4ff8808a741857d37b46 761947fab1374992bf04ee79f6b6b929 - default default] 10.31.10.2,10.31.10.1 "GET /v2.0/networks/31d7fa17-bee4-4ca0-8150-8bdf6a8ca8c2?fields=provider%3Aphysical_network&fields=provider%3Anetwork_type HTTP/1.1" status: 200 len: 257 time: 0.1191988
2020-12-02 15:28:38.742 24 INFO neutron.wsgi [req-7f25de52-082c-4151-89a2-e6434b2e9959 851af1939a9b4ff8808a741857d37b46 761947fab1374992bf04ee79f6b6b929 - default default] 10.31.10.3,10.31.10.1 "GET /v2.0/networks?id=c8e1bba8-da86-4439-a984-1085e84d9405 HTTP/1.1" status: 200 len: 905 time: 0.1197541
2020-12-02 15:28:38.956 21 INFO neutron.wsgi [req-824f95d3-ae18-41d0-b32c-3155473825bc 851af1939a9b4ff8808a741857d37b46 761947fab1374992bf04ee79f6b6b929 - default default] 10.31.10.3,10.31.10.1 "GET /v2.0/ports?network_id=c8e1bba8-da86-4439-a984-1085e84d9405&device_owner=network%3Adhcp HTTP/1.1" status: 200 len: 186 time: 0.0485177
2020-12-02 15:28:53.645 21 INFO neutron.wsgi [-] 10.31.10.1 "GET / HTTP/1.1" status: 200 len: 228 time: 0.0051100
2020-12-02 15:29:23.830 23 INFO neutron.wsgi [-] 10.31.10.1 "GET / HTTP/1.1" status: 200 len: 228 time: 0.0073659
2020-12-02 15:29:25.459 22 INFO neutron.wsgi [req-cb62486d-8d5d-4a4f-82e9-f0ed92ca6e59 851af1939a9b4ff8808a741857d37b46 761947fab1374992bf04ee79f6b6b929 - default default] 10.31.10.20,10.31.10.1 "GET /v2.0/ports?device_id=a4e73fe7-cf28-4d45-ad4f-ba65977536de&fields=binding%3Ahost_id&fields=binding%3Avif_type HTTP/1.1" status: 200 len: 238 time: 0.0692959
2020-12-02 15:29:25.877 23 INFO neutron.wsgi [req-3d41ac9d-4e84-43dc-8bc6-dfeca02e9e30 851af1939a9b4ff8808a741857d37b46 761947fab1374992bf04ee79f6b6b929 - default default] 10.31.10.20,10.31.10.1 "GET /v2.0/floatingips?fixed_ip_address=10.31.11.197&port_id=638dbe1c-3bfb-4f03-a2f5-bac3e9c1ee1b HTTP/1.1" status: 200 len: 193 time: 0.0590179
2020-12-02 15:29:26.160 23 INFO neutron.wsgi [req-2cf0f775-871e-442a-8933-fbc3dd89d0b0 851af1939a9b4ff8808a741857d37b46 761947fab1374992bf04ee79f6b6b929 - default default] 10.31.10.20,10.31.10.1 "GET /v2.0/networks/c8e1bba8-da86-4439-a984-1085e84d9405?fields=segments HTTP/1.1" status: 200 len: 188 time: 0.1292875
2020-12-02 15:29:34.815 25 INFO neutron.wsgi [req-fc904e41-db24-46f6-8c47-3a32c5f17aad 851af1939a9b4ff8808a741857d37b46 761947fab1374992bf04ee79f6b6b929 - default default] 10.31.10.2,10.31.10.1 "GET /v2.0/ports?tenant_id=63be5b4f4d784088b73cd36e6114f00e&device_id=43362a64-7c50-48f8-b7e2-97a6f3ab6ba6 HTTP/1.1" status: 200 len: 1315 time: 0.0778065
2020-12-02 15:29:35.139 25 INFO neutron.wsgi [req-88c6f0af-4eeb-41ad-b5b9-e139b490f0ad 851af1939a9b4ff8808a741857d37b46 761947fab1374992bf04ee79f6b6b929 - default default] 10.31.10.2,10.31.10.1 "GET /v2.0/subnets?id=355627ec-9f34-485a-8c9f-63327e7fe7f8 HTTP/1.1" status: 200 len: 818 time: 0.0586703
2020-12-02 15:29:35.524 25 INFO neutron.wsgi [req-d0fbe80a-49a8-4b3a-b47d-d258a490b144 851af1939a9b4ff8808a741857d37b46 761947fab1374992bf04ee79f6b6b929 - default default] 10.31.10.2,10.31.10.1 "GET /v2.0/networks/31d7fa17-bee4-4ca0-8150-8bdf6a8ca8c2?fields=provider%3Aphysical_network&fields=provider%3Anetwork_type HTTP/1.1" status: 200 len: 257 time: 0.1266630
2020-12-02 15:29:38.757 25 INFO neutron.wsgi [req-49791bf4-2f1c-4224-94f9-bf489e1e3c39 851af1939a9b4ff8808a741857d37b46 761947fab1374992bf04ee79f6b6b929 - default default] 10.31.10.3,10.31.10.1 "GET /v2.0/networks?id=c8e1bba8-da86-4439-a984-1085e84d9405 HTTP/1.1" status: 200 len: 905 time: 0.1335673
2020-12-02 15:29:38.969 25 INFO neutron.wsgi [req-130850a3-9874-4b08-b8f4-507d8be2815d 851af1939a9b4ff8808a741857d37b46 761947fab1374992bf04ee79f6b6b929 - default default] 10.31.10.3,10.31.10.1 "GET /v2.0/ports?network_id=c8e1bba8-da86-4439-a984-1085e84d9405&device_owner=network%3Adhcp HTTP/1.1" status: 200 len: 186 time: 0.0424609
2020-12-02 15:29:54.008 24 INFO neutron.wsgi [-] 10.31.10.1 "GET / HTTP/1.1" status: 200 len: 228 time: 0.0042007
2020-12-02 15:30:24.192 21 INFO neutron.wsgi [-] 10.31.10.1 "GET / HTTP/1.1" status: 200 len: 228 time: 0.0069060
2020-12-02 15:30:26.463 24 INFO neutron.wsgi [req-33db4e92-6ca1-47f2-913b-d04ebecfa8ca 851af1939a9b4ff8808a741857d37b46 761947fab1374992bf04ee79f6b6b929 - default default] 10.31.10.20,10.31.10.1 "GET /v2.0/ports?device_id=a4e73fe7-cf28-4d45-ad4f-ba65977536de&fields=binding%3Ahost_id&fields=binding%3Avif_type HTTP/1.1" status: 200 len: 238 time: 0.0682626
2020-12-02 15:30:26.868 24 INFO neutron.wsgi [req-0d420b46-edcd-4463-9ca5-43d79eca4812 851af1939a9b4ff8808a741857d37b46 761947fab1374992bf04ee79f6b6b929 - default default] 10.31.10.20,10.31.10.1 "GET /v2.0/floatingips?fixed_ip_address=10.31.11.197&port_id=638dbe1c-3bfb-4f03-a2f5-bac3e9c1ee1b HTTP/1.1" status: 200 len: 193 time: 0.0537081
2020-12-02 15:30:27.129 24 INFO neutron.wsgi [req-b5a34c47-1ccd-4047-8a63-cc4dc2681b2a 851af1939a9b4ff8808a741857d37b46 761947fab1374992bf04ee79f6b6b929 - default default] 10.31.10.20,10.31.10.1 "GET /v2.0/networks/c8e1bba8-da86-4439-a984-1085e84d9405?fields=segments HTTP/1.1" status: 200 len: 188 time: 0.1111684
2020-12-02 15:30:36.038 25 INFO neutron.wsgi [req-985e1d8a-0c60-4aa5-8c59-4baabd7bfc9e 851af1939a9b4ff8808a741857d37b46 761947fab1374992bf04ee79f6b6b929 - default default] 10.31.10.2,10.31.10.1 "GET /v2.0/ports?tenant_id=63be5b4f4d784088b73cd36e6114f00e&device_id=43362a64-7c50-48f8-b7e2-97a6f3ab6ba6 HTTP/1.1" status: 200 len: 1315 time: 0.0764892
2020-12-02 15:30:36.362 25 INFO neutron.wsgi [req-ae94a8a2-ab86-47f3-af91-d835754e1285 851af1939a9b4ff8808a741857d37b46 761947fab1374992bf04ee79f6b6b929 - default default] 10.31.10.2,10.31.10.1 "GET /v2.0/subnets?id=355627ec-9f34-485a-8c9f-63327e7fe7f8 HTTP/1.1" status: 200 len: 818 time: 0.0693240
2020-12-02 15:30:36.763 23 INFO neutron.wsgi [req-e340a8a0-b0fb-4c96-b119-631e5667d07a 851af1939a9b4ff8808a741857d37b46 761947fab1374992bf04ee79f6b6b929 - default default] 10.31.10.2,10.31.10.1 "GET /v2.0/networks/31d7fa17-bee4-4ca0-8150-8bdf6a8ca8c2?fields=provider%3Aphysical_network&fields=provider%3Anetwork_type HTTP/1.1" status: 200 len: 257 time: 0.1474934
2020-12-02 15:30:38.833 24 INFO neutron.wsgi [req-a92d73e3-651b-4938-806a-4bfe6a0a8d47 851af1939a9b4ff8808a741857d37b46 761947fab1374992bf04ee79f6b6b929 - default default] 10.31.10.3,10.31.10.1 "GET /v2.0/networks?id=c8e1bba8-da86-4439-a984-1085e84d9405 HTTP/1.1" status: 200 len: 905 time: 0.1267009
2020-12-02 15:30:39.037 22 INFO neutron.wsgi [req-2f63bde5-c30c-47e5-858a-1b5018202ccf 851af1939a9b4ff8808a741857d37b46 761947fab1374992bf04ee79f6b6b929 - default default] 10.31.10.3,10.31.10.1 "GET /v2.0/ports?network_id=c8e1bba8-da86-4439-a984-1085e84d9405&device_owner=network%3Adhcp HTTP/1.1" status: 200 len: 186 time: 0.0457222
2020-12-02 15:30:54.398 25 INFO neutron.wsgi [-] 10.31.10.1 "GET / HTTP/1.1" status: 200 len: 228 time: 0.0049884
2020-12-02 15:31:24.586 22 INFO neutron.wsgi [-] 10.31.10.1 "GET / HTTP/1.1" status: 200 len: 228 time: 0.0057883
2020-12-02 15:31:26.570 22 INFO neutron.wsgi [req-8c36ffa1-d8d2-471d-ac7c-1a5a8e465c3c 851af1939a9b4ff8808a741857d37b46 761947fab1374992bf04ee79f6b6b929 - default default] 10.31.10.20,10.31.10.1 "GET /v2.0/ports?device_id=a4e73fe7-cf28-4d45-ad4f-ba65977536de&fields=binding%3Ahost_id&fields=binding%3Avif_type HTTP/1.1" status: 200 len: 238 time: 0.1761103
2020-12-02 15:31:26.986 24 INFO neutron.wsgi [req-ff502a0e-4588-4b69-a706-cfbec5a64afd 851af1939a9b4ff8808a741857d37b46 761947fab1374992bf04ee79f6b6b929 - default default] 10.31.10.20,10.31.10.1 "GET /v2.0/floatingips?fixed_ip_address=10.31.11.197&port_id=638dbe1c-3bfb-4f03-a2f5-bac3e9c1ee1b HTTP/1.1" status: 200 len: 193 time: 0.0635312
2020-12-02 15:31:27.158 24 INFO neutron.wsgi [req-821258d4-18dc-4285-8e88-7291bb4d148d 851af1939a9b4ff8808a741857d37b46 761947fab1374992bf04ee79f6b6b929 - default default] 10.31.10.20,10.31.10.1 "GET /v2.0/extensions HTTP/1.1" status: 200 len: 14561 time: 0.0104024
2020-12-02 15:31:35.932 24 INFO neutron.wsgi [req-a700e34c-5688-4410-9dd8-688571d598b1 851af1939a9b4ff8808a741857d37b46 761947fab1374992bf04ee79f6b6b929 - default default] 10.31.10.2,10.31.10.1 "GET /v2.0/ports?device_id=43362a64-7c50-48f8-b7e2-97a6f3ab6ba6&fields=binding%3Ahost_id&fields=binding%3Avif_type HTTP/1.1" status: 200 len: 238 time: 0.0655584
2020-12-02 15:31:36.609 24 INFO neutron.wsgi [req-ff01d344-47a3-47a9-bde3-24d88768bf0e 851af1939a9b4ff8808a741857d37b46 761947fab1374992bf04ee79f6b6b929 - default default] 10.31.10.2,10.31.10.1 "GET /v2.0/floatingips?fixed_ip_address=10.31.12.174&port_id=b808505d-ff26-458c-9a69-56093e82c8de HTTP/1.1" status: 200 len: 193 time: 0.0640113
2020-12-02 15:31:36.918 24 INFO neutron.wsgi [req-53333f7d-be45-4e8d-b6d8-e7751efa961b 851af1939a9b4ff8808a741857d37b46 761947fab1374992bf04ee79f6b6b929 - default default] 10.31.10.2,10.31.10.1 "GET /v2.0/networks/31d7fa17-bee4-4ca0-8150-8bdf6a8ca8c2?fields=segments HTTP/1.1" status: 200 len: 188 time: 0.1225767
2020-12-02 15:31:40.572 22 INFO neutron.wsgi [req-f6277b1d-84ec-4653-b8ae-e4d638d76c6d 851af1939a9b4ff8808a741857d37b46 761947fab1374992bf04ee79f6b6b929 - default default] 10.31.10.3,10.31.10.1 "GET /v2.0/ports?tenant_id=63be5b4f4d784088b73cd36e6114f00e&device_id=a1cd5b9c-26b5-413f-8af6-e2fb9f3d8697 HTTP/1.1" status: 200 len: 1281 time: 0.0707879
2020-12-02 15:31:40.887 24 INFO neutron.wsgi [req-1e03c9ff-59b3-45e3-b58b-fa8cd87301f7 851af1939a9b4ff8808a741857d37b46 761947fab1374992bf04ee79f6b6b929 - default default] 10.31.10.3,10.31.10.1 "GET /v2.0/subnets?id=226b7ffb-b593-46b7-a0aa-f239c871bd0c HTTP/1.1" status: 200 len: 783 time: 0.0627129
2020-12-02 15:31:41.382 21 INFO neutron.wsgi [req-daca4cdc-4b56-4bea-9ff9-7bcf1944ede9 851af1939a9b4ff8808a741857d37b46 761947fab1374992bf04ee79f6b6b929 - default default] 10.31.10.3,10.31.10.1 "GET /v2.0/networks/c8e1bba8-da86-4439-a984-1085e84d9405?fields=provider%3Aphysical_network&fields=provider%3Anetwork_type HTTP/1.1" status: 200 len: 257 time: 0.2865856
2020-12-02 15:31:54.740 21 INFO neutron.wsgi [-] 10.31.10.1 "GET / HTTP/1.1" status: 200 len: 228 time: 0.0040960
2020-12-02 15:32:24.919 22 INFO neutron.wsgi [-] 10.31.10.1 "GET / HTTP/1.1" status: 200 len: 228 time: 0.0042229
2020-12-02 15:32:28.832 24 INFO neutron.wsgi [req-a31fc12e-228c-4aed-b57c-52f3c77e5d61 851af1939a9b4ff8808a741857d37b46 761947fab1374992bf04ee79f6b6b929 - default default] 10.31.10.20,10.31.10.1 "GET /v2.0/networks?id=c8e1bba8-da86-4439-a984-1085e84d9405 HTTP/1.1" status: 200 len: 905 time: 0.1359463
2020-12-02 15:32:29.044 24 INFO neutron.wsgi [req-388269d1-6ddf-4246-ac95-ff071a945662 851af1939a9b4ff8808a741857d37b46 761947fab1374992bf04ee79f6b6b929 - default default] 10.31.10.20,10.31.10.1 "GET /v2.0/ports?network_id=c8e1bba8-da86-4439-a984-1085e84d9405&device_owner=network%3Adhcp HTTP/1.1" status: 200 len: 186 time: 0.0442119
2020-12-02 15:32:35.981 24 INFO neutron.wsgi [req-33ef8b37-7f5a-40d8-8589-c71ee7a3e1d9 851af1939a9b4ff8808a741857d37b46 761947fab1374992bf04ee79f6b6b929 - default default] 10.31.10.2,10.31.10.1 "GET /v2.0/ports?device_id=43362a64-7c50-48f8-b7e2-97a6f3ab6ba6&fields=binding%3Ahost_id&fields=binding%3Avif_type HTTP/1.1" status: 200 len: 238 time: 0.0693319
2020-12-02 15:32:36.411 21 INFO neutron.wsgi [req-f868d6b1-4e74-4694-a7db-fa09cef393c1 851af1939a9b4ff8808a741857d37b46 761947fab1374992bf04ee79f6b6b929 - default default] 10.31.10.2,10.31.10.1 "GET /v2.0/floatingips?fixed_ip_address=10.31.12.174&port_id=b808505d-ff26-458c-9a69-56093e82c8de HTTP/1.1" status: 200 len: 193 time: 0.0725293
2020-12-02 15:32:36.741 21 INFO neutron.wsgi [req-813fc015-261f-49bb-8dae-fe7016a1c049 851af1939a9b4ff8808a741857d37b46 761947fab1374992bf04ee79f6b6b929 - default default] 10.31.10.2,10.31.10.1 "GET /v2.0/networks/31d7fa17-bee4-4ca0-8150-8bdf6a8ca8c2?fields=segments HTTP/1.1" status: 200 len: 188 time: 0.1424034
2020-12-02 15:32:42.574 24 INFO neutron.wsgi [req-e20d15d1-00be-4033-bfdd-4322377a92fb 851af1939a9b4ff8808a741857d37b46 761947fab1374992bf04ee79f6b6b929 - default default] 10.31.10.3,10.31.10.1 "GET /v2.0/ports?tenant_id=63be5b4f4d784088b73cd36e6114f00e&device_id=a1cd5b9c-26b5-413f-8af6-e2fb9f3d8697 HTTP/1.1" status: 200 len: 1281 time: 0.0746875
2020-12-02 15:32:42.898 25 INFO neutron.wsgi [req-f8b98b1f-8c13-4599-beef-ecdaa55b9a97 851af1939a9b4ff8808a741857d37b46 761947fab1374992bf04ee79f6b6b929 - default default] 10.31.10.3,10.31.10.1 "GET /v2.0/subnets?id=226b7ffb-b593-46b7-a0aa-f239c871bd0c HTTP/1.1" status: 200 len: 783 time: 0.0657537
2020-12-02 15:32:43.249 25 INFO neutron.wsgi [req-b0e4c733-ce68-4bed-b7df-3bd084d08edb 851af1939a9b4ff8808a741857d37b46 761947fab1374992bf04ee79f6b6b929 - default default] 10.31.10.3,10.31.10.1 "GET /v2.0/networks/c8e1bba8-da86-4439-a984-1085e84d9405?fields=provider%3Aphysical_network&fields=provider%3Anetwork_type HTTP/1.1" status: 200 len: 257 time: 0.1317284
2020-12-02 15:32:55.118 22 INFO neutron.wsgi [-] 10.31.10.1 "GET / HTTP/1.1" status: 200 len: 228 time: 0.0109749
2020-12-02 15:33:25.298 24 INFO neutron.wsgi [-] 10.31.10.1 "GET / HTTP/1.1" status: 200 len: 228 time: 0.0042121
2020-12-02 15:33:29.801 22 INFO neutron.wsgi [req-8d52558a-45c9-46ac-9bae-709eeff2c854 851af1939a9b4ff8808a741857d37b46 761947fab1374992bf04ee79f6b6b929 - default default] 10.31.10.20,10.31.10.1 "GET /v2.0/networks?id=c8e1bba8-da86-4439-a984-1085e84d9405 HTTP/1.1" status: 200 len: 905 time: 0.1275041
2020-12-02 15:33:30.153 22 INFO neutron.wsgi [req-024c5484-8380-4141-8cf0-2d64451aa927 851af1939a9b4ff8808a741857d37b46 761947fab1374992bf04ee79f6b6b929 - default default] 10.31.10.20,10.31.10.1 "GET /v2.0/ports?network_id=c8e1bba8-da86-4439-a984-1085e84d9405&device_owner=network%3Adhcp HTTP/1.1" status: 200 len: 186 time: 0.0443070
2020-12-02 15:33:35.770 22 INFO neutron.wsgi [req-6c6295b1-5926-4d61-9ec6-d0f1bf328968 851af1939a9b4ff8808a741857d37b46 761947fab1374992bf04ee79f6b6b929 - default default] 10.31.10.2,10.31.10.1 "GET /v2.0/ports?device_id=43362a64-7c50-48f8-b7e2-97a6f3ab6ba6&fields=binding%3Ahost_id&fields=binding%3Avif_type HTTP/1.1" status: 200 len: 238 time: 0.0778177
2020-12-02 15:33:36.197 22 INFO neutron.wsgi [req-9926c7c1-55e6-43f5-857b-f83576ac309e 851af1939a9b4ff8808a741857d37b46 761947fab1374992bf04ee79f6b6b929 - default default] 10.31.10.2,10.31.10.1 "GET /v2.0/floatingips?fixed_ip_address=10.31.12.174&port_id=b808505d-ff26-458c-9a69-56093e82c8de HTTP/1.1" status: 200 len: 193 time: 0.0597162
2020-12-02 15:33:36.528 22 INFO neutron.wsgi [req-a505be64-fffc-4060-9cef-3a2cc9a01aa3 851af1939a9b4ff8808a741857d37b46 761947fab1374992bf04ee79f6b6b929 - default default] 10.31.10.2,10.31.10.1 "GET /v2.0/networks/31d7fa17-bee4-4ca0-8150-8bdf6a8ca8c2?fields=segments HTTP/1.1" status: 200 len: 188 time: 0.1256812
2020-12-02 15:33:43.600 23 INFO neutron.wsgi [req-664fdb76-1f91-4aa6-8f4e-139044b0193d 851af1939a9b4ff8808a741857d37b46 761947fab1374992bf04ee79f6b6b929 - default default] 10.31.10.3,10.31.10.1 "GET /v2.0/ports?tenant_id=63be5b4f4d784088b73cd36e6114f00e&device_id=a1cd5b9c-26b5-413f-8af6-e2fb9f3d8697 HTTP/1.1" status: 200 len: 1281 time: 0.0915775
2020-12-02 15:33:43.949 23 INFO neutron.wsgi [req-6be267f2-28fc-4c8c-bbe4-de4d9a96e007 851af1939a9b4ff8808a741857d37b46 761947fab1374992bf04ee79f6b6b929 - default default] 10.31.10.3,10.31.10.1 "GET /v2.0/subnets?id=226b7ffb-b593-46b7-a0aa-f239c871bd0c HTTP/1.1" status: 200 len: 783 time: 0.0664852
2020-12-02 15:33:44.303 23 INFO neutron.wsgi [req-768abeab-528a-45b1-a58d-e162023cbe75 851af1939a9b4ff8808a741857d37b46 761947fab1374992bf04ee79f6b6b929 - default default] 10.31.10.3,10.31.10.1 "GET /v2.0/networks/c8e1bba8-da86-4439-a984-1085e84d9405?fields=provider%3Aphysical_network&fields=provider%3Anetwork_type HTTP/1.1" status: 200 len: 257 time: 0.1249642
2020-12-02 15:33:55.461 24 INFO neutron.wsgi [-] 10.31.10.1 "GET / HTTP/1.1" status: 200 len: 228 time: 0.0054581
2020-12-02 15:34:25.638 24 INFO neutron.wsgi [-] 10.31.10.1 "GET / HTTP/1.1" status: 200 len: 228 time: 0.0054841
2020-12-02 15:34:30.829 25 INFO neutron.wsgi [req-e370348e-3844-413e-929d-2a788fe986f6 851af1939a9b4ff8808a741857d37b46 761947fab1374992bf04ee79f6b6b929 - default default] 10.31.10.20,10.31.10.1 "GET /v2.0/networks?id=c8e1bba8-da86-4439-a984-1085e84d9405 HTTP/1.1" status: 200 len: 905 time: 0.1387467
2020-12-02 15:34:31.034 25 INFO neutron.wsgi [req-f4aad6da-8758-4e66-bdae-428dd396fe75 851af1939a9b4ff8808a741857d37b46 761947fab1374992bf04ee79f6b6b929 - default default] 10.31.10.20,10.31.10.1 "GET /v2.0/ports?network_id=c8e1bba8-da86-4439-a984-1085e84d9405&device_owner=network%3Adhcp HTTP/1.1" status: 200 len: 186 time: 0.0424261
2020-12-02 15:34:37.486 23 INFO neutron.wsgi [req-bc63bc5c-f2c8-45aa-8164-1cbc11a00a86 851af1939a9b4ff8808a741857d37b46 761947fab1374992bf04ee79f6b6b929 - default default] 10.31.10.2,10.31.10.1 "GET /v2.0/ports?device_id=43362a64-7c50-48f8-b7e2-97a6f3ab6ba6&fields=binding%3Ahost_id&fields=binding%3Avif_type HTTP/1.1" status: 200 len: 238 time: 0.0715394
2020-12-02 15:34:37.913 23 INFO neutron.wsgi [req-fef7c0fa-61f4-4fd3-b349-796558fcd69a 851af1939a9b4ff8808a741857d37b46 761947fab1374992bf04ee79f6b6b929 - default default] 10.31.10.2,10.31.10.1 "GET /v2.0/floatingips?fixed_ip_address=10.31.12.174&port_id=b808505d-ff26-458c-9a69-56093e82c8de HTTP/1.1" status: 200 len: 193 time: 0.0605342
2020-12-02 15:34:38.122 23 INFO neutron.wsgi [req-d43cfe40-b148-46d3-8f25-316b1614d35a 851af1939a9b4ff8808a741857d37b46 761947fab1374992bf04ee79f6b6b929 - default default] 10.31.10.2,10.31.10.1 "GET /v2.0/extensions HTTP/1.1" status: 200 len: 14561 time: 0.0119417
2020-12-02 15:34:43.380 24 INFO neutron.wsgi [req-7619d725-2b41-4d39-ab04-28f9ce4cb321 851af1939a9b4ff8808a741857d37b46 761947fab1374992bf04ee79f6b6b929 - default default] 10.31.10.3,10.31.10.1 "GET /v2.0/ports?device_id=a1cd5b9c-26b5-413f-8af6-e2fb9f3d8697&fields=binding%3Ahost_id&fields=binding%3Avif_type HTTP/1.1" status: 200 len: 238 time: 0.0715003
2020-12-02 15:34:43.795 22 INFO neutron.wsgi [req-3bc2329e-7481-4262-b6dc-185e5912d0e5 851af1939a9b4ff8808a741857d37b46 761947fab1374992bf04ee79f6b6b929 - default default] 10.31.10.3,10.31.10.1 "GET /v2.0/floatingips?fixed_ip_address=10.31.11.100&port_id=902028fa-f267-424a-b762-3bc7354d5423 HTTP/1.1" status: 200 len: 193 time: 0.0616219
2020-12-02 15:34:44.065 22 INFO neutron.wsgi [req-5721856b-421e-4624-9a5c-49a9afa9b3d4 851af1939a9b4ff8808a741857d37b46 761947fab1374992bf04ee79f6b6b929 - default default] 10.31.10.3,10.31.10.1 "GET /v2.0/networks/c8e1bba8-da86-4439-a984-1085e84d9405?fields=segments HTTP/1.1" status: 200 len: 188 time: 0.1229558
2020-12-02 15:34:55.823 22 INFO neutron.wsgi [-] 10.31.10.1 "GET / HTTP/1.1" status: 200 len: 228 time: 0.0046484
2020-12-02 15:35:25.994 23 INFO neutron.wsgi [-] 10.31.10.1 "GET / HTTP/1.1" status: 200 len: 228 time: 0.0048130
2020-12-02 15:35:31.649 25 INFO neutron.wsgi [req-76d2ca2e-1bd2-4e59-b2fd-2fc4791f49fc 851af1939a9b4ff8808a741857d37b46 761947fab1374992bf04ee79f6b6b929 - default default] 10.31.10.20,10.31.10.1 "GET /v2.0/ports?tenant_id=63be5b4f4d784088b73cd36e6114f00e&device_id=a4e73fe7-cf28-4d45-ad4f-ba65977536de HTTP/1.1" status: 200 len: 1278 time: 0.0659404
2020-12-02 15:35:32.109 25 INFO neutron.wsgi [req-337b3b0e-c7fb-4dc5-b38a-5acd709e534e 851af1939a9b4ff8808a741857d37b46 761947fab1374992bf04ee79f6b6b929 - default default] 10.31.10.20,10.31.10.1 "GET /v2.0/subnets?id=226b7ffb-b593-46b7-a0aa-f239c871bd0c HTTP/1.1" status: 200 len: 783 time: 0.0586994
2020-12-02 15:35:32.444 25 INFO neutron.wsgi [req-86976c25-d7ea-4856-b970-424ded6b87c6 851af1939a9b4ff8808a741857d37b46 761947fab1374992bf04ee79f6b6b929 - default default] 10.31.10.20,10.31.10.1 "GET /v2.0/networks/c8e1bba8-da86-4439-a984-1085e84d9405?fields=provider%3Aphysical_network&fields=provider%3Anetwork_type HTTP/1.1" status: 200 len: 257 time: 0.1129882
2020-12-02 15:35:39.129 24 INFO neutron.wsgi [req-4cfc5806-885f-434b-b113-4db851710ebc 851af1939a9b4ff8808a741857d37b46 761947fab1374992bf04ee79f6b6b929 - default default] 10.31.10.2,10.31.10.1 "GET /v2.0/networks?id=31d7fa17-bee4-4ca0-8150-8bdf6a8ca8c2 HTTP/1.1" status: 200 len: 902 time: 0.1158895
2020-12-02 15:35:39.374 23 INFO neutron.wsgi [req-fe42f6c9-d7ed-45ff-8159-88ebd6be0e1e 851af1939a9b4ff8808a741857d37b46 761947fab1374992bf04ee79f6b6b929 - default default] 10.31.10.2,10.31.10.1 "GET /v2.0/ports?network_id=31d7fa17-bee4-4ca0-8150-8bdf6a8ca8c2&device_owner=network%3Adhcp HTTP/1.1" status: 200 len: 2479 time: 0.0812809
2020-12-02 15:35:44.493 22 INFO neutron.wsgi [req-9bb91542-cd92-475b-a016-bf6b1064e77b 851af1939a9b4ff8808a741857d37b46 761947fab1374992bf04ee79f6b6b929 - default default] 10.31.10.3,10.31.10.1 "GET /v2.0/ports?device_id=a1cd5b9c-26b5-413f-8af6-e2fb9f3d8697&fields=binding%3Ahost_id&fields=binding%3Avif_type HTTP/1.1" status: 200 len: 238 time: 0.1768017
2020-12-02 15:35:44.926 22 INFO neutron.wsgi [req-0f1b5dc5-e379-4180-bfcc-57753fc87023 851af1939a9b4ff8808a741857d37b46 761947fab1374992bf04ee79f6b6b929 - default default] 10.31.10.3,10.31.10.1 "GET /v2.0/floatingips?fixed_ip_address=10.31.11.100&port_id=902028fa-f267-424a-b762-3bc7354d5423 HTTP/1.1" status: 200 len: 193 time: 0.0588474
2020-12-02 15:35:45.092 21 INFO neutron.wsgi [req-93e2adab-00ac-4b69-9abf-27d238c19504 851af1939a9b4ff8808a741857d37b46 761947fab1374992bf04ee79f6b6b929 - default default] 10.31.10.3,10.31.10.1 "GET /v2.0/extensions HTTP/1.1" status: 200 len: 14561 time: 0.0122721
2020-12-02 15:35:56.185 23 INFO neutron.wsgi [-] 10.31.10.1 "GET / HTTP/1.1" status: 200 len: 228 time: 0.0043483
2020-12-02 15:36:26.347 23 INFO neutron.wsgi [-] 10.31.10.1 "GET / HTTP/1.1" status: 200 len: 228 time: 0.0057714
2020-12-02 15:36:32.564 24 INFO neutron.wsgi [req-a7e97958-9bf4-4b1c-ab88-9cea7a016378 851af1939a9b4ff8808a741857d37b46 761947fab1374992bf04ee79f6b6b929 - default default] 10.31.10.20,10.31.10.1 "GET /v2.0/ports?device_id=a4e73fe7-cf28-4d45-ad4f-ba65977536de&fields=binding%3Ahost_id&fields=binding%3Avif_type HTTP/1.1" status: 200 len: 238 time: 0.1563072
2020-12-02 15:36:33.173 24 INFO neutron.wsgi [req-7cd589bb-1c7f-4f07-9e52-a54e7c90315a 851af1939a9b4ff8808a741857d37b46 761947fab1374992bf04ee79f6b6b929 - default default] 10.31.10.20,10.31.10.1 "GET /v2.0/floatingips?fixed_ip_address=10.31.11.197&port_id=638dbe1c-3bfb-4f03-a2f5-bac3e9c1ee1b HTTP/1.1" status: 200 len: 193 time: 0.2269495
2020-12-02 15:36:33.446 22 INFO neutron.wsgi [req-70d38678-a533-4b7d-8fc8-80de49a0de74 851af1939a9b4ff8808a741857d37b46 761947fab1374992bf04ee79f6b6b929 - default default] 10.31.10.20,10.31.10.1 "GET /v2.0/networks/c8e1bba8-da86-4439-a984-1085e84d9405?fields=segments HTTP/1.1" status: 200 len: 188 time: 0.1214247
2020-12-02 15:36:39.699 21 INFO neutron.wsgi [req-9412c831-4eae-4ff1-afbd-89e80c8554fc 851af1939a9b4ff8808a741857d37b46 761947fab1374992bf04ee79f6b6b929 - default default] 10.31.10.2,10.31.10.1 "GET /v2.0/ports?tenant_id=63be5b4f4d784088b73cd36e6114f00e&device_id=43362a64-7c50-48f8-b7e2-97a6f3ab6ba6 HTTP/1.1" status: 200 len: 1315 time: 0.0777495
2020-12-02 15:36:40.182 21 INFO neutron.wsgi [req-49b265dd-8874-4b4f-971d-7218eb101588 851af1939a9b4ff8808a741857d37b46 761947fab1374992bf04ee79f6b6b929 - default default] 10.31.10.2,10.31.10.1 "GET /v2.0/subnets?id=355627ec-9f34-485a-8c9f-63327e7fe7f8 HTTP/1.1" status: 200 len: 818 time: 0.0640349
2020-12-02 15:36:40.567 24 INFO neutron.wsgi [req-3877b8bd-742e-44d3-8ec3-5ac81c5b728d 851af1939a9b4ff8808a741857d37b46 761947fab1374992bf04ee79f6b6b929 - default default] 10.31.10.2,10.31.10.1 "GET /v2.0/networks/31d7fa17-bee4-4ca0-8150-8bdf6a8ca8c2?fields=provider%3Aphysical_network&fields=provider%3Anetwork_type HTTP/1.1" status: 200 len: 257 time: 0.1206005
2020-12-02 15:36:46.754 21 INFO neutron.wsgi [req-737263db-6e30-4364-9ee7-f23883a6de0b 851af1939a9b4ff8808a741857d37b46 761947fab1374992bf04ee79f6b6b929 - default default] 10.31.10.3,10.31.10.1 "GET /v2.0/networks?id=c8e1bba8-da86-4439-a984-1085e84d9405 HTTP/1.1" status: 200 len: 905 time: 0.1270494
2020-12-02 15:36:46.959 24 INFO neutron.wsgi [req-ed9ba49d-582d-46ac-9aa8-719a50e803a3 851af1939a9b4ff8808a741857d37b46 761947fab1374992bf04ee79f6b6b929 - default default] 10.31.10.3,10.31.10.1 "GET /v2.0/ports?network_id=c8e1bba8-da86-4439-a984-1085e84d9405&device_owner=network%3Adhcp HTTP/1.1" status: 200 len: 186 time: 0.0403636
2020-12-02 15:36:56.544 22 INFO neutron.wsgi [-] 10.31.10.1 "GET / HTTP/1.1" status: 200 len: 228 time: 0.0042219
2020-12-02 15:37:26.706 21 INFO neutron.wsgi [-] 10.31.10.1 "GET / HTTP/1.1" status: 200 len: 228 time: 0.0042508
2020-12-02 15:37:33.567 21 INFO neutron.wsgi [req-31c92aec-984c-4bea-9fc2-85d9082c00d6 851af1939a9b4ff8808a741857d37b46 761947fab1374992bf04ee79f6b6b929 - default default] 10.31.10.20,10.31.10.1 "GET /v2.0/ports?device_id=a4e73fe7-cf28-4d45-ad4f-ba65977536de&fields=binding%3Ahost_id&fields=binding%3Avif_type HTTP/1.1" status: 200 len: 238 time: 0.0811794
2020-12-02 15:37:33.988 24 INFO neutron.wsgi [req-84cbe15d-c419-4b2d-88b9-683aaec4ea27 851af1939a9b4ff8808a741857d37b46 761947fab1374992bf04ee79f6b6b929 - default default] 10.31.10.20,10.31.10.1 "GET /v2.0/floatingips?fixed_ip_address=10.31.11.197&port_id=638dbe1c-3bfb-4f03-a2f5-bac3e9c1ee1b HTTP/1.1" status: 200 len: 193 time: 0.0625904
2020-12-02 15:37:34.283 25 INFO neutron.wsgi [req-ed5fe0d6-2617-4915-9fa5-40148af5f7d8 851af1939a9b4ff8808a741857d37b46 761947fab1374992bf04ee79f6b6b929 - default default] 10.31.10.20,10.31.10.1 "GET /v2.0/networks/c8e1bba8-da86-4439-a984-1085e84d9405?fields=segments HTTP/1.1" status: 200 len: 188 time: 0.1337843
2020-12-02 15:37:40.972 25 INFO neutron.wsgi [req-5fa9aa82-02b2-44e9-96a1-ee87933bf945 851af1939a9b4ff8808a741857d37b46 761947fab1374992bf04ee79f6b6b929 - default default] 10.31.10.2,10.31.10.1 "GET /v2.0/ports?tenant_id=63be5b4f4d784088b73cd36e6114f00e&device_id=43362a64-7c50-48f8-b7e2-97a6f3ab6ba6 HTTP/1.1" status: 200 len: 1315 time: 0.0716944
2020-12-02 15:37:41.293 21 INFO neutron.wsgi [req-78f8dab3-8fd6-4056-9349-3f0f7eb3585b 851af1939a9b4ff8808a741857d37b46 761947fab1374992bf04ee79f6b6b929 - default default] 10.31.10.2,10.31.10.1 "GET /v2.0/subnets?id=355627ec-9f34-485a-8c9f-63327e7fe7f8 HTTP/1.1" status: 200 len: 818 time: 0.0648048
2020-12-02 15:37:41.694 21 INFO neutron.wsgi [req-a7d0748f-73a3-43df-8a2c-897f1fe2d2d5 851af1939a9b4ff8808a741857d37b46 761947fab1374992bf04ee79f6b6b929 - default default] 10.31.10.2,10.31.10.1 "GET /v2.0/networks/31d7fa17-bee4-4ca0-8150-8bdf6a8ca8c2?fields=provider%3Aphysical_network&fields=provider%3Anetwork_type HTTP/1.1" status: 200 len: 257 time: 0.1276119
2020-12-02 15:37:46.770 24 INFO neutron.wsgi [req-e2590244-919f-49f7-8497-ecffc5a7748b 851af1939a9b4ff8808a741857d37b46 761947fab1374992bf04ee79f6b6b929 - default default] 10.31.10.3,10.31.10.1 "GET /v2.0/networks?id=c8e1bba8-da86-4439-a984-1085e84d9405 HTTP/1.1" status: 200 len: 905 time: 0.1402535
2020-12-02 15:37:46.986 24 INFO neutron.wsgi [req-1b5ef83c-df5f-42ef-838d-df85a52c0c48 851af1939a9b4ff8808a741857d37b46 761947fab1374992bf04ee79f6b6b929 - default default] 10.31.10.3,10.31.10.1 "GET /v2.0/ports?network_id=c8e1bba8-da86-4439-a984-1085e84d9405&device_owner=network%3Adhcp HTTP/1.1" status: 200 len: 186 time: 0.0355115
2020-12-02 15:37:56.864 24 INFO neutron.wsgi [-] 10.31.10.1 "GET / HTTP/1.1" status: 200 len: 228 time: 0.0062716
2020-12-02 15:38:27.055 24 INFO neutron.wsgi [-] 10.31.10.1 "GET / HTTP/1.1" status: 200 len: 228 time: 0.0054281
2020-12-02 15:38:34.462 24 INFO neutron.wsgi [req-78c2fee7-5118-417f-87bf-d53dc4502e3c 851af1939a9b4ff8808a741857d37b46 761947fab1374992bf04ee79f6b6b929 - default default] 10.31.10.20,10.31.10.1 "GET /v2.0/ports?device_id=a4e73fe7-cf28-4d45-ad4f-ba65977536de&fields=binding%3Ahost_id&fields=binding%3Avif_type HTTP/1.1" status: 200 len: 238 time: 0.0685964
2020-12-02 15:38:34.879 24 INFO neutron.wsgi [req-262aa8b0-4142-45db-ab38-3295bbe423af 851af1939a9b4ff8808a741857d37b46 761947fab1374992bf04ee79f6b6b929 - default default] 10.31.10.20,10.31.10.1 "GET /v2.0/floatingips?fixed_ip_address=10.31.11.197&port_id=638dbe1c-3bfb-4f03-a2f5-bac3e9c1ee1b HTTP/1.1" status: 200 len: 193 time: 0.0649350
2020-12-02 15:38:35.144 24 INFO neutron.wsgi [req-0d92f976-0d62-4e9b-952a-d5a349272905 851af1939a9b4ff8808a741857d37b46 761947fab1374992bf04ee79f6b6b929 - default default] 10.31.10.20,10.31.10.1 "GET /v2.0/networks/c8e1bba8-da86-4439-a984-1085e84d9405?fields=segments HTTP/1.1" status: 200 len: 188 time: 0.1126306
2020-12-02 15:38:40.732 24 INFO neutron.wsgi [req-e065dfda-212c-4b0a-9ec6-2adf4a13a10b 851af1939a9b4ff8808a741857d37b46 761947fab1374992bf04ee79f6b6b929 - default default] 10.31.10.2,10.31.10.1 "GET /v2.0/ports?tenant_id=63be5b4f4d784088b73cd36e6114f00e&device_id=43362a64-7c50-48f8-b7e2-97a6f3ab6ba6 HTTP/1.1" status: 200 len: 1315 time: 0.0627964
2020-12-02 15:38:41.045 24 INFO neutron.wsgi [req-cf7bea8d-fba9-4484-8b0e-a688215bfd2f 851af1939a9b4ff8808a741857d37b46 761947fab1374992bf04ee79f6b6b929 - default default] 10.31.10.2,10.31.10.1 "GET /v2.0/subnets?id=355627ec-9f34-485a-8c9f-63327e7fe7f8 HTTP/1.1" status: 200 len: 818 time: 0.0606534
2020-12-02 15:38:41.433 24 INFO neutron.wsgi [req-7274d430-ded0-436b-8dde-478367f87da1 851af1939a9b4ff8808a741857d37b46 761947fab1374992bf04ee79f6b6b929 - default default] 10.31.10.2,10.31.10.1 "GET /v2.0/networks/31d7fa17-bee4-4ca0-8150-8bdf6a8ca8c2?fields=provider%3Aphysical_network&fields=provider%3Anetwork_type HTTP/1.1" status: 200 len: 257 time: 0.1203079
