2020-12-02 17:53:19.355 24 INFO neutron.wsgi [req-c559bb65-e52d-40c0-b23e-3ae3d01f60c8 0da1bc1a3acc45d0aca57e504c04ea17 63be5b4f4d784088b73cd36e6114f00e - default default] 192.168.208.187,10.31.10.1 "GET /v2.0/subnets/5f21a19a-4740-4776-ba71-a4ce0b99f146 HTTP/1.1" status: 200 len: 809 time: 0.0679729
2020-12-02 17:53:19.547 22 INFO neutron.wsgi [req-ab1b3b7f-03ce-4fbf-aab6-815994bc5fb0 0da1bc1a3acc45d0aca57e504c04ea17 63be5b4f4d784088b73cd36e6114f00e - default default] 10.31.10.2,10.31.10.1 "GET /v2.0/floatingips?tenant_id=63be5b4f4d784088b73cd36e6114f00e HTTP/1.1" status: 200 len: 193 time: 0.0668843
2020-12-02 17:53:20.342 21 INFO neutron.wsgi [req-f9124d3c-859f-455f-a0e5-34edee94cbc4 0da1bc1a3acc45d0aca57e504c04ea17 63be5b4f4d784088b73cd36e6114f00e - default default] 192.168.208.187,10.31.10.1 "POST /v2.0/subnets HTTP/1.1" status: 201 len: 819 time: 0.6181614
2020-12-02 17:53:21.320 24 INFO neutron.wsgi [req-e88de074-7680-4eef-912c-72dea3528634 0da1bc1a3acc45d0aca57e504c04ea17 63be5b4f4d784088b73cd36e6114f00e - default default] 192.168.208.187,10.31.10.1 "GET /v2.0/subnets/dd84ff2c-ea53-4e3f-8219-fe31938e25e6 HTTP/1.1" status: 200 len: 804 time: 0.0808251
2020-12-02 17:53:22.341 23 INFO neutron.wsgi [req-a026cd50-556f-40dd-9200-d7aab9da5aef 0da1bc1a3acc45d0aca57e504c04ea17 63be5b4f4d784088b73cd36e6114f00e - default default] 192.168.208.187,10.31.10.1 "POST /v2.0/subnets HTTP/1.1" status: 201 len: 819 time: 0.6720693
2020-12-02 17:53:23.041 22 INFO neutron.wsgi [req-815ce810-e329-4d56-8caf-3f217424434d 0da1bc1a3acc45d0aca57e504c04ea17 63be5b4f4d784088b73cd36e6114f00e - default default] 192.168.208.187,10.31.10.1 "POST /v2.0/subnets HTTP/1.1" status: 201 len: 814 time: 0.6788459
2020-12-02 17:53:24.528 25 INFO neutron.wsgi [req-04bdb663-ce30-4b5e-a043-6cdf90950a03 0da1bc1a3acc45d0aca57e504c04ea17 63be5b4f4d784088b73cd36e6114f00e - default default] 192.168.208.187,10.31.10.1 "GET /v2.0/subnets/7e88368c-71d4-418f-8ec2-7a108a5a1d9b HTTP/1.1" status: 200 len: 814 time: 0.1264558
2020-12-02 17:53:24.548 22 INFO neutron.wsgi [req-5fb90a1c-af89-46dd-8ba7-d6e7fdb42bcd 0da1bc1a3acc45d0aca57e504c04ea17 63be5b4f4d784088b73cd36e6114f00e - default default] 10.31.10.2,10.31.10.1 "GET /v2.0/floatingips?tenant_id=63be5b4f4d784088b73cd36e6114f00e HTTP/1.1" status: 200 len: 193 time: 0.0819867
2020-12-02 17:53:24.662 24 INFO neutron.wsgi [req-0e798ae4-5ce5-4768-aedc-c24b5b45602b 0da1bc1a3acc45d0aca57e504c04ea17 63be5b4f4d784088b73cd36e6114f00e - default default] 192.168.208.187,10.31.10.1 "POST /v2.0/subnets HTTP/1.1" status: 201 len: 814 time: 0.9765856
2020-12-02 17:53:24.988 25 INFO neutron.wsgi [req-520b696b-1f1c-41e2-a6b8-ae6ea944c3d1 0da1bc1a3acc45d0aca57e504c04ea17 63be5b4f4d784088b73cd36e6114f00e - default default] 192.168.208.187,10.31.10.1 "POST /v2.0/subnets HTTP/1.1" status: 201 len: 819 time: 0.7257876
2020-12-02 17:53:25.655 25 INFO neutron.wsgi [req-5e14b167-b99b-428c-bb3f-9687662d5539 0da1bc1a3acc45d0aca57e504c04ea17 63be5b4f4d784088b73cd36e6114f00e - default default] 192.168.208.187,10.31.10.1 "GET /v2.0/subnets/0c6d0035-1fe9-4722-9bb7-5a8c696bffa6 HTTP/1.1" status: 200 len: 814 time: 0.2311268
2020-12-02 17:53:25.660 21 INFO neutron.wsgi [req-067465bc-74c0-4433-82ec-824f841d8d08 0da1bc1a3acc45d0aca57e504c04ea17 63be5b4f4d784088b73cd36e6114f00e - default default] 192.168.208.187,10.31.10.1 "POST /v2.0/subnets HTTP/1.1" status: 201 len: 819 time: 0.8232212
2020-12-02 17:53:25.798 25 INFO neutron.wsgi [req-7eda6548-452f-4413-a184-0ba0049c6f4b 0da1bc1a3acc45d0aca57e504c04ea17 63be5b4f4d784088b73cd36e6114f00e - default default] 192.168.208.187,10.31.10.1 "GET /v2.0/subnets/0c6d0035-1fe9-4722-9bb7-5a8c696bffa6 HTTP/1.1" status: 200 len: 814 time: 0.0710943
2020-12-02 17:53:27.492 21 INFO neutron.wsgi [req-e52dbb8c-442d-4c2a-a3e9-753798f9f602 0da1bc1a3acc45d0aca57e504c04ea17 63be5b4f4d784088b73cd36e6114f00e - default default] 192.168.208.187,10.31.10.1 "GET /v2.0/subnets/571280c1-a42c-49fe-a4ca-091d5117db19 HTTP/1.1" status: 200 len: 814 time: 0.0735905
2020-12-02 17:53:28.301 21 INFO neutron.wsgi [req-0b0e28eb-f9e6-4605-b9de-f6a5bbf25c5f 0da1bc1a3acc45d0aca57e504c04ea17 63be5b4f4d784088b73cd36e6114f00e - default default] 192.168.208.187,10.31.10.1 "GET /v2.0/subnets/7a865ca9-6054-48e3-840e-b32892393d7a HTTP/1.1" status: 200 len: 809 time: 0.0586536
2020-12-02 17:53:30.007 21 INFO neutron.wsgi [req-fc1e3a7f-d6f8-49a8-8065-679e03ee59a6 0da1bc1a3acc45d0aca57e504c04ea17 63be5b4f4d784088b73cd36e6114f00e - default default] 192.168.208.187,10.31.10.1 "GET /v2.0/subnets/f1e8d53c-e740-4b05-860a-6de2962e9efa HTTP/1.1" status: 200 len: 809 time: 0.0648403
2020-12-02 17:53:30.282 25 INFO neutron.wsgi [req-d8588ca8-57e4-4654-b53c-34c65e1387bb 0da1bc1a3acc45d0aca57e504c04ea17 63be5b4f4d784088b73cd36e6114f00e - default default] 192.168.208.187,10.31.10.1 "GET /v2.0/subnets/4327ca9f-edea-4ee1-9925-7b2e0ad52a19 HTTP/1.1" status: 200 len: 814 time: 0.0633380
2020-12-02 17:53:30.493 28 INFO neutron.db.l3_db [req-a47d645f-6480-4a9b-bc55-a343a1a150ed - - - - -] Skipping port ab52b215-ffbc-4169-ab46-aeea71341a98 as no IP is configure on it
2020-12-02 17:53:30.493 28 INFO neutron.db.l3_db [req-a47d645f-6480-4a9b-bc55-a343a1a150ed - - - - -] Skipping port ab52b215-ffbc-4169-ab46-aeea71341a98 as no IP is configure on it
2020-12-02 17:53:30.822 28 INFO neutron.db.l3_db [req-a47d645f-6480-4a9b-bc55-a343a1a150ed - - - - -] Skipping port ab52b215-ffbc-4169-ab46-aeea71341a98 as no IP is configure on it
2020-12-02 17:53:30.823 28 INFO neutron.db.l3_db [req-a47d645f-6480-4a9b-bc55-a343a1a150ed - - - - -] Skipping port ab52b215-ffbc-4169-ab46-aeea71341a98 as no IP is configure on it
2020-12-02 17:53:30.928 25 INFO neutron.wsgi [req-a88c1515-d716-4b08-81ac-375294648956 0da1bc1a3acc45d0aca57e504c04ea17 63be5b4f4d784088b73cd36e6114f00e - default default] 192.168.208.187,10.31.10.1 "GET /v2.0/subnets/485b0b03-6a6d-4cc3-ad6d-614934a30943 HTTP/1.1" status: 200 len: 814 time: 0.0680368
2020-12-02 17:53:31.199 25 INFO neutron.wsgi [req-ff90ba82-38a6-46dd-abe3-8a43bcd69174 0da1bc1a3acc45d0aca57e504c04ea17 63be5b4f4d784088b73cd36e6114f00e - default default] 192.168.208.187,10.31.10.1 "GET /v2.0/subnets/b572e4d8-7d65-44e6-8c1d-ee0754bc5867 HTTP/1.1" status: 200 len: 814 time: 0.0602894
2020-12-02 17:53:32.390 25 INFO neutron.wsgi [req-c7e801a3-4e85-4ae5-813b-50144ec162cb 0da1bc1a3acc45d0aca57e504c04ea17 63be5b4f4d784088b73cd36e6114f00e - default default] 192.168.208.187,10.31.10.1 "GET /v2.0/networks?name=test-net-37&status=ACTIVE HTTP/1.1" status: 200 len: 883 time: 0.1995432
2020-12-02 17:53:32.425 25 INFO neutron.wsgi [req-9ed7f9b9-2a26-4d15-aaf4-8d87b8dda2dd 0da1bc1a3acc45d0aca57e504c04ea17 63be5b4f4d784088b73cd36e6114f00e - default default] 192.168.208.187,10.31.10.1 "GET /v2.0/networks?name=test-net-29&status=ACTIVE HTTP/1.1" status: 200 len: 884 time: 0.1450565
2020-12-02 17:53:32.659 24 INFO neutron.wsgi [req-7c11f3ff-15cc-48c9-9ed9-46e86843ea78 0da1bc1a3acc45d0aca57e504c04ea17 63be5b4f4d784088b73cd36e6114f00e - default default] 10.31.10.2,10.31.10.1 "GET /v2.0/networks?id=2a9a479f-e84f-411f-b574-55f45ccc6c6f HTTP/1.1" status: 200 len: 883 time: 0.1535256
2020-12-02 17:53:32.679 24 INFO neutron.wsgi [req-90a7265c-179d-45c1-9f30-5baaa49cb702 0da1bc1a3acc45d0aca57e504c04ea17 63be5b4f4d784088b73cd36e6114f00e - default default] 10.31.10.2,10.31.10.1 "GET /v2.0/quotas/63be5b4f4d784088b73cd36e6114f00e HTTP/1.1" status: 200 len: 468 time: 0.0118001
2020-12-02 17:53:32.974 22 INFO neutron.wsgi [req-30f84bd1-b05c-439f-a8d4-f53a019b1ae7 0da1bc1a3acc45d0aca57e504c04ea17 63be5b4f4d784088b73cd36e6114f00e - default default] 10.31.10.3,10.31.10.1 "GET /v2.0/networks?id=31341ab7-7d03-4315-ace6-a2978d89fabd HTTP/1.1" status: 200 len: 883 time: 0.1238208
2020-12-02 17:53:33.111 22 INFO neutron.wsgi [req-34e1c525-d774-44be-89a0-f029d4e71fcd 0da1bc1a3acc45d0aca57e504c04ea17 63be5b4f4d784088b73cd36e6114f00e - default default] 10.31.10.3,10.31.10.1 "GET /v2.0/networks?shared=True HTTP/1.1" status: 200 len: 902 time: 0.1261215
2020-12-02 17:53:33.224 23 INFO neutron.wsgi [req-3ec7dd94-6605-4039-b3c8-9200b3b1dd5e 0da1bc1a3acc45d0aca57e504c04ea17 63be5b4f4d784088b73cd36e6114f00e - default default] 10.31.10.2,10.31.10.1 "GET /v2.0/networks?id=898f1e49-f22e-4787-8a6d-a7723853f3e9 HTTP/1.1" status: 200 len: 883 time: 0.4662318
2020-12-02 17:53:33.380 23 INFO neutron.wsgi [req-0d82c6cd-ae8a-43e2-9e77-d22584a8b43a 0da1bc1a3acc45d0aca57e504c04ea17 63be5b4f4d784088b73cd36e6114f00e - default default] 10.31.10.3,10.31.10.1 "GET /v2.0/networks?router%3Aexternal=True HTTP/1.1" status: 200 len: 1619 time: 0.1515598
2020-12-02 17:53:33.864 24 INFO neutron.wsgi [req-68f581c8-7511-4934-9d01-37eee8dae02d 851af1939a9b4ff8808a741857d37b46 761947fab1374992bf04ee79f6b6b929 - default default] 10.31.10.3,10.31.10.1 "GET /v2.0/extensions HTTP/1.1" status: 200 len: 14561 time: 0.1140921
2020-12-02 17:53:34.024 24 INFO neutron.wsgi [req-5a459a09-1089-48f1-9d78-9325d90a9fad 0da1bc1a3acc45d0aca57e504c04ea17 63be5b4f4d784088b73cd36e6114f00e - default default] 10.31.10.2,10.31.10.1 "GET /v2.0/ports?device_id=12606f42-4bd4-4c46-869a-034d53d6e431&device_id=a4e73fe7-cf28-4d45-ad4f-ba65977536de&device_id=a1cd5b9c-26b5-413f-8af6-e2fb9f3d8697&device_id=43362a64-7c50-48f8-b7e2-97a6f3ab6ba6 HTTP/1.1" status: 200 len: 4649 time: 0.2118833
2020-12-02 17:53:34.039 24 INFO neutron.wsgi [req-c59f9cf8-0aa1-4fee-834e-b07cbd78bb70 851af1939a9b4ff8808a741857d37b46 761947fab1374992bf04ee79f6b6b929 - default default] 10.31.10.3,10.31.10.1 "GET /v2.0/networks/31341ab7-7d03-4315-ace6-a2978d89fabd?fields=segments HTTP/1.1" status: 200 len: 188 time: 0.1620893
2020-12-02 17:53:34.070 24 INFO neutron.wsgi [req-445a5bb1-eaca-4e30-b9c7-353fcda2ad4d 0da1bc1a3acc45d0aca57e504c04ea17 63be5b4f4d784088b73cd36e6114f00e - default default] 10.31.10.2,10.31.10.1 "GET /v2.0/security-groups?id=b92ca6e7-6354-4c1e-a781-6be287e270a3&fields=id&fields=name HTTP/1.1" status: 200 len: 262 time: 0.0337141
2020-12-02 17:53:34.116 25 INFO neutron.wsgi [req-4d7d499e-dff1-451d-a5f4-77de220787ad 851af1939a9b4ff8808a741857d37b46 761947fab1374992bf04ee79f6b6b929 - default default] 10.31.10.3,10.31.10.1 "GET /v2.0/networks/5311b34d-bfa3-4de1-b261-da1c586985e6?fields=segments HTTP/1.1" status: 200 len: 188 time: 0.1658900
2020-12-02 17:53:34.524 23 INFO neutron.wsgi [req-c48ee940-e388-4fdb-9e1c-4e64f1bb0ea0 0da1bc1a3acc45d0aca57e504c04ea17 63be5b4f4d784088b73cd36e6114f00e - default default] 10.31.10.2,10.31.10.1 "GET /v2.0/floatingips?tenant_id=63be5b4f4d784088b73cd36e6114f00e HTTP/1.1" status: 200 len: 193 time: 0.0605061
2020-12-02 17:53:35.399 22 INFO neutron.wsgi [req-5f5cb8c8-6d42-4b57-af73-c5b6327322ef 0da1bc1a3acc45d0aca57e504c04ea17 63be5b4f4d784088b73cd36e6114f00e - default default] 10.31.10.3,10.31.10.1 "GET /v2.0/ports HTTP/1.1" status: 200 len: 1033560 time: 1.3139999
2020-12-02 17:53:35.732 25 INFO neutron.wsgi [req-9d497428-1620-457a-90c9-d5979154a7c0 0da1bc1a3acc45d0aca57e504c04ea17 63be5b4f4d784088b73cd36e6114f00e - default default] 192.168.208.187,10.31.10.1 "PUT /v2.0/routers/9e08c685-9387-4bc1-bc21-87f37cf3ea59/add_router_interface HTTP/1.1" status: 200 len: 484 time: 3.2820451
2020-12-02 17:53:36.195 23 INFO neutron.wsgi [req-e91c9d93-c37c-47b1-8212-f47ddc7b67f4 0da1bc1a3acc45d0aca57e504c04ea17 63be5b4f4d784088b73cd36e6114f00e - default default] 10.31.10.2,10.31.10.1 "GET /v2.0/networks?id=5311b34d-bfa3-4de1-b261-da1c586985e6 HTTP/1.1" status: 200 len: 883 time: 0.1174054
2020-12-02 17:53:36.724 32 INFO neutron.db.l3_db [req-8c7c5f0c-05bd-44eb-b11e-0b153c497135 - - - - -] Skipping port 14dff1c9-6dc4-49f0-835a-33c818e4f732 as no IP is configure on it
2020-12-02 17:53:36.724 32 INFO neutron.db.l3_db [req-8c7c5f0c-05bd-44eb-b11e-0b153c497135 - - - - -] Skipping port 14dff1c9-6dc4-49f0-835a-33c818e4f732 as no IP is configure on it
2020-12-02 17:53:36.767 26 INFO neutron.db.l3_db [req-0532a75d-739d-42d7-b527-cb029aa4681d - - - - -] Skipping port f5f3745a-655a-4860-ae9d-ea5368fbcd78 as no IP is configure on it
2020-12-02 17:53:36.768 26 INFO neutron.db.l3_db [req-0532a75d-739d-42d7-b527-cb029aa4681d - - - - -] Skipping port f5f3745a-655a-4860-ae9d-ea5368fbcd78 as no IP is configure on it
2020-12-02 17:53:36.776 27 INFO neutron.db.l3_db [req-d6fcaa9f-e4e3-43fe-aa88-c8f0a6b4583d - - - - -] Skipping port ce084b4d-df46-436f-b874-427a5d4470ce as no IP is configure on it
2020-12-02 17:53:36.776 27 INFO neutron.db.l3_db [req-d6fcaa9f-e4e3-43fe-aa88-c8f0a6b4583d - - - - -] Skipping port ce084b4d-df46-436f-b874-427a5d4470ce as no IP is configure on it
2020-12-02 17:53:37.830 24 INFO neutron.wsgi [req-1fd60a10-e183-47b0-b5e6-1b98d81c2060 0da1bc1a3acc45d0aca57e504c04ea17 63be5b4f4d784088b73cd36e6114f00e - default default] 10.31.10.2,10.31.10.1 "POST /v2.0/ports HTTP/1.1" status: 201 len: 1219 time: 0.8364930
2020-12-02 17:53:38.037 32 INFO neutron.db.l3_db [req-8c7c5f0c-05bd-44eb-b11e-0b153c497135 - - - - -] Skipping port 14dff1c9-6dc4-49f0-835a-33c818e4f732 as no IP is configure on it
2020-12-02 17:53:38.038 32 INFO neutron.db.l3_db [req-8c7c5f0c-05bd-44eb-b11e-0b153c497135 - - - - -] Skipping port 14dff1c9-6dc4-49f0-835a-33c818e4f732 as no IP is configure on it
2020-12-02 17:53:38.146 27 INFO neutron.db.l3_db [req-d6fcaa9f-e4e3-43fe-aa88-c8f0a6b4583d - - - - -] Skipping port ce084b4d-df46-436f-b874-427a5d4470ce as no IP is configure on it
2020-12-02 17:53:38.146 27 INFO neutron.db.l3_db [req-d6fcaa9f-e4e3-43fe-aa88-c8f0a6b4583d - - - - -] Skipping port ce084b4d-df46-436f-b874-427a5d4470ce as no IP is configure on it
2020-12-02 17:53:38.222 26 INFO neutron.db.l3_db [req-0532a75d-739d-42d7-b527-cb029aa4681d - - - - -] Skipping port f5f3745a-655a-4860-ae9d-ea5368fbcd78 as no IP is configure on it
2020-12-02 17:53:38.223 26 INFO neutron.db.l3_db [req-0532a75d-739d-42d7-b527-cb029aa4681d - - - - -] Skipping port f5f3745a-655a-4860-ae9d-ea5368fbcd78 as no IP is configure on it
2020-12-02 17:53:38.708 25 INFO neutron.wsgi [req-68213f49-5a1a-42f2-a5a6-20cf180fec1c 0da1bc1a3acc45d0aca57e504c04ea17 63be5b4f4d784088b73cd36e6114f00e - default default] 10.31.10.2,10.31.10.1 "POST /v2.0/ports HTTP/1.1" status: 201 len: 1219 time: 0.9896584
2020-12-02 17:53:39.005 23 INFO neutron.wsgi [req-73679ead-6ff0-462b-b119-2dabfcf1574c 851af1939a9b4ff8808a741857d37b46 761947fab1374992bf04ee79f6b6b929 - default default] 10.31.10.2,10.31.10.1 "GET /v2.0/ports?tenant_id=63be5b4f4d784088b73cd36e6114f00e&device_id=43362a64-7c50-48f8-b7e2-97a6f3ab6ba6 HTTP/1.1" status: 200 len: 1315 time: 0.0675223
2020-12-02 17:53:39.114 24 INFO neutron.wsgi [req-30d90680-60e7-403c-8549-b4e3d2434e42 851af1939a9b4ff8808a741857d37b46 761947fab1374992bf04ee79f6b6b929 - default default] 10.31.10.2,10.31.10.1 "GET /v2.0/floatingips?fixed_ip_address=192.168.37.164&port_id=bd86b20d-8c78-48e1-b3d7-8a18ea6fe548 HTTP/1.1" status: 200 len: 193 time: 0.0799921
2020-12-02 17:53:39.300 22 INFO neutron.wsgi [req-884b00dc-bf98-4e4a-866b-c3fe87522b90 851af1939a9b4ff8808a741857d37b46 761947fab1374992bf04ee79f6b6b929 - default default] 10.31.10.2,10.31.10.1 "GET /v2.0/ports?network_id=5311b34d-bfa3-4de1-b261-da1c586985e6&device_owner=network%3Adhcp HTTP/1.1" status: 200 len: 2491 time: 0.0870001
2020-12-02 17:53:39.455 24 INFO neutron.wsgi [req-2193f1b8-44fe-40c5-a9b6-19585a051efb 851af1939a9b4ff8808a741857d37b46 761947fab1374992bf04ee79f6b6b929 - default default] 10.31.10.2,10.31.10.1 "GET /v2.0/ports?network_id=31d7fa17-bee4-4ca0-8150-8bdf6a8ca8c2&device_owner=network%3Adhcp HTTP/1.1" status: 200 len: 2479 time: 0.1400478
2020-12-02 17:53:39.457 24 INFO neutron.wsgi [req-f2f8a0de-9e61-4d32-9c4f-07a26b74b5b3 0da1bc1a3acc45d0aca57e504c04ea17 63be5b4f4d784088b73cd36e6114f00e - default default] 10.31.10.2,10.31.10.1 "POST /v2.0/ports HTTP/1.1" status: 201 len: 1215 time: 0.9723763
2020-12-02 17:53:39.499 27 INFO neutron.db.l3_db [req-e1da0fc1-d63c-4bd9-a3af-796c2401ea91 - - - - -] Skipping port f1986082-50fb-4eb0-84c6-c7748ea5d76b as no IP is configure on it
2020-12-02 17:53:39.500 27 INFO neutron.db.l3_db [req-e1da0fc1-d63c-4bd9-a3af-796c2401ea91 - - - - -] Skipping port f1986082-50fb-4eb0-84c6-c7748ea5d76b as no IP is configure on it
2020-12-02 17:53:39.502 32 INFO neutron.db.l3_db [req-bdd9634a-aa1b-4148-91c4-ed4e650645f6 - - - - -] Skipping port db09dc08-aa89-487f-a853-033454100f35 as no IP is configure on it
2020-12-02 17:53:39.503 32 INFO neutron.db.l3_db [req-bdd9634a-aa1b-4148-91c4-ed4e650645f6 - - - - -] Skipping port db09dc08-aa89-487f-a853-033454100f35 as no IP is configure on it
2020-12-02 17:53:39.510 23 INFO neutron.wsgi [req-817afe42-5ecc-4cc5-9582-9b363972ccd1 851af1939a9b4ff8808a741857d37b46 761947fab1374992bf04ee79f6b6b929 - default default] 10.31.10.2,10.31.10.1 "GET /v2.0/ports?tenant_id=63be5b4f4d784088b73cd36e6114f00e&device_id=df6d2123-cee6-4749-b314-a5c778592ac3 HTTP/1.1" status: 200 len: 1345 time: 0.0656447
2020-12-02 17:53:39.558 24 INFO neutron.wsgi [req-8b362119-24c2-486b-9756-b1de71ee4893 0da1bc1a3acc45d0aca57e504c04ea17 63be5b4f4d784088b73cd36e6114f00e - default default] 10.31.10.2,10.31.10.1 "GET /v2.0/floatingips?tenant_id=63be5b4f4d784088b73cd36e6114f00e HTTP/1.1" status: 200 len: 193 time: 0.0599296
2020-12-02 17:53:39.700 28 INFO neutron.db.l3_db [req-3a383b42-8884-4cce-bfbd-26eb23eec7dd - - - - -] Skipping port bd2d0314-9faf-42ed-99ea-e34e9acde4d2 as no IP is configure on it
2020-12-02 17:53:39.702 28 INFO neutron.db.l3_db [req-3a383b42-8884-4cce-bfbd-26eb23eec7dd - - - - -] Skipping port bd2d0314-9faf-42ed-99ea-e34e9acde4d2 as no IP is configure on it
2020-12-02 17:53:39.776 25 INFO neutron.wsgi [req-fc57c231-1a2d-449f-9ab7-b4fcab6d9cfd 851af1939a9b4ff8808a741857d37b46 761947fab1374992bf04ee79f6b6b929 - default default] 10.31.10.2,10.31.10.1 "GET /v2.0/ports?network_id=31341ab7-7d03-4315-ace6-a2978d89fabd&device_owner=network%3Adhcp HTTP/1.1" status: 200 len: 2483 time: 0.0900977
2020-12-02 17:53:39.968 25 INFO neutron.wsgi [req-a96cfe07-1632-45b2-b026-303a910334dd 851af1939a9b4ff8808a741857d37b46 761947fab1374992bf04ee79f6b6b929 - default default] 10.31.10.2,10.31.10.1 "GET /v2.0/networks/31d7fa17-bee4-4ca0-8150-8bdf6a8ca8c2?fields=provider%3Aphysical_network&fields=provider%3Anetwork_type HTTP/1.1" status: 200 len: 257 time: 0.1291320
2020-12-02 17:53:40.026 23 INFO neutron.wsgi [req-9dab9315-5b1d-45a6-ba1b-4ce1c1a5530e 851af1939a9b4ff8808a741857d37b46 761947fab1374992bf04ee79f6b6b929 - default default] 10.31.10.2,10.31.10.1 "GET /v2.0/subnets?id=18503e4a-8739-406b-9042-cc37a06495e0 HTTP/1.1" status: 200 len: 812 time: 0.0862410
2020-12-02 17:53:40.286 22 INFO neutron.wsgi [req-30a23aac-7208-4214-8468-a695941ee768 851af1939a9b4ff8808a741857d37b46 761947fab1374992bf04ee79f6b6b929 - default default] 10.31.10.2,10.31.10.1 "GET /v2.0/networks/5311b34d-bfa3-4de1-b261-da1c586985e6?fields=segments HTTP/1.1" status: 200 len: 188 time: 0.1428475
2020-12-02 17:53:40.291 24 INFO neutron.wsgi [req-4380a021-19f4-492c-ace5-01d4118c7805 0da1bc1a3acc45d0aca57e504c04ea17 63be5b4f4d784088b73cd36e6114f00e - default default] 10.31.10.2,10.31.10.1 "GET /v2.0/ports?tenant_id=63be5b4f4d784088b73cd36e6114f00e HTTP/1.1" status: 200 len: 478037 time: 0.7226069
2020-12-02 17:53:40.614 32 INFO neutron.db.l3_db [req-bdd9634a-aa1b-4148-91c4-ed4e650645f6 - - - - -] Skipping port db09dc08-aa89-487f-a853-033454100f35 as no IP is configure on it
2020-12-02 17:53:40.615 32 INFO neutron.db.l3_db [req-bdd9634a-aa1b-4148-91c4-ed4e650645f6 - - - - -] Skipping port db09dc08-aa89-487f-a853-033454100f35 as no IP is configure on it
2020-12-02 17:53:40.736 28 INFO neutron.db.l3_db [req-3a383b42-8884-4cce-bfbd-26eb23eec7dd - - - - -] Skipping port bd2d0314-9faf-42ed-99ea-e34e9acde4d2 as no IP is configure on it
2020-12-02 17:53:40.737 28 INFO neutron.db.l3_db [req-3a383b42-8884-4cce-bfbd-26eb23eec7dd - - - - -] Skipping port bd2d0314-9faf-42ed-99ea-e34e9acde4d2 as no IP is configure on it
2020-12-02 17:53:40.872 23 INFO neutron.wsgi [req-4f7d9147-885a-4f65-9126-619b4261cd75 851af1939a9b4ff8808a741857d37b46 761947fab1374992bf04ee79f6b6b929 - default default] 10.31.10.2,10.31.10.1 "GET /v2.0/ports?tenant_id=63be5b4f4d784088b73cd36e6114f00e&device_id=75558870-4e82-4f80-8689-22356e1ea2b3 HTTP/1.1" status: 200 len: 1345 time: 0.0921850
2020-12-02 17:53:41.025 27 INFO neutron.db.l3_db [req-e1da0fc1-d63c-4bd9-a3af-796c2401ea91 - - - - -] Skipping port f1986082-50fb-4eb0-84c6-c7748ea5d76b as no IP is configure on it
2020-12-02 17:53:41.026 27 INFO neutron.db.l3_db [req-e1da0fc1-d63c-4bd9-a3af-796c2401ea91 - - - - -] Skipping port f1986082-50fb-4eb0-84c6-c7748ea5d76b as no IP is configure on it
2020-12-02 17:53:41.089 24 INFO neutron.wsgi [req-b48e1fb8-ee1c-4a81-930e-b4fa2fce552e 851af1939a9b4ff8808a741857d37b46 761947fab1374992bf04ee79f6b6b929 - default default] 10.31.10.2,10.31.10.1 "GET /v2.0/networks/31341ab7-7d03-4315-ace6-a2978d89fabd?fields=segments HTTP/1.1" status: 200 len: 188 time: 0.1269257
2020-12-02 17:53:41.120 22 INFO neutron.wsgi [req-5746a106-a032-440f-9f65-b288a50f25ad 851af1939a9b4ff8808a741857d37b46 761947fab1374992bf04ee79f6b6b929 - default default] 10.31.10.2,10.31.10.1 "GET /v2.0/ports?network_id=898f1e49-f22e-4787-8a6d-a7723853f3e9&device_owner=network%3Adhcp HTTP/1.1" status: 200 len: 2483 time: 0.0845163
2020-12-02 17:53:41.233 22 INFO neutron.wsgi [req-373a3445-ee78-4914-af62-22ad333426a2 0da1bc1a3acc45d0aca57e504c04ea17 63be5b4f4d784088b73cd36e6114f00e - default default] 192.168.208.187,10.31.10.1 "GET /v2.0/ports/34f0e938-9e8d-4974-b750-b08c7bfa4ba1 HTTP/1.1" status: 200 len: 1217 time: 0.0884061
2020-12-02 17:53:41.426 22 INFO neutron.wsgi [req-21a49302-9584-4d0e-841e-a1943e41ac4e 0da1bc1a3acc45d0aca57e504c04ea17 63be5b4f4d784088b73cd36e6114f00e - default default] 192.168.208.187,10.31.10.1 "GET /v2.0/ports/8ff1d281-4d24-4c92-a0c7-f335d467d105 HTTP/1.1" status: 200 len: 1217 time: 0.0749159
2020-12-02 17:53:41.572 22 INFO neutron.wsgi [req-63deb7e7-c19d-4b81-bf57-902607c64957 851af1939a9b4ff8808a741857d37b46 761947fab1374992bf04ee79f6b6b929 - default default] 10.31.10.2,10.31.10.1 "GET /v2.0/floatingips?fixed_ip_address=192.168.81.4&port_id=d4f3c457-757a-4d67-93e9-208f5ab91652 HTTP/1.1" status: 200 len: 193 time: 0.0627642
2020-12-02 17:53:41.635 22 INFO neutron.wsgi [req-c01a8caa-3529-44d5-967b-eebe34567ef6 851af1939a9b4ff8808a741857d37b46 761947fab1374992bf04ee79f6b6b929 - default default] 10.31.10.2,10.31.10.1 "GET /v2.0/subnets?id=02af2d0a-e272-405b-af4a-fc0691b6922b HTTP/1.1" status: 200 len: 812 time: 0.0584810
2020-12-02 17:53:41.969 25 INFO neutron.wsgi [req-13aa28e2-649f-467a-812f-48b404c129ff 851af1939a9b4ff8808a741857d37b46 761947fab1374992bf04ee79f6b6b929 - default default] 10.31.10.2,10.31.10.1 "GET /v2.0/networks/2a9a479f-e84f-411f-b574-55f45ccc6c6f?fields=segments HTTP/1.1" status: 200 len: 188 time: 0.2218375
2020-12-02 17:53:42.222 25 INFO neutron.wsgi [req-7229b3bb-0cb5-4127-b55a-849e32c8833e 851af1939a9b4ff8808a741857d37b46 761947fab1374992bf04ee79f6b6b929 - default default] 10.31.10.2,10.31.10.1 "GET /v2.0/networks/2a9a479f-e84f-411f-b574-55f45ccc6c6f?fields=provider%3Aphysical_network&fields=provider%3Anetwork_type HTTP/1.1" status: 200 len: 252 time: 0.2001019
2020-12-02 17:53:42.246 25 INFO neutron.wsgi [req-612402ca-8912-4f4d-b5e1-85b304520126 851af1939a9b4ff8808a741857d37b46 761947fab1374992bf04ee79f6b6b929 - default default] 10.31.10.2,10.31.10.1 "PUT /v2.0/ports/be0bcc33-c381-4f6f-aba4-4088e1c5e72c HTTP/1.1" status: 200 len: 1347 time: 1.8695030
2020-12-02 17:53:42.345 25 INFO neutron.wsgi [req-84c5c930-6690-4f5f-a032-a3130160d48f 851af1939a9b4ff8808a741857d37b46 761947fab1374992bf04ee79f6b6b929 - default default] 10.31.10.2,10.31.10.1 "GET /v2.0/ports?tenant_id=63be5b4f4d784088b73cd36e6114f00e&device_id=1e79b623-8498-499d-8319-1d3288182a89 HTTP/1.1" status: 200 len: 1346 time: 0.0718691
2020-12-02 17:53:42.478 21 INFO neutron.wsgi [req-beb056fe-d8d6-45c6-b763-01fe28ff6e80 851af1939a9b4ff8808a741857d37b46 761947fab1374992bf04ee79f6b6b929 - default default] 10.31.10.2,10.31.10.1 "GET /v2.0/networks/898f1e49-f22e-4787-8a6d-a7723853f3e9?fields=provider%3Aphysical_network&fields=provider%3Anetwork_type HTTP/1.1" status: 200 len: 252 time: 0.1332724
2020-12-02 17:53:42.512 22 INFO neutron.wsgi [req-62d0a5b5-6377-40d0-b517-bc44a21f0778 851af1939a9b4ff8808a741857d37b46 761947fab1374992bf04ee79f6b6b929 - default default] 10.31.10.2,10.31.10.1 "GET /v2.0/subnets?id=b7c7f341-9f4b-49cf-be3a-342d6015b82e HTTP/1.1" status: 200 len: 812 time: 0.0629990
2020-12-02 17:53:42.727 24 INFO neutron.wsgi [req-4c729503-6412-46ae-b5ae-ce8a7f8b1dba 851af1939a9b4ff8808a741857d37b46 761947fab1374992bf04ee79f6b6b929 - default default] 10.31.10.2,10.31.10.1 "GET /v2.0/networks/d16c8f88-d2ba-48cf-b31c-d91a54e6e527?fields=segments HTTP/1.1" status: 200 len: 188 time: 0.1218519
2020-12-02 17:53:42.809 25 INFO neutron.notifiers.nova [-] Nova event response: {'name': 'network-changed', 'server_uuid': '2174c414-000e-4d1a-8790-4ce6d5663750', 'tag': 'be0bcc33-c381-4f6f-aba4-4088e1c5e72c', 'status': 'completed', 'code': 200}
2020-12-02 17:53:42.842 24 INFO neutron.wsgi [req-739cb943-3771-4034-9ab6-f1cf95d92c06 851af1939a9b4ff8808a741857d37b46 761947fab1374992bf04ee79f6b6b929 - default default] 10.31.10.2,10.31.10.1 "GET /v2.0/networks/d16c8f88-d2ba-48cf-b31c-d91a54e6e527?fields=provider%3Aphysical_network&fields=provider%3Anetwork_type HTTP/1.1" status: 200 len: 252 time: 0.1073990
2020-12-02 17:53:42.949 22 INFO neutron.wsgi [req-6bf31bc2-081c-43b9-94b8-f34ab031a6ff 0da1bc1a3acc45d0aca57e504c04ea17 63be5b4f4d784088b73cd36e6114f00e - default default] 10.31.10.2,10.31.10.1 "GET /v2.0/ports?tenant_id=63be5b4f4d784088b73cd36e6114f00e&fields=id HTTP/1.1" status: 200 len: 19324 time: 0.4347916
2020-12-02 17:53:43.103 22 INFO neutron.wsgi [req-7d3b2d36-ad33-4529-a1a2-2e0fa09db276 851af1939a9b4ff8808a741857d37b46 761947fab1374992bf04ee79f6b6b929 - default default] 10.31.10.2,10.31.10.1 "GET /v2.0/networks?id=d16c8f88-d2ba-48cf-b31c-d91a54e6e527 HTTP/1.1" status: 200 len: 884 time: 0.1203761
2020-12-02 17:53:43.165 22 INFO neutron.wsgi [req-61890e68-dfa9-4f51-9810-d2975aceb69c 851af1939a9b4ff8808a741857d37b46 761947fab1374992bf04ee79f6b6b929 - default default] 10.31.10.2,10.31.10.1 "GET /v2.0/floatingips?fixed_ip_address=192.168.29.109&port_id=be0bcc33-c381-4f6f-aba4-4088e1c5e72c HTTP/1.1" status: 200 len: 193 time: 0.0560291
2020-12-02 17:53:43.364 23 INFO neutron.wsgi [req-e497ac8f-8b3a-4d4f-857d-45c0e8d50446 851af1939a9b4ff8808a741857d37b46 761947fab1374992bf04ee79f6b6b929 - default default] 10.31.10.2,10.31.10.1 "GET /v2.0/ports?network_id=d16c8f88-d2ba-48cf-b31c-d91a54e6e527&device_owner=network%3Adhcp HTTP/1.1" status: 200 len: 2491 time: 0.1151221
2020-12-02 17:53:44.150 24 INFO neutron.wsgi [req-add688e5-78db-4542-950c-ff183dc807d9 0da1bc1a3acc45d0aca57e504c04ea17 63be5b4f4d784088b73cd36e6114f00e - default default] 192.168.208.187,10.31.10.1 "GET /v2.0/ports/d4ce6d02-f2b7-470e-8425-c483c1c394c7 HTTP/1.1" status: 200 len: 1217 time: 0.0607555
2020-12-02 17:53:44.569 25 INFO neutron.wsgi [req-61c7cf47-f779-4356-9266-77692747ea86 0da1bc1a3acc45d0aca57e504c04ea17 63be5b4f4d784088b73cd36e6114f00e - default default] 192.168.208.187,10.31.10.1 "GET /v2.0/ports/2c1b3a9b-9086-4b02-8090-1dba478b2a25 HTTP/1.1" status: 200 len: 1213 time: 0.2641354
2020-12-02 17:53:44.635 25 INFO neutron.wsgi [req-e497b521-e430-44ca-acf3-796d1bde3edf 0da1bc1a3acc45d0aca57e504c04ea17 63be5b4f4d784088b73cd36e6114f00e - default default] 10.31.10.20,10.31.10.1 "GET /v2.0/security-groups?id=b92ca6e7-6354-4c1e-a781-6be287e270a3&fields=id&fields=name HTTP/1.1" status: 200 len: 262 time: 0.0438952
2020-12-02 17:53:44.718 22 INFO neutron.wsgi [req-c4f17606-b1b6-4a39-911e-d53ffe88014b 0da1bc1a3acc45d0aca57e504c04ea17 63be5b4f4d784088b73cd36e6114f00e - default default] 10.31.10.3,10.31.10.1 "GET /v2.0/security-groups?id=b92ca6e7-6354-4c1e-a781-6be287e270a3&fields=id&fields=name HTTP/1.1" status: 200 len: 262 time: 0.0357642
2020-12-02 17:53:44.833 24 INFO neutron.wsgi [req-9887d309-0595-4e38-bbc3-2b40343783cd 0da1bc1a3acc45d0aca57e504c04ea17 63be5b4f4d784088b73cd36e6114f00e - default default] 10.31.10.3,10.31.10.1 "GET /v2.0/ports?device_id=75558870-4e82-4f80-8689-22356e1ea2b3 HTTP/1.1" status: 200 len: 1345 time: 0.0757279
2020-12-02 17:53:45.086 21 INFO neutron.wsgi [req-29282961-2709-4319-8f13-7f57fd9fdc35 0da1bc1a3acc45d0aca57e504c04ea17 63be5b4f4d784088b73cd36e6114f00e - default default] 10.31.10.2,10.31.10.1 "GET /v2.0/ports?tenant_id=63be5b4f4d784088b73cd36e6114f00e HTTP/1.1" status: 200 len: 481527 time: 0.4778204
2020-12-02 17:53:45.123 24 INFO neutron.wsgi [req-16e5b0b3-078c-467b-ab05-9d32c726dd9d 0da1bc1a3acc45d0aca57e504c04ea17 63be5b4f4d784088b73cd36e6114f00e - default default] 10.31.10.20,10.31.10.1 "GET /v2.0/networks?id=e719dab3-29ec-4cbd-9394-01a4cf63d133 HTTP/1.1" status: 200 len: 885 time: 0.1291721
2020-12-02 17:53:45.233 23 INFO neutron.wsgi [req-d849db50-ba37-4980-8511-e66c704b128b 0da1bc1a3acc45d0aca57e504c04ea17 63be5b4f4d784088b73cd36e6114f00e - default default] 192.168.208.187,10.31.10.1 "PUT /v2.0/routers/556ed82f-d131-429e-95a2-6932f1732db6/add_router_interface HTTP/1.1" status: 200 len: 484 time: 3.2250249
2020-12-02 17:53:45.235 27 INFO neutron.db.l3_db [req-190a8e08-4f8f-45c5-8683-a81018053e62 - - - - -] Skipping port 2bc87020-8f20-49aa-8b53-2478eab81ea0 as no IP is configure on it
2020-12-02 17:53:45.236 27 INFO neutron.db.l3_db [req-190a8e08-4f8f-45c5-8683-a81018053e62 - - - - -] Skipping port 2bc87020-8f20-49aa-8b53-2478eab81ea0 as no IP is configure on it
2020-12-02 17:53:45.745 28 INFO neutron.db.l3_db [req-65894f1b-309b-45f5-804d-33ec9c444489 - - - - -] Skipping port 4a350f8e-874b-46e4-b2b7-8236b8201cc5 as no IP is configure on it
2020-12-02 17:53:45.746 28 INFO neutron.db.l3_db [req-65894f1b-309b-45f5-804d-33ec9c444489 - - - - -] Skipping port 4a350f8e-874b-46e4-b2b7-8236b8201cc5 as no IP is configure on it
2020-12-02 17:53:45.769 24 INFO neutron.wsgi [req-9cae6ba7-9007-4ec6-a64e-a4a62b6ef46f 0da1bc1a3acc45d0aca57e504c04ea17 63be5b4f4d784088b73cd36e6114f00e - default default] 10.31.10.20,10.31.10.1 "GET /v2.0/ports?tenant_id=63be5b4f4d784088b73cd36e6114f00e&fields=id HTTP/1.1" status: 200 len: 19416 time: 0.6037061
2020-12-02 17:53:45.915 24 INFO neutron.wsgi [-] 10.31.10.1 "GET / HTTP/1.1" status: 200 len: 228 time: 0.0088146
2020-12-02 17:53:46.037 23 INFO neutron.wsgi [req-899086bd-3f71-41c1-a736-5f96d6f5aa77 851af1939a9b4ff8808a741857d37b46 761947fab1374992bf04ee79f6b6b929 - default default] 10.31.10.20,10.31.10.1 "GET /v2.0/networks/e719dab3-29ec-4cbd-9394-01a4cf63d133?fields=provider%3Aphysical_network&fields=provider%3Anetwork_type HTTP/1.1" status: 200 len: 252 time: 0.1217191
2020-12-02 17:53:46.433 27 INFO neutron.db.l3_db [req-190a8e08-4f8f-45c5-8683-a81018053e62 - - - - -] Skipping port 2bc87020-8f20-49aa-8b53-2478eab81ea0 as no IP is configure on it
2020-12-02 17:53:46.433 27 INFO neutron.db.l3_db [req-190a8e08-4f8f-45c5-8683-a81018053e62 - - - - -] Skipping port 2bc87020-8f20-49aa-8b53-2478eab81ea0 as no IP is configure on it
2020-12-02 17:53:47.004 28 INFO neutron.db.l3_db [req-65894f1b-309b-45f5-804d-33ec9c444489 - - - - -] Skipping port 4a350f8e-874b-46e4-b2b7-8236b8201cc5 as no IP is configure on it
2020-12-02 17:53:47.005 28 INFO neutron.db.l3_db [req-65894f1b-309b-45f5-804d-33ec9c444489 - - - - -] Skipping port 4a350f8e-874b-46e4-b2b7-8236b8201cc5 as no IP is configure on it
2020-12-02 17:53:47.888 22 INFO neutron.wsgi [req-25ffe779-08c1-40fa-b81f-ba5d39b20e11 0da1bc1a3acc45d0aca57e504c04ea17 63be5b4f4d784088b73cd36e6114f00e - default default] 10.31.10.2,10.31.10.1 "GET /v2.0/ports?device_id=1e79b623-8498-499d-8319-1d3288182a89 HTTP/1.1" status: 200 len: 1346 time: 0.0667424
2020-12-02 17:53:48.007 24 INFO neutron.wsgi [req-9b3c3bec-4a41-4cd9-9f82-6683186c1ff6 851af1939a9b4ff8808a741857d37b46 761947fab1374992bf04ee79f6b6b929 - default default] 10.31.10.20,10.31.10.1 "GET /v2.0/ports?tenant_id=63be5b4f4d784088b73cd36e6114f00e&device_id=159ff4ca-cb4a-46be-8eee-95b95055807d HTTP/1.1" status: 200 len: 1353 time: 0.0728314
2020-12-02 17:53:48.084 24 INFO neutron.wsgi [req-f5665f42-603e-4492-a086-70c6f406d399 851af1939a9b4ff8808a741857d37b46 761947fab1374992bf04ee79f6b6b929 - default default] 10.31.10.20,10.31.10.1 "GET /v2.0/floatingips?fixed_ip_address=192.168.164.16&port_id=8a7e37f5-1294-421d-827a-2b8d7002bd49 HTTP/1.1" status: 200 len: 193 time: 0.0610311
2020-12-02 17:53:48.228 22 INFO neutron.wsgi [req-3be8c21f-cb4e-4aff-b860-daf40b92bcbb 851af1939a9b4ff8808a741857d37b46 761947fab1374992bf04ee79f6b6b929 - default default] 10.31.10.20,10.31.10.1 "GET /v2.0/ports?network_id=262fb431-41a3-4687-94c4-08f42183a5fa&device_owner=network%3Adhcp HTTP/1.1" status: 200 len: 2499 time: 0.0644004
2020-12-02 17:53:48.341 21 INFO neutron.wsgi [req-ccbd86d7-a0a1-439e-8050-c7ad2195a36b 0da1bc1a3acc45d0aca57e504c04ea17 63be5b4f4d784088b73cd36e6114f00e - default default] 10.31.10.20,10.31.10.1 "GET /v2.0/security-groups?id=b92ca6e7-6354-4c1e-a781-6be287e270a3&fields=id&fields=name HTTP/1.1" status: 200 len: 262 time: 0.0466542
2020-12-02 17:53:48.653 24 INFO neutron.wsgi [req-9bb29d8c-e0c8-4fc0-89eb-0ef0e47355fb 0da1bc1a3acc45d0aca57e504c04ea17 63be5b4f4d784088b73cd36e6114f00e - default default] 10.31.10.3,10.31.10.1 "GET /v2.0/networks?tenant_id=63be5b4f4d784088b73cd36e6114f00e&shared=False HTTP/1.1" status: 200 len: 139896 time: 0.5592220
2020-12-02 17:53:48.831 32 INFO neutron.db.l3_db [req-7a0c5e28-fa1e-49ca-8c75-f110b57486cc - - - - -] Skipping port 24394cf5-eb57-4285-901d-8f500fa4548b as no IP is configure on it
2020-12-02 17:53:48.831 32 INFO neutron.db.l3_db [req-7a0c5e28-fa1e-49ca-8c75-f110b57486cc - - - - -] Skipping port 24394cf5-eb57-4285-901d-8f500fa4548b as no IP is configure on it
2020-12-02 17:53:48.874 27 INFO neutron.db.l3_db [req-f18b4aca-29c6-4c02-aed5-65ff03f03747 - - - - -] Skipping port 2a665d65-cc70-4521-88cf-9c5b76f3c90a as no IP is configure on it
2020-12-02 17:53:48.875 27 INFO neutron.db.l3_db [req-f18b4aca-29c6-4c02-aed5-65ff03f03747 - - - - -] Skipping port 2a665d65-cc70-4521-88cf-9c5b76f3c90a as no IP is configure on it
2020-12-02 17:53:49.207 23 INFO neutron.wsgi [req-dd98c688-27ce-4ab1-bc20-babfe8cff24a 851af1939a9b4ff8808a741857d37b46 761947fab1374992bf04ee79f6b6b929 - default default] 10.31.10.20,10.31.10.1 "GET /v2.0/networks?id=262fb431-41a3-4687-94c4-08f42183a5fa HTTP/1.1" status: 200 len: 884 time: 0.3945382
2020-12-02 17:53:49.423 24 INFO neutron.wsgi [req-e77d2338-83f5-48aa-ba61-3d963e4941d5 0da1bc1a3acc45d0aca57e504c04ea17 63be5b4f4d784088b73cd36e6114f00e - default default] 10.31.10.3,10.31.10.1 "GET /v2.0/networks?router%3Aexternal=True HTTP/1.1" status: 200 len: 1619 time: 0.1580920
2020-12-02 17:53:49.539 23 INFO neutron.wsgi [req-d6bb5a99-6aa9-49ea-9823-94f6d2ccbfaf 0da1bc1a3acc45d0aca57e504c04ea17 63be5b4f4d784088b73cd36e6114f00e - default default] 10.31.10.3,10.31.10.1 "POST /v2.0/ports HTTP/1.1" status: 201 len: 1223 time: 1.0532463
2020-12-02 17:53:49.573 23 INFO neutron.wsgi [req-c8cbc29c-355f-4abb-a566-fbb5695806a9 851af1939a9b4ff8808a741857d37b46 761947fab1374992bf04ee79f6b6b929 - default default] 10.31.10.20,10.31.10.1 "GET /v2.0/networks/262fb431-41a3-4687-94c4-08f42183a5fa?fields=segments HTTP/1.1" status: 200 len: 188 time: 0.1272180
2020-12-02 17:53:49.906 32 INFO neutron.db.l3_db [req-7a0c5e28-fa1e-49ca-8c75-f110b57486cc - - - - -] Skipping port 24394cf5-eb57-4285-901d-8f500fa4548b as no IP is configure on it
2020-12-02 17:53:49.907 32 INFO neutron.db.l3_db [req-7a0c5e28-fa1e-49ca-8c75-f110b57486cc - - - - -] Skipping port 24394cf5-eb57-4285-901d-8f500fa4548b as no IP is configure on it
2020-12-02 17:53:49.989 27 INFO neutron.db.l3_db [req-f18b4aca-29c6-4c02-aed5-65ff03f03747 - - - - -] Skipping port 2a665d65-cc70-4521-88cf-9c5b76f3c90a as no IP is configure on it
2020-12-02 17:53:49.989 27 INFO neutron.db.l3_db [req-f18b4aca-29c6-4c02-aed5-65ff03f03747 - - - - -] Skipping port 2a665d65-cc70-4521-88cf-9c5b76f3c90a as no IP is configure on it
2020-12-02 17:53:50.043 25 INFO neutron.wsgi [req-51df887d-192a-442d-8688-0b3a6dc629a9 0da1bc1a3acc45d0aca57e504c04ea17 63be5b4f4d784088b73cd36e6114f00e - default default] 10.31.10.2,10.31.10.1 "GET /v2.0/ports?tenant_id=63be5b4f4d784088b73cd36e6114f00e HTTP/1.1" status: 200 len: 484764 time: 0.4912751
2020-12-02 17:53:50.082 23 INFO neutron.wsgi [req-74e1559b-81e1-4785-803f-34298d82c834 0da1bc1a3acc45d0aca57e504c04ea17 63be5b4f4d784088b73cd36e6114f00e - default default] 10.31.10.3,10.31.10.1 "GET /v2.0/ports?device_id=226b7f61-645d-4d89-a116-c1bb8141d4d7&device_id=159ff4ca-cb4a-46be-8eee-95b95055807d&device_id=1e79b623-8498-499d-8319-1d3288182a89&device_id=2174c414-000e-4d1a-8790-4ce6d5663750&device_id=75558870-4e82-4f80-8689-22356e1ea2b3&device_id=789c8d00-a3e5-48bc-8096-3654a286f115&device_id=df6d2123-cee6-4749-b314-a5c778592ac3&device_id=12606f42-4bd4-4c46-869a-034d53d6e431&device_id=a4e73fe7-cf28-4d45-ad4f-ba65977536de&device_id=a1cd5b9c-26b5-413f-8af6-e2fb9f3d8697&device_id=43362a64-7c50-48f8-b7e2-97a6f3ab6ba6 HTTP/1.1" status: 200 len: 12651 time: 0.2000315
2020-12-02 17:53:50.244 22 INFO neutron.wsgi [req-9a3694a0-d3f4-4e5a-a2ce-6d3b6482eb2b 0da1bc1a3acc45d0aca57e504c04ea17 63be5b4f4d784088b73cd36e6114f00e - default default] 192.168.208.187,10.31.10.1 "GET /v2.0/ports/4dd42e6d-561e-4baf-a3a9-f3c74b9d5a6b HTTP/1.1" status: 200 len: 1217 time: 0.0605652
2020-12-02 17:53:50.523 24 INFO neutron.wsgi [req-91b6795b-cade-43d8-9a42-b27120e572d1 0da1bc1a3acc45d0aca57e504c04ea17 63be5b4f4d784088b73cd36e6114f00e - default default] 192.168.208.187,10.31.10.1 "GET /v2.0/ports/80291246-74a9-466f-bbf5-cf70f1034d5c HTTP/1.1" status: 200 len: 1217 time: 0.0559864
2020-12-02 17:53:50.775 24 INFO neutron.wsgi [req-9a570586-4e94-4aa3-a9e7-d282939e094d 851af1939a9b4ff8808a741857d37b46 761947fab1374992bf04ee79f6b6b929 - default default] 10.31.10.20,10.31.10.1 "GET /v2.0/networks?id=c8e1bba8-da86-4439-a984-1085e84d9405 HTTP/1.1" status: 200 len: 905 time: 0.1289091
2020-12-02 17:53:50.924 24 INFO neutron.wsgi [req-cd40318f-7e56-4ea2-8a98-7793f2e28436 851af1939a9b4ff8808a741857d37b46 761947fab1374992bf04ee79f6b6b929 - default default] 10.31.10.20,10.31.10.1 "GET /v2.0/subnets?id=226b7ffb-b593-46b7-a0aa-f239c871bd0c HTTP/1.1" status: 200 len: 783 time: 0.0644815
2020-12-02 17:53:51.396 24 INFO neutron.wsgi [req-604dca17-aba3-4b91-bcef-3099e8c2a240 0da1bc1a3acc45d0aca57e504c04ea17 63be5b4f4d784088b73cd36e6114f00e - default default] 10.31.10.2,10.31.10.1 "GET /v2.0/networks?id=f84f54b0-49f4-4068-bd45-ea71a13ff49e HTTP/1.1" status: 200 len: 884 time: 0.2723846
2020-12-02 17:53:51.418 24 INFO neutron.wsgi [req-0155c399-66fa-4d0f-94f7-9ae9160fcf03 0da1bc1a3acc45d0aca57e504c04ea17 63be5b4f4d784088b73cd36e6114f00e - default default] 10.31.10.2,10.31.10.1 "GET /v2.0/quotas/63be5b4f4d784088b73cd36e6114f00e HTTP/1.1" status: 200 len: 468 time: 0.0122378
2020-12-02 17:53:51.915 25 INFO neutron.wsgi [req-967e4eb2-a0ff-4249-938d-83e8cb29b324 851af1939a9b4ff8808a741857d37b46 761947fab1374992bf04ee79f6b6b929 - default default] 10.31.10.3,10.31.10.1 "GET /v2.0/networks/e719dab3-29ec-4cbd-9394-01a4cf63d133?fields=segments HTTP/1.1" status: 200 len: 188 time: 0.1273367
2020-12-02 17:53:52.113 23 INFO neutron.wsgi [req-dd1bbf2a-785d-4ec7-a066-a5fa370f0a60 851af1939a9b4ff8808a741857d37b46 761947fab1374992bf04ee79f6b6b929 - default default] 10.31.10.2,10.31.10.1 "GET /v2.0/networks/f84f54b0-49f4-4068-bd45-ea71a13ff49e?fields=provider%3Aphysical_network&fields=provider%3Anetwork_type HTTP/1.1" status: 200 len: 252 time: 0.1303482
2020-12-02 17:53:52.157 24 INFO neutron.wsgi [req-842d3f3a-af4a-43c5-92cf-eba792a864d8 0da1bc1a3acc45d0aca57e504c04ea17 63be5b4f4d784088b73cd36e6114f00e - default default] 10.31.10.3,10.31.10.1 "GET /v2.0/routers?tenant_id=63be5b4f4d784088b73cd36e6114f00e HTTP/1.1" status: 200 len: 102081 time: 0.6714149
2020-12-02 17:53:52.425 23 INFO neutron.wsgi [req-e4fdcf2f-b143-4d16-82f3-99c293ef1848 851af1939a9b4ff8808a741857d37b46 761947fab1374992bf04ee79f6b6b929 - default default] 10.31.10.3,10.31.10.1 "GET /v2.0/floatingips?fixed_ip_address=192.168.102.26&port_id=1f7cf7f3-c1ca-495e-b87f-ff644475d687 HTTP/1.1" status: 200 len: 193 time: 0.0817497
2020-12-02 17:53:52.722 24 INFO neutron.wsgi [req-ad209e4a-5f2c-4719-ac74-da9641732fad 851af1939a9b4ff8808a741857d37b46 761947fab1374992bf04ee79f6b6b929 - default default] 10.31.10.3,10.31.10.1 "GET /v2.0/networks/e719dab3-29ec-4cbd-9394-01a4cf63d133?fields=segments HTTP/1.1" status: 200 len: 188 time: 0.1196015
2020-12-02 17:53:53.625 24 INFO neutron.wsgi [req-cc18835e-420a-4795-b432-330bf5a29073 0da1bc1a3acc45d0aca57e504c04ea17 63be5b4f4d784088b73cd36e6114f00e - default default] 192.168.208.187,10.31.10.1 "GET /v2.0/ports/16ff8f69-ad4c-4992-a1f9-8f67cd6b98b6 HTTP/1.1" status: 200 len: 1217 time: 0.2112801
2020-12-02 17:53:53.846 25 INFO neutron.wsgi [req-ebaf3551-9da8-49ac-8743-74d14be27eae 0da1bc1a3acc45d0aca57e504c04ea17 63be5b4f4d784088b73cd36e6114f00e - default default] 10.31.10.20,10.31.10.1 "GET /v2.0/security-groups?id=b92ca6e7-6354-4c1e-a781-6be287e270a3&fields=id&fields=name HTTP/1.1" status: 200 len: 262 time: 0.0373414
2020-12-02 17:53:54.205 24 INFO neutron.wsgi [req-ff979a7c-10d9-42be-932d-050a7341086b 0da1bc1a3acc45d0aca57e504c04ea17 63be5b4f4d784088b73cd36e6114f00e - default default] 10.31.10.3,10.31.10.1 "GET /v2.0/ports?device_id=2174c414-000e-4d1a-8790-4ce6d5663750 HTTP/1.1" status: 200 len: 1350 time: 0.0658774
2020-12-02 17:53:54.411 24 INFO neutron.wsgi [req-8ed123ca-fbe7-4b68-81ad-d2806bf35724 0da1bc1a3acc45d0aca57e504c04ea17 63be5b4f4d784088b73cd36e6114f00e - default default] 10.31.10.2,10.31.10.1 "GET /v2.0/security-groups?id=b92ca6e7-6354-4c1e-a781-6be287e270a3&fields=id&fields=name HTTP/1.1" status: 200 len: 262 time: 0.0362151
2020-12-02 17:53:54.538 22 INFO neutron.wsgi [req-3b2d3b4d-9099-4f11-beaf-bc3a9da8cc79 0da1bc1a3acc45d0aca57e504c04ea17 63be5b4f4d784088b73cd36e6114f00e - default default] 10.31.10.20,10.31.10.1 "GET /v2.0/security-groups?id=b92ca6e7-6354-4c1e-a781-6be287e270a3&fields=id&fields=name HTTP/1.1" status: 200 len: 262 time: 0.0425308
2020-12-02 17:53:54.564 24 INFO neutron.wsgi [req-3b1b13ff-907e-4edb-a0cf-58e58b7161d8 0da1bc1a3acc45d0aca57e504c04ea17 63be5b4f4d784088b73cd36e6114f00e - default default] 10.31.10.3,10.31.10.1 "GET /v2.0/ports?device_id=75558870-4e82-4f80-8689-22356e1ea2b3 HTTP/1.1" status: 200 len: 1345 time: 0.0737991
2020-12-02 17:53:56.307 24 INFO neutron.wsgi [req-76a7258a-3d1d-4823-9af7-0c11a58ee86b 851af1939a9b4ff8808a741857d37b46 761947fab1374992bf04ee79f6b6b929 - default default] 10.31.10.20,10.31.10.1 "PUT /v2.0/ports/50dd2bfe-3000-4c12-9e03-cf05076bc0ba HTTP/1.1" status: 200 len: 1345 time: 1.4702833
2020-12-02 17:53:56.427 21 INFO neutron.wsgi [req-66258a10-e450-40a9-a430-a1ed57e74be6 0da1bc1a3acc45d0aca57e504c04ea17 63be5b4f4d784088b73cd36e6114f00e - default default] 10.31.10.20,10.31.10.1 "GET /v2.0/security-groups?id=b92ca6e7-6354-4c1e-a781-6be287e270a3&fields=id&fields=name HTTP/1.1" status: 200 len: 262 time: 0.0453401
2020-12-02 17:53:56.663 21 INFO neutron.wsgi [req-f0b9e68e-050e-4337-b925-7b7d1fb3eb4a 851af1939a9b4ff8808a741857d37b46 761947fab1374992bf04ee79f6b6b929 - default default] 10.31.10.20,10.31.10.1 "GET /v2.0/ports?network_id=f84f54b0-49f4-4068-bd45-ea71a13ff49e&device_owner=network%3Adhcp HTTP/1.1" status: 200 len: 2491 time: 0.0793819
2020-12-02 17:53:56.845 24 INFO neutron.notifiers.nova [-] Nova event response: {'name': 'network-changed', 'server_uuid': '3e907021-8968-4a80-a0ec-b43446fd01e0', 'tag': '50dd2bfe-3000-4c12-9e03-cf05076bc0ba', 'status': 'completed', 'code': 200}
2020-12-02 17:53:57.082 22 INFO neutron.wsgi [req-db35cb26-2c24-4bef-829b-ac79591e1749 851af1939a9b4ff8808a741857d37b46 761947fab1374992bf04ee79f6b6b929 - default default] 10.31.10.20,10.31.10.1 "GET /v2.0/ports?tenant_id=63be5b4f4d784088b73cd36e6114f00e&device_id=3e907021-8968-4a80-a0ec-b43446fd01e0 HTTP/1.1" status: 200 len: 1348 time: 0.0888762
2020-12-02 17:53:57.135 22 INFO neutron.wsgi [req-92fe9c9d-5a50-42db-a252-d2641ea83ecc 0da1bc1a3acc45d0aca57e504c04ea17 63be5b4f4d784088b73cd36e6114f00e - default default] 10.31.10.3,10.31.10.1 "GET /v2.0/security-groups?id=b92ca6e7-6354-4c1e-a781-6be287e270a3&fields=id&fields=name HTTP/1.1" status: 200 len: 262 time: 0.0374060
2020-12-02 17:53:57.483 21 INFO neutron.wsgi [req-e3c0a205-8846-4261-af2f-01fb7335c48b 851af1939a9b4ff8808a741857d37b46 761947fab1374992bf04ee79f6b6b929 - default default] 10.31.10.20,10.31.10.1 "GET /v2.0/ports?network_id=f84f54b0-49f4-4068-bd45-ea71a13ff49e&device_owner=network%3Adhcp HTTP/1.1" status: 200 len: 2491 time: 0.0918245
2020-12-02 17:53:57.751 32 INFO neutron.db.l3_db [req-b14077f7-d025-42f2-a12c-e72c12f75821 - - - - -] Skipping port 4f6d0eb8-ffe0-48b4-b148-6cdcacac2b60 as no IP is configure on it
2020-12-02 17:53:57.752 32 INFO neutron.db.l3_db [req-b14077f7-d025-42f2-a12c-e72c12f75821 - - - - -] Skipping port 4f6d0eb8-ffe0-48b4-b148-6cdcacac2b60 as no IP is configure on it
2020-12-02 17:53:58.874 32 INFO neutron.db.l3_db [req-b14077f7-d025-42f2-a12c-e72c12f75821 - - - - -] Skipping port 4f6d0eb8-ffe0-48b4-b148-6cdcacac2b60 as no IP is configure on it
2020-12-02 17:53:58.875 32 INFO neutron.db.l3_db [req-b14077f7-d025-42f2-a12c-e72c12f75821 - - - - -] Skipping port 4f6d0eb8-ffe0-48b4-b148-6cdcacac2b60 as no IP is configure on it
2020-12-02 17:53:59.238 21 INFO neutron.wsgi [req-9da30be4-2f08-464b-a57e-b1c046094c21 0da1bc1a3acc45d0aca57e504c04ea17 63be5b4f4d784088b73cd36e6114f00e - default default] 192.168.208.187,10.31.10.1 "GET /v2.0/ports/5b69af8d-5864-4f95-b43b-e7374419e3ff HTTP/1.1" status: 200 len: 1209 time: 0.0636513
2020-12-02 17:53:59.538 28 INFO neutron.db.l3_db [req-a1bba421-8b6d-43f8-9c59-dd1e54cc43dd - - - - -] Skipping port aad6e1b3-8bee-4d03-8bf7-5dd02c7000c9 as no IP is configure on it
2020-12-02 17:53:59.539 28 INFO neutron.db.l3_db [req-a1bba421-8b6d-43f8-9c59-dd1e54cc43dd - - - - -] Skipping port aad6e1b3-8bee-4d03-8bf7-5dd02c7000c9 as no IP is configure on it
2020-12-02 17:53:59.784 21 INFO neutron.wsgi [req-b8a60254-3af4-42bb-966c-f604bb12f48d 0da1bc1a3acc45d0aca57e504c04ea17 63be5b4f4d784088b73cd36e6114f00e - default default] 10.31.10.20,10.31.10.1 "GET /v2.0/security-groups?id=b92ca6e7-6354-4c1e-a781-6be287e270a3&fields=id&fields=name HTTP/1.1" status: 200 len: 262 time: 0.0993221
2020-12-02 17:53:59.847 28 INFO neutron.db.l3_db [req-a1bba421-8b6d-43f8-9c59-dd1e54cc43dd - - - - -] Skipping port aad6e1b3-8bee-4d03-8bf7-5dd02c7000c9 as no IP is configure on it
2020-12-02 17:53:59.847 28 INFO neutron.db.l3_db [req-a1bba421-8b6d-43f8-9c59-dd1e54cc43dd - - - - -] Skipping port aad6e1b3-8bee-4d03-8bf7-5dd02c7000c9 as no IP is configure on it
2020-12-02 17:54:00.244 21 INFO neutron.wsgi [req-acbe07da-acdd-4c11-897e-8605bda9c0bc 0da1bc1a3acc45d0aca57e504c04ea17 63be5b4f4d784088b73cd36e6114f00e - default default] 10.31.10.2,10.31.10.1 "GET /v2.0/ports?tenant_id=63be5b4f4d784088b73cd36e6114f00e HTTP/1.1" status: 200 len: 488119 time: 0.6789854
2020-12-02 17:54:02.494 23 INFO neutron.wsgi [req-cbb3d2c3-a5cb-4f31-a472-0b8d270d4819 0da1bc1a3acc45d0aca57e504c04ea17 63be5b4f4d784088b73cd36e6114f00e - default default] 10.31.10.2,10.31.10.1 "GET /v2.0/security-groups?id=b92ca6e7-6354-4c1e-a781-6be287e270a3&fields=id&fields=name HTTP/1.1" status: 200 len: 262 time: 0.0450144
2020-12-02 17:54:03.378 25 INFO neutron.wsgi [req-3f308996-131b-4f39-aa2e-1b536de1f897 0da1bc1a3acc45d0aca57e504c04ea17 63be5b4f4d784088b73cd36e6114f00e - default default] 10.31.10.3,10.31.10.1 "GET /v2.0/ports?device_id=159ff4ca-cb4a-46be-8eee-95b95055807d HTTP/1.1" status: 200 len: 1353 time: 0.0829675
2020-12-02 17:54:03.504 26 INFO neutron.db.l3_db [req-1718be7c-4625-486c-9f17-f1bac12fe362 - - - - -] Skipping port 3c016bc6-a1b3-422f-81fa-18f6dc524258 as no IP is configure on it
2020-12-02 17:54:03.505 26 INFO neutron.db.l3_db [req-1718be7c-4625-486c-9f17-f1bac12fe362 - - - - -] Skipping port 3c016bc6-a1b3-422f-81fa-18f6dc524258 as no IP is configure on it
2020-12-02 17:54:04.548 21 INFO neutron.wsgi [req-717869d1-435a-4023-af50-9dd7722ff530 0da1bc1a3acc45d0aca57e504c04ea17 63be5b4f4d784088b73cd36e6114f00e - default default] 10.31.10.20,10.31.10.1 "GET /v2.0/security-groups?id=b92ca6e7-6354-4c1e-a781-6be287e270a3&fields=id&fields=name HTTP/1.1" status: 200 len: 262 time: 0.0392196
2020-12-02 17:54:04.684 26 INFO neutron.db.l3_db [req-1718be7c-4625-486c-9f17-f1bac12fe362 - - - - -] Skipping port 3c016bc6-a1b3-422f-81fa-18f6dc524258 as no IP is configure on it
2020-12-02 17:54:04.684 26 INFO neutron.db.l3_db [req-1718be7c-4625-486c-9f17-f1bac12fe362 - - - - -] Skipping port 3c016bc6-a1b3-422f-81fa-18f6dc524258 as no IP is configure on it
2020-12-02 17:54:04.755 24 INFO neutron.wsgi [req-cc97fc70-5b11-4435-811a-b21b296fc5e8 0da1bc1a3acc45d0aca57e504c04ea17 63be5b4f4d784088b73cd36e6114f00e - default default] 10.31.10.3,10.31.10.1 "GET /v2.0/subnets HTTP/1.1" status: 200 len: 127848 time: 0.3517530
2020-12-02 17:54:04.798 23 INFO neutron.wsgi [req-e8207207-3735-4534-8cf6-5fe6d06cee79 0da1bc1a3acc45d0aca57e504c04ea17 63be5b4f4d784088b73cd36e6114f00e - default default] 10.31.10.2,10.31.10.1 "GET /v2.0/security-groups?id=b92ca6e7-6354-4c1e-a781-6be287e270a3&fields=id&fields=name HTTP/1.1" status: 200 len: 262 time: 0.0604348
2020-12-02 17:54:04.899 23 INFO neutron.wsgi [req-5f057006-5056-4526-a2a7-1b69a39503f9 0da1bc1a3acc45d0aca57e504c04ea17 63be5b4f4d784088b73cd36e6114f00e - default default] 10.31.10.3,10.31.10.1 "GET /v2.0/networks?shared=True HTTP/1.1" status: 200 len: 902 time: 0.1200476
2020-12-02 17:54:05.066 24 INFO neutron.wsgi [req-018f965c-8433-4e11-a904-1560a7411ff6 0da1bc1a3acc45d0aca57e504c04ea17 63be5b4f4d784088b73cd36e6114f00e - default default] 10.31.10.20,10.31.10.1 "GET /v2.0/security-groups?id=b92ca6e7-6354-4c1e-a781-6be287e270a3&fields=id&fields=name HTTP/1.1" status: 200 len: 262 time: 0.1995039
