2020-12-02 17:57:21.158 23 INFO neutron.wsgi [req-70f3070d-b6dd-4346-a74e-0f81bd18d004 0da1bc1a3acc45d0aca57e504c04ea17 63be5b4f4d784088b73cd36e6114f00e - default default] 192.168.208.187,10.31.10.1 "GET /v2.0/ports/c490eb92-34e3-4026-b4ae-650d7c79a82f HTTP/1.1" status: 200 len: 1216 time: 0.0623999
2020-12-02 17:57:21.285 22 INFO neutron.wsgi [req-f96cc58f-02c8-4e4c-b1c2-d05b8f2ba5c2 0da1bc1a3acc45d0aca57e504c04ea17 63be5b4f4d784088b73cd36e6114f00e - default default] 10.31.10.2,10.31.10.1 "GET /v2.0/security-groups?id=b92ca6e7-6354-4c1e-a781-6be287e270a3&fields=id&fields=name HTTP/1.1" status: 200 len: 262 time: 0.0452747
2020-12-02 17:57:22.013 23 INFO neutron.wsgi [req-dfe9616d-c01c-4117-9ef2-2533634aebe3 0da1bc1a3acc45d0aca57e504c04ea17 63be5b4f4d784088b73cd36e6114f00e - default default] 10.31.10.3,10.31.10.1 "GET /v2.0/security-groups?id=b92ca6e7-6354-4c1e-a781-6be287e270a3&fields=id&fields=name HTTP/1.1" status: 200 len: 262 time: 0.0396280
2020-12-02 17:57:24.029 21 INFO neutron.wsgi [req-00772864-180a-40b6-baad-ab6d89b36a96 0da1bc1a3acc45d0aca57e504c04ea17 63be5b4f4d784088b73cd36e6114f00e - default default] 10.31.10.2,10.31.10.1 "GET /v2.0/ports?device_id=d9e0cd90-4612-4083-846c-ba30a5dac238 HTTP/1.1" status: 200 len: 1351 time: 0.0831470
2020-12-02 17:57:24.806 23 INFO neutron.wsgi [req-0625965f-d407-4975-ba23-e44ee99a22ac 0da1bc1a3acc45d0aca57e504c04ea17 63be5b4f4d784088b73cd36e6114f00e - default default] 10.31.10.3,10.31.10.1 "GET /v2.0/security-groups?id=b92ca6e7-6354-4c1e-a781-6be287e270a3&fields=id&fields=name HTTP/1.1" status: 200 len: 262 time: 0.0407038
2020-12-02 17:57:25.464 32 INFO neutron.db.l3_db [req-75257b25-6e57-4d8f-87c4-6af29203f4fd - - - - -] Skipping port 8e8fde7b-d07d-45ce-8bd1-3e9655fc5ca6 as no IP is configure on it
2020-12-02 17:57:25.464 32 INFO neutron.db.l3_db [req-75257b25-6e57-4d8f-87c4-6af29203f4fd - - - - -] Skipping port 8e8fde7b-d07d-45ce-8bd1-3e9655fc5ca6 as no IP is configure on it
2020-12-02 17:57:26.382 28 INFO neutron.db.l3_db [req-b71789cd-3841-4317-ad91-87aeeb05605e - - - - -] Skipping port d342d2e6-ca23-418f-bb42-d1cf0ed725a0 as no IP is configure on it
2020-12-02 17:57:26.382 28 INFO neutron.db.l3_db [req-b71789cd-3841-4317-ad91-87aeeb05605e - - - - -] Skipping port d342d2e6-ca23-418f-bb42-d1cf0ed725a0 as no IP is configure on it
2020-12-02 17:57:26.744 32 INFO neutron.db.l3_db [req-75257b25-6e57-4d8f-87c4-6af29203f4fd - - - - -] Skipping port 8e8fde7b-d07d-45ce-8bd1-3e9655fc5ca6 as no IP is configure on it
2020-12-02 17:57:26.745 32 INFO neutron.db.l3_db [req-75257b25-6e57-4d8f-87c4-6af29203f4fd - - - - -] Skipping port 8e8fde7b-d07d-45ce-8bd1-3e9655fc5ca6 as no IP is configure on it
2020-12-02 17:57:27.131 23 INFO neutron.wsgi [req-e1150782-f9fe-46e1-bd3c-590f32225b5f 0da1bc1a3acc45d0aca57e504c04ea17 63be5b4f4d784088b73cd36e6114f00e - default default] 10.31.10.2,10.31.10.1 "GET /v2.0/floatingips?tenant_id=63be5b4f4d784088b73cd36e6114f00e HTTP/1.1" status: 200 len: 193 time: 0.0642149
2020-12-02 17:57:28.019 21 INFO neutron.wsgi [req-57814a43-9e10-4b0a-8a6e-64f4a7613115 0da1bc1a3acc45d0aca57e504c04ea17 63be5b4f4d784088b73cd36e6114f00e - default default] 10.31.10.2,10.31.10.1 "GET /v2.0/security-groups?id=b92ca6e7-6354-4c1e-a781-6be287e270a3&fields=id&fields=name HTTP/1.1" status: 200 len: 262 time: 0.0420938
2020-12-02 17:57:28.799 28 INFO neutron.db.l3_db [req-b71789cd-3841-4317-ad91-87aeeb05605e - - - - -] Skipping port d342d2e6-ca23-418f-bb42-d1cf0ed725a0 as no IP is configure on it
2020-12-02 17:57:28.799 28 INFO neutron.db.l3_db [req-b71789cd-3841-4317-ad91-87aeeb05605e - - - - -] Skipping port d342d2e6-ca23-418f-bb42-d1cf0ed725a0 as no IP is configure on it
2020-12-02 17:57:30.153 23 INFO neutron.wsgi [req-22319b98-1c0e-43e9-8fba-fa4db248cb72 0da1bc1a3acc45d0aca57e504c04ea17 63be5b4f4d784088b73cd36e6114f00e - default default] 192.168.208.187,10.31.10.1 "GET /v2.0/ports/f85b3dad-3e4d-44df-9841-8bb6c75a245c HTTP/1.1" status: 200 len: 1216 time: 0.0618005
2020-12-02 17:57:31.124 25 INFO neutron.wsgi [req-9b6b46fb-6394-42b8-8cae-c592f20cab55 0da1bc1a3acc45d0aca57e504c04ea17 63be5b4f4d784088b73cd36e6114f00e - default default] 10.31.10.2,10.31.10.1 "GET /v2.0/networks?id=212f8e72-ffd0-4e55-82eb-3c0bfb9c81dd HTTP/1.1" status: 200 len: 884 time: 0.1289413
2020-12-02 17:57:31.353 24 INFO neutron.wsgi [req-9ae8c384-acef-4e3b-8816-31e63b33e5f1 0da1bc1a3acc45d0aca57e504c04ea17 63be5b4f4d784088b73cd36e6114f00e - default default] 10.31.10.3,10.31.10.1 "GET /v2.0/ports?device_id=789c8d00-a3e5-48bc-8096-3654a286f115 HTTP/1.1" status: 200 len: 1350 time: 0.0905142
2020-12-02 17:57:31.634 21 INFO neutron.wsgi [req-932f815d-c777-442b-846c-da12c9cf370e 0da1bc1a3acc45d0aca57e504c04ea17 63be5b4f4d784088b73cd36e6114f00e - default default] 10.31.10.20,10.31.10.1 "GET /v2.0/security-groups?id=b92ca6e7-6354-4c1e-a781-6be287e270a3&fields=id&fields=name HTTP/1.1" status: 200 len: 262 time: 0.0511553
2020-12-02 17:57:32.268 23 INFO neutron.wsgi [req-6d0b8d99-886c-42be-b177-83d43aaefb89 0da1bc1a3acc45d0aca57e504c04ea17 63be5b4f4d784088b73cd36e6114f00e - default default] 10.31.10.2,10.31.10.1 "GET /v2.0/ports?device_id=226b7f61-645d-4d89-a116-c1bb8141d4d7 HTTP/1.1" status: 200 len: 1353 time: 0.0865428
2020-12-02 17:57:33.832 21 INFO neutron.wsgi [req-694fa84e-9d19-4b37-bbda-7c28dc51df70 0da1bc1a3acc45d0aca57e504c04ea17 63be5b4f4d784088b73cd36e6114f00e - default default] 10.31.10.2,10.31.10.1 "GET /v2.0/ports?tenant_id=63be5b4f4d784088b73cd36e6114f00e HTTP/1.1" status: 200 len: 503851 time: 0.6636944
2020-12-02 17:57:33.943 25 INFO neutron.wsgi [req-a03d9b8d-895b-44cb-b53d-7dc95f4cb599 0da1bc1a3acc45d0aca57e504c04ea17 63be5b4f4d784088b73cd36e6114f00e - default default] 10.31.10.3,10.31.10.1 "GET /v2.0/ports?device_id=3eeaf060-d228-4be3-a204-d88ff9fb0788 HTTP/1.1" status: 200 len: 1355 time: 0.0743723
2020-12-02 17:57:34.384 24 INFO neutron.wsgi [req-116001f4-f701-48ab-ab80-00e4235d42ee 0da1bc1a3acc45d0aca57e504c04ea17 63be5b4f4d784088b73cd36e6114f00e - default default] 10.31.10.20,10.31.10.1 "GET /v2.0/security-groups?id=b92ca6e7-6354-4c1e-a781-6be287e270a3&fields=id&fields=name HTTP/1.1" status: 200 len: 262 time: 0.0522363
2020-12-02 17:57:35.104 24 INFO neutron.wsgi [req-39f427e9-41d6-4b44-8955-6d950242930b 0da1bc1a3acc45d0aca57e504c04ea17 63be5b4f4d784088b73cd36e6114f00e - default default] 10.31.10.2,10.31.10.1 "GET /v2.0/security-groups?id=b92ca6e7-6354-4c1e-a781-6be287e270a3&fields=id&fields=name HTTP/1.1" status: 200 len: 262 time: 0.0510628
2020-12-02 17:57:36.576 26 INFO neutron.db.l3_db [req-60655a1d-4c3b-44f8-9f26-2694a2c1cb62 - - - - -] Skipping port 84f75321-c280-451f-89cf-de7dd2f11971 as no IP is configure on it
2020-12-02 17:57:36.577 26 INFO neutron.db.l3_db [req-60655a1d-4c3b-44f8-9f26-2694a2c1cb62 - - - - -] Skipping port 84f75321-c280-451f-89cf-de7dd2f11971 as no IP is configure on it
2020-12-02 17:57:36.656 22 INFO neutron.wsgi [req-78cdb077-3712-4048-9a02-274586a522e9 851af1939a9b4ff8808a741857d37b46 761947fab1374992bf04ee79f6b6b929 - default default] 10.31.10.20,10.31.10.1 "GET /v2.0/ports?tenant_id=63be5b4f4d784088b73cd36e6114f00e&device_id=cc2d093a-f592-4e52-a4c7-87ec5dc560b4 HTTP/1.1" status: 200 len: 1355 time: 0.0653155
2020-12-02 17:57:36.900 23 INFO neutron.wsgi [req-107578ca-0a4d-4a74-b52d-429a945c518d 851af1939a9b4ff8808a741857d37b46 761947fab1374992bf04ee79f6b6b929 - default default] 10.31.10.20,10.31.10.1 "GET /v2.0/ports?network_id=212f8e72-ffd0-4e55-82eb-3c0bfb9c81dd&device_owner=network%3Adhcp HTTP/1.1" status: 200 len: 2499 time: 0.0843990
2020-12-02 17:57:37.206 26 INFO neutron.db.l3_db [req-60655a1d-4c3b-44f8-9f26-2694a2c1cb62 - - - - -] Skipping port 84f75321-c280-451f-89cf-de7dd2f11971 as no IP is configure on it
2020-12-02 17:57:37.206 26 INFO neutron.db.l3_db [req-60655a1d-4c3b-44f8-9f26-2694a2c1cb62 - - - - -] Skipping port 84f75321-c280-451f-89cf-de7dd2f11971 as no IP is configure on it
2020-12-02 17:57:37.328 24 INFO neutron.wsgi [req-cce37411-1349-4aed-a6e3-a50e0d2bd155 851af1939a9b4ff8808a741857d37b46 761947fab1374992bf04ee79f6b6b929 - default default] 10.31.10.20,10.31.10.1 "GET /v2.0/ports?tenant_id=63be5b4f4d784088b73cd36e6114f00e&device_id=cc2d093a-f592-4e52-a4c7-87ec5dc560b4 HTTP/1.1" status: 200 len: 1355 time: 0.0780396
2020-12-02 17:57:37.797 24 INFO neutron.wsgi [req-35d05d3c-f369-424d-b8d6-7e1ff781f9fe 851af1939a9b4ff8808a741857d37b46 761947fab1374992bf04ee79f6b6b929 - default default] 10.31.10.20,10.31.10.1 "GET /v2.0/subnets?id=3efae4b0-28d6-4d0f-8e34-153d29c49de9 HTTP/1.1" status: 200 len: 817 time: 0.2279623
2020-12-02 17:57:38.176 24 INFO neutron.wsgi [req-893e6398-657f-4cf8-9960-c92dff3d5ae2 851af1939a9b4ff8808a741857d37b46 761947fab1374992bf04ee79f6b6b929 - default default] 10.31.10.20,10.31.10.1 "GET /v2.0/networks/212f8e72-ffd0-4e55-82eb-3c0bfb9c81dd?fields=provider%3Aphysical_network&fields=provider%3Anetwork_type HTTP/1.1" status: 200 len: 252 time: 0.1245282
2020-12-02 17:57:38.750 24 INFO neutron.wsgi [req-8faa3660-a827-4296-93ef-4dd1b1acd43c 0da1bc1a3acc45d0aca57e504c04ea17 63be5b4f4d784088b73cd36e6114f00e - default default] 10.31.10.3,10.31.10.1 "GET /v2.0/ports?device_id=3e907021-8968-4a80-a0ec-b43446fd01e0 HTTP/1.1" status: 200 len: 1348 time: 0.0729806
2020-12-02 17:57:39.617 24 INFO neutron.wsgi [req-9b2e10d5-f83e-4f7b-bbb2-b5ca233d93ff 0da1bc1a3acc45d0aca57e504c04ea17 63be5b4f4d784088b73cd36e6114f00e - default default] 10.31.10.2,10.31.10.1 "GET /v2.0/ports?tenant_id=63be5b4f4d784088b73cd36e6114f00e HTTP/1.1" status: 200 len: 505023 time: 0.5149953
2020-12-02 17:57:39.892 24 INFO neutron.wsgi [req-ac1b7865-3c46-4fa6-a803-d7e112d17045 0da1bc1a3acc45d0aca57e504c04ea17 63be5b4f4d784088b73cd36e6114f00e - default default] 10.31.10.2,10.31.10.1 "GET /v2.0/ports?device_id=75558870-4e82-4f80-8689-22356e1ea2b3 HTTP/1.1" status: 200 len: 1345 time: 0.0981431
2020-12-02 17:57:39.910 24 INFO neutron.wsgi [req-cffeeeed-68c8-457a-984b-943205c94bcd 0da1bc1a3acc45d0aca57e504c04ea17 63be5b4f4d784088b73cd36e6114f00e - default default] 10.31.10.3,10.31.10.1 "GET /v2.0/security-groups?id=b92ca6e7-6354-4c1e-a781-6be287e270a3&fields=id&fields=name HTTP/1.1" status: 200 len: 262 time: 0.0476918
2020-12-02 17:57:39.955 24 INFO neutron.wsgi [req-f6a5333a-2dec-4761-9302-4e139ac09b76 0da1bc1a3acc45d0aca57e504c04ea17 63be5b4f4d784088b73cd36e6114f00e - default default] 10.31.10.3,10.31.10.1 "GET /v2.0/security-groups?id=b92ca6e7-6354-4c1e-a781-6be287e270a3&fields=id&fields=name HTTP/1.1" status: 200 len: 262 time: 0.0408046
2020-12-02 17:57:40.101 24 INFO neutron.wsgi [req-049c9e6b-7e22-4d85-9ad5-bc848ab426f9 0da1bc1a3acc45d0aca57e504c04ea17 63be5b4f4d784088b73cd36e6114f00e - default default] 10.31.10.3,10.31.10.1 "GET /v2.0/ports?device_id=97bd230c-9c23-40d0-abfa-f670b641d904 HTTP/1.1" status: 200 len: 1355 time: 0.0733647
2020-12-02 17:57:40.164 24 INFO neutron.wsgi [req-c601c293-3614-4144-9c86-4c18c0c27dcc 0da1bc1a3acc45d0aca57e504c04ea17 63be5b4f4d784088b73cd36e6114f00e - default default] 10.31.10.3,10.31.10.1 "GET /v2.0/floatingips?port_id=1f7cf7f3-c1ca-495e-b87f-ff644475d687&tenant_id=63be5b4f4d784088b73cd36e6114f00e HTTP/1.1" status: 200 len: 193 time: 0.0577202
2020-12-02 17:57:40.232 23 INFO neutron.wsgi [req-5aac947e-df15-4d86-bba7-8a34b0a9eb76 0da1bc1a3acc45d0aca57e504c04ea17 63be5b4f4d784088b73cd36e6114f00e - default default] 10.31.10.3,10.31.10.1 "GET /v2.0/ports?device_id=576281c8-2a6b-46a3-b94c-fa0c67e9a031 HTTP/1.1" status: 200 len: 1348 time: 0.0722795
2020-12-02 17:57:40.408 24 INFO neutron.wsgi [req-cdb8922b-462c-4852-8bb4-904f15f6f644 0da1bc1a3acc45d0aca57e504c04ea17 63be5b4f4d784088b73cd36e6114f00e - default default] 10.31.10.3,10.31.10.1 "GET /v2.0/floatingips?port_id=088c73b0-3fd7-49c5-86c1-27179e04255d&tenant_id=63be5b4f4d784088b73cd36e6114f00e HTTP/1.1" status: 200 len: 193 time: 0.1693115
2020-12-02 17:57:40.926 24 INFO neutron.wsgi [req-4d059fe1-6ff2-4b76-9648-a8396174b844 0da1bc1a3acc45d0aca57e504c04ea17 63be5b4f4d784088b73cd36e6114f00e - default default] 10.31.10.3,10.31.10.1 "GET /v2.0/ports?tenant_id=63be5b4f4d784088b73cd36e6114f00e HTTP/1.1" status: 200 len: 505023 time: 0.7238882
2020-12-02 17:57:41.050 25 INFO neutron.wsgi [req-b9b53af1-ed02-4ea0-bcc4-3eef68e3820f 0da1bc1a3acc45d0aca57e504c04ea17 63be5b4f4d784088b73cd36e6114f00e - default default] 10.31.10.3,10.31.10.1 "GET /v2.0/networks?id=e719dab3-29ec-4cbd-9394-01a4cf63d133 HTTP/1.1" status: 200 len: 885 time: 0.1671202
2020-12-02 17:57:41.106 25 INFO neutron.wsgi [req-52d6d248-1799-4d0a-ae54-bfd69b845ba2 0da1bc1a3acc45d0aca57e504c04ea17 63be5b4f4d784088b73cd36e6114f00e - default default] 10.31.10.3,10.31.10.1 "GET /v2.0/networks?id=a37dc62f-dafa-4132-838f-a886f08c2651 HTTP/1.1" status: 200 len: 883 time: 0.1254461
2020-12-02 17:57:41.448 25 INFO neutron.wsgi [req-51cfb94b-4444-49ea-8e57-8fdd1f316a53 0da1bc1a3acc45d0aca57e504c04ea17 63be5b4f4d784088b73cd36e6114f00e - default default] 10.31.10.3,10.31.10.1 "GET /v2.0/subnets HTTP/1.1" status: 200 len: 127848 time: 0.3326478
2020-12-02 17:57:41.649 21 INFO neutron.wsgi [req-4cbab61b-379f-489c-856a-a91ffd99ffdf 0da1bc1a3acc45d0aca57e504c04ea17 63be5b4f4d784088b73cd36e6114f00e - default default] 10.31.10.20,10.31.10.1 "GET /v2.0/ports?device_id=789c8d00-a3e5-48bc-8096-3654a286f115 HTTP/1.1" status: 200 len: 1350 time: 0.0705416
2020-12-02 17:57:42.088 24 INFO neutron.wsgi [req-36e5eb23-22fc-4d66-a2fa-126597ff98a2 0da1bc1a3acc45d0aca57e504c04ea17 63be5b4f4d784088b73cd36e6114f00e - default default] 10.31.10.20,10.31.10.1 "GET /v2.0/ports?device_id=3e907021-8968-4a80-a0ec-b43446fd01e0 HTTP/1.1" status: 200 len: 1348 time: 0.1382599
2020-12-02 17:57:42.318 24 INFO neutron.wsgi [req-fd37c6a5-813c-4f2a-9f72-48db85c313ca 0da1bc1a3acc45d0aca57e504c04ea17 63be5b4f4d784088b73cd36e6114f00e - default default] 10.31.10.3,10.31.10.1 "GET /v2.0/ports?device_id=3e907021-8968-4a80-a0ec-b43446fd01e0 HTTP/1.1" status: 200 len: 1348 time: 0.0677483
2020-12-02 17:57:42.390 24 INFO neutron.wsgi [req-5c1b78af-d17e-4cf8-9c65-a5b33f966b44 0da1bc1a3acc45d0aca57e504c04ea17 63be5b4f4d784088b73cd36e6114f00e - default default] 10.31.10.20,10.31.10.1 "GET /v2.0/security-groups?id=b92ca6e7-6354-4c1e-a781-6be287e270a3&fields=id&fields=name HTTP/1.1" status: 200 len: 262 time: 0.0378795
2020-12-02 17:57:42.610 24 INFO neutron.wsgi [req-62160acf-aff2-48b2-98cc-4f4e22ff8e8c 0da1bc1a3acc45d0aca57e504c04ea17 63be5b4f4d784088b73cd36e6114f00e - default default] 10.31.10.3,10.31.10.1 "GET /v2.0/security-groups?id=b92ca6e7-6354-4c1e-a781-6be287e270a3&fields=id&fields=name HTTP/1.1" status: 200 len: 262 time: 0.0457177
2020-12-02 17:57:44.226 24 INFO neutron.wsgi [req-14cff3e8-0ad5-4807-95d7-3125e1ac48cc 0da1bc1a3acc45d0aca57e504c04ea17 63be5b4f4d784088b73cd36e6114f00e - default default] 10.31.10.2,10.31.10.1 "GET /v2.0/ports?device_id=3eeaf060-d228-4be3-a204-d88ff9fb0788 HTTP/1.1" status: 200 len: 1355 time: 0.0812907
2020-12-02 17:57:44.700 24 INFO neutron.wsgi [req-cd332c3a-04fb-492c-af95-3fed0c56d20d 0da1bc1a3acc45d0aca57e504c04ea17 63be5b4f4d784088b73cd36e6114f00e - default default] 10.31.10.3,10.31.10.1 "GET /v2.0/security-groups?id=b92ca6e7-6354-4c1e-a781-6be287e270a3&fields=id&fields=name HTTP/1.1" status: 200 len: 262 time: 0.0425851
2020-12-02 17:57:45.099 24 INFO neutron.wsgi [req-70072873-ab97-46d7-bcf9-cf8de025c358 0da1bc1a3acc45d0aca57e504c04ea17 63be5b4f4d784088b73cd36e6114f00e - default default] 10.31.10.2,10.31.10.1 "GET /v2.0/floatingips?tenant_id=63be5b4f4d784088b73cd36e6114f00e HTTP/1.1" status: 200 len: 193 time: 0.0669465
2020-12-02 17:57:45.304 22 INFO neutron.wsgi [req-08aeff44-8416-450f-9970-6fcf406aa862 851af1939a9b4ff8808a741857d37b46 761947fab1374992bf04ee79f6b6b929 - default default] 10.31.10.2,10.31.10.1 "GET /v2.0/floatingips?fixed_ip_address=192.168.81.4&port_id=d4f3c457-757a-4d67-93e9-208f5ab91652 HTTP/1.1" status: 200 len: 193 time: 0.0746241
2020-12-02 17:57:45.476 22 INFO neutron.wsgi [req-52a301a1-9547-4ddc-8937-aa3b050ef0a6 851af1939a9b4ff8808a741857d37b46 761947fab1374992bf04ee79f6b6b929 - default default] 10.31.10.2,10.31.10.1 "GET /v2.0/ports?network_id=2a9a479f-e84f-411f-b574-55f45ccc6c6f&device_owner=network%3Adhcp HTTP/1.1" status: 200 len: 2493 time: 0.0797892
2020-12-02 17:57:45.638 22 INFO neutron.wsgi [req-d9892343-11c2-4ef4-a6be-ac8245f7a08d 0da1bc1a3acc45d0aca57e504c04ea17 63be5b4f4d784088b73cd36e6114f00e - default default] 10.31.10.2,10.31.10.1 "GET /v2.0/ports?device_id=cc2d093a-f592-4e52-a4c7-87ec5dc560b4 HTTP/1.1" status: 200 len: 1355 time: 0.0732954
2020-12-02 17:57:46.348 22 INFO neutron.wsgi [req-3c9c1fbb-3037-4740-9186-4de9ccb4d3a1 0da1bc1a3acc45d0aca57e504c04ea17 63be5b4f4d784088b73cd36e6114f00e - default default] 10.31.10.3,10.31.10.1 "GET /v2.0/ports?device_id=97bd230c-9c23-40d0-abfa-f670b641d904 HTTP/1.1" status: 200 len: 1355 time: 0.2324064
2020-12-02 17:57:47.368 23 INFO neutron.wsgi [-] 10.31.10.1 "GET / HTTP/1.1" status: 200 len: 228 time: 0.0056820
2020-12-02 17:57:48.741 23 INFO neutron.wsgi [req-3db5e520-a005-42c9-9bbe-a087bd7c0ed4 0da1bc1a3acc45d0aca57e504c04ea17 63be5b4f4d784088b73cd36e6114f00e - default default] 10.31.10.20,10.31.10.1 "GET /v2.0/security-groups?id=b92ca6e7-6354-4c1e-a781-6be287e270a3&fields=id&fields=name HTTP/1.1" status: 200 len: 262 time: 0.0471117
2020-12-02 17:57:51.107 21 INFO neutron.wsgi [req-4bdfe23b-f147-4398-91ab-adcf7ed6ae49 0da1bc1a3acc45d0aca57e504c04ea17 63be5b4f4d784088b73cd36e6114f00e - default default] 10.31.10.2,10.31.10.1 "GET /v2.0/floatingips?tenant_id=63be5b4f4d784088b73cd36e6114f00e HTTP/1.1" status: 200 len: 193 time: 0.0632505
2020-12-02 17:57:51.954 22 INFO neutron.wsgi [req-c85cd73b-c3a0-43af-a9fc-c3f7847d628b 0da1bc1a3acc45d0aca57e504c04ea17 63be5b4f4d784088b73cd36e6114f00e - default default] 10.31.10.20,10.31.10.1 "GET /v2.0/ports?device_id=789c8d00-a3e5-48bc-8096-3654a286f115 HTTP/1.1" status: 200 len: 1350 time: 0.0748730
2020-12-02 17:57:52.253 22 INFO neutron.wsgi [req-8ebdc1f6-a351-419c-bda0-93a8b976f60e 0da1bc1a3acc45d0aca57e504c04ea17 63be5b4f4d784088b73cd36e6114f00e - default default] 10.31.10.2,10.31.10.1 "GET /v2.0/ports?device_id=75558870-4e82-4f80-8689-22356e1ea2b3 HTTP/1.1" status: 200 len: 1345 time: 0.0764534
2020-12-02 17:57:53.021 24 INFO neutron.wsgi [req-a7765de5-4072-4f56-a4c8-49960f9486f6 0da1bc1a3acc45d0aca57e504c04ea17 63be5b4f4d784088b73cd36e6114f00e - default default] 10.31.10.3,10.31.10.1 "GET /v2.0/security-groups?id=b92ca6e7-6354-4c1e-a781-6be287e270a3&fields=id&fields=name HTTP/1.1" status: 200 len: 262 time: 0.0530517
2020-12-02 17:57:54.612 24 INFO neutron.wsgi [req-7c73679c-9dbe-44f0-a924-6256665ef2f3 851af1939a9b4ff8808a741857d37b46 761947fab1374992bf04ee79f6b6b929 - default default] 10.31.10.20,10.31.10.1 "GET /v2.0/ports?tenant_id=63be5b4f4d784088b73cd36e6114f00e&device_id=a4e73fe7-cf28-4d45-ad4f-ba65977536de HTTP/1.1" status: 200 len: 1278 time: 0.0726638
2020-12-02 17:57:54.853 24 INFO neutron.wsgi [req-77cf5b1f-b89a-4eeb-974b-e6cb7fdbd928 851af1939a9b4ff8808a741857d37b46 761947fab1374992bf04ee79f6b6b929 - default default] 10.31.10.20,10.31.10.1 "GET /v2.0/floatingips?fixed_ip_address=10.31.11.197&port_id=638dbe1c-3bfb-4f03-a2f5-bac3e9c1ee1b HTTP/1.1" status: 200 len: 193 time: 0.0617630
2020-12-02 17:57:54.986 21 INFO neutron.wsgi [req-4a97655f-261d-4e94-aa33-e3aceb3c733a 851af1939a9b4ff8808a741857d37b46 761947fab1374992bf04ee79f6b6b929 - default default] 10.31.10.20,10.31.10.1 "GET /v2.0/ports?network_id=c8e1bba8-da86-4439-a984-1085e84d9405&device_owner=network%3Adhcp HTTP/1.1" status: 200 len: 186 time: 0.0447197
2020-12-02 17:57:55.264 21 INFO neutron.wsgi [req-f5c044a5-6958-4561-b6b2-1e71e665a8b3 851af1939a9b4ff8808a741857d37b46 761947fab1374992bf04ee79f6b6b929 - default default] 10.31.10.20,10.31.10.1 "GET /v2.0/networks/c8e1bba8-da86-4439-a984-1085e84d9405?fields=provider%3Aphysical_network&fields=provider%3Anetwork_type HTTP/1.1" status: 200 len: 257 time: 0.1132517
2020-12-02 17:57:56.646 23 INFO neutron.wsgi [req-6aba058d-8133-4dc4-9503-6ff4165e8d82 0da1bc1a3acc45d0aca57e504c04ea17 63be5b4f4d784088b73cd36e6114f00e - default default] 10.31.10.20,10.31.10.1 "GET /v2.0/ports?device_id=97bd230c-9c23-40d0-abfa-f670b641d904 HTTP/1.1" status: 200 len: 1355 time: 0.0812671
2020-12-02 17:57:57.749 23 INFO neutron.wsgi [req-b5ac4dad-f4e8-4fae-af25-411cc4cee03f 0da1bc1a3acc45d0aca57e504c04ea17 63be5b4f4d784088b73cd36e6114f00e - default default] 10.31.10.2,10.31.10.1 "GET /v2.0/ports?tenant_id=63be5b4f4d784088b73cd36e6114f00e HTTP/1.1" status: 200 len: 505027 time: 0.6302745
2020-12-02 17:57:59.396 24 INFO neutron.wsgi [req-92526c96-605b-4128-80f1-171f4d1435a8 0da1bc1a3acc45d0aca57e504c04ea17 63be5b4f4d784088b73cd36e6114f00e - default default] 10.31.10.3,10.31.10.1 "GET /v2.0/ports?device_id=3e907021-8968-4a80-a0ec-b43446fd01e0 HTTP/1.1" status: 200 len: 1348 time: 0.0783219
2020-12-02 17:58:02.268 21 INFO neutron.wsgi [req-b4756ca3-69f6-4afe-9e32-a0dcb8e7766a 0da1bc1a3acc45d0aca57e504c04ea17 63be5b4f4d784088b73cd36e6114f00e - default default] 10.31.10.2,10.31.10.1 "GET /v2.0/ports?device_id=cc2d093a-f592-4e52-a4c7-87ec5dc560b4 HTTP/1.1" status: 200 len: 1355 time: 0.0863824
2020-12-02 17:58:02.571 21 INFO neutron.wsgi [req-31fe54c9-4acc-4bd6-bdcd-dad8988c5382 0da1bc1a3acc45d0aca57e504c04ea17 63be5b4f4d784088b73cd36e6114f00e - default default] 10.31.10.3,10.31.10.1 "GET /v2.0/ports?device_id=75558870-4e82-4f80-8689-22356e1ea2b3 HTTP/1.1" status: 200 len: 1345 time: 0.0794387
2020-12-02 17:58:03.811 24 INFO neutron.wsgi [req-84f49799-e987-496d-83bf-34ff640d6ba9 0da1bc1a3acc45d0aca57e504c04ea17 63be5b4f4d784088b73cd36e6114f00e - default default] 10.31.10.2,10.31.10.1 "GET /v2.0/ports?tenant_id=63be5b4f4d784088b73cd36e6114f00e HTTP/1.1" status: 200 len: 505033 time: 0.6499088
2020-12-02 17:58:05.036 24 INFO neutron.wsgi [req-e4a23d59-4f84-4b90-a674-61decd67341b 0da1bc1a3acc45d0aca57e504c04ea17 63be5b4f4d784088b73cd36e6114f00e - default default] 10.31.10.2,10.31.10.1 "GET /v2.0/ports?device_id=3eeaf060-d228-4be3-a204-d88ff9fb0788 HTTP/1.1" status: 200 len: 1355 time: 0.0666370
2020-12-02 17:58:05.412 24 INFO neutron.wsgi [req-b44e6dc9-f827-4606-827e-dc0d6b839ccf 0da1bc1a3acc45d0aca57e504c04ea17 63be5b4f4d784088b73cd36e6114f00e - default default] 10.31.10.3,10.31.10.1 "GET /v2.0/security-groups?id=b92ca6e7-6354-4c1e-a781-6be287e270a3&fields=id&fields=name HTTP/1.1" status: 200 len: 262 time: 0.0405183
2020-12-02 17:58:07.124 23 INFO neutron.wsgi [req-b4f826c2-a6a2-4335-b082-44c6267de889 0da1bc1a3acc45d0aca57e504c04ea17 63be5b4f4d784088b73cd36e6114f00e - default default] 10.31.10.2,10.31.10.1 "GET /v2.0/ports?device_id=97bd230c-9c23-40d0-abfa-f670b641d904 HTTP/1.1" status: 200 len: 1355 time: 0.1527445
2020-12-02 17:58:09.292 24 INFO neutron.wsgi [req-fed83786-f063-4151-9da9-b1e1c026519b 0da1bc1a3acc45d0aca57e504c04ea17 63be5b4f4d784088b73cd36e6114f00e - default default] 10.31.10.3,10.31.10.1 "GET /v2.0/ports?device_id=576281c8-2a6b-46a3-b94c-fa0c67e9a031 HTTP/1.1" status: 200 len: 1348 time: 0.0722659
2020-12-02 17:58:09.689 22 INFO neutron.wsgi [req-e09279a0-d404-4102-8d5d-0924460681c3 0da1bc1a3acc45d0aca57e504c04ea17 63be5b4f4d784088b73cd36e6114f00e - default default] 10.31.10.20,10.31.10.1 "GET /v2.0/ports?device_id=3e907021-8968-4a80-a0ec-b43446fd01e0 HTTP/1.1" status: 200 len: 1348 time: 0.0672877
2020-12-02 17:58:11.181 27 INFO neutron.db.l3_db [req-a82e5464-fbf4-4352-b815-5241a4ca331f - - - - -] Skipping port 2cfc95dc-f617-485e-a8ac-db0e68246fae as no IP is configure on it
2020-12-02 17:58:11.181 27 INFO neutron.db.l3_db [req-a82e5464-fbf4-4352-b815-5241a4ca331f - - - - -] Skipping port 2cfc95dc-f617-485e-a8ac-db0e68246fae as no IP is configure on it
2020-12-02 17:58:11.493 27 INFO neutron.db.l3_db [req-a82e5464-fbf4-4352-b815-5241a4ca331f - - - - -] Skipping port 2cfc95dc-f617-485e-a8ac-db0e68246fae as no IP is configure on it
2020-12-02 17:58:11.494 27 INFO neutron.db.l3_db [req-a82e5464-fbf4-4352-b815-5241a4ca331f - - - - -] Skipping port 2cfc95dc-f617-485e-a8ac-db0e68246fae as no IP is configure on it
2020-12-02 17:58:11.720 21 INFO neutron.wsgi [req-5a50d4fc-2695-42d4-a581-1500da419334 851af1939a9b4ff8808a741857d37b46 761947fab1374992bf04ee79f6b6b929 - default default] 10.31.10.3,10.31.10.1 "GET /v2.0/ports?tenant_id=63be5b4f4d784088b73cd36e6114f00e&device_id=a1cd5b9c-26b5-413f-8af6-e2fb9f3d8697 HTTP/1.1" status: 200 len: 1281 time: 0.0749433
2020-12-02 17:58:11.928 24 INFO neutron.wsgi [req-4cff7371-bdf3-40c7-b2fd-a1435e908124 0da1bc1a3acc45d0aca57e504c04ea17 63be5b4f4d784088b73cd36e6114f00e - default default] 10.31.10.3,10.31.10.1 "GET /v2.0/ports?device_id=75558870-4e82-4f80-8689-22356e1ea2b3 HTTP/1.1" status: 200 len: 1345 time: 0.0811875
2020-12-02 17:58:11.952 25 INFO neutron.wsgi [req-59c82fda-c260-4f8c-8584-6da9b985fb76 0da1bc1a3acc45d0aca57e504c04ea17 63be5b4f4d784088b73cd36e6114f00e - default default] 10.31.10.20,10.31.10.1 "GET /v2.0/ports?device_id=576281c8-2a6b-46a3-b94c-fa0c67e9a031 HTTP/1.1" status: 200 len: 1348 time: 0.0737565
2020-12-02 17:58:11.981 24 INFO neutron.wsgi [req-5f3bfe62-f93f-423d-be2c-8f909def83e2 0da1bc1a3acc45d0aca57e504c04ea17 63be5b4f4d784088b73cd36e6114f00e - default default] 10.31.10.3,10.31.10.1 "GET /v2.0/security-groups?id=b92ca6e7-6354-4c1e-a781-6be287e270a3&fields=id&fields=name HTTP/1.1" status: 200 len: 262 time: 0.0449700
2020-12-02 17:58:12.031 24 INFO neutron.wsgi [req-1b7dd1b4-c16b-4793-83a0-345f9948f413 0da1bc1a3acc45d0aca57e504c04ea17 63be5b4f4d784088b73cd36e6114f00e - default default] 10.31.10.2,10.31.10.1 "GET /v2.0/security-groups?id=b92ca6e7-6354-4c1e-a781-6be287e270a3&fields=id&fields=name HTTP/1.1" status: 200 len: 262 time: 0.0373547
2020-12-02 17:58:12.122 21 INFO neutron.wsgi [req-accfe9e9-1ed9-41db-b492-2105ef514e01 851af1939a9b4ff8808a741857d37b46 761947fab1374992bf04ee79f6b6b929 - default default] 10.31.10.3,10.31.10.1 "GET /v2.0/ports?network_id=c8e1bba8-da86-4439-a984-1085e84d9405&device_owner=network%3Adhcp HTTP/1.1" status: 200 len: 186 time: 0.0411658
2020-12-02 17:58:12.175 24 INFO neutron.wsgi [req-92c3f09a-5fbe-4f41-b8a7-58d077070f85 0da1bc1a3acc45d0aca57e504c04ea17 63be5b4f4d784088b73cd36e6114f00e - default default] 10.31.10.3,10.31.10.1 "GET /v2.0/ports?device_id=576281c8-2a6b-46a3-b94c-fa0c67e9a031 HTTP/1.1" status: 200 len: 1348 time: 0.0723691
2020-12-02 17:58:12.240 22 INFO neutron.wsgi [req-875c9376-2a8f-46e3-937c-c863ac353236 0da1bc1a3acc45d0aca57e504c04ea17 63be5b4f4d784088b73cd36e6114f00e - default default] 10.31.10.3,10.31.10.1 "GET /v2.0/floatingips?port_id=e4aaae4c-4f18-4323-a8d7-a28a35f2afcb&tenant_id=63be5b4f4d784088b73cd36e6114f00e HTTP/1.1" status: 200 len: 193 time: 0.0735469
2020-12-02 17:58:12.282 25 INFO neutron.wsgi [req-c40daff4-b6f0-4a54-ac77-305a574e38e8 0da1bc1a3acc45d0aca57e504c04ea17 63be5b4f4d784088b73cd36e6114f00e - default default] 10.31.10.3,10.31.10.1 "GET /v2.0/floatingips?port_id=bd86b20d-8c78-48e1-b3d7-8a18ea6fe548&tenant_id=63be5b4f4d784088b73cd36e6114f00e HTTP/1.1" status: 200 len: 193 time: 0.0575650
2020-12-02 17:58:12.288 23 INFO neutron.wsgi [req-d078ddf7-378c-40a0-ab32-622479ded1f8 851af1939a9b4ff8808a741857d37b46 761947fab1374992bf04ee79f6b6b929 - default default] 10.31.10.3,10.31.10.1 "GET /v2.0/networks/c8e1bba8-da86-4439-a984-1085e84d9405?fields=segments HTTP/1.1" status: 200 len: 188 time: 0.1361275
2020-12-02 17:58:12.552 23 INFO neutron.wsgi [req-8f992903-3ab1-4885-8b71-045100917ec8 0da1bc1a3acc45d0aca57e504c04ea17 63be5b4f4d784088b73cd36e6114f00e - default default] 10.31.10.20,10.31.10.1 "GET /v2.0/ports?device_id=cc2d093a-f592-4e52-a4c7-87ec5dc560b4 HTTP/1.1" status: 200 len: 1355 time: 0.0640566
2020-12-02 17:58:12.709 23 INFO neutron.wsgi [req-04e48f02-8f18-46a8-a20e-e5dfa3ec4535 0da1bc1a3acc45d0aca57e504c04ea17 63be5b4f4d784088b73cd36e6114f00e - default default] 10.31.10.2,10.31.10.1 "GET /v2.0/security-groups?id=b92ca6e7-6354-4c1e-a781-6be287e270a3&fields=id&fields=name HTTP/1.1" status: 200 len: 262 time: 0.0405674
2020-12-02 17:58:12.719 22 INFO neutron.wsgi [req-1831b61c-e57e-425b-9dd6-59bd2ed9bdb3 0da1bc1a3acc45d0aca57e504c04ea17 63be5b4f4d784088b73cd36e6114f00e - default default] 10.31.10.3,10.31.10.1 "GET /v2.0/ports?tenant_id=63be5b4f4d784088b73cd36e6114f00e HTTP/1.1" status: 200 len: 505035 time: 0.4694326
2020-12-02 17:58:12.868 25 INFO neutron.wsgi [req-2fb39daa-c8ee-4fc8-bd0a-6d6cf86218a2 0da1bc1a3acc45d0aca57e504c04ea17 63be5b4f4d784088b73cd36e6114f00e - default default] 10.31.10.3,10.31.10.1 "GET /v2.0/ports?device_id=75558870-4e82-4f80-8689-22356e1ea2b3 HTTP/1.1" status: 200 len: 1345 time: 0.0668283
2020-12-02 17:58:13.457 25 INFO neutron.wsgi [req-cba427b0-09e0-4443-a698-4b34ef9b64b4 0da1bc1a3acc45d0aca57e504c04ea17 63be5b4f4d784088b73cd36e6114f00e - default default] 10.31.10.3,10.31.10.1 "GET /v2.0/subnets HTTP/1.1" status: 200 len: 127848 time: 0.5506692
2020-12-02 17:58:13.458 23 INFO neutron.wsgi [req-38a292c8-f37d-4464-b151-30abfbb502b3 0da1bc1a3acc45d0aca57e504c04ea17 63be5b4f4d784088b73cd36e6114f00e - default default] 10.31.10.3,10.31.10.1 "GET /v2.0/subnets HTTP/1.1" status: 200 len: 127848 time: 0.3247972
2020-12-02 17:58:13.691 25 INFO neutron.wsgi [req-817c163e-14c6-4584-b98b-43795fa59fd5 0da1bc1a3acc45d0aca57e504c04ea17 63be5b4f4d784088b73cd36e6114f00e - default default] 10.31.10.3,10.31.10.1 "GET /v2.0/subnets HTTP/1.1" status: 200 len: 127848 time: 0.7091002
2020-12-02 17:58:13.878 24 INFO neutron.wsgi [req-5bc61fcd-00e5-4af3-9e95-f95405198ad9 0da1bc1a3acc45d0aca57e504c04ea17 63be5b4f4d784088b73cd36e6114f00e - default default] 10.31.10.2,10.31.10.1 "GET /v2.0/ports?device_id=3e907021-8968-4a80-a0ec-b43446fd01e0 HTTP/1.1" status: 200 len: 1348 time: 0.0777121
2020-12-02 17:58:14.198 22 INFO neutron.wsgi [req-da8911e1-94e5-42ca-b70a-8b4e0d403ccd 0da1bc1a3acc45d0aca57e504c04ea17 63be5b4f4d784088b73cd36e6114f00e - default default] 10.31.10.3,10.31.10.1 "GET /v2.0/floatingips?port_id=50dd2bfe-3000-4c12-9e03-cf05076bc0ba&tenant_id=63be5b4f4d784088b73cd36e6114f00e HTTP/1.1" status: 200 len: 193 time: 0.0624008
2020-12-02 17:58:15.090 24 INFO neutron.wsgi [req-406bcf07-e249-4e98-9d1c-9c477ad1fa1c 0da1bc1a3acc45d0aca57e504c04ea17 63be5b4f4d784088b73cd36e6114f00e - default default] 10.31.10.2,10.31.10.1 "GET /v2.0/floatingips?tenant_id=63be5b4f4d784088b73cd36e6114f00e HTTP/1.1" status: 200 len: 193 time: 0.0640955
2020-12-02 17:58:15.347 24 INFO neutron.wsgi [req-00cebe89-ae6f-4513-bdaa-2ed52083bad9 0da1bc1a3acc45d0aca57e504c04ea17 63be5b4f4d784088b73cd36e6114f00e - default default] 10.31.10.2,10.31.10.1 "GET /v2.0/ports?device_id=3eeaf060-d228-4be3-a204-d88ff9fb0788 HTTP/1.1" status: 200 len: 1355 time: 0.0725958
2020-12-02 17:58:15.703 23 INFO neutron.wsgi [req-5fc3dfc1-233e-44ec-867e-1f2a25810d3a 0da1bc1a3acc45d0aca57e504c04ea17 63be5b4f4d784088b73cd36e6114f00e - default default] 10.31.10.20,10.31.10.1 "GET /v2.0/security-groups?id=b92ca6e7-6354-4c1e-a781-6be287e270a3&fields=id&fields=name HTTP/1.1" status: 200 len: 262 time: 0.0487027
2020-12-02 17:58:17.440 25 INFO neutron.wsgi [req-66921d20-ef97-4233-abf5-6ccb6681f0aa 0da1bc1a3acc45d0aca57e504c04ea17 63be5b4f4d784088b73cd36e6114f00e - default default] 10.31.10.3,10.31.10.1 "GET /v2.0/ports?device_id=97bd230c-9c23-40d0-abfa-f670b641d904 HTTP/1.1" status: 200 len: 1355 time: 0.0773249
2020-12-02 17:58:17.559 22 INFO neutron.wsgi [-] 10.31.10.1 "GET / HTTP/1.1" status: 200 len: 228 time: 0.0043774
2020-12-02 17:58:19.661 23 INFO neutron.wsgi [req-2f525a21-8401-44ab-96a7-de04b4773d54 0da1bc1a3acc45d0aca57e504c04ea17 63be5b4f4d784088b73cd36e6114f00e - default default] 10.31.10.20,10.31.10.1 "GET /v2.0/security-groups?id=b92ca6e7-6354-4c1e-a781-6be287e270a3&fields=id&fields=name HTTP/1.1" status: 200 len: 262 time: 0.0423892
2020-12-02 17:58:21.123 25 INFO neutron.wsgi [req-b5fd4d1e-dfde-463e-9b7c-37127b2201ef 0da1bc1a3acc45d0aca57e504c04ea17 63be5b4f4d784088b73cd36e6114f00e - default default] 10.31.10.2,10.31.10.1 "GET /v2.0/floatingips?tenant_id=63be5b4f4d784088b73cd36e6114f00e HTTP/1.1" status: 200 len: 193 time: 0.0842998
2020-12-02 17:58:22.958 25 INFO neutron.wsgi [req-4afae592-d660-425d-9061-e83d0c4fc623 0da1bc1a3acc45d0aca57e504c04ea17 63be5b4f4d784088b73cd36e6114f00e - default default] 10.31.10.20,10.31.10.1 "GET /v2.0/ports?device_id=789c8d00-a3e5-48bc-8096-3654a286f115 HTTP/1.1" status: 200 len: 1350 time: 0.0806835
2020-12-02 17:58:23.178 23 INFO neutron.wsgi [req-25e8e90f-7bb5-4bd1-bbe6-4d58b57fd544 0da1bc1a3acc45d0aca57e504c04ea17 63be5b4f4d784088b73cd36e6114f00e - default default] 10.31.10.2,10.31.10.1 "GET /v2.0/ports?device_id=75558870-4e82-4f80-8689-22356e1ea2b3 HTTP/1.1" status: 200 len: 1345 time: 0.0686476
2020-12-02 17:58:23.929 23 INFO neutron.wsgi [req-a7348e89-7b16-4bb6-b565-fe4b6a2db2ce 0da1bc1a3acc45d0aca57e504c04ea17 63be5b4f4d784088b73cd36e6114f00e - default default] 10.31.10.3,10.31.10.1 "GET /v2.0/security-groups?id=b92ca6e7-6354-4c1e-a781-6be287e270a3&fields=id&fields=name HTTP/1.1" status: 200 len: 262 time: 0.0461428
2020-12-02 17:58:25.929 21 INFO neutron.wsgi [req-e6979700-a128-4d11-9425-27a9d154ae7f 0da1bc1a3acc45d0aca57e504c04ea17 63be5b4f4d784088b73cd36e6114f00e - default default] 10.31.10.2,10.31.10.1 "GET /v2.0/ports?device_id=d9e0cd90-4612-4083-846c-ba30a5dac238 HTTP/1.1" status: 200 len: 1351 time: 0.0701125
2020-12-02 17:58:26.862 21 INFO neutron.wsgi [req-09fefd78-496b-4974-a1b6-3feb42896a67 0da1bc1a3acc45d0aca57e504c04ea17 63be5b4f4d784088b73cd36e6114f00e - default default] 10.31.10.3,10.31.10.1 "GET /v2.0/security-groups?id=b92ca6e7-6354-4c1e-a781-6be287e270a3&fields=id&fields=name HTTP/1.1" status: 200 len: 262 time: 0.0464113
2020-12-02 17:58:27.795 21 INFO neutron.wsgi [req-5be66e29-e852-4582-8670-9b0c59247522 0da1bc1a3acc45d0aca57e504c04ea17 63be5b4f4d784088b73cd36e6114f00e - default default] 10.31.10.20,10.31.10.1 "GET /v2.0/ports?device_id=97bd230c-9c23-40d0-abfa-f670b641d904 HTTP/1.1" status: 200 len: 1355 time: 0.0565913
2020-12-02 17:58:29.966 22 INFO neutron.wsgi [req-cf5b67dc-fdf4-40cc-8a31-9708f2a5ffb0 0da1bc1a3acc45d0aca57e504c04ea17 63be5b4f4d784088b73cd36e6114f00e - default default] 10.31.10.2,10.31.10.1 "GET /v2.0/security-groups?id=b92ca6e7-6354-4c1e-a781-6be287e270a3&fields=id&fields=name HTTP/1.1" status: 200 len: 262 time: 0.0498884
2020-12-02 17:58:33.107 25 INFO neutron.wsgi [req-00724960-e16c-457c-ae75-5d3c8d767d2e 0da1bc1a3acc45d0aca57e504c04ea17 63be5b4f4d784088b73cd36e6114f00e - default default] 10.31.10.2,10.31.10.1 "GET /v2.0/floatingips?tenant_id=63be5b4f4d784088b73cd36e6114f00e HTTP/1.1" status: 200 len: 193 time: 0.0616965
2020-12-02 17:58:33.233 22 INFO neutron.wsgi [req-d001693e-fdda-4391-b2dd-de5371919cad 0da1bc1a3acc45d0aca57e504c04ea17 63be5b4f4d784088b73cd36e6114f00e - default default] 10.31.10.2,10.31.10.1 "GET /v2.0/ports?device_id=789c8d00-a3e5-48bc-8096-3654a286f115 HTTP/1.1" status: 200 len: 1350 time: 0.0685203
2020-12-02 17:58:33.477 21 INFO neutron.wsgi [req-581ec3be-5015-478f-879f-e9a4985fdcf8 0da1bc1a3acc45d0aca57e504c04ea17 63be5b4f4d784088b73cd36e6114f00e - default default] 10.31.10.3,10.31.10.1 "GET /v2.0/ports?device_id=75558870-4e82-4f80-8689-22356e1ea2b3 HTTP/1.1" status: 200 len: 1345 time: 0.0718071
2020-12-02 17:58:34.257 21 INFO neutron.wsgi [req-48e6e8e3-fcb7-489a-94b7-470a3956ed7f 0da1bc1a3acc45d0aca57e504c04ea17 63be5b4f4d784088b73cd36e6114f00e - default default] 10.31.10.20,10.31.10.1 "GET /v2.0/security-groups?id=b92ca6e7-6354-4c1e-a781-6be287e270a3&fields=id&fields=name HTTP/1.1" status: 200 len: 262 time: 0.0461149
2020-12-02 17:58:36.249 21 INFO neutron.wsgi [req-3f754587-a40d-4ab8-a1d2-1e2b70d7bd24 0da1bc1a3acc45d0aca57e504c04ea17 63be5b4f4d784088b73cd36e6114f00e - default default] 10.31.10.2,10.31.10.1 "GET /v2.0/security-groups?id=b92ca6e7-6354-4c1e-a781-6be287e270a3&fields=id&fields=name HTTP/1.1" status: 200 len: 262 time: 0.0471859
2020-12-02 17:58:37.172 24 INFO neutron.wsgi [req-199b6684-3c18-41d1-9b3d-7d4804d264f9 0da1bc1a3acc45d0aca57e504c04ea17 63be5b4f4d784088b73cd36e6114f00e - default default] 10.31.10.20,10.31.10.1 "GET /v2.0/security-groups?id=b92ca6e7-6354-4c1e-a781-6be287e270a3&fields=id&fields=name HTTP/1.1" status: 200 len: 262 time: 0.0409157
2020-12-02 17:58:39.080 24 INFO neutron.wsgi [req-6fe5f05b-7504-4b96-bdbd-db6c098f7e87 0da1bc1a3acc45d0aca57e504c04ea17 63be5b4f4d784088b73cd36e6114f00e - default default] 10.31.10.2,10.31.10.1 "GET /v2.0/floatingips?tenant_id=63be5b4f4d784088b73cd36e6114f00e HTTP/1.1" status: 200 len: 193 time: 0.0567961
2020-12-02 17:58:40.360 24 INFO neutron.wsgi [req-bd945eaa-c50c-4cef-82e4-a7db119ea3ee 0da1bc1a3acc45d0aca57e504c04ea17 63be5b4f4d784088b73cd36e6114f00e - default default] 10.31.10.3,10.31.10.1 "GET /v2.0/security-groups?id=b92ca6e7-6354-4c1e-a781-6be287e270a3&fields=id&fields=name HTTP/1.1" status: 200 len: 262 time: 0.0437672
2020-12-02 17:58:43.563 24 INFO neutron.wsgi [req-41d1bc0d-79ae-45ab-8279-c4a408bb58b4 0da1bc1a3acc45d0aca57e504c04ea17 63be5b4f4d784088b73cd36e6114f00e - default default] 10.31.10.2,10.31.10.1 "GET /v2.0/ports?device_id=cc2d093a-f592-4e52-a4c7-87ec5dc560b4 HTTP/1.1" status: 200 len: 1355 time: 0.1506846
2020-12-02 17:58:43.612 24 INFO neutron.wsgi [req-a459a2c9-acb4-457d-9331-400e253662e6 0da1bc1a3acc45d0aca57e504c04ea17 63be5b4f4d784088b73cd36e6114f00e - default default] 10.31.10.2,10.31.10.1 "GET /v2.0/security-groups?id=b92ca6e7-6354-4c1e-a781-6be287e270a3&fields=id&fields=name HTTP/1.1" status: 200 len: 262 time: 0.0369365
2020-12-02 17:58:44.486 24 INFO neutron.wsgi [req-41d48bba-8353-4939-9e13-a5c2ec49c3c6 0da1bc1a3acc45d0aca57e504c04ea17 63be5b4f4d784088b73cd36e6114f00e - default default] 10.31.10.2,10.31.10.1 "GET /v2.0/ports?device_id=226b7f61-645d-4d89-a116-c1bb8141d4d7 HTTP/1.1" status: 200 len: 1353 time: 0.0733936
2020-12-02 17:58:45.781 24 INFO neutron.wsgi [req-30f3255c-5e4c-4fe1-ad78-1c653548b766 0da1bc1a3acc45d0aca57e504c04ea17 63be5b4f4d784088b73cd36e6114f00e - default default] 10.31.10.2,10.31.10.1 "GET /v2.0/ports?tenant_id=63be5b4f4d784088b73cd36e6114f00e HTTP/1.1" status: 200 len: 505045 time: 0.6415687
2020-12-02 17:58:46.259 24 INFO neutron.wsgi [req-b93dc635-ea9c-4d26-ac65-6c0865674747 0da1bc1a3acc45d0aca57e504c04ea17 63be5b4f4d784088b73cd36e6114f00e - default default] 10.31.10.2,10.31.10.1 "GET /v2.0/ports?device_id=576281c8-2a6b-46a3-b94c-fa0c67e9a031 HTTP/1.1" status: 200 len: 1348 time: 0.0905459
2020-12-02 17:58:46.297 22 INFO neutron.wsgi [req-5dece599-b4e0-409a-af8f-b6fdef9c35dd 0da1bc1a3acc45d0aca57e504c04ea17 63be5b4f4d784088b73cd36e6114f00e - default default] 10.31.10.2,10.31.10.1 "GET /v2.0/security-groups?id=b92ca6e7-6354-4c1e-a781-6be287e270a3&fields=id&fields=name HTTP/1.1" status: 200 len: 262 time: 0.0468366
2020-12-02 17:58:46.314 24 INFO neutron.wsgi [req-584e0231-33d5-41ca-bbc4-6c02254c4aa0 0da1bc1a3acc45d0aca57e504c04ea17 63be5b4f4d784088b73cd36e6114f00e - default default] 10.31.10.2,10.31.10.1 "GET /v2.0/security-groups?id=b92ca6e7-6354-4c1e-a781-6be287e270a3&fields=id&fields=name HTTP/1.1" status: 200 len: 262 time: 0.0434346
2020-12-02 17:58:46.466 22 INFO neutron.wsgi [req-e24f5460-ffb8-41ad-a582-4ca858fc3936 0da1bc1a3acc45d0aca57e504c04ea17 63be5b4f4d784088b73cd36e6114f00e - default default] 10.31.10.3,10.31.10.1 "GET /v2.0/ports?device_id=576281c8-2a6b-46a3-b94c-fa0c67e9a031 HTTP/1.1" status: 200 len: 1348 time: 0.0734365
2020-12-02 17:58:46.552 24 INFO neutron.wsgi [req-e8664df2-314c-4311-a7cd-5fe4d548c621 0da1bc1a3acc45d0aca57e504c04ea17 63be5b4f4d784088b73cd36e6114f00e - default default] 10.31.10.3,10.31.10.1 "GET /v2.0/floatingips?port_id=50dd2bfe-3000-4c12-9e03-cf05076bc0ba&tenant_id=63be5b4f4d784088b73cd36e6114f00e HTTP/1.1" status: 200 len: 193 time: 0.0872045
2020-12-02 17:58:46.564 23 INFO neutron.wsgi [req-e07dfae4-f07f-465c-a0b2-699493cf8ba1 0da1bc1a3acc45d0aca57e504c04ea17 63be5b4f4d784088b73cd36e6114f00e - default default] 10.31.10.3,10.31.10.1 "GET /v2.0/floatingips?port_id=d9afff16-687b-4e14-9889-347450cc6d91&tenant_id=63be5b4f4d784088b73cd36e6114f00e HTTP/1.1" status: 200 len: 193 time: 0.0535612
2020-12-02 17:58:46.590 24 INFO neutron.wsgi [req-77a84870-691a-43b0-a4f4-61d2ce511c16 0da1bc1a3acc45d0aca57e504c04ea17 63be5b4f4d784088b73cd36e6114f00e - default default] 10.31.10.3,10.31.10.1 "GET /v2.0/ports?device_id=3eeaf060-d228-4be3-a204-d88ff9fb0788 HTTP/1.1" status: 200 len: 1355 time: 0.1862211
2020-12-02 17:58:46.641 24 INFO neutron.wsgi [req-e0d95c0d-d347-4446-b0c4-aa0360a4b351 0da1bc1a3acc45d0aca57e504c04ea17 63be5b4f4d784088b73cd36e6114f00e - default default] 10.31.10.3,10.31.10.1 "GET /v2.0/security-groups?id=b92ca6e7-6354-4c1e-a781-6be287e270a3&fields=id&fields=name HTTP/1.1" status: 200 len: 262 time: 0.0364604
2020-12-02 17:58:46.867 23 INFO neutron.wsgi [req-b78b3deb-580e-4410-becd-b31e1efb1b74 851af1939a9b4ff8808a741857d37b46 761947fab1374992bf04ee79f6b6b929 - default default] 10.31.10.2,10.31.10.1 "GET /v2.0/ports?device_id=2174c414-000e-4d1a-8790-4ce6d5663750&fields=binding%3Ahost_id&fields=binding%3Avif_type HTTP/1.1" status: 200 len: 238 time: 0.0687144
2020-12-02 17:58:47.170 22 INFO neutron.wsgi [req-02f374b4-d04a-4312-a7e7-1c6f44136856 0da1bc1a3acc45d0aca57e504c04ea17 63be5b4f4d784088b73cd36e6114f00e - default default] 10.31.10.3,10.31.10.1 "GET /v2.0/ports?tenant_id=63be5b4f4d784088b73cd36e6114f00e HTTP/1.1" status: 200 len: 505047 time: 0.6121938
2020-12-02 17:58:47.237 23 INFO neutron.wsgi [req-b3f2a75d-c906-4520-b106-78bbe892b2e8 0da1bc1a3acc45d0aca57e504c04ea17 63be5b4f4d784088b73cd36e6114f00e - default default] 10.31.10.3,10.31.10.1 "GET /v2.0/networks?id=618fbe8e-5b1e-4806-9964-f2d9f8be3ac5 HTTP/1.1" status: 200 len: 884 time: 0.1253059
2020-12-02 17:58:47.415 21 INFO neutron.wsgi [req-c76094f7-5ccd-4391-8a71-2f8e1d50ea63 0da1bc1a3acc45d0aca57e504c04ea17 63be5b4f4d784088b73cd36e6114f00e - default default] 10.31.10.20,10.31.10.1 "GET /v2.0/ports?device_id=ed98c271-ff5f-4b49-9e15-24c57894fdc5 HTTP/1.1" status: 200 len: 1350 time: 0.0926681
2020-12-02 17:58:47.473 22 INFO neutron.wsgi [req-0aa1ec44-c5d1-4cca-8cc8-8814f3b0648a 851af1939a9b4ff8808a741857d37b46 761947fab1374992bf04ee79f6b6b929 - default default] 10.31.10.2,10.31.10.1 "GET /v2.0/subnets?id=b7c7f341-9f4b-49cf-be3a-342d6015b82e HTTP/1.1" status: 200 len: 812 time: 0.0585182
2020-12-02 17:58:47.634 24 INFO neutron.wsgi [req-6c09d193-8552-45b8-b733-f63a314b1eeb 0da1bc1a3acc45d0aca57e504c04ea17 63be5b4f4d784088b73cd36e6114f00e - default default] 10.31.10.3,10.31.10.1 "GET /v2.0/subnets HTTP/1.1" status: 200 len: 127848 time: 0.3822596
2020-12-02 17:58:47.724 23 INFO neutron.wsgi [-] 10.31.10.1 "GET / HTTP/1.1" status: 200 len: 228 time: 0.0061352
2020-12-02 17:58:47.845 21 INFO neutron.wsgi [req-1c8f9c5c-f13f-4163-bd88-2e21d0b07bb5 0da1bc1a3acc45d0aca57e504c04ea17 63be5b4f4d784088b73cd36e6114f00e - default default] 10.31.10.3,10.31.10.1 "GET /v2.0/subnets HTTP/1.1" status: 200 len: 127848 time: 0.3922665
2020-12-02 17:58:47.965 21 INFO neutron.wsgi [req-6e371c1f-3bf0-4713-a65e-a6d1c556a11a 851af1939a9b4ff8808a741857d37b46 761947fab1374992bf04ee79f6b6b929 - default default] 10.31.10.2,10.31.10.1 "GET /v2.0/networks/d16c8f88-d2ba-48cf-b31c-d91a54e6e527?fields=segments HTTP/1.1" status: 200 len: 188 time: 0.3900518
2020-12-02 17:58:48.353 24 INFO neutron.wsgi [req-bd8ac0d4-1dd6-43da-9665-0e1f02cb78bb 0da1bc1a3acc45d0aca57e504c04ea17 63be5b4f4d784088b73cd36e6114f00e - default default] 10.31.10.2,10.31.10.1 "GET /v2.0/ports?device_id=789c8d00-a3e5-48bc-8096-3654a286f115 HTTP/1.1" status: 200 len: 1350 time: 0.0722406
2020-12-02 17:58:48.528 22 INFO neutron.wsgi [req-ccf44f23-1ec3-4bdc-9be1-e889e03da13a 0da1bc1a3acc45d0aca57e504c04ea17 63be5b4f4d784088b73cd36e6114f00e - default default] 10.31.10.3,10.31.10.1 "GET /v2.0/ports?device_id=226b7f61-645d-4d89-a116-c1bb8141d4d7 HTTP/1.1" status: 200 len: 1353 time: 0.0743885
2020-12-02 17:58:49.276 24 INFO neutron.wsgi [req-e802d94e-c4c5-4957-b204-863c8545b8e5 0da1bc1a3acc45d0aca57e504c04ea17 63be5b4f4d784088b73cd36e6114f00e - default default] 10.31.10.3,10.31.10.1 "GET /v2.0/ports?tenant_id=63be5b4f4d784088b73cd36e6114f00e HTTP/1.1" status: 200 len: 505047 time: 0.6650419
2020-12-02 17:58:50.184 24 INFO neutron.wsgi [req-310d2310-4b2d-4a99-8b72-7d5ea8e9db69 0da1bc1a3acc45d0aca57e504c04ea17 63be5b4f4d784088b73cd36e6114f00e - default default] 10.31.10.2,10.31.10.1 "DELETE /v2.0/ports/d9afff16-687b-4e14-9889-347450cc6d91 HTTP/1.1" status: 204 len: 149 time: 0.8792500
2020-12-02 17:58:50.216 24 WARNING neutron.notifiers.nova [-] Nova event: {'server_uuid': '75558870-4e82-4f80-8689-22356e1ea2b3', 'name': 'network-vif-deleted', 'tag': 'd9afff16-687b-4e14-9889-347450cc6d91', 'status': 'failed', 'code': 422} returned with failed status
2020-12-02 17:58:50.642 24 INFO neutron.wsgi [req-53693973-07d6-47f4-82b4-bb3523e58b9e 0da1bc1a3acc45d0aca57e504c04ea17 63be5b4f4d784088b73cd36e6114f00e - default default] 10.31.10.3,10.31.10.1 "GET /v2.0/ports?device_id=576281c8-2a6b-46a3-b94c-fa0c67e9a031 HTTP/1.1" status: 200 len: 1348 time: 0.1106720
2020-12-02 17:58:50.958 24 INFO neutron.wsgi [req-6bbbb11d-bf6f-453f-a770-62a13292ed69 0da1bc1a3acc45d0aca57e504c04ea17 63be5b4f4d784088b73cd36e6114f00e - default default] 10.31.10.20,10.31.10.1 "GET /v2.0/security-groups?id=b92ca6e7-6354-4c1e-a781-6be287e270a3&fields=id&fields=name HTTP/1.1" status: 200 len: 262 time: 0.0436535
2020-12-02 17:58:53.794 22 INFO neutron.wsgi [req-da61f02a-ff8f-4f13-aead-51f853a2a7c7 0da1bc1a3acc45d0aca57e504c04ea17 63be5b4f4d784088b73cd36e6114f00e - default default] 10.31.10.2,10.31.10.1 "GET /v2.0/ports?device_id=789c8d00-a3e5-48bc-8096-3654a286f115 HTTP/1.1" status: 200 len: 186 time: 0.0434113
2020-12-02 17:58:54.150 24 INFO neutron.wsgi [req-58d8a9ca-6b0e-4db2-a33b-fa6e0fcda00c 0da1bc1a3acc45d0aca57e504c04ea17 63be5b4f4d784088b73cd36e6114f00e - default default] 10.31.10.20,10.31.10.1 "GET /v2.0/ports?device_id=75558870-4e82-4f80-8689-22356e1ea2b3 HTTP/1.1" status: 200 len: 186 time: 0.1099381
2020-12-02 17:58:54.650 23 INFO neutron.wsgi [req-9ed91028-f401-44bb-a049-2aaac755e72e 851af1939a9b4ff8808a741857d37b46 761947fab1374992bf04ee79f6b6b929 - default default] 10.31.10.20,10.31.10.1 "GET /v2.0/ports?tenant_id=63be5b4f4d784088b73cd36e6114f00e&device_id=159ff4ca-cb4a-46be-8eee-95b95055807d HTTP/1.1" status: 200 len: 1355 time: 0.0799148
2020-12-02 17:58:54.814 24 INFO neutron.wsgi [req-24939db4-5fd8-45dd-a840-e443c378d5c7 0da1bc1a3acc45d0aca57e504c04ea17 63be5b4f4d784088b73cd36e6114f00e - default default] 10.31.10.2,10.31.10.1 "GET /v2.0/ports?device_id=226b7f61-645d-4d89-a116-c1bb8141d4d7 HTTP/1.1" status: 200 len: 1353 time: 0.0785184
2020-12-02 17:58:54.954 24 INFO neutron.wsgi [req-d1479a9a-72ac-4ed9-9d5a-7d62052109d6 851af1939a9b4ff8808a741857d37b46 761947fab1374992bf04ee79f6b6b929 - default default] 10.31.10.20,10.31.10.1 "GET /v2.0/subnets?id=b572e4d8-7d65-44e6-8c1d-ee0754bc5867 HTTP/1.1" status: 200 len: 817 time: 0.0556638
2020-12-02 17:58:55.478 23 INFO neutron.wsgi [req-ecf18101-9b80-4ce6-8837-872aa62c723c 851af1939a9b4ff8808a741857d37b46 761947fab1374992bf04ee79f6b6b929 - default default] 10.31.10.20,10.31.10.1 "GET /v2.0/networks/262fb431-41a3-4687-94c4-08f42183a5fa?fields=provider%3Aphysical_network&fields=provider%3Anetwork_type HTTP/1.1" status: 200 len: 252 time: 0.1212857
2020-12-02 17:58:56.990 25 INFO neutron.wsgi [req-be78f303-40a4-4ea8-9f71-6b313eb6deb0 0da1bc1a3acc45d0aca57e504c04ea17 63be5b4f4d784088b73cd36e6114f00e - default default] 10.31.10.3,10.31.10.1 "GET /v2.0/security-groups?id=b92ca6e7-6354-4c1e-a781-6be287e270a3&fields=id&fields=name HTTP/1.1" status: 200 len: 262 time: 0.0400817
2020-12-02 17:58:57.778 21 INFO neutron.wsgi [req-359db47b-0d9e-48f4-8741-18e65e549337 0da1bc1a3acc45d0aca57e504c04ea17 63be5b4f4d784088b73cd36e6114f00e - default default] 10.31.10.2,10.31.10.1 "GET /v2.0/ports?tenant_id=63be5b4f4d784088b73cd36e6114f00e HTTP/1.1" status: 200 len: 504790 time: 0.6767406
2020-12-02 17:58:58.040 32 INFO neutron.db.l3_db [req-172042af-765b-4a82-9e84-2001298af338 - - - - -] Skipping port ab52b215-ffbc-4169-ab46-aeea71341a98 as no IP is configure on it
2020-12-02 17:58:58.041 32 INFO neutron.db.l3_db [req-172042af-765b-4a82-9e84-2001298af338 - - - - -] Skipping port ab52b215-ffbc-4169-ab46-aeea71341a98 as no IP is configure on it
2020-12-02 17:58:58.445 28 INFO neutron.db.l3_db [req-7c779832-1703-43a7-b1a0-b7f31fc6bdbf - - - - -] Skipping port 4410040f-95fa-46f0-a17c-717ed98aa7e8 as no IP is configure on it
2020-12-02 17:58:58.446 28 INFO neutron.db.l3_db [req-7c779832-1703-43a7-b1a0-b7f31fc6bdbf - - - - -] Skipping port 4410040f-95fa-46f0-a17c-717ed98aa7e8 as no IP is configure on it
2020-12-02 17:58:58.971 21 INFO neutron.wsgi [req-d1c611d4-09f5-4b43-ad42-c316736b5f4e 0da1bc1a3acc45d0aca57e504c04ea17 63be5b4f4d784088b73cd36e6114f00e - default default] 10.31.10.3,10.31.10.1 "GET /v2.0/ports?device_id=97bd230c-9c23-40d0-abfa-f670b641d904 HTTP/1.1" status: 200 len: 1355 time: 0.1522579
2020-12-02 17:58:59.364 32 INFO neutron.db.l3_db [req-172042af-765b-4a82-9e84-2001298af338 - - - - -] Skipping port ab52b215-ffbc-4169-ab46-aeea71341a98 as no IP is configure on it
2020-12-02 17:58:59.364 32 INFO neutron.db.l3_db [req-172042af-765b-4a82-9e84-2001298af338 - - - - -] Skipping port ab52b215-ffbc-4169-ab46-aeea71341a98 as no IP is configure on it
2020-12-02 17:58:59.710 28 INFO neutron.db.l3_db [req-7c779832-1703-43a7-b1a0-b7f31fc6bdbf - - - - -] Skipping port 4410040f-95fa-46f0-a17c-717ed98aa7e8 as no IP is configure on it
2020-12-02 17:58:59.711 28 INFO neutron.db.l3_db [req-7c779832-1703-43a7-b1a0-b7f31fc6bdbf - - - - -] Skipping port 4410040f-95fa-46f0-a17c-717ed98aa7e8 as no IP is configure on it
2020-12-02 17:59:00.821 24 INFO neutron.wsgi [req-6932406d-0cfe-4c34-bf75-e5acc9b4b0ac 0da1bc1a3acc45d0aca57e504c04ea17 63be5b4f4d784088b73cd36e6114f00e - default default] 10.31.10.3,10.31.10.1 "DELETE /v2.0/ports/1f7cf7f3-c1ca-495e-b87f-ff644475d687 HTTP/1.1" status: 204 len: 149 time: 0.7334082
