2020-12-02 18:00:07.729 22 INFO neutron.wsgi [req-d3861d2e-9db6-4bb5-a567-ee0820a0f56d 0da1bc1a3acc45d0aca57e504c04ea17 63be5b4f4d784088b73cd36e6114f00e - default default] 192.168.208.187,10.31.10.1 "GET /v2.0/ports/f2bfad42-72c4-43bf-9293-1d16d93a72c3 HTTP/1.1" status: 200 len: 1217 time: 0.0644794
2020-12-02 18:00:08.442 22 INFO neutron.wsgi [req-cf1a3fff-3fe1-4fcd-acc6-fe7474364bb0 0da1bc1a3acc45d0aca57e504c04ea17 63be5b4f4d784088b73cd36e6114f00e - default default] 10.31.10.20,10.31.10.1 "GET /v2.0/networks?id=f839ed77-cf00-4a3e-8edd-caabc01c4580 HTTP/1.1" status: 200 len: 883 time: 0.1244721
2020-12-02 18:00:08.770 24 INFO neutron.wsgi [req-3ba3a52e-5310-4d48-bab4-cf6e118ee4b4 0da1bc1a3acc45d0aca57e504c04ea17 63be5b4f4d784088b73cd36e6114f00e - default default] 10.31.10.2,10.31.10.1 "GET /v2.0/security-groups?id=b92ca6e7-6354-4c1e-a781-6be287e270a3&fields=id&fields=name HTTP/1.1" status: 200 len: 262 time: 0.0507388
2020-12-02 18:00:09.071 25 INFO neutron.wsgi [req-1913333f-9277-45e0-a774-8b0b05218778 0da1bc1a3acc45d0aca57e504c04ea17 63be5b4f4d784088b73cd36e6114f00e - default default] 10.31.10.20,10.31.10.1 "GET /v2.0/ports?tenant_id=63be5b4f4d784088b73cd36e6114f00e&fields=id HTTP/1.1" status: 200 len: 20796 time: 0.5893390
2020-12-02 18:00:09.426 21 INFO neutron.wsgi [req-f974caae-3609-4469-b85b-3880809f94ec 851af1939a9b4ff8808a741857d37b46 761947fab1374992bf04ee79f6b6b929 - default default] 10.31.10.20,10.31.10.1 "GET /v2.0/networks/f839ed77-cf00-4a3e-8edd-caabc01c4580?fields=provider%3Aphysical_network&fields=provider%3Anetwork_type HTTP/1.1" status: 200 len: 252 time: 0.1400309
2020-12-02 18:00:09.635 24 INFO neutron.wsgi [req-860c4f5c-f446-4eeb-a658-0280ae01e465 0da1bc1a3acc45d0aca57e504c04ea17 63be5b4f4d784088b73cd36e6114f00e - default default] 10.31.10.2,10.31.10.1 "GET /v2.0/ports?tenant_id=63be5b4f4d784088b73cd36e6114f00e HTTP/1.1" status: 200 len: 514404 time: 0.5308628
2020-12-02 18:00:09.988 22 INFO neutron.wsgi [req-4e0bc3c4-a95a-4ffa-b370-87528759cd92 0da1bc1a3acc45d0aca57e504c04ea17 63be5b4f4d784088b73cd36e6114f00e - default default] 10.31.10.2,10.31.10.1 "GET /v2.0/ports?device_id=ed98c271-ff5f-4b49-9e15-24c57894fdc5 HTTP/1.1" status: 200 len: 1350 time: 0.0826938
2020-12-02 18:00:12.241 24 INFO neutron.wsgi [req-93502528-5927-4120-b5e5-7602cfd89542 0da1bc1a3acc45d0aca57e504c04ea17 63be5b4f4d784088b73cd36e6114f00e - default default] 10.31.10.20,10.31.10.1 "POST /v2.0/ports HTTP/1.1" status: 201 len: 1223 time: 0.9539130
2020-12-02 18:00:12.310 26 INFO neutron.db.l3_db [req-df80c0aa-7cbb-4f1c-9f0b-d3d2ee69f230 - - - - -] Skipping port b3118609-2b2a-4e7f-98d8-0e59d2ddfd01 as no IP is configure on it
2020-12-02 18:00:12.310 26 INFO neutron.db.l3_db [req-df80c0aa-7cbb-4f1c-9f0b-d3d2ee69f230 - - - - -] Skipping port b3118609-2b2a-4e7f-98d8-0e59d2ddfd01 as no IP is configure on it
2020-12-02 18:00:12.544 27 INFO neutron.db.l3_db [req-7a739cd6-6e81-4038-a761-42e8030d10de - - - - -] Skipping port db0d4cb0-d035-4345-924e-62ca69bf3c9e as no IP is configure on it
2020-12-02 18:00:12.545 27 INFO neutron.db.l3_db [req-7a739cd6-6e81-4038-a761-42e8030d10de - - - - -] Skipping port db0d4cb0-d035-4345-924e-62ca69bf3c9e as no IP is configure on it
2020-12-02 18:00:13.673 26 INFO neutron.db.l3_db [req-df80c0aa-7cbb-4f1c-9f0b-d3d2ee69f230 - - - - -] Skipping port b3118609-2b2a-4e7f-98d8-0e59d2ddfd01 as no IP is configure on it
2020-12-02 18:00:13.673 26 INFO neutron.db.l3_db [req-df80c0aa-7cbb-4f1c-9f0b-d3d2ee69f230 - - - - -] Skipping port b3118609-2b2a-4e7f-98d8-0e59d2ddfd01 as no IP is configure on it
2020-12-02 18:00:13.834 27 INFO neutron.db.l3_db [req-7a739cd6-6e81-4038-a761-42e8030d10de - - - - -] Skipping port db0d4cb0-d035-4345-924e-62ca69bf3c9e as no IP is configure on it
2020-12-02 18:00:13.835 27 INFO neutron.db.l3_db [req-7a739cd6-6e81-4038-a761-42e8030d10de - - - - -] Skipping port db0d4cb0-d035-4345-924e-62ca69bf3c9e as no IP is configure on it
2020-12-02 18:00:14.233 21 INFO neutron.wsgi [req-77877c43-f4b5-4015-b357-5a22533efc2d 851af1939a9b4ff8808a741857d37b46 761947fab1374992bf04ee79f6b6b929 - default default] 10.31.10.20,10.31.10.1 "GET /v2.0/floatingips?fixed_ip_address=192.168.77.223&port_id=e87bcd52-0e35-45b6-9066-eabf54935c65 HTTP/1.1" status: 200 len: 193 time: 0.0593498
2020-12-02 18:00:14.393 25 INFO neutron.wsgi [req-ec2f0479-1459-4414-b1fd-9eea080e0bae 0da1bc1a3acc45d0aca57e504c04ea17 63be5b4f4d784088b73cd36e6114f00e - default default] 10.31.10.3,10.31.10.1 "DELETE /v2.0/ports/4e1af0cf-d6fd-42ea-83fe-f247657a5012 HTTP/1.1" status: 204 len: 149 time: 0.8552868
2020-12-02 18:00:14.420 25 INFO neutron.wsgi [req-24e3c9a9-9f9d-494f-b35f-1297524152db 851af1939a9b4ff8808a741857d37b46 761947fab1374992bf04ee79f6b6b929 - default default] 10.31.10.20,10.31.10.1 "GET /v2.0/ports?network_id=f839ed77-cf00-4a3e-8edd-caabc01c4580&device_owner=network%3Adhcp HTTP/1.1" status: 200 len: 2491 time: 0.1004415
2020-12-02 18:00:14.635 24 INFO neutron.wsgi [req-c7226d92-2928-422e-a94f-f81ecff6edf7 0da1bc1a3acc45d0aca57e504c04ea17 63be5b4f4d784088b73cd36e6114f00e - default default] 10.31.10.2,10.31.10.1 "GET /v2.0/security-groups?id=b92ca6e7-6354-4c1e-a781-6be287e270a3&fields=id&fields=name HTTP/1.1" status: 200 len: 262 time: 0.0450611
2020-12-02 18:00:14.679 25 WARNING neutron.notifiers.nova [-] Nova event: {'server_uuid': '3eeaf060-d228-4be3-a204-d88ff9fb0788', 'name': 'network-vif-deleted', 'tag': '4e1af0cf-d6fd-42ea-83fe-f247657a5012', 'status': 'failed', 'code': 422} returned with failed status
2020-12-02 18:00:14.717 25 INFO neutron.wsgi [req-71d9c0c8-42ef-43ca-b62d-0095e511b87e 851af1939a9b4ff8808a741857d37b46 761947fab1374992bf04ee79f6b6b929 - default default] 10.31.10.20,10.31.10.1 "GET /v2.0/networks/f839ed77-cf00-4a3e-8edd-caabc01c4580?fields=segments HTTP/1.1" status: 200 len: 188 time: 0.2837868
2020-12-02 18:00:14.849 24 INFO neutron.wsgi [req-2b3e49bb-948e-41ae-9f27-d102429465b9 851af1939a9b4ff8808a741857d37b46 761947fab1374992bf04ee79f6b6b929 - default default] 10.31.10.3,10.31.10.1 "GET /v2.0/subnets?id=226b7ffb-b593-46b7-a0aa-f239c871bd0c HTTP/1.1" status: 200 len: 783 time: 0.0631747
2020-12-02 18:00:15.045 22 INFO neutron.wsgi [req-c254ecac-6f5d-4c51-8d05-10f4cc5b491d 851af1939a9b4ff8808a741857d37b46 761947fab1374992bf04ee79f6b6b929 - default default] 10.31.10.3,10.31.10.1 "GET /v2.0/networks/c8e1bba8-da86-4439-a984-1085e84d9405?fields=segments HTTP/1.1" status: 200 len: 188 time: 0.1232009
2020-12-02 18:00:15.251 24 INFO neutron.wsgi [req-111de5c3-c998-4fcb-bd55-96490deb266b 851af1939a9b4ff8808a741857d37b46 761947fab1374992bf04ee79f6b6b929 - default default] 10.31.10.20,10.31.10.1 "GET /v2.0/subnets?id=b6e226ad-3346-4c47-8ca1-fa3f39f56e24 HTTP/1.1" status: 200 len: 812 time: 0.0575411
2020-12-02 18:00:15.380 22 INFO neutron.wsgi [req-dd73ee2a-57a6-44e4-9020-35f8ae024e87 851af1939a9b4ff8808a741857d37b46 761947fab1374992bf04ee79f6b6b929 - default default] 10.31.10.3,10.31.10.1 "GET /v2.0/networks/c8e1bba8-da86-4439-a984-1085e84d9405?fields=provider%3Aphysical_network&fields=provider%3Anetwork_type HTTP/1.1" status: 200 len: 257 time: 0.3170359
2020-12-02 18:00:15.614 25 INFO neutron.wsgi [req-e85225ea-4558-4071-8ea8-1efe3b3ab1d4 851af1939a9b4ff8808a741857d37b46 761947fab1374992bf04ee79f6b6b929 - default default] 10.31.10.20,10.31.10.1 "GET /v2.0/networks/f839ed77-cf00-4a3e-8edd-caabc01c4580?fields=provider%3Aphysical_network&fields=provider%3Anetwork_type HTTP/1.1" status: 200 len: 252 time: 0.1225245
2020-12-02 18:00:16.345 25 INFO neutron.wsgi [req-f08d0e43-d8c4-4a21-9d1b-8c81d927d6e0 0da1bc1a3acc45d0aca57e504c04ea17 63be5b4f4d784088b73cd36e6114f00e - default default] 10.31.10.2,10.31.10.1 "GET /v2.0/ports?device_id=cc2d093a-f592-4e52-a4c7-87ec5dc560b4 HTTP/1.1" status: 200 len: 1355 time: 0.0889909
2020-12-02 18:00:17.106 23 INFO neutron.wsgi [req-893e2052-1c58-4373-ba89-095300851ba5 0da1bc1a3acc45d0aca57e504c04ea17 63be5b4f4d784088b73cd36e6114f00e - default default] 192.168.208.187,10.31.10.1 "GET /v2.0/ports/15980354-5461-4885-b227-0e5daa8bba66 HTTP/1.1" status: 200 len: 1220 time: 0.0661178
2020-12-02 18:00:18.253 25 INFO neutron.wsgi [-] 10.31.10.1 "GET / HTTP/1.1" status: 200 len: 228 time: 0.0104880
2020-12-02 18:00:19.064 24 INFO neutron.wsgi [req-4708304d-ae1c-4090-a1ee-c288e7a5d49f 0da1bc1a3acc45d0aca57e504c04ea17 63be5b4f4d784088b73cd36e6114f00e - default default] 10.31.10.3,10.31.10.1 "GET /v2.0/security-groups?id=b92ca6e7-6354-4c1e-a781-6be287e270a3&fields=id&fields=name HTTP/1.1" status: 200 len: 262 time: 0.0389850
2020-12-02 18:00:19.799 24 INFO neutron.wsgi [req-00c9567b-96eb-45ea-8198-1397b8f413f0 0da1bc1a3acc45d0aca57e504c04ea17 63be5b4f4d784088b73cd36e6114f00e - default default] 10.31.10.2,10.31.10.1 "GET /v2.0/ports?device_id=e1081f97-129f-4030-af18-136d0cfcf27a HTTP/1.1" status: 200 len: 1350 time: 0.0966032
2020-12-02 18:00:21.128 21 INFO neutron.wsgi [req-3b02e152-0663-417f-9c3c-f8fe0e57278b 0da1bc1a3acc45d0aca57e504c04ea17 63be5b4f4d784088b73cd36e6114f00e - default default] 10.31.10.2,10.31.10.1 "GET /v2.0/floatingips?tenant_id=63be5b4f4d784088b73cd36e6114f00e HTTP/1.1" status: 200 len: 193 time: 0.0722902
2020-12-02 18:00:21.160 28 INFO neutron.db.l3_db [req-444c7b7a-2eb5-4f1b-bf39-5b0b041306f9 - - - - -] Skipping port 963614ca-6c4c-4eb0-ac0c-ec2f52947200 as no IP is configure on it
2020-12-02 18:00:21.161 28 INFO neutron.db.l3_db [req-444c7b7a-2eb5-4f1b-bf39-5b0b041306f9 - - - - -] Skipping port 963614ca-6c4c-4eb0-ac0c-ec2f52947200 as no IP is configure on it
2020-12-02 18:00:22.561 28 INFO neutron.db.l3_db [req-444c7b7a-2eb5-4f1b-bf39-5b0b041306f9 - - - - -] Skipping port 963614ca-6c4c-4eb0-ac0c-ec2f52947200 as no IP is configure on it
2020-12-02 18:00:22.561 28 INFO neutron.db.l3_db [req-444c7b7a-2eb5-4f1b-bf39-5b0b041306f9 - - - - -] Skipping port 963614ca-6c4c-4eb0-ac0c-ec2f52947200 as no IP is configure on it
2020-12-02 18:00:23.167 22 INFO neutron.wsgi [req-624e3db2-bcf1-42e9-ae6f-0ab9e40e6c47 0da1bc1a3acc45d0aca57e504c04ea17 63be5b4f4d784088b73cd36e6114f00e - default default] 10.31.10.2,10.31.10.1 "GET /v2.0/security-groups?id=b92ca6e7-6354-4c1e-a781-6be287e270a3&fields=id&fields=name HTTP/1.1" status: 200 len: 262 time: 0.0467768
2020-12-02 18:00:23.401 21 INFO neutron.wsgi [req-8296af0a-3138-470a-b619-052991dd6ebc 0da1bc1a3acc45d0aca57e504c04ea17 63be5b4f4d784088b73cd36e6114f00e - default default] 192.168.208.187,10.31.10.1 "PUT /v2.0/routers/1e999f43-c8e9-4a1f-ad44-35a1f5a56bfa/add_router_interface HTTP/1.1" status: 200 len: 484 time: 3.3074849
2020-12-02 18:00:23.889 26 INFO neutron.db.l3_db [req-3dbbc0dc-162e-45b2-b531-299baff88fcd - - - - -] Skipping port e0dfff4b-d506-41c6-b547-427cb43c4bb7 as no IP is configure on it
2020-12-02 18:00:23.890 26 INFO neutron.db.l3_db [req-3dbbc0dc-162e-45b2-b531-299baff88fcd - - - - -] Skipping port e0dfff4b-d506-41c6-b547-427cb43c4bb7 as no IP is configure on it
2020-12-02 18:00:24.065 27 INFO neutron.db.l3_db [req-0958460b-87a3-47d0-8338-f8cedaf598c6 - - - - -] Skipping port 969a5273-1b94-4160-9bd5-4b6ecab65b84 as no IP is configure on it
2020-12-02 18:00:24.066 27 INFO neutron.db.l3_db [req-0958460b-87a3-47d0-8338-f8cedaf598c6 - - - - -] Skipping port 969a5273-1b94-4160-9bd5-4b6ecab65b84 as no IP is configure on it
2020-12-02 18:00:24.859 23 INFO neutron.wsgi [req-85e535af-8dcf-4478-937d-9365563a4db6 0da1bc1a3acc45d0aca57e504c04ea17 63be5b4f4d784088b73cd36e6114f00e - default default] 10.31.10.20,10.31.10.1 "GET /v2.0/ports?device_id=da55f468-a5ac-4764-ae10-60dc9db1d416 HTTP/1.1" status: 200 len: 1355 time: 0.0685968
2020-12-02 18:00:25.160 26 INFO neutron.db.l3_db [req-3dbbc0dc-162e-45b2-b531-299baff88fcd - - - - -] Skipping port e0dfff4b-d506-41c6-b547-427cb43c4bb7 as no IP is configure on it
2020-12-02 18:00:25.161 26 INFO neutron.db.l3_db [req-3dbbc0dc-162e-45b2-b531-299baff88fcd - - - - -] Skipping port e0dfff4b-d506-41c6-b547-427cb43c4bb7 as no IP is configure on it
2020-12-02 18:00:25.195 27 INFO neutron.db.l3_db [req-0958460b-87a3-47d0-8338-f8cedaf598c6 - - - - -] Skipping port 969a5273-1b94-4160-9bd5-4b6ecab65b84 as no IP is configure on it
2020-12-02 18:00:25.196 27 INFO neutron.db.l3_db [req-0958460b-87a3-47d0-8338-f8cedaf598c6 - - - - -] Skipping port 969a5273-1b94-4160-9bd5-4b6ecab65b84 as no IP is configure on it
2020-12-02 18:00:25.965 24 INFO neutron.wsgi [req-9175cbba-aeae-479e-99b6-ebb4cdab9be7 0da1bc1a3acc45d0aca57e504c04ea17 63be5b4f4d784088b73cd36e6114f00e - default default] 192.168.208.187,10.31.10.1 "GET /v2.0/ports/4615bfb4-b1fb-4e1b-b7a4-fdce0152cd37 HTTP/1.1" status: 200 len: 1213 time: 0.0716431
2020-12-02 18:00:26.592 21 INFO neutron.wsgi [req-f93fc66e-6cac-473c-a822-0a790968ceb6 0da1bc1a3acc45d0aca57e504c04ea17 63be5b4f4d784088b73cd36e6114f00e - default default] 10.31.10.3,10.31.10.1 "GET /v2.0/security-groups?id=b92ca6e7-6354-4c1e-a781-6be287e270a3&fields=id&fields=name HTTP/1.1" status: 200 len: 262 time: 0.0442200
2020-12-02 18:00:26.737 24 INFO neutron.wsgi [req-22119fc4-c526-40e1-bfa1-f3d759119d00 0da1bc1a3acc45d0aca57e504c04ea17 63be5b4f4d784088b73cd36e6114f00e - default default] 10.31.10.20,10.31.10.1 "GET /v2.0/quotas/63be5b4f4d784088b73cd36e6114f00e HTTP/1.1" status: 200 len: 468 time: 0.0156140
2020-12-02 18:00:27.144 24 INFO neutron.wsgi [req-22db3f04-79ea-4bc2-9638-a2db0d067cb2 0da1bc1a3acc45d0aca57e504c04ea17 63be5b4f4d784088b73cd36e6114f00e - default default] 10.31.10.2,10.31.10.1 "GET /v2.0/floatingips?tenant_id=63be5b4f4d784088b73cd36e6114f00e HTTP/1.1" status: 200 len: 193 time: 0.0766861
2020-12-02 18:00:27.625 24 INFO neutron.wsgi [req-d8f85fa3-d251-42f1-abdc-a2adefaf273f 851af1939a9b4ff8808a741857d37b46 761947fab1374992bf04ee79f6b6b929 - default default] 10.31.10.20,10.31.10.1 "GET /v2.0/networks/984f8747-5ff8-4e4f-8563-396e7d3e19f3?fields=provider%3Aphysical_network&fields=provider%3Anetwork_type HTTP/1.1" status: 200 len: 252 time: 0.1234677
2020-12-02 18:00:29.134 21 INFO neutron.wsgi [req-bb56e48c-911c-4a81-9c53-fe4a996b0845 0da1bc1a3acc45d0aca57e504c04ea17 63be5b4f4d784088b73cd36e6114f00e - default default] 192.168.208.187,10.31.10.1 "GET /v2.0/networks?name=test-net-128&status=ACTIVE HTTP/1.1" status: 200 len: 884 time: 0.1255221
2020-12-02 18:00:29.348 23 INFO neutron.wsgi [req-68c6d73c-076d-436e-8136-789822f9e7dd 0da1bc1a3acc45d0aca57e504c04ea17 63be5b4f4d784088b73cd36e6114f00e - default default] 10.31.10.20,10.31.10.1 "GET /v2.0/security-groups?id=b92ca6e7-6354-4c1e-a781-6be287e270a3&fields=id&fields=name HTTP/1.1" status: 200 len: 262 time: 0.0448956
2020-12-02 18:00:29.592 23 INFO neutron.wsgi [req-c8cfb796-fe5a-4d25-a0e3-2f863df1c6d7 0da1bc1a3acc45d0aca57e504c04ea17 63be5b4f4d784088b73cd36e6114f00e - default default] 10.31.10.20,10.31.10.1 "GET /v2.0/networks?id=984f8747-5ff8-4e4f-8563-396e7d3e19f3 HTTP/1.1" status: 200 len: 884 time: 0.1287441
2020-12-02 18:00:30.167 24 INFO neutron.wsgi [req-b5c30bab-dbdf-4720-bc03-76c35f5460a3 851af1939a9b4ff8808a741857d37b46 761947fab1374992bf04ee79f6b6b929 - default default] 10.31.10.2,10.31.10.1 "GET /v2.0/networks/be2ada3e-551f-442e-bd56-c8e00ead4918?fields=segments HTTP/1.1" status: 200 len: 188 time: 0.2145045
2020-12-02 18:00:30.380 23 INFO neutron.wsgi [req-df9bfab4-d624-42f7-add6-0b9587b92581 0da1bc1a3acc45d0aca57e504c04ea17 63be5b4f4d784088b73cd36e6114f00e - default default] 10.31.10.20,10.31.10.1 "POST /v2.0/ports HTTP/1.1" status: 201 len: 1227 time: 0.7706621
2020-12-02 18:00:30.575 22 INFO neutron.wsgi [req-2be898a3-f41c-4502-abf9-d03625aa8038 0da1bc1a3acc45d0aca57e504c04ea17 63be5b4f4d784088b73cd36e6114f00e - default default] 10.31.10.2,10.31.10.1 "GET /v2.0/ports?device_id=ed98c271-ff5f-4b49-9e15-24c57894fdc5 HTTP/1.1" status: 200 len: 1350 time: 0.0654562
2020-12-02 18:00:32.462 25 INFO neutron.wsgi [req-2c4083dc-f687-4f99-8349-270efbafe044 851af1939a9b4ff8808a741857d37b46 761947fab1374992bf04ee79f6b6b929 - default default] 10.31.10.20,10.31.10.1 "GET /v2.0/subnets?id=43e4d1f9-c965-472d-a48a-9b9543b2f77e HTTP/1.1" status: 200 len: 817 time: 0.1043351
2020-12-02 18:00:32.806 21 INFO neutron.wsgi [req-0d94b386-0723-4a9c-bf77-1bf9f6110628 851af1939a9b4ff8808a741857d37b46 761947fab1374992bf04ee79f6b6b929 - default default] 10.31.10.20,10.31.10.1 "GET /v2.0/networks/984f8747-5ff8-4e4f-8563-396e7d3e19f3?fields=provider%3Aphysical_network&fields=provider%3Anetwork_type HTTP/1.1" status: 200 len: 252 time: 0.1185956
2020-12-02 18:00:33.020 25 INFO neutron.wsgi [req-4a550107-e3f8-4991-8a0e-823aa38a9be1 0da1bc1a3acc45d0aca57e504c04ea17 63be5b4f4d784088b73cd36e6114f00e - default default] 10.31.10.20,10.31.10.1 "POST /v2.0/ports HTTP/1.1" status: 201 len: 1223 time: 0.8438876
2020-12-02 18:00:33.633 21 INFO neutron.wsgi [req-7c612f69-cee0-4aa8-b957-a70cb152e700 851af1939a9b4ff8808a741857d37b46 761947fab1374992bf04ee79f6b6b929 - default default] 10.31.10.20,10.31.10.1 "GET /v2.0/networks/984f8747-5ff8-4e4f-8563-396e7d3e19f3?fields=segments HTTP/1.1" status: 200 len: 188 time: 0.1204858
2020-12-02 18:00:33.803 24 INFO neutron.wsgi [req-47e38e36-b919-4db5-8c62-4512eee74aaf 0da1bc1a3acc45d0aca57e504c04ea17 63be5b4f4d784088b73cd36e6114f00e - default default] 10.31.10.2,10.31.10.1 "GET /v2.0/ports?tenant_id=63be5b4f4d784088b73cd36e6114f00e HTTP/1.1" status: 200 len: 519709 time: 0.6816399
2020-12-02 18:00:34.621 25 INFO neutron.wsgi [req-dacfa1cb-4c2a-451f-a132-c14635f8e860 851af1939a9b4ff8808a741857d37b46 761947fab1374992bf04ee79f6b6b929 - default default] 10.31.10.20,10.31.10.1 "PUT /v2.0/ports/e8a4bf62-f6e8-4c1f-bbb0-f4e818612f4f HTTP/1.1" status: 200 len: 1350 time: 1.5920343
2020-12-02 18:00:34.666 25 INFO neutron.notifiers.nova [-] Nova event response: {'name': 'network-changed', 'server_uuid': 'a2d6aa86-b0f3-4f6f-9abf-a9f666f6ae88', 'tag': 'e8a4bf62-f6e8-4c1f-bbb0-f4e818612f4f', 'status': 'completed', 'code': 200}
2020-12-02 18:00:34.801 25 INFO neutron.wsgi [req-8893858a-2f55-4498-91ea-fcbf874bfadd 0da1bc1a3acc45d0aca57e504c04ea17 63be5b4f4d784088b73cd36e6114f00e - default default] 10.31.10.2,10.31.10.1 "GET /v2.0/ports?device_id=2b085d28-02db-4194-8d15-3bbfd392d10b HTTP/1.1" status: 200 len: 1355 time: 0.0979559
2020-12-02 18:00:34.900 24 INFO neutron.wsgi [req-13394766-6cd6-45cd-9c15-9e26b5852a56 851af1939a9b4ff8808a741857d37b46 761947fab1374992bf04ee79f6b6b929 - default default] 10.31.10.20,10.31.10.1 "GET /v2.0/subnets?id=a6f53313-29b7-48a9-b4b9-36c2fc81055f HTTP/1.1" status: 200 len: 817 time: 0.0618360
2020-12-02 18:00:35.164 21 INFO neutron.wsgi [req-6414deeb-fd0a-4ed2-9991-354c06b0b556 0da1bc1a3acc45d0aca57e504c04ea17 63be5b4f4d784088b73cd36e6114f00e - default default] 10.31.10.3,10.31.10.1 "GET /v2.0/ports?device_id=da55f468-a5ac-4764-ae10-60dc9db1d416 HTTP/1.1" status: 200 len: 1355 time: 0.0855393
2020-12-02 18:00:35.410 24 INFO neutron.wsgi [req-eda06d86-ea99-4416-8fa7-6d46ed1b8eb3 851af1939a9b4ff8808a741857d37b46 761947fab1374992bf04ee79f6b6b929 - default default] 10.31.10.20,10.31.10.1 "GET /v2.0/ports?tenant_id=63be5b4f4d784088b73cd36e6114f00e&device_id=a2d6aa86-b0f3-4f6f-9abf-a9f666f6ae88 HTTP/1.1" status: 200 len: 1353 time: 0.0840731
2020-12-02 18:00:35.739 21 INFO neutron.wsgi [req-0a00d9e4-5a9f-4437-abfb-9f6364b0e07d 851af1939a9b4ff8808a741857d37b46 761947fab1374992bf04ee79f6b6b929 - default default] 10.31.10.20,10.31.10.1 "GET /v2.0/subnets?id=a6f53313-29b7-48a9-b4b9-36c2fc81055f HTTP/1.1" status: 200 len: 817 time: 0.0687678
2020-12-02 18:00:36.109 23 INFO neutron.wsgi [req-cb2203e0-c775-4260-ad7e-ae04a43a8f5b 851af1939a9b4ff8808a741857d37b46 761947fab1374992bf04ee79f6b6b929 - default default] 10.31.10.20,10.31.10.1 "GET /v2.0/networks/be2ada3e-551f-442e-bd56-c8e00ead4918?fields=provider%3Aphysical_network&fields=provider%3Anetwork_type HTTP/1.1" status: 200 len: 252 time: 0.1306355
2020-12-02 18:00:37.026 24 INFO neutron.wsgi [req-77dc2e6b-086d-4e16-927a-c1ed010f564e 0da1bc1a3acc45d0aca57e504c04ea17 63be5b4f4d784088b73cd36e6114f00e - default default] 10.31.10.2,10.31.10.1 "GET /v2.0/ports?device_id=cc2d093a-f592-4e52-a4c7-87ec5dc560b4 HTTP/1.1" status: 200 len: 1355 time: 0.0779567
2020-12-02 18:00:38.038 25 INFO neutron.wsgi [req-588d1d95-241c-4371-a491-a8e4d7e8213d 0da1bc1a3acc45d0aca57e504c04ea17 63be5b4f4d784088b73cd36e6114f00e - default default] 10.31.10.3,10.31.10.1 "GET /v2.0/security-groups?id=b92ca6e7-6354-4c1e-a781-6be287e270a3&fields=id&fields=name HTTP/1.1" status: 200 len: 262 time: 0.0448501
2020-12-02 18:00:39.623 25 INFO neutron.wsgi [req-670f47ca-53b8-43dc-8087-8d0ea7c01549 0da1bc1a3acc45d0aca57e504c04ea17 63be5b4f4d784088b73cd36e6114f00e - default default] 10.31.10.20,10.31.10.1 "GET /v2.0/ports?device_id=9740581a-2ad1-4610-9340-011af592cc0b HTTP/1.1" status: 200 len: 1343 time: 0.0747612
2020-12-02 18:00:39.860 25 INFO neutron.wsgi [req-37fa4d33-1f68-4601-bd3f-fc0af7aae4f2 0da1bc1a3acc45d0aca57e504c04ea17 63be5b4f4d784088b73cd36e6114f00e - default default] 10.31.10.2,10.31.10.1 "GET /v2.0/security-groups?id=b92ca6e7-6354-4c1e-a781-6be287e270a3&fields=id&fields=name HTTP/1.1" status: 200 len: 262 time: 0.0441906
2020-12-02 18:00:40.703 22 INFO neutron.wsgi [req-27643210-7baa-475f-b1ff-5196f0b906dc 0da1bc1a3acc45d0aca57e504c04ea17 63be5b4f4d784088b73cd36e6114f00e - default default] 10.31.10.20,10.31.10.1 "GET /v2.0/ports?device_id=a2d6aa86-b0f3-4f6f-9abf-a9f666f6ae88 HTTP/1.1" status: 200 len: 1353 time: 0.0739264
2020-12-02 18:00:40.918 21 INFO neutron.wsgi [req-27d3bffd-3b44-4402-83c3-9a71563a1588 0da1bc1a3acc45d0aca57e504c04ea17 63be5b4f4d784088b73cd36e6114f00e - default default] 10.31.10.2,10.31.10.1 "GET /v2.0/security-groups?id=b92ca6e7-6354-4c1e-a781-6be287e270a3&fields=id&fields=name HTTP/1.1" status: 200 len: 262 time: 0.0518153
2020-12-02 18:00:43.998 21 INFO neutron.wsgi [req-379a0919-e257-4127-a466-03bba75d6609 0da1bc1a3acc45d0aca57e504c04ea17 63be5b4f4d784088b73cd36e6114f00e - default default] 10.31.10.20,10.31.10.1 "GET /v2.0/ports?device_id=a2d6aa86-b0f3-4f6f-9abf-a9f666f6ae88 HTTP/1.1" status: 200 len: 1355 time: 0.0705872
2020-12-02 18:00:44.460 26 INFO neutron.notifiers.nova [-] Nova event response: {'server_uuid': 'a2d6aa86-b0f3-4f6f-9abf-a9f666f6ae88', 'name': 'network-vif-plugged', 'status': 'completed', 'tag': 'e8a4bf62-f6e8-4c1f-bbb0-f4e818612f4f', 'code': 200}
2020-12-02 18:00:45.537 21 INFO neutron.wsgi [req-b6e0274c-0619-4ed9-ba72-02a072aba2fb 0da1bc1a3acc45d0aca57e504c04ea17 63be5b4f4d784088b73cd36e6114f00e - default default] 10.31.10.20,10.31.10.1 "GET /v2.0/security-groups?id=b92ca6e7-6354-4c1e-a781-6be287e270a3&fields=id&fields=name HTTP/1.1" status: 200 len: 262 time: 0.0447609
2020-12-02 18:00:45.610 22 INFO neutron.wsgi [req-b9412b72-7a7c-4b9b-84eb-1cd158746126 0da1bc1a3acc45d0aca57e504c04ea17 63be5b4f4d784088b73cd36e6114f00e - default default] 10.31.10.2,10.31.10.1 "GET /v2.0/ports?tenant_id=63be5b4f4d784088b73cd36e6114f00e HTTP/1.1" status: 200 len: 519666 time: 0.4925749
2020-12-02 18:00:45.705 23 INFO neutron.wsgi [req-b3efcfc1-f796-42e7-a6e9-df93c56719fc 0da1bc1a3acc45d0aca57e504c04ea17 63be5b4f4d784088b73cd36e6114f00e - default default] 10.31.10.3,10.31.10.1 "DELETE /v2.0/ports/a18e335f-b5a7-45e5-be81-e47a1bf6d4ee HTTP/1.1" status: 204 len: 149 time: 1.0958884
2020-12-02 18:00:45.835 23 WARNING neutron.notifiers.nova [-] Nova event: {'server_uuid': 'd9e0cd90-4612-4083-846c-ba30a5dac238', 'name': 'network-vif-deleted', 'tag': 'a18e335f-b5a7-45e5-be81-e47a1bf6d4ee', 'status': 'failed', 'code': 422} returned with failed status
2020-12-02 18:00:47.164 24 INFO neutron.wsgi [req-9e0e2d2b-9f91-4dc1-a002-6a6e2be647c5 851af1939a9b4ff8808a741857d37b46 761947fab1374992bf04ee79f6b6b929 - default default] 10.31.10.2,10.31.10.1 "GET /v2.0/networks?id=31341ab7-7d03-4315-ace6-a2978d89fabd HTTP/1.1" status: 200 len: 883 time: 0.1278439
2020-12-02 18:00:47.224 24 INFO neutron.wsgi [req-c33071e7-b4fa-412e-9988-851129dbe750 0da1bc1a3acc45d0aca57e504c04ea17 63be5b4f4d784088b73cd36e6114f00e - default default] 10.31.10.3,10.31.10.1 "GET /v2.0/security-groups?id=b92ca6e7-6354-4c1e-a781-6be287e270a3&fields=id&fields=name HTTP/1.1" status: 200 len: 262 time: 0.0405591
2020-12-02 18:00:47.391 24 INFO neutron.wsgi [req-ca076eb1-62a2-4826-ab01-afc4a2736e2b 851af1939a9b4ff8808a741857d37b46 761947fab1374992bf04ee79f6b6b929 - default default] 10.31.10.2,10.31.10.1 "GET /v2.0/ports?network_id=31341ab7-7d03-4315-ace6-a2978d89fabd&device_owner=network%3Adhcp HTTP/1.1" status: 200 len: 2487 time: 0.0753002
2020-12-02 18:00:47.602 23 INFO neutron.wsgi [req-8c02e358-5a4a-4ddc-b908-8a4e12f3511f 0da1bc1a3acc45d0aca57e504c04ea17 63be5b4f4d784088b73cd36e6114f00e - default default] 10.31.10.2,10.31.10.1 "GET /v2.0/ports?device_id=67737d72-9310-441e-b6e3-d5b6bce57d8b HTTP/1.1" status: 200 len: 1355 time: 0.0830123
2020-12-02 18:00:47.786 21 INFO neutron.wsgi [req-bbe127af-33ed-4bf5-a765-d750ed6f5df3 851af1939a9b4ff8808a741857d37b46 761947fab1374992bf04ee79f6b6b929 - default default] 10.31.10.3,10.31.10.1 "GET /v2.0/ports?device_id=a2d6aa86-b0f3-4f6f-9abf-a9f666f6ae88 HTTP/1.1" status: 200 len: 1355 time: 0.1602690
2020-12-02 18:00:48.415 24 INFO neutron.wsgi [-] 10.31.10.1 "GET / HTTP/1.1" status: 200 len: 228 time: 0.0076616
2020-12-02 18:00:49.980 21 INFO neutron.wsgi [req-09be910b-78c0-4b75-a8a5-be5d01a8551e 0da1bc1a3acc45d0aca57e504c04ea17 63be5b4f4d784088b73cd36e6114f00e - default default] 10.31.10.3,10.31.10.1 "GET /v2.0/security-groups?id=b92ca6e7-6354-4c1e-a781-6be287e270a3&fields=id&fields=name HTTP/1.1" status: 200 len: 262 time: 0.0568542
2020-12-02 18:00:50.329 24 INFO neutron.wsgi [req-c3da9b30-4d5b-4a9b-8669-4210b2914d41 0da1bc1a3acc45d0aca57e504c04ea17 63be5b4f4d784088b73cd36e6114f00e - default default] 10.31.10.2,10.31.10.1 "GET /v2.0/ports?device_id=a2d6aa86-b0f3-4f6f-9abf-a9f666f6ae88 HTTP/1.1" status: 200 len: 1355 time: 0.1115394
2020-12-02 18:00:50.621 24 INFO neutron.wsgi [req-1e9944f5-bcaf-4038-b117-84bebb9c0980 0da1bc1a3acc45d0aca57e504c04ea17 63be5b4f4d784088b73cd36e6114f00e - default default] 10.31.10.20,10.31.10.1 "GET /v2.0/ports?device_id=a2d6aa86-b0f3-4f6f-9abf-a9f666f6ae88 HTTP/1.1" status: 200 len: 1355 time: 0.0777650
2020-12-02 18:00:50.918 21 INFO neutron.wsgi [req-de342f27-6dad-4128-9aea-3b5eead85736 0da1bc1a3acc45d0aca57e504c04ea17 63be5b4f4d784088b73cd36e6114f00e - default default] 10.31.10.2,10.31.10.1 "GET /v2.0/ports?device_id=a2d6aa86-b0f3-4f6f-9abf-a9f666f6ae88 HTTP/1.1" status: 200 len: 1355 time: 0.0863543
2020-12-02 18:00:51.147 23 INFO neutron.wsgi [req-9f885bad-6415-4bb6-b60b-4ce185d5f800 0da1bc1a3acc45d0aca57e504c04ea17 63be5b4f4d784088b73cd36e6114f00e - default default] 10.31.10.3,10.31.10.1 "GET /v2.0/ports?device_id=ed98c271-ff5f-4b49-9e15-24c57894fdc5 HTTP/1.1" status: 200 len: 1350 time: 0.0683534
2020-12-02 18:00:51.202 23 INFO neutron.wsgi [req-537b66e8-3233-48e3-a4ae-2d8b2941f532 0da1bc1a3acc45d0aca57e504c04ea17 63be5b4f4d784088b73cd36e6114f00e - default default] 10.31.10.3,10.31.10.1 "GET /v2.0/security-groups?id=b92ca6e7-6354-4c1e-a781-6be287e270a3&fields=id&fields=name HTTP/1.1" status: 200 len: 262 time: 0.0421567
2020-12-02 18:00:52.477 25 INFO neutron.wsgi [req-04733ee3-9a62-4d3b-934e-80b7406352d2 0da1bc1a3acc45d0aca57e504c04ea17 63be5b4f4d784088b73cd36e6114f00e - default default] 192.168.208.187,10.31.10.1 "GET /v2.0/networks?name=test-net-156&status=ACTIVE HTTP/1.1" status: 200 len: 884 time: 0.1457965
2020-12-02 18:00:53.281 25 INFO neutron.wsgi [req-04b14de8-4d18-4795-bd4f-054fc9882cf8 0da1bc1a3acc45d0aca57e504c04ea17 63be5b4f4d784088b73cd36e6114f00e - default default] 10.31.10.2,10.31.10.1 "GET /v2.0/ports?tenant_id=63be5b4f4d784088b73cd36e6114f00e&fields=id HTTP/1.1" status: 200 len: 21026 time: 0.4489889
2020-12-02 18:00:54.638 28 INFO neutron.db.l3_db [req-0c16de71-9746-44a0-b47a-72ccb5c9601e - - - - -] Skipping port 2dd52cfa-b436-4614-bd20-ed721806b90e as no IP is configure on it
2020-12-02 18:00:54.640 28 INFO neutron.db.l3_db [req-0c16de71-9746-44a0-b47a-72ccb5c9601e - - - - -] Skipping port 2dd52cfa-b436-4614-bd20-ed721806b90e as no IP is configure on it
2020-12-02 18:00:55.323 25 INFO neutron.wsgi [req-a9026ac5-fea2-4704-bae1-8be6cf6f88bf 0da1bc1a3acc45d0aca57e504c04ea17 63be5b4f4d784088b73cd36e6114f00e - default default] 10.31.10.20,10.31.10.1 "GET /v2.0/networks?id=2c8a8247-2c48-4573-ae6f-c56c3fd4f6ec HTTP/1.1" status: 200 len: 884 time: 0.1144822
2020-12-02 18:00:55.493 24 INFO neutron.wsgi [req-3bcd8996-b752-4b80-a9de-72ffe67b9a2a 851af1939a9b4ff8808a741857d37b46 761947fab1374992bf04ee79f6b6b929 - default default] 10.31.10.20,10.31.10.1 "GET /v2.0/ports?device_id=a4affd15-50ad-4297-83eb-2f891cf4b122&fields=binding%3Ahost_id&fields=binding%3Avif_type HTTP/1.1" status: 200 len: 238 time: 0.0725148
2020-12-02 18:00:55.773 21 INFO neutron.wsgi [req-8531729f-3534-4c8f-a114-9c532c19c1b4 851af1939a9b4ff8808a741857d37b46 761947fab1374992bf04ee79f6b6b929 - default default] 10.31.10.20,10.31.10.1 "GET /v2.0/networks?id=0f8f9b45-e088-46d3-a962-fd790ba7f3b8 HTTP/1.1" status: 200 len: 884 time: 0.1215720
2020-12-02 18:00:55.834 21 INFO neutron.wsgi [req-7e59193b-57e3-49f1-8666-1c0f1072d7b6 0da1bc1a3acc45d0aca57e504c04ea17 63be5b4f4d784088b73cd36e6114f00e - default default] 10.31.10.20,10.31.10.1 "GET /v2.0/security-groups?id=b92ca6e7-6354-4c1e-a781-6be287e270a3&fields=id&fields=name HTTP/1.1" status: 200 len: 262 time: 0.0346475
2020-12-02 18:00:56.017 28 INFO neutron.db.l3_db [req-0c16de71-9746-44a0-b47a-72ccb5c9601e - - - - -] Skipping port 2dd52cfa-b436-4614-bd20-ed721806b90e as no IP is configure on it
2020-12-02 18:00:56.018 28 INFO neutron.db.l3_db [req-0c16de71-9746-44a0-b47a-72ccb5c9601e - - - - -] Skipping port 2dd52cfa-b436-4614-bd20-ed721806b90e as no IP is configure on it
2020-12-02 18:00:56.177 24 INFO neutron.wsgi [req-7cf1c77c-d195-49fb-94f8-32371c7dac9d 851af1939a9b4ff8808a741857d37b46 761947fab1374992bf04ee79f6b6b929 - default default] 10.31.10.20,10.31.10.1 "GET /v2.0/networks/0f8f9b45-e088-46d3-a962-fd790ba7f3b8?fields=segments HTTP/1.1" status: 200 len: 188 time: 0.1528366
2020-12-02 18:00:57.113 25 INFO neutron.wsgi [req-bff81b72-2dca-424a-809d-ce8706d20b7e 0da1bc1a3acc45d0aca57e504c04ea17 63be5b4f4d784088b73cd36e6114f00e - default default] 10.31.10.2,10.31.10.1 "GET /v2.0/floatingips?tenant_id=63be5b4f4d784088b73cd36e6114f00e HTTP/1.1" status: 200 len: 193 time: 0.0630040
2020-12-02 18:00:57.509 25 INFO neutron.wsgi [req-5a700f66-0227-40b3-bccf-fe21418f3b72 0da1bc1a3acc45d0aca57e504c04ea17 63be5b4f4d784088b73cd36e6114f00e - default default] 10.31.10.2,10.31.10.1 "GET /v2.0/security-groups?id=b92ca6e7-6354-4c1e-a781-6be287e270a3&fields=id&fields=name HTTP/1.1" status: 200 len: 262 time: 0.0359368
2020-12-02 18:00:57.823 22 INFO neutron.wsgi [req-3b134397-8c10-423e-9846-ff208717d186 851af1939a9b4ff8808a741857d37b46 761947fab1374992bf04ee79f6b6b929 - default default] 10.31.10.20,10.31.10.1 "GET /v2.0/ports?tenant_id=63be5b4f4d784088b73cd36e6114f00e&device_id=f48a2b29-ebab-4cb1-98f5-63e3db7dd14e HTTP/1.1" status: 200 len: 1355 time: 0.0647261
2020-12-02 18:00:57.940 22 INFO neutron.wsgi [req-b2b3fdd3-aaf0-459f-9b00-edf8ace80921 0da1bc1a3acc45d0aca57e504c04ea17 63be5b4f4d784088b73cd36e6114f00e - default default] 10.31.10.2,10.31.10.1 "GET /v2.0/security-groups?id=b92ca6e7-6354-4c1e-a781-6be287e270a3&fields=id&fields=name HTTP/1.1" status: 200 len: 262 time: 0.0461574
2020-12-02 18:00:58.231 24 INFO neutron.wsgi [req-4154ce1f-5773-40cb-924d-327cb0b72723 851af1939a9b4ff8808a741857d37b46 761947fab1374992bf04ee79f6b6b929 - default default] 10.31.10.20,10.31.10.1 "GET /v2.0/networks/2c8a8247-2c48-4573-ae6f-c56c3fd4f6ec?fields=segments HTTP/1.1" status: 200 len: 188 time: 0.1501420
2020-12-02 18:00:58.669 21 INFO neutron.wsgi [req-f65b0575-4856-46ce-9fbe-ac50ba9da586 851af1939a9b4ff8808a741857d37b46 761947fab1374992bf04ee79f6b6b929 - default default] 10.31.10.20,10.31.10.1 "GET /v2.0/networks?id=2c8a8247-2c48-4573-ae6f-c56c3fd4f6ec HTTP/1.1" status: 200 len: 884 time: 0.1352992
2020-12-02 18:00:58.910 21 INFO neutron.wsgi [req-5d3052fc-57d7-43d5-9236-2192ba1d8f97 851af1939a9b4ff8808a741857d37b46 761947fab1374992bf04ee79f6b6b929 - default default] 10.31.10.20,10.31.10.1 "GET /v2.0/ports?network_id=2c8a8247-2c48-4573-ae6f-c56c3fd4f6ec&device_owner=network%3Adhcp HTTP/1.1" status: 200 len: 2499 time: 0.0794897
2020-12-02 18:00:59.319 25 INFO neutron.wsgi [req-9b3f6bb4-7599-4909-ad3e-46228e86c91d 0da1bc1a3acc45d0aca57e504c04ea17 63be5b4f4d784088b73cd36e6114f00e - default default] 192.168.208.187,10.31.10.1 "GET /v2.0/ports/fcdc6f52-6988-4c06-933b-58be3442e2ff HTTP/1.1" status: 200 len: 1217 time: 0.0653355
2020-12-02 18:01:00.240 23 INFO neutron.wsgi [req-6f986151-1a53-45c6-be4e-e71990732a79 0da1bc1a3acc45d0aca57e504c04ea17 63be5b4f4d784088b73cd36e6114f00e - default default] 10.31.10.3,10.31.10.1 "GET /v2.0/ports?device_id=9740581a-2ad1-4610-9340-011af592cc0b HTTP/1.1" status: 200 len: 1343 time: 0.0918293
2020-12-02 18:01:00.448 24 INFO neutron.wsgi [req-fe580de4-559a-4328-bc07-9e6e4d3ee1f5 0da1bc1a3acc45d0aca57e504c04ea17 63be5b4f4d784088b73cd36e6114f00e - default default] 10.31.10.20,10.31.10.1 "GET /v2.0/security-groups?id=b92ca6e7-6354-4c1e-a781-6be287e270a3&fields=id&fields=name HTTP/1.1" status: 200 len: 262 time: 0.0469189
2020-12-02 18:01:03.100 24 INFO neutron.wsgi [req-324d13eb-2a88-484c-a119-60dc94be1690 0da1bc1a3acc45d0aca57e504c04ea17 63be5b4f4d784088b73cd36e6114f00e - default default] 10.31.10.2,10.31.10.1 "GET /v2.0/floatingips?tenant_id=63be5b4f4d784088b73cd36e6114f00e HTTP/1.1" status: 200 len: 193 time: 0.0680747
2020-12-02 18:01:03.723 26 INFO neutron.db.l3_db [req-7dc7593c-d041-4a19-87fd-8c5e2e1437f7 - - - - -] Skipping port 2d8365c9-c7d5-46a4-9a3f-afbb6d387817 as no IP is configure on it
2020-12-02 18:01:03.724 26 INFO neutron.db.l3_db [req-7dc7593c-d041-4a19-87fd-8c5e2e1437f7 - - - - -] Skipping port 2d8365c9-c7d5-46a4-9a3f-afbb6d387817 as no IP is configure on it
2020-12-02 18:01:03.967 21 INFO neutron.wsgi [req-4b335993-a3fe-4d94-9b14-5197febc0473 0da1bc1a3acc45d0aca57e504c04ea17 63be5b4f4d784088b73cd36e6114f00e - default default] 10.31.10.3,10.31.10.1 "GET /v2.0/security-groups?id=b92ca6e7-6354-4c1e-a781-6be287e270a3&fields=id&fields=name HTTP/1.1" status: 200 len: 262 time: 0.0442529
2020-12-02 18:01:04.874 26 INFO neutron.db.l3_db [req-7dc7593c-d041-4a19-87fd-8c5e2e1437f7 - - - - -] Skipping port 2d8365c9-c7d5-46a4-9a3f-afbb6d387817 as no IP is configure on it
2020-12-02 18:01:04.875 26 INFO neutron.db.l3_db [req-7dc7593c-d041-4a19-87fd-8c5e2e1437f7 - - - - -] Skipping port 2d8365c9-c7d5-46a4-9a3f-afbb6d387817 as no IP is configure on it
2020-12-02 18:01:06.094 21 INFO neutron.wsgi [req-a750e9c0-6064-46c3-9b8c-8ef43aa8e168 0da1bc1a3acc45d0aca57e504c04ea17 63be5b4f4d784088b73cd36e6114f00e - default default] 10.31.10.2,10.31.10.1 "GET /v2.0/ports?device_id=da55f468-a5ac-4764-ae10-60dc9db1d416 HTTP/1.1" status: 200 len: 1355 time: 0.0811625
2020-12-02 18:01:07.282 22 INFO neutron.wsgi [req-08a897a4-38ff-41dc-ad09-bede9e8a85a2 0da1bc1a3acc45d0aca57e504c04ea17 63be5b4f4d784088b73cd36e6114f00e - default default] 10.31.10.3,10.31.10.1 "GET /v2.0/security-groups?id=b92ca6e7-6354-4c1e-a781-6be287e270a3&fields=id&fields=name HTTP/1.1" status: 200 len: 262 time: 0.0498703
2020-12-02 18:01:07.878 24 INFO neutron.wsgi [req-7bec429f-5cf3-4f7b-9780-43a9bc1fdc68 0da1bc1a3acc45d0aca57e504c04ea17 63be5b4f4d784088b73cd36e6114f00e - default default] 10.31.10.2,10.31.10.1 "GET /v2.0/ports?device_id=cc2d093a-f592-4e52-a4c7-87ec5dc560b4 HTTP/1.1" status: 200 len: 1355 time: 0.0739985
2020-12-02 18:01:08.231 23 INFO neutron.wsgi [req-20ea7e5e-8a72-4de1-b629-59d57bbb26dd 0da1bc1a3acc45d0aca57e504c04ea17 63be5b4f4d784088b73cd36e6114f00e - default default] 10.31.10.3,10.31.10.1 "GET /v2.0/security-groups?id=b92ca6e7-6354-4c1e-a781-6be287e270a3&fields=id&fields=name HTTP/1.1" status: 200 len: 262 time: 0.0409162
2020-12-02 18:01:09.121 21 INFO neutron.wsgi [req-7a93c8d8-9fc3-4e46-9667-82be98eeff9a 0da1bc1a3acc45d0aca57e504c04ea17 63be5b4f4d784088b73cd36e6114f00e - default default] 10.31.10.3,10.31.10.1 "GET /v2.0/security-groups?id=b92ca6e7-6354-4c1e-a781-6be287e270a3&fields=id&fields=name HTTP/1.1" status: 200 len: 262 time: 0.0470204
2020-12-02 18:01:09.325 25 INFO neutron.wsgi [req-96a81f62-0ab1-4861-a980-bd4542edb95e 0da1bc1a3acc45d0aca57e504c04ea17 63be5b4f4d784088b73cd36e6114f00e - default default] 10.31.10.3,10.31.10.1 "GET /v2.0/floatingips?port_id=03e99727-4e00-4b01-96f7-3cc3597d5c85&port_id=297087cc-d91c-41c6-96af-adc426fef66d&port_id=3952a039-7398-4348-bbfa-dab429fe86ec&port_id=4c690e49-1eee-4e8d-8f42-4b818a2cf1e1&port_id=6d1a3e8c-7a8a-4521-8716-219a088dcc0d&port_id=997c5371-061e-4e50-984f-9caf562f8da4&port_id=a567f926-e0f3-4a3f-a046-52e0d74881aa&port_id=a5abc694-4b21-4385-8efa-a5d66caec244&port_id=ae7c56ce-7cbc-4b17-a4d4-d313489447dd&port_id=c030e964-6d30-4271-b157-ad6ca8564b34&port_id=d99479d3-4e3d-4fc2-ada3-f17d1d53e84f&port_id=e87bcd52-0e35-45b6-9066-eabf54935c65&port_id=e8944381-e001-45c1-9caf-68e36fcb8910&port_id=e8a4bf62-f6e8-4c1f-bbb0-f4e818612f4f&tenant_id=63be5b4f4d784088b73cd36e6114f00e HTTP/1.1" status: 200 len: 193 time: 0.0715799
2020-12-02 18:01:10.706 22 INFO neutron.wsgi [req-3f8f311d-eee7-4431-9c96-50509cadd6a5 0da1bc1a3acc45d0aca57e504c04ea17 63be5b4f4d784088b73cd36e6114f00e - default default] 10.31.10.2,10.31.10.1 "GET /v2.0/ports?device_id=e1081f97-129f-4030-af18-136d0cfcf27a HTTP/1.1" status: 200 len: 1350 time: 0.0835159
2020-12-02 18:01:10.825 21 INFO neutron.wsgi [req-cbd8978d-c399-409e-8d3b-bd9b49ce7953 0da1bc1a3acc45d0aca57e504c04ea17 63be5b4f4d784088b73cd36e6114f00e - default default] 10.31.10.3,10.31.10.1 "GET /v2.0/subnets HTTP/1.1" status: 200 len: 127848 time: 0.5800147
2020-12-02 18:01:11.786 22 INFO neutron.wsgi [req-4208da5e-6981-4d04-b01f-20a0eec1736d 0da1bc1a3acc45d0aca57e504c04ea17 63be5b4f4d784088b73cd36e6114f00e - default default] 10.31.10.2,10.31.10.1 "GET /v2.0/ports?device_id=ed98c271-ff5f-4b49-9e15-24c57894fdc5 HTTP/1.1" status: 200 len: 1350 time: 0.0946097
2020-12-02 18:01:11.948 23 INFO neutron.wsgi [req-b1fc4d57-6dfc-4a02-a7f0-d270c728c0f7 0da1bc1a3acc45d0aca57e504c04ea17 63be5b4f4d784088b73cd36e6114f00e - default default] 192.168.208.187,10.31.10.1 "PUT /v2.0/routers/43a3fa90-7a42-4e21-be37-79d898dd5069/add_router_interface HTTP/1.1" status: 200 len: 484 time: 3.0486410
2020-12-02 18:01:12.425 28 INFO neutron.db.l3_db [req-029cd69c-562f-4360-8da4-df928a951502 - - - - -] Skipping port 1238d75b-69aa-4c96-9463-175b15b94c86 as no IP is configure on it
2020-12-02 18:01:12.426 28 INFO neutron.db.l3_db [req-029cd69c-562f-4360-8da4-df928a951502 - - - - -] Skipping port 1238d75b-69aa-4c96-9463-175b15b94c86 as no IP is configure on it
2020-12-02 18:01:12.614 25 INFO neutron.wsgi [req-12154015-fa31-45f4-80d9-def868f78c62 0da1bc1a3acc45d0aca57e504c04ea17 63be5b4f4d784088b73cd36e6114f00e - default default] 10.31.10.2,10.31.10.1 "GET /v2.0/ports?device_id=67737d72-9310-441e-b6e3-d5b6bce57d8b HTTP/1.1" status: 200 len: 1355 time: 0.0699759
2020-12-02 18:01:12.686 25 INFO neutron.wsgi [req-f383ef1d-164e-4896-8a21-c6fb3ffe15b5 0da1bc1a3acc45d0aca57e504c04ea17 63be5b4f4d784088b73cd36e6114f00e - default default] 10.31.10.2,10.31.10.1 "GET /v2.0/ports?device_id=da55f468-a5ac-4764-ae10-60dc9db1d416 HTTP/1.1" status: 200 len: 1355 time: 0.0764477
2020-12-02 18:01:12.714 24 INFO neutron.wsgi [req-156eb2bf-a499-4498-b9f9-2e313f72cf13 0da1bc1a3acc45d0aca57e504c04ea17 63be5b4f4d784088b73cd36e6114f00e - default default] 10.31.10.20,10.31.10.1 "GET /v2.0/security-groups?id=b92ca6e7-6354-4c1e-a781-6be287e270a3&fields=id&fields=name HTTP/1.1" status: 200 len: 262 time: 0.0500748
2020-12-02 18:01:12.840 25 INFO neutron.wsgi [req-b7784d5b-40d7-4f8e-ac4b-c2a38060dae0 0da1bc1a3acc45d0aca57e504c04ea17 63be5b4f4d784088b73cd36e6114f00e - default default] 10.31.10.3,10.31.10.1 "GET /v2.0/ports?device_id=67737d72-9310-441e-b6e3-d5b6bce57d8b HTTP/1.1" status: 200 len: 1355 time: 0.0750353
2020-12-02 18:01:12.928 23 INFO neutron.wsgi [req-f16dadf8-59f9-4e9b-8654-e7bb0232833f 0da1bc1a3acc45d0aca57e504c04ea17 63be5b4f4d784088b73cd36e6114f00e - default default] 10.31.10.3,10.31.10.1 "GET /v2.0/floatingips?port_id=a567f926-e0f3-4a3f-a046-52e0d74881aa&tenant_id=63be5b4f4d784088b73cd36e6114f00e HTTP/1.1" status: 200 len: 193 time: 0.0641358
2020-12-02 18:01:12.955 23 INFO neutron.wsgi [req-c06e5239-5e93-45fe-81f4-74ba9d9a9efb 0da1bc1a3acc45d0aca57e504c04ea17 63be5b4f4d784088b73cd36e6114f00e - default default] 10.31.10.3,10.31.10.1 "GET /v2.0/ports?device_id=2b085d28-02db-4194-8d15-3bbfd392d10b HTTP/1.1" status: 200 len: 1355 time: 0.1439383
2020-12-02 18:01:13.000 25 INFO neutron.wsgi [req-a3738a97-2cee-4843-b90f-7dcf0f1b9c99 0da1bc1a3acc45d0aca57e504c04ea17 63be5b4f4d784088b73cd36e6114f00e - default default] 10.31.10.3,10.31.10.1 "GET /v2.0/floatingips?port_id=e87bcd52-0e35-45b6-9066-eabf54935c65&tenant_id=63be5b4f4d784088b73cd36e6114f00e HTTP/1.1" status: 200 len: 193 time: 0.0681572
2020-12-02 18:01:13.503 23 INFO neutron.wsgi [req-c6992af5-7ebe-40db-87ef-df01d8484394 0da1bc1a3acc45d0aca57e504c04ea17 63be5b4f4d784088b73cd36e6114f00e - default default] 10.31.10.2,10.31.10.1 "GET /v2.0/ports?device_id=f48a2b29-ebab-4cb1-98f5-63e3db7dd14e HTTP/1.1" status: 200 len: 1355 time: 0.0711727
2020-12-02 18:01:13.597 28 INFO neutron.db.l3_db [req-029cd69c-562f-4360-8da4-df928a951502 - - - - -] Skipping port 1238d75b-69aa-4c96-9463-175b15b94c86 as no IP is configure on it
2020-12-02 18:01:13.597 28 INFO neutron.db.l3_db [req-029cd69c-562f-4360-8da4-df928a951502 - - - - -] Skipping port 1238d75b-69aa-4c96-9463-175b15b94c86 as no IP is configure on it
2020-12-02 18:01:13.699 22 INFO neutron.wsgi [req-4fc156f9-3e45-42f9-8e76-010f62fd3086 0da1bc1a3acc45d0aca57e504c04ea17 63be5b4f4d784088b73cd36e6114f00e - default default] 10.31.10.3,10.31.10.1 "GET /v2.0/ports?tenant_id=63be5b4f4d784088b73cd36e6114f00e HTTP/1.1" status: 200 len: 522956 time: 0.7223680
2020-12-02 18:01:13.990 25 INFO neutron.wsgi [req-b00bda84-3138-4e7f-9a97-1582eec2cf8c 0da1bc1a3acc45d0aca57e504c04ea17 63be5b4f4d784088b73cd36e6114f00e - default default] 10.31.10.3,10.31.10.1 "GET /v2.0/networks?id=984f8747-5ff8-4e4f-8563-396e7d3e19f3 HTTP/1.1" status: 200 len: 884 time: 0.2980909
2020-12-02 18:01:14.219 21 INFO neutron.wsgi [req-d2cc62c4-867b-40fd-a5f1-45ef1136be00 0da1bc1a3acc45d0aca57e504c04ea17 63be5b4f4d784088b73cd36e6114f00e - default default] 10.31.10.3,10.31.10.1 "GET /v2.0/subnets HTTP/1.1" status: 200 len: 127848 time: 0.3392751
2020-12-02 18:01:14.332 25 INFO neutron.wsgi [req-5cf6220c-27d0-4261-8593-63693f829d8c 0da1bc1a3acc45d0aca57e504c04ea17 63be5b4f4d784088b73cd36e6114f00e - default default] 10.31.10.3,10.31.10.1 "GET /v2.0/subnets HTTP/1.1" status: 200 len: 127848 time: 0.3335979
2020-12-02 18:01:14.422 22 INFO neutron.wsgi [req-df695f26-ad8b-4e51-ba15-0e982d5f9563 851af1939a9b4ff8808a741857d37b46 761947fab1374992bf04ee79f6b6b929 - default default] 10.31.10.3,10.31.10.1 "GET /v2.0/ports?device_id=12606f42-4bd4-4c46-869a-034d53d6e431&fields=binding%3Ahost_id&fields=binding%3Avif_type HTTP/1.1" status: 200 len: 238 time: 0.0676599
2020-12-02 18:01:14.774 24 INFO neutron.wsgi [req-112e7a9c-c5de-4abb-a32b-c5b82e43ee68 851af1939a9b4ff8808a741857d37b46 761947fab1374992bf04ee79f6b6b929 - default default] 10.31.10.3,10.31.10.1 "GET /v2.0/floatingips?fixed_ip_address=10.31.12.213&port_id=46824667-0ee6-4cfa-b673-904fb7b96b5c HTTP/1.1" status: 200 len: 193 time: 0.0669546
2020-12-02 18:01:14.890 23 INFO neutron.wsgi [req-22a913e1-8098-49d1-a856-1df23d595a5c 0da1bc1a3acc45d0aca57e504c04ea17 63be5b4f4d784088b73cd36e6114f00e - default default] 10.31.10.20,10.31.10.1 "GET /v2.0/ports?device_id=cc2d093a-f592-4e52-a4c7-87ec5dc560b4 HTTP/1.1" status: 200 len: 1355 time: 0.0754302
2020-12-02 18:01:14.986 21 INFO neutron.wsgi [req-2cd14bfb-384e-46a7-bd7e-deaa5088cf97 851af1939a9b4ff8808a741857d37b46 761947fab1374992bf04ee79f6b6b929 - default default] 10.31.10.3,10.31.10.1 "GET /v2.0/ports?network_id=31d7fa17-bee4-4ca0-8150-8bdf6a8ca8c2&device_owner=network%3Adhcp HTTP/1.1" status: 200 len: 2479 time: 0.1156313
2020-12-02 18:01:15.025 21 INFO neutron.wsgi [req-c67f60f5-3de5-4e76-b31a-eeb7bdbb1a71 0da1bc1a3acc45d0aca57e504c04ea17 63be5b4f4d784088b73cd36e6114f00e - default default] 10.31.10.20,10.31.10.1 "GET /v2.0/ports?device_id=ed98c271-ff5f-4b49-9e15-24c57894fdc5 HTTP/1.1" status: 200 len: 1350 time: 0.0749512
2020-12-02 18:01:15.095 21 INFO neutron.wsgi [req-d268039e-7292-4b35-b932-5e667031b081 0da1bc1a3acc45d0aca57e504c04ea17 63be5b4f4d784088b73cd36e6114f00e - default default] 10.31.10.2,10.31.10.1 "GET /v2.0/floatingips?tenant_id=63be5b4f4d784088b73cd36e6114f00e HTTP/1.1" status: 200 len: 193 time: 0.0580156
2020-12-02 18:01:15.171 22 INFO neutron.wsgi [req-4a3b961a-5b8e-4f3f-9a3f-4d4687744a35 0da1bc1a3acc45d0aca57e504c04ea17 63be5b4f4d784088b73cd36e6114f00e - default default] 10.31.10.3,10.31.10.1 "GET /v2.0/ports?device_id=d3090d59-ea70-4208-a5ab-306d217f0db4 HTTP/1.1" status: 200 len: 1355 time: 0.0894380
2020-12-02 18:01:15.183 21 INFO neutron.wsgi [req-1f7302e6-6c56-482b-9e3b-27f680440968 0da1bc1a3acc45d0aca57e504c04ea17 63be5b4f4d784088b73cd36e6114f00e - default default] 10.31.10.3,10.31.10.1 "GET /v2.0/floatingips?port_id=6d1a3e8c-7a8a-4521-8716-219a088dcc0d&tenant_id=63be5b4f4d784088b73cd36e6114f00e HTTP/1.1" status: 200 len: 193 time: 0.0590501
2020-12-02 18:01:15.233 22 INFO neutron.wsgi [req-e11f3847-fdd8-4fe2-a9f2-3cbb1dcc0ac0 0da1bc1a3acc45d0aca57e504c04ea17 63be5b4f4d784088b73cd36e6114f00e - default default] 10.31.10.3,10.31.10.1 "GET /v2.0/floatingips?port_id=ae7c56ce-7cbc-4b17-a4d4-d313489447dd&tenant_id=63be5b4f4d784088b73cd36e6114f00e HTTP/1.1" status: 200 len: 193 time: 0.0554831
2020-12-02 18:01:15.908 25 INFO neutron.wsgi [req-7880ca39-87fb-4228-8c58-ac5033f02e2e 0da1bc1a3acc45d0aca57e504c04ea17 63be5b4f4d784088b73cd36e6114f00e - default default] 10.31.10.3,10.31.10.1 "GET /v2.0/networks?id=212f8e72-ffd0-4e55-82eb-3c0bfb9c81dd HTTP/1.1" status: 200 len: 884 time: 0.1260791
2020-12-02 18:01:15.923 23 INFO neutron.wsgi [req-97e48a7d-e221-4d81-ac78-4cc70cdf2db9 0da1bc1a3acc45d0aca57e504c04ea17 63be5b4f4d784088b73cd36e6114f00e - default default] 10.31.10.3,10.31.10.1 "GET /v2.0/ports?tenant_id=63be5b4f4d784088b73cd36e6114f00e HTTP/1.1" status: 200 len: 522956 time: 0.6794517
2020-12-02 18:01:16.001 25 INFO neutron.wsgi [req-7ebceb75-1c71-457a-8c77-788afc70eb35 0da1bc1a3acc45d0aca57e504c04ea17 63be5b4f4d784088b73cd36e6114f00e - default default] 10.31.10.3,10.31.10.1 "GET /v2.0/ports?device_id=2b085d28-02db-4194-8d15-3bbfd392d10b HTTP/1.1" status: 200 len: 1355 time: 0.0716774
2020-12-02 18:01:16.356 25 INFO neutron.wsgi [req-fcf24c00-8acf-400e-869c-9f7012ca4f64 0da1bc1a3acc45d0aca57e504c04ea17 63be5b4f4d784088b73cd36e6114f00e - default default] 10.31.10.3,10.31.10.1 "GET /v2.0/subnets HTTP/1.1" status: 200 len: 127848 time: 0.3339765
2020-12-02 18:01:16.571 22 INFO neutron.wsgi [req-ec506ecd-4518-4ae8-b23b-483e8061fbe8 0da1bc1a3acc45d0aca57e504c04ea17 63be5b4f4d784088b73cd36e6114f00e - default default] 10.31.10.3,10.31.10.1 "GET /v2.0/subnets HTTP/1.1" status: 200 len: 127848 time: 0.3325303
2020-12-02 18:01:17.087 23 INFO neutron.wsgi [req-7422edfe-a400-42bf-bda8-350879db0fb1 0da1bc1a3acc45d0aca57e504c04ea17 63be5b4f4d784088b73cd36e6114f00e - default default] 192.168.208.187,10.31.10.1 "GET /v2.0/ports/6802f1cb-59cf-4a64-a5d0-12fb96d474d4 HTTP/1.1" status: 200 len: 1213 time: 0.0642772
2020-12-02 18:01:18.039 23 INFO neutron.wsgi [req-54e2a8b9-8419-4f8d-91bb-b4878c735859 0da1bc1a3acc45d0aca57e504c04ea17 63be5b4f4d784088b73cd36e6114f00e - default default] 10.31.10.3,10.31.10.1 "GET /v2.0/ports?device_id=d3090d59-ea70-4208-a5ab-306d217f0db4 HTTP/1.1" status: 200 len: 1355 time: 0.0726633
2020-12-02 18:01:18.228 24 INFO neutron.wsgi [req-46a8530d-c848-4a26-a128-c1a2e915e262 0da1bc1a3acc45d0aca57e504c04ea17 63be5b4f4d784088b73cd36e6114f00e - default default] 10.31.10.20,10.31.10.1 "GET /v2.0/security-groups?id=b92ca6e7-6354-4c1e-a781-6be287e270a3&fields=id&fields=name HTTP/1.1" status: 200 len: 262 time: 0.0521061
2020-12-02 18:01:18.593 23 INFO neutron.wsgi [-] 10.31.10.1 "GET / HTTP/1.1" status: 200 len: 228 time: 0.0041018
2020-12-02 18:01:19.826 24 INFO neutron.wsgi [req-a3a0da31-76c9-438f-8da5-4e3a20853bc8 0da1bc1a3acc45d0aca57e504c04ea17 63be5b4f4d784088b73cd36e6114f00e - default default] 10.31.10.20,10.31.10.1 "GET /v2.0/ports?device_id=f48a2b29-ebab-4cb1-98f5-63e3db7dd14e HTTP/1.1" status: 200 len: 1355 time: 0.1268549
2020-12-02 18:01:19.837 24 INFO neutron.wsgi [req-7dd8e12f-2fb3-4269-8524-c7ac6bad593e 0da1bc1a3acc45d0aca57e504c04ea17 63be5b4f4d784088b73cd36e6114f00e - default default] 10.31.10.20,10.31.10.1 "GET /v2.0/ports?device_id=e1081f97-129f-4030-af18-136d0cfcf27a HTTP/1.1" status: 200 len: 1350 time: 0.0979779
2020-12-02 18:01:19.890 21 INFO neutron.wsgi [req-bf5e8435-a1c1-42b9-b042-659843661a22 0da1bc1a3acc45d0aca57e504c04ea17 63be5b4f4d784088b73cd36e6114f00e - default default] 10.31.10.2,10.31.10.1 "GET /v2.0/security-groups?id=b92ca6e7-6354-4c1e-a781-6be287e270a3&fields=id&fields=name HTTP/1.1" status: 200 len: 262 time: 0.0622373
2020-12-02 18:01:20.027 23 INFO neutron.wsgi [req-bcdea7fd-e9e4-46b1-b567-e9a0d7c75588 0da1bc1a3acc45d0aca57e504c04ea17 63be5b4f4d784088b73cd36e6114f00e - default default] 10.31.10.3,10.31.10.1 "GET /v2.0/ports?device_id=2b085d28-02db-4194-8d15-3bbfd392d10b HTTP/1.1" status: 200 len: 1355 time: 0.0651133
2020-12-02 18:01:20.118 24 INFO neutron.wsgi [req-fb7cb3f6-798a-467a-819d-a5791803b284 0da1bc1a3acc45d0aca57e504c04ea17 63be5b4f4d784088b73cd36e6114f00e - default default] 10.31.10.3,10.31.10.1 "GET /v2.0/ports?device_id=e1081f97-129f-4030-af18-136d0cfcf27a HTTP/1.1" status: 200 len: 1350 time: 0.1267316
2020-12-02 18:01:20.145 24 INFO neutron.wsgi [req-6594fff3-b468-4311-b14d-cb59a8f99165 0da1bc1a3acc45d0aca57e504c04ea17 63be5b4f4d784088b73cd36e6114f00e - default default] 10.31.10.3,10.31.10.1 "GET /v2.0/floatingips?port_id=a567f926-e0f3-4a3f-a046-52e0d74881aa&tenant_id=63be5b4f4d784088b73cd36e6114f00e HTTP/1.1" status: 200 len: 193 time: 0.0726316
