2020-12-02 17:49:09.661 23 INFO neutron.wsgi [req-fb56db7a-57e0-4c1a-8427-fe459101bfe6 0da1bc1a3acc45d0aca57e504c04ea17 63be5b4f4d784088b73cd36e6114f00e - default default] 192.168.208.187,10.31.10.1 "POST /v2.0/routers HTTP/1.1" status: 201 len: 694 time: 4.0063751
2020-12-02 17:49:10.144 26 INFO neutron.db.l3_db [req-58020dfe-3c72-49c3-836a-8a9bce6bb980 - - - - -] Skipping port 7a600485-b152-4ef6-8b1f-e14ba11e80be as no IP is configure on it
2020-12-02 17:49:10.144 26 INFO neutron.db.l3_db [req-58020dfe-3c72-49c3-836a-8a9bce6bb980 - - - - -] Skipping port 7a600485-b152-4ef6-8b1f-e14ba11e80be as no IP is configure on it
2020-12-02 17:49:10.467 32 INFO neutron.db.l3_db [req-4af850dd-28c7-4638-8368-fa193eb98e5b - - - - -] Skipping port 60fd8bb6-8d73-4183-b335-508ab5d2ed9f as no IP is configure on it
2020-12-02 17:49:10.467 32 INFO neutron.db.l3_db [req-4af850dd-28c7-4638-8368-fa193eb98e5b - - - - -] Skipping port 60fd8bb6-8d73-4183-b335-508ab5d2ed9f as no IP is configure on it
2020-12-02 17:49:10.557 28 INFO neutron.db.l3_db [req-fbe595a5-21e7-446a-bd5c-816142b2b176 - - - - -] Skipping port 0373e935-5122-404e-af29-f2ac5f631e8c as no IP is configure on it
2020-12-02 17:49:10.558 28 INFO neutron.db.l3_db [req-fbe595a5-21e7-446a-bd5c-816142b2b176 - - - - -] Skipping port 0373e935-5122-404e-af29-f2ac5f631e8c as no IP is configure on it
2020-12-02 17:49:10.635 32 INFO neutron.db.l3_db [req-393a1dc8-3cba-47e1-be95-af09d42f7d34 - - - - -] Skipping port a4ac5b87-40da-435a-bf3d-f60bfc24ed31 as no IP is configure on it
2020-12-02 17:49:10.636 32 INFO neutron.db.l3_db [req-393a1dc8-3cba-47e1-be95-af09d42f7d34 - - - - -] Skipping port a4ac5b87-40da-435a-bf3d-f60bfc24ed31 as no IP is configure on it
2020-12-02 17:49:10.706 28 INFO neutron.db.l3_db [req-1cd86326-2792-4c6b-b42a-db44c06c1704 - - - - -] Skipping port e8fc0593-2dad-49bd-aff5-0afcffddf6cd as no IP is configure on it
2020-12-02 17:49:10.706 28 INFO neutron.db.l3_db [req-1cd86326-2792-4c6b-b42a-db44c06c1704 - - - - -] Skipping port e8fc0593-2dad-49bd-aff5-0afcffddf6cd as no IP is configure on it
2020-12-02 17:49:11.919 32 INFO neutron.db.l3_db [req-4af850dd-28c7-4638-8368-fa193eb98e5b - - - - -] Skipping port 60fd8bb6-8d73-4183-b335-508ab5d2ed9f as no IP is configure on it
2020-12-02 17:49:11.919 32 INFO neutron.db.l3_db [req-4af850dd-28c7-4638-8368-fa193eb98e5b - - - - -] Skipping port 60fd8bb6-8d73-4183-b335-508ab5d2ed9f as no IP is configure on it
2020-12-02 17:49:12.585 23 INFO neutron.wsgi [req-3e096509-538c-40b2-b303-0b4d3ec1fc4a 0da1bc1a3acc45d0aca57e504c04ea17 63be5b4f4d784088b73cd36e6114f00e - default default] 192.168.208.187,10.31.10.1 "GET /v2.0/routers/3958f9f7-6627-4a02-b8c0-9fa933f592a4 HTTP/1.1" status: 200 len: 695 time: 0.1752615
2020-12-02 17:49:12.726 27 INFO neutron.db.l3_db [req-29218042-4ff3-4c38-b677-39f8d7052cc2 - - - - -] Skipping port 7054cd81-4187-46a1-a641-5c28a78fcdde as no IP is configure on it
2020-12-02 17:49:12.727 27 INFO neutron.db.l3_db [req-29218042-4ff3-4c38-b677-39f8d7052cc2 - - - - -] Skipping port 7054cd81-4187-46a1-a641-5c28a78fcdde as no IP is configure on it
2020-12-02 17:49:12.808 23 INFO neutron.wsgi [req-ca4000b7-fad3-4b57-a587-694bb2be4c87 0da1bc1a3acc45d0aca57e504c04ea17 63be5b4f4d784088b73cd36e6114f00e - default default] 192.168.208.187,10.31.10.1 "GET /v2.0/routers/3958f9f7-6627-4a02-b8c0-9fa933f592a4 HTTP/1.1" status: 200 len: 695 time: 0.1676400
2020-12-02 17:49:13.047 28 INFO neutron.db.l3_db [req-1cd86326-2792-4c6b-b42a-db44c06c1704 - - - - -] Skipping port e8fc0593-2dad-49bd-aff5-0afcffddf6cd as no IP is configure on it
2020-12-02 17:49:13.047 28 INFO neutron.db.l3_db [req-1cd86326-2792-4c6b-b42a-db44c06c1704 - - - - -] Skipping port e8fc0593-2dad-49bd-aff5-0afcffddf6cd as no IP is configure on it
2020-12-02 17:49:13.080 27 INFO neutron.db.l3_db [req-29218042-4ff3-4c38-b677-39f8d7052cc2 - - - - -] Skipping port 7054cd81-4187-46a1-a641-5c28a78fcdde as no IP is configure on it
2020-12-02 17:49:13.081 27 INFO neutron.db.l3_db [req-29218042-4ff3-4c38-b677-39f8d7052cc2 - - - - -] Skipping port 7054cd81-4187-46a1-a641-5c28a78fcdde as no IP is configure on it
2020-12-02 17:49:13.192 32 INFO neutron.db.l3_db [req-8d77297e-5da9-49f0-bcdc-5cf4e16549ca - - - - -] Skipping port 4992f10e-f778-4a83-ab7c-6758a07ec21f as no IP is configure on it
2020-12-02 17:49:13.193 32 INFO neutron.db.l3_db [req-8d77297e-5da9-49f0-bcdc-5cf4e16549ca - - - - -] Skipping port 4992f10e-f778-4a83-ab7c-6758a07ec21f as no IP is configure on it
2020-12-02 17:49:13.455 23 INFO neutron.wsgi [req-d8e0c263-0092-40d7-b3d5-c3cbe1028e37 0da1bc1a3acc45d0aca57e504c04ea17 63be5b4f4d784088b73cd36e6114f00e - default default] 192.168.208.187,10.31.10.1 "GET /v2.0/routers/44cd3c43-5398-40c2-8272-525bc3c1f762 HTTP/1.1" status: 200 len: 695 time: 0.1714785
2020-12-02 17:49:13.575 32 INFO neutron.db.l3_db [req-8d77297e-5da9-49f0-bcdc-5cf4e16549ca - - - - -] Skipping port 4992f10e-f778-4a83-ab7c-6758a07ec21f as no IP is configure on it
2020-12-02 17:49:13.575 32 INFO neutron.db.l3_db [req-8d77297e-5da9-49f0-bcdc-5cf4e16549ca - - - - -] Skipping port 4992f10e-f778-4a83-ab7c-6758a07ec21f as no IP is configure on it
2020-12-02 17:49:13.701 25 INFO neutron.wsgi [req-cab99c03-20f3-43ab-bff8-49acab3292ea 0da1bc1a3acc45d0aca57e504c04ea17 63be5b4f4d784088b73cd36e6114f00e - default default] 192.168.208.187,10.31.10.1 "POST /v2.0/routers HTTP/1.1" status: 201 len: 694 time: 4.0760710
2020-12-02 17:49:14.335 23 INFO neutron.wsgi [-] 10.31.10.1 "GET / HTTP/1.1" status: 200 len: 228 time: 0.0063875
2020-12-02 17:49:14.556 22 INFO neutron.wsgi [req-d002af80-d61d-443f-9783-7317d5f8fc2e 0da1bc1a3acc45d0aca57e504c04ea17 63be5b4f4d784088b73cd36e6114f00e - default default] 192.168.208.187,10.31.10.1 "POST /v2.0/routers HTTP/1.1" status: 201 len: 693 time: 4.1102791
2020-12-02 17:49:14.772 26 INFO neutron.db.l3_db [req-6f168bcd-68e5-4853-a958-42e6e61e855a - - - - -] Skipping port 24637b74-6398-470d-976d-4302cb27e1d7 as no IP is configure on it
2020-12-02 17:49:14.772 26 INFO neutron.db.l3_db [req-6f168bcd-68e5-4853-a958-42e6e61e855a - - - - -] Skipping port 24637b74-6398-470d-976d-4302cb27e1d7 as no IP is configure on it
2020-12-02 17:49:14.875 27 INFO neutron.db.l3_db [req-c076e6e3-8d68-405d-b75b-454c8d5793df - - - - -] Skipping port f768ede5-4409-429e-869d-c49a4734b732 as no IP is configure on it
2020-12-02 17:49:14.876 27 INFO neutron.db.l3_db [req-c076e6e3-8d68-405d-b75b-454c8d5793df - - - - -] Skipping port f768ede5-4409-429e-869d-c49a4734b732 as no IP is configure on it
2020-12-02 17:49:14.889 32 INFO neutron.db.l3_db [req-960615a2-ee43-466f-ba7d-42e646ee8c95 - - - - -] Skipping port 420636df-d501-4c27-95f1-56ab2744153a as no IP is configure on it
2020-12-02 17:49:14.889 32 INFO neutron.db.l3_db [req-960615a2-ee43-466f-ba7d-42e646ee8c95 - - - - -] Skipping port 420636df-d501-4c27-95f1-56ab2744153a as no IP is configure on it
2020-12-02 17:49:15.279 26 INFO neutron.db.l3_db [req-6f168bcd-68e5-4853-a958-42e6e61e855a - - - - -] Skipping port 24637b74-6398-470d-976d-4302cb27e1d7 as no IP is configure on it
2020-12-02 17:49:15.280 26 INFO neutron.db.l3_db [req-6f168bcd-68e5-4853-a958-42e6e61e855a - - - - -] Skipping port 24637b74-6398-470d-976d-4302cb27e1d7 as no IP is configure on it
2020-12-02 17:49:15.388 24 INFO neutron.wsgi [req-94581d92-b5b3-4034-a583-945381645e94 0da1bc1a3acc45d0aca57e504c04ea17 63be5b4f4d784088b73cd36e6114f00e - default default] 192.168.208.187,10.31.10.1 "POST /v2.0/routers HTTP/1.1" status: 201 len: 694 time: 3.8473580
2020-12-02 17:49:15.566 25 INFO neutron.wsgi [req-bec3a7df-f744-4c10-9137-a1bb5475e3fb 0da1bc1a3acc45d0aca57e504c04ea17 63be5b4f4d784088b73cd36e6114f00e - default default] 192.168.208.187,10.31.10.1 "GET /v2.0/routers/976ff78c-ce93-4963-bd38-d2eb1a93d263 HTTP/1.1" status: 200 len: 694 time: 0.2922387
2020-12-02 17:49:16.328 32 INFO neutron.db.l3_db [req-960615a2-ee43-466f-ba7d-42e646ee8c95 - - - - -] Skipping port 420636df-d501-4c27-95f1-56ab2744153a as no IP is configure on it
2020-12-02 17:49:16.329 32 INFO neutron.db.l3_db [req-960615a2-ee43-466f-ba7d-42e646ee8c95 - - - - -] Skipping port 420636df-d501-4c27-95f1-56ab2744153a as no IP is configure on it
2020-12-02 17:49:16.484 27 INFO neutron.db.l3_db [req-e6bef8be-9c9e-4ec2-9a6b-aeff6043a9e3 - - - - -] Skipping port 3bc10a60-d4dc-44e2-8f2f-735c32e5cb60 as no IP is configure on it
2020-12-02 17:49:16.485 27 INFO neutron.db.l3_db [req-e6bef8be-9c9e-4ec2-9a6b-aeff6043a9e3 - - - - -] Skipping port 3bc10a60-d4dc-44e2-8f2f-735c32e5cb60 as no IP is configure on it
2020-12-02 17:49:16.627 27 INFO neutron.db.l3_db [req-c076e6e3-8d68-405d-b75b-454c8d5793df - - - - -] Skipping port f768ede5-4409-429e-869d-c49a4734b732 as no IP is configure on it
2020-12-02 17:49:16.627 27 INFO neutron.db.l3_db [req-c076e6e3-8d68-405d-b75b-454c8d5793df - - - - -] Skipping port f768ede5-4409-429e-869d-c49a4734b732 as no IP is configure on it
2020-12-02 17:49:16.825 27 INFO neutron.db.l3_db [req-e6bef8be-9c9e-4ec2-9a6b-aeff6043a9e3 - - - - -] Skipping port 3bc10a60-d4dc-44e2-8f2f-735c32e5cb60 as no IP is configure on it
2020-12-02 17:49:16.825 27 INFO neutron.db.l3_db [req-e6bef8be-9c9e-4ec2-9a6b-aeff6043a9e3 - - - - -] Skipping port 3bc10a60-d4dc-44e2-8f2f-735c32e5cb60 as no IP is configure on it
2020-12-02 17:49:17.094 21 INFO neutron.wsgi [req-cd52d41e-8a16-48d9-97ae-94e5c49c0c6d 0da1bc1a3acc45d0aca57e504c04ea17 63be5b4f4d784088b73cd36e6114f00e - default default] 192.168.208.187,10.31.10.1 "POST /v2.0/routers HTTP/1.1" status: 201 len: 694 time: 4.1673033
2020-12-02 17:49:17.209 32 INFO neutron.db.l3_db [req-4905ab34-7fd5-4065-b117-1f11752d40d5 - - - - -] Skipping port 37c18906-56fa-4d79-b2a8-f12283d7cc8f as no IP is configure on it
2020-12-02 17:49:17.210 32 INFO neutron.db.l3_db [req-4905ab34-7fd5-4065-b117-1f11752d40d5 - - - - -] Skipping port 37c18906-56fa-4d79-b2a8-f12283d7cc8f as no IP is configure on it
2020-12-02 17:49:17.511 28 INFO neutron.db.l3_db [req-d433da62-bbdf-42be-b30f-c805b1d4fba5 - - - - -] Skipping port f118c32e-84da-4526-be6b-4806de116a23 as no IP is configure on it
2020-12-02 17:49:17.511 28 INFO neutron.db.l3_db [req-d433da62-bbdf-42be-b30f-c805b1d4fba5 - - - - -] Skipping port f118c32e-84da-4526-be6b-4806de116a23 as no IP is configure on it
2020-12-02 17:49:17.582 27 INFO neutron.db.l3_db [req-ce7be4bf-c8f1-44ae-9d77-ef18997183dd - - - - -] Skipping port c1b13fd1-4ae2-4be6-92d7-8b84ce32ec17 as no IP is configure on it
2020-12-02 17:49:17.583 27 INFO neutron.db.l3_db [req-ce7be4bf-c8f1-44ae-9d77-ef18997183dd - - - - -] Skipping port c1b13fd1-4ae2-4be6-92d7-8b84ce32ec17 as no IP is configure on it
2020-12-02 17:49:18.473 25 INFO neutron.wsgi [req-91e2e8f5-7895-45a2-a39e-60be5b7f64f0 0da1bc1a3acc45d0aca57e504c04ea17 63be5b4f4d784088b73cd36e6114f00e - default default] 192.168.208.187,10.31.10.1 "POST /v2.0/routers HTTP/1.1" status: 201 len: 694 time: 4.4474258
2020-12-02 17:49:18.762 27 INFO neutron.db.l3_db [req-ce7be4bf-c8f1-44ae-9d77-ef18997183dd - - - - -] Skipping port c1b13fd1-4ae2-4be6-92d7-8b84ce32ec17 as no IP is configure on it
2020-12-02 17:49:18.762 27 INFO neutron.db.l3_db [req-ce7be4bf-c8f1-44ae-9d77-ef18997183dd - - - - -] Skipping port c1b13fd1-4ae2-4be6-92d7-8b84ce32ec17 as no IP is configure on it
2020-12-02 17:49:18.776 32 INFO neutron.db.l3_db [req-4905ab34-7fd5-4065-b117-1f11752d40d5 - - - - -] Skipping port 37c18906-56fa-4d79-b2a8-f12283d7cc8f as no IP is configure on it
2020-12-02 17:49:18.777 32 INFO neutron.db.l3_db [req-4905ab34-7fd5-4065-b117-1f11752d40d5 - - - - -] Skipping port 37c18906-56fa-4d79-b2a8-f12283d7cc8f as no IP is configure on it
2020-12-02 17:49:18.830 28 INFO neutron.db.l3_db [req-9bc2aa4c-6165-46fb-89ae-da5d9a2a4dfd - - - - -] Skipping port 0d922ed7-6153-4501-aff5-0b158f045483 as no IP is configure on it
2020-12-02 17:49:18.830 28 INFO neutron.db.l3_db [req-9bc2aa4c-6165-46fb-89ae-da5d9a2a4dfd - - - - -] Skipping port 0d922ed7-6153-4501-aff5-0b158f045483 as no IP is configure on it
2020-12-02 17:49:19.851 27 INFO neutron.db.l3_db [req-fd977a90-124c-4c72-bb40-7a77de65cb25 - - - - -] Skipping port a2269a8f-591d-47f8-b3c5-36a936101161 as no IP is configure on it
2020-12-02 17:49:19.852 27 INFO neutron.db.l3_db [req-fd977a90-124c-4c72-bb40-7a77de65cb25 - - - - -] Skipping port a2269a8f-591d-47f8-b3c5-36a936101161 as no IP is configure on it
2020-12-02 17:49:19.875 32 INFO neutron.db.l3_db [req-1ebdb759-5862-4058-bcfd-6e646e51cc67 - - - - -] Skipping port 83b57659-f339-4c51-8f54-0e21b74e5345 as no IP is configure on it
2020-12-02 17:49:19.876 32 INFO neutron.db.l3_db [req-1ebdb759-5862-4058-bcfd-6e646e51cc67 - - - - -] Skipping port 83b57659-f339-4c51-8f54-0e21b74e5345 as no IP is configure on it
2020-12-02 17:49:20.414 22 INFO neutron.wsgi [req-8a3c9925-7d1a-4229-ba37-f1406ad01d43 0da1bc1a3acc45d0aca57e504c04ea17 63be5b4f4d784088b73cd36e6114f00e - default default] 192.168.208.187,10.31.10.1 "POST /v2.0/routers HTTP/1.1" status: 201 len: 693 time: 4.2702913
2020-12-02 17:49:21.182 32 INFO neutron.db.l3_db [req-1ebdb759-5862-4058-bcfd-6e646e51cc67 - - - - -] Skipping port 83b57659-f339-4c51-8f54-0e21b74e5345 as no IP is configure on it
2020-12-02 17:49:21.183 32 INFO neutron.db.l3_db [req-1ebdb759-5862-4058-bcfd-6e646e51cc67 - - - - -] Skipping port 83b57659-f339-4c51-8f54-0e21b74e5345 as no IP is configure on it
2020-12-02 17:49:21.230 28 INFO neutron.db.l3_db [req-d433da62-bbdf-42be-b30f-c805b1d4fba5 - - - - -] Skipping port f118c32e-84da-4526-be6b-4806de116a23 as no IP is configure on it
2020-12-02 17:49:21.231 28 INFO neutron.db.l3_db [req-d433da62-bbdf-42be-b30f-c805b1d4fba5 - - - - -] Skipping port f118c32e-84da-4526-be6b-4806de116a23 as no IP is configure on it
2020-12-02 17:49:21.241 27 INFO neutron.db.l3_db [req-fd977a90-124c-4c72-bb40-7a77de65cb25 - - - - -] Skipping port a2269a8f-591d-47f8-b3c5-36a936101161 as no IP is configure on it
2020-12-02 17:49:21.242 27 INFO neutron.db.l3_db [req-fd977a90-124c-4c72-bb40-7a77de65cb25 - - - - -] Skipping port a2269a8f-591d-47f8-b3c5-36a936101161 as no IP is configure on it
2020-12-02 17:49:21.725 28 INFO neutron.db.l3_db [req-51aa6c43-1499-4dec-a11a-7077b14070f7 - - - - -] Skipping port ba965ef2-d6e0-493f-8ef6-e4be9ba55c57 as no IP is configure on it
2020-12-02 17:49:21.726 28 INFO neutron.db.l3_db [req-51aa6c43-1499-4dec-a11a-7077b14070f7 - - - - -] Skipping port ba965ef2-d6e0-493f-8ef6-e4be9ba55c57 as no IP is configure on it
2020-12-02 17:49:22.350 28 INFO neutron.db.l3_db [req-9bc2aa4c-6165-46fb-89ae-da5d9a2a4dfd - - - - -] Skipping port 0d922ed7-6153-4501-aff5-0b158f045483 as no IP is configure on it
2020-12-02 17:49:22.351 28 INFO neutron.db.l3_db [req-9bc2aa4c-6165-46fb-89ae-da5d9a2a4dfd - - - - -] Skipping port 0d922ed7-6153-4501-aff5-0b158f045483 as no IP is configure on it
2020-12-02 17:49:22.417 21 INFO neutron.wsgi [req-d926eee9-e4a4-42c9-9d08-be7582d59a1d 0da1bc1a3acc45d0aca57e504c04ea17 63be5b4f4d784088b73cd36e6114f00e - default default] 192.168.208.187,10.31.10.1 "GET /v2.0/routers/af6c82a9-2bc7-42cb-a0d3-8f29a79dab6a HTTP/1.1" status: 200 len: 695 time: 0.2217345
2020-12-02 17:49:22.641 27 INFO neutron.db.l3_db [req-36f3f333-b31e-40c8-8eec-07228c65ac9e - - - - -] Skipping port 6165fe60-0219-4f66-aadc-897d0f52ac06 as no IP is configure on it
2020-12-02 17:49:22.641 27 INFO neutron.db.l3_db [req-36f3f333-b31e-40c8-8eec-07228c65ac9e - - - - -] Skipping port 6165fe60-0219-4f66-aadc-897d0f52ac06 as no IP is configure on it
2020-12-02 17:49:22.957 27 INFO neutron.db.l3_db [req-36f3f333-b31e-40c8-8eec-07228c65ac9e - - - - -] Skipping port 6165fe60-0219-4f66-aadc-897d0f52ac06 as no IP is configure on it
2020-12-02 17:49:22.958 27 INFO neutron.db.l3_db [req-36f3f333-b31e-40c8-8eec-07228c65ac9e - - - - -] Skipping port 6165fe60-0219-4f66-aadc-897d0f52ac06 as no IP is configure on it
2020-12-02 17:49:23.096 24 INFO neutron.wsgi [req-a774b5cd-b728-4040-8b16-2c8cdf9f27c2 0da1bc1a3acc45d0aca57e504c04ea17 63be5b4f4d784088b73cd36e6114f00e - default default] 192.168.208.187,10.31.10.1 "POST /v2.0/routers HTTP/1.1" status: 201 len: 693 time: 3.8534548
2020-12-02 17:49:23.249 23 INFO neutron.wsgi [req-63a14c9c-2284-414e-9a52-3d2b858f277d 0da1bc1a3acc45d0aca57e504c04ea17 63be5b4f4d784088b73cd36e6114f00e - default default] 192.168.208.187,10.31.10.1 "GET /v2.0/routers/2a01c60a-39e1-472d-8f1d-67e1ae4bea02 HTTP/1.1" status: 200 len: 695 time: 0.4652312
2020-12-02 17:49:23.721 23 INFO neutron.wsgi [req-4b9ea0c3-6d5d-4101-a036-0882d520cfe8 0da1bc1a3acc45d0aca57e504c04ea17 63be5b4f4d784088b73cd36e6114f00e - default default] 192.168.208.187,10.31.10.1 "GET /v2.0/routers/63b8a828-6ccc-4e68-9317-95e07a57a4e2 HTTP/1.1" status: 200 len: 695 time: 0.1719139
2020-12-02 17:49:23.857 26 INFO neutron.db.l3_db [req-924018cf-29ea-44e1-a32e-2f2ffeab4d7d - - - - -] Skipping port 17d0b722-671d-41b6-8c58-cd0fe2322b1a as no IP is configure on it
2020-12-02 17:49:23.858 26 INFO neutron.db.l3_db [req-924018cf-29ea-44e1-a32e-2f2ffeab4d7d - - - - -] Skipping port 17d0b722-671d-41b6-8c58-cd0fe2322b1a as no IP is configure on it
2020-12-02 17:49:24.148 25 INFO neutron.wsgi [req-70d02fb5-a21e-4315-b1bf-b42d714aa727 0da1bc1a3acc45d0aca57e504c04ea17 63be5b4f4d784088b73cd36e6114f00e - default default] 192.168.208.187,10.31.10.1 "POST /v2.0/routers HTTP/1.1" status: 201 len: 694 time: 3.8543503
2020-12-02 17:49:24.153 28 INFO neutron.db.l3_db [req-616303cd-2cfa-4480-8fc8-95f0ede24c52 - - - - -] Skipping port 5719013a-6835-4c51-bd1a-b9f316fa5e89 as no IP is configure on it
2020-12-02 17:49:24.154 28 INFO neutron.db.l3_db [req-616303cd-2cfa-4480-8fc8-95f0ede24c52 - - - - -] Skipping port 5719013a-6835-4c51-bd1a-b9f316fa5e89 as no IP is configure on it
2020-12-02 17:49:24.244 26 INFO neutron.db.l3_db [req-924018cf-29ea-44e1-a32e-2f2ffeab4d7d - - - - -] Skipping port 17d0b722-671d-41b6-8c58-cd0fe2322b1a as no IP is configure on it
2020-12-02 17:49:24.245 26 INFO neutron.db.l3_db [req-924018cf-29ea-44e1-a32e-2f2ffeab4d7d - - - - -] Skipping port 17d0b722-671d-41b6-8c58-cd0fe2322b1a as no IP is configure on it
2020-12-02 17:49:24.653 27 INFO neutron.db.l3_db [req-61558573-add7-4dc2-a3a1-b781032c3cf5 - - - - -] Skipping port c12a0880-1d98-49b7-9f9e-233a171dbd68 as no IP is configure on it
2020-12-02 17:49:24.654 27 INFO neutron.db.l3_db [req-61558573-add7-4dc2-a3a1-b781032c3cf5 - - - - -] Skipping port c12a0880-1d98-49b7-9f9e-233a171dbd68 as no IP is configure on it
2020-12-02 17:49:24.851 32 INFO neutron.db.l3_db [req-91269eb9-32a3-42e6-8660-582830e0f32e - - - - -] Skipping port 60f11738-7a54-45d4-921a-ec41ae45331c as no IP is configure on it
2020-12-02 17:49:24.852 32 INFO neutron.db.l3_db [req-91269eb9-32a3-42e6-8660-582830e0f32e - - - - -] Skipping port 60f11738-7a54-45d4-921a-ec41ae45331c as no IP is configure on it
2020-12-02 17:49:24.895 28 INFO neutron.db.l3_db [req-51aa6c43-1499-4dec-a11a-7077b14070f7 - - - - -] Skipping port ba965ef2-d6e0-493f-8ef6-e4be9ba55c57 as no IP is configure on it
2020-12-02 17:49:24.895 28 INFO neutron.db.l3_db [req-51aa6c43-1499-4dec-a11a-7077b14070f7 - - - - -] Skipping port ba965ef2-d6e0-493f-8ef6-e4be9ba55c57 as no IP is configure on it
2020-12-02 17:49:25.110 28 INFO neutron.db.l3_db [req-616303cd-2cfa-4480-8fc8-95f0ede24c52 - - - - -] Skipping port 5719013a-6835-4c51-bd1a-b9f316fa5e89 as no IP is configure on it
2020-12-02 17:49:25.110 28 INFO neutron.db.l3_db [req-616303cd-2cfa-4480-8fc8-95f0ede24c52 - - - - -] Skipping port 5719013a-6835-4c51-bd1a-b9f316fa5e89 as no IP is configure on it
2020-12-02 17:49:25.305 21 INFO neutron.wsgi [req-f0eac2e8-610e-47eb-9f03-31814f3741de 0da1bc1a3acc45d0aca57e504c04ea17 63be5b4f4d784088b73cd36e6114f00e - default default] 192.168.208.187,10.31.10.1 "POST /v2.0/routers HTTP/1.1" status: 201 len: 693 time: 4.2516301
2020-12-02 17:49:25.613 26 INFO neutron.db.l3_db [req-08406e73-c70b-4bd1-9964-6942861ed42a - - - - -] Skipping port 33fa69fc-f93b-47ef-814e-24b40fc33ddf as no IP is configure on it
2020-12-02 17:49:25.613 26 INFO neutron.db.l3_db [req-08406e73-c70b-4bd1-9964-6942861ed42a - - - - -] Skipping port 33fa69fc-f93b-47ef-814e-24b40fc33ddf as no IP is configure on it
2020-12-02 17:49:25.846 27 INFO neutron.db.l3_db [req-61558573-add7-4dc2-a3a1-b781032c3cf5 - - - - -] Skipping port c12a0880-1d98-49b7-9f9e-233a171dbd68 as no IP is configure on it
2020-12-02 17:49:25.847 27 INFO neutron.db.l3_db [req-61558573-add7-4dc2-a3a1-b781032c3cf5 - - - - -] Skipping port c12a0880-1d98-49b7-9f9e-233a171dbd68 as no IP is configure on it
2020-12-02 17:49:26.073 32 INFO neutron.db.l3_db [req-91269eb9-32a3-42e6-8660-582830e0f32e - - - - -] Skipping port 60f11738-7a54-45d4-921a-ec41ae45331c as no IP is configure on it
2020-12-02 17:49:26.074 32 INFO neutron.db.l3_db [req-91269eb9-32a3-42e6-8660-582830e0f32e - - - - -] Skipping port 60f11738-7a54-45d4-921a-ec41ae45331c as no IP is configure on it
2020-12-02 17:49:26.810 27 INFO neutron.db.l3_db [req-788b7961-7f50-4b0c-bbcb-e7b01f1038bf - - - - -] Skipping port ad2a2c48-f75f-43f3-a963-7fb3492c374a as no IP is configure on it
2020-12-02 17:49:26.810 27 INFO neutron.db.l3_db [req-788b7961-7f50-4b0c-bbcb-e7b01f1038bf - - - - -] Skipping port ad2a2c48-f75f-43f3-a963-7fb3492c374a as no IP is configure on it
2020-12-02 17:49:26.907 32 INFO neutron.db.l3_db [req-344dc9d9-4e22-4780-ab1f-b063b355ceb5 - - - - -] Skipping port 0374879d-c914-4594-b8a0-6fedf463bcbd as no IP is configure on it
2020-12-02 17:49:26.908 32 INFO neutron.db.l3_db [req-344dc9d9-4e22-4780-ab1f-b063b355ceb5 - - - - -] Skipping port 0374879d-c914-4594-b8a0-6fedf463bcbd as no IP is configure on it
2020-12-02 17:49:26.956 26 INFO neutron.db.l3_db [req-08406e73-c70b-4bd1-9964-6942861ed42a - - - - -] Skipping port 33fa69fc-f93b-47ef-814e-24b40fc33ddf as no IP is configure on it
2020-12-02 17:49:26.957 26 INFO neutron.db.l3_db [req-08406e73-c70b-4bd1-9964-6942861ed42a - - - - -] Skipping port 33fa69fc-f93b-47ef-814e-24b40fc33ddf as no IP is configure on it
2020-12-02 17:49:26.986 28 INFO neutron.db.l3_db [req-90bbff73-4f7f-48c1-b5e0-3f2f2084ce55 - - - - -] Skipping port 61278bf1-ffd4-42bc-9f8b-46a7d9fee384 as no IP is configure on it
2020-12-02 17:49:26.987 28 INFO neutron.db.l3_db [req-90bbff73-4f7f-48c1-b5e0-3f2f2084ce55 - - - - -] Skipping port 61278bf1-ffd4-42bc-9f8b-46a7d9fee384 as no IP is configure on it
2020-12-02 17:49:27.890 26 INFO neutron.db.l3_db [req-f3dbf4b5-3953-49ba-9a73-4d08502373c8 - - - - -] Skipping port d602823f-3216-4a9b-82ae-fa5479c70ae7 as no IP is configure on it
2020-12-02 17:49:27.891 26 INFO neutron.db.l3_db [req-f3dbf4b5-3953-49ba-9a73-4d08502373c8 - - - - -] Skipping port d602823f-3216-4a9b-82ae-fa5479c70ae7 as no IP is configure on it
2020-12-02 17:49:28.221 26 INFO neutron.db.l3_db [req-f3dbf4b5-3953-49ba-9a73-4d08502373c8 - - - - -] Skipping port d602823f-3216-4a9b-82ae-fa5479c70ae7 as no IP is configure on it
2020-12-02 17:49:28.222 26 INFO neutron.db.l3_db [req-f3dbf4b5-3953-49ba-9a73-4d08502373c8 - - - - -] Skipping port d602823f-3216-4a9b-82ae-fa5479c70ae7 as no IP is configure on it
2020-12-02 17:49:28.291 28 INFO neutron.db.l3_db [req-90bbff73-4f7f-48c1-b5e0-3f2f2084ce55 - - - - -] Skipping port 61278bf1-ffd4-42bc-9f8b-46a7d9fee384 as no IP is configure on it
2020-12-02 17:49:28.292 28 INFO neutron.db.l3_db [req-90bbff73-4f7f-48c1-b5e0-3f2f2084ce55 - - - - -] Skipping port 61278bf1-ffd4-42bc-9f8b-46a7d9fee384 as no IP is configure on it
2020-12-02 17:49:28.503 27 INFO neutron.db.l3_db [req-fc82e946-6c12-4b24-ab86-559da112990d - - - - -] Skipping port 74f0183f-1352-4845-a110-74afa1f65c08 as no IP is configure on it
2020-12-02 17:49:28.503 27 INFO neutron.db.l3_db [req-fc82e946-6c12-4b24-ab86-559da112990d - - - - -] Skipping port 74f0183f-1352-4845-a110-74afa1f65c08 as no IP is configure on it
2020-12-02 17:49:28.603 27 INFO neutron.db.l3_db [req-788b7961-7f50-4b0c-bbcb-e7b01f1038bf - - - - -] Skipping port ad2a2c48-f75f-43f3-a963-7fb3492c374a as no IP is configure on it
2020-12-02 17:49:28.604 27 INFO neutron.db.l3_db [req-788b7961-7f50-4b0c-bbcb-e7b01f1038bf - - - - -] Skipping port ad2a2c48-f75f-43f3-a963-7fb3492c374a as no IP is configure on it
2020-12-02 17:49:28.617 22 INFO neutron.wsgi [req-faa2b03d-51bf-48b6-99f0-05dc7e007cf5 0da1bc1a3acc45d0aca57e504c04ea17 63be5b4f4d784088b73cd36e6114f00e - default default] 192.168.208.187,10.31.10.1 "POST /v2.0/routers HTTP/1.1" status: 201 len: 693 time: 6.1296065
2020-12-02 17:49:28.622 32 INFO neutron.db.l3_db [req-344dc9d9-4e22-4780-ab1f-b063b355ceb5 - - - - -] Skipping port 0374879d-c914-4594-b8a0-6fedf463bcbd as no IP is configure on it
2020-12-02 17:49:28.623 32 INFO neutron.db.l3_db [req-344dc9d9-4e22-4780-ab1f-b063b355ceb5 - - - - -] Skipping port 0374879d-c914-4594-b8a0-6fedf463bcbd as no IP is configure on it
2020-12-02 17:49:28.661 32 INFO neutron.db.l3_db [req-4c3f9b15-5418-4781-9fdd-413b421f583f - - - - -] Skipping port b50fab6a-5cca-4bcc-9a8f-261a9b27c9a2 as no IP is configure on it
2020-12-02 17:49:28.662 32 INFO neutron.db.l3_db [req-4c3f9b15-5418-4781-9fdd-413b421f583f - - - - -] Skipping port b50fab6a-5cca-4bcc-9a8f-261a9b27c9a2 as no IP is configure on it
2020-12-02 17:49:28.873 28 INFO neutron.db.l3_db [req-52712c2b-7cf0-461f-8c21-d12c675cdfab - - - - -] Skipping port 62e84c52-9775-444f-9fa7-d748ae1f7196 as no IP is configure on it
2020-12-02 17:49:28.874 28 INFO neutron.db.l3_db [req-52712c2b-7cf0-461f-8c21-d12c675cdfab - - - - -] Skipping port 62e84c52-9775-444f-9fa7-d748ae1f7196 as no IP is configure on it
2020-12-02 17:49:28.879 25 INFO neutron.wsgi [req-922a5be8-cec9-476d-99b7-baa0f188eee7 0da1bc1a3acc45d0aca57e504c04ea17 63be5b4f4d784088b73cd36e6114f00e - default default] 192.168.208.187,10.31.10.1 "POST /v2.0/routers HTTP/1.1" status: 201 len: 693 time: 3.7967010
2020-12-02 17:49:29.108 32 INFO neutron.db.l3_db [req-4c3f9b15-5418-4781-9fdd-413b421f583f - - - - -] Skipping port b50fab6a-5cca-4bcc-9a8f-261a9b27c9a2 as no IP is configure on it
2020-12-02 17:49:29.108 32 INFO neutron.db.l3_db [req-4c3f9b15-5418-4781-9fdd-413b421f583f - - - - -] Skipping port b50fab6a-5cca-4bcc-9a8f-261a9b27c9a2 as no IP is configure on it
2020-12-02 17:49:29.246 26 INFO neutron.db.l3_db [req-01ff90f4-caba-411f-8dc2-74c580254cce - - - - -] Skipping port df41fb78-9795-48a8-84ce-f2597abab036 as no IP is configure on it
2020-12-02 17:49:29.246 26 INFO neutron.db.l3_db [req-01ff90f4-caba-411f-8dc2-74c580254cce - - - - -] Skipping port df41fb78-9795-48a8-84ce-f2597abab036 as no IP is configure on it
2020-12-02 17:49:30.106 28 INFO neutron.db.l3_db [req-52712c2b-7cf0-461f-8c21-d12c675cdfab - - - - -] Skipping port 62e84c52-9775-444f-9fa7-d748ae1f7196 as no IP is configure on it
2020-12-02 17:49:30.106 28 INFO neutron.db.l3_db [req-52712c2b-7cf0-461f-8c21-d12c675cdfab - - - - -] Skipping port 62e84c52-9775-444f-9fa7-d748ae1f7196 as no IP is configure on it
2020-12-02 17:49:30.177 22 INFO neutron.wsgi [req-b8ffcb01-1a8f-4a0c-bb11-1124918ac6fd 0da1bc1a3acc45d0aca57e504c04ea17 63be5b4f4d784088b73cd36e6114f00e - default default] 192.168.208.187,10.31.10.1 "POST /v2.0/routers HTTP/1.1" status: 201 len: 693 time: 6.1441541
2020-12-02 17:49:30.233 27 INFO neutron.db.l3_db [req-35a6af20-e168-420c-bf2f-32f9a8e33f37 - - - - -] Skipping port be032cf3-681f-4cbd-8568-5eaf69de6ad5 as no IP is configure on it
2020-12-02 17:49:30.234 27 INFO neutron.db.l3_db [req-35a6af20-e168-420c-bf2f-32f9a8e33f37 - - - - -] Skipping port be032cf3-681f-4cbd-8568-5eaf69de6ad5 as no IP is configure on it
2020-12-02 17:49:30.375 27 INFO neutron.db.l3_db [req-fc82e946-6c12-4b24-ab86-559da112990d - - - - -] Skipping port 74f0183f-1352-4845-a110-74afa1f65c08 as no IP is configure on it
2020-12-02 17:49:30.376 27 INFO neutron.db.l3_db [req-fc82e946-6c12-4b24-ab86-559da112990d - - - - -] Skipping port 74f0183f-1352-4845-a110-74afa1f65c08 as no IP is configure on it
2020-12-02 17:49:30.409 32 INFO neutron.db.l3_db [req-ff20587e-2656-4f92-90fb-4ea2e5034980 - - - - -] Skipping port 49679e92-f743-4025-8fce-d556c1b5f4fd as no IP is configure on it
2020-12-02 17:49:30.409 32 INFO neutron.db.l3_db [req-ff20587e-2656-4f92-90fb-4ea2e5034980 - - - - -] Skipping port 49679e92-f743-4025-8fce-d556c1b5f4fd as no IP is configure on it
2020-12-02 17:49:30.476 21 INFO neutron.wsgi [req-5aa206f9-3a66-4193-b9ea-fb9111e9182a 0da1bc1a3acc45d0aca57e504c04ea17 63be5b4f4d784088b73cd36e6114f00e - default default] 192.168.208.187,10.31.10.1 "POST /v2.0/routers HTTP/1.1" status: 201 len: 693 time: 4.3118517
2020-12-02 17:49:30.498 28 INFO neutron.db.l3_db [req-0cfc4070-119c-4539-96af-0567603512a3 - - - - -] Skipping port ad9ce870-d0f9-4a6d-9f2f-47699520c509 as no IP is configure on it
2020-12-02 17:49:30.499 28 INFO neutron.db.l3_db [req-0cfc4070-119c-4539-96af-0567603512a3 - - - - -] Skipping port ad9ce870-d0f9-4a6d-9f2f-47699520c509 as no IP is configure on it
2020-12-02 17:49:30.594 27 INFO neutron.db.l3_db [req-35a6af20-e168-420c-bf2f-32f9a8e33f37 - - - - -] Skipping port be032cf3-681f-4cbd-8568-5eaf69de6ad5 as no IP is configure on it
2020-12-02 17:49:30.594 27 INFO neutron.db.l3_db [req-35a6af20-e168-420c-bf2f-32f9a8e33f37 - - - - -] Skipping port be032cf3-681f-4cbd-8568-5eaf69de6ad5 as no IP is configure on it
2020-12-02 17:49:30.622 26 INFO neutron.db.l3_db [req-01ff90f4-caba-411f-8dc2-74c580254cce - - - - -] Skipping port df41fb78-9795-48a8-84ce-f2597abab036 as no IP is configure on it
2020-12-02 17:49:30.623 26 INFO neutron.db.l3_db [req-01ff90f4-caba-411f-8dc2-74c580254cce - - - - -] Skipping port df41fb78-9795-48a8-84ce-f2597abab036 as no IP is configure on it
2020-12-02 17:49:30.785 32 INFO neutron.db.l3_db [req-ff20587e-2656-4f92-90fb-4ea2e5034980 - - - - -] Skipping port 49679e92-f743-4025-8fce-d556c1b5f4fd as no IP is configure on it
2020-12-02 17:49:30.786 32 INFO neutron.db.l3_db [req-ff20587e-2656-4f92-90fb-4ea2e5034980 - - - - -] Skipping port 49679e92-f743-4025-8fce-d556c1b5f4fd as no IP is configure on it
2020-12-02 17:49:31.105 26 INFO neutron.db.l3_db [req-dabb308d-adcc-494b-b3b1-3ad7a0148556 - - - - -] Skipping port bb1abe39-5719-40d2-aa0b-08207c4c8a80 as no IP is configure on it
2020-12-02 17:49:31.105 26 INFO neutron.db.l3_db [req-dabb308d-adcc-494b-b3b1-3ad7a0148556 - - - - -] Skipping port bb1abe39-5719-40d2-aa0b-08207c4c8a80 as no IP is configure on it
2020-12-02 17:49:31.440 26 INFO neutron.db.l3_db [req-dabb308d-adcc-494b-b3b1-3ad7a0148556 - - - - -] Skipping port bb1abe39-5719-40d2-aa0b-08207c4c8a80 as no IP is configure on it
2020-12-02 17:49:31.441 26 INFO neutron.db.l3_db [req-dabb308d-adcc-494b-b3b1-3ad7a0148556 - - - - -] Skipping port bb1abe39-5719-40d2-aa0b-08207c4c8a80 as no IP is configure on it
2020-12-02 17:49:31.766 32 INFO neutron.db.l3_db [req-7d649ed0-9729-4b61-8a5d-ff67c726321a - - - - -] Skipping port e093354a-28ee-4f22-97a7-5d2ddb1f0128 as no IP is configure on it
2020-12-02 17:49:31.766 32 INFO neutron.db.l3_db [req-7d649ed0-9729-4b61-8a5d-ff67c726321a - - - - -] Skipping port e093354a-28ee-4f22-97a7-5d2ddb1f0128 as no IP is configure on it
2020-12-02 17:49:31.910 28 INFO neutron.db.l3_db [req-0cfc4070-119c-4539-96af-0567603512a3 - - - - -] Skipping port ad9ce870-d0f9-4a6d-9f2f-47699520c509 as no IP is configure on it
2020-12-02 17:49:31.910 28 INFO neutron.db.l3_db [req-0cfc4070-119c-4539-96af-0567603512a3 - - - - -] Skipping port ad9ce870-d0f9-4a6d-9f2f-47699520c509 as no IP is configure on it
2020-12-02 17:49:32.142 32 INFO neutron.db.l3_db [req-7d649ed0-9729-4b61-8a5d-ff67c726321a - - - - -] Skipping port e093354a-28ee-4f22-97a7-5d2ddb1f0128 as no IP is configure on it
2020-12-02 17:49:32.143 32 INFO neutron.db.l3_db [req-7d649ed0-9729-4b61-8a5d-ff67c726321a - - - - -] Skipping port e093354a-28ee-4f22-97a7-5d2ddb1f0128 as no IP is configure on it
2020-12-02 17:49:32.274 25 INFO neutron.wsgi [req-5fdae2d8-812f-4653-8480-69275e81aecb 0da1bc1a3acc45d0aca57e504c04ea17 63be5b4f4d784088b73cd36e6114f00e - default default] 192.168.208.187,10.31.10.1 "GET /v2.0/routers/320fe1f6-2906-4afe-acdd-3ea1d6cc4300 HTTP/1.1" status: 200 len: 694 time: 0.4726176
2020-12-02 17:49:32.517 23 INFO neutron.wsgi [req-58a530ad-15ca-40eb-a6b4-0488d6d7efcd 0da1bc1a3acc45d0aca57e504c04ea17 63be5b4f4d784088b73cd36e6114f00e - default default] 192.168.208.187,10.31.10.1 "POST /v2.0/routers HTTP/1.1" status: 201 len: 694 time: 3.8429828
2020-12-02 17:49:33.426 24 INFO neutron.wsgi [req-cb60b7f1-3cdc-4be8-b96b-ea98d0df5198 0da1bc1a3acc45d0aca57e504c04ea17 63be5b4f4d784088b73cd36e6114f00e - default default] 192.168.208.187,10.31.10.1 "POST /v2.0/routers HTTP/1.1" status: 201 len: 694 time: 3.6942139
2020-12-02 17:49:33.758 27 INFO neutron.db.l3_db [req-45b21000-7033-4a35-81ff-2f1620239fcd - - - - -] Skipping port 09a6cd7c-036a-40ce-bc36-a4e43e6c4301 as no IP is configure on it
2020-12-02 17:49:33.758 27 INFO neutron.db.l3_db [req-45b21000-7033-4a35-81ff-2f1620239fcd - - - - -] Skipping port 09a6cd7c-036a-40ce-bc36-a4e43e6c4301 as no IP is configure on it
2020-12-02 17:49:34.364 23 INFO neutron.wsgi [req-d1b84825-4a18-4972-8bb2-d4b923303f80 0da1bc1a3acc45d0aca57e504c04ea17 63be5b4f4d784088b73cd36e6114f00e - default default] 192.168.208.187,10.31.10.1 "GET /v2.0/routers/7d0863a4-4423-4206-a06f-81ffe3e2fb29 HTTP/1.1" status: 200 len: 694 time: 0.4182501
2020-12-02 17:49:34.445 32 INFO neutron.db.l3_db [req-378fa33c-0d7e-43ab-ac0a-9deccab80d96 - - - - -] Skipping port 4f6d0eb8-ffe0-48b4-b148-6cdcacac2b60 as no IP is configure on it
2020-12-02 17:49:34.446 32 INFO neutron.db.l3_db [req-378fa33c-0d7e-43ab-ac0a-9deccab80d96 - - - - -] Skipping port 4f6d0eb8-ffe0-48b4-b148-6cdcacac2b60 as no IP is configure on it
2020-12-02 17:49:35.035 32 INFO neutron.db.l3_db [req-378fa33c-0d7e-43ab-ac0a-9deccab80d96 - - - - -] Skipping port 4f6d0eb8-ffe0-48b4-b148-6cdcacac2b60 as no IP is configure on it
2020-12-02 17:49:35.035 32 INFO neutron.db.l3_db [req-378fa33c-0d7e-43ab-ac0a-9deccab80d96 - - - - -] Skipping port 4f6d0eb8-ffe0-48b4-b148-6cdcacac2b60 as no IP is configure on it
2020-12-02 17:49:35.102 27 INFO neutron.db.l3_db [req-45b21000-7033-4a35-81ff-2f1620239fcd - - - - -] Skipping port 09a6cd7c-036a-40ce-bc36-a4e43e6c4301 as no IP is configure on it
2020-12-02 17:49:35.102 27 INFO neutron.db.l3_db [req-45b21000-7033-4a35-81ff-2f1620239fcd - - - - -] Skipping port 09a6cd7c-036a-40ce-bc36-a4e43e6c4301 as no IP is configure on it
2020-12-02 17:49:36.194 25 INFO neutron.wsgi [req-2671efce-4385-403d-af3d-53095bc51b45 0da1bc1a3acc45d0aca57e504c04ea17 63be5b4f4d784088b73cd36e6114f00e - default default] 192.168.208.187,10.31.10.1 "GET /v2.0/routers/33c7dc15-acb5-4b46-95ec-df3775cc497d HTTP/1.1" status: 200 len: 694 time: 0.2838817
2020-12-02 17:49:36.304 21 INFO neutron.wsgi [req-0733c713-ca91-4df4-9c13-5bc5524044da 0da1bc1a3acc45d0aca57e504c04ea17 63be5b4f4d784088b73cd36e6114f00e - default default] 192.168.208.187,10.31.10.1 "POST /v2.0/routers HTTP/1.1" status: 201 len: 692 time: 3.7961519
2020-12-02 17:49:36.649 26 INFO neutron.db.l3_db [req-69fa06d6-1048-46dd-ac90-cbfc6cabb30c - - - - -] Skipping port 2517c3d3-6c74-485d-97ed-f4d0cfd5e296 as no IP is configure on it
2020-12-02 17:49:36.649 26 INFO neutron.db.l3_db [req-69fa06d6-1048-46dd-ac90-cbfc6cabb30c - - - - -] Skipping port 2517c3d3-6c74-485d-97ed-f4d0cfd5e296 as no IP is configure on it
2020-12-02 17:49:36.802 32 INFO neutron.db.l3_db [req-a107ab27-214a-45ee-af79-62dbd4a900a2 - - - - -] Skipping port e391f954-be0c-4013-9574-7b0c46066a4a as no IP is configure on it
2020-12-02 17:49:36.803 32 INFO neutron.db.l3_db [req-a107ab27-214a-45ee-af79-62dbd4a900a2 - - - - -] Skipping port e391f954-be0c-4013-9574-7b0c46066a4a as no IP is configure on it
2020-12-02 17:49:36.847 28 INFO neutron.db.l3_db [req-0cad6efa-d280-4f3f-90aa-e3f02bbd4c2d - - - - -] Skipping port 64e49dca-fbc6-4a2b-b52a-bf1e5c1acee3 as no IP is configure on it
2020-12-02 17:49:36.847 28 INFO neutron.db.l3_db [req-0cad6efa-d280-4f3f-90aa-e3f02bbd4c2d - - - - -] Skipping port 64e49dca-fbc6-4a2b-b52a-bf1e5c1acee3 as no IP is configure on it
2020-12-02 17:49:36.977 22 INFO neutron.wsgi [req-e94690ed-ad0e-4382-9189-f082104e4b4d 0da1bc1a3acc45d0aca57e504c04ea17 63be5b4f4d784088b73cd36e6114f00e - default default] 192.168.208.187,10.31.10.1 "POST /v2.0/routers HTTP/1.1" status: 201 len: 693 time: 5.7493186
2020-12-02 17:49:37.934 32 INFO neutron.db.l3_db [req-a107ab27-214a-45ee-af79-62dbd4a900a2 - - - - -] Skipping port e391f954-be0c-4013-9574-7b0c46066a4a as no IP is configure on it
2020-12-02 17:49:37.935 32 INFO neutron.db.l3_db [req-a107ab27-214a-45ee-af79-62dbd4a900a2 - - - - -] Skipping port e391f954-be0c-4013-9574-7b0c46066a4a as no IP is configure on it
2020-12-02 17:49:38.130 26 INFO neutron.db.l3_db [req-69fa06d6-1048-46dd-ac90-cbfc6cabb30c - - - - -] Skipping port 2517c3d3-6c74-485d-97ed-f4d0cfd5e296 as no IP is configure on it
2020-12-02 17:49:38.130 26 INFO neutron.db.l3_db [req-69fa06d6-1048-46dd-ac90-cbfc6cabb30c - - - - -] Skipping port 2517c3d3-6c74-485d-97ed-f4d0cfd5e296 as no IP is configure on it
2020-12-02 17:49:38.230 21 INFO neutron.wsgi [req-b24614b2-54a6-499d-ac6b-19655973451b 851af1939a9b4ff8808a741857d37b46 761947fab1374992bf04ee79f6b6b929 - default default] 10.31.10.2,10.31.10.1 "GET /v2.0/floatingips?fixed_ip_address=10.31.12.174&port_id=b808505d-ff26-458c-9a69-56093e82c8de HTTP/1.1" status: 200 len: 193 time: 0.0603516
2020-12-02 17:49:38.292 24 INFO neutron.wsgi [req-19185f3c-7cae-4886-8ccd-eacc5f0b989d 0da1bc1a3acc45d0aca57e504c04ea17 63be5b4f4d784088b73cd36e6114f00e - default default] 192.168.208.187,10.31.10.1 "GET /v2.0/routers/94d73c63-173c-4663-9813-8aa444a6d034 HTTP/1.1" status: 200 len: 695 time: 0.4343767
2020-12-02 17:49:38.300 28 INFO neutron.db.l3_db [req-0cad6efa-d280-4f3f-90aa-e3f02bbd4c2d - - - - -] Skipping port 64e49dca-fbc6-4a2b-b52a-bf1e5c1acee3 as no IP is configure on it
2020-12-02 17:49:38.301 28 INFO neutron.db.l3_db [req-0cad6efa-d280-4f3f-90aa-e3f02bbd4c2d - - - - -] Skipping port 64e49dca-fbc6-4a2b-b52a-bf1e5c1acee3 as no IP is configure on it
2020-12-02 17:49:38.660 25 INFO neutron.wsgi [req-9e031e5e-6e33-4648-a7a8-8db6ffd13540 0da1bc1a3acc45d0aca57e504c04ea17 63be5b4f4d784088b73cd36e6114f00e - default default] 192.168.208.187,10.31.10.1 "POST /v2.0/routers HTTP/1.1" status: 201 len: 693 time: 3.7776623
2020-12-02 17:49:38.726 28 INFO neutron.db.l3_db [req-a79ad67c-a282-4910-8dea-3f9b6eb1c19e - - - - -] Skipping port 549fe105-c26f-4662-a20f-9a78ea5d8537 as no IP is configure on it
2020-12-02 17:49:38.726 28 INFO neutron.db.l3_db [req-a79ad67c-a282-4910-8dea-3f9b6eb1c19e - - - - -] Skipping port 549fe105-c26f-4662-a20f-9a78ea5d8537 as no IP is configure on it
2020-12-02 17:49:38.732 21 INFO neutron.wsgi [req-98e75a04-1f9b-45f0-84f3-322fcaa02323 851af1939a9b4ff8808a741857d37b46 761947fab1374992bf04ee79f6b6b929 - default default] 10.31.10.2,10.31.10.1 "GET /v2.0/networks/31d7fa17-bee4-4ca0-8150-8bdf6a8ca8c2?fields=provider%3Aphysical_network&fields=provider%3Anetwork_type HTTP/1.1" status: 200 len: 257 time: 0.1679761
2020-12-02 17:49:38.786 22 INFO neutron.wsgi [req-af1fd67e-c7a2-4dbd-af76-56f9950b3c0a 0da1bc1a3acc45d0aca57e504c04ea17 63be5b4f4d784088b73cd36e6114f00e - default default] 192.168.208.187,10.31.10.1 "POST /v2.0/routers HTTP/1.1" status: 201 len: 693 time: 5.5091546
2020-12-02 17:49:38.861 27 INFO neutron.db.l3_db [req-0f52c6c8-fc28-459f-b3f3-718d703a3049 - - - - -] Skipping port 99d8b997-54f0-4a79-8a32-ec7f6b507411 as no IP is configure on it
2020-12-02 17:49:38.862 27 INFO neutron.db.l3_db [req-0f52c6c8-fc28-459f-b3f3-718d703a3049 - - - - -] Skipping port 99d8b997-54f0-4a79-8a32-ec7f6b507411 as no IP is configure on it
2020-12-02 17:49:38.872 32 INFO neutron.db.l3_db [req-88383ea7-d2c5-4e3e-ab01-b4870721b6e2 - - - - -] Skipping port b0473900-3429-4eee-9ea8-ec5f5addf9cd as no IP is configure on it
2020-12-02 17:49:38.873 32 INFO neutron.db.l3_db [req-88383ea7-d2c5-4e3e-ab01-b4870721b6e2 - - - - -] Skipping port b0473900-3429-4eee-9ea8-ec5f5addf9cd as no IP is configure on it
2020-12-02 17:49:39.179 26 INFO neutron.db.l3_db [req-6b79e010-09af-44bc-a3d9-034b0ce0e062 - - - - -] Skipping port 692157d3-b1a5-4974-8c78-93d783807f6a as no IP is configure on it
2020-12-02 17:49:39.180 26 INFO neutron.db.l3_db [req-6b79e010-09af-44bc-a3d9-034b0ce0e062 - - - - -] Skipping port 692157d3-b1a5-4974-8c78-93d783807f6a as no IP is configure on it
2020-12-02 17:49:39.390 27 INFO neutron.db.l3_db [req-0f52c6c8-fc28-459f-b3f3-718d703a3049 - - - - -] Skipping port 99d8b997-54f0-4a79-8a32-ec7f6b507411 as no IP is configure on it
2020-12-02 17:49:39.390 27 INFO neutron.db.l3_db [req-0f52c6c8-fc28-459f-b3f3-718d703a3049 - - - - -] Skipping port 99d8b997-54f0-4a79-8a32-ec7f6b507411 as no IP is configure on it
2020-12-02 17:49:39.841 28 INFO neutron.db.l3_db [req-a79ad67c-a282-4910-8dea-3f9b6eb1c19e - - - - -] Skipping port 549fe105-c26f-4662-a20f-9a78ea5d8537 as no IP is configure on it
2020-12-02 17:49:39.842 28 INFO neutron.db.l3_db [req-a79ad67c-a282-4910-8dea-3f9b6eb1c19e - - - - -] Skipping port 549fe105-c26f-4662-a20f-9a78ea5d8537 as no IP is configure on it
2020-12-02 17:49:40.400 23 INFO neutron.wsgi [req-712106ae-3cd6-4b32-bda8-8565bc6e0f09 0da1bc1a3acc45d0aca57e504c04ea17 63be5b4f4d784088b73cd36e6114f00e - default default] 192.168.208.187,10.31.10.1 "POST /v2.0/routers HTTP/1.1" status: 201 len: 694 time: 3.8492236
2020-12-02 17:49:40.435 28 INFO neutron.db.l3_db [req-0917b5d3-cce1-4d7b-8a3a-db5226ce579f - - - - -] Skipping port fc33a52f-7543-41cd-a051-237d5435c9b0 as no IP is configure on it
2020-12-02 17:49:40.435 28 INFO neutron.db.l3_db [req-0917b5d3-cce1-4d7b-8a3a-db5226ce579f - - - - -] Skipping port fc33a52f-7543-41cd-a051-237d5435c9b0 as no IP is configure on it
2020-12-02 17:49:40.547 32 INFO neutron.db.l3_db [req-82c7f0c6-39ed-4f62-bbaf-ec12d9628db4 - - - - -] Skipping port 99be6899-498d-4d9f-9abc-2e523d0ba927 as no IP is configure on it
2020-12-02 17:49:40.548 32 INFO neutron.db.l3_db [req-82c7f0c6-39ed-4f62-bbaf-ec12d9628db4 - - - - -] Skipping port 99be6899-498d-4d9f-9abc-2e523d0ba927 as no IP is configure on it
2020-12-02 17:49:40.702 32 INFO neutron.db.l3_db [req-88383ea7-d2c5-4e3e-ab01-b4870721b6e2 - - - - -] Skipping port b0473900-3429-4eee-9ea8-ec5f5addf9cd as no IP is configure on it
2020-12-02 17:49:40.703 32 INFO neutron.db.l3_db [req-88383ea7-d2c5-4e3e-ab01-b4870721b6e2 - - - - -] Skipping port b0473900-3429-4eee-9ea8-ec5f5addf9cd as no IP is configure on it
2020-12-02 17:49:40.774 26 INFO neutron.db.l3_db [req-6b79e010-09af-44bc-a3d9-034b0ce0e062 - - - - -] Skipping port 692157d3-b1a5-4974-8c78-93d783807f6a as no IP is configure on it
2020-12-02 17:49:40.775 26 INFO neutron.db.l3_db [req-6b79e010-09af-44bc-a3d9-034b0ce0e062 - - - - -] Skipping port 692157d3-b1a5-4974-8c78-93d783807f6a as no IP is configure on it
2020-12-02 17:49:40.872 26 INFO neutron.db.l3_db [req-f2afe699-3f81-49d1-b577-4639bc412b6b - - - - -] Skipping port 8db0faa1-2a32-4336-88ba-bb492f830328 as no IP is configure on it
2020-12-02 17:49:40.873 26 INFO neutron.db.l3_db [req-f2afe699-3f81-49d1-b577-4639bc412b6b - - - - -] Skipping port 8db0faa1-2a32-4336-88ba-bb492f830328 as no IP is configure on it
2020-12-02 17:49:40.915 32 INFO neutron.db.l3_db [req-82c7f0c6-39ed-4f62-bbaf-ec12d9628db4 - - - - -] Skipping port 99be6899-498d-4d9f-9abc-2e523d0ba927 as no IP is configure on it
2020-12-02 17:49:40.916 32 INFO neutron.db.l3_db [req-82c7f0c6-39ed-4f62-bbaf-ec12d9628db4 - - - - -] Skipping port 99be6899-498d-4d9f-9abc-2e523d0ba927 as no IP is configure on it
2020-12-02 17:49:41.541 25 INFO neutron.wsgi [req-be8d2052-3313-43a4-8824-930e82a6c0c2 0da1bc1a3acc45d0aca57e504c04ea17 63be5b4f4d784088b73cd36e6114f00e - default default] 192.168.208.187,10.31.10.1 "GET /v2.0/routers/40bdeb8d-fac1-4bc1-a2c4-b64ce4259dc1 HTTP/1.1" status: 200 len: 693 time: 0.1653736
2020-12-02 17:49:41.770 28 INFO neutron.db.l3_db [req-0917b5d3-cce1-4d7b-8a3a-db5226ce579f - - - - -] Skipping port fc33a52f-7543-41cd-a051-237d5435c9b0 as no IP is configure on it
2020-12-02 17:49:41.770 28 INFO neutron.db.l3_db [req-0917b5d3-cce1-4d7b-8a3a-db5226ce579f - - - - -] Skipping port fc33a52f-7543-41cd-a051-237d5435c9b0 as no IP is configure on it
2020-12-02 17:49:41.951 24 INFO neutron.wsgi [req-338c3f9a-9b5f-446b-a600-bc2786654856 0da1bc1a3acc45d0aca57e504c04ea17 63be5b4f4d784088b73cd36e6114f00e - default default] 192.168.208.187,10.31.10.1 "POST /v2.0/routers HTTP/1.1" status: 201 len: 694 time: 3.5693092
2020-12-02 17:49:41.965 23 INFO neutron.wsgi [req-a97153d7-dd44-49da-807d-520864076fb2 0da1bc1a3acc45d0aca57e504c04ea17 63be5b4f4d784088b73cd36e6114f00e - default default] 192.168.208.187,10.31.10.1 "GET /v2.0/routers/4f47ab8f-4099-49bc-b90a-606c5bacef9a HTTP/1.1" status: 200 len: 695 time: 0.1612670
2020-12-02 17:49:42.029 26 INFO neutron.db.l3_db [req-f2afe699-3f81-49d1-b577-4639bc412b6b - - - - -] Skipping port 8db0faa1-2a32-4336-88ba-bb492f830328 as no IP is configure on it
2020-12-02 17:49:42.029 26 INFO neutron.db.l3_db [req-f2afe699-3f81-49d1-b577-4639bc412b6b - - - - -] Skipping port 8db0faa1-2a32-4336-88ba-bb492f830328 as no IP is configure on it
2020-12-02 17:49:42.207 24 INFO neutron.wsgi [req-462adf59-e144-456c-867a-3555e7b81a9f 0da1bc1a3acc45d0aca57e504c04ea17 63be5b4f4d784088b73cd36e6114f00e - default default] 192.168.208.187,10.31.10.1 "GET /v2.0/routers/1f3380b2-f992-4652-96d3-4dcde211ec56 HTTP/1.1" status: 200 len: 694 time: 0.1524897
2020-12-02 17:49:42.270 28 INFO neutron.db.l3_db [req-bc4b8a17-a19e-4cb8-a4a5-dda95d66f4fe - - - - -] Skipping port 51483019-0979-4e77-afd7-9f793edd39f5 as no IP is configure on it
2020-12-02 17:49:42.271 28 INFO neutron.db.l3_db [req-bc4b8a17-a19e-4cb8-a4a5-dda95d66f4fe - - - - -] Skipping port 51483019-0979-4e77-afd7-9f793edd39f5 as no IP is configure on it
2020-12-02 17:49:42.365 32 INFO neutron.db.l3_db [req-ef8667d7-5dae-46e5-b0d9-3b366ed69d0d - - - - -] Skipping port da56f37b-859e-4ad7-911c-caf9c56cfae0 as no IP is configure on it
2020-12-02 17:49:42.366 32 INFO neutron.db.l3_db [req-ef8667d7-5dae-46e5-b0d9-3b366ed69d0d - - - - -] Skipping port da56f37b-859e-4ad7-911c-caf9c56cfae0 as no IP is configure on it
2020-12-02 17:49:43.581 28 INFO neutron.db.l3_db [req-bc4b8a17-a19e-4cb8-a4a5-dda95d66f4fe - - - - -] Skipping port 51483019-0979-4e77-afd7-9f793edd39f5 as no IP is configure on it
2020-12-02 17:49:43.582 28 INFO neutron.db.l3_db [req-bc4b8a17-a19e-4cb8-a4a5-dda95d66f4fe - - - - -] Skipping port 51483019-0979-4e77-afd7-9f793edd39f5 as no IP is configure on it
2020-12-02 17:49:43.686 25 INFO neutron.wsgi [req-ea68a83e-672f-41ba-8ba1-16a8979c9800 0da1bc1a3acc45d0aca57e504c04ea17 63be5b4f4d784088b73cd36e6114f00e - default default] 192.168.208.187,10.31.10.1 "GET /v2.0/routers/6e3eb5d3-32d3-46b7-9be1-cac820f42b0d HTTP/1.1" status: 200 len: 694 time: 0.1642025
2020-12-02 17:49:43.735 32 INFO neutron.db.l3_db [req-ef8667d7-5dae-46e5-b0d9-3b366ed69d0d - - - - -] Skipping port da56f37b-859e-4ad7-911c-caf9c56cfae0 as no IP is configure on it
2020-12-02 17:49:43.736 32 INFO neutron.db.l3_db [req-ef8667d7-5dae-46e5-b0d9-3b366ed69d0d - - - - -] Skipping port da56f37b-859e-4ad7-911c-caf9c56cfae0 as no IP is configure on it
2020-12-02 17:49:44.196 24 INFO neutron.wsgi [req-44212e9f-1651-464f-bc3f-ce978fc55967 0da1bc1a3acc45d0aca57e504c04ea17 63be5b4f4d784088b73cd36e6114f00e - default default] 192.168.208.187,10.31.10.1 "GET /v2.0/routers/12764260-ffae-43ed-909c-80f188a9c48c HTTP/1.1" status: 200 len: 694 time: 0.3431931
2020-12-02 17:49:44.530 24 INFO neutron.wsgi [-] 10.31.10.1 "GET / HTTP/1.1" status: 200 len: 228 time: 0.0055959
2020-12-02 17:49:44.621 24 INFO neutron.wsgi [req-188c596e-e9b1-43f6-b956-22b26f8edc72 851af1939a9b4ff8808a741857d37b46 761947fab1374992bf04ee79f6b6b929 - default default] 10.31.10.20,10.31.10.1 "GET /v2.0/ports?tenant_id=63be5b4f4d784088b73cd36e6114f00e&device_id=a4e73fe7-cf28-4d45-ad4f-ba65977536de HTTP/1.1" status: 200 len: 1278 time: 0.0797527
2020-12-02 17:49:44.827 32 INFO neutron.db.l3_db [req-5ca6d540-3fe0-49a7-bbc1-c228ddbc5b27 - - - - -] Skipping port 324280fd-f747-40ee-b270-ec4d95fa5a6c as no IP is configure on it
2020-12-02 17:49:44.828 32 INFO neutron.db.l3_db [req-5ca6d540-3fe0-49a7-bbc1-c228ddbc5b27 - - - - -] Skipping port 324280fd-f747-40ee-b270-ec4d95fa5a6c as no IP is configure on it
2020-12-02 17:49:44.868 25 INFO neutron.wsgi [req-3e386321-178a-4938-9c77-bdf7f81e5883 851af1939a9b4ff8808a741857d37b46 761947fab1374992bf04ee79f6b6b929 - default default] 10.31.10.20,10.31.10.1 "GET /v2.0/floatingips?fixed_ip_address=10.31.11.197&port_id=638dbe1c-3bfb-4f03-a2f5-bac3e9c1ee1b HTTP/1.1" status: 200 len: 193 time: 0.0797827
2020-12-02 17:49:44.956 28 INFO neutron.db.l3_db [req-650bbba0-0441-4c08-aa2f-2c11e698c358 - - - - -] Skipping port ddbc8c26-d820-4669-80c3-806e2ebc21c5 as no IP is configure on it
2020-12-02 17:49:44.957 28 INFO neutron.db.l3_db [req-650bbba0-0441-4c08-aa2f-2c11e698c358 - - - - -] Skipping port ddbc8c26-d820-4669-80c3-806e2ebc21c5 as no IP is configure on it
2020-12-02 17:49:45.286 24 INFO neutron.wsgi [req-3baa3c01-cf2f-4eb5-8f91-dead2b666f4f 851af1939a9b4ff8808a741857d37b46 761947fab1374992bf04ee79f6b6b929 - default default] 10.31.10.20,10.31.10.1 "GET /v2.0/networks/c8e1bba8-da86-4439-a984-1085e84d9405?fields=segments HTTP/1.1" status: 200 len: 188 time: 0.1276271
2020-12-02 17:49:45.298 28 INFO neutron.db.l3_db [req-650bbba0-0441-4c08-aa2f-2c11e698c358 - - - - -] Skipping port ddbc8c26-d820-4669-80c3-806e2ebc21c5 as no IP is configure on it
2020-12-02 17:49:45.299 28 INFO neutron.db.l3_db [req-650bbba0-0441-4c08-aa2f-2c11e698c358 - - - - -] Skipping port ddbc8c26-d820-4669-80c3-806e2ebc21c5 as no IP is configure on it
2020-12-02 17:49:45.853 24 INFO neutron.wsgi [req-6b3f715e-6c70-4719-9182-c7cc345fe103 0da1bc1a3acc45d0aca57e504c04ea17 63be5b4f4d784088b73cd36e6114f00e - default default] 192.168.208.187,10.31.10.1 "GET /v2.0/routers/fe7a8589-46d7-4a46-9f8e-c871b8caa14d HTTP/1.1" status: 200 len: 695 time: 0.1711969
