2020-12-02 17:54:56.993 21 INFO neutron.wsgi [req-4c79cfeb-b034-4c5a-8a06-71f538be0c8b 0da1bc1a3acc45d0aca57e504c04ea17 63be5b4f4d784088b73cd36e6114f00e - default default] 10.31.10.3,10.31.10.1 "GET /v2.0/security-groups?id=b92ca6e7-6354-4c1e-a781-6be287e270a3&fields=id&fields=name HTTP/1.1" status: 200 len: 262 time: 0.0371485
2020-12-02 17:54:57.028 25 INFO neutron.wsgi [req-4991e3fe-8fc8-4b8b-89e7-b464f74e0756 0da1bc1a3acc45d0aca57e504c04ea17 63be5b4f4d784088b73cd36e6114f00e - default default] 10.31.10.3,10.31.10.1 "GET /v2.0/networks?id=31341ab7-7d03-4315-ace6-a2978d89fabd HTTP/1.1" status: 200 len: 883 time: 0.1426365
2020-12-02 17:54:57.282 24 INFO neutron.wsgi [req-9c574b0e-e768-42d5-b4ea-50b344276071 0da1bc1a3acc45d0aca57e504c04ea17 63be5b4f4d784088b73cd36e6114f00e - default default] 192.168.208.187,10.31.10.1 "GET /v2.0/networks?name=test-net-29&status=ACTIVE HTTP/1.1" status: 200 len: 884 time: 0.1336644
2020-12-02 17:54:57.676 24 INFO neutron.wsgi [req-930b9d26-9f5b-4522-9162-bbfdea47b3ae 0da1bc1a3acc45d0aca57e504c04ea17 63be5b4f4d784088b73cd36e6114f00e - default default] 10.31.10.20,10.31.10.1 "GET /v2.0/security-groups?id=b92ca6e7-6354-4c1e-a781-6be287e270a3&fields=id&fields=name HTTP/1.1" status: 200 len: 262 time: 0.0421238
2020-12-02 17:54:58.503 28 INFO neutron.notifiers.nova [-] Nova event response: {'server_uuid': 'df6d2123-cee6-4749-b314-a5c778592ac3', 'name': 'network-vif-plugged', 'status': 'completed', 'tag': '177fa719-c970-4c72-9f95-09510e527237', 'code': 200}
2020-12-02 17:54:58.668 24 INFO neutron.wsgi [req-11d1e92d-f6ca-48ee-aead-e791a8d1a08d 0da1bc1a3acc45d0aca57e504c04ea17 63be5b4f4d784088b73cd36e6114f00e - default default] 10.31.10.2,10.31.10.1 "GET /v2.0/networks?id=30fd18d5-6bdf-44d1-b0e0-f12f3ea49bc0 HTTP/1.1" status: 200 len: 885 time: 0.1252861
2020-12-02 17:54:59.575 25 INFO neutron.wsgi [req-7035d733-60fd-4fc2-8a3f-8a9ae2c4daa8 0da1bc1a3acc45d0aca57e504c04ea17 63be5b4f4d784088b73cd36e6114f00e - default default] 10.31.10.2,10.31.10.1 "GET /v2.0/floatingips?tenant_id=63be5b4f4d784088b73cd36e6114f00e HTTP/1.1" status: 200 len: 193 time: 0.0747874
2020-12-02 17:54:59.868 23 INFO neutron.wsgi [req-ed8bdf40-f798-495f-82a7-c10c387a9b3d 851af1939a9b4ff8808a741857d37b46 761947fab1374992bf04ee79f6b6b929 - default default] 10.31.10.2,10.31.10.1 "GET /v2.0/networks/30fd18d5-6bdf-44d1-b0e0-f12f3ea49bc0?fields=segments HTTP/1.1" status: 200 len: 188 time: 0.1174827
2020-12-02 17:55:01.185 23 INFO neutron.wsgi [req-75c907e4-051a-4f81-9f96-f52c6d492e20 0da1bc1a3acc45d0aca57e504c04ea17 63be5b4f4d784088b73cd36e6114f00e - default default] 10.31.10.20,10.31.10.1 "GET /v2.0/security-groups?id=b92ca6e7-6354-4c1e-a781-6be287e270a3&fields=id&fields=name HTTP/1.1" status: 200 len: 262 time: 0.2019637
2020-12-02 17:55:02.627 24 INFO neutron.wsgi [req-3f9c52a4-c219-4439-9861-be4d4744f9f0 0da1bc1a3acc45d0aca57e504c04ea17 63be5b4f4d784088b73cd36e6114f00e - default default] 10.31.10.3,10.31.10.1 "POST /v2.0/ports HTTP/1.1" status: 201 len: 1227 time: 0.7734282
2020-12-02 17:55:03.474 21 INFO neutron.wsgi [req-8a7f9bab-ae36-4f55-9ac3-7f2cc058ac02 0da1bc1a3acc45d0aca57e504c04ea17 63be5b4f4d784088b73cd36e6114f00e - default default] 10.31.10.2,10.31.10.1 "GET /v2.0/ports?device_id=576281c8-2a6b-46a3-b94c-fa0c67e9a031 HTTP/1.1" status: 200 len: 1348 time: 0.0686498
2020-12-02 17:55:03.596 24 INFO neutron.wsgi [req-582eaca4-81c9-4c06-96e2-40934d148365 0da1bc1a3acc45d0aca57e504c04ea17 63be5b4f4d784088b73cd36e6114f00e - default default] 10.31.10.3,10.31.10.1 "GET /v2.0/security-groups?id=b92ca6e7-6354-4c1e-a781-6be287e270a3&fields=id&fields=name HTTP/1.1" status: 200 len: 262 time: 0.0460079
2020-12-02 17:55:04.604 24 INFO neutron.wsgi [req-fea1af43-fbba-422f-a32c-be9982397405 851af1939a9b4ff8808a741857d37b46 761947fab1374992bf04ee79f6b6b929 - default default] 10.31.10.3,10.31.10.1 "GET /v2.0/floatingips?fixed_ip_address=192.168.159.151&port_id=4e1af0cf-d6fd-42ea-83fe-f247657a5012 HTTP/1.1" status: 200 len: 193 time: 0.0669899
2020-12-02 17:55:04.774 24 INFO neutron.wsgi [req-28872a21-2cce-44e1-a7ff-8d2c934dc9de 851af1939a9b4ff8808a741857d37b46 761947fab1374992bf04ee79f6b6b929 - default default] 10.31.10.3,10.31.10.1 "GET /v2.0/ports?network_id=30fd18d5-6bdf-44d1-b0e0-f12f3ea49bc0&device_owner=network%3Adhcp HTTP/1.1" status: 200 len: 2499 time: 0.0729840
2020-12-02 17:55:05.297 24 INFO neutron.wsgi [req-e8414789-0679-41ec-92b8-73876578dfe3 851af1939a9b4ff8808a741857d37b46 761947fab1374992bf04ee79f6b6b929 - default default] 10.31.10.3,10.31.10.1 "GET /v2.0/networks/30fd18d5-6bdf-44d1-b0e0-f12f3ea49bc0?fields=provider%3Aphysical_network&fields=provider%3Anetwork_type HTTP/1.1" status: 200 len: 252 time: 0.1198258
2020-12-02 17:55:05.557 23 INFO neutron.wsgi [req-8e0774fa-a6da-4c5c-b87a-fe543888a27f 851af1939a9b4ff8808a741857d37b46 761947fab1374992bf04ee79f6b6b929 - default default] 10.31.10.3,10.31.10.1 "GET /v2.0/networks?id=30fd18d5-6bdf-44d1-b0e0-f12f3ea49bc0 HTTP/1.1" status: 200 len: 885 time: 0.1231797
2020-12-02 17:55:05.757 24 INFO neutron.wsgi [req-bf4f2dc9-017b-4d31-aabb-dc7eb8db9565 0da1bc1a3acc45d0aca57e504c04ea17 63be5b4f4d784088b73cd36e6114f00e - default default] 10.31.10.3,10.31.10.1 "GET /v2.0/ports?device_id=226b7f61-645d-4d89-a116-c1bb8141d4d7 HTTP/1.1" status: 200 len: 1353 time: 0.0830243
2020-12-02 17:55:05.762 25 INFO neutron.wsgi [req-ba02253f-9bf7-46ba-b145-e97da13b1bf2 0da1bc1a3acc45d0aca57e504c04ea17 63be5b4f4d784088b73cd36e6114f00e - default default] 10.31.10.2,10.31.10.1 "GET /v2.0/ports?device_id=97bd230c-9c23-40d0-abfa-f670b641d904 HTTP/1.1" status: 200 len: 1355 time: 0.0624447
2020-12-02 17:55:05.804 24 INFO neutron.wsgi [req-ba82b9b9-712b-4550-b76f-24153aa2e5bf 0da1bc1a3acc45d0aca57e504c04ea17 63be5b4f4d784088b73cd36e6114f00e - default default] 10.31.10.2,10.31.10.1 "GET /v2.0/security-groups?id=b92ca6e7-6354-4c1e-a781-6be287e270a3&fields=id&fields=name HTTP/1.1" status: 200 len: 262 time: 0.0354383
2020-12-02 17:55:05.809 25 INFO neutron.wsgi [req-09379534-c297-463f-9949-2fb0c45718b2 0da1bc1a3acc45d0aca57e504c04ea17 63be5b4f4d784088b73cd36e6114f00e - default default] 10.31.10.20,10.31.10.1 "GET /v2.0/security-groups?id=b92ca6e7-6354-4c1e-a781-6be287e270a3&fields=id&fields=name HTTP/1.1" status: 200 len: 262 time: 0.0362272
2020-12-02 17:55:06.063 22 INFO neutron.wsgi [req-845c2003-db4b-4147-9d01-d42aecfa9b81 0da1bc1a3acc45d0aca57e504c04ea17 63be5b4f4d784088b73cd36e6114f00e - default default] 10.31.10.3,10.31.10.1 "GET /v2.0/ports?device_id=3e907021-8968-4a80-a0ec-b43446fd01e0 HTTP/1.1" status: 200 len: 1348 time: 0.1725802
2020-12-02 17:55:06.089 24 INFO neutron.wsgi [req-854a1f90-aae9-4d6b-8fc9-36e6ba758598 0da1bc1a3acc45d0aca57e504c04ea17 63be5b4f4d784088b73cd36e6114f00e - default default] 10.31.10.3,10.31.10.1 "GET /v2.0/ports?device_id=226b7f61-645d-4d89-a116-c1bb8141d4d7 HTTP/1.1" status: 200 len: 1353 time: 0.1705744
2020-12-02 17:55:06.132 22 INFO neutron.wsgi [req-df2f6843-2b0c-4a2f-9e64-56a6603d7d45 0da1bc1a3acc45d0aca57e504c04ea17 63be5b4f4d784088b73cd36e6114f00e - default default] 10.31.10.3,10.31.10.1 "GET /v2.0/floatingips?port_id=50dd2bfe-3000-4c12-9e03-cf05076bc0ba&tenant_id=63be5b4f4d784088b73cd36e6114f00e HTTP/1.1" status: 200 len: 193 time: 0.0583589
2020-12-02 17:55:06.169 24 INFO neutron.wsgi [req-8663bfa8-228d-4517-895b-527bf6ee229a 0da1bc1a3acc45d0aca57e504c04ea17 63be5b4f4d784088b73cd36e6114f00e - default default] 10.31.10.3,10.31.10.1 "GET /v2.0/floatingips?port_id=088c73b0-3fd7-49c5-86c1-27179e04255d&tenant_id=63be5b4f4d784088b73cd36e6114f00e HTTP/1.1" status: 200 len: 193 time: 0.0582507
2020-12-02 17:55:06.828 21 INFO neutron.wsgi [req-f9f76a8e-bd6d-4cc0-9f67-f8fe3322432c 0da1bc1a3acc45d0aca57e504c04ea17 63be5b4f4d784088b73cd36e6114f00e - default default] 10.31.10.3,10.31.10.1 "GET /v2.0/ports?tenant_id=63be5b4f4d784088b73cd36e6114f00e HTTP/1.1" status: 200 len: 494845 time: 0.4758000
2020-12-02 17:55:06.863 24 INFO neutron.wsgi [req-fcac2d38-1457-4ee0-8b8f-981e19767804 0da1bc1a3acc45d0aca57e504c04ea17 63be5b4f4d784088b73cd36e6114f00e - default default] 10.31.10.3,10.31.10.1 "GET /v2.0/ports?tenant_id=63be5b4f4d784088b73cd36e6114f00e HTTP/1.1" status: 200 len: 494843 time: 0.6845994
2020-12-02 17:55:06.987 22 INFO neutron.wsgi [req-1750678b-57bd-439b-ada1-d711add46cf2 0da1bc1a3acc45d0aca57e504c04ea17 63be5b4f4d784088b73cd36e6114f00e - default default] 10.31.10.2,10.31.10.1 "GET /v2.0/security-groups?id=b92ca6e7-6354-4c1e-a781-6be287e270a3&fields=id&fields=name HTTP/1.1" status: 200 len: 262 time: 0.0598946
2020-12-02 17:55:07.018 25 INFO neutron.wsgi [req-b77214ba-529d-43c8-ba0e-4587321c10ec 0da1bc1a3acc45d0aca57e504c04ea17 63be5b4f4d784088b73cd36e6114f00e - default default] 10.31.10.3,10.31.10.1 "GET /v2.0/security-groups?id=b92ca6e7-6354-4c1e-a781-6be287e270a3&fields=id&fields=name HTTP/1.1" status: 200 len: 262 time: 0.0411003
2020-12-02 17:55:07.069 25 INFO neutron.wsgi [req-c80faadf-ece2-4f3f-a45a-3a3e40983588 0da1bc1a3acc45d0aca57e504c04ea17 63be5b4f4d784088b73cd36e6114f00e - default default] 10.31.10.20,10.31.10.1 "GET /v2.0/security-groups?id=b92ca6e7-6354-4c1e-a781-6be287e270a3&fields=id&fields=name HTTP/1.1" status: 200 len: 262 time: 0.0345440
2020-12-02 17:55:07.224 21 INFO neutron.wsgi [req-b72ac486-3a5d-43d2-8d7c-cf47407e9fd7 0da1bc1a3acc45d0aca57e504c04ea17 63be5b4f4d784088b73cd36e6114f00e - default default] 10.31.10.3,10.31.10.1 "GET /v2.0/subnets HTTP/1.1" status: 200 len: 127848 time: 0.3459153
2020-12-02 17:55:07.435 25 INFO neutron.wsgi [req-6fe9164d-a82f-454f-ac49-b8a08094db4c 0da1bc1a3acc45d0aca57e504c04ea17 63be5b4f4d784088b73cd36e6114f00e - default default] 10.31.10.3,10.31.10.1 "GET /v2.0/networks?id=a37dc62f-dafa-4132-838f-a886f08c2651 HTTP/1.1" status: 200 len: 883 time: 0.1198988
2020-12-02 17:55:07.497 22 INFO neutron.wsgi [req-ca65e450-d3b5-4049-b400-f88c8de0cbde 0da1bc1a3acc45d0aca57e504c04ea17 63be5b4f4d784088b73cd36e6114f00e - default default] 10.31.10.3,10.31.10.1 "GET /v2.0/subnets HTTP/1.1" status: 200 len: 127848 time: 0.3434613
2020-12-02 17:55:07.634 25 INFO neutron.wsgi [req-599f259a-3087-4dca-9874-98de580a059c 0da1bc1a3acc45d0aca57e504c04ea17 63be5b4f4d784088b73cd36e6114f00e - default default] 10.31.10.3,10.31.10.1 "GET /v2.0/ports?device_id=df6d2123-cee6-4749-b314-a5c778592ac3 HTTP/1.1" status: 200 len: 1347 time: 0.0693917
2020-12-02 17:55:07.908 23 INFO neutron.wsgi [req-1ea88bb0-afaf-4fce-9e43-79faab263423 0da1bc1a3acc45d0aca57e504c04ea17 63be5b4f4d784088b73cd36e6114f00e - default default] 192.168.208.187,10.31.10.1 "GET /v2.0/networks?name=test-net-2&status=ACTIVE HTTP/1.1" status: 200 len: 883 time: 0.1297996
2020-12-02 17:55:07.941 23 INFO neutron.wsgi [req-10297f93-d009-4829-8f9a-d2d9d34f916e 0da1bc1a3acc45d0aca57e504c04ea17 63be5b4f4d784088b73cd36e6114f00e - default default] 10.31.10.2,10.31.10.1 "GET /v2.0/security-groups?id=b92ca6e7-6354-4c1e-a781-6be287e270a3&fields=id&fields=name HTTP/1.1" status: 200 len: 262 time: 0.0371821
2020-12-02 17:55:08.090 23 INFO neutron.wsgi [req-5f53f138-790c-4bb7-b456-b355ca8fe682 0da1bc1a3acc45d0aca57e504c04ea17 63be5b4f4d784088b73cd36e6114f00e - default default] 10.31.10.3,10.31.10.1 "GET /v2.0/floatingips?port_id=8a7e37f5-1294-421d-827a-2b8d7002bd49&tenant_id=63be5b4f4d784088b73cd36e6114f00e HTTP/1.1" status: 200 len: 193 time: 0.0591090
2020-12-02 17:55:08.245 22 INFO neutron.wsgi [req-c762c9b4-fb3c-4e4d-888f-70762eb9a4d4 0da1bc1a3acc45d0aca57e504c04ea17 63be5b4f4d784088b73cd36e6114f00e - default default] 10.31.10.3,10.31.10.1 "GET /v2.0/ports?device_id=df6d2123-cee6-4749-b314-a5c778592ac3 HTTP/1.1" status: 200 len: 1347 time: 0.0735283
2020-12-02 17:55:08.291 22 INFO neutron.wsgi [req-44a11c5a-0f2f-49e7-a2d0-b3974ed0659c 0da1bc1a3acc45d0aca57e504c04ea17 63be5b4f4d784088b73cd36e6114f00e - default default] 10.31.10.3,10.31.10.1 "GET /v2.0/security-groups?id=b92ca6e7-6354-4c1e-a781-6be287e270a3&fields=id&fields=name HTTP/1.1" status: 200 len: 262 time: 0.0340564
2020-12-02 17:55:08.449 22 INFO neutron.wsgi [req-08f6df71-abc6-444d-82cf-f3f7ffa5c4c2 0da1bc1a3acc45d0aca57e504c04ea17 63be5b4f4d784088b73cd36e6114f00e - default default] 10.31.10.3,10.31.10.1 "GET /v2.0/ports?device_id=df6d2123-cee6-4749-b314-a5c778592ac3 HTTP/1.1" status: 200 len: 1347 time: 0.0645707
2020-12-02 17:55:08.554 23 INFO neutron.wsgi [req-319adbba-cdac-4634-968e-0db9e777d891 0da1bc1a3acc45d0aca57e504c04ea17 63be5b4f4d784088b73cd36e6114f00e - default default] 10.31.10.3,10.31.10.1 "GET /v2.0/ports?tenant_id=63be5b4f4d784088b73cd36e6114f00e HTTP/1.1" status: 200 len: 494847 time: 0.4575837
2020-12-02 17:55:08.561 21 INFO neutron.wsgi [req-1e15733a-339f-4ec6-b06a-c82387dd965c 0da1bc1a3acc45d0aca57e504c04ea17 63be5b4f4d784088b73cd36e6114f00e - default default] 10.31.10.3,10.31.10.1 "GET /v2.0/floatingips?port_id=bd86b20d-8c78-48e1-b3d7-8a18ea6fe548&tenant_id=63be5b4f4d784088b73cd36e6114f00e HTTP/1.1" status: 200 len: 193 time: 0.0624719
2020-12-02 17:55:08.767 23 INFO neutron.wsgi [req-00d7c183-f540-49e6-b8fe-703ea880e420 0da1bc1a3acc45d0aca57e504c04ea17 63be5b4f4d784088b73cd36e6114f00e - default default] 10.31.10.3,10.31.10.1 "GET /v2.0/networks?id=262fb431-41a3-4687-94c4-08f42183a5fa HTTP/1.1" status: 200 len: 884 time: 0.1185861
2020-12-02 17:55:09.030 22 INFO neutron.wsgi [req-51848db1-7947-46b8-95cb-7f84109f5afa 0da1bc1a3acc45d0aca57e504c04ea17 63be5b4f4d784088b73cd36e6114f00e - default default] 10.31.10.3,10.31.10.1 "GET /v2.0/networks?id=898f1e49-f22e-4787-8a6d-a7723853f3e9 HTTP/1.1" status: 200 len: 883 time: 0.1366315
2020-12-02 17:55:09.571 24 INFO neutron.wsgi [req-9db45fe3-9d21-4a29-9829-da2512e4ba72 0da1bc1a3acc45d0aca57e504c04ea17 63be5b4f4d784088b73cd36e6114f00e - default default] 10.31.10.3,10.31.10.1 "GET /v2.0/subnets HTTP/1.1" status: 200 len: 127848 time: 0.3459182
2020-12-02 17:55:09.882 25 INFO neutron.wsgi [req-a819d4d5-e9eb-423c-ba86-cb308b3c2146 0da1bc1a3acc45d0aca57e504c04ea17 63be5b4f4d784088b73cd36e6114f00e - default default] 10.31.10.3,10.31.10.1 "GET /v2.0/subnets HTTP/1.1" status: 200 len: 127848 time: 0.3410721
2020-12-02 17:55:10.412 25 INFO neutron.wsgi [req-8f3f28d3-d80d-4ae1-bdc0-2ae3e1c4c6c2 0da1bc1a3acc45d0aca57e504c04ea17 63be5b4f4d784088b73cd36e6114f00e - default default] 10.31.10.20,10.31.10.1 "GET /v2.0/ports?device_id=3eeaf060-d228-4be3-a204-d88ff9fb0788 HTTP/1.1" status: 200 len: 1355 time: 0.0619624
2020-12-02 17:55:10.722 24 INFO neutron.wsgi [req-f0c9e439-ea43-48df-a7c3-eeefdac51ccb 851af1939a9b4ff8808a741857d37b46 761947fab1374992bf04ee79f6b6b929 - default default] 10.31.10.3,10.31.10.1 "GET /v2.0/networks?id=31d7fa17-bee4-4ca0-8150-8bdf6a8ca8c2 HTTP/1.1" status: 200 len: 902 time: 0.1265931
2020-12-02 17:55:10.963 24 INFO neutron.wsgi [req-d85e9a57-37a5-4ee3-a7a6-014a375139a7 851af1939a9b4ff8808a741857d37b46 761947fab1374992bf04ee79f6b6b929 - default default] 10.31.10.3,10.31.10.1 "GET /v2.0/ports?network_id=31d7fa17-bee4-4ca0-8150-8bdf6a8ca8c2&device_owner=network%3Adhcp HTTP/1.1" status: 200 len: 2479 time: 0.0759151
2020-12-02 17:55:11.423 24 INFO neutron.wsgi [req-4dfc2f36-0876-4323-9e5e-80409c9ad2dd 0da1bc1a3acc45d0aca57e504c04ea17 63be5b4f4d784088b73cd36e6114f00e - default default] 10.31.10.2,10.31.10.1 "GET /v2.0/ports?device_id=97bd230c-9c23-40d0-abfa-f670b641d904 HTTP/1.1" status: 200 len: 1355 time: 0.0688508
2020-12-02 17:55:12.545 28 INFO neutron.db.l3_db [req-876bb6fc-b1b0-439b-a4f5-77e7d658b773 - - - - -] Skipping port 0d331e4a-16a0-43dd-a02a-35744ad54c69 as no IP is configure on it
2020-12-02 17:55:12.546 28 INFO neutron.db.l3_db [req-876bb6fc-b1b0-439b-a4f5-77e7d658b773 - - - - -] Skipping port 0d331e4a-16a0-43dd-a02a-35744ad54c69 as no IP is configure on it
2020-12-02 17:55:13.682 28 INFO neutron.db.l3_db [req-876bb6fc-b1b0-439b-a4f5-77e7d658b773 - - - - -] Skipping port 0d331e4a-16a0-43dd-a02a-35744ad54c69 as no IP is configure on it
2020-12-02 17:55:13.682 28 INFO neutron.db.l3_db [req-876bb6fc-b1b0-439b-a4f5-77e7d658b773 - - - - -] Skipping port 0d331e4a-16a0-43dd-a02a-35744ad54c69 as no IP is configure on it
2020-12-02 17:55:13.754 23 INFO neutron.wsgi [req-9daef395-af79-4bd7-ad50-59f416c895f3 0da1bc1a3acc45d0aca57e504c04ea17 63be5b4f4d784088b73cd36e6114f00e - default default] 10.31.10.3,10.31.10.1 "GET /v2.0/security-groups?id=b92ca6e7-6354-4c1e-a781-6be287e270a3&fields=id&fields=name HTTP/1.1" status: 200 len: 262 time: 0.0469666
2020-12-02 17:55:13.867 23 INFO neutron.wsgi [req-d8a9632b-88b6-4c9e-99b7-41fddb5dd2fd 0da1bc1a3acc45d0aca57e504c04ea17 63be5b4f4d784088b73cd36e6114f00e - default default] 10.31.10.20,10.31.10.1 "GET /v2.0/security-groups?id=b92ca6e7-6354-4c1e-a781-6be287e270a3&fields=id&fields=name HTTP/1.1" status: 200 len: 262 time: 0.0501583
2020-12-02 17:55:15.216 22 INFO neutron.wsgi [req-5466bca0-35d6-4a2d-8bd6-6bfef7ac0a5a 0da1bc1a3acc45d0aca57e504c04ea17 63be5b4f4d784088b73cd36e6114f00e - default default] 10.31.10.2,10.31.10.1 "GET /v2.0/ports?tenant_id=63be5b4f4d784088b73cd36e6114f00e HTTP/1.1" status: 200 len: 495890 time: 0.6629348
2020-12-02 17:55:16.461 22 INFO neutron.wsgi [-] 10.31.10.1 "GET / HTTP/1.1" status: 200 len: 228 time: 0.0042059
2020-12-02 17:55:17.008 24 INFO neutron.wsgi [req-e170776e-d801-4b16-a5d6-0fd2877e00c5 0da1bc1a3acc45d0aca57e504c04ea17 63be5b4f4d784088b73cd36e6114f00e - default default] 192.168.208.187,10.31.10.1 "GET /v2.0/ports/46e74a05-dc2f-499c-a783-47324e6ed207 HTTP/1.1" status: 200 len: 1217 time: 0.0664763
2020-12-02 17:55:17.291 24 INFO neutron.wsgi [req-aa5449bc-1c00-44ff-b239-cb9a0df226d1 0da1bc1a3acc45d0aca57e504c04ea17 63be5b4f4d784088b73cd36e6114f00e - default default] 10.31.10.2,10.31.10.1 "GET /v2.0/ports?device_id=1e79b623-8498-499d-8319-1d3288182a89 HTTP/1.1" status: 200 len: 1346 time: 0.0691395
2020-12-02 17:55:17.525 24 INFO neutron.wsgi [req-61255ef5-ce65-4dd9-bf0e-55c580665e58 0da1bc1a3acc45d0aca57e504c04ea17 63be5b4f4d784088b73cd36e6114f00e - default default] 10.31.10.3,10.31.10.1 "GET /v2.0/ports?device_id=75558870-4e82-4f80-8689-22356e1ea2b3 HTTP/1.1" status: 200 len: 1345 time: 0.0824122
2020-12-02 17:55:18.170 25 INFO neutron.wsgi [req-bb74b5b3-ac52-40ae-a66d-3d62174a3535 0da1bc1a3acc45d0aca57e504c04ea17 63be5b4f4d784088b73cd36e6114f00e - default default] 10.31.10.20,10.31.10.1 "GET /v2.0/ports?device_id=226b7f61-645d-4d89-a116-c1bb8141d4d7 HTTP/1.1" status: 200 len: 1353 time: 0.0626984
2020-12-02 17:55:20.196 21 INFO neutron.wsgi [req-0b9d1a9e-f981-4f74-8a27-33ee330009ad 0da1bc1a3acc45d0aca57e504c04ea17 63be5b4f4d784088b73cd36e6114f00e - default default] 10.31.10.2,10.31.10.1 "GET /v2.0/ports?tenant_id=63be5b4f4d784088b73cd36e6114f00e HTTP/1.1" status: 200 len: 496927 time: 0.6088719
2020-12-02 17:55:20.687 23 INFO neutron.wsgi [req-26307c11-8ee0-4b3d-bfd2-9114c3473355 0da1bc1a3acc45d0aca57e504c04ea17 63be5b4f4d784088b73cd36e6114f00e - default default] 10.31.10.3,10.31.10.1 "GET /v2.0/ports?device_id=576281c8-2a6b-46a3-b94c-fa0c67e9a031 HTTP/1.1" status: 200 len: 1348 time: 0.0727694
2020-12-02 17:55:20.850 25 INFO neutron.wsgi [req-06bd4b4a-9c10-442d-a4a8-6c86d800df3a 0da1bc1a3acc45d0aca57e504c04ea17 63be5b4f4d784088b73cd36e6114f00e - default default] 10.31.10.2,10.31.10.1 "GET /v2.0/ports?device_id=159ff4ca-cb4a-46be-8eee-95b95055807d HTTP/1.1" status: 200 len: 1353 time: 0.2098322
2020-12-02 17:55:20.890 25 INFO neutron.wsgi [req-c8d933aa-8ae7-443a-b382-df9e4161a11f 0da1bc1a3acc45d0aca57e504c04ea17 63be5b4f4d784088b73cd36e6114f00e - default default] 10.31.10.2,10.31.10.1 "GET /v2.0/security-groups?id=b92ca6e7-6354-4c1e-a781-6be287e270a3&fields=id&fields=name HTTP/1.1" status: 200 len: 262 time: 0.0323956
2020-12-02 17:55:20.893 23 INFO neutron.wsgi [req-1ad87c3b-5d3d-44ba-8576-a249805f168e 0da1bc1a3acc45d0aca57e504c04ea17 63be5b4f4d784088b73cd36e6114f00e - default default] 10.31.10.3,10.31.10.1 "GET /v2.0/ports?device_id=576281c8-2a6b-46a3-b94c-fa0c67e9a031 HTTP/1.1" status: 200 len: 1348 time: 0.0641530
2020-12-02 17:55:20.965 25 INFO neutron.wsgi [req-e03b46c3-c74c-44ee-b433-aef1f164f5f8 0da1bc1a3acc45d0aca57e504c04ea17 63be5b4f4d784088b73cd36e6114f00e - default default] 10.31.10.20,10.31.10.1 "GET /v2.0/security-groups?id=b92ca6e7-6354-4c1e-a781-6be287e270a3&fields=id&fields=name HTTP/1.1" status: 200 len: 262 time: 0.0407758
2020-12-02 17:55:21.138 21 INFO neutron.wsgi [req-80a91250-4f21-477f-8c2e-eb6160619e3b 0da1bc1a3acc45d0aca57e504c04ea17 63be5b4f4d784088b73cd36e6114f00e - default default] 10.31.10.3,10.31.10.1 "GET /v2.0/floatingips?port_id=8a7e37f5-1294-421d-827a-2b8d7002bd49&tenant_id=63be5b4f4d784088b73cd36e6114f00e HTTP/1.1" status: 200 len: 193 time: 0.0572517
2020-12-02 17:55:21.401 26 INFO neutron.db.l3_db [req-ace84c6d-c394-4eef-a24a-2286f70ee404 - - - - -] Skipping port 5e6a03c2-90a4-4774-860a-6de4f66cdcc9 as no IP is configure on it
2020-12-02 17:55:21.401 26 INFO neutron.db.l3_db [req-ace84c6d-c394-4eef-a24a-2286f70ee404 - - - - -] Skipping port 5e6a03c2-90a4-4774-860a-6de4f66cdcc9 as no IP is configure on it
2020-12-02 17:55:21.491 27 INFO neutron.db.l3_db [req-e73eeea7-8348-438a-878e-5396922e9324 - - - - -] Skipping port 17495a3d-d4ef-4be6-b89c-c987be1a69dd as no IP is configure on it
2020-12-02 17:55:21.492 27 INFO neutron.db.l3_db [req-e73eeea7-8348-438a-878e-5396922e9324 - - - - -] Skipping port 17495a3d-d4ef-4be6-b89c-c987be1a69dd as no IP is configure on it
2020-12-02 17:55:21.708 25 INFO neutron.wsgi [req-e1be7bfe-ebaf-4bcd-9dc9-c1855aa4cc3e 0da1bc1a3acc45d0aca57e504c04ea17 63be5b4f4d784088b73cd36e6114f00e - default default] 10.31.10.3,10.31.10.1 "GET /v2.0/ports?tenant_id=63be5b4f4d784088b73cd36e6114f00e HTTP/1.1" status: 200 len: 496931 time: 0.4800293
2020-12-02 17:55:21.841 24 INFO neutron.wsgi [req-16a9c1ce-0176-496e-ba68-0419bcac465b 0da1bc1a3acc45d0aca57e504c04ea17 63be5b4f4d784088b73cd36e6114f00e - default default] 10.31.10.3,10.31.10.1 "GET /v2.0/ports?tenant_id=63be5b4f4d784088b73cd36e6114f00e HTTP/1.1" status: 200 len: 496931 time: 0.8253355
2020-12-02 17:55:21.856 21 INFO neutron.wsgi [req-8ca16df4-d668-4887-a9d1-391c4844941c 0da1bc1a3acc45d0aca57e504c04ea17 63be5b4f4d784088b73cd36e6114f00e - default default] 10.31.10.3,10.31.10.1 "GET /v2.0/networks?id=618fbe8e-5b1e-4806-9964-f2d9f8be3ac5 HTTP/1.1" status: 200 len: 884 time: 0.1153688
2020-12-02 17:55:22.012 21 INFO neutron.wsgi [req-380948df-e454-46c6-a225-13ce42bdef7c 0da1bc1a3acc45d0aca57e504c04ea17 63be5b4f4d784088b73cd36e6114f00e - default default] 10.31.10.3,10.31.10.1 "GET /v2.0/networks?id=e719dab3-29ec-4cbd-9394-01a4cf63d133 HTTP/1.1" status: 200 len: 885 time: 0.1151619
2020-12-02 17:55:22.216 24 INFO neutron.wsgi [req-1e447228-90af-4ea1-b77d-b7340a3d62fb 0da1bc1a3acc45d0aca57e504c04ea17 63be5b4f4d784088b73cd36e6114f00e - default default] 10.31.10.3,10.31.10.1 "GET /v2.0/ports?tenant_id=63be5b4f4d784088b73cd36e6114f00e HTTP/1.1" status: 200 len: 496931 time: 1.0664916
2020-12-02 17:55:22.342 26 INFO neutron.db.l3_db [req-ace84c6d-c394-4eef-a24a-2286f70ee404 - - - - -] Skipping port 5e6a03c2-90a4-4774-860a-6de4f66cdcc9 as no IP is configure on it
2020-12-02 17:55:22.343 26 INFO neutron.db.l3_db [req-ace84c6d-c394-4eef-a24a-2286f70ee404 - - - - -] Skipping port 5e6a03c2-90a4-4774-860a-6de4f66cdcc9 as no IP is configure on it
2020-12-02 17:55:22.353 21 INFO neutron.wsgi [req-55aaf2da-cab8-41d0-bf9b-0b72ad7a73ef 0da1bc1a3acc45d0aca57e504c04ea17 63be5b4f4d784088b73cd36e6114f00e - default default] 10.31.10.3,10.31.10.1 "GET /v2.0/subnets HTTP/1.1" status: 200 len: 127848 time: 0.3320925
2020-12-02 17:55:22.562 27 INFO neutron.db.l3_db [req-e73eeea7-8348-438a-878e-5396922e9324 - - - - -] Skipping port 17495a3d-d4ef-4be6-b89c-c987be1a69dd as no IP is configure on it
2020-12-02 17:55:22.563 27 INFO neutron.db.l3_db [req-e73eeea7-8348-438a-878e-5396922e9324 - - - - -] Skipping port 17495a3d-d4ef-4be6-b89c-c987be1a69dd as no IP is configure on it
2020-12-02 17:55:22.789 21 INFO neutron.wsgi [req-a705d008-fc0f-467b-a1dc-fa57963af005 0da1bc1a3acc45d0aca57e504c04ea17 63be5b4f4d784088b73cd36e6114f00e - default default] 10.31.10.3,10.31.10.1 "GET /v2.0/subnets HTTP/1.1" status: 200 len: 127848 time: 0.3383570
2020-12-02 17:55:22.869 23 INFO neutron.wsgi [req-18af5d5c-c331-4f00-92dd-9defd0d658a9 0da1bc1a3acc45d0aca57e504c04ea17 63be5b4f4d784088b73cd36e6114f00e - default default] 10.31.10.2,10.31.10.1 "GET /v2.0/security-groups?id=b92ca6e7-6354-4c1e-a781-6be287e270a3&fields=id&fields=name HTTP/1.1" status: 200 len: 262 time: 0.0368364
2020-12-02 17:55:22.980 24 INFO neutron.wsgi [req-d7bdcc43-e5cc-4a97-818f-5782363096b2 0da1bc1a3acc45d0aca57e504c04ea17 63be5b4f4d784088b73cd36e6114f00e - default default] 10.31.10.3,10.31.10.1 "GET /v2.0/security-groups?id=b92ca6e7-6354-4c1e-a781-6be287e270a3&fields=id&fields=name HTTP/1.1" status: 200 len: 262 time: 0.0448363
2020-12-02 17:55:23.144 25 INFO neutron.wsgi [req-7104b0f3-2ba5-47bb-84e1-478aef4a81c2 0da1bc1a3acc45d0aca57e504c04ea17 63be5b4f4d784088b73cd36e6114f00e - default default] 10.31.10.3,10.31.10.1 "GET /v2.0/ports?device_id=789c8d00-a3e5-48bc-8096-3654a286f115 HTTP/1.1" status: 200 len: 1350 time: 0.0874941
2020-12-02 17:55:23.215 25 INFO neutron.wsgi [req-af147d5c-8bd9-4a40-95bd-cab46d2db04d 0da1bc1a3acc45d0aca57e504c04ea17 63be5b4f4d784088b73cd36e6114f00e - default default] 10.31.10.3,10.31.10.1 "GET /v2.0/floatingips?port_id=bd86b20d-8c78-48e1-b3d7-8a18ea6fe548&tenant_id=63be5b4f4d784088b73cd36e6114f00e HTTP/1.1" status: 200 len: 193 time: 0.0630963
2020-12-02 17:55:23.876 25 INFO neutron.wsgi [req-42b72179-b027-4630-9b9e-b261ab325fbd 0da1bc1a3acc45d0aca57e504c04ea17 63be5b4f4d784088b73cd36e6114f00e - default default] 10.31.10.3,10.31.10.1 "GET /v2.0/ports?tenant_id=63be5b4f4d784088b73cd36e6114f00e HTTP/1.1" status: 200 len: 496931 time: 0.6443977
2020-12-02 17:55:24.106 25 INFO neutron.wsgi [req-3fd02609-f449-47fa-87dd-96d5a3a1a1a9 0da1bc1a3acc45d0aca57e504c04ea17 63be5b4f4d784088b73cd36e6114f00e - default default] 10.31.10.2,10.31.10.1 "GET /v2.0/ports?device_id=576281c8-2a6b-46a3-b94c-fa0c67e9a031 HTTP/1.1" status: 200 len: 1348 time: 0.0704217
2020-12-02 17:55:24.153 25 INFO neutron.wsgi [req-6976421a-24c0-484b-b74b-c1f91006e339 0da1bc1a3acc45d0aca57e504c04ea17 63be5b4f4d784088b73cd36e6114f00e - default default] 10.31.10.2,10.31.10.1 "GET /v2.0/security-groups?id=b92ca6e7-6354-4c1e-a781-6be287e270a3&fields=id&fields=name HTTP/1.1" status: 200 len: 262 time: 0.0354326
2020-12-02 17:55:24.359 23 INFO neutron.wsgi [req-74740ce3-5252-4cc8-9d95-59457fe81363 0da1bc1a3acc45d0aca57e504c04ea17 63be5b4f4d784088b73cd36e6114f00e - default default] 10.31.10.3,10.31.10.1 "GET /v2.0/subnets HTTP/1.1" status: 200 len: 127848 time: 0.4920049
2020-12-02 17:55:25.177 22 INFO neutron.wsgi [req-661f85e4-5faf-42ef-98b8-d74e2da8924e 0da1bc1a3acc45d0aca57e504c04ea17 63be5b4f4d784088b73cd36e6114f00e - default default] 10.31.10.2,10.31.10.1 "GET /v2.0/ports?tenant_id=63be5b4f4d784088b73cd36e6114f00e HTTP/1.1" status: 200 len: 496933 time: 0.6224289
2020-12-02 17:55:26.098 24 INFO neutron.wsgi [req-11167e9b-c5ac-44a5-81a3-f71f199760ab 0da1bc1a3acc45d0aca57e504c04ea17 63be5b4f4d784088b73cd36e6114f00e - default default] 192.168.208.187,10.31.10.1 "GET /v2.0/ports/33cc6e63-1f54-47b3-9edc-f6643e808df0 HTTP/1.1" status: 200 len: 1217 time: 0.0630720
2020-12-02 17:55:27.277 24 INFO neutron.wsgi [req-0cdbd129-5e82-4977-b5ee-f5669144fcfd 0da1bc1a3acc45d0aca57e504c04ea17 63be5b4f4d784088b73cd36e6114f00e - default default] 10.31.10.2,10.31.10.1 "GET /v2.0/networks?id=40121b32-8aa8-4be1-8e64-1f4a462dffea HTTP/1.1" status: 200 len: 885 time: 0.1309843
2020-12-02 17:55:27.516 24 INFO neutron.wsgi [req-236a6d44-72b3-4b1b-a84b-30f8694a0577 0da1bc1a3acc45d0aca57e504c04ea17 63be5b4f4d784088b73cd36e6114f00e - default default] 10.31.10.3,10.31.10.1 "GET /v2.0/ports?device_id=789c8d00-a3e5-48bc-8096-3654a286f115 HTTP/1.1" status: 200 len: 1350 time: 0.0696387
2020-12-02 17:55:27.703 24 INFO neutron.wsgi [req-0b0bf4a4-760e-4d01-8122-1efaa4f0a862 0da1bc1a3acc45d0aca57e504c04ea17 63be5b4f4d784088b73cd36e6114f00e - default default] 10.31.10.20,10.31.10.1 "GET /v2.0/security-groups?id=b92ca6e7-6354-4c1e-a781-6be287e270a3&fields=id&fields=name HTTP/1.1" status: 200 len: 262 time: 0.0354874
2020-12-02 17:55:27.860 24 INFO neutron.wsgi [req-ef1cc939-02df-4c02-a256-2e6fda8c9d9c 0da1bc1a3acc45d0aca57e504c04ea17 63be5b4f4d784088b73cd36e6114f00e - default default] 10.31.10.2,10.31.10.1 "GET /v2.0/security-groups?id=b92ca6e7-6354-4c1e-a781-6be287e270a3&fields=id&fields=name HTTP/1.1" status: 200 len: 262 time: 0.0386157
2020-12-02 17:55:27.991 21 INFO neutron.wsgi [req-a7adcd78-81eb-4624-bfe8-6cb1d7f45026 0da1bc1a3acc45d0aca57e504c04ea17 63be5b4f4d784088b73cd36e6114f00e - default default] 10.31.10.3,10.31.10.1 "GET /v2.0/security-groups?id=b92ca6e7-6354-4c1e-a781-6be287e270a3&fields=id&fields=name HTTP/1.1" status: 200 len: 262 time: 0.0440035
2020-12-02 17:55:28.677 21 INFO neutron.wsgi [req-79853a8f-9094-4e8b-b569-ee7df2683154 0da1bc1a3acc45d0aca57e504c04ea17 63be5b4f4d784088b73cd36e6114f00e - default default] 192.168.208.187,10.31.10.1 "GET /v2.0/networks?name=test-net-81&status=ACTIVE HTTP/1.1" status: 200 len: 883 time: 0.2845263
2020-12-02 17:55:28.998 23 INFO neutron.wsgi [req-046b3ade-9fea-4326-8631-d202f40fd13e 0da1bc1a3acc45d0aca57e504c04ea17 63be5b4f4d784088b73cd36e6114f00e - default default] 10.31.10.20,10.31.10.1 "GET /v2.0/ports?device_id=1e79b623-8498-499d-8319-1d3288182a89 HTTP/1.1" status: 200 len: 1348 time: 0.0712769
2020-12-02 17:55:29.686 21 INFO neutron.wsgi [req-e255a45a-5d02-40e1-b35f-4d3fed1e72d9 0da1bc1a3acc45d0aca57e504c04ea17 63be5b4f4d784088b73cd36e6114f00e - default default] 192.168.208.187,10.31.10.1 "GET /v2.0/networks?name=test-net-136&status=ACTIVE HTTP/1.1" status: 200 len: 884 time: 0.1330364
2020-12-02 17:55:30.522 21 INFO neutron.wsgi [req-534dd260-2bf5-44ca-b38d-5302084ff375 851af1939a9b4ff8808a741857d37b46 761947fab1374992bf04ee79f6b6b929 - default default] 10.31.10.2,10.31.10.1 "GET /v2.0/ports?device_id=159ff4ca-cb4a-46be-8eee-95b95055807d HTTP/1.1" status: 200 len: 1355 time: 0.1506085
2020-12-02 17:55:30.537 23 INFO neutron.wsgi [req-6ac29bf9-509c-4ca7-9958-fe7ae731cce0 0da1bc1a3acc45d0aca57e504c04ea17 63be5b4f4d784088b73cd36e6114f00e - default default] 10.31.10.20,10.31.10.1 "GET /v2.0/ports?tenant_id=63be5b4f4d784088b73cd36e6114f00e&fields=id HTTP/1.1" status: 200 len: 20060 time: 0.4910016
2020-12-02 17:55:31.043 23 INFO neutron.wsgi [req-a6529eb1-a31d-41ce-afb3-fc3fbf4be65f 0da1bc1a3acc45d0aca57e504c04ea17 63be5b4f4d784088b73cd36e6114f00e - default default] 10.31.10.20,10.31.10.1 "POST /v2.0/ports HTTP/1.1" status: 201 len: 1227 time: 1.2676101
2020-12-02 17:55:31.151 22 INFO neutron.wsgi [req-1d1020ca-ba7d-4cc2-aea6-036433551069 851af1939a9b4ff8808a741857d37b46 761947fab1374992bf04ee79f6b6b929 - default default] 10.31.10.20,10.31.10.1 "GET /v2.0/networks/14a903f5-707f-4846-9618-7c0ae91b02af?fields=segments HTTP/1.1" status: 200 len: 188 time: 0.1112745
2020-12-02 17:55:32.002 24 INFO neutron.wsgi [req-a2355699-0e65-4880-a50f-8240e4387cb8 0da1bc1a3acc45d0aca57e504c04ea17 63be5b4f4d784088b73cd36e6114f00e - default default] 10.31.10.3,10.31.10.1 "GET /v2.0/ports?device_id=97bd230c-9c23-40d0-abfa-f670b641d904 HTTP/1.1" status: 200 len: 1355 time: 0.0689580
2020-12-02 17:55:33.015 24 INFO neutron.wsgi [req-b828bbcf-8954-44f5-a799-e6f781149c5b 851af1939a9b4ff8808a741857d37b46 761947fab1374992bf04ee79f6b6b929 - default default] 10.31.10.20,10.31.10.1 "GET /v2.0/floatingips?fixed_ip_address=192.168.180.226&port_id=997c5371-061e-4e50-984f-9caf562f8da4 HTTP/1.1" status: 200 len: 193 time: 0.0574000
2020-12-02 17:55:33.180 23 INFO neutron.wsgi [req-0bc6428a-a7a2-4fc5-a3d0-20da1af74965 851af1939a9b4ff8808a741857d37b46 761947fab1374992bf04ee79f6b6b929 - default default] 10.31.10.20,10.31.10.1 "GET /v2.0/ports?network_id=40121b32-8aa8-4be1-8e64-1f4a462dffea&device_owner=network%3Adhcp HTTP/1.1" status: 200 len: 2501 time: 0.0776861
2020-12-02 17:55:33.448 24 INFO neutron.wsgi [req-e55bdbd8-6f45-425d-96c9-a993cc7ffced 851af1939a9b4ff8808a741857d37b46 761947fab1374992bf04ee79f6b6b929 - default default] 10.31.10.20,10.31.10.1 "GET /v2.0/networks/40121b32-8aa8-4be1-8e64-1f4a462dffea?fields=provider%3Aphysical_network&fields=provider%3Anetwork_type HTTP/1.1" status: 200 len: 252 time: 0.1207047
2020-12-02 17:55:33.795 24 INFO neutron.wsgi [req-d0d589ce-c2b2-47a3-b155-2465a74047ad 851af1939a9b4ff8808a741857d37b46 761947fab1374992bf04ee79f6b6b929 - default default] 10.31.10.20,10.31.10.1 "GET /v2.0/floatingips?fixed_ip_address=192.168.180.226&port_id=997c5371-061e-4e50-984f-9caf562f8da4 HTTP/1.1" status: 200 len: 193 time: 0.0642581
2020-12-02 17:55:34.102 24 INFO neutron.wsgi [req-3b939ea9-1aed-4648-a40c-05f834a6fa29 851af1939a9b4ff8808a741857d37b46 761947fab1374992bf04ee79f6b6b929 - default default] 10.31.10.20,10.31.10.1 "GET /v2.0/networks/40121b32-8aa8-4be1-8e64-1f4a462dffea?fields=segments HTTP/1.1" status: 200 len: 188 time: 0.1233196
2020-12-02 17:55:34.383 24 INFO neutron.wsgi [req-b3c2ba12-da17-4d41-ad1c-fb354ffa264e 0da1bc1a3acc45d0aca57e504c04ea17 63be5b4f4d784088b73cd36e6114f00e - default default] 10.31.10.2,10.31.10.1 "GET /v2.0/ports?device_id=576281c8-2a6b-46a3-b94c-fa0c67e9a031 HTTP/1.1" status: 200 len: 1348 time: 0.0682106
2020-12-02 17:55:34.514 22 INFO neutron.wsgi [req-7f00fa54-313d-4ecf-9871-6623d93d5935 0da1bc1a3acc45d0aca57e504c04ea17 63be5b4f4d784088b73cd36e6114f00e - default default] 10.31.10.3,10.31.10.1 "GET /v2.0/security-groups?id=b92ca6e7-6354-4c1e-a781-6be287e270a3&fields=id&fields=name HTTP/1.1" status: 200 len: 262 time: 0.0363777
2020-12-02 17:55:35.910 28 INFO neutron.db.l3_db [req-77465ab0-a9ca-40fe-bb42-fc7b77f88e80 - - - - -] Skipping port 5e6a03c2-90a4-4774-860a-6de4f66cdcc9 as no IP is configure on it
2020-12-02 17:55:35.911 28 INFO neutron.db.l3_db [req-77465ab0-a9ca-40fe-bb42-fc7b77f88e80 - - - - -] Skipping port 5e6a03c2-90a4-4774-860a-6de4f66cdcc9 as no IP is configure on it
2020-12-02 17:55:35.957 24 INFO neutron.wsgi [req-0555c96d-d69b-4cb3-8f2a-db70760a93f5 851af1939a9b4ff8808a741857d37b46 761947fab1374992bf04ee79f6b6b929 - default default] 10.31.10.3,10.31.10.1 "GET /v2.0/ports?tenant_id=63be5b4f4d784088b73cd36e6114f00e&device_id=d9e0cd90-4612-4083-846c-ba30a5dac238 HTTP/1.1" status: 200 len: 1351 time: 0.2239392
2020-12-02 17:55:36.193 24 INFO neutron.wsgi [req-3678c069-ecc5-4913-b85b-c49a3876acb5 851af1939a9b4ff8808a741857d37b46 761947fab1374992bf04ee79f6b6b929 - default default] 10.31.10.3,10.31.10.1 "GET /v2.0/ports?network_id=14a903f5-707f-4846-9618-7c0ae91b02af&device_owner=network%3Adhcp HTTP/1.1" status: 200 len: 2499 time: 0.0743847
2020-12-02 17:55:36.298 24 INFO neutron.wsgi [req-a94a781e-c111-4b20-ac2e-ca8c0df50175 0da1bc1a3acc45d0aca57e504c04ea17 63be5b4f4d784088b73cd36e6114f00e - default default] 10.31.10.2,10.31.10.1 "GET /v2.0/security-groups?id=b92ca6e7-6354-4c1e-a781-6be287e270a3&fields=id&fields=name HTTP/1.1" status: 200 len: 262 time: 0.0423906
2020-12-02 17:55:36.398 28 INFO neutron.db.l3_db [req-77465ab0-a9ca-40fe-bb42-fc7b77f88e80 - - - - -] Skipping port 5e6a03c2-90a4-4774-860a-6de4f66cdcc9 as no IP is configure on it
2020-12-02 17:55:36.398 28 INFO neutron.db.l3_db [req-77465ab0-a9ca-40fe-bb42-fc7b77f88e80 - - - - -] Skipping port 5e6a03c2-90a4-4774-860a-6de4f66cdcc9 as no IP is configure on it
2020-12-02 17:55:36.600 24 INFO neutron.wsgi [req-8e79aa4d-cd19-439c-9480-46d900900fc3 851af1939a9b4ff8808a741857d37b46 761947fab1374992bf04ee79f6b6b929 - default default] 10.31.10.3,10.31.10.1 "GET /v2.0/ports?tenant_id=63be5b4f4d784088b73cd36e6114f00e&device_id=d9e0cd90-4612-4083-846c-ba30a5dac238 HTTP/1.1" status: 200 len: 1351 time: 0.0673954
2020-12-02 17:55:36.823 24 INFO neutron.wsgi [req-e4f12ea6-502a-4617-9eb4-e6327deb9b82 0da1bc1a3acc45d0aca57e504c04ea17 63be5b4f4d784088b73cd36e6114f00e - default default] 10.31.10.20,10.31.10.1 "GET /v2.0/ports?device_id=159ff4ca-cb4a-46be-8eee-95b95055807d HTTP/1.1" status: 200 len: 1355 time: 0.0726626
2020-12-02 17:55:36.882 24 INFO neutron.wsgi [req-8d4774fa-7822-4d3c-925b-88fdde441675 0da1bc1a3acc45d0aca57e504c04ea17 63be5b4f4d784088b73cd36e6114f00e - default default] 10.31.10.20,10.31.10.1 "GET /v2.0/security-groups?id=b92ca6e7-6354-4c1e-a781-6be287e270a3&fields=id&fields=name HTTP/1.1" status: 200 len: 262 time: 0.0475507
2020-12-02 17:55:37.131 24 INFO neutron.wsgi [req-0597fe63-27f0-4a29-b345-88569667dfbc 851af1939a9b4ff8808a741857d37b46 761947fab1374992bf04ee79f6b6b929 - default default] 10.31.10.3,10.31.10.1 "GET /v2.0/networks/14a903f5-707f-4846-9618-7c0ae91b02af?fields=segments HTTP/1.1" status: 200 len: 188 time: 0.1268170
2020-12-02 17:55:37.486 23 INFO neutron.wsgi [req-e554f31b-3322-49c9-9fb6-cb126fabe332 0da1bc1a3acc45d0aca57e504c04ea17 63be5b4f4d784088b73cd36e6114f00e - default default] 10.31.10.3,10.31.10.1 "GET /v2.0/security-groups?id=b92ca6e7-6354-4c1e-a781-6be287e270a3&fields=id&fields=name HTTP/1.1" status: 200 len: 262 time: 0.0418298
2020-12-02 17:55:37.701 24 INFO neutron.wsgi [req-e8f7d9f7-47be-4c66-8d9f-86aa2ec0c303 0da1bc1a3acc45d0aca57e504c04ea17 63be5b4f4d784088b73cd36e6114f00e - default default] 10.31.10.20,10.31.10.1 "GET /v2.0/ports?device_id=97bd230c-9c23-40d0-abfa-f670b641d904 HTTP/1.1" status: 200 len: 1355 time: 0.0756021
2020-12-02 17:55:37.745 24 INFO neutron.wsgi [req-6372f1b5-d4e8-488e-b057-af01f4662621 0da1bc1a3acc45d0aca57e504c04ea17 63be5b4f4d784088b73cd36e6114f00e - default default] 10.31.10.3,10.31.10.1 "GET /v2.0/security-groups?id=b92ca6e7-6354-4c1e-a781-6be287e270a3&fields=id&fields=name HTTP/1.1" status: 200 len: 262 time: 0.0361755
2020-12-02 17:55:37.820 23 INFO neutron.wsgi [req-4dc40f6d-8ab6-4f6f-94da-4a49317d88b4 0da1bc1a3acc45d0aca57e504c04ea17 63be5b4f4d784088b73cd36e6114f00e - default default] 10.31.10.2,10.31.10.1 "GET /v2.0/ports?device_id=789c8d00-a3e5-48bc-8096-3654a286f115 HTTP/1.1" status: 200 len: 1350 time: 0.0860629
2020-12-02 17:55:38.044 23 INFO neutron.wsgi [req-8f7beef5-fbaa-49fc-a3b1-fa3703647833 0da1bc1a3acc45d0aca57e504c04ea17 63be5b4f4d784088b73cd36e6114f00e - default default] 10.31.10.3,10.31.10.1 "GET /v2.0/ports?device_id=576281c8-2a6b-46a3-b94c-fa0c67e9a031 HTTP/1.1" status: 200 len: 1348 time: 0.1492019
2020-12-02 17:55:38.096 22 INFO neutron.wsgi [req-841d6357-5056-411b-8452-1ec9f29d9a78 0da1bc1a3acc45d0aca57e504c04ea17 63be5b4f4d784088b73cd36e6114f00e - default default] 10.31.10.3,10.31.10.1 "GET /v2.0/ports?device_id=75558870-4e82-4f80-8689-22356e1ea2b3 HTTP/1.1" status: 200 len: 1345 time: 0.0761425
2020-12-02 17:55:38.104 23 INFO neutron.wsgi [req-c374fe37-8362-462a-9b57-56305b4e32e6 0da1bc1a3acc45d0aca57e504c04ea17 63be5b4f4d784088b73cd36e6114f00e - default default] 192.168.208.187,10.31.10.1 "GET /v2.0/networks?name=test-net-137&status=ACTIVE HTTP/1.1" status: 200 len: 884 time: 0.1628389
2020-12-02 17:55:38.130 23 INFO neutron.wsgi [req-dbda6f49-ffb2-48e4-b61c-68cba3eadca8 0da1bc1a3acc45d0aca57e504c04ea17 63be5b4f4d784088b73cd36e6114f00e - default default] 10.31.10.3,10.31.10.1 "GET /v2.0/ports?device_id=159ff4ca-cb4a-46be-8eee-95b95055807d HTTP/1.1" status: 200 len: 1355 time: 0.0785015
2020-12-02 17:55:38.183 24 INFO neutron.wsgi [req-7d8f390b-d042-4eff-9eea-dc265ad846c8 0da1bc1a3acc45d0aca57e504c04ea17 63be5b4f4d784088b73cd36e6114f00e - default default] 10.31.10.3,10.31.10.1 "GET /v2.0/floatingips?port_id=50dd2bfe-3000-4c12-9e03-cf05076bc0ba&tenant_id=63be5b4f4d784088b73cd36e6114f00e HTTP/1.1" status: 200 len: 193 time: 0.0567741
2020-12-02 17:55:38.405 21 INFO neutron.wsgi [req-8c63e1b9-4360-43e7-9e64-d9341c1696e7 0da1bc1a3acc45d0aca57e504c04ea17 63be5b4f4d784088b73cd36e6114f00e - default default] 10.31.10.20,10.31.10.1 "GET /v2.0/quotas/63be5b4f4d784088b73cd36e6114f00e HTTP/1.1" status: 200 len: 468 time: 0.0129457
2020-12-02 17:55:38.664 23 INFO neutron.wsgi [req-989b7dde-0b28-4307-a008-c92694e5c786 0da1bc1a3acc45d0aca57e504c04ea17 63be5b4f4d784088b73cd36e6114f00e - default default] 10.31.10.3,10.31.10.1 "GET /v2.0/ports?tenant_id=63be5b4f4d784088b73cd36e6114f00e HTTP/1.1" status: 200 len: 499291 time: 0.4908235
2020-12-02 17:55:38.723 24 INFO neutron.wsgi [req-a03bc95f-f793-477e-b4d7-3d9887b5ffa4 0da1bc1a3acc45d0aca57e504c04ea17 63be5b4f4d784088b73cd36e6114f00e - default default] 10.31.10.3,10.31.10.1 "GET /v2.0/ports?tenant_id=63be5b4f4d784088b73cd36e6114f00e HTTP/1.1" status: 200 len: 499291 time: 0.5174599
2020-12-02 17:55:38.769 22 INFO neutron.wsgi [req-a7b892b0-6b96-491d-8364-143d50b53235 0da1bc1a3acc45d0aca57e504c04ea17 63be5b4f4d784088b73cd36e6114f00e - default default] 10.31.10.2,10.31.10.1 "GET /v2.0/security-groups?id=b92ca6e7-6354-4c1e-a781-6be287e270a3&fields=id&fields=name HTTP/1.1" status: 200 len: 262 time: 0.0539970
2020-12-02 17:55:39.018 23 INFO neutron.wsgi [req-5d9ec146-c424-4076-8e41-e55eb86abafc 0da1bc1a3acc45d0aca57e504c04ea17 63be5b4f4d784088b73cd36e6114f00e - default default] 10.31.10.3,10.31.10.1 "GET /v2.0/networks?id=618fbe8e-5b1e-4806-9964-f2d9f8be3ac5 HTTP/1.1" status: 200 len: 884 time: 0.2875440
2020-12-02 17:55:39.082 25 INFO neutron.wsgi [req-6cddb75e-cc76-4403-a19c-b8b35aa44a8d 0da1bc1a3acc45d0aca57e504c04ea17 63be5b4f4d784088b73cd36e6114f00e - default default] 10.31.10.3,10.31.10.1 "GET /v2.0/networks?id=262fb431-41a3-4687-94c4-08f42183a5fa HTTP/1.1" status: 200 len: 884 time: 0.1222067
2020-12-02 17:55:39.195 21 INFO neutron.wsgi [req-2134883b-99f7-4730-8ab7-28465d7a1417 0da1bc1a3acc45d0aca57e504c04ea17 63be5b4f4d784088b73cd36e6114f00e - default default] 10.31.10.3,10.31.10.1 "GET /v2.0/subnets HTTP/1.1" status: 200 len: 127848 time: 0.3422611
2020-12-02 17:55:39.334 21 INFO neutron.wsgi [req-6d874a04-367e-4063-bb03-b1b24e781446 851af1939a9b4ff8808a741857d37b46 761947fab1374992bf04ee79f6b6b929 - default default] 10.31.10.20,10.31.10.1 "GET /v2.0/extensions HTTP/1.1" status: 200 len: 14561 time: 0.0842593
2020-12-02 17:55:39.616 24 INFO neutron.wsgi [req-69c4328a-ec98-4b83-9ade-b2e3d5a64781 851af1939a9b4ff8808a741857d37b46 761947fab1374992bf04ee79f6b6b929 - default default] 10.31.10.20,10.31.10.1 "GET /v2.0/networks/0f8f9b45-e088-46d3-a962-fd790ba7f3b8?fields=provider%3Aphysical_network&fields=provider%3Anetwork_type HTTP/1.1" status: 200 len: 252 time: 0.1180997
2020-12-02 17:55:39.895 24 INFO neutron.wsgi [req-1b5edbe5-2d5b-4f64-8613-6bb23fd3f9d8 0da1bc1a3acc45d0aca57e504c04ea17 63be5b4f4d784088b73cd36e6114f00e - default default] 10.31.10.2,10.31.10.1 "GET /v2.0/security-groups?id=b92ca6e7-6354-4c1e-a781-6be287e270a3&fields=id&fields=name HTTP/1.1" status: 200 len: 262 time: 0.0503068
2020-12-02 17:55:40.031 22 INFO neutron.wsgi [req-c83e7416-d069-4394-945b-ee8024ce37c6 0da1bc1a3acc45d0aca57e504c04ea17 63be5b4f4d784088b73cd36e6114f00e - default default] 10.31.10.2,10.31.10.1 "GET /v2.0/ports?device_id=789c8d00-a3e5-48bc-8096-3654a286f115 HTTP/1.1" status: 200 len: 1350 time: 0.0703981
2020-12-02 17:55:40.137 24 INFO neutron.wsgi [req-c61a186e-e29e-4caf-ab94-afebb5ad4b95 0da1bc1a3acc45d0aca57e504c04ea17 63be5b4f4d784088b73cd36e6114f00e - default default] 10.31.10.3,10.31.10.1 "GET /v2.0/floatingips?port_id=d4f3c457-757a-4d67-93e9-208f5ab91652&tenant_id=63be5b4f4d784088b73cd36e6114f00e HTTP/1.1" status: 200 len: 193 time: 0.0629151
2020-12-02 17:55:40.243 21 INFO neutron.wsgi [req-eb6ff64e-59d0-4eb0-a24a-724a4fc067ea 0da1bc1a3acc45d0aca57e504c04ea17 63be5b4f4d784088b73cd36e6114f00e - default default] 10.31.10.3,10.31.10.1 "GET /v2.0/floatingips?port_id=d9afff16-687b-4e14-9889-347450cc6d91&tenant_id=63be5b4f4d784088b73cd36e6114f00e HTTP/1.1" status: 200 len: 193 time: 0.0601814
2020-12-02 17:55:40.326 21 INFO neutron.wsgi [req-e199df5c-522d-4a48-97c6-a632b4cd6779 0da1bc1a3acc45d0aca57e504c04ea17 63be5b4f4d784088b73cd36e6114f00e - default default] 10.31.10.3,10.31.10.1 "GET /v2.0/floatingips?port_id=bd86b20d-8c78-48e1-b3d7-8a18ea6fe548&tenant_id=63be5b4f4d784088b73cd36e6114f00e HTTP/1.1" status: 200 len: 193 time: 0.0535126
2020-12-02 17:55:40.649 24 INFO neutron.wsgi [req-ce7d31f3-f5db-489a-8401-c7ae7d62aa7c 0da1bc1a3acc45d0aca57e504c04ea17 63be5b4f4d784088b73cd36e6114f00e - default default] 10.31.10.3,10.31.10.1 "GET /v2.0/security-groups?id=b92ca6e7-6354-4c1e-a781-6be287e270a3&fields=id&fields=name HTTP/1.1" status: 200 len: 262 time: 0.0345252
2020-12-02 17:55:41.245 23 INFO neutron.wsgi [req-30e5d98d-3be2-4222-8464-c92593fc7107 0da1bc1a3acc45d0aca57e504c04ea17 63be5b4f4d784088b73cd36e6114f00e - default default] 10.31.10.3,10.31.10.1 "GET /v2.0/networks?id=5311b34d-bfa3-4de1-b261-da1c586985e6 HTTP/1.1" status: 200 len: 883 time: 0.1447527
2020-12-02 17:55:41.577 23 INFO neutron.wsgi [req-dd41bc03-b795-424c-a7f3-1e6dec80c8be 0da1bc1a3acc45d0aca57e504c04ea17 63be5b4f4d784088b73cd36e6114f00e - default default] 10.31.10.3,10.31.10.1 "GET /v2.0/subnets HTTP/1.1" status: 200 len: 127848 time: 0.3216214
2020-12-02 17:55:41.682 23 INFO neutron.wsgi [req-4c544d63-c16e-4484-9f00-9f137e4bcc7b 0da1bc1a3acc45d0aca57e504c04ea17 63be5b4f4d784088b73cd36e6114f00e - default default] 10.31.10.2,10.31.10.1 "GET /v2.0/ports?device_id=d9e0cd90-4612-4083-846c-ba30a5dac238 HTTP/1.1" status: 200 len: 1351 time: 0.0719907
2020-12-02 17:55:42.055 24 INFO neutron.wsgi [req-26eb97a2-f853-4309-baf9-bd2bbbec70f1 0da1bc1a3acc45d0aca57e504c04ea17 63be5b4f4d784088b73cd36e6114f00e - default default] 10.31.10.2,10.31.10.1 "GET /v2.0/security-groups?id=b92ca6e7-6354-4c1e-a781-6be287e270a3&fields=id&fields=name HTTP/1.1" status: 200 len: 262 time: 0.0414636
2020-12-02 17:55:42.374 25 INFO neutron.wsgi [req-62153b32-841c-40f4-ad7a-c7d18d842677 0da1bc1a3acc45d0aca57e504c04ea17 63be5b4f4d784088b73cd36e6114f00e - default default] 10.31.10.3,10.31.10.1 "GET /v2.0/security-groups?id=b92ca6e7-6354-4c1e-a781-6be287e270a3&fields=id&fields=name HTTP/1.1" status: 200 len: 262 time: 0.0473955
2020-12-02 17:55:43.306 25 INFO neutron.wsgi [req-fdc813c7-05bd-42fe-a98f-5bf822fad30e 851af1939a9b4ff8808a741857d37b46 761947fab1374992bf04ee79f6b6b929 - default default] 10.31.10.2,10.31.10.1 "GET /v2.0/networks?id=31d7fa17-bee4-4ca0-8150-8bdf6a8ca8c2 HTTP/1.1" status: 200 len: 902 time: 0.1280460
2020-12-02 17:55:43.538 23 INFO neutron.wsgi [req-cbe3c088-3721-4313-8baa-73b25cf7c8da 851af1939a9b4ff8808a741857d37b46 761947fab1374992bf04ee79f6b6b929 - default default] 10.31.10.2,10.31.10.1 "GET /v2.0/ports?network_id=31d7fa17-bee4-4ca0-8150-8bdf6a8ca8c2&device_owner=network%3Adhcp HTTP/1.1" status: 200 len: 2479 time: 0.0725520
2020-12-02 17:55:43.945 23 INFO neutron.wsgi [req-9c837ec8-bc1b-4a6c-bd79-bbc18aeb3987 851af1939a9b4ff8808a741857d37b46 761947fab1374992bf04ee79f6b6b929 - default default] 10.31.10.20,10.31.10.1 "GET /v2.0/ports?tenant_id=63be5b4f4d784088b73cd36e6114f00e&device_id=a4affd15-50ad-4297-83eb-2f891cf4b122 HTTP/1.1" status: 200 len: 1355 time: 0.0683489
2020-12-02 17:55:44.179 21 INFO neutron.wsgi [req-fb805e78-fb7e-48d9-9e4c-4b55deaa71eb 851af1939a9b4ff8808a741857d37b46 761947fab1374992bf04ee79f6b6b929 - default default] 10.31.10.20,10.31.10.1 "GET /v2.0/ports?network_id=0f8f9b45-e088-46d3-a962-fd790ba7f3b8&device_owner=network%3Adhcp HTTP/1.1" status: 200 len: 2501 time: 0.0782938
2020-12-02 17:55:44.563 25 INFO neutron.wsgi [req-beac46fa-97a1-46fd-a6cf-395d7f04c4bd 0da1bc1a3acc45d0aca57e504c04ea17 63be5b4f4d784088b73cd36e6114f00e - default default] 10.31.10.2,10.31.10.1 "GET /v2.0/floatingips?tenant_id=63be5b4f4d784088b73cd36e6114f00e HTTP/1.1" status: 200 len: 193 time: 0.0626686
2020-12-02 17:55:44.791 23 INFO neutron.wsgi [req-bc2116bb-5ce9-496e-afcd-0e8ac1e8201c 851af1939a9b4ff8808a741857d37b46 761947fab1374992bf04ee79f6b6b929 - default default] 10.31.10.20,10.31.10.1 "GET /v2.0/floatingips?fixed_ip_address=192.168.137.149&port_id=4c690e49-1eee-4e8d-8f42-4b818a2cf1e1 HTTP/1.1" status: 200 len: 193 time: 0.0580084
2020-12-02 17:55:44.810 24 INFO neutron.wsgi [req-5a7395a6-0174-4a99-9624-77d4ea145773 0da1bc1a3acc45d0aca57e504c04ea17 63be5b4f4d784088b73cd36e6114f00e - default default] 10.31.10.2,10.31.10.1 "GET /v2.0/ports?device_id=576281c8-2a6b-46a3-b94c-fa0c67e9a031 HTTP/1.1" status: 200 len: 1348 time: 0.2244761
2020-12-02 17:55:44.970 21 INFO neutron.wsgi [req-81e5308e-bb9c-4954-960b-22ad5b7caa82 851af1939a9b4ff8808a741857d37b46 761947fab1374992bf04ee79f6b6b929 - default default] 10.31.10.20,10.31.10.1 "GET /v2.0/ports?network_id=0f8f9b45-e088-46d3-a962-fd790ba7f3b8&device_owner=network%3Adhcp HTTP/1.1" status: 200 len: 2501 time: 0.0749469
2020-12-02 17:55:45.245 24 INFO neutron.wsgi [req-80ba31d8-8b1f-4a6d-9134-4709fc985207 851af1939a9b4ff8808a741857d37b46 761947fab1374992bf04ee79f6b6b929 - default default] 10.31.10.20,10.31.10.1 "GET /v2.0/networks/0f8f9b45-e088-46d3-a962-fd790ba7f3b8?fields=provider%3Aphysical_network&fields=provider%3Anetwork_type HTTP/1.1" status: 200 len: 252 time: 0.1344779
2020-12-02 17:55:46.627 22 INFO neutron.wsgi [-] 10.31.10.1 "GET / HTTP/1.1" status: 200 len: 228 time: 0.0068564
2020-12-02 17:55:48.162 23 INFO neutron.wsgi [req-b3ce0c83-6a08-4158-b7d1-649c3667df31 0da1bc1a3acc45d0aca57e504c04ea17 63be5b4f4d784088b73cd36e6114f00e - default default] 10.31.10.2,10.31.10.1 "GET /v2.0/ports?device_id=789c8d00-a3e5-48bc-8096-3654a286f115 HTTP/1.1" status: 200 len: 1350 time: 0.1071205
2020-12-02 17:55:48.362 22 INFO neutron.wsgi [req-3a3f6fd2-fabe-4d65-be0d-089b558c7a38 0da1bc1a3acc45d0aca57e504c04ea17 63be5b4f4d784088b73cd36e6114f00e - default default] 10.31.10.3,10.31.10.1 "GET /v2.0/security-groups?id=b92ca6e7-6354-4c1e-a781-6be287e270a3&fields=id&fields=name HTTP/1.1" status: 200 len: 262 time: 0.0455594
2020-12-02 17:55:49.090 23 INFO neutron.wsgi [req-4deed516-58dd-46c9-9c45-9c71c2090961 0da1bc1a3acc45d0aca57e504c04ea17 63be5b4f4d784088b73cd36e6114f00e - default default] 10.31.10.2,10.31.10.1 "GET /v2.0/ports?device_id=226b7f61-645d-4d89-a116-c1bb8141d4d7 HTTP/1.1" status: 200 len: 1353 time: 0.0726416
2020-12-02 17:55:50.104 24 INFO neutron.wsgi [req-b0776661-5361-4fa6-98f3-014059aed802 0da1bc1a3acc45d0aca57e504c04ea17 63be5b4f4d784088b73cd36e6114f00e - default default] 10.31.10.2,10.31.10.1 "GET /v2.0/ports?tenant_id=63be5b4f4d784088b73cd36e6114f00e HTTP/1.1" status: 200 len: 500491 time: 0.5274701
