2020-12-02 14:03:45.349 22 INFO neutron.wsgi [req-4971476c-0548-4dff-8746-5415d450ce92 851af1939a9b4ff8808a741857d37b46 761947fab1374992bf04ee79f6b6b929 - default default] 10.31.10.3,10.31.10.1 "GET /v2.0/ports?network_id=c8e1bba8-da86-4439-a984-1085e84d9405&device_owner=network%3Adhcp HTTP/1.1" status: 200 len: 186 time: 0.0419962
2020-12-02 14:03:46.696 22 INFO neutron.wsgi [req-214e3523-9ba4-4d77-8bfd-4f83eb08536e 0da1bc1a3acc45d0aca57e504c04ea17 63be5b4f4d784088b73cd36e6114f00e - default default] 10.31.10.2,10.31.10.1 "GET /v2.0/extensions HTTP/1.1" status: 200 len: 14561 time: 0.0108254
2020-12-02 14:03:47.181 22 INFO neutron.wsgi [req-d73f7b08-16f7-4714-93dc-f9661eeecabb 0da1bc1a3acc45d0aca57e504c04ea17 63be5b4f4d784088b73cd36e6114f00e - default default] 10.31.10.2,10.31.10.1 "GET /v2.0/quotas/63be5b4f4d784088b73cd36e6114f00e/details HTTP/1.1" status: 200 len: 972 time: 0.1695931
2020-12-02 14:03:52.682 22 INFO neutron.wsgi [-] 10.31.10.1 "GET / HTTP/1.1" status: 200 len: 228 time: 0.0043056
2020-12-02 14:03:54.387 21 INFO neutron.wsgi [req-2e23ee25-6cf7-4abd-9deb-b12448f0bb1c 851af1939a9b4ff8808a741857d37b46 761947fab1374992bf04ee79f6b6b929 - default default] 10.31.10.3,10.31.10.1 "GET /v2.0/ports?device_id=43362a64-7c50-48f8-b7e2-97a6f3ab6ba6 HTTP/1.1" status: 200 len: 1315 time: 0.1533158
2020-12-02 14:03:59.097 21 INFO neutron.wsgi [req-d49b0a81-34d5-48a0-8287-98cf453ef81d 0da1bc1a3acc45d0aca57e504c04ea17 63be5b4f4d784088b73cd36e6114f00e - default default] 10.31.10.2,10.31.10.1 "GET /v2.0/extensions HTTP/1.1" status: 200 len: 14561 time: 0.0102344
2020-12-02 14:03:59.406 21 INFO neutron.wsgi [req-015847c8-7f5f-490a-a09e-2ea9d3818e4d 0da1bc1a3acc45d0aca57e504c04ea17 63be5b4f4d784088b73cd36e6114f00e - default default] 10.31.10.2,10.31.10.1 "GET /v2.0/extensions HTTP/1.1" status: 200 len: 14561 time: 0.0110705
2020-12-02 14:03:59.839 21 INFO neutron.wsgi [req-188545e2-d090-4952-bcad-cf7ba6e9d2e1 0da1bc1a3acc45d0aca57e504c04ea17 63be5b4f4d784088b73cd36e6114f00e - default default] 10.31.10.2,10.31.10.1 "GET /v2.0/quotas/63be5b4f4d784088b73cd36e6114f00e/details HTTP/1.1" status: 200 len: 972 time: 0.1265254
2020-12-02 14:04:02.387 21 INFO neutron.wsgi [req-900bdcc0-42e5-4307-9bca-821864cda7ca 851af1939a9b4ff8808a741857d37b46 761947fab1374992bf04ee79f6b6b929 - default default] 10.31.10.3,10.31.10.1 "GET /v2.0/ports?device_id=a1cd5b9c-26b5-413f-8af6-e2fb9f3d8697&fields=binding%3Ahost_id&fields=binding%3Avif_type HTTP/1.1" status: 200 len: 238 time: 0.0724449
2020-12-02 14:04:02.817 21 INFO neutron.wsgi [req-ef541172-c416-423f-b1ad-0802a63561a4 851af1939a9b4ff8808a741857d37b46 761947fab1374992bf04ee79f6b6b929 - default default] 10.31.10.3,10.31.10.1 "GET /v2.0/floatingips?fixed_ip_address=10.31.11.100&port_id=902028fa-f267-424a-b762-3bc7354d5423 HTTP/1.1" status: 200 len: 193 time: 0.0646827
2020-12-02 14:04:03.206 21 INFO neutron.wsgi [req-0f462019-e611-4d07-aff3-8084d849f7cf 851af1939a9b4ff8808a741857d37b46 761947fab1374992bf04ee79f6b6b929 - default default] 10.31.10.3,10.31.10.1 "GET /v2.0/networks/c8e1bba8-da86-4439-a984-1085e84d9405?fields=segments HTTP/1.1" status: 200 len: 188 time: 0.2410266
2020-12-02 14:04:09.945 21 INFO neutron.wsgi [req-7d0105ac-72a5-447a-9c08-edbcd3f950ee 851af1939a9b4ff8808a741857d37b46 761947fab1374992bf04ee79f6b6b929 - default default] 10.31.10.2,10.31.10.1 "GET /v2.0/ports?tenant_id=63be5b4f4d784088b73cd36e6114f00e&device_id=43362a64-7c50-48f8-b7e2-97a6f3ab6ba6 HTTP/1.1" status: 200 len: 1315 time: 0.0816996
2020-12-02 14:04:10.066 21 INFO neutron.wsgi [req-d85924ec-8e93-4cd7-b544-b99fc8e40175 0da1bc1a3acc45d0aca57e504c04ea17 63be5b4f4d784088b73cd36e6114f00e - default default] 10.31.10.2,10.31.10.1 "GET /v2.0/extensions HTTP/1.1" status: 200 len: 14561 time: 0.0105498
2020-12-02 14:04:10.330 21 INFO neutron.wsgi [req-625ee057-9c08-4e72-974d-400e20eeb1cf 0da1bc1a3acc45d0aca57e504c04ea17 63be5b4f4d784088b73cd36e6114f00e - default default] 10.31.10.2,10.31.10.1 "GET /v2.0/security-groups?id=b92ca6e7-6354-4c1e-a781-6be287e270a3&fields=id&fields=name HTTP/1.1" status: 200 len: 262 time: 0.0363839
2020-12-02 14:04:10.416 21 INFO neutron.wsgi [req-da48f19b-b694-4196-aeb7-604e66735f5d 0da1bc1a3acc45d0aca57e504c04ea17 63be5b4f4d784088b73cd36e6114f00e - default default] 10.31.10.2,10.31.10.1 "GET /v2.0/extensions HTTP/1.1" status: 200 len: 14561 time: 0.0101185
2020-12-02 14:04:10.617 23 INFO neutron.wsgi [req-b32f0b04-bfeb-4f6e-8416-48cfad2675ac 851af1939a9b4ff8808a741857d37b46 761947fab1374992bf04ee79f6b6b929 - default default] 10.31.10.2,10.31.10.1 "GET /v2.0/networks/31d7fa17-bee4-4ca0-8150-8bdf6a8ca8c2?fields=segments HTTP/1.1" status: 200 len: 188 time: 0.1267359
2020-12-02 14:04:10.733 23 INFO neutron.wsgi [req-ca8b023a-20ca-4218-9e77-43a73a701666 851af1939a9b4ff8808a741857d37b46 761947fab1374992bf04ee79f6b6b929 - default default] 10.31.10.2,10.31.10.1 "GET /v2.0/networks/31d7fa17-bee4-4ca0-8150-8bdf6a8ca8c2?fields=provider%3Aphysical_network&fields=provider%3Anetwork_type HTTP/1.1" status: 200 len: 257 time: 0.1083295
2020-12-02 14:04:22.867 25 INFO neutron.wsgi [-] 10.31.10.1 "GET / HTTP/1.1" status: 200 len: 228 time: 0.0075252
2020-12-02 14:04:38.877 25 INFO neutron.wsgi [req-6b140884-fdfc-4006-982b-3a1822c2ce8f 0da1bc1a3acc45d0aca57e504c04ea17 63be5b4f4d784088b73cd36e6114f00e - default default] 10.31.10.2,10.31.10.1 "GET /v2.0/security-groups?id=b92ca6e7-6354-4c1e-a781-6be287e270a3&fields=id&fields=name HTTP/1.1" status: 200 len: 262 time: 0.0443826
2020-12-02 14:04:39.184 24 INFO neutron.wsgi [req-11eff792-1950-4e94-bc03-f0ed86171186 0da1bc1a3acc45d0aca57e504c04ea17 63be5b4f4d784088b73cd36e6114f00e - default default] 10.31.10.2,10.31.10.1 "GET /v2.0/ports?tenant_id=63be5b4f4d784088b73cd36e6114f00e HTTP/1.1" status: 200 len: 4738 time: 0.1099877
2020-12-02 14:04:39.528 25 INFO neutron.wsgi [req-9d8d1769-f74a-47c4-a877-63b7b2ac2ced 0da1bc1a3acc45d0aca57e504c04ea17 63be5b4f4d784088b73cd36e6114f00e - default default] 10.31.10.2,10.31.10.1 "GET /v2.0/extensions HTTP/1.1" status: 200 len: 14561 time: 0.0107300
2020-12-02 14:04:53.049 23 INFO neutron.wsgi [-] 10.31.10.1 "GET / HTTP/1.1" status: 200 len: 228 time: 0.0042756
2020-12-02 14:05:02.736 22 INFO neutron.wsgi [req-8f462d81-7160-4329-8da0-013e50a54071 851af1939a9b4ff8808a741857d37b46 761947fab1374992bf04ee79f6b6b929 - default default] 10.31.10.3,10.31.10.1 "GET /v2.0/networks?id=c8e1bba8-da86-4439-a984-1085e84d9405 HTTP/1.1" status: 200 len: 905 time: 0.1230836
2020-12-02 14:05:02.963 22 INFO neutron.wsgi [req-11895fae-1a80-4958-a46d-cda5eb20d720 851af1939a9b4ff8808a741857d37b46 761947fab1374992bf04ee79f6b6b929 - default default] 10.31.10.3,10.31.10.1 "GET /v2.0/ports?network_id=c8e1bba8-da86-4439-a984-1085e84d9405&device_owner=network%3Adhcp HTTP/1.1" status: 200 len: 186 time: 0.0443356
2020-12-02 14:05:11.770 21 INFO neutron.wsgi [req-f4f7b8a1-43c7-4350-81e9-2de399e5d9a9 851af1939a9b4ff8808a741857d37b46 761947fab1374992bf04ee79f6b6b929 - default default] 10.31.10.2,10.31.10.1 "GET /v2.0/ports?device_id=43362a64-7c50-48f8-b7e2-97a6f3ab6ba6&fields=binding%3Ahost_id&fields=binding%3Avif_type HTTP/1.1" status: 200 len: 238 time: 0.0772374
2020-12-02 14:05:12.202 21 INFO neutron.wsgi [req-bf515a4c-37a3-492e-9b27-d726c24b58e9 851af1939a9b4ff8808a741857d37b46 761947fab1374992bf04ee79f6b6b929 - default default] 10.31.10.2,10.31.10.1 "GET /v2.0/floatingips?fixed_ip_address=10.31.12.174&port_id=b808505d-ff26-458c-9a69-56093e82c8de HTTP/1.1" status: 200 len: 193 time: 0.0585980
2020-12-02 14:05:12.537 23 INFO neutron.wsgi [req-8c6487aa-9c5c-4937-9bc8-924442afcd99 851af1939a9b4ff8808a741857d37b46 761947fab1374992bf04ee79f6b6b929 - default default] 10.31.10.2,10.31.10.1 "GET /v2.0/networks/31d7fa17-bee4-4ca0-8150-8bdf6a8ca8c2?fields=segments HTTP/1.1" status: 200 len: 188 time: 0.1322417
2020-12-02 14:05:16.719 25 INFO neutron.wsgi [req-56aaca26-5e87-4357-b99a-e6408d610f6d 0da1bc1a3acc45d0aca57e504c04ea17 63be5b4f4d784088b73cd36e6114f00e - default default] 10.31.10.3,10.31.10.1 "GET /v2.0/security-groups?id=b92ca6e7-6354-4c1e-a781-6be287e270a3&fields=id&fields=name HTTP/1.1" status: 200 len: 262 time: 0.0507619
2020-12-02 14:05:16.955 25 INFO neutron.wsgi [req-250e3679-d78d-4574-a7bd-62856687b88f 0da1bc1a3acc45d0aca57e504c04ea17 63be5b4f4d784088b73cd36e6114f00e - default default] 10.31.10.2,10.31.10.1 "GET /v2.0/floatingips?port_id=902028fa-f267-424a-b762-3bc7354d5423&tenant_id=63be5b4f4d784088b73cd36e6114f00e HTTP/1.1" status: 200 len: 193 time: 0.0581942
2020-12-02 14:05:17.197 25 INFO neutron.wsgi [req-9a584a5c-83f7-42c4-930a-383e259b2388 0da1bc1a3acc45d0aca57e504c04ea17 63be5b4f4d784088b73cd36e6114f00e - default default] 10.31.10.2,10.31.10.1 "GET /v2.0/networks?id=c8e1bba8-da86-4439-a984-1085e84d9405 HTTP/1.1" status: 200 len: 905 time: 0.1242750
2020-12-02 14:05:17.519 23 WARNING keystonemiddleware.auth_token [-] A valid token was submitted as a service token, but it was not a valid service token. This is incorrect but backwards compatible behaviour. This will be removed in future releases.
2020-12-02 14:05:17.607 23 INFO neutron.wsgi [req-93520c81-1afd-4ac7-b031-c36ae0416bae 0da1bc1a3acc45d0aca57e504c04ea17 63be5b4f4d784088b73cd36e6114f00e - default default] 10.31.10.3,10.31.10.1 "GET /v2.0/ports?device_id=a1cd5b9c-26b5-413f-8af6-e2fb9f3d8697 HTTP/1.1" status: 200 len: 1318 time: 0.0920038
2020-12-02 14:05:20.750 23 INFO neutron.wsgi [req-9ce4db7b-0f94-4cef-ab31-8288833c5051 0da1bc1a3acc45d0aca57e504c04ea17 63be5b4f4d784088b73cd36e6114f00e - default default] 10.31.10.3,10.31.10.1 "GET /v2.0/security-groups?id=b92ca6e7-6354-4c1e-a781-6be287e270a3&fields=id&fields=name HTTP/1.1" status: 200 len: 262 time: 0.0711308
2020-12-02 14:05:20.973 21 INFO neutron.wsgi [req-8076a069-813a-401d-818c-a8420cb6e7a0 0da1bc1a3acc45d0aca57e504c04ea17 63be5b4f4d784088b73cd36e6114f00e - default default] 10.31.10.2,10.31.10.1 "GET /v2.0/security-groups?id=b92ca6e7-6354-4c1e-a781-6be287e270a3 HTTP/1.1" status: 200 len: 3639 time: 0.0587149
2020-12-02 14:05:21.273 21 INFO neutron.wsgi [req-8230f9e3-5407-4404-872b-a61019bcd0e4 0da1bc1a3acc45d0aca57e504c04ea17 63be5b4f4d784088b73cd36e6114f00e - default default] 10.31.10.2,10.31.10.1 "GET /v2.0/networks?id=c8e1bba8-da86-4439-a984-1085e84d9405 HTTP/1.1" status: 200 len: 905 time: 0.1287615
2020-12-02 14:05:21.667 24 INFO neutron.wsgi [req-252f2c8a-6315-4a3f-be9d-f97d044587f6 0da1bc1a3acc45d0aca57e504c04ea17 63be5b4f4d784088b73cd36e6114f00e - default default] 10.31.10.3,10.31.10.1 "GET /v2.0/ports?device_id=a1cd5b9c-26b5-413f-8af6-e2fb9f3d8697 HTTP/1.1" status: 200 len: 1318 time: 0.0753496
2020-12-02 14:05:23.258 25 INFO neutron.wsgi [-] 10.31.10.1 "GET / HTTP/1.1" status: 200 len: 228 time: 0.0040553
2020-12-02 14:05:30.853 25 INFO neutron.wsgi [req-98877472-64b0-4986-ad36-ee500c1c5a7e 0da1bc1a3acc45d0aca57e504c04ea17 63be5b4f4d784088b73cd36e6114f00e - default default] 10.31.10.3,10.31.10.1 "GET /v2.0/ports?device_id=a1cd5b9c-26b5-413f-8af6-e2fb9f3d8697 HTTP/1.1" status: 200 len: 1318 time: 0.2850733
2020-12-02 14:05:31.071 22 INFO neutron.wsgi [req-e88d832a-a34e-44cf-9c37-33629efc3418 0da1bc1a3acc45d0aca57e504c04ea17 63be5b4f4d784088b73cd36e6114f00e - default default] 10.31.10.2,10.31.10.1 "GET /v2.0/ports?device_id=a1cd5b9c-26b5-413f-8af6-e2fb9f3d8697 HTTP/1.1" status: 200 len: 1318 time: 0.0644505
2020-12-02 14:05:31.234 22 INFO neutron.wsgi [req-cef450e2-9bb1-4bff-9f4f-3266130a2425 0da1bc1a3acc45d0aca57e504c04ea17 63be5b4f4d784088b73cd36e6114f00e - default default] 10.31.10.2,10.31.10.1 "GET /v2.0/ports?tenant_id=63be5b4f4d784088b73cd36e6114f00e HTTP/1.1" status: 200 len: 4738 time: 0.0732799
2020-12-02 14:05:31.506 21 INFO neutron.wsgi [req-a8566103-ce1f-429a-9b80-b3b525613414 0da1bc1a3acc45d0aca57e504c04ea17 63be5b4f4d784088b73cd36e6114f00e - default default] 10.31.10.2,10.31.10.1 "GET /v2.0/extensions HTTP/1.1" status: 200 len: 14561 time: 0.0105314
2020-12-02 14:05:53.447 24 INFO neutron.wsgi [-] 10.31.10.1 "GET / HTTP/1.1" status: 200 len: 228 time: 0.0068500
2020-12-02 14:06:02.385 24 INFO neutron.wsgi [req-0fde5f8d-2353-45c1-b0ef-574cffd92d45 851af1939a9b4ff8808a741857d37b46 761947fab1374992bf04ee79f6b6b929 - default default] 10.31.10.3,10.31.10.1 "GET /v2.0/ports?device_id=a1cd5b9c-26b5-413f-8af6-e2fb9f3d8697&fields=binding%3Ahost_id&fields=binding%3Avif_type HTTP/1.1" status: 200 len: 238 time: 0.0737004
2020-12-02 14:06:02.852 25 INFO neutron.wsgi [req-bd71bafc-73dd-4551-85fa-9a135cc3824d 851af1939a9b4ff8808a741857d37b46 761947fab1374992bf04ee79f6b6b929 - default default] 10.31.10.3,10.31.10.1 "GET /v2.0/floatingips?fixed_ip_address=10.31.11.100&port_id=902028fa-f267-424a-b762-3bc7354d5423 HTTP/1.1" status: 200 len: 193 time: 0.0600259
2020-12-02 14:06:03.150 25 INFO neutron.wsgi [req-3a1f6e51-19ec-40a5-b065-968554511166 851af1939a9b4ff8808a741857d37b46 761947fab1374992bf04ee79f6b6b929 - default default] 10.31.10.3,10.31.10.1 "GET /v2.0/networks/c8e1bba8-da86-4439-a984-1085e84d9405?fields=segments HTTP/1.1" status: 200 len: 188 time: 0.1258285
2020-12-02 14:06:12.955 25 INFO neutron.wsgi [req-c8ae9086-3772-428f-867d-5198c8f9fe74 851af1939a9b4ff8808a741857d37b46 761947fab1374992bf04ee79f6b6b929 - default default] 10.31.10.2,10.31.10.1 "GET /v2.0/ports?tenant_id=63be5b4f4d784088b73cd36e6114f00e&device_id=43362a64-7c50-48f8-b7e2-97a6f3ab6ba6 HTTP/1.1" status: 200 len: 1315 time: 0.0834000
2020-12-02 14:06:13.292 25 INFO neutron.wsgi [req-07983e6a-63e5-4c63-83ea-15ae96f67f53 851af1939a9b4ff8808a741857d37b46 761947fab1374992bf04ee79f6b6b929 - default default] 10.31.10.2,10.31.10.1 "GET /v2.0/subnets?id=355627ec-9f34-485a-8c9f-63327e7fe7f8 HTTP/1.1" status: 200 len: 818 time: 0.0642793
2020-12-02 14:06:13.682 21 INFO neutron.wsgi [req-53bce3c3-f4bb-42ce-bb3a-3d0012322fcf 851af1939a9b4ff8808a741857d37b46 761947fab1374992bf04ee79f6b6b929 - default default] 10.31.10.2,10.31.10.1 "GET /v2.0/networks/31d7fa17-bee4-4ca0-8150-8bdf6a8ca8c2?fields=provider%3Aphysical_network&fields=provider%3Anetwork_type HTTP/1.1" status: 200 len: 257 time: 0.1217387
2020-12-02 14:06:23.621 22 INFO neutron.wsgi [-] 10.31.10.1 "GET / HTTP/1.1" status: 200 len: 228 time: 0.0093045
2020-12-02 14:06:45.379 24 INFO neutron.wsgi [req-4fee29d1-5e6f-48f3-95cf-a10cc9c80ad2 0da1bc1a3acc45d0aca57e504c04ea17 63be5b4f4d784088b73cd36e6114f00e - default default] 10.31.10.2,10.31.10.1 "GET /v2.0/quotas/63be5b4f4d784088b73cd36e6114f00e/details HTTP/1.1" status: 200 len: 972 time: 0.1242263
2020-12-02 14:06:47.971 24 INFO neutron.wsgi [req-759c882b-ace1-48f6-b50c-a780dab39172 0da1bc1a3acc45d0aca57e504c04ea17 63be5b4f4d784088b73cd36e6114f00e - default default] 10.31.10.2,10.31.10.1 "GET /v2.0/security-groups?id=b92ca6e7-6354-4c1e-a781-6be287e270a3&fields=id&fields=name HTTP/1.1" status: 200 len: 262 time: 0.0441711
2020-12-02 14:06:50.222 23 INFO neutron.wsgi [req-7866df91-afb3-41c3-b4ea-74c6f30f12e8 0da1bc1a3acc45d0aca57e504c04ea17 63be5b4f4d784088b73cd36e6114f00e - default default] 10.31.10.2,10.31.10.1 "GET /v2.0/extensions HTTP/1.1" status: 200 len: 14561 time: 0.0121157
2020-12-02 14:06:53.795 25 INFO neutron.wsgi [-] 10.31.10.1 "GET / HTTP/1.1" status: 200 len: 228 time: 0.0041544
2020-12-02 14:06:58.486 22 INFO neutron.quota [req-c50afadf-2713-4b75-87bb-d85b34e188a5 0da1bc1a3acc45d0aca57e504c04ea17 63be5b4f4d784088b73cd36e6114f00e - default default] Loaded quota_driver: .
2020-12-02 14:06:58.535 22 INFO neutron.db.securitygroups_db [req-c50afadf-2713-4b75-87bb-d85b34e188a5 0da1bc1a3acc45d0aca57e504c04ea17 63be5b4f4d784088b73cd36e6114f00e - default default] Project 63be5b4f4d784088b73cd36e6114f00e added a security group rule specifying the entire port range (1 - 65535). It was automatically converted to not have a range to better optimize it for the backend security group implementation(s).
2020-12-02 14:06:58.681 22 INFO neutron.wsgi [req-c50afadf-2713-4b75-87bb-d85b34e188a5 0da1bc1a3acc45d0aca57e504c04ea17 63be5b4f4d784088b73cd36e6114f00e - default default] 10.31.10.2,10.31.10.1 "POST /v2.0/security-group-rules HTTP/1.1" status: 201 len: 698 time: 0.2353573
2020-12-02 14:06:58.896 22 INFO neutron.wsgi [req-07b5e1e9-7f7f-4dd8-a1c7-d17445fc6127 0da1bc1a3acc45d0aca57e504c04ea17 63be5b4f4d784088b73cd36e6114f00e - default default] 10.31.10.2,10.31.10.1 "GET /v2.0/security-groups/b92ca6e7-6354-4c1e-a781-6be287e270a3 HTTP/1.1" status: 200 len: 4143 time: 0.0591714
2020-12-02 14:07:01.031 21 INFO neutron.wsgi [req-7287d4ad-fa51-4ef4-8509-2c40a4056f05 0da1bc1a3acc45d0aca57e504c04ea17 63be5b4f4d784088b73cd36e6114f00e - default default] 10.31.10.2,10.31.10.1 "GET /v2.0/security-groups?tenant_id=63be5b4f4d784088b73cd36e6114f00e HTTP/1.1" status: 200 len: 4146 time: 0.0554514
2020-12-02 14:07:03.584 25 INFO neutron.wsgi [req-7338b6bb-95c2-43c1-bae0-71b45f4ced15 851af1939a9b4ff8808a741857d37b46 761947fab1374992bf04ee79f6b6b929 - default default] 10.31.10.3,10.31.10.1 "GET /v2.0/ports?tenant_id=63be5b4f4d784088b73cd36e6114f00e&device_id=a1cd5b9c-26b5-413f-8af6-e2fb9f3d8697 HTTP/1.1" status: 200 len: 1318 time: 0.0839543
2020-12-02 14:07:03.923 25 INFO neutron.wsgi [req-d8f4975d-952f-4291-92d8-9e7dc5be30c8 851af1939a9b4ff8808a741857d37b46 761947fab1374992bf04ee79f6b6b929 - default default] 10.31.10.3,10.31.10.1 "GET /v2.0/subnets?id=226b7ffb-b593-46b7-a0aa-f239c871bd0c HTTP/1.1" status: 200 len: 783 time: 0.0643110
2020-12-02 14:07:04.265 25 INFO neutron.wsgi [req-88ddb3af-6c5e-4daa-98ec-a6259197cfe1 851af1939a9b4ff8808a741857d37b46 761947fab1374992bf04ee79f6b6b929 - default default] 10.31.10.3,10.31.10.1 "GET /v2.0/networks/c8e1bba8-da86-4439-a984-1085e84d9405?fields=provider%3Aphysical_network&fields=provider%3Anetwork_type HTTP/1.1" status: 200 len: 257 time: 0.1239834
2020-12-02 14:07:06.217 24 INFO neutron.quota [req-b599648e-7024-474f-a7ac-f4f41257e168 0da1bc1a3acc45d0aca57e504c04ea17 63be5b4f4d784088b73cd36e6114f00e - default default] Loaded quota_driver: .
2020-12-02 14:07:06.248 24 INFO neutron.db.securitygroups_db [req-b599648e-7024-474f-a7ac-f4f41257e168 0da1bc1a3acc45d0aca57e504c04ea17 63be5b4f4d784088b73cd36e6114f00e - default default] Project 63be5b4f4d784088b73cd36e6114f00e added a security group rule specifying the entire port range (1 - 65535). It was automatically converted to not have a range to better optimize it for the backend security group implementation(s).
2020-12-02 14:07:06.391 24 INFO neutron.wsgi [req-b599648e-7024-474f-a7ac-f4f41257e168 0da1bc1a3acc45d0aca57e504c04ea17 63be5b4f4d784088b73cd36e6114f00e - default default] 10.31.10.2,10.31.10.1 "POST /v2.0/security-group-rules HTTP/1.1" status: 201 len: 698 time: 0.2152584
2020-12-02 14:07:06.655 23 INFO neutron.wsgi [req-a28a35a9-8332-4ce5-b20d-0cdde792133c 0da1bc1a3acc45d0aca57e504c04ea17 63be5b4f4d784088b73cd36e6114f00e - default default] 10.31.10.2,10.31.10.1 "GET /v2.0/security-groups/b92ca6e7-6354-4c1e-a781-6be287e270a3 HTTP/1.1" status: 200 len: 4650 time: 0.0718713
2020-12-02 14:07:12.760 24 INFO neutron.wsgi [req-0925dc24-a61b-42c3-abf8-13bb27204cfb 851af1939a9b4ff8808a741857d37b46 761947fab1374992bf04ee79f6b6b929 - default default] 10.31.10.2,10.31.10.1 "GET /v2.0/ports?device_id=43362a64-7c50-48f8-b7e2-97a6f3ab6ba6&fields=binding%3Ahost_id&fields=binding%3Avif_type HTTP/1.1" status: 200 len: 238 time: 0.0735409
2020-12-02 14:07:13.200 25 INFO neutron.wsgi [req-a03f689b-8f46-4e2a-8487-fc49fd3a2ad7 851af1939a9b4ff8808a741857d37b46 761947fab1374992bf04ee79f6b6b929 - default default] 10.31.10.2,10.31.10.1 "GET /v2.0/floatingips?fixed_ip_address=10.31.12.174&port_id=b808505d-ff26-458c-9a69-56093e82c8de HTTP/1.1" status: 200 len: 193 time: 0.0602126
2020-12-02 14:07:13.514 25 INFO neutron.wsgi [req-8de50651-a1c4-48e9-92fd-2ee95143c530 851af1939a9b4ff8808a741857d37b46 761947fab1374992bf04ee79f6b6b929 - default default] 10.31.10.2,10.31.10.1 "GET /v2.0/networks/31d7fa17-bee4-4ca0-8150-8bdf6a8ca8c2?fields=segments HTTP/1.1" status: 200 len: 188 time: 0.1180134
2020-12-02 14:07:14.858 25 INFO neutron.wsgi [req-ec1cbb34-5ccf-4a42-b631-518ecb215a9e 0da1bc1a3acc45d0aca57e504c04ea17 63be5b4f4d784088b73cd36e6114f00e - default default] 10.31.10.2,10.31.10.1 "GET /v2.0/security-groups?id=b92ca6e7-6354-4c1e-a781-6be287e270a3&fields=id&fields=name HTTP/1.1" status: 200 len: 262 time: 0.0484900
2020-12-02 14:07:15.128 25 INFO neutron.wsgi [req-0d46cc5a-446e-453c-bda3-825590ac55c6 0da1bc1a3acc45d0aca57e504c04ea17 63be5b4f4d784088b73cd36e6114f00e - default default] 10.31.10.2,10.31.10.1 "GET /v2.0/ports?tenant_id=63be5b4f4d784088b73cd36e6114f00e HTTP/1.1" status: 200 len: 4738 time: 0.0786073
2020-12-02 14:07:15.470 25 INFO neutron.wsgi [req-dac54716-2c7b-454a-b30a-2e2682da56a3 0da1bc1a3acc45d0aca57e504c04ea17 63be5b4f4d784088b73cd36e6114f00e - default default] 10.31.10.2,10.31.10.1 "GET /v2.0/extensions HTTP/1.1" status: 200 len: 14561 time: 0.0109534
2020-12-02 14:07:19.018 21 INFO neutron.wsgi [req-97b7c80b-f15f-426f-b9fa-92ea418502c1 0da1bc1a3acc45d0aca57e504c04ea17 63be5b4f4d784088b73cd36e6114f00e - default default] 10.31.10.2,10.31.10.1 "GET /v2.0/ports?device_id=a1cd5b9c-26b5-413f-8af6-e2fb9f3d8697 HTTP/1.1" status: 200 len: 1318 time: 0.0788600
2020-12-02 14:07:19.122 24 INFO neutron.wsgi [req-437cf151-3fb0-46f3-80a4-a65fbf03e207 0da1bc1a3acc45d0aca57e504c04ea17 63be5b4f4d784088b73cd36e6114f00e - default default] 10.31.10.2,10.31.10.1 "GET /v2.0/floatingips?port_id=902028fa-f267-424a-b762-3bc7354d5423&tenant_id=63be5b4f4d784088b73cd36e6114f00e HTTP/1.1" status: 200 len: 193 time: 0.0656707
2020-12-02 14:07:19.438 24 INFO neutron.wsgi [req-e68e4cf5-c67f-47b4-ad8c-00f3034890a6 0da1bc1a3acc45d0aca57e504c04ea17 63be5b4f4d784088b73cd36e6114f00e - default default] 10.31.10.2,10.31.10.1 "GET /v2.0/subnets HTTP/1.1" status: 200 len: 2016 time: 0.0667267
2020-12-02 14:07:19.802 24 INFO neutron.wsgi [req-17ed3767-b531-42f8-9b33-b83015549cd1 0da1bc1a3acc45d0aca57e504c04ea17 63be5b4f4d784088b73cd36e6114f00e - default default] 10.31.10.3,10.31.10.1 "GET /v2.0/security-groups?id=b92ca6e7-6354-4c1e-a781-6be287e270a3&fields=id&fields=name HTTP/1.1" status: 200 len: 262 time: 0.0393486
2020-12-02 14:07:20.972 21 INFO neutron.wsgi [req-539a0a89-e061-44e9-a2b5-caea39202778 0da1bc1a3acc45d0aca57e504c04ea17 63be5b4f4d784088b73cd36e6114f00e - default default] 10.31.10.2,10.31.10.1 "GET /v2.0/ports?device_id=a1cd5b9c-26b5-413f-8af6-e2fb9f3d8697 HTTP/1.1" status: 200 len: 1318 time: 0.0724101
2020-12-02 14:07:21.042 21 INFO neutron.wsgi [req-ce03ba8f-716b-47dc-8186-1bfdb6aca537 0da1bc1a3acc45d0aca57e504c04ea17 63be5b4f4d784088b73cd36e6114f00e - default default] 10.31.10.2,10.31.10.1 "GET /v2.0/floatingips?port_id=902028fa-f267-424a-b762-3bc7354d5423&tenant_id=63be5b4f4d784088b73cd36e6114f00e HTTP/1.1" status: 200 len: 193 time: 0.0518558
2020-12-02 14:07:21.398 24 INFO neutron.wsgi [req-2de15cb5-4d88-4f94-9bff-f0404d75c55d 0da1bc1a3acc45d0aca57e504c04ea17 63be5b4f4d784088b73cd36e6114f00e - default default] 10.31.10.2,10.31.10.1 "GET /v2.0/subnets HTTP/1.1" status: 200 len: 2016 time: 0.0695329
2020-12-02 14:07:21.775 25 INFO neutron.wsgi [req-bccf76d1-c513-4798-b33f-e8a17fabb71a 0da1bc1a3acc45d0aca57e504c04ea17 63be5b4f4d784088b73cd36e6114f00e - default default] 10.31.10.3,10.31.10.1 "GET /v2.0/security-groups?id=b92ca6e7-6354-4c1e-a781-6be287e270a3&fields=id&fields=name HTTP/1.1" status: 200 len: 262 time: 0.0496225
2020-12-02 14:07:23.966 22 INFO neutron.wsgi [-] 10.31.10.1 "GET / HTTP/1.1" status: 200 len: 228 time: 0.0047915
2020-12-02 14:07:54.150 21 INFO neutron.wsgi [-] 10.31.10.1 "GET / HTTP/1.1" status: 200 len: 228 time: 0.0067549
2020-12-02 14:08:03.726 21 INFO neutron.wsgi [req-5a5836a1-cd78-42cb-a09b-94e498c1a3fd 851af1939a9b4ff8808a741857d37b46 761947fab1374992bf04ee79f6b6b929 - default default] 10.31.10.3,10.31.10.1 "GET /v2.0/networks?id=c8e1bba8-da86-4439-a984-1085e84d9405 HTTP/1.1" status: 200 len: 905 time: 0.1363895
2020-12-02 14:08:03.930 21 INFO neutron.wsgi [req-d3386bbd-c39e-4867-824f-4002a7c26a58 851af1939a9b4ff8808a741857d37b46 761947fab1374992bf04ee79f6b6b929 - default default] 10.31.10.3,10.31.10.1 "GET /v2.0/ports?network_id=c8e1bba8-da86-4439-a984-1085e84d9405&device_owner=network%3Adhcp HTTP/1.1" status: 200 len: 186 time: 0.0410810
2020-12-02 14:08:14.764 23 INFO neutron.wsgi [req-4ba05075-69a6-447a-bbf6-a2ae1c5ede70 851af1939a9b4ff8808a741857d37b46 761947fab1374992bf04ee79f6b6b929 - default default] 10.31.10.2,10.31.10.1 "GET /v2.0/ports?device_id=43362a64-7c50-48f8-b7e2-97a6f3ab6ba6&fields=binding%3Ahost_id&fields=binding%3Avif_type HTTP/1.1" status: 200 len: 238 time: 0.0876970
2020-12-02 14:08:15.178 25 INFO neutron.wsgi [req-fb0e04f7-2471-4cb9-ac42-8f3e769046ca 851af1939a9b4ff8808a741857d37b46 761947fab1374992bf04ee79f6b6b929 - default default] 10.31.10.2,10.31.10.1 "GET /v2.0/floatingips?fixed_ip_address=10.31.12.174&port_id=b808505d-ff26-458c-9a69-56093e82c8de HTTP/1.1" status: 200 len: 193 time: 0.0628889
2020-12-02 14:08:15.490 25 INFO neutron.wsgi [req-a11b4587-e18e-4345-af2c-268e9f34f392 851af1939a9b4ff8808a741857d37b46 761947fab1374992bf04ee79f6b6b929 - default default] 10.31.10.2,10.31.10.1 "GET /v2.0/networks/31d7fa17-bee4-4ca0-8150-8bdf6a8ca8c2?fields=segments HTTP/1.1" status: 200 len: 188 time: 0.1162565
2020-12-02 14:08:24.349 24 INFO neutron.wsgi [-] 10.31.10.1 "GET / HTTP/1.1" status: 200 len: 228 time: 0.0053318
2020-12-02 14:08:54.561 21 INFO neutron.wsgi [-] 10.31.10.1 "GET / HTTP/1.1" status: 200 len: 228 time: 0.0088365
2020-12-02 14:09:04.651 21 INFO neutron.wsgi [req-fac3357f-a50d-4358-99bd-79a6b6b2ef57 851af1939a9b4ff8808a741857d37b46 761947fab1374992bf04ee79f6b6b929 - default default] 10.31.10.3,10.31.10.1 "GET /v2.0/ports?tenant_id=63be5b4f4d784088b73cd36e6114f00e&device_id=a1cd5b9c-26b5-413f-8af6-e2fb9f3d8697 HTTP/1.1" status: 200 len: 1318 time: 0.0772431
2020-12-02 14:09:04.998 21 INFO neutron.wsgi [req-01aeb3a7-c193-4551-a777-75c03775bd30 851af1939a9b4ff8808a741857d37b46 761947fab1374992bf04ee79f6b6b929 - default default] 10.31.10.3,10.31.10.1 "GET /v2.0/subnets?id=226b7ffb-b593-46b7-a0aa-f239c871bd0c HTTP/1.1" status: 200 len: 783 time: 0.0683222
2020-12-02 14:09:05.343 21 INFO neutron.wsgi [req-88ab6163-86bf-494e-88e0-4e251af89640 851af1939a9b4ff8808a741857d37b46 761947fab1374992bf04ee79f6b6b929 - default default] 10.31.10.3,10.31.10.1 "GET /v2.0/networks/c8e1bba8-da86-4439-a984-1085e84d9405?fields=provider%3Aphysical_network&fields=provider%3Anetwork_type HTTP/1.1" status: 200 len: 257 time: 0.1339898
2020-12-02 14:09:17.230 22 INFO neutron.wsgi [req-9143dda8-23d5-40a8-9a72-e153904b7cf3 851af1939a9b4ff8808a741857d37b46 761947fab1374992bf04ee79f6b6b929 - default default] 10.31.10.2,10.31.10.1 "GET /v2.0/networks?id=31d7fa17-bee4-4ca0-8150-8bdf6a8ca8c2 HTTP/1.1" status: 200 len: 902 time: 0.1345654
2020-12-02 14:09:17.473 22 INFO neutron.wsgi [req-5dbb9956-1bfc-4820-b5a7-5ff19ad0f1d8 851af1939a9b4ff8808a741857d37b46 761947fab1374992bf04ee79f6b6b929 - default default] 10.31.10.2,10.31.10.1 "GET /v2.0/ports?network_id=31d7fa17-bee4-4ca0-8150-8bdf6a8ca8c2&device_owner=network%3Adhcp HTTP/1.1" status: 200 len: 2479 time: 0.0860906
2020-12-02 14:09:24.739 22 INFO neutron.wsgi [-] 10.31.10.1 "GET / HTTP/1.1" status: 200 len: 228 time: 0.0040143
2020-12-02 14:09:54.914 22 INFO neutron.wsgi [-] 10.31.10.1 "GET / HTTP/1.1" status: 200 len: 228 time: 0.0071018
2020-12-02 14:10:05.194 23 INFO neutron.wsgi [req-608f7111-db2a-49da-af73-78329b1607c1 851af1939a9b4ff8808a741857d37b46 761947fab1374992bf04ee79f6b6b929 - default default] 10.31.10.3,10.31.10.1 "GET /v2.0/ports?device_id=a1cd5b9c-26b5-413f-8af6-e2fb9f3d8697&fields=binding%3Ahost_id&fields=binding%3Avif_type HTTP/1.1" status: 200 len: 238 time: 0.0748260
2020-12-02 14:10:05.641 23 INFO neutron.wsgi [req-83ca6cca-19a8-450e-98b4-08210aecddf8 851af1939a9b4ff8808a741857d37b46 761947fab1374992bf04ee79f6b6b929 - default default] 10.31.10.3,10.31.10.1 "GET /v2.0/floatingips?fixed_ip_address=10.31.11.100&port_id=902028fa-f267-424a-b762-3bc7354d5423 HTTP/1.1" status: 200 len: 193 time: 0.0723360
2020-12-02 14:10:05.913 23 INFO neutron.wsgi [req-e64a8085-483f-48d5-b2ed-a7c47d6a0c12 851af1939a9b4ff8808a741857d37b46 761947fab1374992bf04ee79f6b6b929 - default default] 10.31.10.3,10.31.10.1 "GET /v2.0/networks/c8e1bba8-da86-4439-a984-1085e84d9405?fields=segments HTTP/1.1" status: 200 len: 188 time: 0.1277783
2020-12-02 14:10:12.490 24 INFO neutron.wsgi [req-aa7d6e4c-3502-4945-b375-13d36bb24e33 0da1bc1a3acc45d0aca57e504c04ea17 63be5b4f4d784088b73cd36e6114f00e - default default] 10.31.10.2,10.31.10.1 "GET /v2.0/networks HTTP/1.1" status: 200 len: 2312 time: 0.1273515
2020-12-02 14:10:12.859 21 INFO neutron.wsgi [req-78393937-958d-4997-9a4f-1e2c81aa57f8 0da1bc1a3acc45d0aca57e504c04ea17 63be5b4f4d784088b73cd36e6114f00e - default default] 10.31.10.2,10.31.10.1 "GET /v2.0/networks/3eeb8ac6-e480-4db4-b59c-b2c4d8aae016/dhcp-agents HTTP/1.1" status: 200 len: 1350 time: 0.0329218
2020-12-02 14:10:13.478 23 INFO neutron.wsgi [req-deadd6c6-2eeb-4364-b39a-a714cd88ec2f 0da1bc1a3acc45d0aca57e504c04ea17 63be5b4f4d784088b73cd36e6114f00e - default default] 10.31.10.2,10.31.10.1 "GET /v2.0/quotas/761947fab1374992bf04ee79f6b6b929/details HTTP/1.1" status: 200 len: 972 time: 0.1444211
2020-12-02 14:10:17.421 25 INFO neutron.wsgi [req-a8f3690f-eb1d-4c5e-98d2-74a6754e6b31 0da1bc1a3acc45d0aca57e504c04ea17 63be5b4f4d784088b73cd36e6114f00e - default default] 10.31.10.2,10.31.10.1 "GET /v2.0/subnets/226b7ffb-b593-46b7-a0aa-f239c871bd0c HTTP/1.1" status: 200 len: 780 time: 0.0679536
2020-12-02 14:10:17.959 23 INFO neutron.wsgi [req-93e25566-5f43-4fae-8565-bf018ff44804 0da1bc1a3acc45d0aca57e504c04ea17 63be5b4f4d784088b73cd36e6114f00e - default default] 10.31.10.2,10.31.10.1 "GET /v2.0/quotas/63be5b4f4d784088b73cd36e6114f00e/details HTTP/1.1" status: 200 len: 972 time: 0.1191275
2020-12-02 14:10:19.113 23 INFO neutron.wsgi [req-355420fc-1e45-4d64-a6c4-2daffdd822da 851af1939a9b4ff8808a741857d37b46 761947fab1374992bf04ee79f6b6b929 - default default] 10.31.10.2,10.31.10.1 "GET /v2.0/networks?id=31d7fa17-bee4-4ca0-8150-8bdf6a8ca8c2 HTTP/1.1" status: 200 len: 902 time: 0.1274381
2020-12-02 14:10:19.362 23 INFO neutron.wsgi [req-8a342d8f-e0f6-4d91-91b8-2ed93764bfae 851af1939a9b4ff8808a741857d37b46 761947fab1374992bf04ee79f6b6b929 - default default] 10.31.10.2,10.31.10.1 "GET /v2.0/ports?network_id=31d7fa17-bee4-4ca0-8150-8bdf6a8ca8c2&device_owner=network%3Adhcp HTTP/1.1" status: 200 len: 2479 time: 0.0700355
2020-12-02 14:10:25.090 21 INFO neutron.wsgi [-] 10.31.10.1 "GET / HTTP/1.1" status: 200 len: 228 time: 0.0067775
2020-12-02 14:10:55.276 22 INFO neutron.wsgi [-] 10.31.10.1 "GET / HTTP/1.1" status: 200 len: 228 time: 0.0057263
2020-12-02 14:10:58.887 22 INFO neutron.wsgi [req-c9bfce6b-1e61-4a46-80b5-01ca10d86afc 0da1bc1a3acc45d0aca57e504c04ea17 63be5b4f4d784088b73cd36e6114f00e - default default] 10.31.10.2,10.31.10.1 "GET /v2.0/extensions HTTP/1.1" status: 200 len: 14561 time: 0.0059159
2020-12-02 14:10:59.258 23 INFO neutron.wsgi [req-1b9a60fb-3f06-4006-a9d1-c274944fcec0 0da1bc1a3acc45d0aca57e504c04ea17 63be5b4f4d784088b73cd36e6114f00e - default default] 10.31.10.2,10.31.10.1 "GET /v2.0/networks/31d7fa17-bee4-4ca0-8150-8bdf6a8ca8c2 HTTP/1.1" status: 200 len: 899 time: 0.1271465
2020-12-02 14:10:59.982 21 INFO neutron.wsgi [req-57a87119-df1c-47c4-b227-5af3658bf2df 0da1bc1a3acc45d0aca57e504c04ea17 63be5b4f4d784088b73cd36e6114f00e - default default] 10.31.10.2,10.31.10.1 "GET /v2.0/extensions HTTP/1.1" status: 200 len: 14561 time: 0.0110505
2020-12-02 14:11:00.294 21 INFO neutron.wsgi [req-bcdae437-1401-4355-b7a7-cf479716523b 0da1bc1a3acc45d0aca57e504c04ea17 63be5b4f4d784088b73cd36e6114f00e - default default] 10.31.10.2,10.31.10.1 "GET /v2.0/subnets/355627ec-9f34-485a-8c9f-63327e7fe7f8 HTTP/1.1" status: 200 len: 815 time: 0.0634797
2020-12-02 14:11:00.743 23 INFO neutron.wsgi [req-2fb02405-85c0-4ba7-aa35-0452a743f8f6 0da1bc1a3acc45d0aca57e504c04ea17 63be5b4f4d784088b73cd36e6114f00e - default default] 10.31.10.2,10.31.10.1 "GET /v2.0/subnets/355627ec-9f34-485a-8c9f-63327e7fe7f8 HTTP/1.1" status: 200 len: 815 time: 0.0600438
2020-12-02 14:11:06.570 23 INFO neutron.wsgi [req-e6b695af-0b8c-4b26-8e24-b8a75e925a96 851af1939a9b4ff8808a741857d37b46 761947fab1374992bf04ee79f6b6b929 - default default] 10.31.10.3,10.31.10.1 "GET /v2.0/ports?tenant_id=63be5b4f4d784088b73cd36e6114f00e&device_id=a1cd5b9c-26b5-413f-8af6-e2fb9f3d8697 HTTP/1.1" status: 200 len: 1318 time: 0.0760777
2020-12-02 14:11:06.817 23 INFO neutron.wsgi [req-e2f4033d-4253-44a9-812b-a518eb00e9a5 0da1bc1a3acc45d0aca57e504c04ea17 63be5b4f4d784088b73cd36e6114f00e - default default] 10.31.10.2,10.31.10.1 "GET /v2.0/networks HTTP/1.1" status: 200 len: 2312 time: 0.1561422
2020-12-02 14:11:06.892 25 INFO neutron.wsgi [req-1efa5e1c-b0e3-49dc-b0cf-3e00fe935f55 0da1bc1a3acc45d0aca57e504c04ea17 63be5b4f4d784088b73cd36e6114f00e - default default] 10.31.10.2,10.31.10.1 "GET /v2.0/subnets HTTP/1.1" status: 200 len: 2016 time: 0.0635204
2020-12-02 14:11:07.093 22 INFO neutron.wsgi [req-c4698cef-26d4-4ae2-b11d-630731725ce3 0da1bc1a3acc45d0aca57e504c04ea17 63be5b4f4d784088b73cd36e6114f00e - default default] 10.31.10.2,10.31.10.1 "GET /v2.0/networks/31d7fa17-bee4-4ca0-8150-8bdf6a8ca8c2/dhcp-agents HTTP/1.1" status: 200 len: 1350 time: 0.0278068
2020-12-02 14:11:07.170 22 INFO neutron.wsgi [req-fdb051aa-1867-4a6d-8b70-d3c98b1a24c3 0da1bc1a3acc45d0aca57e504c04ea17 63be5b4f4d784088b73cd36e6114f00e - default default] 10.31.10.2,10.31.10.1 "GET /v2.0/networks/c8e1bba8-da86-4439-a984-1085e84d9405/dhcp-agents HTTP/1.1" status: 200 len: 1350 time: 0.0297313
2020-12-02 14:11:10.224 22 INFO neutron.wsgi [req-c7aee5ee-11df-4e56-80a8-3a62337e09b3 0da1bc1a3acc45d0aca57e504c04ea17 63be5b4f4d784088b73cd36e6114f00e - default default] 10.31.10.2,10.31.10.1 "GET /v2.0/extensions HTTP/1.1" status: 200 len: 14561 time: 0.0103133
2020-12-02 14:11:10.601 22 INFO neutron.wsgi [req-a2db0c39-2246-4867-876e-a8c535d54c1a 0da1bc1a3acc45d0aca57e504c04ea17 63be5b4f4d784088b73cd36e6114f00e - default default] 10.31.10.2,10.31.10.1 "GET /v2.0/networks/c8e1bba8-da86-4439-a984-1085e84d9405 HTTP/1.1" status: 200 len: 902 time: 0.1294508
2020-12-02 14:11:15.556 24 INFO neutron.wsgi [req-f4841bb4-ba7e-4422-a987-a7b957f45ba7 0da1bc1a3acc45d0aca57e504c04ea17 63be5b4f4d784088b73cd36e6114f00e - default default] 10.31.10.2,10.31.10.1 "GET /v2.0/extensions HTTP/1.1" status: 200 len: 14561 time: 0.0109086
2020-12-02 14:11:15.834 21 INFO neutron.wsgi [req-27e58c1a-7327-466e-91ff-c65be8a93d5b 0da1bc1a3acc45d0aca57e504c04ea17 63be5b4f4d784088b73cd36e6114f00e - default default] 10.31.10.2,10.31.10.1 "GET /v2.0/networks/c8e1bba8-da86-4439-a984-1085e84d9405 HTTP/1.1" status: 200 len: 902 time: 0.1531107
2020-12-02 14:11:16.300 25 INFO neutron.wsgi [req-3c2f68eb-62c3-43ee-9cad-2c693a4b3d98 0da1bc1a3acc45d0aca57e504c04ea17 63be5b4f4d784088b73cd36e6114f00e - default default] 10.31.10.2,10.31.10.1 "GET /v2.0/networks/c8e1bba8-da86-4439-a984-1085e84d9405 HTTP/1.1" status: 200 len: 902 time: 0.1152890
2020-12-02 14:11:17.447 25 INFO neutron.wsgi [req-d0f78549-8ef7-4b7c-ab46-93ec58c3d67b 0da1bc1a3acc45d0aca57e504c04ea17 63be5b4f4d784088b73cd36e6114f00e - default default] 10.31.10.2,10.31.10.1 "GET /v2.0/ports?network_id=c8e1bba8-da86-4439-a984-1085e84d9405 HTTP/1.1" status: 200 len: 1318 time: 0.0824237
2020-12-02 14:11:17.830 25 INFO neutron.wsgi [req-f6775430-08df-458a-946e-c10f32725589 0da1bc1a3acc45d0aca57e504c04ea17 63be5b4f4d784088b73cd36e6114f00e - default default] 10.31.10.2,10.31.10.1 "GET /v2.0/quotas/63be5b4f4d784088b73cd36e6114f00e/details HTTP/1.1" status: 200 len: 972 time: 0.1452730
2020-12-02 14:11:18.275 25 INFO neutron.wsgi [req-c58e0d2a-8cfa-4917-bfe1-e5369b969277 0da1bc1a3acc45d0aca57e504c04ea17 63be5b4f4d784088b73cd36e6114f00e - default default] 10.31.10.2,10.31.10.1 "GET /v2.0/quotas/63be5b4f4d784088b73cd36e6114f00e/details HTTP/1.1" status: 200 len: 972 time: 0.1313636
2020-12-02 14:11:20.122 24 INFO neutron.wsgi [req-3ea1d693-e93a-4c7a-9b1d-61e575e9d715 851af1939a9b4ff8808a741857d37b46 761947fab1374992bf04ee79f6b6b929 - default default] 10.31.10.2,10.31.10.1 "GET /v2.0/networks?id=31d7fa17-bee4-4ca0-8150-8bdf6a8ca8c2 HTTP/1.1" status: 200 len: 902 time: 0.1486976
2020-12-02 14:11:20.378 21 INFO neutron.wsgi [req-2e1a7d13-0ab2-4219-8c04-32c7f104c3ad 851af1939a9b4ff8808a741857d37b46 761947fab1374992bf04ee79f6b6b929 - default default] 10.31.10.2,10.31.10.1 "GET /v2.0/ports?network_id=31d7fa17-bee4-4ca0-8150-8bdf6a8ca8c2&device_owner=network%3Adhcp HTTP/1.1" status: 200 len: 2479 time: 0.0713241
2020-12-02 14:11:25.500 21 INFO neutron.wsgi [-] 10.31.10.1 "GET / HTTP/1.1" status: 200 len: 228 time: 0.0105009
2020-12-02 14:11:38.941 21 INFO neutron.wsgi [req-2c721429-74f3-4835-9bf6-660cdde4ca00 0da1bc1a3acc45d0aca57e504c04ea17 63be5b4f4d784088b73cd36e6114f00e - default default] 10.31.10.2,10.31.10.1 "GET /v2.0/subnets/226b7ffb-b593-46b7-a0aa-f239c871bd0c HTTP/1.1" status: 200 len: 780 time: 0.0717678
2020-12-02 14:11:39.265 24 INFO neutron.wsgi [req-a1e979eb-c524-4d58-b2ec-5202568b11ff 0da1bc1a3acc45d0aca57e504c04ea17 63be5b4f4d784088b73cd36e6114f00e - default default] 10.31.10.2,10.31.10.1 "GET /v2.0/extensions HTTP/1.1" status: 200 len: 14561 time: 0.0113413
2020-12-02 14:11:42.204 24 INFO neutron.wsgi [req-fc0e6376-c091-4d58-8394-06b2a63eb4f0 0da1bc1a3acc45d0aca57e504c04ea17 63be5b4f4d784088b73cd36e6114f00e - default default] 10.31.10.2,10.31.10.1 "GET /v2.0/subnetpools HTTP/1.1" status: 200 len: 193 time: 0.0260897
2020-12-02 14:11:44.949 24 INFO neutron.wsgi [req-b251beba-10fa-492f-96ff-e42592f305d6 0da1bc1a3acc45d0aca57e504c04ea17 63be5b4f4d784088b73cd36e6114f00e - default default] 10.31.10.2,10.31.10.1 "GET /v2.0/subnetpools HTTP/1.1" status: 200 len: 193 time: 0.0246375
2020-12-02 14:11:55.670 24 INFO neutron.wsgi [-] 10.31.10.1 "GET / HTTP/1.1" status: 200 len: 228 time: 0.0041943
2020-12-02 14:12:00.583 24 INFO neutron.wsgi [req-bac999ea-c355-42e9-9dd0-06500eafd19e 0da1bc1a3acc45d0aca57e504c04ea17 63be5b4f4d784088b73cd36e6114f00e - default default] 10.31.10.2,10.31.10.1 "GET /v2.0/subnetpools HTTP/1.1" status: 200 len: 193 time: 0.0288880
2020-12-02 14:12:01.310 24 INFO neutron.wsgi [req-b8d8158b-c20d-474d-ad7b-ea2d94eea19f 0da1bc1a3acc45d0aca57e504c04ea17 63be5b4f4d784088b73cd36e6114f00e - default default] 10.31.10.2,10.31.10.1 "GET /v2.0/extensions HTTP/1.1" status: 200 len: 14561 time: 0.0104449
2020-12-02 14:12:01.819 24 INFO neutron.wsgi [req-34cdf262-4fc5-4d89-b4db-45c255617c57 0da1bc1a3acc45d0aca57e504c04ea17 63be5b4f4d784088b73cd36e6114f00e - default default] 10.31.10.2,10.31.10.1 "GET /v2.0/networks/c8e1bba8-da86-4439-a984-1085e84d9405 HTTP/1.1" status: 200 len: 902 time: 0.2804217
2020-12-02 14:12:02.579 24 INFO neutron.wsgi [req-58a44659-d178-45f7-a954-e39f1293924f 0da1bc1a3acc45d0aca57e504c04ea17 63be5b4f4d784088b73cd36e6114f00e - default default] 10.31.10.2,10.31.10.1 "GET /v2.0/extensions HTTP/1.1" status: 200 len: 14561 time: 0.0122101
2020-12-02 14:12:02.801 24 INFO neutron.wsgi [req-4e8fa8a2-d815-4c11-bb3b-b352f5ac9a71 0da1bc1a3acc45d0aca57e504c04ea17 63be5b4f4d784088b73cd36e6114f00e - default default] 10.31.10.2,10.31.10.1 "GET /v2.0/networks/c8e1bba8-da86-4439-a984-1085e84d9405 HTTP/1.1" status: 200 len: 902 time: 0.1183429
2020-12-02 14:12:03.230 23 INFO neutron.wsgi [req-78e49622-ae2a-4523-8548-2cccc8661f6a 0da1bc1a3acc45d0aca57e504c04ea17 63be5b4f4d784088b73cd36e6114f00e - default default] 10.31.10.2,10.31.10.1 "GET /v2.0/networks/c8e1bba8-da86-4439-a984-1085e84d9405 HTTP/1.1" status: 200 len: 902 time: 0.1326957
2020-12-02 14:12:07.572 22 INFO neutron.wsgi [req-d3352fd4-459b-43ba-9fbd-fdf23dfe7313 851af1939a9b4ff8808a741857d37b46 761947fab1374992bf04ee79f6b6b929 - default default] 10.31.10.3,10.31.10.1 "GET /v2.0/ports?tenant_id=63be5b4f4d784088b73cd36e6114f00e&device_id=a1cd5b9c-26b5-413f-8af6-e2fb9f3d8697 HTTP/1.1" status: 200 len: 1318 time: 0.0961139
2020-12-02 14:12:07.903 25 INFO neutron.wsgi [req-bb115a7f-4c9d-485a-ab78-8e841c2c8686 851af1939a9b4ff8808a741857d37b46 761947fab1374992bf04ee79f6b6b929 - default default] 10.31.10.3,10.31.10.1 "GET /v2.0/subnets?id=226b7ffb-b593-46b7-a0aa-f239c871bd0c HTTP/1.1" status: 200 len: 783 time: 0.0661800
2020-12-02 14:12:08.235 24 INFO neutron.wsgi [req-02fea547-d965-409f-81ee-1666ce858265 851af1939a9b4ff8808a741857d37b46 761947fab1374992bf04ee79f6b6b929 - default default] 10.31.10.3,10.31.10.1 "GET /v2.0/networks/c8e1bba8-da86-4439-a984-1085e84d9405?fields=provider%3Aphysical_network&fields=provider%3Anetwork_type HTTP/1.1" status: 200 len: 257 time: 0.1347618
2020-12-02 14:12:21.113 21 INFO neutron.wsgi [req-4b6e6a97-8680-4b73-9f63-921b1b065abb 851af1939a9b4ff8808a741857d37b46 761947fab1374992bf04ee79f6b6b929 - default default] 10.31.10.2,10.31.10.1 "GET /v2.0/networks?id=31d7fa17-bee4-4ca0-8150-8bdf6a8ca8c2 HTTP/1.1" status: 200 len: 902 time: 0.1306791
2020-12-02 14:12:21.368 24 INFO neutron.wsgi [req-ef862ddf-14dc-438b-872c-0538746cadb4 851af1939a9b4ff8808a741857d37b46 761947fab1374992bf04ee79f6b6b929 - default default] 10.31.10.2,10.31.10.1 "GET /v2.0/ports?network_id=31d7fa17-bee4-4ca0-8150-8bdf6a8ca8c2&device_owner=network%3Adhcp HTTP/1.1" status: 200 len: 2479 time: 0.0753210
2020-12-02 14:12:25.842 21 INFO neutron.wsgi [-] 10.31.10.1 "GET / HTTP/1.1" status: 200 len: 228 time: 0.0042596
2020-12-02 14:12:56.022 24 INFO neutron.wsgi [-] 10.31.10.1 "GET / HTTP/1.1" status: 200 len: 228 time: 0.0054412
2020-12-02 14:13:07.411 24 INFO neutron.wsgi [req-3757c588-52f8-4ca4-9bec-67415df64ba2 851af1939a9b4ff8808a741857d37b46 761947fab1374992bf04ee79f6b6b929 - default default] 10.31.10.3,10.31.10.1 "GET /v2.0/ports?device_id=a1cd5b9c-26b5-413f-8af6-e2fb9f3d8697&fields=binding%3Ahost_id&fields=binding%3Avif_type HTTP/1.1" status: 200 len: 238 time: 0.0929470
2020-12-02 14:13:07.837 24 INFO neutron.wsgi [req-3415c363-3395-452a-a382-885d33cd66b3 851af1939a9b4ff8808a741857d37b46 761947fab1374992bf04ee79f6b6b929 - default default] 10.31.10.3,10.31.10.1 "GET /v2.0/floatingips?fixed_ip_address=10.31.11.100&port_id=902028fa-f267-424a-b762-3bc7354d5423 HTTP/1.1" status: 200 len: 193 time: 0.0628192
2020-12-02 14:13:08.126 21 INFO neutron.wsgi [req-5231cf39-fd35-4a99-ba55-95fa860ddecf 851af1939a9b4ff8808a741857d37b46 761947fab1374992bf04ee79f6b6b929 - default default] 10.31.10.3,10.31.10.1 "GET /v2.0/networks/c8e1bba8-da86-4439-a984-1085e84d9405?fields=segments HTTP/1.1" status: 200 len: 188 time: 0.1320827
2020-12-02 14:13:21.951 24 INFO neutron.wsgi [req-aec768ef-10f5-4201-9c05-d562bd681eb5 851af1939a9b4ff8808a741857d37b46 761947fab1374992bf04ee79f6b6b929 - default default] 10.31.10.2,10.31.10.1 "GET /v2.0/ports?tenant_id=63be5b4f4d784088b73cd36e6114f00e&device_id=43362a64-7c50-48f8-b7e2-97a6f3ab6ba6 HTTP/1.1" status: 200 len: 1315 time: 0.0712554
2020-12-02 14:13:22.286 22 INFO neutron.wsgi [req-ae3bd646-536b-4003-a201-d4562c4e17c2 851af1939a9b4ff8808a741857d37b46 761947fab1374992bf04ee79f6b6b929 - default default] 10.31.10.2,10.31.10.1 "GET /v2.0/subnets?id=355627ec-9f34-485a-8c9f-63327e7fe7f8 HTTP/1.1" status: 200 len: 818 time: 0.0680182
2020-12-02 14:13:22.553 25 INFO neutron.wsgi [req-5b0d6c0c-d8c0-4904-a96f-abab5080cef4 851af1939a9b4ff8808a741857d37b46 761947fab1374992bf04ee79f6b6b929 - default default] 10.31.10.2,10.31.10.1 "GET /v2.0/networks/31d7fa17-bee4-4ca0-8150-8bdf6a8ca8c2?fields=segments HTTP/1.1" status: 200 len: 188 time: 0.1269584
2020-12-02 14:13:26.203 25 INFO neutron.wsgi [-] 10.31.10.1 "GET / HTTP/1.1" status: 200 len: 228 time: 0.0090930
2020-12-02 14:13:49.857 25 INFO neutron.wsgi [req-a139567c-d2f1-402f-a104-eed0721765a5 0da1bc1a3acc45d0aca57e504c04ea17 63be5b4f4d784088b73cd36e6114f00e - default default] 10.31.10.2,10.31.10.1 "GET /v2.0/ports?network_id=c8e1bba8-da86-4439-a984-1085e84d9405 HTTP/1.1" status: 200 len: 1318 time: 0.0843179
2020-12-02 14:13:50.230 21 INFO neutron.wsgi [req-48239060-7877-45ea-b985-5ee573025b28 0da1bc1a3acc45d0aca57e504c04ea17 63be5b4f4d784088b73cd36e6114f00e - default default] 10.31.10.2,10.31.10.1 "GET /v2.0/quotas/63be5b4f4d784088b73cd36e6114f00e/details HTTP/1.1" status: 200 len: 972 time: 0.1453214
2020-12-02 14:13:50.749 23 INFO neutron.wsgi [req-5b1dc758-1ea6-46bb-a4d3-a391b94562a9 0da1bc1a3acc45d0aca57e504c04ea17 63be5b4f4d784088b73cd36e6114f00e - default default] 10.31.10.2,10.31.10.1 "GET /v2.0/quotas/63be5b4f4d784088b73cd36e6114f00e/details HTTP/1.1" status: 200 len: 972 time: 0.1577537
2020-12-02 14:13:53.215 22 INFO neutron.wsgi [req-69c4c3d5-9ac2-4dd6-829e-19a0a57bb836 0da1bc1a3acc45d0aca57e504c04ea17 63be5b4f4d784088b73cd36e6114f00e - default default] 10.31.10.2,10.31.10.1 "GET /v2.0/security-groups?tenant_id=63be5b4f4d784088b73cd36e6114f00e HTTP/1.1" status: 200 len: 4653 time: 0.0597637
2020-12-02 14:13:56.375 25 INFO neutron.wsgi [-] 10.31.10.1 "GET / HTTP/1.1" status: 200 len: 228 time: 0.0097327
2020-12-02 14:13:59.984 21 INFO neutron.wsgi [req-e2cbb6c9-04c4-44fd-bfff-fbe4f1ee45c4 0da1bc1a3acc45d0aca57e504c04ea17 63be5b4f4d784088b73cd36e6114f00e - default default] 10.31.10.2,10.31.10.1 "GET /v2.0/extensions HTTP/1.1" status: 200 len: 14561 time: 0.0113537
2020-12-02 14:14:01.015 21 INFO neutron.wsgi [req-9911f193-5a55-42bf-9e9c-287ec70d6ae8 0da1bc1a3acc45d0aca57e504c04ea17 63be5b4f4d784088b73cd36e6114f00e - default default] 10.31.10.2,10.31.10.1 "PUT /v2.0/ports/902028fa-f267-424a-b762-3bc7354d5423 HTTP/1.1" status: 200 len: 1278 time: 0.8629453
2020-12-02 14:14:01.279 21 INFO neutron.wsgi [req-80cd5efe-f8d5-4004-b151-1183abd72aef 0da1bc1a3acc45d0aca57e504c04ea17 63be5b4f4d784088b73cd36e6114f00e - default default] 10.31.10.2,10.31.10.1 "GET /v2.0/subnets/226b7ffb-b593-46b7-a0aa-f239c871bd0c HTTP/1.1" status: 200 len: 780 time: 0.0688515
2020-12-02 14:14:01.688 21 INFO neutron.notifiers.nova [-] Nova event response: {'name': 'network-changed', 'server_uuid': 'a1cd5b9c-26b5-413f-8af6-e2fb9f3d8697', 'tag': '902028fa-f267-424a-b762-3bc7354d5423', 'status': 'completed', 'code': 200}
2020-12-02 14:14:01.775 21 INFO neutron.wsgi [req-e8951ff4-bce7-4082-85d7-4ccee7a315ba 0da1bc1a3acc45d0aca57e504c04ea17 63be5b4f4d784088b73cd36e6114f00e - default default] 10.31.10.2,10.31.10.1 "GET /v2.0/quotas/63be5b4f4d784088b73cd36e6114f00e/details HTTP/1.1" status: 200 len: 972 time: 0.1274691
2020-12-02 14:14:02.042 21 INFO neutron.wsgi [req-a751cfd5-7b65-4b8f-8680-868742a870de 851af1939a9b4ff8808a741857d37b46 761947fab1374992bf04ee79f6b6b929 - default default] 10.31.10.3,10.31.10.1 "GET /v2.0/floatingips?fixed_ip_address=10.31.11.100&port_id=902028fa-f267-424a-b762-3bc7354d5423 HTTP/1.1" status: 200 len: 193 time: 0.0600681
2020-12-02 14:14:02.202 25 INFO neutron.wsgi [req-78109577-6077-43a3-961f-1fc1912468e4 851af1939a9b4ff8808a741857d37b46 761947fab1374992bf04ee79f6b6b929 - default default] 10.31.10.3,10.31.10.1 "GET /v2.0/extensions HTTP/1.1" status: 200 len: 14561 time: 0.0082595
2020-12-02 14:14:02.414 25 INFO neutron.wsgi [req-be2597ad-5b50-4d77-a166-27238a6b9dc9 0da1bc1a3acc45d0aca57e504c04ea17 63be5b4f4d784088b73cd36e6114f00e - default default] 10.31.10.2,10.31.10.1 "GET /v2.0/ports?network_id=c8e1bba8-da86-4439-a984-1085e84d9405 HTTP/1.1" status: 200 len: 1281 time: 0.0733664
2020-12-02 14:14:02.636 23 INFO neutron.wsgi [req-8537bfe6-5f3e-4188-8101-50b4e5e1400f 0da1bc1a3acc45d0aca57e504c04ea17 63be5b4f4d784088b73cd36e6114f00e - default default] 10.31.10.2,10.31.10.1 "GET /v2.0/subnets/226b7ffb-b593-46b7-a0aa-f239c871bd0c HTTP/1.1" status: 200 len: 780 time: 0.0679262
2020-12-02 14:14:03.092 21 INFO neutron.wsgi [req-6a19a138-4a6e-42e3-88ea-75249d4e7d54 0da1bc1a3acc45d0aca57e504c04ea17 63be5b4f4d784088b73cd36e6114f00e - default default] 10.31.10.2,10.31.10.1 "GET /v2.0/subnets/226b7ffb-b593-46b7-a0aa-f239c871bd0c HTTP/1.1" status: 200 len: 780 time: 0.0609713
2020-12-02 14:14:09.699 21 INFO neutron.wsgi [req-d2f27774-9bae-4302-bfec-f82bb094f41a 0da1bc1a3acc45d0aca57e504c04ea17 63be5b4f4d784088b73cd36e6114f00e - default default] 10.31.10.3,10.31.10.1 "GET /v2.0/security-groups?id=b92ca6e7-6354-4c1e-a781-6be287e270a3&fields=id&fields=name HTTP/1.1" status: 200 len: 262 time: 0.0498025
2020-12-02 14:14:09.957 21 INFO neutron.wsgi [req-386df37e-fd9f-4e2c-927f-a0656b3c7343 0da1bc1a3acc45d0aca57e504c04ea17 63be5b4f4d784088b73cd36e6114f00e - default default] 10.31.10.2,10.31.10.1 "GET /v2.0/ports?tenant_id=63be5b4f4d784088b73cd36e6114f00e HTTP/1.1" status: 200 len: 4701 time: 0.0814168
2020-12-02 14:14:10.426 24 INFO neutron.wsgi [req-02d863dc-13c5-43dd-9bc6-5256df3f367a 851af1939a9b4ff8808a741857d37b46 761947fab1374992bf04ee79f6b6b929 - default default] 10.31.10.3,10.31.10.1 "GET /v2.0/ports?device_id=a1cd5b9c-26b5-413f-8af6-e2fb9f3d8697&fields=binding%3Ahost_id&fields=binding%3Avif_type HTTP/1.1" status: 200 len: 238 time: 0.1586533
2020-12-02 14:14:10.774 24 INFO neutron.wsgi [req-91febd41-3a60-4ece-b23d-af8c7a4ad294 851af1939a9b4ff8808a741857d37b46 761947fab1374992bf04ee79f6b6b929 - default default] 10.31.10.3,10.31.10.1 "GET /v2.0/networks?id=c8e1bba8-da86-4439-a984-1085e84d9405 HTTP/1.1" status: 200 len: 905 time: 0.1259198
2020-12-02 14:14:11.140 21 INFO neutron.wsgi [req-273de5f4-805a-4fae-a335-7357e4d897f9 851af1939a9b4ff8808a741857d37b46 761947fab1374992bf04ee79f6b6b929 - default default] 10.31.10.3,10.31.10.1 "GET /v2.0/ports?network_id=c8e1bba8-da86-4439-a984-1085e84d9405&device_owner=network%3Adhcp HTTP/1.1" status: 200 len: 186 time: 0.0489018
2020-12-02 14:14:14.217 21 INFO neutron.wsgi [req-e063dfcd-2f30-4843-a39e-e96cce53a8f6 0da1bc1a3acc45d0aca57e504c04ea17 63be5b4f4d784088b73cd36e6114f00e - default default] 10.31.10.20,10.31.10.1 "GET /v2.0/ports?device_id=a1cd5b9c-26b5-413f-8af6-e2fb9f3d8697 HTTP/1.1" status: 200 len: 1281 time: 0.1649966
2020-12-02 14:14:14.599 25 INFO neutron.wsgi [req-bf620275-d27c-4b65-8c22-ff89b816e6f2 0da1bc1a3acc45d0aca57e504c04ea17 63be5b4f4d784088b73cd36e6114f00e - default default] 10.31.10.2,10.31.10.1 "GET /v2.0/floatingips?port_id=902028fa-f267-424a-b762-3bc7354d5423&tenant_id=63be5b4f4d784088b73cd36e6114f00e HTTP/1.1" status: 200 len: 193 time: 0.0683322
