2020-12-02 17:44:41.478 23 INFO neutron.wsgi [req-80f2c7c4-6e27-4b58-ba75-799c881aa389 0da1bc1a3acc45d0aca57e504c04ea17 63be5b4f4d784088b73cd36e6114f00e - default default] 192.168.208.187,10.31.10.1 "GET /v2.0/routers/78cd9936-45db-4b85-8412-26be455ab469 HTTP/1.1" status: 404 len: 317 time: 0.0795774
2020-12-02 17:44:42.017 24 INFO neutron.wsgi [req-16c96cc9-fd09-4948-bd2e-5fb8e9fab597 851af1939a9b4ff8808a741857d37b46 761947fab1374992bf04ee79f6b6b929 - default default] 10.31.10.20,10.31.10.1 "GET /v2.0/ports?network_id=c8e1bba8-da86-4439-a984-1085e84d9405&device_owner=network%3Adhcp HTTP/1.1" status: 200 len: 186 time: 0.0502062
2020-12-02 17:44:42.520 25 INFO neutron.wsgi [req-e0820df1-13ea-495e-9648-3fdaee1aa16f 0da1bc1a3acc45d0aca57e504c04ea17 63be5b4f4d784088b73cd36e6114f00e - default default] 192.168.208.187,10.31.10.1 "DELETE /v2.0/networks/96a11aa9-3b4f-49fa-90a3-c53ba587e296 HTTP/1.1" status: 204 len: 149 time: 0.9481199
2020-12-02 17:44:42.550 24 INFO neutron.api.v2.resource [req-eb74c933-ce4f-47a6-b11a-9e7da75190e9 0da1bc1a3acc45d0aca57e504c04ea17 63be5b4f4d784088b73cd36e6114f00e - default default] show failed (client error): The resource could not be found.
2020-12-02 17:44:42.551 24 INFO neutron.wsgi [req-eb74c933-ce4f-47a6-b11a-9e7da75190e9 0da1bc1a3acc45d0aca57e504c04ea17 63be5b4f4d784088b73cd36e6114f00e - default default] 192.168.208.187,10.31.10.1 "GET /v2.0/routers/f06a6a29-2bfc-4892-a260-2904e616715f HTTP/1.1" status: 404 len: 317 time: 0.0620620
2020-12-02 17:44:42.719 25 INFO neutron.wsgi [-] 10.31.10.1 "GET / HTTP/1.1" status: 200 len: 228 time: 0.0069876
2020-12-02 17:44:42.956 25 INFO neutron.services.segments.plugin [-] Segment 721d1566-e3e5-4a3d-805d-f9228c6e2cff resource provider aggregate not found
2020-12-02 17:44:42.982 25 INFO neutron.services.segments.plugin [-] Segment 721d1566-e3e5-4a3d-805d-f9228c6e2cff resource provider not found; error: Placement Client Error (4xx): {"errors": [{"status": 404, "title": "Not Found", "detail": "The resource could not be found.\n\n No resource provider with uuid 721d1566-e3e5-4a3d-805d-f9228c6e2cff found for delete ", "request_id": "req-6f2b00a0-4dde-488a-9ce5-6eceff6e6124"}]}
2020-12-02 17:44:42.983 23 INFO neutron.wsgi [req-9b8727c7-89d4-401c-9190-f2feb6358321 0da1bc1a3acc45d0aca57e504c04ea17 63be5b4f4d784088b73cd36e6114f00e - default default] 192.168.208.187,10.31.10.1 "DELETE /v2.0/networks/e1fa9917-969b-4d63-a24a-6ac0d8c7de97 HTTP/1.1" status: 204 len: 149 time: 1.3245351
2020-12-02 17:44:43.392 23 INFO neutron.services.segments.plugin [-] Segment dfbd9885-ab30-4305-bfe9-feae38c73503 resource provider aggregate not found
2020-12-02 17:44:43.426 23 INFO neutron.services.segments.plugin [-] Segment dfbd9885-ab30-4305-bfe9-feae38c73503 resource provider not found; error: Placement Client Error (4xx): {"errors": [{"status": 404, "title": "Not Found", "detail": "The resource could not be found.\n\n No resource provider with uuid dfbd9885-ab30-4305-bfe9-feae38c73503 found for delete ", "request_id": "req-4ecb0cd3-ef79-4591-baf7-5cce5005eaad"}]}
2020-12-02 17:44:48.103 24 INFO neutron.pecan_wsgi.hooks.translation [req-efce11ff-865d-4879-85f6-b5ad9707ae24 0da1bc1a3acc45d0aca57e504c04ea17 63be5b4f4d784088b73cd36e6114f00e - default default] GET failed (client error): The resource could not be found.
2020-12-02 17:44:48.105 24 INFO neutron.wsgi [req-efce11ff-865d-4879-85f6-b5ad9707ae24 0da1bc1a3acc45d0aca57e504c04ea17 63be5b4f4d784088b73cd36e6114f00e - default default] 192.168.208.187,10.31.10.1 "GET /v2.0/networks/e1fa9917-969b-4d63-a24a-6ac0d8c7de97 HTTP/1.1" status: 404 len: 320 time: 0.0302365
2020-12-02 17:44:59.613 24 INFO neutron.wsgi [req-17ccc37d-e815-4c1a-ab6b-d09c7349851c 851af1939a9b4ff8808a741857d37b46 761947fab1374992bf04ee79f6b6b929 - default default] 10.31.10.3,10.31.10.1 "GET /v2.0/ports?tenant_id=63be5b4f4d784088b73cd36e6114f00e&device_id=12606f42-4bd4-4c46-869a-034d53d6e431 HTTP/1.1" status: 200 len: 1336 time: 0.0844541
2020-12-02 17:44:59.944 24 INFO neutron.wsgi [req-6a396c4a-a878-40cb-9073-c31ad9e3d7ff 851af1939a9b4ff8808a741857d37b46 761947fab1374992bf04ee79f6b6b929 - default default] 10.31.10.3,10.31.10.1 "GET /v2.0/subnets?id=355627ec-9f34-485a-8c9f-63327e7fe7f8 HTTP/1.1" status: 200 len: 818 time: 0.0618083
2020-12-02 17:45:00.330 25 INFO neutron.wsgi [req-95d998b8-dcfb-4c17-ab3f-af59e0f00866 851af1939a9b4ff8808a741857d37b46 761947fab1374992bf04ee79f6b6b929 - default default] 10.31.10.3,10.31.10.1 "GET /v2.0/networks/31d7fa17-bee4-4ca0-8150-8bdf6a8ca8c2?fields=provider%3Aphysical_network&fields=provider%3Anetwork_type HTTP/1.1" status: 200 len: 257 time: 0.1211896
2020-12-02 17:45:12.899 25 INFO neutron.wsgi [-] 10.31.10.1 "GET / HTTP/1.1" status: 200 len: 228 time: 0.0078177
2020-12-02 17:45:35.186 25 INFO neutron.wsgi [req-b9aaca78-8d68-418c-bd5d-e550fbc63753 851af1939a9b4ff8808a741857d37b46 761947fab1374992bf04ee79f6b6b929 - default default] 10.31.10.2,10.31.10.1 "GET /v2.0/networks?id=31d7fa17-bee4-4ca0-8150-8bdf6a8ca8c2 HTTP/1.1" status: 200 len: 902 time: 0.1248591
2020-12-02 17:45:35.432 25 INFO neutron.wsgi [req-516988bb-7274-4001-affb-b0b6022691a1 851af1939a9b4ff8808a741857d37b46 761947fab1374992bf04ee79f6b6b929 - default default] 10.31.10.2,10.31.10.1 "GET /v2.0/ports?network_id=31d7fa17-bee4-4ca0-8150-8bdf6a8ca8c2&device_owner=network%3Adhcp HTTP/1.1" status: 200 len: 2479 time: 0.0684140
2020-12-02 17:45:41.451 25 INFO neutron.wsgi [req-54911cb8-5e61-49b7-a9f7-99993c549622 851af1939a9b4ff8808a741857d37b46 761947fab1374992bf04ee79f6b6b929 - default default] 10.31.10.20,10.31.10.1 "GET /v2.0/ports?device_id=a4e73fe7-cf28-4d45-ad4f-ba65977536de&fields=binding%3Ahost_id&fields=binding%3Avif_type HTTP/1.1" status: 200 len: 238 time: 0.0795920
2020-12-02 17:45:41.868 25 INFO neutron.wsgi [req-4a02ea17-278a-4a14-8cf7-49256ee22f63 851af1939a9b4ff8808a741857d37b46 761947fab1374992bf04ee79f6b6b929 - default default] 10.31.10.20,10.31.10.1 "GET /v2.0/floatingips?fixed_ip_address=10.31.11.197&port_id=638dbe1c-3bfb-4f03-a2f5-bac3e9c1ee1b HTTP/1.1" status: 200 len: 193 time: 0.0572498
2020-12-02 17:45:42.138 25 INFO neutron.wsgi [req-f4d7c5e0-e054-4852-9db2-eaf726a18dc3 851af1939a9b4ff8808a741857d37b46 761947fab1374992bf04ee79f6b6b929 - default default] 10.31.10.20,10.31.10.1 "GET /v2.0/networks/c8e1bba8-da86-4439-a984-1085e84d9405?fields=segments HTTP/1.1" status: 200 len: 188 time: 0.1196365
2020-12-02 17:45:43.093 24 INFO neutron.wsgi [-] 10.31.10.1 "GET / HTTP/1.1" status: 200 len: 228 time: 0.0064387
2020-12-02 17:45:52.017 21 INFO neutron.db.segments_db [req-55ef03f1-f7a9-40a7-aac3-6093c4c861e7 0da1bc1a3acc45d0aca57e504c04ea17 63be5b4f4d784088b73cd36e6114f00e - default default] Added segment 77b5837d-08c2-4ae0-babe-a96e9d6006b9 of type vxlan for network 51a206c8-e322-43f1-94d5-58b7c866c7f1
2020-12-02 17:45:53.250 22 INFO neutron.db.segments_db [req-1aa67b3a-17a6-4563-bd91-c604dc6eaf6e 0da1bc1a3acc45d0aca57e504c04ea17 63be5b4f4d784088b73cd36e6114f00e - default default] Added segment 41056e14-6f62-4d6d-8b23-5793fbb61250 of type vxlan for network 89b3692a-7e07-4222-9410-d2ac205d058d
2020-12-02 17:45:53.767 22 INFO neutron.db.segments_db [req-3f431cf1-0d0a-4c59-a9fa-fc1d1e48ed76 0da1bc1a3acc45d0aca57e504c04ea17 63be5b4f4d784088b73cd36e6114f00e - default default] Added segment aa2eaa0c-8984-4801-82d3-993dbcd7a60c of type vxlan for network c916e49f-68f9-426f-8097-eebf5f8deaff
2020-12-02 17:45:55.087 22 INFO neutron.services.segments.plugin [-] Segment 41056e14-6f62-4d6d-8b23-5793fbb61250 resource provider aggregate not found
2020-12-02 17:45:55.112 22 INFO neutron.services.segments.plugin [-] Segment 41056e14-6f62-4d6d-8b23-5793fbb61250 resource provider not found; error: Placement Client Error (4xx): {"errors": [{"status": 404, "title": "Not Found", "detail": "The resource could not be found.\n\n No resource provider with uuid 41056e14-6f62-4d6d-8b23-5793fbb61250 found for delete ", "request_id": "req-ceeeb318-7651-43a1-abed-1505075b0640"}]}
2020-12-02 17:45:57.146 22 INFO neutron.services.segments.plugin [-] Segment aa2eaa0c-8984-4801-82d3-993dbcd7a60c resource provider aggregate not found
2020-12-02 17:45:57.175 22 INFO neutron.services.segments.plugin [-] Segment aa2eaa0c-8984-4801-82d3-993dbcd7a60c resource provider not found; error: Placement Client Error (4xx): {"errors": [{"status": 404, "title": "Not Found", "detail": "The resource could not be found.\n\n No resource provider with uuid aa2eaa0c-8984-4801-82d3-993dbcd7a60c found for delete ", "request_id": "req-2c3081f8-7c81-42d3-8f86-2d2d325719cf"}]}
2020-12-02 17:45:58.477 21 INFO neutron.wsgi [req-55ef03f1-f7a9-40a7-aac3-6093c4c861e7 0da1bc1a3acc45d0aca57e504c04ea17 63be5b4f4d784088b73cd36e6114f00e - default default] 192.168.208.187,10.31.10.1 "POST /v2.0/routers HTTP/1.1" status: 201 len: 693 time: 6.6211848
2020-12-02 17:45:59.538 22 INFO neutron.wsgi [req-1aa67b3a-17a6-4563-bd91-c604dc6eaf6e 0da1bc1a3acc45d0aca57e504c04ea17 63be5b4f4d784088b73cd36e6114f00e - default default] 192.168.208.187,10.31.10.1 "POST /v2.0/routers HTTP/1.1" status: 201 len: 694 time: 7.6719859
2020-12-02 17:45:59.792 32 INFO neutron.db.l3_db [req-e9f2c7ca-6751-46a2-822f-df12d1cc13aa - - - - -] Skipping port 357eecb0-c518-4650-a288-acc0d1998078 as no IP is configure on it
2020-12-02 17:45:59.793 32 INFO neutron.db.l3_db [req-e9f2c7ca-6751-46a2-822f-df12d1cc13aa - - - - -] Skipping port 357eecb0-c518-4650-a288-acc0d1998078 as no IP is configure on it
2020-12-02 17:46:00.773 32 INFO neutron.db.l3_db [req-e9f2c7ca-6751-46a2-822f-df12d1cc13aa - - - - -] Skipping port 357eecb0-c518-4650-a288-acc0d1998078 as no IP is configure on it
2020-12-02 17:46:00.774 32 INFO neutron.db.l3_db [req-e9f2c7ca-6751-46a2-822f-df12d1cc13aa - - - - -] Skipping port 357eecb0-c518-4650-a288-acc0d1998078 as no IP is configure on it
2020-12-02 17:46:01.386 24 INFO neutron.wsgi [req-e5d9a5b6-949e-4892-85bf-9a4ddabe660e 851af1939a9b4ff8808a741857d37b46 761947fab1374992bf04ee79f6b6b929 - default default] 10.31.10.3,10.31.10.1 "GET /v2.0/ports?device_id=a1cd5b9c-26b5-413f-8af6-e2fb9f3d8697&fields=binding%3Ahost_id&fields=binding%3Avif_type HTTP/1.1" status: 200 len: 238 time: 0.0750377
2020-12-02 17:46:01.595 22 INFO neutron.wsgi [req-3f431cf1-0d0a-4c59-a9fa-fc1d1e48ed76 0da1bc1a3acc45d0aca57e504c04ea17 63be5b4f4d784088b73cd36e6114f00e - default default] 192.168.208.187,10.31.10.1 "POST /v2.0/routers HTTP/1.1" status: 201 len: 694 time: 9.7181830
2020-12-02 17:46:01.785 21 INFO neutron.wsgi [req-cd5afc5a-45d8-44d0-90e9-2f03bd139326 851af1939a9b4ff8808a741857d37b46 761947fab1374992bf04ee79f6b6b929 - default default] 10.31.10.3,10.31.10.1 "GET /v2.0/floatingips?fixed_ip_address=10.31.11.100&port_id=902028fa-f267-424a-b762-3bc7354d5423 HTTP/1.1" status: 200 len: 193 time: 0.0613244
2020-12-02 17:46:02.007 27 INFO neutron.db.l3_db [req-d12a662c-dfec-4f56-aaab-5dbec0ea5725 - - - - -] Skipping port a90d1d54-52a3-46d1-b484-ca30f926cbfc as no IP is configure on it
2020-12-02 17:46:02.008 27 INFO neutron.db.l3_db [req-d12a662c-dfec-4f56-aaab-5dbec0ea5725 - - - - -] Skipping port a90d1d54-52a3-46d1-b484-ca30f926cbfc as no IP is configure on it
2020-12-02 17:46:02.036 23 INFO neutron.wsgi [req-6fcd3772-8efc-4317-b99c-f9aaba23cb3a 851af1939a9b4ff8808a741857d37b46 761947fab1374992bf04ee79f6b6b929 - default default] 10.31.10.3,10.31.10.1 "GET /v2.0/networks/c8e1bba8-da86-4439-a984-1085e84d9405?fields=segments HTTP/1.1" status: 200 len: 188 time: 0.1109602
2020-12-02 17:46:02.861 28 INFO neutron.db.l3_db [req-1fdf1395-adaa-49f4-b776-2f18968cd218 - - - - -] Skipping port 03f2dfa0-eff5-46b8-be5f-c932709f779d as no IP is configure on it
2020-12-02 17:46:02.862 28 INFO neutron.db.l3_db [req-1fdf1395-adaa-49f4-b776-2f18968cd218 - - - - -] Skipping port 03f2dfa0-eff5-46b8-be5f-c932709f779d as no IP is configure on it
2020-12-02 17:46:03.241 27 INFO neutron.db.l3_db [req-d12a662c-dfec-4f56-aaab-5dbec0ea5725 - - - - -] Skipping port a90d1d54-52a3-46d1-b484-ca30f926cbfc as no IP is configure on it
2020-12-02 17:46:03.241 27 INFO neutron.db.l3_db [req-d12a662c-dfec-4f56-aaab-5dbec0ea5725 - - - - -] Skipping port a90d1d54-52a3-46d1-b484-ca30f926cbfc as no IP is configure on it
2020-12-02 17:46:03.933 28 INFO neutron.db.l3_db [req-1fdf1395-adaa-49f4-b776-2f18968cd218 - - - - -] Skipping port 03f2dfa0-eff5-46b8-be5f-c932709f779d as no IP is configure on it
2020-12-02 17:46:03.933 28 INFO neutron.db.l3_db [req-1fdf1395-adaa-49f4-b776-2f18968cd218 - - - - -] Skipping port 03f2dfa0-eff5-46b8-be5f-c932709f779d as no IP is configure on it
2020-12-02 17:46:04.305 21 INFO neutron.wsgi [req-00795a69-9038-4273-b964-2cfa5091a04e 0da1bc1a3acc45d0aca57e504c04ea17 63be5b4f4d784088b73cd36e6114f00e - default default] 192.168.208.187,10.31.10.1 "GET /v2.0/routers/f2fa8db7-33ce-49b8-b537-d21ae5829175 HTTP/1.1" status: 200 len: 694 time: 0.3579733
2020-12-02 17:46:05.009 23 INFO neutron.wsgi [req-3eb009ca-217d-4091-bf26-abe0f1cac070 0da1bc1a3acc45d0aca57e504c04ea17 63be5b4f4d784088b73cd36e6114f00e - default default] 192.168.208.187,10.31.10.1 "GET /v2.0/routers/e7ce884a-0ae0-40cd-b7af-3ce6b8d3c713 HTTP/1.1" status: 200 len: 694 time: 0.3362882
2020-12-02 17:46:05.563 21 INFO neutron.wsgi [req-57e1a387-5559-47e0-b420-86e3da478aed 0da1bc1a3acc45d0aca57e504c04ea17 63be5b4f4d784088b73cd36e6114f00e - default default] 192.168.208.187,10.31.10.1 "GET /v2.0/routers/1848fc18-a0e1-43c2-b439-b96cd39306ed HTTP/1.1" status: 200 len: 695 time: 0.1729062
2020-12-02 17:46:07.041 21 INFO neutron.wsgi [req-09e4d43a-673b-4813-8a0f-7ad41a3e1910 0da1bc1a3acc45d0aca57e504c04ea17 63be5b4f4d784088b73cd36e6114f00e - default default] 192.168.208.187,10.31.10.1 "GET /v2.0/routers/6f558a80-7a4f-4fb9-a76f-749d145b319f HTTP/1.1" status: 200 len: 694 time: 0.1837797
2020-12-02 17:46:07.925 28 INFO neutron.db.l3_db [req-2bb7eb90-9fb5-413e-bc83-eddc1c6aa00c - - - - -] Skipping port b71ea3da-ecf7-464d-86a6-d2aa954b2cca as no IP is configure on it
2020-12-02 17:46:07.926 28 INFO neutron.db.l3_db [req-2bb7eb90-9fb5-413e-bc83-eddc1c6aa00c - - - - -] Skipping port b71ea3da-ecf7-464d-86a6-d2aa954b2cca as no IP is configure on it
2020-12-02 17:46:08.849 25 INFO neutron.wsgi [req-820beefa-a27e-425d-bf21-d48322994399 0da1bc1a3acc45d0aca57e504c04ea17 63be5b4f4d784088b73cd36e6114f00e - default default] 192.168.208.187,10.31.10.1 "GET /v2.0/routers/03e4d345-483f-4607-91ec-66b9dc877648 HTTP/1.1" status: 200 len: 694 time: 0.3782871
2020-12-02 17:46:09.088 28 INFO neutron.db.l3_db [req-2bb7eb90-9fb5-413e-bc83-eddc1c6aa00c - - - - -] Skipping port b71ea3da-ecf7-464d-86a6-d2aa954b2cca as no IP is configure on it
2020-12-02 17:46:09.088 28 INFO neutron.db.l3_db [req-2bb7eb90-9fb5-413e-bc83-eddc1c6aa00c - - - - -] Skipping port b71ea3da-ecf7-464d-86a6-d2aa954b2cca as no IP is configure on it
2020-12-02 17:46:10.542 27 INFO neutron.db.l3_db [req-17a019cc-1d50-498f-98e3-893225a10d37 - - - - -] Skipping port 9cb3a462-9ff2-4e10-ac43-15a2a0fe64b5 as no IP is configure on it
2020-12-02 17:46:10.543 27 INFO neutron.db.l3_db [req-17a019cc-1d50-498f-98e3-893225a10d37 - - - - -] Skipping port 9cb3a462-9ff2-4e10-ac43-15a2a0fe64b5 as no IP is configure on it
2020-12-02 17:46:10.567 32 INFO neutron.db.l3_db [req-8421ff24-4b2d-4c7e-bdcd-dded7c4c1dae - - - - -] Skipping port 67b59c0b-864f-4772-896d-412f6c71918b as no IP is configure on it
2020-12-02 17:46:10.568 32 INFO neutron.db.l3_db [req-8421ff24-4b2d-4c7e-bdcd-dded7c4c1dae - - - - -] Skipping port 67b59c0b-864f-4772-896d-412f6c71918b as no IP is configure on it
2020-12-02 17:46:11.023 28 INFO neutron.db.l3_db [req-8ef64e30-551c-45a4-8330-0f1d818121c3 - - - - -] Skipping port 4f62a30e-7cc1-4430-96a2-3cb0cc9da446 as no IP is configure on it
2020-12-02 17:46:11.023 28 INFO neutron.db.l3_db [req-8ef64e30-551c-45a4-8330-0f1d818121c3 - - - - -] Skipping port 4f62a30e-7cc1-4430-96a2-3cb0cc9da446 as no IP is configure on it
2020-12-02 17:46:11.071 24 INFO neutron.wsgi [req-1ae0a26b-e388-4f9b-a809-a4a9ec672376 0da1bc1a3acc45d0aca57e504c04ea17 63be5b4f4d784088b73cd36e6114f00e - default default] 192.168.208.187,10.31.10.1 "POST /v2.0/routers HTTP/1.1" status: 201 len: 693 time: 3.7683125
2020-12-02 17:46:11.665 27 INFO neutron.db.l3_db [req-17a019cc-1d50-498f-98e3-893225a10d37 - - - - -] Skipping port 9cb3a462-9ff2-4e10-ac43-15a2a0fe64b5 as no IP is configure on it
2020-12-02 17:46:11.666 27 INFO neutron.db.l3_db [req-17a019cc-1d50-498f-98e3-893225a10d37 - - - - -] Skipping port 9cb3a462-9ff2-4e10-ac43-15a2a0fe64b5 as no IP is configure on it
2020-12-02 17:46:11.826 32 INFO neutron.db.l3_db [req-8421ff24-4b2d-4c7e-bdcd-dded7c4c1dae - - - - -] Skipping port 67b59c0b-864f-4772-896d-412f6c71918b as no IP is configure on it
2020-12-02 17:46:11.826 32 INFO neutron.db.l3_db [req-8421ff24-4b2d-4c7e-bdcd-dded7c4c1dae - - - - -] Skipping port 67b59c0b-864f-4772-896d-412f6c71918b as no IP is configure on it
2020-12-02 17:46:12.268 28 INFO neutron.db.l3_db [req-8ef64e30-551c-45a4-8330-0f1d818121c3 - - - - -] Skipping port 4f62a30e-7cc1-4430-96a2-3cb0cc9da446 as no IP is configure on it
2020-12-02 17:46:12.269 28 INFO neutron.db.l3_db [req-8ef64e30-551c-45a4-8330-0f1d818121c3 - - - - -] Skipping port 4f62a30e-7cc1-4430-96a2-3cb0cc9da446 as no IP is configure on it
2020-12-02 17:46:12.515 26 INFO neutron.db.l3_db [req-c2e02af2-bdbe-4e18-bef2-6466cbe9797c - - - - -] Skipping port 14f81f92-9ec2-4517-af8f-bba8dfcb44d8 as no IP is configure on it
2020-12-02 17:46:12.516 26 INFO neutron.db.l3_db [req-c2e02af2-bdbe-4e18-bef2-6466cbe9797c - - - - -] Skipping port 14f81f92-9ec2-4517-af8f-bba8dfcb44d8 as no IP is configure on it
2020-12-02 17:46:12.740 25 INFO neutron.wsgi [req-4ffebeee-19cf-4cc5-b841-fc04bbc68e83 0da1bc1a3acc45d0aca57e504c04ea17 63be5b4f4d784088b73cd36e6114f00e - default default] 192.168.208.187,10.31.10.1 "GET /v2.0/routers/ae675df0-d972-41ca-86c1-e1ddeccbf6d1 HTTP/1.1" status: 200 len: 694 time: 0.1773374
2020-12-02 17:46:13.069 23 INFO neutron.quota [req-1b9648f2-909c-4f83-a5e8-1409701e43b7 0da1bc1a3acc45d0aca57e504c04ea17 63be5b4f4d784088b73cd36e6114f00e - default default] Loaded quota_driver: .
2020-12-02 17:46:13.213 32 INFO neutron.db.l3_db [req-d9d9c44b-e593-4460-aa5d-55960c8f3570 - - - - -] Skipping port 1239fb5a-d7e1-4681-bb60-a645b9bcbe24 as no IP is configure on it
2020-12-02 17:46:13.213 32 INFO neutron.db.l3_db [req-d9d9c44b-e593-4460-aa5d-55960c8f3570 - - - - -] Skipping port 1239fb5a-d7e1-4681-bb60-a645b9bcbe24 as no IP is configure on it
2020-12-02 17:46:13.270 25 INFO neutron.wsgi [-] 10.31.10.1 "GET / HTTP/1.1" status: 200 len: 228 time: 0.0108900
2020-12-02 17:46:13.406 28 INFO neutron.db.l3_db [req-6d7b0238-1363-4c5c-b3f6-e107478d11d3 - - - - -] Skipping port f327e33d-e4a7-43c8-a7e9-a19e2faad51d as no IP is configure on it
2020-12-02 17:46:13.407 28 INFO neutron.db.l3_db [req-6d7b0238-1363-4c5c-b3f6-e107478d11d3 - - - - -] Skipping port f327e33d-e4a7-43c8-a7e9-a19e2faad51d as no IP is configure on it
2020-12-02 17:46:14.093 23 INFO neutron.wsgi [req-e863536a-fc08-478f-825b-c7574c2fe426 0da1bc1a3acc45d0aca57e504c04ea17 63be5b4f4d784088b73cd36e6114f00e - default default] 192.168.208.187,10.31.10.1 "GET /v2.0/routers/5d4ae05f-4aa6-4507-a445-ee815e31eee0 HTTP/1.1" status: 200 len: 695 time: 0.3353288
2020-12-02 17:46:14.225 26 INFO neutron.db.l3_db [req-c2e02af2-bdbe-4e18-bef2-6466cbe9797c - - - - -] Skipping port 14f81f92-9ec2-4517-af8f-bba8dfcb44d8 as no IP is configure on it
2020-12-02 17:46:14.225 26 INFO neutron.db.l3_db [req-c2e02af2-bdbe-4e18-bef2-6466cbe9797c - - - - -] Skipping port 14f81f92-9ec2-4517-af8f-bba8dfcb44d8 as no IP is configure on it
2020-12-02 17:46:14.330 22 INFO neutron.wsgi [req-05b3c372-53b6-4e97-a579-4f79e3cbf554 0da1bc1a3acc45d0aca57e504c04ea17 63be5b4f4d784088b73cd36e6114f00e - default default] 192.168.208.187,10.31.10.1 "GET /v2.0/routers/76c75d8e-f8ba-414b-9157-0f952d539aac HTTP/1.1" status: 200 len: 694 time: 0.1579430
2020-12-02 17:46:14.457 32 INFO neutron.db.l3_db [req-d9d9c44b-e593-4460-aa5d-55960c8f3570 - - - - -] Skipping port 1239fb5a-d7e1-4681-bb60-a645b9bcbe24 as no IP is configure on it
2020-12-02 17:46:14.457 32 INFO neutron.db.l3_db [req-d9d9c44b-e593-4460-aa5d-55960c8f3570 - - - - -] Skipping port 1239fb5a-d7e1-4681-bb60-a645b9bcbe24 as no IP is configure on it
2020-12-02 17:46:14.922 23 INFO neutron.wsgi [req-dd54e7eb-1476-4618-aa06-fc5f23f39444 0da1bc1a3acc45d0aca57e504c04ea17 63be5b4f4d784088b73cd36e6114f00e - default default] 192.168.208.187,10.31.10.1 "GET /v2.0/routers/b95649b2-042d-45e9-af47-8f9d89f4a76a HTTP/1.1" status: 200 len: 694 time: 0.5489440
2020-12-02 17:46:15.125 28 INFO neutron.db.l3_db [req-6d7b0238-1363-4c5c-b3f6-e107478d11d3 - - - - -] Skipping port f327e33d-e4a7-43c8-a7e9-a19e2faad51d as no IP is configure on it
2020-12-02 17:46:15.126 28 INFO neutron.db.l3_db [req-6d7b0238-1363-4c5c-b3f6-e107478d11d3 - - - - -] Skipping port f327e33d-e4a7-43c8-a7e9-a19e2faad51d as no IP is configure on it
2020-12-02 17:46:15.305 23 INFO neutron.wsgi [req-04aaaace-00ce-4c7c-9f63-c8cdbd6b4352 0da1bc1a3acc45d0aca57e504c04ea17 63be5b4f4d784088b73cd36e6114f00e - default default] 192.168.208.187,10.31.10.1 "GET /v2.0/routers/b95649b2-042d-45e9-af47-8f9d89f4a76a HTTP/1.1" status: 200 len: 694 time: 0.3157818
2020-12-02 17:46:16.134 32 INFO neutron.db.l3_db [req-6ee2c675-bc11-447d-a029-330ed8c32bb8 - - - - -] Skipping port 357eecb0-c518-4650-a288-acc0d1998078 as no IP is configure on it
2020-12-02 17:46:16.134 32 INFO neutron.db.l3_db [req-6ee2c675-bc11-447d-a029-330ed8c32bb8 - - - - -] Skipping port 357eecb0-c518-4650-a288-acc0d1998078 as no IP is configure on it
2020-12-02 17:46:16.456 32 INFO neutron.db.l3_db [req-6ee2c675-bc11-447d-a029-330ed8c32bb8 - - - - -] Skipping port 357eecb0-c518-4650-a288-acc0d1998078 as no IP is configure on it
2020-12-02 17:46:16.457 32 INFO neutron.db.l3_db [req-6ee2c675-bc11-447d-a029-330ed8c32bb8 - - - - -] Skipping port 357eecb0-c518-4650-a288-acc0d1998078 as no IP is configure on it
2020-12-02 17:46:16.533 25 INFO neutron.wsgi [req-5764445a-bfaa-4d1d-875b-705277e25452 0da1bc1a3acc45d0aca57e504c04ea17 63be5b4f4d784088b73cd36e6114f00e - default default] 192.168.208.187,10.31.10.1 "GET /v2.0/routers/43307681-e911-4d5d-944a-00b0471876d0 HTTP/1.1" status: 200 len: 694 time: 0.1585176
2020-12-02 17:46:17.037 25 INFO neutron.wsgi [req-4114039e-0d40-412b-a9e6-a39cb3fc8483 0da1bc1a3acc45d0aca57e504c04ea17 63be5b4f4d784088b73cd36e6114f00e - default default] 192.168.208.187,10.31.10.1 "GET /v2.0/routers/d26906e9-bf49-4273-b92d-0f1868f94153 HTTP/1.1" status: 200 len: 694 time: 0.1815002
2020-12-02 17:46:17.226 23 INFO neutron.wsgi [req-1b9648f2-909c-4f83-a5e8-1409701e43b7 0da1bc1a3acc45d0aca57e504c04ea17 63be5b4f4d784088b73cd36e6114f00e - default default] 192.168.208.187,10.31.10.1 "POST /v2.0/routers HTTP/1.1" status: 201 len: 693 time: 4.1702297
2020-12-02 17:46:17.993 21 INFO neutron.wsgi [req-f93285b7-93b3-4b75-9ce6-c2722269c9a9 0da1bc1a3acc45d0aca57e504c04ea17 63be5b4f4d784088b73cd36e6114f00e - default default] 192.168.208.187,10.31.10.1 "POST /v2.0/routers HTTP/1.1" status: 201 len: 692 time: 3.4773846
2020-12-02 17:46:18.420 25 INFO neutron.wsgi [req-eaa94614-d616-4eae-a83e-07acea11db23 0da1bc1a3acc45d0aca57e504c04ea17 63be5b4f4d784088b73cd36e6114f00e - default default] 192.168.208.187,10.31.10.1 "GET /v2.0/routers/a2880851-a079-4a20-b51f-70278d845c44 HTTP/1.1" status: 200 len: 695 time: 0.1523139
2020-12-02 17:46:18.512 32 INFO neutron.db.l3_db [req-5770aa03-a7ed-4d8c-9d7e-fa5ae6144286 - - - - -] Skipping port 94d2e9af-a816-47e7-904b-29eb120f39c2 as no IP is configure on it
2020-12-02 17:46:18.512 32 INFO neutron.db.l3_db [req-5770aa03-a7ed-4d8c-9d7e-fa5ae6144286 - - - - -] Skipping port 94d2e9af-a816-47e7-904b-29eb120f39c2 as no IP is configure on it
2020-12-02 17:46:18.534 26 INFO neutron.db.l3_db [req-7896882b-cad6-4373-a46f-4c71ce91b224 - - - - -] Skipping port 997ed1e6-af6e-4f27-baf0-eb2caaee215d as no IP is configure on it
2020-12-02 17:46:18.534 26 INFO neutron.db.l3_db [req-7896882b-cad6-4373-a46f-4c71ce91b224 - - - - -] Skipping port 997ed1e6-af6e-4f27-baf0-eb2caaee215d as no IP is configure on it
2020-12-02 17:46:18.551 27 INFO neutron.db.l3_db [req-11b5552e-23f3-4a10-9eb9-585224259ea9 - - - - -] Skipping port d4b7a8f3-e028-4af8-a46b-14efcdd46d0a as no IP is configure on it
2020-12-02 17:46:18.551 27 INFO neutron.db.l3_db [req-11b5552e-23f3-4a10-9eb9-585224259ea9 - - - - -] Skipping port d4b7a8f3-e028-4af8-a46b-14efcdd46d0a as no IP is configure on it
2020-12-02 17:46:18.976 27 INFO neutron.db.l3_db [req-ee779dc6-81cc-47a9-87d5-4c0f6ae0719e - - - - -] Skipping port 78828829-4dc9-4bb3-87b3-f4f01bdbefda as no IP is configure on it
2020-12-02 17:46:18.977 27 INFO neutron.db.l3_db [req-ee779dc6-81cc-47a9-87d5-4c0f6ae0719e - - - - -] Skipping port 78828829-4dc9-4bb3-87b3-f4f01bdbefda as no IP is configure on it
2020-12-02 17:46:19.305 27 INFO neutron.db.l3_db [req-11b5552e-23f3-4a10-9eb9-585224259ea9 - - - - -] Skipping port d4b7a8f3-e028-4af8-a46b-14efcdd46d0a as no IP is configure on it
2020-12-02 17:46:19.306 27 INFO neutron.db.l3_db [req-11b5552e-23f3-4a10-9eb9-585224259ea9 - - - - -] Skipping port d4b7a8f3-e028-4af8-a46b-14efcdd46d0a as no IP is configure on it
2020-12-02 17:46:19.507 32 INFO neutron.db.l3_db [req-db2a190a-06a2-42bd-a2a3-0f3dbd0745e6 - - - - -] Skipping port 03f2dfa0-eff5-46b8-be5f-c932709f779d as no IP is configure on it
2020-12-02 17:46:19.508 32 INFO neutron.db.l3_db [req-db2a190a-06a2-42bd-a2a3-0f3dbd0745e6 - - - - -] Skipping port 03f2dfa0-eff5-46b8-be5f-c932709f779d as no IP is configure on it
2020-12-02 17:46:20.074 32 INFO neutron.db.l3_db [req-db2a190a-06a2-42bd-a2a3-0f3dbd0745e6 - - - - -] Skipping port 03f2dfa0-eff5-46b8-be5f-c932709f779d as no IP is configure on it
2020-12-02 17:46:20.074 32 INFO neutron.db.l3_db [req-db2a190a-06a2-42bd-a2a3-0f3dbd0745e6 - - - - -] Skipping port 03f2dfa0-eff5-46b8-be5f-c932709f779d as no IP is configure on it
2020-12-02 17:46:20.267 27 INFO neutron.db.l3_db [req-ee779dc6-81cc-47a9-87d5-4c0f6ae0719e - - - - -] Skipping port 78828829-4dc9-4bb3-87b3-f4f01bdbefda as no IP is configure on it
2020-12-02 17:46:20.267 27 INFO neutron.db.l3_db [req-ee779dc6-81cc-47a9-87d5-4c0f6ae0719e - - - - -] Skipping port 78828829-4dc9-4bb3-87b3-f4f01bdbefda as no IP is configure on it
2020-12-02 17:46:20.395 32 INFO neutron.db.l3_db [req-5770aa03-a7ed-4d8c-9d7e-fa5ae6144286 - - - - -] Skipping port 94d2e9af-a816-47e7-904b-29eb120f39c2 as no IP is configure on it
2020-12-02 17:46:20.396 32 INFO neutron.db.l3_db [req-5770aa03-a7ed-4d8c-9d7e-fa5ae6144286 - - - - -] Skipping port 94d2e9af-a816-47e7-904b-29eb120f39c2 as no IP is configure on it
2020-12-02 17:46:20.691 26 INFO neutron.db.l3_db [req-7896882b-cad6-4373-a46f-4c71ce91b224 - - - - -] Skipping port 997ed1e6-af6e-4f27-baf0-eb2caaee215d as no IP is configure on it
2020-12-02 17:46:20.691 26 INFO neutron.db.l3_db [req-7896882b-cad6-4373-a46f-4c71ce91b224 - - - - -] Skipping port 997ed1e6-af6e-4f27-baf0-eb2caaee215d as no IP is configure on it
2020-12-02 17:46:21.254 26 INFO neutron.db.l3_db [req-c2f8bf9e-c085-4140-99f7-ac73f15983cb - - - - -] Skipping port 2d231100-ad65-4da6-ae01-39a36a746351 as no IP is configure on it
2020-12-02 17:46:21.254 26 INFO neutron.db.l3_db [req-c2f8bf9e-c085-4140-99f7-ac73f15983cb - - - - -] Skipping port 2d231100-ad65-4da6-ae01-39a36a746351 as no IP is configure on it
2020-12-02 17:46:21.539 27 INFO neutron.db.l3_db [req-3e59c87c-318d-481a-ba22-9d750c0291fb - - - - -] Skipping port 80b3677e-f9be-45ac-a251-a8bf1707193c as no IP is configure on it
2020-12-02 17:46:21.539 27 INFO neutron.db.l3_db [req-3e59c87c-318d-481a-ba22-9d750c0291fb - - - - -] Skipping port 80b3677e-f9be-45ac-a251-a8bf1707193c as no IP is configure on it
2020-12-02 17:46:21.769 32 INFO neutron.db.l3_db [req-36c194d9-bedd-4975-be0d-3db9fdc2ef64 - - - - -] Skipping port c00418b9-f6e2-4b41-ab97-bd10aec3265d as no IP is configure on it
2020-12-02 17:46:21.770 32 INFO neutron.db.l3_db [req-36c194d9-bedd-4975-be0d-3db9fdc2ef64 - - - - -] Skipping port c00418b9-f6e2-4b41-ab97-bd10aec3265d as no IP is configure on it
2020-12-02 17:46:21.835 26 INFO neutron.db.l3_db [req-b1ea2dfd-649b-4fb6-b759-15760143a4f3 - - - - -] Skipping port 9a9d4475-ba43-41d8-bc1e-dc689b78a5fd as no IP is configure on it
2020-12-02 17:46:21.836 26 INFO neutron.db.l3_db [req-b1ea2dfd-649b-4fb6-b759-15760143a4f3 - - - - -] Skipping port 9a9d4475-ba43-41d8-bc1e-dc689b78a5fd as no IP is configure on it
2020-12-02 17:46:22.318 27 INFO neutron.db.l3_db [req-9c4ae3fd-6a56-48c3-bfdb-a12b32187a70 - - - - -] Skipping port 029ba004-0c1b-4652-9691-37c0a3523c5c as no IP is configure on it
2020-12-02 17:46:22.318 27 INFO neutron.db.l3_db [req-9c4ae3fd-6a56-48c3-bfdb-a12b32187a70 - - - - -] Skipping port 029ba004-0c1b-4652-9691-37c0a3523c5c as no IP is configure on it
2020-12-02 17:46:22.331 28 INFO neutron.db.l3_db [req-659d2652-31dd-424e-b906-294f3d4ce994 - - - - -] Skipping port bb6ce3d6-dc48-4d8a-acb6-541f498463df as no IP is configure on it
2020-12-02 17:46:22.331 28 INFO neutron.db.l3_db [req-659d2652-31dd-424e-b906-294f3d4ce994 - - - - -] Skipping port bb6ce3d6-dc48-4d8a-acb6-541f498463df as no IP is configure on it
2020-12-02 17:46:22.360 32 INFO neutron.db.l3_db [req-ae4c4a19-4e1e-4db8-8125-d9710f0422dc - - - - -] Skipping port 8d1c4ee4-c735-4050-97e1-8b95040940cc as no IP is configure on it
2020-12-02 17:46:22.361 32 INFO neutron.db.l3_db [req-ae4c4a19-4e1e-4db8-8125-d9710f0422dc - - - - -] Skipping port 8d1c4ee4-c735-4050-97e1-8b95040940cc as no IP is configure on it
2020-12-02 17:46:22.664 22 INFO neutron.wsgi [req-1fec4257-7560-4276-bb6a-8dc2025fb3da 0da1bc1a3acc45d0aca57e504c04ea17 63be5b4f4d784088b73cd36e6114f00e - default default] 192.168.208.187,10.31.10.1 "GET /v2.0/routers/5d411e5b-4de2-4eb9-a32b-9e6923e3ae77 HTTP/1.1" status: 200 len: 694 time: 0.1637719
2020-12-02 17:46:23.460 23 INFO neutron.wsgi [req-7d33bc81-85e5-478a-be91-e9b25ade5373 0da1bc1a3acc45d0aca57e504c04ea17 63be5b4f4d784088b73cd36e6114f00e - default default] 192.168.208.187,10.31.10.1 "GET /v2.0/routers/c0ad8e15-f0a2-4394-a338-f2dd83953a8b HTTP/1.1" status: 200 len: 693 time: 0.2196691
2020-12-02 17:46:23.626 28 INFO neutron.db.l3_db [req-659d2652-31dd-424e-b906-294f3d4ce994 - - - - -] Skipping port bb6ce3d6-dc48-4d8a-acb6-541f498463df as no IP is configure on it
2020-12-02 17:46:23.627 28 INFO neutron.db.l3_db [req-659d2652-31dd-424e-b906-294f3d4ce994 - - - - -] Skipping port bb6ce3d6-dc48-4d8a-acb6-541f498463df as no IP is configure on it
2020-12-02 17:46:23.858 26 INFO neutron.db.l3_db [req-5d67f2d6-233c-4670-8d3e-ec4de7012891 - - - - -] Skipping port b06b0724-3015-4fff-a309-88b3ed4981ac as no IP is configure on it
2020-12-02 17:46:23.858 26 INFO neutron.db.l3_db [req-5d67f2d6-233c-4670-8d3e-ec4de7012891 - - - - -] Skipping port b06b0724-3015-4fff-a309-88b3ed4981ac as no IP is configure on it
2020-12-02 17:46:23.921 22 INFO neutron.wsgi [req-e6dcd6e4-ddfd-4ae1-a92e-09e1d33dea80 0da1bc1a3acc45d0aca57e504c04ea17 63be5b4f4d784088b73cd36e6114f00e - default default] 192.168.208.187,10.31.10.1 "GET /v2.0/routers/368d3825-f3f9-4cb8-83b2-6bf63be552ea HTTP/1.1" status: 200 len: 694 time: 0.2133062
2020-12-02 17:46:24.098 26 INFO neutron.db.l3_db [req-c2f8bf9e-c085-4140-99f7-ac73f15983cb - - - - -] Skipping port 2d231100-ad65-4da6-ae01-39a36a746351 as no IP is configure on it
2020-12-02 17:46:24.099 26 INFO neutron.db.l3_db [req-c2f8bf9e-c085-4140-99f7-ac73f15983cb - - - - -] Skipping port 2d231100-ad65-4da6-ae01-39a36a746351 as no IP is configure on it
2020-12-02 17:46:24.144 32 INFO neutron.db.l3_db [req-36c194d9-bedd-4975-be0d-3db9fdc2ef64 - - - - -] Skipping port c00418b9-f6e2-4b41-ab97-bd10aec3265d as no IP is configure on it
2020-12-02 17:46:24.145 32 INFO neutron.db.l3_db [req-36c194d9-bedd-4975-be0d-3db9fdc2ef64 - - - - -] Skipping port c00418b9-f6e2-4b41-ab97-bd10aec3265d as no IP is configure on it
2020-12-02 17:46:24.191 27 INFO neutron.db.l3_db [req-3e59c87c-318d-481a-ba22-9d750c0291fb - - - - -] Skipping port 80b3677e-f9be-45ac-a251-a8bf1707193c as no IP is configure on it
2020-12-02 17:46:24.191 27 INFO neutron.db.l3_db [req-3e59c87c-318d-481a-ba22-9d750c0291fb - - - - -] Skipping port 80b3677e-f9be-45ac-a251-a8bf1707193c as no IP is configure on it
2020-12-02 17:46:24.234 28 INFO neutron.db.l3_db [req-e1b16548-6cd6-4a81-a64c-d385dc0bbabb - - - - -] Skipping port 9cb3a462-9ff2-4e10-ac43-15a2a0fe64b5 as no IP is configure on it
2020-12-02 17:46:24.234 28 INFO neutron.db.l3_db [req-e1b16548-6cd6-4a81-a64c-d385dc0bbabb - - - - -] Skipping port 9cb3a462-9ff2-4e10-ac43-15a2a0fe64b5 as no IP is configure on it
2020-12-02 17:46:24.370 21 INFO neutron.wsgi [req-b2c69f98-2ae4-4564-80f5-0906420046af 0da1bc1a3acc45d0aca57e504c04ea17 63be5b4f4d784088b73cd36e6114f00e - default default] 192.168.208.187,10.31.10.1 "GET /v2.0/routers/63654cdd-02bc-4064-9c43-bb06bfe44c1a HTTP/1.1" status: 200 len: 695 time: 0.1584709
2020-12-02 17:46:24.400 27 INFO neutron.db.l3_db [req-e3e1e60f-2fdd-4aec-a189-b6d844d749d0 - - - - -] Skipping port b71ea3da-ecf7-464d-86a6-d2aa954b2cca as no IP is configure on it
2020-12-02 17:46:24.400 27 INFO neutron.db.l3_db [req-e3e1e60f-2fdd-4aec-a189-b6d844d749d0 - - - - -] Skipping port b71ea3da-ecf7-464d-86a6-d2aa954b2cca as no IP is configure on it
2020-12-02 17:46:24.469 32 INFO neutron.db.l3_db [req-ae4c4a19-4e1e-4db8-8125-d9710f0422dc - - - - -] Skipping port 8d1c4ee4-c735-4050-97e1-8b95040940cc as no IP is configure on it
2020-12-02 17:46:24.470 32 INFO neutron.db.l3_db [req-ae4c4a19-4e1e-4db8-8125-d9710f0422dc - - - - -] Skipping port 8d1c4ee4-c735-4050-97e1-8b95040940cc as no IP is configure on it
2020-12-02 17:46:24.568 28 INFO neutron.db.l3_db [req-e1b16548-6cd6-4a81-a64c-d385dc0bbabb - - - - -] Skipping port 9cb3a462-9ff2-4e10-ac43-15a2a0fe64b5 as no IP is configure on it
2020-12-02 17:46:24.569 28 INFO neutron.db.l3_db [req-e1b16548-6cd6-4a81-a64c-d385dc0bbabb - - - - -] Skipping port 9cb3a462-9ff2-4e10-ac43-15a2a0fe64b5 as no IP is configure on it
2020-12-02 17:46:24.585 21 INFO neutron.wsgi [req-5853c4a3-a9fd-44d5-8390-0b7c14cbb74c 0da1bc1a3acc45d0aca57e504c04ea17 63be5b4f4d784088b73cd36e6114f00e - default default] 192.168.208.187,10.31.10.1 "GET /v2.0/routers/63654cdd-02bc-4064-9c43-bb06bfe44c1a HTTP/1.1" status: 200 len: 695 time: 0.1513493
2020-12-02 17:46:24.718 26 INFO neutron.db.l3_db [req-b1ea2dfd-649b-4fb6-b759-15760143a4f3 - - - - -] Skipping port 9a9d4475-ba43-41d8-bc1e-dc689b78a5fd as no IP is configure on it
2020-12-02 17:46:24.718 26 INFO neutron.db.l3_db [req-b1ea2dfd-649b-4fb6-b759-15760143a4f3 - - - - -] Skipping port 9a9d4475-ba43-41d8-bc1e-dc689b78a5fd as no IP is configure on it
2020-12-02 17:46:24.835 27 INFO neutron.db.l3_db [req-9c4ae3fd-6a56-48c3-bfdb-a12b32187a70 - - - - -] Skipping port 029ba004-0c1b-4652-9691-37c0a3523c5c as no IP is configure on it
2020-12-02 17:46:24.835 27 INFO neutron.db.l3_db [req-9c4ae3fd-6a56-48c3-bfdb-a12b32187a70 - - - - -] Skipping port 029ba004-0c1b-4652-9691-37c0a3523c5c as no IP is configure on it
2020-12-02 17:46:24.862 27 INFO neutron.db.l3_db [req-e3e1e60f-2fdd-4aec-a189-b6d844d749d0 - - - - -] Skipping port b71ea3da-ecf7-464d-86a6-d2aa954b2cca as no IP is configure on it
2020-12-02 17:46:24.863 27 INFO neutron.db.l3_db [req-e3e1e60f-2fdd-4aec-a189-b6d844d749d0 - - - - -] Skipping port b71ea3da-ecf7-464d-86a6-d2aa954b2cca as no IP is configure on it
2020-12-02 17:46:25.427 26 INFO neutron.db.l3_db [req-5d67f2d6-233c-4670-8d3e-ec4de7012891 - - - - -] Skipping port b06b0724-3015-4fff-a309-88b3ed4981ac as no IP is configure on it
2020-12-02 17:46:25.427 26 INFO neutron.db.l3_db [req-5d67f2d6-233c-4670-8d3e-ec4de7012891 - - - - -] Skipping port b06b0724-3015-4fff-a309-88b3ed4981ac as no IP is configure on it
2020-12-02 17:46:25.535 21 INFO neutron.wsgi [req-ba12f29b-96bf-4717-b2bb-f5152c1c7e9e 0da1bc1a3acc45d0aca57e504c04ea17 63be5b4f4d784088b73cd36e6114f00e - default default] 192.168.208.187,10.31.10.1 "GET /v2.0/routers/ee4c67fd-2ce4-408a-8c6c-0815101ce813 HTTP/1.1" status: 200 len: 695 time: 0.4056349
2020-12-02 17:46:26.276 21 INFO neutron.wsgi [req-38a62e58-d8cd-4375-9e78-55c76181778a 0da1bc1a3acc45d0aca57e504c04ea17 63be5b4f4d784088b73cd36e6114f00e - default default] 192.168.208.187,10.31.10.1 "GET /v2.0/routers/3688e5b7-4a8c-4b95-bf65-e77b64a9f690 HTTP/1.1" status: 200 len: 695 time: 0.1916919
2020-12-02 17:46:26.925 22 INFO neutron.wsgi [req-776eb1cc-68e7-4000-bdbc-d0aaa23c87fb 0da1bc1a3acc45d0aca57e504c04ea17 63be5b4f4d784088b73cd36e6114f00e - default default] 192.168.208.187,10.31.10.1 "GET /v2.0/routers/95e83e22-a7ef-4185-bc41-41aff5fc5432 HTTP/1.1" status: 200 len: 695 time: 0.2159305
2020-12-02 17:46:27.018 27 INFO neutron.db.l3_db [req-11853227-1773-44a8-a3d1-6bee09c63879 - - - - -] Skipping port e39fa860-9c98-43c5-902d-27ec8a1bcf5e as no IP is configure on it
2020-12-02 17:46:27.019 27 INFO neutron.db.l3_db [req-11853227-1773-44a8-a3d1-6bee09c63879 - - - - -] Skipping port e39fa860-9c98-43c5-902d-27ec8a1bcf5e as no IP is configure on it
2020-12-02 17:46:27.055 32 INFO neutron.db.l3_db [req-eab8dac7-eda9-4cab-9014-49faeae606e2 - - - - -] Skipping port a5d010f0-68b2-4f2c-9733-5fdcc52942c5 as no IP is configure on it
2020-12-02 17:46:27.055 32 INFO neutron.db.l3_db [req-eab8dac7-eda9-4cab-9014-49faeae606e2 - - - - -] Skipping port a5d010f0-68b2-4f2c-9733-5fdcc52942c5 as no IP is configure on it
2020-12-02 17:46:27.549 24 INFO neutron.wsgi [req-73a63d14-16b3-4ee8-9c2f-79d523b698c6 0da1bc1a3acc45d0aca57e504c04ea17 63be5b4f4d784088b73cd36e6114f00e - default default] 192.168.208.187,10.31.10.1 "GET /v2.0/routers/d62eaab7-0836-4041-872b-a2dcf45bcbb4 HTTP/1.1" status: 200 len: 694 time: 0.1995287
2020-12-02 17:46:27.566 27 INFO neutron.db.l3_db [req-11853227-1773-44a8-a3d1-6bee09c63879 - - - - -] Skipping port e39fa860-9c98-43c5-902d-27ec8a1bcf5e as no IP is configure on it
2020-12-02 17:46:27.567 27 INFO neutron.db.l3_db [req-11853227-1773-44a8-a3d1-6bee09c63879 - - - - -] Skipping port e39fa860-9c98-43c5-902d-27ec8a1bcf5e as no IP is configure on it
2020-12-02 17:46:27.587 23 INFO neutron.wsgi [req-ca1e41bf-6cd0-4e2f-bbac-a926c132fda0 0da1bc1a3acc45d0aca57e504c04ea17 63be5b4f4d784088b73cd36e6114f00e - default default] 192.168.208.187,10.31.10.1 "POST /v2.0/routers HTTP/1.1" status: 201 len: 694 time: 3.8529804
2020-12-02 17:46:28.436 32 INFO neutron.db.l3_db [req-eab8dac7-eda9-4cab-9014-49faeae606e2 - - - - -] Skipping port a5d010f0-68b2-4f2c-9733-5fdcc52942c5 as no IP is configure on it
2020-12-02 17:46:28.436 32 INFO neutron.db.l3_db [req-eab8dac7-eda9-4cab-9014-49faeae606e2 - - - - -] Skipping port a5d010f0-68b2-4f2c-9733-5fdcc52942c5 as no IP is configure on it
2020-12-02 17:46:28.915 27 INFO neutron.db.l3_db [req-b4363f2f-f142-4655-bf1c-363a74c7ff9a - - - - -] Skipping port 64735b0f-509b-4433-a39e-9eb2cce8576b as no IP is configure on it
2020-12-02 17:46:28.916 27 INFO neutron.db.l3_db [req-b4363f2f-f142-4655-bf1c-363a74c7ff9a - - - - -] Skipping port 64735b0f-509b-4433-a39e-9eb2cce8576b as no IP is configure on it
2020-12-02 17:46:28.974 26 INFO neutron.db.l3_db [req-61e796a6-23b9-49ed-8607-ea746e57d110 - - - - -] Skipping port 04e01cea-3143-411f-bd58-4816210260e6 as no IP is configure on it
2020-12-02 17:46:28.974 26 INFO neutron.db.l3_db [req-61e796a6-23b9-49ed-8607-ea746e57d110 - - - - -] Skipping port 04e01cea-3143-411f-bd58-4816210260e6 as no IP is configure on it
2020-12-02 17:46:30.122 26 INFO neutron.db.l3_db [req-61e796a6-23b9-49ed-8607-ea746e57d110 - - - - -] Skipping port 04e01cea-3143-411f-bd58-4816210260e6 as no IP is configure on it
2020-12-02 17:46:30.123 26 INFO neutron.db.l3_db [req-61e796a6-23b9-49ed-8607-ea746e57d110 - - - - -] Skipping port 04e01cea-3143-411f-bd58-4816210260e6 as no IP is configure on it
2020-12-02 17:46:30.609 27 INFO neutron.db.l3_db [req-b4363f2f-f142-4655-bf1c-363a74c7ff9a - - - - -] Skipping port 64735b0f-509b-4433-a39e-9eb2cce8576b as no IP is configure on it
2020-12-02 17:46:30.609 27 INFO neutron.db.l3_db [req-b4363f2f-f142-4655-bf1c-363a74c7ff9a - - - - -] Skipping port 64735b0f-509b-4433-a39e-9eb2cce8576b as no IP is configure on it
2020-12-02 17:46:31.139 26 INFO neutron.db.l3_db [req-5be03493-1dd2-4ef8-982f-563961992e69 - - - - -] Skipping port d1e3abb8-f4c7-4565-ba8f-48dd66b1feb9 as no IP is configure on it
2020-12-02 17:46:31.139 26 INFO neutron.db.l3_db [req-5be03493-1dd2-4ef8-982f-563961992e69 - - - - -] Skipping port d1e3abb8-f4c7-4565-ba8f-48dd66b1feb9 as no IP is configure on it
2020-12-02 17:46:31.431 28 INFO neutron.db.l3_db [req-952c9c60-392c-4373-a0ee-19958f24fe76 - - - - -] Skipping port 3a1e1be4-ca9f-4860-8eab-39c83f203a70 as no IP is configure on it
2020-12-02 17:46:31.432 28 INFO neutron.db.l3_db [req-952c9c60-392c-4373-a0ee-19958f24fe76 - - - - -] Skipping port 3a1e1be4-ca9f-4860-8eab-39c83f203a70 as no IP is configure on it
2020-12-02 17:46:31.439 32 INFO neutron.db.l3_db [req-b59a8c2e-6d2c-4ea5-ace9-7f9c4a9c097a - - - - -] Skipping port 0bc6c736-7f06-426c-aceb-f84ab0c11b27 as no IP is configure on it
2020-12-02 17:46:31.440 32 INFO neutron.db.l3_db [req-b59a8c2e-6d2c-4ea5-ace9-7f9c4a9c097a - - - - -] Skipping port 0bc6c736-7f06-426c-aceb-f84ab0c11b27 as no IP is configure on it
2020-12-02 17:46:31.728 27 INFO neutron.db.l3_db [req-9c1b8734-55dd-459d-a578-bfbdb55b6751 - - - - -] Skipping port 8405d51d-d046-40cf-8059-44b3ccdf7566 as no IP is configure on it
2020-12-02 17:46:31.728 27 INFO neutron.db.l3_db [req-9c1b8734-55dd-459d-a578-bfbdb55b6751 - - - - -] Skipping port 8405d51d-d046-40cf-8059-44b3ccdf7566 as no IP is configure on it
2020-12-02 17:46:32.101 26 INFO neutron.db.l3_db [req-9202a1a8-f7ca-4de6-b59f-71dbbc1638f5 - - - - -] Skipping port 30f1f11f-88ec-430b-8428-d71e5f6419de as no IP is configure on it
2020-12-02 17:46:32.102 26 INFO neutron.db.l3_db [req-9202a1a8-f7ca-4de6-b59f-71dbbc1638f5 - - - - -] Skipping port 30f1f11f-88ec-430b-8428-d71e5f6419de as no IP is configure on it
2020-12-02 17:46:32.450 25 INFO neutron.wsgi [req-2e726213-c58b-4959-8366-48c5724db692 0da1bc1a3acc45d0aca57e504c04ea17 63be5b4f4d784088b73cd36e6114f00e - default default] 192.168.208.187,10.31.10.1 "GET /v2.0/routers/60072c9f-9b5a-4d73-952f-9bc48c5db2c8 HTTP/1.1" status: 200 len: 695 time: 0.1765740
2020-12-02 17:46:32.637 32 INFO neutron.db.l3_db [req-066d7e09-fc0f-44eb-98a8-ad74b11001c4 - - - - -] Skipping port f9dde23d-68ad-4863-ae12-f2de6d1f16a7 as no IP is configure on it
2020-12-02 17:46:32.637 32 INFO neutron.db.l3_db [req-066d7e09-fc0f-44eb-98a8-ad74b11001c4 - - - - -] Skipping port f9dde23d-68ad-4863-ae12-f2de6d1f16a7 as no IP is configure on it
2020-12-02 17:46:32.759 28 INFO neutron.db.l3_db [req-952c9c60-392c-4373-a0ee-19958f24fe76 - - - - -] Skipping port 3a1e1be4-ca9f-4860-8eab-39c83f203a70 as no IP is configure on it
2020-12-02 17:46:32.760 28 INFO neutron.db.l3_db [req-952c9c60-392c-4373-a0ee-19958f24fe76 - - - - -] Skipping port 3a1e1be4-ca9f-4860-8eab-39c83f203a70 as no IP is configure on it
2020-12-02 17:46:33.270 25 INFO neutron.wsgi [req-0833ab3b-d47e-4519-b3dc-d5d0e67c613b 0da1bc1a3acc45d0aca57e504c04ea17 63be5b4f4d784088b73cd36e6114f00e - default default] 192.168.208.187,10.31.10.1 "GET /v2.0/routers/1d18b34e-1562-4897-8699-bc5a19e7599e HTTP/1.1" status: 200 len: 695 time: 0.1859846
2020-12-02 17:46:33.698 25 INFO neutron.wsgi [req-fb4c2742-d244-4db3-823f-66c395cdc989 0da1bc1a3acc45d0aca57e504c04ea17 63be5b4f4d784088b73cd36e6114f00e - default default] 192.168.208.187,10.31.10.1 "GET /v2.0/routers/e1cd94c9-acde-4a4a-a145-f10d1f542f0d HTTP/1.1" status: 200 len: 695 time: 0.2035882
2020-12-02 17:46:33.780 27 INFO neutron.db.l3_db [req-9c1b8734-55dd-459d-a578-bfbdb55b6751 - - - - -] Skipping port 8405d51d-d046-40cf-8059-44b3ccdf7566 as no IP is configure on it
2020-12-02 17:46:33.780 27 INFO neutron.db.l3_db [req-9c1b8734-55dd-459d-a578-bfbdb55b6751 - - - - -] Skipping port 8405d51d-d046-40cf-8059-44b3ccdf7566 as no IP is configure on it
2020-12-02 17:46:33.786 26 INFO neutron.db.l3_db [req-5be03493-1dd2-4ef8-982f-563961992e69 - - - - -] Skipping port d1e3abb8-f4c7-4565-ba8f-48dd66b1feb9 as no IP is configure on it
2020-12-02 17:46:33.787 26 INFO neutron.db.l3_db [req-5be03493-1dd2-4ef8-982f-563961992e69 - - - - -] Skipping port d1e3abb8-f4c7-4565-ba8f-48dd66b1feb9 as no IP is configure on it
2020-12-02 17:46:33.926 32 INFO neutron.db.l3_db [req-b59a8c2e-6d2c-4ea5-ace9-7f9c4a9c097a - - - - -] Skipping port 0bc6c736-7f06-426c-aceb-f84ab0c11b27 as no IP is configure on it
2020-12-02 17:46:33.926 32 INFO neutron.db.l3_db [req-b59a8c2e-6d2c-4ea5-ace9-7f9c4a9c097a - - - - -] Skipping port 0bc6c736-7f06-426c-aceb-f84ab0c11b27 as no IP is configure on it
2020-12-02 17:46:33.975 26 INFO neutron.db.l3_db [req-0a3c16a3-3e7b-4776-8a66-1dc04a13525e - - - - -] Skipping port 5b8be96b-679b-47fa-80a0-4735e7289b02 as no IP is configure on it
2020-12-02 17:46:33.976 26 INFO neutron.db.l3_db [req-0a3c16a3-3e7b-4776-8a66-1dc04a13525e - - - - -] Skipping port 5b8be96b-679b-47fa-80a0-4735e7289b02 as no IP is configure on it
2020-12-02 17:46:34.292 24 INFO neutron.wsgi [req-300572ba-0463-4c61-80d5-e914bf945350 0da1bc1a3acc45d0aca57e504c04ea17 63be5b4f4d784088b73cd36e6114f00e - default default] 192.168.208.187,10.31.10.1 "GET /v2.0/routers/4bfa8e48-99bc-45ee-99ad-b3a48376e0bf HTTP/1.1" status: 200 len: 694 time: 0.1824863
2020-12-02 17:46:34.586 26 INFO neutron.db.l3_db [req-0a3c16a3-3e7b-4776-8a66-1dc04a13525e - - - - -] Skipping port 5b8be96b-679b-47fa-80a0-4735e7289b02 as no IP is configure on it
2020-12-02 17:46:34.587 26 INFO neutron.db.l3_db [req-0a3c16a3-3e7b-4776-8a66-1dc04a13525e - - - - -] Skipping port 5b8be96b-679b-47fa-80a0-4735e7289b02 as no IP is configure on it
2020-12-02 17:46:34.591 26 INFO neutron.db.l3_db [req-9202a1a8-f7ca-4de6-b59f-71dbbc1638f5 - - - - -] Skipping port 30f1f11f-88ec-430b-8428-d71e5f6419de as no IP is configure on it
2020-12-02 17:46:34.592 26 INFO neutron.db.l3_db [req-9202a1a8-f7ca-4de6-b59f-71dbbc1638f5 - - - - -] Skipping port 30f1f11f-88ec-430b-8428-d71e5f6419de as no IP is configure on it
2020-12-02 17:46:35.000 28 INFO neutron.db.l3_db [req-62ea8968-2002-4e0c-8e99-6dfedb699116 - - - - -] Skipping port 6298f6f0-0a6e-42bc-8749-8597628d2ff1 as no IP is configure on it
2020-12-02 17:46:35.000 28 INFO neutron.db.l3_db [req-62ea8968-2002-4e0c-8e99-6dfedb699116 - - - - -] Skipping port 6298f6f0-0a6e-42bc-8749-8597628d2ff1 as no IP is configure on it
2020-12-02 17:46:35.014 32 INFO neutron.db.l3_db [req-388bbca4-97da-4f6e-bba9-d893eea4dc46 - - - - -] Skipping port f393b20e-2ad5-47d7-a1b5-fb79a7c96254 as no IP is configure on it
2020-12-02 17:46:35.014 32 INFO neutron.db.l3_db [req-388bbca4-97da-4f6e-bba9-d893eea4dc46 - - - - -] Skipping port f393b20e-2ad5-47d7-a1b5-fb79a7c96254 as no IP is configure on it
2020-12-02 17:46:35.179 32 INFO neutron.db.l3_db [req-066d7e09-fc0f-44eb-98a8-ad74b11001c4 - - - - -] Skipping port f9dde23d-68ad-4863-ae12-f2de6d1f16a7 as no IP is configure on it
2020-12-02 17:46:35.179 32 INFO neutron.db.l3_db [req-066d7e09-fc0f-44eb-98a8-ad74b11001c4 - - - - -] Skipping port f9dde23d-68ad-4863-ae12-f2de6d1f16a7 as no IP is configure on it
2020-12-02 17:46:35.350 28 INFO neutron.db.l3_db [req-62ea8968-2002-4e0c-8e99-6dfedb699116 - - - - -] Skipping port 6298f6f0-0a6e-42bc-8749-8597628d2ff1 as no IP is configure on it
2020-12-02 17:46:35.351 28 INFO neutron.db.l3_db [req-62ea8968-2002-4e0c-8e99-6dfedb699116 - - - - -] Skipping port 6298f6f0-0a6e-42bc-8749-8597628d2ff1 as no IP is configure on it
2020-12-02 17:46:35.386 32 INFO neutron.db.l3_db [req-388bbca4-97da-4f6e-bba9-d893eea4dc46 - - - - -] Skipping port f393b20e-2ad5-47d7-a1b5-fb79a7c96254 as no IP is configure on it
2020-12-02 17:46:35.387 32 INFO neutron.db.l3_db [req-388bbca4-97da-4f6e-bba9-d893eea4dc46 - - - - -] Skipping port f393b20e-2ad5-47d7-a1b5-fb79a7c96254 as no IP is configure on it
2020-12-02 17:46:35.640 25 INFO neutron.wsgi [req-87ce9e56-7682-4dd7-a335-c9a48cde0024 0da1bc1a3acc45d0aca57e504c04ea17 63be5b4f4d784088b73cd36e6114f00e - default default] 192.168.208.187,10.31.10.1 "GET /v2.0/routers/647638c3-6e80-431e-9557-4b35fe55ea6e HTTP/1.1" status: 200 len: 694 time: 0.3639481
2020-12-02 17:46:36.205 23 INFO neutron.wsgi [req-a747e5d4-4206-4f46-b092-441418b1df87 851af1939a9b4ff8808a741857d37b46 761947fab1374992bf04ee79f6b6b929 - default default] 10.31.10.2,10.31.10.1 "GET /v2.0/networks?id=31d7fa17-bee4-4ca0-8150-8bdf6a8ca8c2 HTTP/1.1" status: 200 len: 902 time: 0.1484129
2020-12-02 17:46:36.287 23 INFO neutron.wsgi [req-342db66b-9dc5-4bbe-82ba-2029a891be7d 851af1939a9b4ff8808a741857d37b46 761947fab1374992bf04ee79f6b6b929 - default default] 10.31.10.2,10.31.10.1 "GET /v2.0/floatingips?fixed_ip_address=10.31.12.174&port_id=b808505d-ff26-458c-9a69-56093e82c8de HTTP/1.1" status: 200 len: 193 time: 0.0753927
2020-12-02 17:46:36.450 26 INFO neutron.db.l3_db [req-1f07b98d-138f-407a-bc3d-8765c062856d - - - - -] Skipping port 9293e6cc-7996-42e1-baec-8937a050a327 as no IP is configure on it
2020-12-02 17:46:36.451 26 INFO neutron.db.l3_db [req-1f07b98d-138f-407a-bc3d-8765c062856d - - - - -] Skipping port 9293e6cc-7996-42e1-baec-8937a050a327 as no IP is configure on it
2020-12-02 17:46:36.499 22 INFO neutron.wsgi [req-5249848b-e6f3-423a-b01f-843aa261c2c8 851af1939a9b4ff8808a741857d37b46 761947fab1374992bf04ee79f6b6b929 - default default] 10.31.10.2,10.31.10.1 "GET /v2.0/extensions HTTP/1.1" status: 200 len: 14561 time: 0.0074489
2020-12-02 17:46:36.796 26 INFO neutron.db.l3_db [req-1f07b98d-138f-407a-bc3d-8765c062856d - - - - -] Skipping port 9293e6cc-7996-42e1-baec-8937a050a327 as no IP is configure on it
2020-12-02 17:46:36.796 26 INFO neutron.db.l3_db [req-1f07b98d-138f-407a-bc3d-8765c062856d - - - - -] Skipping port 9293e6cc-7996-42e1-baec-8937a050a327 as no IP is configure on it
