2020-12-02 18:03:54.690 23 INFO neutron.wsgi [req-193ee7b4-b95c-4b0e-b5ab-be83ffac37d8 0da1bc1a3acc45d0aca57e504c04ea17 63be5b4f4d784088b73cd36e6114f00e - default default] 10.31.10.20,10.31.10.1 "GET /v2.0/security-groups?id=b92ca6e7-6354-4c1e-a781-6be287e270a3&fields=id&fields=name HTTP/1.1" status: 200 len: 262 time: 0.0378940
2020-12-02 18:03:54.690 25 INFO neutron.wsgi [req-5b408590-a054-4c6f-8da3-2614d78d62bf 0da1bc1a3acc45d0aca57e504c04ea17 63be5b4f4d784088b73cd36e6114f00e - default default] 10.31.10.2,10.31.10.1 "GET /v2.0/security-groups?id=b92ca6e7-6354-4c1e-a781-6be287e270a3&fields=id&fields=name HTTP/1.1" status: 200 len: 262 time: 0.0552349
2020-12-02 18:03:54.838 25 INFO neutron.wsgi [req-b7d27a2d-b113-4ef3-97f0-cca89d9db0bf 0da1bc1a3acc45d0aca57e504c04ea17 63be5b4f4d784088b73cd36e6114f00e - default default] 10.31.10.3,10.31.10.1 "GET /v2.0/ports?device_id=e1081f97-129f-4030-af18-136d0cfcf27a HTTP/1.1" status: 200 len: 1350 time: 0.0661175
2020-12-02 18:03:54.877 21 INFO neutron.wsgi [req-bf996b27-e3f9-40a9-93b9-58e2af3299a5 0da1bc1a3acc45d0aca57e504c04ea17 63be5b4f4d784088b73cd36e6114f00e - default default] 10.31.10.3,10.31.10.1 "GET /v2.0/ports?device_id=67737d72-9310-441e-b6e3-d5b6bce57d8b HTTP/1.1" status: 200 len: 1355 time: 0.0813942
2020-12-02 18:03:54.942 24 INFO neutron.wsgi [req-2bedc9ab-fad2-4b79-a2d1-e2e30376596d 0da1bc1a3acc45d0aca57e504c04ea17 63be5b4f4d784088b73cd36e6114f00e - default default] 10.31.10.3,10.31.10.1 "GET /v2.0/floatingips?port_id=c030e964-6d30-4271-b157-ad6ca8564b34&tenant_id=63be5b4f4d784088b73cd36e6114f00e HTTP/1.1" status: 200 len: 193 time: 0.0727413
2020-12-02 18:03:55.810 22 INFO neutron.wsgi [req-341f9410-aabb-424c-9c01-5b1a2bb78175 0da1bc1a3acc45d0aca57e504c04ea17 63be5b4f4d784088b73cd36e6114f00e - default default] 10.31.10.3,10.31.10.1 "GET /v2.0/ports?tenant_id=63be5b4f4d784088b73cd36e6114f00e HTTP/1.1" status: 200 len: 548586 time: 0.8890371
2020-12-02 18:03:55.895 23 INFO neutron.wsgi [req-4924babf-c9c4-4007-aff3-d6e5c286ebf1 0da1bc1a3acc45d0aca57e504c04ea17 63be5b4f4d784088b73cd36e6114f00e - default default] 10.31.10.3,10.31.10.1 "GET /v2.0/networks?id=5a63d595-952c-4781-840b-8e90810d0ea4 HTTP/1.1" status: 200 len: 884 time: 0.1663809
2020-12-02 18:03:56.257 23 INFO neutron.wsgi [req-fea4c1d7-f253-42dc-9ac6-2692f08b6323 0da1bc1a3acc45d0aca57e504c04ea17 63be5b4f4d784088b73cd36e6114f00e - default default] 10.31.10.3,10.31.10.1 "GET /v2.0/subnets HTTP/1.1" status: 200 len: 127848 time: 0.3527071
2020-12-02 18:03:56.300 22 INFO neutron.wsgi [req-03bbbcc2-c9ad-4ab7-b1c4-3d23e80317bd 0da1bc1a3acc45d0aca57e504c04ea17 63be5b4f4d784088b73cd36e6114f00e - default default] 10.31.10.3,10.31.10.1 "GET /v2.0/ports?tenant_id=63be5b4f4d784088b73cd36e6114f00e HTTP/1.1" status: 200 len: 548586 time: 1.3357022
2020-12-02 18:03:56.398 24 INFO neutron.wsgi [req-69e671cc-0a3c-49b7-b03c-34acb382b763 0da1bc1a3acc45d0aca57e504c04ea17 63be5b4f4d784088b73cd36e6114f00e - default default] 10.31.10.3,10.31.10.1 "GET /v2.0/subnets HTTP/1.1" status: 200 len: 127848 time: 0.3715823
2020-12-02 18:03:56.473 24 INFO neutron.wsgi [req-75bf5c4f-ac35-4893-a304-9ed88bdfc246 0da1bc1a3acc45d0aca57e504c04ea17 63be5b4f4d784088b73cd36e6114f00e - default default] 10.31.10.2,10.31.10.1 "GET /v2.0/security-groups?id=b92ca6e7-6354-4c1e-a781-6be287e270a3&fields=id&fields=name HTTP/1.1" status: 200 len: 262 time: 0.0389855
2020-12-02 18:03:56.680 21 INFO neutron.wsgi [req-b2580a88-6331-4409-9bd9-cf955596f144 0da1bc1a3acc45d0aca57e504c04ea17 63be5b4f4d784088b73cd36e6114f00e - default default] 10.31.10.20,10.31.10.1 "POST /v2.0/ports HTTP/1.1" status: 201 len: 1223 time: 0.8127630
2020-12-02 18:03:56.840 24 INFO neutron.wsgi [req-7500b1b0-447d-49fa-afd5-739f232d2a83 0da1bc1a3acc45d0aca57e504c04ea17 63be5b4f4d784088b73cd36e6114f00e - default default] 10.31.10.20,10.31.10.1 "GET /v2.0/networks?id=df241682-8c21-4c0b-a075-f9f95800d407 HTTP/1.1" status: 200 len: 884 time: 0.3271129
2020-12-02 18:03:56.841 23 INFO neutron.wsgi [req-75910306-ddc8-4734-82cb-ae816a068d27 0da1bc1a3acc45d0aca57e504c04ea17 63be5b4f4d784088b73cd36e6114f00e - default default] 10.31.10.20,10.31.10.1 "GET /v2.0/ports?device_id=2b085d28-02db-4194-8d15-3bbfd392d10b HTTP/1.1" status: 200 len: 1355 time: 0.0789855
2020-12-02 18:03:57.089 24 INFO neutron.wsgi [req-008b7b0f-e4d5-410c-86e6-dda5b45c164c 0da1bc1a3acc45d0aca57e504c04ea17 63be5b4f4d784088b73cd36e6114f00e - default default] 10.31.10.3,10.31.10.1 "GET /v2.0/ports?device_id=2b085d28-02db-4194-8d15-3bbfd392d10b HTTP/1.1" status: 200 len: 1355 time: 0.0948882
2020-12-02 18:03:57.707 25 INFO neutron.wsgi [req-8fa13db5-72f0-4340-806b-dfdec1dd6435 0da1bc1a3acc45d0aca57e504c04ea17 63be5b4f4d784088b73cd36e6114f00e - default default] 10.31.10.2,10.31.10.1 "GET /v2.0/ports?tenant_id=63be5b4f4d784088b73cd36e6114f00e HTTP/1.1" status: 200 len: 549620 time: 0.5779862
2020-12-02 18:03:57.981 24 INFO neutron.wsgi [req-e62dc670-9745-48dc-952e-8dd3277d2a45 0da1bc1a3acc45d0aca57e504c04ea17 63be5b4f4d784088b73cd36e6114f00e - default default] 10.31.10.3,10.31.10.1 "GET /v2.0/networks?id=9c2436a3-807d-4e6b-936d-05dee0227bb5 HTTP/1.1" status: 200 len: 884 time: 0.1475019
2020-12-02 18:03:58.397 32 INFO neutron.db.l3_db [req-2af18b43-d8c3-483a-b6f4-ef4fe88e6591 - - - - -] Skipping port c18213f4-d9cf-4e72-a473-8998bf46a877 as no IP is configure on it
2020-12-02 18:03:58.398 32 INFO neutron.db.l3_db [req-2af18b43-d8c3-483a-b6f4-ef4fe88e6591 - - - - -] Skipping port c18213f4-d9cf-4e72-a473-8998bf46a877 as no IP is configure on it
2020-12-02 18:03:58.579 28 INFO neutron.db.l3_db [req-b9b21b8b-4019-47e1-9cb3-6dcadaf89214 - - - - -] Skipping port 14dff1c9-6dc4-49f0-835a-33c818e4f732 as no IP is configure on it
2020-12-02 18:03:58.580 28 INFO neutron.db.l3_db [req-b9b21b8b-4019-47e1-9cb3-6dcadaf89214 - - - - -] Skipping port 14dff1c9-6dc4-49f0-835a-33c818e4f732 as no IP is configure on it
2020-12-02 18:03:58.614 24 INFO neutron.wsgi [req-2fac03d3-2161-4cfe-bd71-f3791a596a1c 851af1939a9b4ff8808a741857d37b46 761947fab1374992bf04ee79f6b6b929 - default default] 10.31.10.20,10.31.10.1 "GET /v2.0/floatingips?fixed_ip_address=192.168.113.66&port_id=97abc8ce-560e-4137-af26-5054f4da4755 HTTP/1.1" status: 200 len: 193 time: 0.0623004
2020-12-02 18:03:58.828 24 INFO neutron.wsgi [req-5261ff75-344e-4662-8368-a90ae664c3dd 0da1bc1a3acc45d0aca57e504c04ea17 63be5b4f4d784088b73cd36e6114f00e - default default] 10.31.10.20,10.31.10.1 "GET /v2.0/ports?device_id=f48a2b29-ebab-4cb1-98f5-63e3db7dd14e HTTP/1.1" status: 200 len: 1355 time: 0.1444321
2020-12-02 18:03:58.839 23 INFO neutron.wsgi [req-6beb184a-3ac7-47b2-a408-6db8300d2da8 0da1bc1a3acc45d0aca57e504c04ea17 63be5b4f4d784088b73cd36e6114f00e - default default] 10.31.10.3,10.31.10.1 "GET /v2.0/security-groups?id=b92ca6e7-6354-4c1e-a781-6be287e270a3&fields=id&fields=name HTTP/1.1" status: 200 len: 262 time: 0.0545394
2020-12-02 18:03:59.073 32 INFO neutron.db.l3_db [req-2af18b43-d8c3-483a-b6f4-ef4fe88e6591 - - - - -] Skipping port c18213f4-d9cf-4e72-a473-8998bf46a877 as no IP is configure on it
2020-12-02 18:03:59.074 32 INFO neutron.db.l3_db [req-2af18b43-d8c3-483a-b6f4-ef4fe88e6591 - - - - -] Skipping port c18213f4-d9cf-4e72-a473-8998bf46a877 as no IP is configure on it
2020-12-02 18:03:59.079 28 INFO neutron.db.l3_db [req-b9b21b8b-4019-47e1-9cb3-6dcadaf89214 - - - - -] Skipping port 14dff1c9-6dc4-49f0-835a-33c818e4f732 as no IP is configure on it
2020-12-02 18:03:59.079 28 INFO neutron.db.l3_db [req-b9b21b8b-4019-47e1-9cb3-6dcadaf89214 - - - - -] Skipping port 14dff1c9-6dc4-49f0-835a-33c818e4f732 as no IP is configure on it
2020-12-02 18:03:59.298 24 INFO neutron.wsgi [req-74080905-3c57-471b-ade2-6b5d309ab179 851af1939a9b4ff8808a741857d37b46 761947fab1374992bf04ee79f6b6b929 - default default] 10.31.10.20,10.31.10.1 "GET /v2.0/ports?tenant_id=63be5b4f4d784088b73cd36e6114f00e&device_id=8deab854-d3fd-4117-9626-60de8269d0a8 HTTP/1.1" status: 200 len: 1353 time: 0.0703847
2020-12-02 18:03:59.475 24 INFO neutron.wsgi [req-a16847e1-6929-4d26-b484-d8f6fd1002b3 851af1939a9b4ff8808a741857d37b46 761947fab1374992bf04ee79f6b6b929 - default default] 10.31.10.20,10.31.10.1 "GET /v2.0/ports?device_id=27b4392c-574e-4c52-90c9-0542a640d660&fields=binding%3Ahost_id&fields=binding%3Avif_type HTTP/1.1" status: 200 len: 238 time: 0.0747504
2020-12-02 18:03:59.570 24 INFO neutron.wsgi [req-e0f9d520-98f2-4f22-9206-c4811c3c1f46 851af1939a9b4ff8808a741857d37b46 761947fab1374992bf04ee79f6b6b929 - default default] 10.31.10.20,10.31.10.1 "GET /v2.0/subnets?id=9dde3935-4de3-4832-968a-c9a135a216b7 HTTP/1.1" status: 200 len: 812 time: 0.0601513
2020-12-02 18:03:59.658 24 INFO neutron.wsgi [req-3a5f9e20-c9cd-466e-b8f6-da1da0d61f01 851af1939a9b4ff8808a741857d37b46 761947fab1374992bf04ee79f6b6b929 - default default] 10.31.10.20,10.31.10.1 "GET /v2.0/ports?network_id=df241682-8c21-4c0b-a075-f9f95800d407&device_owner=network%3Adhcp HTTP/1.1" status: 200 len: 2491 time: 0.0714214
2020-12-02 18:03:59.805 24 INFO neutron.wsgi [req-9ff606f1-5ce0-4e33-b130-2852f93b641f 851af1939a9b4ff8808a741857d37b46 761947fab1374992bf04ee79f6b6b929 - default default] 10.31.10.20,10.31.10.1 "GET /v2.0/networks/f6103ad5-8111-4305-a4d4-c7c9a8980183?fields=segments HTTP/1.1" status: 200 len: 188 time: 0.1365697
2020-12-02 18:03:59.855 21 INFO neutron.wsgi [req-01b9d9b6-9d1a-4a9f-b70c-cc966f3fd0a1 851af1939a9b4ff8808a741857d37b46 761947fab1374992bf04ee79f6b6b929 - default default] 10.31.10.20,10.31.10.1 "GET /v2.0/subnets?id=afc54e60-0919-4cef-9ee9-003575df1621 HTTP/1.1" status: 200 len: 817 time: 0.0623567
2020-12-02 18:04:00.038 21 INFO neutron.wsgi [req-7206d91e-19e2-4bf6-94eb-f292f6fc0c21 851af1939a9b4ff8808a741857d37b46 761947fab1374992bf04ee79f6b6b929 - default default] 10.31.10.20,10.31.10.1 "GET /v2.0/networks/df241682-8c21-4c0b-a075-f9f95800d407?fields=provider%3Aphysical_network&fields=provider%3Anetwork_type HTTP/1.1" status: 200 len: 252 time: 0.1441405
2020-12-02 18:04:00.311 25 INFO neutron.wsgi [req-aa0726d4-c266-4982-a45e-e96a5f62e170 851af1939a9b4ff8808a741857d37b46 761947fab1374992bf04ee79f6b6b929 - default default] 10.31.10.20,10.31.10.1 "GET /v2.0/networks?id=df241682-8c21-4c0b-a075-f9f95800d407 HTTP/1.1" status: 200 len: 884 time: 0.1231077
2020-12-02 18:04:00.481 22 INFO neutron.wsgi [req-9f146cc8-f4c2-4c45-bf17-0a3b853b05f4 851af1939a9b4ff8808a741857d37b46 761947fab1374992bf04ee79f6b6b929 - default default] 10.31.10.20,10.31.10.1 "GET /v2.0/subnets?id=9dde3935-4de3-4832-968a-c9a135a216b7 HTTP/1.1" status: 200 len: 812 time: 0.0784686
2020-12-02 18:04:00.836 21 INFO neutron.wsgi [req-0f220a9d-9f79-49a2-a789-a34cfe5c39b3 851af1939a9b4ff8808a741857d37b46 761947fab1374992bf04ee79f6b6b929 - default default] 10.31.10.20,10.31.10.1 "GET /v2.0/networks/df241682-8c21-4c0b-a075-f9f95800d407?fields=provider%3Aphysical_network&fields=provider%3Anetwork_type HTTP/1.1" status: 200 len: 252 time: 0.1296234
2020-12-02 18:04:01.726 25 INFO neutron.wsgi [req-b53df417-1bfa-4c05-97ff-73257a61d417 0da1bc1a3acc45d0aca57e504c04ea17 63be5b4f4d784088b73cd36e6114f00e - default default] 10.31.10.20,10.31.10.1 "GET /v2.0/ports?device_id=da55f468-a5ac-4764-ae10-60dc9db1d416 HTTP/1.1" status: 200 len: 1355 time: 0.2359047
2020-12-02 18:04:02.206 25 INFO neutron.wsgi [req-b6a71ebb-b20d-4d05-a989-695a46656bc9 0da1bc1a3acc45d0aca57e504c04ea17 63be5b4f4d784088b73cd36e6114f00e - default default] 10.31.10.2,10.31.10.1 "GET /v2.0/security-groups?id=b92ca6e7-6354-4c1e-a781-6be287e270a3&fields=id&fields=name HTTP/1.1" status: 200 len: 262 time: 0.0462554
2020-12-02 18:04:03.310 25 INFO neutron.wsgi [req-01b4b883-a64f-41b0-9773-68d0ccde72ac 0da1bc1a3acc45d0aca57e504c04ea17 63be5b4f4d784088b73cd36e6114f00e - default default] 10.31.10.3,10.31.10.1 "GET /v2.0/ports?device_id=d3090d59-ea70-4208-a5ab-306d217f0db4 HTTP/1.1" status: 200 len: 1355 time: 0.0756767
2020-12-02 18:04:03.717 25 INFO neutron.wsgi [req-82af9b99-d1ff-4daf-9bc8-93460991a657 0da1bc1a3acc45d0aca57e504c04ea17 63be5b4f4d784088b73cd36e6114f00e - default default] 10.31.10.20,10.31.10.1 "GET /v2.0/security-groups?id=b92ca6e7-6354-4c1e-a781-6be287e270a3&fields=id&fields=name HTTP/1.1" status: 200 len: 262 time: 0.0436859
2020-12-02 18:04:05.159 22 INFO neutron.wsgi [req-0562e1a5-aa81-4fda-bed3-952ff890593c 0da1bc1a3acc45d0aca57e504c04ea17 63be5b4f4d784088b73cd36e6114f00e - default default] 10.31.10.3,10.31.10.1 "GET /v2.0/ports?device_id=d2c5ee58-863e-4938-8a1e-5427f99fb714 HTTP/1.1" status: 200 len: 1348 time: 0.1002936
2020-12-02 18:04:06.771 24 INFO neutron.wsgi [req-1575ba0f-51e5-4d8c-8804-bf0cbee479a6 0da1bc1a3acc45d0aca57e504c04ea17 63be5b4f4d784088b73cd36e6114f00e - default default] 10.31.10.20,10.31.10.1 "GET /v2.0/security-groups?id=b92ca6e7-6354-4c1e-a781-6be287e270a3&fields=id&fields=name HTTP/1.1" status: 200 len: 262 time: 0.0528817
2020-12-02 18:04:07.722 23 INFO neutron.wsgi [req-a4bb6f0c-5f85-4b11-a75a-a6d3fdd08144 0da1bc1a3acc45d0aca57e504c04ea17 63be5b4f4d784088b73cd36e6114f00e - default default] 10.31.10.3,10.31.10.1 "GET /v2.0/ports?device_id=8deab854-d3fd-4117-9626-60de8269d0a8 HTTP/1.1" status: 200 len: 1353 time: 0.0746539
2020-12-02 18:04:08.469 24 INFO neutron.wsgi [req-290863dc-fb31-4155-8b2c-5a4889a30dcd 0da1bc1a3acc45d0aca57e504c04ea17 63be5b4f4d784088b73cd36e6114f00e - default default] 10.31.10.2,10.31.10.1 "GET /v2.0/ports?device_id=49b76fa3-cd5f-492f-9732-caab9ee8b90c HTTP/1.1" status: 200 len: 1355 time: 0.0851443
2020-12-02 18:04:09.135 22 INFO neutron.wsgi [req-3678a34d-78fe-454b-862c-bfbf345f6be4 0da1bc1a3acc45d0aca57e504c04ea17 63be5b4f4d784088b73cd36e6114f00e - default default] 10.31.10.3,10.31.10.1 "GET /v2.0/ports?device_id=f48a2b29-ebab-4cb1-98f5-63e3db7dd14e HTTP/1.1" status: 200 len: 1355 time: 0.0826731
2020-12-02 18:04:09.975 24 INFO neutron.wsgi [req-5a97c223-1708-48cc-90da-17c9605759d9 0da1bc1a3acc45d0aca57e504c04ea17 63be5b4f4d784088b73cd36e6114f00e - default default] 10.31.10.2,10.31.10.1 "GET /v2.0/ports?tenant_id=63be5b4f4d784088b73cd36e6114f00e HTTP/1.1" status: 200 len: 550919 time: 0.7004740
2020-12-02 18:04:11.690 23 INFO neutron.wsgi [req-a7218a3c-b9b6-4cdd-802c-d1d43d589c05 0da1bc1a3acc45d0aca57e504c04ea17 63be5b4f4d784088b73cd36e6114f00e - default default] 10.31.10.20,10.31.10.1 "GET /v2.0/ports?device_id=f48a2b29-ebab-4cb1-98f5-63e3db7dd14e HTTP/1.1" status: 200 len: 1355 time: 0.0666642
2020-12-02 18:04:11.701 22 INFO neutron.wsgi [req-75efd3f9-8eee-4f26-8d83-a33a9c4c12a5 0da1bc1a3acc45d0aca57e504c04ea17 63be5b4f4d784088b73cd36e6114f00e - default default] 10.31.10.2,10.31.10.1 "GET /v2.0/ports?device_id=d3090d59-ea70-4208-a5ab-306d217f0db4 HTTP/1.1" status: 200 len: 1355 time: 0.0677490
2020-12-02 18:04:11.752 22 INFO neutron.wsgi [req-a6293786-2301-42cc-bd10-9d51a3195005 0da1bc1a3acc45d0aca57e504c04ea17 63be5b4f4d784088b73cd36e6114f00e - default default] 10.31.10.2,10.31.10.1 "GET /v2.0/security-groups?id=b92ca6e7-6354-4c1e-a781-6be287e270a3&fields=id&fields=name HTTP/1.1" status: 200 len: 262 time: 0.0407288
2020-12-02 18:04:11.874 22 INFO neutron.wsgi [req-f6767a4e-2007-41ae-bdfb-e7af340db455 0da1bc1a3acc45d0aca57e504c04ea17 63be5b4f4d784088b73cd36e6114f00e - default default] 10.31.10.20,10.31.10.1 "GET /v2.0/security-groups?id=b92ca6e7-6354-4c1e-a781-6be287e270a3&fields=id&fields=name HTTP/1.1" status: 200 len: 262 time: 0.0661240
2020-12-02 18:04:11.922 22 INFO neutron.wsgi [req-72df51e0-9241-4b07-9bb2-e967ab36a265 0da1bc1a3acc45d0aca57e504c04ea17 63be5b4f4d784088b73cd36e6114f00e - default default] 10.31.10.3,10.31.10.1 "GET /v2.0/ports?device_id=e1081f97-129f-4030-af18-136d0cfcf27a HTTP/1.1" status: 200 len: 1350 time: 0.0760372
2020-12-02 18:04:11.989 22 INFO neutron.wsgi [req-7c0ea9db-40d8-49ac-8c75-273f3f6738b6 0da1bc1a3acc45d0aca57e504c04ea17 63be5b4f4d784088b73cd36e6114f00e - default default] 10.31.10.3,10.31.10.1 "GET /v2.0/floatingips?port_id=a567f926-e0f3-4a3f-a046-52e0d74881aa&tenant_id=63be5b4f4d784088b73cd36e6114f00e HTTP/1.1" status: 200 len: 193 time: 0.0561509
2020-12-02 18:04:12.031 24 INFO neutron.wsgi [req-544ec58a-c984-486f-8dda-a71cad1c9d21 0da1bc1a3acc45d0aca57e504c04ea17 63be5b4f4d784088b73cd36e6114f00e - default default] 10.31.10.3,10.31.10.1 "GET /v2.0/ports?device_id=da55f468-a5ac-4764-ae10-60dc9db1d416 HTTP/1.1" status: 200 len: 1355 time: 0.0791969
2020-12-02 18:04:12.082 24 INFO neutron.wsgi [req-4ad67115-bbbf-46c2-8759-69bcc6e19e6a 0da1bc1a3acc45d0aca57e504c04ea17 63be5b4f4d784088b73cd36e6114f00e - default default] 10.31.10.3,10.31.10.1 "GET /v2.0/security-groups?id=b92ca6e7-6354-4c1e-a781-6be287e270a3&fields=id&fields=name HTTP/1.1" status: 200 len: 262 time: 0.0401263
2020-12-02 18:04:12.686 25 INFO neutron.wsgi [req-9fea93dc-d276-4634-b983-2f89c5e2721b 0da1bc1a3acc45d0aca57e504c04ea17 63be5b4f4d784088b73cd36e6114f00e - default default] 10.31.10.3,10.31.10.1 "GET /v2.0/networks?id=2c8a8247-2c48-4573-ae6f-c56c3fd4f6ec HTTP/1.1" status: 200 len: 884 time: 0.1253579
2020-12-02 18:04:12.688 23 INFO neutron.wsgi [req-4b023eb4-1a5a-42af-b4a0-c5bba5960495 0da1bc1a3acc45d0aca57e504c04ea17 63be5b4f4d784088b73cd36e6114f00e - default default] 10.31.10.3,10.31.10.1 "GET /v2.0/ports?tenant_id=63be5b4f4d784088b73cd36e6114f00e HTTP/1.1" status: 200 len: 550919 time: 0.6819758
2020-12-02 18:04:13.069 24 INFO neutron.wsgi [req-445bfd06-0e20-48da-b69e-8578af8a4cdc 0da1bc1a3acc45d0aca57e504c04ea17 63be5b4f4d784088b73cd36e6114f00e - default default] 10.31.10.3,10.31.10.1 "GET /v2.0/subnets HTTP/1.1" status: 200 len: 127848 time: 0.3580608
2020-12-02 18:04:13.241 23 INFO neutron.wsgi [req-2211de63-ae7c-4a0c-abbb-f1761ea8de31 0da1bc1a3acc45d0aca57e504c04ea17 63be5b4f4d784088b73cd36e6114f00e - default default] 10.31.10.3,10.31.10.1 "GET /v2.0/subnets HTTP/1.1" status: 200 len: 127848 time: 0.3565319
2020-12-02 18:04:13.863 23 INFO neutron.wsgi [req-5ba0c854-b241-42ed-ba07-0dc426ba658e 0da1bc1a3acc45d0aca57e504c04ea17 63be5b4f4d784088b73cd36e6114f00e - default default] 10.31.10.3,10.31.10.1 "GET /v2.0/subnets HTTP/1.1" status: 200 len: 127848 time: 0.3502657
2020-12-02 18:04:13.892 23 INFO neutron.wsgi [req-d943bfd5-c09e-4f80-bed6-07c94c35b3d6 0da1bc1a3acc45d0aca57e504c04ea17 63be5b4f4d784088b73cd36e6114f00e - default default] 10.31.10.3,10.31.10.1 "GET /v2.0/security-groups?id=b92ca6e7-6354-4c1e-a781-6be287e270a3&fields=id&fields=name HTTP/1.1" status: 200 len: 262 time: 0.2617996
2020-12-02 18:04:13.955 24 INFO neutron.wsgi [req-e8182670-da94-47b9-8287-287056b77e01 0da1bc1a3acc45d0aca57e504c04ea17 63be5b4f4d784088b73cd36e6114f00e - default default] 10.31.10.2,10.31.10.1 "GET /v2.0/ports?device_id=67737d72-9310-441e-b6e3-d5b6bce57d8b HTTP/1.1" status: 200 len: 1355 time: 0.0708787
2020-12-02 18:04:14.627 24 INFO neutron.wsgi [req-6d69fbcb-e453-431e-9a6f-85ad7380b6be 0da1bc1a3acc45d0aca57e504c04ea17 63be5b4f4d784088b73cd36e6114f00e - default default] 10.31.10.3,10.31.10.1 "GET /v2.0/ports?tenant_id=63be5b4f4d784088b73cd36e6114f00e HTTP/1.1" status: 200 len: 550919 time: 0.6097803
2020-12-02 18:04:14.821 21 INFO neutron.wsgi [req-3d5705ab-75fd-4ae5-9f3a-0b63b7fdbe15 0da1bc1a3acc45d0aca57e504c04ea17 63be5b4f4d784088b73cd36e6114f00e - default default] 10.31.10.3,10.31.10.1 "GET /v2.0/networks?id=9c2436a3-807d-4e6b-936d-05dee0227bb5 HTTP/1.1" status: 200 len: 884 time: 0.1335025
2020-12-02 18:04:15.148 21 INFO neutron.wsgi [req-52d6f38d-a90e-49b9-a77f-fb405a45eb0b 0da1bc1a3acc45d0aca57e504c04ea17 63be5b4f4d784088b73cd36e6114f00e - default default] 10.31.10.3,10.31.10.1 "GET /v2.0/subnets HTTP/1.1" status: 200 len: 127848 time: 0.3216558
2020-12-02 18:04:17.018 23 INFO neutron.wsgi [req-ee7d63fd-3122-4ffb-9cd8-5eddc77b8868 0da1bc1a3acc45d0aca57e504c04ea17 63be5b4f4d784088b73cd36e6114f00e - default default] 10.31.10.20,10.31.10.1 "GET /v2.0/ports?device_id=e1081f97-129f-4030-af18-136d0cfcf27a HTTP/1.1" status: 200 len: 1350 time: 0.0749748
2020-12-02 18:04:17.357 21 INFO neutron.wsgi [req-326f8d6f-49cc-4ffc-85a5-a50765e14746 0da1bc1a3acc45d0aca57e504c04ea17 63be5b4f4d784088b73cd36e6114f00e - default default] 10.31.10.2,10.31.10.1 "GET /v2.0/security-groups?id=b92ca6e7-6354-4c1e-a781-6be287e270a3&fields=id&fields=name HTTP/1.1" status: 200 len: 262 time: 0.0436108
2020-12-02 18:04:17.728 21 INFO neutron.wsgi [req-182eee56-2a01-4a67-a7a8-1905ef1c5f9e 851af1939a9b4ff8808a741857d37b46 761947fab1374992bf04ee79f6b6b929 - default default] 10.31.10.3,10.31.10.1 "GET /v2.0/networks?id=c8e1bba8-da86-4439-a984-1085e84d9405 HTTP/1.1" status: 200 len: 905 time: 0.1250687
2020-12-02 18:04:17.984 21 INFO neutron.wsgi [req-ee7665bc-319b-45fc-9c2c-ae4e9c000ad6 0da1bc1a3acc45d0aca57e504c04ea17 63be5b4f4d784088b73cd36e6114f00e - default default] 10.31.10.20,10.31.10.1 "GET /v2.0/ports?device_id=d3090d59-ea70-4208-a5ab-306d217f0db4 HTTP/1.1" status: 200 len: 1355 time: 0.0849438
2020-12-02 18:04:18.864 21 INFO neutron.wsgi [req-51b1eaad-9cda-4556-b90d-ff6b1dcb8a25 0da1bc1a3acc45d0aca57e504c04ea17 63be5b4f4d784088b73cd36e6114f00e - default default] 10.31.10.3,10.31.10.1 "GET /v2.0/security-groups?id=b92ca6e7-6354-4c1e-a781-6be287e270a3&fields=id&fields=name HTTP/1.1" status: 200 len: 262 time: 0.0546138
2020-12-02 18:04:19.070 21 INFO neutron.wsgi [req-8787111f-2a72-402a-956b-e1e2345f3a09 0da1bc1a3acc45d0aca57e504c04ea17 63be5b4f4d784088b73cd36e6114f00e - default default] 10.31.10.20,10.31.10.1 "DELETE /v2.0/ports/ae7c56ce-7cbc-4b17-a4d4-d313489447dd HTTP/1.1" status: 204 len: 149 time: 1.0763600
2020-12-02 18:04:19.107 21 WARNING neutron.notifiers.nova [-] Nova event: {'server_uuid': 'd3090d59-ea70-4208-a5ab-306d217f0db4', 'name': 'network-vif-deleted', 'tag': 'ae7c56ce-7cbc-4b17-a4d4-d313489447dd', 'status': 'failed', 'code': 422} returned with failed status
2020-12-02 18:04:19.624 24 INFO neutron.wsgi [-] 10.31.10.1 "GET / HTTP/1.1" status: 200 len: 228 time: 0.0071824
2020-12-02 18:04:21.195 25 INFO neutron.wsgi [req-3f1619ed-a622-4f16-b979-c8bf98c92b71 0da1bc1a3acc45d0aca57e504c04ea17 63be5b4f4d784088b73cd36e6114f00e - default default] 10.31.10.2,10.31.10.1 "GET /v2.0/floatingips?tenant_id=63be5b4f4d784088b73cd36e6114f00e HTTP/1.1" status: 200 len: 193 time: 0.0589893
2020-12-02 18:04:21.883 23 INFO neutron.wsgi [req-3328b42c-5b98-45a0-96d6-e12634e3f523 0da1bc1a3acc45d0aca57e504c04ea17 63be5b4f4d784088b73cd36e6114f00e - default default] 10.31.10.3,10.31.10.1 "GET /v2.0/security-groups?id=b92ca6e7-6354-4c1e-a781-6be287e270a3&fields=id&fields=name HTTP/1.1" status: 200 len: 262 time: 0.0497286
2020-12-02 18:04:24.150 24 INFO neutron.wsgi [req-1435b78c-82da-4c1d-bee3-26b087ea78c4 0da1bc1a3acc45d0aca57e504c04ea17 63be5b4f4d784088b73cd36e6114f00e - default default] 10.31.10.2,10.31.10.1 "GET /v2.0/ports?device_id=d3090d59-ea70-4208-a5ab-306d217f0db4 HTTP/1.1" status: 200 len: 186 time: 0.0635633
2020-12-02 18:04:24.403 21 INFO neutron.wsgi [req-c4c473e8-5484-4430-9ce9-72d19214aa21 0da1bc1a3acc45d0aca57e504c04ea17 63be5b4f4d784088b73cd36e6114f00e - default default] 10.31.10.20,10.31.10.1 "GET /v2.0/ports?device_id=8deab854-d3fd-4117-9626-60de8269d0a8 HTTP/1.1" status: 200 len: 1353 time: 0.0862689
2020-12-02 18:04:25.275 24 INFO neutron.wsgi [req-81ad2aad-f7bc-4bbf-a4d3-0b818976639f 0da1bc1a3acc45d0aca57e504c04ea17 63be5b4f4d784088b73cd36e6114f00e - default default] 10.31.10.2,10.31.10.1 "GET /v2.0/ports?device_id=d2c5ee58-863e-4938-8a1e-5427f99fb714 HTTP/1.1" status: 200 len: 1348 time: 0.2796190
2020-12-02 18:04:27.593 22 INFO neutron.wsgi [req-5d716060-dffe-42eb-9af8-7e59cdba0f70 0da1bc1a3acc45d0aca57e504c04ea17 63be5b4f4d784088b73cd36e6114f00e - default default] 10.31.10.20,10.31.10.1 "GET /v2.0/ports?device_id=5bb0dc7b-9269-4d3d-92e9-0f8d6acfc7d5 HTTP/1.1" status: 200 len: 1350 time: 0.0791020
2020-12-02 18:04:27.720 24 INFO neutron.wsgi [req-e7bcf545-234b-46b7-afc6-64b6fd4e20df 0da1bc1a3acc45d0aca57e504c04ea17 63be5b4f4d784088b73cd36e6114f00e - default default] 10.31.10.2,10.31.10.1 "GET /v2.0/ports?tenant_id=63be5b4f4d784088b73cd36e6114f00e HTTP/1.1" status: 200 len: 550780 time: 0.6151612
2020-12-02 18:04:28.372 26 INFO neutron.db.l3_db [req-bec4fc73-8174-419f-a348-677ac8d4d756 - - - - -] Skipping port d602823f-3216-4a9b-82ae-fa5479c70ae7 as no IP is configure on it
2020-12-02 18:04:28.373 26 INFO neutron.db.l3_db [req-bec4fc73-8174-419f-a348-677ac8d4d756 - - - - -] Skipping port d602823f-3216-4a9b-82ae-fa5479c70ae7 as no IP is configure on it
2020-12-02 18:04:29.152 25 INFO neutron.wsgi [req-47ef723f-4f7b-4c2a-bcd8-4722fc5af131 0da1bc1a3acc45d0aca57e504c04ea17 63be5b4f4d784088b73cd36e6114f00e - default default] 10.31.10.2,10.31.10.1 "GET /v2.0/security-groups?id=b92ca6e7-6354-4c1e-a781-6be287e270a3&fields=id&fields=name HTTP/1.1" status: 200 len: 262 time: 0.0477915
2020-12-02 18:04:29.565 26 INFO neutron.db.l3_db [req-bec4fc73-8174-419f-a348-677ac8d4d756 - - - - -] Skipping port d602823f-3216-4a9b-82ae-fa5479c70ae7 as no IP is configure on it
2020-12-02 18:04:29.565 26 INFO neutron.db.l3_db [req-bec4fc73-8174-419f-a348-677ac8d4d756 - - - - -] Skipping port d602823f-3216-4a9b-82ae-fa5479c70ae7 as no IP is configure on it
2020-12-02 18:04:30.961 22 INFO neutron.wsgi [req-ef5c6ce1-9867-4775-9c7c-f34a6b374e3e 0da1bc1a3acc45d0aca57e504c04ea17 63be5b4f4d784088b73cd36e6114f00e - default default] 10.31.10.3,10.31.10.1 "GET /v2.0/ports?device_id=da55f468-a5ac-4764-ae10-60dc9db1d416 HTTP/1.1" status: 200 len: 1355 time: 0.0720196
2020-12-02 18:04:30.989 25 INFO neutron.wsgi [req-0c853ef9-c61b-404b-b60e-021534a44bc2 0da1bc1a3acc45d0aca57e504c04ea17 63be5b4f4d784088b73cd36e6114f00e - default default] 10.31.10.2,10.31.10.1 "GET /v2.0/ports?device_id=e1081f97-129f-4030-af18-136d0cfcf27a HTTP/1.1" status: 200 len: 1350 time: 0.0753701
2020-12-02 18:04:31.021 24 INFO neutron.wsgi [req-674123c6-467c-435d-b481-7f11c7358175 0da1bc1a3acc45d0aca57e504c04ea17 63be5b4f4d784088b73cd36e6114f00e - default default] 10.31.10.3,10.31.10.1 "GET /v2.0/security-groups?id=b92ca6e7-6354-4c1e-a781-6be287e270a3&fields=id&fields=name HTTP/1.1" status: 200 len: 262 time: 0.0428572
2020-12-02 18:04:31.221 22 INFO neutron.wsgi [req-8f195668-7815-4ef6-8eed-9a992962221e 0da1bc1a3acc45d0aca57e504c04ea17 63be5b4f4d784088b73cd36e6114f00e - default default] 10.31.10.3,10.31.10.1 "GET /v2.0/ports?device_id=da55f468-a5ac-4764-ae10-60dc9db1d416 HTTP/1.1" status: 200 len: 1355 time: 0.1107726
2020-12-02 18:04:31.232 22 INFO neutron.wsgi [req-3868b94b-9126-4772-9bcc-f264c038d823 0da1bc1a3acc45d0aca57e504c04ea17 63be5b4f4d784088b73cd36e6114f00e - default default] 10.31.10.3,10.31.10.1 "GET /v2.0/ports?device_id=e1081f97-129f-4030-af18-136d0cfcf27a HTTP/1.1" status: 200 len: 1350 time: 0.0823119
2020-12-02 18:04:31.260 24 INFO neutron.wsgi [req-e223656b-5623-4d4b-840a-31acc367eb42 0da1bc1a3acc45d0aca57e504c04ea17 63be5b4f4d784088b73cd36e6114f00e - default default] 10.31.10.20,10.31.10.1 "GET /v2.0/security-groups?id=b92ca6e7-6354-4c1e-a781-6be287e270a3&fields=id&fields=name HTTP/1.1" status: 200 len: 262 time: 0.0458825
2020-12-02 18:04:31.853 25 INFO neutron.wsgi [req-e60a41eb-8397-4ec2-bef1-d52373b4c075 0da1bc1a3acc45d0aca57e504c04ea17 63be5b4f4d784088b73cd36e6114f00e - default default] 10.31.10.3,10.31.10.1 "GET /v2.0/ports?tenant_id=63be5b4f4d784088b73cd36e6114f00e HTTP/1.1" status: 200 len: 550780 time: 0.5270405
2020-12-02 18:04:32.038 24 INFO neutron.wsgi [req-b1711bc7-ee2c-4081-b2ea-2f534ed4e584 0da1bc1a3acc45d0aca57e504c04ea17 63be5b4f4d784088b73cd36e6114f00e - default default] 10.31.10.3,10.31.10.1 "GET /v2.0/ports?tenant_id=63be5b4f4d784088b73cd36e6114f00e HTTP/1.1" status: 200 len: 550780 time: 0.7641830
2020-12-02 18:04:32.240 24 INFO neutron.wsgi [req-862b6917-3dc8-4629-bd59-97ac0469c4f3 0da1bc1a3acc45d0aca57e504c04ea17 63be5b4f4d784088b73cd36e6114f00e - default default] 10.31.10.3,10.31.10.1 "GET /v2.0/networks?id=984f8747-5ff8-4e4f-8563-396e7d3e19f3 HTTP/1.1" status: 200 len: 884 time: 0.1444764
2020-12-02 18:04:32.441 22 INFO neutron.wsgi [req-b9373be3-5ead-4f60-946e-1273c2ffd020 0da1bc1a3acc45d0aca57e504c04ea17 63be5b4f4d784088b73cd36e6114f00e - default default] 10.31.10.3,10.31.10.1 "GET /v2.0/ports?tenant_id=63be5b4f4d784088b73cd36e6114f00e HTTP/1.1" status: 200 len: 550780 time: 0.7165024
2020-12-02 18:04:32.516 25 INFO neutron.wsgi [req-76d9f83b-d94f-4cd7-8949-22be054d9951 0da1bc1a3acc45d0aca57e504c04ea17 63be5b4f4d784088b73cd36e6114f00e - default default] 10.31.10.3,10.31.10.1 "GET /v2.0/subnets HTTP/1.1" status: 200 len: 127848 time: 0.5025864
2020-12-02 18:04:32.611 24 INFO neutron.wsgi [req-f1ba5f52-785e-4407-acd2-6dd19bcf8c8d 0da1bc1a3acc45d0aca57e504c04ea17 63be5b4f4d784088b73cd36e6114f00e - default default] 10.31.10.3,10.31.10.1 "GET /v2.0/subnets HTTP/1.1" status: 200 len: 127848 time: 0.3610158
2020-12-02 18:04:32.791 21 INFO neutron.wsgi [req-b60ee06d-c549-4b93-9660-0d3059036626 0da1bc1a3acc45d0aca57e504c04ea17 63be5b4f4d784088b73cd36e6114f00e - default default] 10.31.10.3,10.31.10.1 "GET /v2.0/networks?id=9c2436a3-807d-4e6b-936d-05dee0227bb5 HTTP/1.1" status: 200 len: 884 time: 0.1314971
2020-12-02 18:04:33.010 23 INFO neutron.wsgi [req-c04452a3-80bd-4423-9369-670b83bd43a5 0da1bc1a3acc45d0aca57e504c04ea17 63be5b4f4d784088b73cd36e6114f00e - default default] 192.168.208.187,10.31.10.1 "GET /v2.0/ports/af4fd5fe-1c36-48fb-862d-704b44a0eef3 HTTP/1.1" status: 200 len: 1213 time: 0.0642922
2020-12-02 18:04:33.128 23 INFO neutron.wsgi [req-0617e4a1-e94c-44ff-a264-0cdbe71eabd2 0da1bc1a3acc45d0aca57e504c04ea17 63be5b4f4d784088b73cd36e6114f00e - default default] 192.168.208.187,10.31.10.1 "GET /v2.0/ports/af4fd5fe-1c36-48fb-862d-704b44a0eef3 HTTP/1.1" status: 200 len: 1213 time: 0.0573726
2020-12-02 18:04:33.216 25 INFO neutron.wsgi [req-02377f1f-cf87-496b-9ab3-0ece149a65db 0da1bc1a3acc45d0aca57e504c04ea17 63be5b4f4d784088b73cd36e6114f00e - default default] 10.31.10.3,10.31.10.1 "GET /v2.0/floatingips?tenant_id=63be5b4f4d784088b73cd36e6114f00e HTTP/1.1" status: 200 len: 193 time: 0.0645452
2020-12-02 18:04:33.861 21 INFO neutron.wsgi [req-133c6292-a834-41f5-9c9c-3a35cfbf8bc9 0da1bc1a3acc45d0aca57e504c04ea17 63be5b4f4d784088b73cd36e6114f00e - default default] 10.31.10.3,10.31.10.1 "GET /v2.0/networks?id=117246bd-5e76-45d5-bfae-f687493ae673 HTTP/1.1" status: 200 len: 885 time: 0.1269758
2020-12-02 18:04:34.557 23 INFO neutron.wsgi [req-c900223e-1159-4ce2-b10f-62de634f9f4f 0da1bc1a3acc45d0aca57e504c04ea17 63be5b4f4d784088b73cd36e6114f00e - default default] 10.31.10.3,10.31.10.1 "GET /v2.0/ports?tenant_id=63be5b4f4d784088b73cd36e6114f00e&fields=id HTTP/1.1" status: 200 len: 22360 time: 0.6519914
2020-12-02 18:04:34.576 23 INFO neutron.wsgi [req-d2f3ecd2-d0fc-43a5-a9ea-222b668e4092 851af1939a9b4ff8808a741857d37b46 761947fab1374992bf04ee79f6b6b929 - default default] 10.31.10.3,10.31.10.1 "GET /v2.0/extensions HTTP/1.1" status: 200 len: 14561 time: 0.0058887
2020-12-02 18:04:34.764 24 INFO neutron.wsgi [req-97f3f245-129f-4edf-b55a-6a58061f454f 0da1bc1a3acc45d0aca57e504c04ea17 63be5b4f4d784088b73cd36e6114f00e - default default] 10.31.10.2,10.31.10.1 "GET /v2.0/ports?device_id=8deab854-d3fd-4117-9626-60de8269d0a8 HTTP/1.1" status: 200 len: 1353 time: 0.0824420
2020-12-02 18:04:35.591 24 INFO neutron.wsgi [req-b75441fe-7866-41ef-af00-13dc06685f7a 0da1bc1a3acc45d0aca57e504c04ea17 63be5b4f4d784088b73cd36e6114f00e - default default] 10.31.10.20,10.31.10.1 "GET /v2.0/ports?device_id=d2c5ee58-863e-4938-8a1e-5427f99fb714 HTTP/1.1" status: 200 len: 1348 time: 0.0801349
2020-12-02 18:04:37.119 25 INFO neutron.wsgi [req-b016a5ec-09cb-4f45-b049-e7da9be68049 0da1bc1a3acc45d0aca57e504c04ea17 63be5b4f4d784088b73cd36e6114f00e - default default] 10.31.10.3,10.31.10.1 "DELETE /v2.0/ports/03e99727-4e00-4b01-96f7-3cc3597d5c85 HTTP/1.1" status: 204 len: 149 time: 0.7439363
2020-12-02 18:04:37.159 25 WARNING neutron.notifiers.nova [-] Nova event: {'server_uuid': '2b085d28-02db-4194-8d15-3bbfd392d10b', 'name': 'network-vif-deleted', 'tag': '03e99727-4e00-4b01-96f7-3cc3597d5c85', 'status': 'failed', 'code': 422} returned with failed status
2020-12-02 18:04:37.639 22 INFO neutron.wsgi [req-fa722499-0648-499f-8879-c94f79177b36 0da1bc1a3acc45d0aca57e504c04ea17 63be5b4f4d784088b73cd36e6114f00e - default default] 10.31.10.3,10.31.10.1 "GET /v2.0/ports?device_id=e1081f97-129f-4030-af18-136d0cfcf27a HTTP/1.1" status: 200 len: 1350 time: 0.0722432
2020-12-02 18:04:38.080 25 INFO neutron.wsgi [req-2e95e6e4-83f0-403b-aa5f-ec1e8a073914 0da1bc1a3acc45d0aca57e504c04ea17 63be5b4f4d784088b73cd36e6114f00e - default default] 10.31.10.20,10.31.10.1 "GET /v2.0/security-groups?id=b92ca6e7-6354-4c1e-a781-6be287e270a3&fields=id&fields=name HTTP/1.1" status: 200 len: 262 time: 0.0421045
2020-12-02 18:04:39.662 25 INFO neutron.wsgi [req-96eb1276-20b5-474d-b0ec-06d910b92af6 0da1bc1a3acc45d0aca57e504c04ea17 63be5b4f4d784088b73cd36e6114f00e - default default] 10.31.10.2,10.31.10.1 "GET /v2.0/ports?tenant_id=63be5b4f4d784088b73cd36e6114f00e HTTP/1.1" status: 200 len: 550678 time: 0.5309956
2020-12-02 18:04:39.835 25 INFO neutron.wsgi [req-b9fa5eed-3b6b-436c-acc6-57afba9a2da8 851af1939a9b4ff8808a741857d37b46 761947fab1374992bf04ee79f6b6b929 - default default] 10.31.10.3,10.31.10.1 "GET /v2.0/ports?tenant_id=63be5b4f4d784088b73cd36e6114f00e&device_id=adb640d3-44a4-44ab-81a1-d23f1816871d HTTP/1.1" status: 200 len: 1355 time: 0.0689139
2020-12-02 18:04:40.010 25 INFO neutron.wsgi [req-c66ffaf3-6d3b-417a-a678-3383e6ce4a1c 0da1bc1a3acc45d0aca57e504c04ea17 63be5b4f4d784088b73cd36e6114f00e - default default] 10.31.10.20,10.31.10.1 "GET /v2.0/ports?device_id=f48a2b29-ebab-4cb1-98f5-63e3db7dd14e HTTP/1.1" status: 200 len: 1355 time: 0.0691011
2020-12-02 18:04:40.229 22 INFO neutron.wsgi [req-0d50aa3e-e87d-495b-82a3-cc85b3b158b9 851af1939a9b4ff8808a741857d37b46 761947fab1374992bf04ee79f6b6b929 - default default] 10.31.10.3,10.31.10.1 "GET /v2.0/networks/117246bd-5e76-45d5-bfae-f687493ae673?fields=segments HTTP/1.1" status: 200 len: 188 time: 0.1349957
2020-12-02 18:04:40.658 24 INFO neutron.wsgi [req-8e63de1e-dd04-4b64-931a-6100dd4705e6 851af1939a9b4ff8808a741857d37b46 761947fab1374992bf04ee79f6b6b929 - default default] 10.31.10.3,10.31.10.1 "GET /v2.0/networks?id=117246bd-5e76-45d5-bfae-f687493ae673 HTTP/1.1" status: 200 len: 885 time: 0.1360011
2020-12-02 18:04:40.918 24 INFO neutron.wsgi [req-50d2e7d5-238f-4fd4-97a6-5cfad3289d20 851af1939a9b4ff8808a741857d37b46 761947fab1374992bf04ee79f6b6b929 - default default] 10.31.10.3,10.31.10.1 "GET /v2.0/ports?network_id=117246bd-5e76-45d5-bfae-f687493ae673&device_owner=network%3Adhcp HTTP/1.1" status: 200 len: 2503 time: 0.0813668
2020-12-02 18:04:42.424 25 INFO neutron.wsgi [req-d9ef22f9-c4b6-43ce-a4e6-2a320ae74d04 0da1bc1a3acc45d0aca57e504c04ea17 63be5b4f4d784088b73cd36e6114f00e - default default] 10.31.10.2,10.31.10.1 "GET /v2.0/ports?device_id=2b085d28-02db-4194-8d15-3bbfd392d10b HTTP/1.1" status: 200 len: 186 time: 0.0548825
2020-12-02 18:04:43.189 25 INFO neutron.wsgi [req-ba9802d9-8c8b-47a7-b896-e45166952d78 0da1bc1a3acc45d0aca57e504c04ea17 63be5b4f4d784088b73cd36e6114f00e - default default] 10.31.10.3,10.31.10.1 "GET /v2.0/security-groups?id=b92ca6e7-6354-4c1e-a781-6be287e270a3&fields=id&fields=name HTTP/1.1" status: 200 len: 262 time: 0.1947029
2020-12-02 18:04:45.101 22 INFO neutron.wsgi [req-5a8b4f01-ab4b-45aa-a895-d052ce8d47d3 0da1bc1a3acc45d0aca57e504c04ea17 63be5b4f4d784088b73cd36e6114f00e - default default] 10.31.10.2,10.31.10.1 "GET /v2.0/floatingips?tenant_id=63be5b4f4d784088b73cd36e6114f00e HTTP/1.1" status: 200 len: 193 time: 0.0681698
2020-12-02 18:04:45.630 22 INFO neutron.wsgi [req-76742fce-b101-48a6-a161-a15ea643cffc 0da1bc1a3acc45d0aca57e504c04ea17 63be5b4f4d784088b73cd36e6114f00e - default default] 10.31.10.2,10.31.10.1 "GET /v2.0/ports?tenant_id=63be5b4f4d784088b73cd36e6114f00e HTTP/1.1" status: 200 len: 551808 time: 0.5202162
2020-12-02 18:04:45.917 25 INFO neutron.wsgi [req-6297531d-2a70-4989-84f2-772b551432fd 0da1bc1a3acc45d0aca57e504c04ea17 63be5b4f4d784088b73cd36e6114f00e - default default] 10.31.10.20,10.31.10.1 "GET /v2.0/ports?device_id=d2c5ee58-863e-4938-8a1e-5427f99fb714 HTTP/1.1" status: 200 len: 1348 time: 0.0670841
2020-12-02 18:04:46.468 32 INFO neutron.db.l3_db [req-c142881d-a86f-46cd-adb7-5910933311e0 - - - - -] Skipping port dba1ed45-a5e7-46bf-8346-2050cb6f3455 as no IP is configure on it
2020-12-02 18:04:46.469 32 INFO neutron.db.l3_db [req-c142881d-a86f-46cd-adb7-5910933311e0 - - - - -] Skipping port dba1ed45-a5e7-46bf-8346-2050cb6f3455 as no IP is configure on it
2020-12-02 18:04:46.918 28 INFO neutron.db.l3_db [req-2f44a976-3eaa-42ff-aa40-f98df5330141 - - - - -] Skipping port 57efb8bc-1fe6-4781-b542-eeaa8b993966 as no IP is configure on it
2020-12-02 18:04:46.919 28 INFO neutron.db.l3_db [req-2f44a976-3eaa-42ff-aa40-f98df5330141 - - - - -] Skipping port 57efb8bc-1fe6-4781-b542-eeaa8b993966 as no IP is configure on it
2020-12-02 18:04:47.558 32 INFO neutron.db.l3_db [req-c142881d-a86f-46cd-adb7-5910933311e0 - - - - -] Skipping port dba1ed45-a5e7-46bf-8346-2050cb6f3455 as no IP is configure on it
2020-12-02 18:04:47.559 32 INFO neutron.db.l3_db [req-c142881d-a86f-46cd-adb7-5910933311e0 - - - - -] Skipping port dba1ed45-a5e7-46bf-8346-2050cb6f3455 as no IP is configure on it
2020-12-02 18:04:47.998 25 INFO neutron.wsgi [req-b92afa84-c54f-46ab-87dd-83b2065192e3 0da1bc1a3acc45d0aca57e504c04ea17 63be5b4f4d784088b73cd36e6114f00e - default default] 10.31.10.2,10.31.10.1 "GET /v2.0/security-groups?id=b92ca6e7-6354-4c1e-a781-6be287e270a3&fields=id&fields=name HTTP/1.1" status: 200 len: 262 time: 0.0551424
2020-12-02 18:04:48.530 21 INFO neutron.wsgi [req-a004b88d-7219-496e-af0b-34736e67ed08 0da1bc1a3acc45d0aca57e504c04ea17 63be5b4f4d784088b73cd36e6114f00e - default default] 10.31.10.20,10.31.10.1 "GET /v2.0/ports?device_id=adb640d3-44a4-44ab-81a1-d23f1816871d HTTP/1.1" status: 200 len: 1355 time: 0.0716980
2020-12-02 18:04:48.699 28 INFO neutron.db.l3_db [req-2f44a976-3eaa-42ff-aa40-f98df5330141 - - - - -] Skipping port 57efb8bc-1fe6-4781-b542-eeaa8b993966 as no IP is configure on it
2020-12-02 18:04:48.699 28 INFO neutron.db.l3_db [req-2f44a976-3eaa-42ff-aa40-f98df5330141 - - - - -] Skipping port 57efb8bc-1fe6-4781-b542-eeaa8b993966 as no IP is configure on it
2020-12-02 18:04:49.761 21 INFO neutron.wsgi [req-5e926325-3052-46d2-b22b-fff0d8fed173 0da1bc1a3acc45d0aca57e504c04ea17 63be5b4f4d784088b73cd36e6114f00e - default default] 10.31.10.2,10.31.10.1 "GET /v2.0/security-groups?id=b92ca6e7-6354-4c1e-a781-6be287e270a3&fields=id&fields=name HTTP/1.1" status: 200 len: 262 time: 0.0448980
2020-12-02 18:04:49.798 21 INFO neutron.wsgi [-] 10.31.10.1 "GET / HTTP/1.1" status: 200 len: 228 time: 0.0055814
2020-12-02 18:04:50.094 22 INFO neutron.wsgi [req-62d86312-f2a4-4ea3-b8d1-53a74a942f13 851af1939a9b4ff8808a741857d37b46 761947fab1374992bf04ee79f6b6b929 - default default] 10.31.10.2,10.31.10.1 "GET /v2.0/networks?id=31341ab7-7d03-4315-ace6-a2978d89fabd HTTP/1.1" status: 200 len: 883 time: 0.1261666
2020-12-02 18:04:50.307 22 INFO neutron.wsgi [req-a76b20c3-f19d-4bcb-8c0a-86effcfdad5a 0da1bc1a3acc45d0aca57e504c04ea17 63be5b4f4d784088b73cd36e6114f00e - default default] 10.31.10.3,10.31.10.1 "GET /v2.0/ports?device_id=f48a2b29-ebab-4cb1-98f5-63e3db7dd14e HTTP/1.1" status: 200 len: 1355 time: 0.0712590
2020-12-02 18:04:50.529 23 INFO neutron.wsgi [req-384eab77-4fd0-4cb2-86c3-1a20ee3029ee 851af1939a9b4ff8808a741857d37b46 761947fab1374992bf04ee79f6b6b929 - default default] 10.31.10.2,10.31.10.1 "GET /v2.0/networks/31341ab7-7d03-4315-ace6-a2978d89fabd?fields=segments HTTP/1.1" status: 200 len: 188 time: 0.1359541
2020-12-02 18:04:51.141 24 INFO neutron.wsgi [req-13fb98b4-6d26-4901-b646-d665a69dff8a 0da1bc1a3acc45d0aca57e504c04ea17 63be5b4f4d784088b73cd36e6114f00e - default default] 192.168.208.187,10.31.10.1 "GET /v2.0/ports/2a87d83d-56b9-4a91-bcf1-2ca0f4cfb8dd HTTP/1.1" status: 200 len: 1209 time: 0.0721426
2020-12-02 18:04:51.740 25 INFO neutron.wsgi [req-38bb801c-e938-4cc4-962f-39a95374d858 0da1bc1a3acc45d0aca57e504c04ea17 63be5b4f4d784088b73cd36e6114f00e - default default] 192.168.208.187,10.31.10.1 "GET /v2.0/networks?name=test-net-153&status=ACTIVE HTTP/1.1" status: 200 len: 885 time: 0.1389751
2020-12-02 18:04:52.615 23 INFO neutron.wsgi [req-831067c5-0c79-4127-bbbd-e6c97f63fd13 0da1bc1a3acc45d0aca57e504c04ea17 63be5b4f4d784088b73cd36e6114f00e - default default] 10.31.10.2,10.31.10.1 "GET /v2.0/ports?tenant_id=63be5b4f4d784088b73cd36e6114f00e&fields=id HTTP/1.1" status: 200 len: 22406 time: 0.5283463
2020-12-02 18:04:53.187 21 INFO neutron.wsgi [req-97e2d9ad-4a49-4062-95a2-0a9da351d573 0da1bc1a3acc45d0aca57e504c04ea17 63be5b4f4d784088b73cd36e6114f00e - default default] 10.31.10.2,10.31.10.1 "GET /v2.0/ports?device_id=da55f468-a5ac-4764-ae10-60dc9db1d416 HTTP/1.1" status: 200 len: 1355 time: 0.0755382
2020-12-02 18:04:53.194 23 INFO neutron.wsgi [req-85ab83ac-183d-4dee-a7f6-a0d397ede454 0da1bc1a3acc45d0aca57e504c04ea17 63be5b4f4d784088b73cd36e6114f00e - default default] 10.31.10.20,10.31.10.1 "GET /v2.0/ports?device_id=e1081f97-129f-4030-af18-136d0cfcf27a HTTP/1.1" status: 200 len: 1350 time: 0.0683918
2020-12-02 18:04:53.237 21 INFO neutron.wsgi [req-bd2439ae-8a97-40e2-9500-c80f44e59fe3 0da1bc1a3acc45d0aca57e504c04ea17 63be5b4f4d784088b73cd36e6114f00e - default default] 10.31.10.2,10.31.10.1 "GET /v2.0/security-groups?id=b92ca6e7-6354-4c1e-a781-6be287e270a3&fields=id&fields=name HTTP/1.1" status: 200 len: 262 time: 0.0382018
2020-12-02 18:04:53.286 21 INFO neutron.wsgi [req-eb3d5ee0-97fc-4ad1-b202-7ff4cb71c736 0da1bc1a3acc45d0aca57e504c04ea17 63be5b4f4d784088b73cd36e6114f00e - default default] 10.31.10.3,10.31.10.1 "GET /v2.0/ports?device_id=2b085d28-02db-4194-8d15-3bbfd392d10b HTTP/1.1" status: 200 len: 186 time: 0.0366745
2020-12-02 18:04:53.440 24 INFO neutron.wsgi [req-3fe843a3-504a-4ea8-a473-6fdab63855f1 0da1bc1a3acc45d0aca57e504c04ea17 63be5b4f4d784088b73cd36e6114f00e - default default] 10.31.10.3,10.31.10.1 "GET /v2.0/ports?device_id=67737d72-9310-441e-b6e3-d5b6bce57d8b HTTP/1.1" status: 200 len: 1355 time: 0.1010356
2020-12-02 18:04:53.493 21 INFO neutron.wsgi [req-911caa00-c498-44a6-ba7d-43b0739e3a55 0da1bc1a3acc45d0aca57e504c04ea17 63be5b4f4d784088b73cd36e6114f00e - default default] 10.31.10.3,10.31.10.1 "GET /v2.0/ports?device_id=f48a2b29-ebab-4cb1-98f5-63e3db7dd14e HTTP/1.1" status: 200 len: 1355 time: 0.1259463
2020-12-02 18:04:53.510 21 INFO neutron.wsgi [req-48a743e9-cbc6-4d4a-9254-eecd645de9a9 0da1bc1a3acc45d0aca57e504c04ea17 63be5b4f4d784088b73cd36e6114f00e - default default] 10.31.10.3,10.31.10.1 "GET /v2.0/floatingips?port_id=e87bcd52-0e35-45b6-9066-eabf54935c65&tenant_id=63be5b4f4d784088b73cd36e6114f00e HTTP/1.1" status: 200 len: 193 time: 0.0692797
2020-12-02 18:04:54.037 25 INFO neutron.wsgi [req-1820b732-200a-47e0-948e-8475e67b06d1 0da1bc1a3acc45d0aca57e504c04ea17 63be5b4f4d784088b73cd36e6114f00e - default default] 10.31.10.3,10.31.10.1 "GET /v2.0/ports?tenant_id=63be5b4f4d784088b73cd36e6114f00e HTTP/1.1" status: 200 len: 551811 time: 0.5500147
2020-12-02 18:04:54.244 21 INFO neutron.wsgi [req-7887a14f-cc7a-4e75-8934-63138e5752f6 0da1bc1a3acc45d0aca57e504c04ea17 63be5b4f4d784088b73cd36e6114f00e - default default] 10.31.10.3,10.31.10.1 "GET /v2.0/networks?id=5a63d595-952c-4781-840b-8e90810d0ea4 HTTP/1.1" status: 200 len: 884 time: 0.1503534
2020-12-02 18:04:54.451 24 INFO neutron.wsgi [req-025eabfa-b8fe-4d3f-b74e-8a96e4e79efc 0da1bc1a3acc45d0aca57e504c04ea17 63be5b4f4d784088b73cd36e6114f00e - default default] 10.31.10.3,10.31.10.1 "GET /v2.0/ports?tenant_id=63be5b4f4d784088b73cd36e6114f00e HTTP/1.1" status: 200 len: 551811 time: 0.8629587
2020-12-02 18:04:54.727 21 INFO neutron.wsgi [req-22d059f3-d4dc-442e-b2d1-d17a30d40aca 0da1bc1a3acc45d0aca57e504c04ea17 63be5b4f4d784088b73cd36e6114f00e - default default] 10.31.10.3,10.31.10.1 "GET /v2.0/subnets HTTP/1.1" status: 200 len: 127848 time: 0.3362844
2020-12-02 18:04:54.805 23 INFO neutron.wsgi [req-eb2abf7f-1fcf-4207-83dd-85af433fd1e3 0da1bc1a3acc45d0aca57e504c04ea17 63be5b4f4d784088b73cd36e6114f00e - default default] 10.31.10.20,10.31.10.1 "GET /v2.0/ports?device_id=adb640d3-44a4-44ab-81a1-d23f1816871d HTTP/1.1" status: 200 len: 1355 time: 0.0578723
2020-12-02 18:04:54.972 24 INFO neutron.wsgi [req-fcccbb8b-f2bc-435e-91dc-9464289c2319 0da1bc1a3acc45d0aca57e504c04ea17 63be5b4f4d784088b73cd36e6114f00e - default default] 10.31.10.3,10.31.10.1 "GET /v2.0/subnets HTTP/1.1" status: 200 len: 127848 time: 0.3844640
2020-12-02 18:04:55.395 24 INFO neutron.wsgi [req-1965293e-ffaf-45b8-bdac-67852c2d8d23 0da1bc1a3acc45d0aca57e504c04ea17 63be5b4f4d784088b73cd36e6114f00e - default default] 10.31.10.3,10.31.10.1 "GET /v2.0/security-groups?id=b92ca6e7-6354-4c1e-a781-6be287e270a3&fields=id&fields=name HTTP/1.1" status: 200 len: 262 time: 0.0529990
2020-12-02 18:04:55.863 22 INFO neutron.wsgi [req-bcca768e-8ab5-48cc-9274-8475baff2f82 0da1bc1a3acc45d0aca57e504c04ea17 63be5b4f4d784088b73cd36e6114f00e - default default] 10.31.10.3,10.31.10.1 "POST /v2.0/ports HTTP/1.1" status: 201 len: 1227 time: 0.9538016
2020-12-02 18:04:56.223 21 INFO neutron.wsgi [req-6d834e1b-c6e6-41d3-ac47-1dc3c57b7dea 0da1bc1a3acc45d0aca57e504c04ea17 63be5b4f4d784088b73cd36e6114f00e - default default] 10.31.10.2,10.31.10.1 "GET /v2.0/ports?device_id=d2c5ee58-863e-4938-8a1e-5427f99fb714 HTTP/1.1" status: 200 len: 1348 time: 0.0714891
2020-12-02 18:04:57.666 26 INFO neutron.db.l3_db [req-e7b856e3-131b-4b71-a4c2-04e135892718 - - - - -] Skipping port fc19151c-a2ef-4159-973a-8e3281e80889 as no IP is configure on it
2020-12-02 18:04:57.666 24 INFO neutron.wsgi [req-927bf826-bb49-402c-aa7e-1cc4435c58b5 851af1939a9b4ff8808a741857d37b46 761947fab1374992bf04ee79f6b6b929 - default default] 10.31.10.3,10.31.10.1 "GET /v2.0/ports?tenant_id=63be5b4f4d784088b73cd36e6114f00e&device_id=a38d5b0c-e081-4df6-a45c-18bfdcda72a6 HTTP/1.1" status: 200 len: 1355 time: 0.0759838
2020-12-02 18:04:57.666 26 INFO neutron.db.l3_db [req-e7b856e3-131b-4b71-a4c2-04e135892718 - - - - -] Skipping port fc19151c-a2ef-4159-973a-8e3281e80889 as no IP is configure on it
2020-12-02 18:04:57.835 23 INFO neutron.wsgi [req-5d18058f-abc2-471c-9953-fb93b88b6d9c 0da1bc1a3acc45d0aca57e504c04ea17 63be5b4f4d784088b73cd36e6114f00e - default default] 10.31.10.2,10.31.10.1 "GET /v2.0/ports?tenant_id=63be5b4f4d784088b73cd36e6114f00e HTTP/1.1" status: 200 len: 552874 time: 0.7323234
2020-12-02 18:04:57.911 23 INFO neutron.wsgi [req-d1d3f214-bef9-46fa-bf89-fde9c4d618bc 851af1939a9b4ff8808a741857d37b46 761947fab1374992bf04ee79f6b6b929 - default default] 10.31.10.3,10.31.10.1 "GET /v2.0/ports?network_id=094e10f3-b5b6-479c-8777-8a5935b26240&device_owner=network%3Adhcp HTTP/1.1" status: 200 len: 2503 time: 0.0711524
2020-12-02 18:04:58.237 22 INFO neutron.wsgi [req-37808cd2-332d-4e68-ac46-e0b6156357ca 0da1bc1a3acc45d0aca57e504c04ea17 63be5b4f4d784088b73cd36e6114f00e - default default] 10.31.10.20,10.31.10.1 "GET /v2.0/ports?device_id=e1081f97-129f-4030-af18-136d0cfcf27a HTTP/1.1" status: 200 len: 1350 time: 0.0793853
2020-12-02 18:04:58.386 26 INFO neutron.db.l3_db [req-e7b856e3-131b-4b71-a4c2-04e135892718 - - - - -] Skipping port fc19151c-a2ef-4159-973a-8e3281e80889 as no IP is configure on it
2020-12-02 18:04:58.387 26 INFO neutron.db.l3_db [req-e7b856e3-131b-4b71-a4c2-04e135892718 - - - - -] Skipping port fc19151c-a2ef-4159-973a-8e3281e80889 as no IP is configure on it
2020-12-02 18:04:58.456 21 INFO neutron.wsgi [req-4217bfc5-8ad1-4415-89b6-cd5423131b98 851af1939a9b4ff8808a741857d37b46 761947fab1374992bf04ee79f6b6b929 - default default] 10.31.10.3,10.31.10.1 "GET /v2.0/networks?id=094e10f3-b5b6-479c-8777-8a5935b26240 HTTP/1.1" status: 200 len: 885 time: 0.1220877
2020-12-02 18:04:58.607 24 INFO neutron.wsgi [req-0fcf747b-ecaa-4c39-a9ae-def738777bca 851af1939a9b4ff8808a741857d37b46 761947fab1374992bf04ee79f6b6b929 - default default] 10.31.10.3,10.31.10.1 "GET /v2.0/subnets?id=a8e33d64-488e-4a6e-9e15-8bae56496ba9 HTTP/1.1" status: 200 len: 817 time: 0.0642641
2020-12-02 18:04:58.826 25 INFO neutron.wsgi [req-0a18762d-bc8a-4359-b06d-4c247297e3e1 851af1939a9b4ff8808a741857d37b46 761947fab1374992bf04ee79f6b6b929 - default default] 10.31.10.3,10.31.10.1 "GET /v2.0/networks/094e10f3-b5b6-479c-8777-8a5935b26240?fields=segments HTTP/1.1" status: 200 len: 188 time: 0.1230464
2020-12-02 18:05:00.072 21 INFO neutron.wsgi [req-e5758944-87ae-4349-9bd0-2cd6a9dfaa59 0da1bc1a3acc45d0aca57e504c04ea17 63be5b4f4d784088b73cd36e6114f00e - default default] 10.31.10.20,10.31.10.1 "GET /v2.0/security-groups?id=b92ca6e7-6354-4c1e-a781-6be287e270a3&fields=id&fields=name HTTP/1.1" status: 200 len: 262 time: 0.0539107
2020-12-02 18:05:01.493 24 INFO neutron.wsgi [req-0fbbb781-4c61-4831-a162-949b897bbf66 851af1939a9b4ff8808a741857d37b46 761947fab1374992bf04ee79f6b6b929 - default default] 10.31.10.20,10.31.10.1 "GET /v2.0/ports?device_id=a4affd15-50ad-4297-83eb-2f891cf4b122&fields=binding%3Ahost_id&fields=binding%3Avif_type HTTP/1.1" status: 200 len: 238 time: 0.0840132
2020-12-02 18:05:01.837 23 INFO neutron.wsgi [req-68a58c91-70e8-4675-a948-7289280b2de3 851af1939a9b4ff8808a741857d37b46 761947fab1374992bf04ee79f6b6b929 - default default] 10.31.10.20,10.31.10.1 "GET /v2.0/floatingips?fixed_ip_address=192.168.137.149&port_id=4c690e49-1eee-4e8d-8f42-4b818a2cf1e1 HTTP/1.1" status: 200 len: 193 time: 0.0627322
2020-12-02 18:05:02.162 23 INFO neutron.wsgi [req-92731520-c213-43d0-9488-518bcc6fb125 851af1939a9b4ff8808a741857d37b46 761947fab1374992bf04ee79f6b6b929 - default default] 10.31.10.20,10.31.10.1 "GET /v2.0/networks/0f8f9b45-e088-46d3-a962-fd790ba7f3b8?fields=segments HTTP/1.1" status: 200 len: 188 time: 0.1213062
2020-12-02 18:05:03.733 21 INFO neutron.wsgi [req-4269b251-faed-43e0-8ad6-d58fe10cc0fd 0da1bc1a3acc45d0aca57e504c04ea17 63be5b4f4d784088b73cd36e6114f00e - default default] 10.31.10.20,10.31.10.1 "GET /v2.0/ports?device_id=da55f468-a5ac-4764-ae10-60dc9db1d416 HTTP/1.1" status: 200 len: 186 time: 0.0430124
