2020-12-02 17:55:50.872 21 INFO neutron.wsgi [req-93887511-f2a0-4776-8baa-0a16ce297ae1 0da1bc1a3acc45d0aca57e504c04ea17 63be5b4f4d784088b73cd36e6114f00e - default default] 10.31.10.20,10.31.10.1 "GET /v2.0/ports?device_id=3eeaf060-d228-4be3-a204-d88ff9fb0788 HTTP/1.1" status: 200 len: 1355 time: 0.0720472
2020-12-02 17:55:51.464 21 INFO neutron.wsgi [req-3dec9d91-a8db-43e6-90fd-3ec7e9f7c6ca 0da1bc1a3acc45d0aca57e504c04ea17 63be5b4f4d784088b73cd36e6114f00e - default default] 10.31.10.2,10.31.10.1 "GET /v2.0/security-groups?id=b92ca6e7-6354-4c1e-a781-6be287e270a3&fields=id&fields=name HTTP/1.1" status: 200 len: 262 time: 0.0422645
2020-12-02 17:55:52.703 21 INFO neutron.wsgi [req-ca8dfbea-de29-4bee-970b-79da091adb3b 0da1bc1a3acc45d0aca57e504c04ea17 63be5b4f4d784088b73cd36e6114f00e - default default] 10.31.10.3,10.31.10.1 "GET /v2.0/ports?device_id=97bd230c-9c23-40d0-abfa-f670b641d904 HTTP/1.1" status: 200 len: 1355 time: 0.0747955
2020-12-02 17:55:52.863 21 INFO neutron.wsgi [req-c7fcff31-d8c2-44e6-bfdb-8474d73ebe77 851af1939a9b4ff8808a741857d37b46 761947fab1374992bf04ee79f6b6b929 - default default] 10.31.10.20,10.31.10.1 "GET /v2.0/floatingips?fixed_ip_address=10.31.11.197&port_id=638dbe1c-3bfb-4f03-a2f5-bac3e9c1ee1b HTTP/1.1" status: 200 len: 193 time: 0.0638914
2020-12-02 17:55:53.126 21 INFO neutron.wsgi [req-ede1ecb2-6e87-477d-9921-223bacb74c7e 851af1939a9b4ff8808a741857d37b46 761947fab1374992bf04ee79f6b6b929 - default default] 10.31.10.20,10.31.10.1 "GET /v2.0/networks/c8e1bba8-da86-4439-a984-1085e84d9405?fields=segments HTTP/1.1" status: 200 len: 188 time: 0.1215210
2020-12-02 17:55:53.309 21 INFO neutron.wsgi [req-01bbbd49-a4a9-452b-8ea9-61255409fff8 0da1bc1a3acc45d0aca57e504c04ea17 63be5b4f4d784088b73cd36e6114f00e - default default] 10.31.10.20,10.31.10.1 "GET /v2.0/security-groups?id=b92ca6e7-6354-4c1e-a781-6be287e270a3&fields=id&fields=name HTTP/1.1" status: 200 len: 262 time: 0.0400710
2020-12-02 17:55:55.092 22 INFO neutron.wsgi [req-1be8bbcc-d31b-4617-b2dd-c875f16f95a9 0da1bc1a3acc45d0aca57e504c04ea17 63be5b4f4d784088b73cd36e6114f00e - default default] 10.31.10.2,10.31.10.1 "GET /v2.0/ports?device_id=576281c8-2a6b-46a3-b94c-fa0c67e9a031 HTTP/1.1" status: 200 len: 1348 time: 0.0686100
2020-12-02 17:55:55.628 22 INFO neutron.wsgi [req-f0e38dee-6000-4ca2-ab2f-6903268171a6 0da1bc1a3acc45d0aca57e504c04ea17 63be5b4f4d784088b73cd36e6114f00e - default default] 10.31.10.3,10.31.10.1 "GET /v2.0/security-groups?id=b92ca6e7-6354-4c1e-a781-6be287e270a3&fields=id&fields=name HTTP/1.1" status: 200 len: 262 time: 0.0424201
2020-12-02 17:55:57.472 22 INFO neutron.wsgi [req-b8ff0570-24ad-4f4f-be18-c1a6c05a6b9b 0da1bc1a3acc45d0aca57e504c04ea17 63be5b4f4d784088b73cd36e6114f00e - default default] 10.31.10.2,10.31.10.1 "GET /v2.0/ports?device_id=97bd230c-9c23-40d0-abfa-f670b641d904 HTTP/1.1" status: 200 len: 1355 time: 0.0704877
2020-12-02 17:55:57.510 22 INFO neutron.wsgi [req-8838415d-3bbf-4c8f-9c35-92feb553780a 0da1bc1a3acc45d0aca57e504c04ea17 63be5b4f4d784088b73cd36e6114f00e - default default] 10.31.10.20,10.31.10.1 "GET /v2.0/security-groups?id=b92ca6e7-6354-4c1e-a781-6be287e270a3&fields=id&fields=name HTTP/1.1" status: 200 len: 262 time: 0.0330462
2020-12-02 17:55:57.546 24 INFO neutron.wsgi [req-7b8f498d-039e-4f54-833b-892abe709c02 0da1bc1a3acc45d0aca57e504c04ea17 63be5b4f4d784088b73cd36e6114f00e - default default] 10.31.10.3,10.31.10.1 "GET /v2.0/security-groups?id=b92ca6e7-6354-4c1e-a781-6be287e270a3&fields=id&fields=name HTTP/1.1" status: 200 len: 262 time: 0.0453110
2020-12-02 17:55:57.706 21 INFO neutron.wsgi [req-43b9352a-b157-4ad8-bb9f-758c1e777309 0da1bc1a3acc45d0aca57e504c04ea17 63be5b4f4d784088b73cd36e6114f00e - default default] 10.31.10.3,10.31.10.1 "GET /v2.0/ports?device_id=576281c8-2a6b-46a3-b94c-fa0c67e9a031 HTTP/1.1" status: 200 len: 1348 time: 0.0757194
2020-12-02 17:55:57.720 22 INFO neutron.wsgi [req-5bf81dfd-3880-4e01-92b0-4ef67db985b4 0da1bc1a3acc45d0aca57e504c04ea17 63be5b4f4d784088b73cd36e6114f00e - default default] 10.31.10.3,10.31.10.1 "GET /v2.0/ports?device_id=789c8d00-a3e5-48bc-8096-3654a286f115 HTTP/1.1" status: 200 len: 1350 time: 0.0694327
2020-12-02 17:55:57.772 21 INFO neutron.wsgi [req-21393380-b097-4219-9fc1-256374b9f30b 0da1bc1a3acc45d0aca57e504c04ea17 63be5b4f4d784088b73cd36e6114f00e - default default] 10.31.10.3,10.31.10.1 "GET /v2.0/floatingips?port_id=50dd2bfe-3000-4c12-9e03-cf05076bc0ba&tenant_id=63be5b4f4d784088b73cd36e6114f00e HTTP/1.1" status: 200 len: 193 time: 0.0527351
2020-12-02 17:55:58.425 21 INFO neutron.wsgi [req-2be5edcd-b91d-4c89-b955-3fd77369107f 0da1bc1a3acc45d0aca57e504c04ea17 63be5b4f4d784088b73cd36e6114f00e - default default] 10.31.10.3,10.31.10.1 "GET /v2.0/ports?tenant_id=63be5b4f4d784088b73cd36e6114f00e HTTP/1.1" status: 200 len: 500505 time: 0.6441238
2020-12-02 17:55:58.521 24 INFO neutron.wsgi [req-6348c322-82e0-46fb-84e8-37c746f5b385 0da1bc1a3acc45d0aca57e504c04ea17 63be5b4f4d784088b73cd36e6114f00e - default default] 10.31.10.3,10.31.10.1 "GET /v2.0/security-groups?id=b92ca6e7-6354-4c1e-a781-6be287e270a3&fields=id&fields=name HTTP/1.1" status: 200 len: 262 time: 0.0430293
2020-12-02 17:55:58.538 23 INFO neutron.wsgi [req-019fff27-54be-408b-bd7b-9b0ba99c5661 0da1bc1a3acc45d0aca57e504c04ea17 63be5b4f4d784088b73cd36e6114f00e - default default] 10.31.10.3,10.31.10.1 "GET /v2.0/ports?tenant_id=63be5b4f4d784088b73cd36e6114f00e HTTP/1.1" status: 200 len: 500505 time: 0.6688945
2020-12-02 17:55:58.686 24 INFO neutron.wsgi [req-ab2a9035-24e4-4b57-b4d9-7b7ab9971c12 0da1bc1a3acc45d0aca57e504c04ea17 63be5b4f4d784088b73cd36e6114f00e - default default] 10.31.10.3,10.31.10.1 "GET /v2.0/networks?id=618fbe8e-5b1e-4806-9964-f2d9f8be3ac5 HTTP/1.1" status: 200 len: 884 time: 0.1245177
2020-12-02 17:55:58.806 23 INFO neutron.wsgi [req-56f0fe19-fa32-4d04-be6f-b28204c2c300 0da1bc1a3acc45d0aca57e504c04ea17 63be5b4f4d784088b73cd36e6114f00e - default default] 10.31.10.2,10.31.10.1 "GET /v2.0/security-groups?id=b92ca6e7-6354-4c1e-a781-6be287e270a3&fields=id&fields=name HTTP/1.1" status: 200 len: 262 time: 0.0434551
2020-12-02 17:55:58.946 25 INFO neutron.wsgi [req-30c40206-a6d0-4991-9425-54d3b9b8c543 0da1bc1a3acc45d0aca57e504c04ea17 63be5b4f4d784088b73cd36e6114f00e - default default] 10.31.10.3,10.31.10.1 "GET /v2.0/subnets HTTP/1.1" status: 200 len: 127848 time: 0.3254278
2020-12-02 17:55:59.219 24 INFO neutron.wsgi [req-872e7b31-763d-4c87-ba4e-6835f9169836 0da1bc1a3acc45d0aca57e504c04ea17 63be5b4f4d784088b73cd36e6114f00e - default default] 10.31.10.3,10.31.10.1 "GET /v2.0/subnets HTTP/1.1" status: 200 len: 127848 time: 0.5271232
2020-12-02 17:55:59.395 22 INFO neutron.wsgi [req-f1b3b410-5b65-4d48-af61-25d8ff924d00 0da1bc1a3acc45d0aca57e504c04ea17 63be5b4f4d784088b73cd36e6114f00e - default default] 10.31.10.20,10.31.10.1 "GET /v2.0/ports?device_id=226b7f61-645d-4d89-a116-c1bb8141d4d7 HTTP/1.1" status: 200 len: 1353 time: 0.0945361
2020-12-02 17:55:59.575 23 INFO neutron.wsgi [req-81573d80-d426-4e0f-ba04-023c1dc45144 0da1bc1a3acc45d0aca57e504c04ea17 63be5b4f4d784088b73cd36e6114f00e - default default] 10.31.10.2,10.31.10.1 "GET /v2.0/floatingips?tenant_id=63be5b4f4d784088b73cd36e6114f00e HTTP/1.1" status: 200 len: 193 time: 0.0603845
2020-12-02 17:55:59.893 24 INFO neutron.wsgi [req-aebe373d-2285-43de-860a-78f656739d6c 0da1bc1a3acc45d0aca57e504c04ea17 63be5b4f4d784088b73cd36e6114f00e - default default] 10.31.10.3,10.31.10.1 "GET /v2.0/floatingips?port_id=d9afff16-687b-4e14-9889-347450cc6d91&tenant_id=63be5b4f4d784088b73cd36e6114f00e HTTP/1.1" status: 200 len: 193 time: 0.0623190
2020-12-02 17:56:00.040 23 INFO neutron.wsgi [req-a2f8ed0a-1ba0-45ec-9eef-ef1869b55cbb 0da1bc1a3acc45d0aca57e504c04ea17 63be5b4f4d784088b73cd36e6114f00e - default default] 10.31.10.2,10.31.10.1 "GET /v2.0/ports?tenant_id=63be5b4f4d784088b73cd36e6114f00e HTTP/1.1" status: 200 len: 500509 time: 0.4545035
2020-12-02 17:56:00.970 24 INFO neutron.wsgi [req-c658e314-6eff-4b46-99d0-ea196b34a74c 0da1bc1a3acc45d0aca57e504c04ea17 63be5b4f4d784088b73cd36e6114f00e - default default] 10.31.10.3,10.31.10.1 "GET /v2.0/subnets HTTP/1.1" status: 200 len: 127848 time: 0.3648677
2020-12-02 17:56:01.699 24 INFO neutron.wsgi [req-b6bc22f1-1962-475a-9ad6-8ca791bf6ee4 0da1bc1a3acc45d0aca57e504c04ea17 63be5b4f4d784088b73cd36e6114f00e - default default] 10.31.10.20,10.31.10.1 "GET /v2.0/ports?device_id=d9e0cd90-4612-4083-846c-ba30a5dac238 HTTP/1.1" status: 200 len: 1351 time: 0.0753262
2020-12-02 17:56:03.085 24 INFO neutron.wsgi [req-5b1290b7-6d7e-4598-9d28-481a99c3bb68 0da1bc1a3acc45d0aca57e504c04ea17 63be5b4f4d784088b73cd36e6114f00e - default default] 10.31.10.2,10.31.10.1 "GET /v2.0/security-groups?id=b92ca6e7-6354-4c1e-a781-6be287e270a3&fields=id&fields=name HTTP/1.1" status: 200 len: 262 time: 0.0434332
2020-12-02 17:56:05.392 22 INFO neutron.wsgi [req-e79633d3-4c53-4a30-b6d3-f608c669d8db 0da1bc1a3acc45d0aca57e504c04ea17 63be5b4f4d784088b73cd36e6114f00e - default default] 10.31.10.3,10.31.10.1 "GET /v2.0/ports?device_id=576281c8-2a6b-46a3-b94c-fa0c67e9a031 HTTP/1.1" status: 200 len: 1348 time: 0.0728569
2020-12-02 17:56:05.928 22 INFO neutron.wsgi [req-42e80f63-4b6d-437f-b0af-737430231a51 0da1bc1a3acc45d0aca57e504c04ea17 63be5b4f4d784088b73cd36e6114f00e - default default] 10.31.10.20,10.31.10.1 "GET /v2.0/security-groups?id=b92ca6e7-6354-4c1e-a781-6be287e270a3&fields=id&fields=name HTTP/1.1" status: 200 len: 262 time: 0.0414736
2020-12-02 17:56:08.978 24 INFO neutron.wsgi [req-0a8b02b7-3062-4949-9c36-5058a83ee79f 0da1bc1a3acc45d0aca57e504c04ea17 63be5b4f4d784088b73cd36e6114f00e - default default] 10.31.10.3,10.31.10.1 "GET /v2.0/ports?device_id=27b4392c-574e-4c52-90c9-0542a640d660 HTTP/1.1" status: 200 len: 1355 time: 0.0752475
2020-12-02 17:56:09.115 23 INFO neutron.wsgi [req-0db9f2a5-f7e9-4652-bd40-c898a50fa92c 0da1bc1a3acc45d0aca57e504c04ea17 63be5b4f4d784088b73cd36e6114f00e - default default] 10.31.10.20,10.31.10.1 "GET /v2.0/security-groups?id=b92ca6e7-6354-4c1e-a781-6be287e270a3&fields=id&fields=name HTTP/1.1" status: 200 len: 262 time: 0.0395799
2020-12-02 17:56:09.695 24 INFO neutron.wsgi [req-40f533dd-0a5d-4cec-8654-d95b4fb196d7 0da1bc1a3acc45d0aca57e504c04ea17 63be5b4f4d784088b73cd36e6114f00e - default default] 10.31.10.2,10.31.10.1 "GET /v2.0/ports?device_id=226b7f61-645d-4d89-a116-c1bb8141d4d7 HTTP/1.1" status: 200 len: 1353 time: 0.0724370
2020-12-02 17:56:09.915 24 INFO neutron.wsgi [req-c0e0f296-5f7f-4862-b298-ce50e2ee698b 0da1bc1a3acc45d0aca57e504c04ea17 63be5b4f4d784088b73cd36e6114f00e - default default] 10.31.10.3,10.31.10.1 "GET /v2.0/security-groups?id=b92ca6e7-6354-4c1e-a781-6be287e270a3&fields=id&fields=name HTTP/1.1" status: 200 len: 262 time: 0.0406449
2020-12-02 17:56:11.496 23 INFO neutron.wsgi [req-2cbfc3c8-8202-4e94-a180-58b2a02fe599 0da1bc1a3acc45d0aca57e504c04ea17 63be5b4f4d784088b73cd36e6114f00e - default default] 10.31.10.20,10.31.10.1 "GET /v2.0/security-groups?id=b92ca6e7-6354-4c1e-a781-6be287e270a3&fields=id&fields=name HTTP/1.1" status: 200 len: 262 time: 0.0346735
2020-12-02 17:56:11.821 23 INFO neutron.wsgi [req-1bf4a64b-b79b-4c70-8241-bffbbf859e58 851af1939a9b4ff8808a741857d37b46 761947fab1374992bf04ee79f6b6b929 - default default] 10.31.10.3,10.31.10.1 "GET /v2.0/floatingips?fixed_ip_address=10.31.11.100&port_id=902028fa-f267-424a-b762-3bc7354d5423 HTTP/1.1" status: 200 len: 193 time: 0.0600140
2020-12-02 17:56:11.983 23 INFO neutron.wsgi [req-7acfaa32-8de7-49eb-bc51-e275ea03f895 0da1bc1a3acc45d0aca57e504c04ea17 63be5b4f4d784088b73cd36e6114f00e - default default] 10.31.10.2,10.31.10.1 "GET /v2.0/ports?device_id=d9e0cd90-4612-4083-846c-ba30a5dac238 HTTP/1.1" status: 200 len: 1351 time: 0.0658817
2020-12-02 17:56:12.378 22 INFO neutron.wsgi [req-deed58be-1411-4c1f-986c-42294ae23a6d 851af1939a9b4ff8808a741857d37b46 761947fab1374992bf04ee79f6b6b929 - default default] 10.31.10.3,10.31.10.1 "GET /v2.0/networks/c8e1bba8-da86-4439-a984-1085e84d9405?fields=provider%3Aphysical_network&fields=provider%3Anetwork_type HTTP/1.1" status: 200 len: 257 time: 0.1210089
2020-12-02 17:56:14.567 23 INFO neutron.wsgi [req-1a9f1f6e-f7a5-419f-b6a0-89b02f5c20b1 0da1bc1a3acc45d0aca57e504c04ea17 63be5b4f4d784088b73cd36e6114f00e - default default] 10.31.10.2,10.31.10.1 "GET /v2.0/floatingips?tenant_id=63be5b4f4d784088b73cd36e6114f00e HTTP/1.1" status: 200 len: 193 time: 0.0663719
2020-12-02 17:56:15.748 23 INFO neutron.wsgi [req-7af5c67e-55d9-4d7a-8704-fb4e6ef8fc5e 0da1bc1a3acc45d0aca57e504c04ea17 63be5b4f4d784088b73cd36e6114f00e - default default] 10.31.10.20,10.31.10.1 "GET /v2.0/security-groups?id=b92ca6e7-6354-4c1e-a781-6be287e270a3&fields=id&fields=name HTTP/1.1" status: 200 len: 262 time: 0.0488229
2020-12-02 17:56:16.810 23 INFO neutron.wsgi [-] 10.31.10.1 "GET / HTTP/1.1" status: 200 len: 228 time: 0.0041981
2020-12-02 17:56:19.063 25 INFO neutron.wsgi [req-fc3906b2-070a-419e-bb5d-021221f016e4 0da1bc1a3acc45d0aca57e504c04ea17 63be5b4f4d784088b73cd36e6114f00e - default default] 10.31.10.2,10.31.10.1 "GET /v2.0/ports?device_id=789c8d00-a3e5-48bc-8096-3654a286f115 HTTP/1.1" status: 200 len: 1350 time: 0.0803909
2020-12-02 17:56:19.278 24 INFO neutron.wsgi [req-77aba809-b45e-4dcf-b46c-176f02160f7c 0da1bc1a3acc45d0aca57e504c04ea17 63be5b4f4d784088b73cd36e6114f00e - default default] 10.31.10.20,10.31.10.1 "GET /v2.0/ports?device_id=27b4392c-574e-4c52-90c9-0542a640d660 HTTP/1.1" status: 200 len: 1355 time: 0.0837343
2020-12-02 17:56:19.336 21 INFO neutron.wsgi [req-8761860c-f740-4c42-b2b9-2f38be4743f8 0da1bc1a3acc45d0aca57e504c04ea17 63be5b4f4d784088b73cd36e6114f00e - default default] 10.31.10.3,10.31.10.1 "GET /v2.0/ports?device_id=789c8d00-a3e5-48bc-8096-3654a286f115 HTTP/1.1" status: 200 len: 1350 time: 0.0917499
2020-12-02 17:56:19.345 24 INFO neutron.wsgi [req-82f26850-093e-4950-ab03-f5319725c36e 0da1bc1a3acc45d0aca57e504c04ea17 63be5b4f4d784088b73cd36e6114f00e - default default] 10.31.10.2,10.31.10.1 "GET /v2.0/ports?device_id=75558870-4e82-4f80-8689-22356e1ea2b3 HTTP/1.1" status: 200 len: 1345 time: 0.0647969
2020-12-02 17:56:19.346 21 INFO neutron.wsgi [req-205dab71-0e34-474b-b3eb-cbf3b989ca1f 0da1bc1a3acc45d0aca57e504c04ea17 63be5b4f4d784088b73cd36e6114f00e - default default] 10.31.10.20,10.31.10.1 "GET /v2.0/security-groups?id=b92ca6e7-6354-4c1e-a781-6be287e270a3&fields=id&fields=name HTTP/1.1" status: 200 len: 262 time: 0.0479994
2020-12-02 17:56:19.410 24 INFO neutron.wsgi [req-67e45221-3f10-41d7-b074-23101f19b9a5 0da1bc1a3acc45d0aca57e504c04ea17 63be5b4f4d784088b73cd36e6114f00e - default default] 10.31.10.2,10.31.10.1 "GET /v2.0/security-groups?id=b92ca6e7-6354-4c1e-a781-6be287e270a3&fields=id&fields=name HTTP/1.1" status: 200 len: 262 time: 0.0429788
2020-12-02 17:56:19.517 24 INFO neutron.wsgi [req-7399f275-9180-49ce-9b1b-a7c0d00ee2a8 0da1bc1a3acc45d0aca57e504c04ea17 63be5b4f4d784088b73cd36e6114f00e - default default] 10.31.10.3,10.31.10.1 "GET /v2.0/ports?device_id=97bd230c-9c23-40d0-abfa-f670b641d904 HTTP/1.1" status: 200 len: 1355 time: 0.0699611
2020-12-02 17:56:19.568 25 INFO neutron.wsgi [req-78fdb76d-3c52-4abf-87d5-5c46a0c2929b 0da1bc1a3acc45d0aca57e504c04ea17 63be5b4f4d784088b73cd36e6114f00e - default default] 10.31.10.3,10.31.10.1 "GET /v2.0/ports?device_id=576281c8-2a6b-46a3-b94c-fa0c67e9a031 HTTP/1.1" status: 200 len: 1348 time: 0.0644774
2020-12-02 17:56:20.045 22 INFO neutron.wsgi [req-3ada618c-55c4-4412-954a-8c0ece3d1ccc 0da1bc1a3acc45d0aca57e504c04ea17 63be5b4f4d784088b73cd36e6114f00e - default default] 10.31.10.3,10.31.10.1 "GET /v2.0/ports?tenant_id=63be5b4f4d784088b73cd36e6114f00e HTTP/1.1" status: 200 len: 500560 time: 0.4692340
2020-12-02 17:56:20.197 25 INFO neutron.wsgi [req-a7dc1206-81bf-4a84-bd36-65a36da1d821 0da1bc1a3acc45d0aca57e504c04ea17 63be5b4f4d784088b73cd36e6114f00e - default default] 10.31.10.3,10.31.10.1 "GET /v2.0/ports?tenant_id=63be5b4f4d784088b73cd36e6114f00e HTTP/1.1" status: 200 len: 500560 time: 0.6151285
2020-12-02 17:56:20.234 23 INFO neutron.wsgi [req-81e5aab2-d060-4b6c-b0e4-fb2fc34cfc96 0da1bc1a3acc45d0aca57e504c04ea17 63be5b4f4d784088b73cd36e6114f00e - default default] 10.31.10.3,10.31.10.1 "GET /v2.0/networks?id=f84f54b0-49f4-4068-bd45-ea71a13ff49e HTTP/1.1" status: 200 len: 884 time: 0.1357479
2020-12-02 17:56:20.288 24 INFO neutron.wsgi [req-67b0e4c8-7c67-4d54-ada0-98fc80db58e6 0da1bc1a3acc45d0aca57e504c04ea17 63be5b4f4d784088b73cd36e6114f00e - default default] 10.31.10.3,10.31.10.1 "GET /v2.0/ports?tenant_id=63be5b4f4d784088b73cd36e6114f00e HTTP/1.1" status: 200 len: 500562 time: 0.6433139
2020-12-02 17:56:20.458 21 INFO neutron.wsgi [req-3a094d2c-4389-47cf-a96b-8387f42176a8 0da1bc1a3acc45d0aca57e504c04ea17 63be5b4f4d784088b73cd36e6114f00e - default default] 10.31.10.3,10.31.10.1 "GET /v2.0/networks?id=a37dc62f-dafa-4132-838f-a886f08c2651 HTTP/1.1" status: 200 len: 883 time: 0.1181140
2020-12-02 17:56:20.719 23 INFO neutron.wsgi [req-1b24c8e5-7420-4cf4-913d-33c9e98ab623 0da1bc1a3acc45d0aca57e504c04ea17 63be5b4f4d784088b73cd36e6114f00e - default default] 10.31.10.3,10.31.10.1 "GET /v2.0/subnets HTTP/1.1" status: 200 len: 127848 time: 0.4753644
2020-12-02 17:56:20.767 25 INFO neutron.wsgi [req-1f857457-9640-446e-92a7-6c8ce0c6242f 0da1bc1a3acc45d0aca57e504c04ea17 63be5b4f4d784088b73cd36e6114f00e - default default] 10.31.10.3,10.31.10.1 "GET /v2.0/subnets HTTP/1.1" status: 200 len: 127848 time: 0.3321581
2020-12-02 17:56:21.068 24 INFO neutron.wsgi [req-e4981dea-46fc-4180-afe3-a7f077ded968 0da1bc1a3acc45d0aca57e504c04ea17 63be5b4f4d784088b73cd36e6114f00e - default default] 10.31.10.2,10.31.10.1 "GET /v2.0/floatingips?tenant_id=63be5b4f4d784088b73cd36e6114f00e HTTP/1.1" status: 200 len: 193 time: 0.0632479
2020-12-02 17:56:21.399 24 INFO neutron.wsgi [req-0056fc49-c1d4-4c67-9fd9-5206f8b17010 0da1bc1a3acc45d0aca57e504c04ea17 63be5b4f4d784088b73cd36e6114f00e - default default] 10.31.10.2,10.31.10.1 "GET /v2.0/security-groups?id=b92ca6e7-6354-4c1e-a781-6be287e270a3&fields=id&fields=name HTTP/1.1" status: 200 len: 262 time: 0.0468693
2020-12-02 17:56:22.245 22 INFO neutron.wsgi [req-fa014f60-60bd-4e61-beaf-0141d9d20ae4 0da1bc1a3acc45d0aca57e504c04ea17 63be5b4f4d784088b73cd36e6114f00e - default default] 10.31.10.3,10.31.10.1 "GET /v2.0/ports?tenant_id=63be5b4f4d784088b73cd36e6114f00e HTTP/1.1" status: 200 len: 500566 time: 0.6049578
2020-12-02 17:56:22.264 25 INFO neutron.wsgi [req-6e9d219b-61dc-44c7-8673-78293f891174 0da1bc1a3acc45d0aca57e504c04ea17 63be5b4f4d784088b73cd36e6114f00e - default default] 10.31.10.2,10.31.10.1 "GET /v2.0/ports?device_id=d9e0cd90-4612-4083-846c-ba30a5dac238 HTTP/1.1" status: 200 len: 1351 time: 0.0706811
2020-12-02 17:56:22.772 25 INFO neutron.wsgi [req-0eb3ca0e-eeaf-497f-ad48-1cdce3d9c962 0da1bc1a3acc45d0aca57e504c04ea17 63be5b4f4d784088b73cd36e6114f00e - default default] 10.31.10.3,10.31.10.1 "GET /v2.0/subnets HTTP/1.1" status: 200 len: 127848 time: 0.3362875
2020-12-02 17:56:25.981 23 INFO neutron.wsgi [req-758e62b3-a38f-417c-8e65-9d69b989c017 0da1bc1a3acc45d0aca57e504c04ea17 63be5b4f4d784088b73cd36e6114f00e - default default] 10.31.10.2,10.31.10.1 "GET /v2.0/ports?device_id=576281c8-2a6b-46a3-b94c-fa0c67e9a031 HTTP/1.1" status: 200 len: 1348 time: 0.0808113
2020-12-02 17:56:26.704 23 INFO neutron.wsgi [req-1cad0e7b-bb14-44c2-a1b9-b01c90305f13 0da1bc1a3acc45d0aca57e504c04ea17 63be5b4f4d784088b73cd36e6114f00e - default default] 10.31.10.3,10.31.10.1 "GET /v2.0/security-groups?id=b92ca6e7-6354-4c1e-a781-6be287e270a3&fields=id&fields=name HTTP/1.1" status: 200 len: 262 time: 0.0693691
2020-12-02 17:56:29.351 21 INFO neutron.wsgi [req-fad860ab-a77d-4532-9316-d077920487a3 0da1bc1a3acc45d0aca57e504c04ea17 63be5b4f4d784088b73cd36e6114f00e - default default] 10.31.10.20,10.31.10.1 "GET /v2.0/ports?device_id=789c8d00-a3e5-48bc-8096-3654a286f115 HTTP/1.1" status: 200 len: 1350 time: 0.0692656
2020-12-02 17:56:29.609 21 INFO neutron.wsgi [req-a914c538-9dd6-4013-8d54-db647caa03cb 0da1bc1a3acc45d0aca57e504c04ea17 63be5b4f4d784088b73cd36e6114f00e - default default] 10.31.10.2,10.31.10.1 "GET /v2.0/security-groups?id=b92ca6e7-6354-4c1e-a781-6be287e270a3&fields=id&fields=name HTTP/1.1" status: 200 len: 262 time: 0.0402849
2020-12-02 17:56:30.427 23 INFO neutron.wsgi [req-d5c53d97-ce81-4ed4-baa6-3903f9a5ccdc 0da1bc1a3acc45d0aca57e504c04ea17 63be5b4f4d784088b73cd36e6114f00e - default default] 10.31.10.20,10.31.10.1 "GET /v2.0/ports?device_id=226b7f61-645d-4d89-a116-c1bb8141d4d7 HTTP/1.1" status: 200 len: 1353 time: 0.0732791
2020-12-02 17:56:30.523 24 INFO neutron.wsgi [req-ea6da274-9cdc-427e-9c97-2dadc04e3a2f 0da1bc1a3acc45d0aca57e504c04ea17 63be5b4f4d784088b73cd36e6114f00e - default default] 10.31.10.2,10.31.10.1 "GET /v2.0/security-groups?id=b92ca6e7-6354-4c1e-a781-6be287e270a3&fields=id&fields=name HTTP/1.1" status: 200 len: 262 time: 0.0425527
2020-12-02 17:56:32.568 24 INFO neutron.wsgi [req-fadf2b07-ba8d-44d0-b099-666340cc06ec 0da1bc1a3acc45d0aca57e504c04ea17 63be5b4f4d784088b73cd36e6114f00e - default default] 10.31.10.20,10.31.10.1 "GET /v2.0/ports?device_id=d9e0cd90-4612-4083-846c-ba30a5dac238 HTTP/1.1" status: 200 len: 1351 time: 0.0680354
2020-12-02 17:56:33.724 25 INFO neutron.wsgi [req-41b6421e-24c9-43c8-9a8c-405d91ba336c 0da1bc1a3acc45d0aca57e504c04ea17 63be5b4f4d784088b73cd36e6114f00e - default default] 10.31.10.2,10.31.10.1 "GET /v2.0/ports?tenant_id=63be5b4f4d784088b73cd36e6114f00e HTTP/1.1" status: 200 len: 500592 time: 0.5999537
2020-12-02 17:56:36.304 24 INFO neutron.wsgi [req-afc4f3eb-8c81-4da3-b73c-e85b6f3d4b85 0da1bc1a3acc45d0aca57e504c04ea17 63be5b4f4d784088b73cd36e6114f00e - default default] 10.31.10.3,10.31.10.1 "GET /v2.0/ports?device_id=576281c8-2a6b-46a3-b94c-fa0c67e9a031 HTTP/1.1" status: 200 len: 1348 time: 0.0709033
2020-12-02 17:56:37.004 25 INFO neutron.wsgi [req-fad7e396-e8d0-4078-ae39-71bdd2506ec1 0da1bc1a3acc45d0aca57e504c04ea17 63be5b4f4d784088b73cd36e6114f00e - default default] 10.31.10.20,10.31.10.1 "GET /v2.0/security-groups?id=b92ca6e7-6354-4c1e-a781-6be287e270a3&fields=id&fields=name HTTP/1.1" status: 200 len: 262 time: 0.0396254
2020-12-02 17:56:39.749 24 INFO neutron.wsgi [req-a6017d67-530e-4f09-a7f7-ca2623e467e5 0da1bc1a3acc45d0aca57e504c04ea17 63be5b4f4d784088b73cd36e6114f00e - default default] 10.31.10.2,10.31.10.1 "GET /v2.0/ports?device_id=789c8d00-a3e5-48bc-8096-3654a286f115 HTTP/1.1" status: 200 len: 1350 time: 0.0726085
2020-12-02 17:56:39.908 22 INFO neutron.wsgi [req-f8665fc9-e874-4068-8638-b5efd2c5093d 0da1bc1a3acc45d0aca57e504c04ea17 63be5b4f4d784088b73cd36e6114f00e - default default] 10.31.10.3,10.31.10.1 "GET /v2.0/security-groups?id=b92ca6e7-6354-4c1e-a781-6be287e270a3&fields=id&fields=name HTTP/1.1" status: 200 len: 262 time: 0.0501866
2020-12-02 17:56:40.747 22 INFO neutron.wsgi [req-1630e326-7907-4cd9-8487-ad57ab1e48d2 0da1bc1a3acc45d0aca57e504c04ea17 63be5b4f4d784088b73cd36e6114f00e - default default] 10.31.10.2,10.31.10.1 "GET /v2.0/ports?device_id=226b7f61-645d-4d89-a116-c1bb8141d4d7 HTTP/1.1" status: 200 len: 1353 time: 0.0751429
2020-12-02 17:56:40.836 21 INFO neutron.wsgi [req-86249ea1-8961-4400-8382-7620b1841859 0da1bc1a3acc45d0aca57e504c04ea17 63be5b4f4d784088b73cd36e6114f00e - default default] 10.31.10.3,10.31.10.1 "GET /v2.0/security-groups?id=b92ca6e7-6354-4c1e-a781-6be287e270a3&fields=id&fields=name HTTP/1.1" status: 200 len: 262 time: 0.0408056
2020-12-02 17:56:42.877 23 INFO neutron.wsgi [req-08bc045e-13a0-422e-9048-d1892361f8e6 0da1bc1a3acc45d0aca57e504c04ea17 63be5b4f4d784088b73cd36e6114f00e - default default] 10.31.10.2,10.31.10.1 "GET /v2.0/ports?device_id=d9e0cd90-4612-4083-846c-ba30a5dac238 HTTP/1.1" status: 200 len: 1351 time: 0.0917163
2020-12-02 17:56:43.560 25 INFO neutron.wsgi [req-30a27549-36b5-46b4-8d59-1efb9237e4ef 0da1bc1a3acc45d0aca57e504c04ea17 63be5b4f4d784088b73cd36e6114f00e - default default] 10.31.10.20,10.31.10.1 "GET /v2.0/ports?device_id=3e907021-8968-4a80-a0ec-b43446fd01e0 HTTP/1.1" status: 200 len: 1348 time: 0.0856729
2020-12-02 17:56:43.568 24 INFO neutron.wsgi [req-8f25b093-463f-4e70-a8e3-25400fae14bf 0da1bc1a3acc45d0aca57e504c04ea17 63be5b4f4d784088b73cd36e6114f00e - default default] 10.31.10.2,10.31.10.1 "GET /v2.0/ports?device_id=226b7f61-645d-4d89-a116-c1bb8141d4d7 HTTP/1.1" status: 200 len: 1353 time: 0.0710464
2020-12-02 17:56:43.602 25 INFO neutron.wsgi [req-f92c94b7-ffdf-445a-b43c-3dd514f16f7f 0da1bc1a3acc45d0aca57e504c04ea17 63be5b4f4d784088b73cd36e6114f00e - default default] 10.31.10.20,10.31.10.1 "GET /v2.0/security-groups?id=b92ca6e7-6354-4c1e-a781-6be287e270a3&fields=id&fields=name HTTP/1.1" status: 200 len: 262 time: 0.0322187
2020-12-02 17:56:43.760 21 INFO neutron.wsgi [req-89f7ee79-98ad-477f-aa81-80327cb3b787 0da1bc1a3acc45d0aca57e504c04ea17 63be5b4f4d784088b73cd36e6114f00e - default default] 10.31.10.3,10.31.10.1 "GET /v2.0/ports?device_id=97bd230c-9c23-40d0-abfa-f670b641d904 HTTP/1.1" status: 200 len: 1355 time: 0.0726616
2020-12-02 17:56:43.787 24 INFO neutron.wsgi [req-86f115a3-6903-46c7-9c35-1dccb36837c1 0da1bc1a3acc45d0aca57e504c04ea17 63be5b4f4d784088b73cd36e6114f00e - default default] 10.31.10.3,10.31.10.1 "GET /v2.0/ports?device_id=226b7f61-645d-4d89-a116-c1bb8141d4d7 HTTP/1.1" status: 200 len: 1353 time: 0.0683093
2020-12-02 17:56:43.847 22 INFO neutron.wsgi [req-ac3748e5-6ec1-4fd6-b9e7-c5985c09ea1e 851af1939a9b4ff8808a741857d37b46 761947fab1374992bf04ee79f6b6b929 - default default] 10.31.10.2,10.31.10.1 "GET /v2.0/ports?device_id=df6d2123-cee6-4749-b314-a5c778592ac3&fields=binding%3Ahost_id&fields=binding%3Avif_type HTTP/1.1" status: 200 len: 238 time: 0.0658147
2020-12-02 17:56:43.850 24 INFO neutron.wsgi [req-0177c4e1-590f-47cc-a9e2-22a1d68b07ab 0da1bc1a3acc45d0aca57e504c04ea17 63be5b4f4d784088b73cd36e6114f00e - default default] 10.31.10.3,10.31.10.1 "GET /v2.0/floatingips?port_id=1f7cf7f3-c1ca-495e-b87f-ff644475d687&tenant_id=63be5b4f4d784088b73cd36e6114f00e HTTP/1.1" status: 200 len: 193 time: 0.0573785
2020-12-02 17:56:44.468 21 INFO neutron.wsgi [req-3d684650-b7a5-4fae-8423-ac529dde19c3 0da1bc1a3acc45d0aca57e504c04ea17 63be5b4f4d784088b73cd36e6114f00e - default default] 10.31.10.2,10.31.10.1 "GET /v2.0/security-groups?id=b92ca6e7-6354-4c1e-a781-6be287e270a3&fields=id&fields=name HTTP/1.1" status: 200 len: 262 time: 0.0511816
2020-12-02 17:56:44.509 24 INFO neutron.wsgi [req-8eda00fb-2f95-4745-93da-52d84b4c8b6f 0da1bc1a3acc45d0aca57e504c04ea17 63be5b4f4d784088b73cd36e6114f00e - default default] 10.31.10.3,10.31.10.1 "GET /v2.0/networks?id=5311b34d-bfa3-4de1-b261-da1c586985e6 HTTP/1.1" status: 200 len: 883 time: 0.1376672
2020-12-02 17:56:44.534 22 INFO neutron.wsgi [req-a9a2f3d1-15a7-42de-9815-cb19647b3f20 0da1bc1a3acc45d0aca57e504c04ea17 63be5b4f4d784088b73cd36e6114f00e - default default] 10.31.10.3,10.31.10.1 "GET /v2.0/ports?tenant_id=63be5b4f4d784088b73cd36e6114f00e HTTP/1.1" status: 200 len: 500602 time: 0.6772010
2020-12-02 17:56:44.543 22 INFO neutron.wsgi [req-8eb0c0f8-04df-4d6a-a492-6bd212b47463 851af1939a9b4ff8808a741857d37b46 761947fab1374992bf04ee79f6b6b929 - default default] 10.31.10.2,10.31.10.1 "GET /v2.0/ports?tenant_id=63be5b4f4d784088b73cd36e6114f00e&device_id=df6d2123-cee6-4749-b314-a5c778592ac3 HTTP/1.1" status: 200 len: 1347 time: 0.6577213
2020-12-02 17:56:44.722 21 INFO neutron.wsgi [req-2371c9a2-88c2-4690-8e90-3fa4aed1e302 0da1bc1a3acc45d0aca57e504c04ea17 63be5b4f4d784088b73cd36e6114f00e - default default] 10.31.10.3,10.31.10.1 "GET /v2.0/networks?id=f84f54b0-49f4-4068-bd45-ea71a13ff49e HTTP/1.1" status: 200 len: 884 time: 0.1390824
2020-12-02 17:56:44.867 24 INFO neutron.wsgi [req-92f5799a-7473-48b6-8c6b-7871d8222d37 0da1bc1a3acc45d0aca57e504c04ea17 63be5b4f4d784088b73cd36e6114f00e - default default] 10.31.10.3,10.31.10.1 "GET /v2.0/subnets HTTP/1.1" status: 200 len: 127848 time: 0.3483100
2020-12-02 17:56:44.974 25 INFO neutron.wsgi [req-80774b96-3bee-4c7a-8598-80ca1cbacd7d 851af1939a9b4ff8808a741857d37b46 761947fab1374992bf04ee79f6b6b929 - default default] 10.31.10.2,10.31.10.1 "GET /v2.0/extensions HTTP/1.1" status: 200 len: 14561 time: 0.0099175
2020-12-02 17:56:45.066 21 INFO neutron.wsgi [req-83099965-e019-406b-9eba-0dea1675bf2d 0da1bc1a3acc45d0aca57e504c04ea17 63be5b4f4d784088b73cd36e6114f00e - default default] 10.31.10.3,10.31.10.1 "GET /v2.0/subnets HTTP/1.1" status: 200 len: 127848 time: 0.3337090
2020-12-02 17:56:45.501 24 INFO neutron.wsgi [req-3ab6580f-a157-4a94-b0a2-2688a8bc394f 0da1bc1a3acc45d0aca57e504c04ea17 63be5b4f4d784088b73cd36e6114f00e - default default] 10.31.10.20,10.31.10.1 "GET /v2.0/security-groups?id=b92ca6e7-6354-4c1e-a781-6be287e270a3&fields=id&fields=name HTTP/1.1" status: 200 len: 262 time: 0.0390952
2020-12-02 17:56:45.590 22 INFO neutron.wsgi [req-2e1230f1-5752-4f25-bd89-fc7965f236ca 0da1bc1a3acc45d0aca57e504c04ea17 63be5b4f4d784088b73cd36e6114f00e - default default] 10.31.10.2,10.31.10.1 "GET /v2.0/ports?tenant_id=63be5b4f4d784088b73cd36e6114f00e HTTP/1.1" status: 200 len: 500602 time: 0.4731536
2020-12-02 17:56:46.438 24 INFO neutron.wsgi [req-61e566de-0c72-4d2d-be3a-d07723566a0d 0da1bc1a3acc45d0aca57e504c04ea17 63be5b4f4d784088b73cd36e6114f00e - default default] 10.31.10.3,10.31.10.1 "GET /v2.0/ports?tenant_id=63be5b4f4d784088b73cd36e6114f00e HTTP/1.1" status: 200 len: 500602 time: 0.6726243
2020-12-02 17:56:46.679 24 INFO neutron.wsgi [req-71d3ded8-3f02-4b15-9b02-d18f5997a3c2 0da1bc1a3acc45d0aca57e504c04ea17 63be5b4f4d784088b73cd36e6114f00e - default default] 10.31.10.3,10.31.10.1 "GET /v2.0/security-groups?id=b92ca6e7-6354-4c1e-a781-6be287e270a3&fields=id&fields=name HTTP/1.1" status: 200 len: 262 time: 0.0445762
2020-12-02 17:56:47.001 22 INFO neutron.wsgi [-] 10.31.10.1 "GET / HTTP/1.1" status: 200 len: 228 time: 0.0042696
2020-12-02 17:56:47.319 24 INFO neutron.wsgi [req-83bf537e-ab42-4698-b345-a32e6e800fdb 0da1bc1a3acc45d0aca57e504c04ea17 63be5b4f4d784088b73cd36e6114f00e - default default] 10.31.10.20,10.31.10.1 "GET /v2.0/security-groups?id=b92ca6e7-6354-4c1e-a781-6be287e270a3&fields=id&fields=name HTTP/1.1" status: 200 len: 262 time: 0.0421979
2020-12-02 17:56:50.098 25 INFO neutron.wsgi [req-2ec8778f-bbe9-4f48-b699-3982a4651de7 0da1bc1a3acc45d0aca57e504c04ea17 63be5b4f4d784088b73cd36e6114f00e - default default] 10.31.10.3,10.31.10.1 "GET /v2.0/security-groups?id=b92ca6e7-6354-4c1e-a781-6be287e270a3&fields=id&fields=name HTTP/1.1" status: 200 len: 262 time: 0.0455925
2020-12-02 17:56:50.406 25 INFO neutron.wsgi [req-a53c1621-1323-4d2d-b951-4faa9ef5209e 0da1bc1a3acc45d0aca57e504c04ea17 63be5b4f4d784088b73cd36e6114f00e - default default] 10.31.10.2,10.31.10.1 "GET /v2.0/security-groups?id=b92ca6e7-6354-4c1e-a781-6be287e270a3&fields=id&fields=name HTTP/1.1" status: 200 len: 262 time: 0.0457065
2020-12-02 17:56:51.091 25 INFO neutron.wsgi [req-2c7941b4-a365-46e5-a05b-e26653d970ee 0da1bc1a3acc45d0aca57e504c04ea17 63be5b4f4d784088b73cd36e6114f00e - default default] 10.31.10.2,10.31.10.1 "GET /v2.0/floatingips?tenant_id=63be5b4f4d784088b73cd36e6114f00e HTTP/1.1" status: 200 len: 193 time: 0.0686874
2020-12-02 17:56:51.157 25 INFO neutron.wsgi [req-76f4cfa5-c0bf-4996-ac41-1a038e7ea199 0da1bc1a3acc45d0aca57e504c04ea17 63be5b4f4d784088b73cd36e6114f00e - default default] 10.31.10.3,10.31.10.1 "GET /v2.0/security-groups?id=b92ca6e7-6354-4c1e-a781-6be287e270a3&fields=id&fields=name HTTP/1.1" status: 200 len: 262 time: 0.0499005
2020-12-02 17:56:52.423 28 INFO neutron.notifiers.nova [-] Nova event response: {'server_uuid': 'a4affd15-50ad-4297-83eb-2f891cf4b122', 'name': 'network-vif-plugged', 'status': 'completed', 'tag': '4c690e49-1eee-4e8d-8f42-4b818a2cf1e1', 'code': 200}
2020-12-02 17:56:52.744 24 INFO neutron.wsgi [req-c8c63f39-2e39-492c-9ab5-b5c5478ebdbe 851af1939a9b4ff8808a741857d37b46 761947fab1374992bf04ee79f6b6b929 - default default] 10.31.10.20,10.31.10.1 "GET /v2.0/networks?id=262fb431-41a3-4687-94c4-08f42183a5fa HTTP/1.1" status: 200 len: 884 time: 0.1248620
2020-12-02 17:56:52.810 24 INFO neutron.wsgi [req-c3753c25-3291-4bc4-973b-9d9a1445692a 851af1939a9b4ff8808a741857d37b46 761947fab1374992bf04ee79f6b6b929 - default default] 10.31.10.20,10.31.10.1 "GET /v2.0/floatingips?fixed_ip_address=192.168.164.16&port_id=8a7e37f5-1294-421d-827a-2b8d7002bd49 HTTP/1.1" status: 200 len: 193 time: 0.0557847
2020-12-02 17:56:53.133 24 INFO neutron.wsgi [req-13976e3b-1675-4855-8a70-2e720f967e89 851af1939a9b4ff8808a741857d37b46 761947fab1374992bf04ee79f6b6b929 - default default] 10.31.10.20,10.31.10.1 "GET /v2.0/networks/262fb431-41a3-4687-94c4-08f42183a5fa?fields=segments HTTP/1.1" status: 200 len: 188 time: 0.1275628
2020-12-02 17:56:53.231 22 INFO neutron.wsgi [req-1536407e-8973-4644-9e33-41e885cd8696 0da1bc1a3acc45d0aca57e504c04ea17 63be5b4f4d784088b73cd36e6114f00e - default default] 10.31.10.20,10.31.10.1 "GET /v2.0/security-groups?id=b92ca6e7-6354-4c1e-a781-6be287e270a3&fields=id&fields=name HTTP/1.1" status: 200 len: 262 time: 0.0469668
2020-12-02 17:56:55.811 25 INFO neutron.wsgi [req-65f448a3-6968-4c22-bff3-9cfb613b2f29 851af1939a9b4ff8808a741857d37b46 761947fab1374992bf04ee79f6b6b929 - default default] 10.31.10.20,10.31.10.1 "GET /v2.0/ports?device_id=a4affd15-50ad-4297-83eb-2f891cf4b122 HTTP/1.1" status: 200 len: 1357 time: 0.1496921
2020-12-02 17:56:57.090 25 INFO neutron.wsgi [req-8206e597-7151-4f74-96b3-940240aee3f5 0da1bc1a3acc45d0aca57e504c04ea17 63be5b4f4d784088b73cd36e6114f00e - default default] 10.31.10.2,10.31.10.1 "GET /v2.0/floatingips?tenant_id=63be5b4f4d784088b73cd36e6114f00e HTTP/1.1" status: 200 len: 193 time: 0.0598123
2020-12-02 17:56:57.570 21 INFO neutron.wsgi [req-4d3a22d6-aefe-4e55-842f-bca55fd8a303 0da1bc1a3acc45d0aca57e504c04ea17 63be5b4f4d784088b73cd36e6114f00e - default default] 10.31.10.20,10.31.10.1 "GET /v2.0/ports?device_id=3e907021-8968-4a80-a0ec-b43446fd01e0 HTTP/1.1" status: 200 len: 1348 time: 0.0717363
2020-12-02 17:57:00.406 22 INFO neutron.wsgi [req-e8fd0449-cfcb-45ec-8a47-bb3774bccdbb 0da1bc1a3acc45d0aca57e504c04ea17 63be5b4f4d784088b73cd36e6114f00e - default default] 10.31.10.3,10.31.10.1 "GET /v2.0/ports?device_id=27b4392c-574e-4c52-90c9-0542a640d660 HTTP/1.1" status: 200 len: 1355 time: 0.0704019
2020-12-02 17:57:00.646 24 INFO neutron.wsgi [req-607b080b-7723-49dc-a7b9-73015a20e523 0da1bc1a3acc45d0aca57e504c04ea17 63be5b4f4d784088b73cd36e6114f00e - default default] 10.31.10.20,10.31.10.1 "GET /v2.0/ports?device_id=75558870-4e82-4f80-8689-22356e1ea2b3 HTTP/1.1" status: 200 len: 1345 time: 0.0728881
2020-12-02 17:57:00.808 28 INFO neutron.notifiers.nova [-] Nova event response: {'server_uuid': '27b4392c-574e-4c52-90c9-0542a640d660', 'name': 'network-vif-plugged', 'status': 'completed', 'tag': '997c5371-061e-4e50-984f-9caf562f8da4', 'code': 200}
2020-12-02 17:57:01.368 25 INFO neutron.wsgi [req-eddc195c-2b7a-4bdd-b4f5-c4832a14971e 0da1bc1a3acc45d0aca57e504c04ea17 63be5b4f4d784088b73cd36e6114f00e - default default] 10.31.10.20,10.31.10.1 "GET /v2.0/ports?device_id=226b7f61-645d-4d89-a116-c1bb8141d4d7 HTTP/1.1" status: 200 len: 1353 time: 0.0575261
2020-12-02 17:57:01.642 25 INFO neutron.wsgi [req-93a70120-07fb-405f-95b5-dd8e624a4750 0da1bc1a3acc45d0aca57e504c04ea17 63be5b4f4d784088b73cd36e6114f00e - default default] 10.31.10.2,10.31.10.1 "GET /v2.0/ports?device_id=a4affd15-50ad-4297-83eb-2f891cf4b122 HTTP/1.1" status: 200 len: 1357 time: 0.0670924
2020-12-02 17:57:02.000 25 INFO neutron.wsgi [req-6b410a06-fe89-40cc-bdb3-1ec350bc2e9b 0da1bc1a3acc45d0aca57e504c04ea17 63be5b4f4d784088b73cd36e6114f00e - default default] 10.31.10.3,10.31.10.1 "GET /v2.0/security-groups?id=b92ca6e7-6354-4c1e-a781-6be287e270a3&fields=id&fields=name HTTP/1.1" status: 200 len: 262 time: 0.0383484
2020-12-02 17:57:02.654 21 INFO neutron.wsgi [req-e8f157bf-132a-4805-9ad7-8445fb62ba61 0da1bc1a3acc45d0aca57e504c04ea17 63be5b4f4d784088b73cd36e6114f00e - default default] 10.31.10.2,10.31.10.1 "GET /v2.0/security-groups?id=b92ca6e7-6354-4c1e-a781-6be287e270a3&fields=id&fields=name HTTP/1.1" status: 200 len: 262 time: 0.0383239
2020-12-02 17:57:03.103 24 INFO neutron.wsgi [req-e4c0ce6c-f26c-4ec3-a4d0-6158e8c9ee11 0da1bc1a3acc45d0aca57e504c04ea17 63be5b4f4d784088b73cd36e6114f00e - default default] 10.31.10.2,10.31.10.1 "GET /v2.0/floatingips?tenant_id=63be5b4f4d784088b73cd36e6114f00e HTTP/1.1" status: 200 len: 193 time: 0.0649002
2020-12-02 17:57:03.458 23 INFO neutron.wsgi [req-7a71519f-052b-4d29-931b-8c0df280fd25 0da1bc1a3acc45d0aca57e504c04ea17 63be5b4f4d784088b73cd36e6114f00e - default default] 10.31.10.20,10.31.10.1 "GET /v2.0/ports?device_id=d9e0cd90-4612-4083-846c-ba30a5dac238 HTTP/1.1" status: 200 len: 1351 time: 0.0718708
2020-12-02 17:57:03.505 23 INFO neutron.wsgi [req-2212824e-61a6-4702-80ad-b5895200fd12 0da1bc1a3acc45d0aca57e504c04ea17 63be5b4f4d784088b73cd36e6114f00e - default default] 10.31.10.20,10.31.10.1 "GET /v2.0/security-groups?id=b92ca6e7-6354-4c1e-a781-6be287e270a3&fields=id&fields=name HTTP/1.1" status: 200 len: 262 time: 0.0356970
2020-12-02 17:57:04.035 23 INFO neutron.wsgi [req-03168d4f-6a59-4744-9208-7412828ae459 0da1bc1a3acc45d0aca57e504c04ea17 63be5b4f4d784088b73cd36e6114f00e - default default] 10.31.10.3,10.31.10.1 "GET /v2.0/ports?tenant_id=63be5b4f4d784088b73cd36e6114f00e&fields=id HTTP/1.1" status: 200 len: 20198 time: 0.4201167
2020-12-02 17:57:04.786 25 INFO neutron.wsgi [req-ff6a731f-fd78-4cfe-817c-d3829e525821 851af1939a9b4ff8808a741857d37b46 761947fab1374992bf04ee79f6b6b929 - default default] 10.31.10.3,10.31.10.1 "GET /v2.0/networks/379a69a4-55ed-4fcc-9389-31acd75527bf?fields=provider%3Aphysical_network&fields=provider%3Anetwork_type HTTP/1.1" status: 200 len: 252 time: 0.1174130
2020-12-02 17:57:06.569 25 INFO neutron.wsgi [req-16b9e929-ad14-4b76-a4a6-2c073921a7cd 0da1bc1a3acc45d0aca57e504c04ea17 63be5b4f4d784088b73cd36e6114f00e - default default] 10.31.10.2,10.31.10.1 "GET /v2.0/networks?id=379a69a4-55ed-4fcc-9389-31acd75527bf HTTP/1.1" status: 200 len: 884 time: 0.1268289
2020-12-02 17:57:07.428 23 INFO neutron.wsgi [req-1b0385d8-4370-46cc-820f-ba6798ed4a1f 0da1bc1a3acc45d0aca57e504c04ea17 63be5b4f4d784088b73cd36e6114f00e - default default] 10.31.10.3,10.31.10.1 "GET /v2.0/security-groups?id=b92ca6e7-6354-4c1e-a781-6be287e270a3&fields=id&fields=name HTTP/1.1" status: 200 len: 262 time: 0.0562418
2020-12-02 17:57:07.953 25 INFO neutron.wsgi [req-b8fd4ed7-bcc8-40cd-81aa-75b8f0d408a5 0da1bc1a3acc45d0aca57e504c04ea17 63be5b4f4d784088b73cd36e6114f00e - default default] 10.31.10.20,10.31.10.1 "GET /v2.0/security-groups?id=b92ca6e7-6354-4c1e-a781-6be287e270a3&fields=id&fields=name HTTP/1.1" status: 200 len: 262 time: 0.0409124
2020-12-02 17:57:09.239 24 INFO neutron.wsgi [req-031312f7-e765-48f7-b6b6-527ff347bf68 851af1939a9b4ff8808a741857d37b46 761947fab1374992bf04ee79f6b6b929 - default default] 10.31.10.2,10.31.10.1 "GET /v2.0/floatingips?fixed_ip_address=192.168.12.245&port_id=d99479d3-4e3d-4fc2-ada3-f17d1d53e84f HTTP/1.1" status: 200 len: 193 time: 0.0630310
2020-12-02 17:57:09.406 22 INFO neutron.wsgi [req-c8f10a0b-2e71-4ff8-bc0d-6a0e0556bb31 851af1939a9b4ff8808a741857d37b46 761947fab1374992bf04ee79f6b6b929 - default default] 10.31.10.2,10.31.10.1 "GET /v2.0/ports?network_id=379a69a4-55ed-4fcc-9389-31acd75527bf&device_owner=network%3Adhcp HTTP/1.1" status: 200 len: 2491 time: 0.0791349
2020-12-02 17:57:09.841 21 INFO neutron.wsgi [req-0e62894a-a806-4fb3-a4ca-3c124fecb090 851af1939a9b4ff8808a741857d37b46 761947fab1374992bf04ee79f6b6b929 - default default] 10.31.10.2,10.31.10.1 "GET /v2.0/ports?tenant_id=63be5b4f4d784088b73cd36e6114f00e&device_id=ed98c271-ff5f-4b49-9e15-24c57894fdc5 HTTP/1.1" status: 200 len: 1350 time: 0.0780034
2020-12-02 17:57:10.132 21 INFO neutron.wsgi [req-bce58e47-368b-4fa8-8ed3-9d6ceff71493 851af1939a9b4ff8808a741857d37b46 761947fab1374992bf04ee79f6b6b929 - default default] 10.31.10.2,10.31.10.1 "GET /v2.0/subnets?id=ffa49ce7-42aa-4931-9fa7-9d1c96e5f7a4 HTTP/1.1" status: 200 len: 812 time: 0.0610905
2020-12-02 17:57:10.490 22 INFO neutron.wsgi [req-6af9729d-3dec-4146-944f-4a99a553b045 851af1939a9b4ff8808a741857d37b46 761947fab1374992bf04ee79f6b6b929 - default default] 10.31.10.2,10.31.10.1 "GET /v2.0/networks/379a69a4-55ed-4fcc-9389-31acd75527bf?fields=provider%3Aphysical_network&fields=provider%3Anetwork_type HTTP/1.1" status: 200 len: 252 time: 0.1201181
2020-12-02 17:57:10.510 23 INFO neutron.wsgi [req-6ea5cea9-7bb5-40f1-a326-90a272f852a5 0da1bc1a3acc45d0aca57e504c04ea17 63be5b4f4d784088b73cd36e6114f00e - default default] 10.31.10.2,10.31.10.1 "GET /v2.0/ports?device_id=226b7f61-645d-4d89-a116-c1bb8141d4d7 HTTP/1.1" status: 200 len: 1353 time: 0.0763991
2020-12-02 17:57:10.559 23 INFO neutron.wsgi [req-722eba2c-0833-4c46-814a-f535261b9e48 0da1bc1a3acc45d0aca57e504c04ea17 63be5b4f4d784088b73cd36e6114f00e - default default] 10.31.10.3,10.31.10.1 "GET /v2.0/security-groups?id=b92ca6e7-6354-4c1e-a781-6be287e270a3&fields=id&fields=name HTTP/1.1" status: 200 len: 262 time: 0.0390580
2020-12-02 17:57:10.564 21 INFO neutron.wsgi [req-5c2faa80-5a62-4fc7-8188-4cab8e268345 0da1bc1a3acc45d0aca57e504c04ea17 63be5b4f4d784088b73cd36e6114f00e - default default] 10.31.10.20,10.31.10.1 "GET /v2.0/security-groups?id=b92ca6e7-6354-4c1e-a781-6be287e270a3&fields=id&fields=name HTTP/1.1" status: 200 len: 262 time: 0.0377808
2020-12-02 17:57:10.693 24 INFO neutron.wsgi [req-b96bd107-3567-4562-9295-142233449f17 0da1bc1a3acc45d0aca57e504c04ea17 63be5b4f4d784088b73cd36e6114f00e - default default] 10.31.10.20,10.31.10.1 "GET /v2.0/ports?device_id=27b4392c-574e-4c52-90c9-0542a640d660 HTTP/1.1" status: 200 len: 1357 time: 0.0716548
2020-12-02 17:57:10.755 25 INFO neutron.wsgi [req-b9866209-2d72-420e-ad36-9b0daa240f98 0da1bc1a3acc45d0aca57e504c04ea17 63be5b4f4d784088b73cd36e6114f00e - default default] 10.31.10.3,10.31.10.1 "GET /v2.0/ports?device_id=226b7f61-645d-4d89-a116-c1bb8141d4d7 HTTP/1.1" status: 200 len: 1353 time: 0.0960081
2020-12-02 17:57:10.766 22 INFO neutron.wsgi [req-c68ce8bd-03ed-45ef-aaab-f126fdae7f30 0da1bc1a3acc45d0aca57e504c04ea17 63be5b4f4d784088b73cd36e6114f00e - default default] 10.31.10.3,10.31.10.1 "GET /v2.0/ports?device_id=75558870-4e82-4f80-8689-22356e1ea2b3 HTTP/1.1" status: 200 len: 1345 time: 0.0883803
2020-12-02 17:57:10.818 23 INFO neutron.wsgi [req-23f28302-52e5-490d-8bcc-1f96c323568c 0da1bc1a3acc45d0aca57e504c04ea17 63be5b4f4d784088b73cd36e6114f00e - default default] 10.31.10.3,10.31.10.1 "GET /v2.0/floatingips?port_id=088c73b0-3fd7-49c5-86c1-27179e04255d&tenant_id=63be5b4f4d784088b73cd36e6114f00e HTTP/1.1" status: 200 len: 193 time: 0.0675666
2020-12-02 17:57:10.836 22 INFO neutron.wsgi [req-3b31eaf4-5168-48b8-8ab5-e68fb3663689 0da1bc1a3acc45d0aca57e504c04ea17 63be5b4f4d784088b73cd36e6114f00e - default default] 10.31.10.3,10.31.10.1 "GET /v2.0/floatingips?port_id=d9afff16-687b-4e14-9889-347450cc6d91&tenant_id=63be5b4f4d784088b73cd36e6114f00e HTTP/1.1" status: 200 len: 193 time: 0.0621784
2020-12-02 17:57:10.917 22 INFO neutron.wsgi [req-f39c4509-d54a-497a-9331-63adac15bc68 0da1bc1a3acc45d0aca57e504c04ea17 63be5b4f4d784088b73cd36e6114f00e - default default] 10.31.10.20,10.31.10.1 "GET /v2.0/ports?device_id=75558870-4e82-4f80-8689-22356e1ea2b3 HTTP/1.1" status: 200 len: 1345 time: 0.0669203
2020-12-02 17:57:11.100 25 INFO neutron.wsgi [req-0ebc6b09-598e-4807-84a7-4effd2c5b9fb 0da1bc1a3acc45d0aca57e504c04ea17 63be5b4f4d784088b73cd36e6114f00e - default default] 10.31.10.2,10.31.10.1 "GET /v2.0/security-groups?id=b92ca6e7-6354-4c1e-a781-6be287e270a3&fields=id&fields=name HTTP/1.1" status: 200 len: 262 time: 0.0418952
2020-12-02 17:57:11.493 23 INFO neutron.wsgi [req-309975dd-5d99-4d4f-a23f-8f727596dc2b 0da1bc1a3acc45d0aca57e504c04ea17 63be5b4f4d784088b73cd36e6114f00e - default default] 10.31.10.3,10.31.10.1 "GET /v2.0/ports?tenant_id=63be5b4f4d784088b73cd36e6114f00e HTTP/1.1" status: 200 len: 501783 time: 0.6698456
2020-12-02 17:57:11.511 24 INFO neutron.wsgi [req-b2c0300c-65c1-49f4-939d-23d34b7d9b7b 0da1bc1a3acc45d0aca57e504c04ea17 63be5b4f4d784088b73cd36e6114f00e - default default] 10.31.10.3,10.31.10.1 "GET /v2.0/networks?id=a37dc62f-dafa-4132-838f-a886f08c2651 HTTP/1.1" status: 200 len: 883 time: 0.1514809
2020-12-02 17:57:11.540 21 INFO neutron.wsgi [req-9fe432ea-4e0b-4c76-a10e-f69b6495a827 851af1939a9b4ff8808a741857d37b46 761947fab1374992bf04ee79f6b6b929 - default default] 10.31.10.3,10.31.10.1 "GET /v2.0/ports?tenant_id=63be5b4f4d784088b73cd36e6114f00e&device_id=12606f42-4bd4-4c46-869a-034d53d6e431 HTTP/1.1" status: 200 len: 1336 time: 0.0773821
2020-12-02 17:57:11.635 23 INFO neutron.wsgi [req-79d5168f-ba83-45a8-90db-1e4e433728ef 0da1bc1a3acc45d0aca57e504c04ea17 63be5b4f4d784088b73cd36e6114f00e - default default] 192.168.208.187,10.31.10.1 "GET /v2.0/networks?name=test-net-180&status=ACTIVE HTTP/1.1" status: 200 len: 885 time: 0.1249056
2020-12-02 17:57:11.709 21 INFO neutron.wsgi [req-53f626d5-472e-45d4-9669-e680ab02fecb 851af1939a9b4ff8808a741857d37b46 761947fab1374992bf04ee79f6b6b929 - default default] 10.31.10.3,10.31.10.1 "GET /v2.0/networks?id=31d7fa17-bee4-4ca0-8150-8bdf6a8ca8c2 HTTP/1.1" status: 200 len: 902 time: 0.1397448
2020-12-02 17:57:11.732 21 INFO neutron.wsgi [req-f77b6bc9-9fda-4b5c-8888-2915bacd9c99 0da1bc1a3acc45d0aca57e504c04ea17 63be5b4f4d784088b73cd36e6114f00e - default default] 10.31.10.20,10.31.10.1 "GET /v2.0/security-groups?id=b92ca6e7-6354-4c1e-a781-6be287e270a3&fields=id&fields=name HTTP/1.1" status: 200 len: 262 time: 0.0406218
2020-12-02 17:57:11.998 22 INFO neutron.wsgi [req-51cbce14-be91-41e6-87a0-6c324d534327 0da1bc1a3acc45d0aca57e504c04ea17 63be5b4f4d784088b73cd36e6114f00e - default default] 10.31.10.3,10.31.10.1 "GET /v2.0/security-groups?id=b92ca6e7-6354-4c1e-a781-6be287e270a3&fields=id&fields=name HTTP/1.1" status: 200 len: 262 time: 0.0596683
2020-12-02 17:57:12.212 24 INFO neutron.wsgi [req-542b0501-a23f-4cbc-81d4-cbac4b1b01a1 0da1bc1a3acc45d0aca57e504c04ea17 63be5b4f4d784088b73cd36e6114f00e - default default] 10.31.10.3,10.31.10.1 "GET /v2.0/subnets HTTP/1.1" status: 200 len: 127848 time: 0.3609908
2020-12-02 17:57:12.219 23 INFO neutron.wsgi [req-c152494e-4281-49c1-9076-4498fa9ba657 851af1939a9b4ff8808a741857d37b46 761947fab1374992bf04ee79f6b6b929 - default default] 10.31.10.3,10.31.10.1 "GET /v2.0/networks/31d7fa17-bee4-4ca0-8150-8bdf6a8ca8c2?fields=segments HTTP/1.1" status: 200 len: 188 time: 0.1189609
2020-12-02 17:57:12.623 25 INFO neutron.wsgi [req-1a62c0a1-61d8-438d-b7a5-8f717dc974ee 0da1bc1a3acc45d0aca57e504c04ea17 63be5b4f4d784088b73cd36e6114f00e - default default] 10.31.10.3,10.31.10.1 "GET /v2.0/ports?device_id=789c8d00-a3e5-48bc-8096-3654a286f115 HTTP/1.1" status: 200 len: 1350 time: 0.0680156
2020-12-02 17:57:12.999 25 INFO neutron.wsgi [req-6f96b25e-963d-4ed3-a04e-2721c3c7e3cb 0da1bc1a3acc45d0aca57e504c04ea17 63be5b4f4d784088b73cd36e6114f00e - default default] 10.31.10.3,10.31.10.1 "GET /v2.0/floatingips?port_id=bd86b20d-8c78-48e1-b3d7-8a18ea6fe548&tenant_id=63be5b4f4d784088b73cd36e6114f00e HTTP/1.1" status: 200 len: 193 time: 0.0613034
2020-12-02 17:57:13.380 24 INFO neutron.wsgi [req-248a095e-1ba9-4446-8ab9-6c3ab669a5e5 0da1bc1a3acc45d0aca57e504c04ea17 63be5b4f4d784088b73cd36e6114f00e - default default] 10.31.10.2,10.31.10.1 "GET /v2.0/security-groups?id=b92ca6e7-6354-4c1e-a781-6be287e270a3&fields=id&fields=name HTTP/1.1" status: 200 len: 262 time: 0.0443945
2020-12-02 17:57:14.048 24 INFO neutron.wsgi [req-d1986827-ded7-483d-a557-b07e900c7028 0da1bc1a3acc45d0aca57e504c04ea17 63be5b4f4d784088b73cd36e6114f00e - default default] 10.31.10.3,10.31.10.1 "GET /v2.0/subnets HTTP/1.1" status: 200 len: 127848 time: 0.3568923
2020-12-02 17:57:15.278 22 INFO neutron.wsgi [req-62565763-cf68-4410-b6cd-b72a2b80ae44 0da1bc1a3acc45d0aca57e504c04ea17 63be5b4f4d784088b73cd36e6114f00e - default default] 10.31.10.3,10.31.10.1 "GET /v2.0/ports?device_id=97bd230c-9c23-40d0-abfa-f670b641d904 HTTP/1.1" status: 200 len: 1355 time: 0.0705731
2020-12-02 17:57:15.698 25 INFO neutron.wsgi [req-dc71bbc2-0f34-4809-bc6e-2171a5393bff 0da1bc1a3acc45d0aca57e504c04ea17 63be5b4f4d784088b73cd36e6114f00e - default default] 10.31.10.2,10.31.10.1 "GET /v2.0/ports?tenant_id=63be5b4f4d784088b73cd36e6114f00e HTTP/1.1" status: 200 len: 502812 time: 0.6078930
2020-12-02 17:57:16.297 26 INFO neutron.db.l3_db [req-e7fbab2c-0fc8-4c2f-a19a-cd28ba681a5b - - - - -] Skipping port 965f3bc9-8752-4cf7-8b8b-8f1c8e94ca53 as no IP is configure on it
2020-12-02 17:57:16.298 26 INFO neutron.db.l3_db [req-e7fbab2c-0fc8-4c2f-a19a-cd28ba681a5b - - - - -] Skipping port 965f3bc9-8752-4cf7-8b8b-8f1c8e94ca53 as no IP is configure on it
2020-12-02 17:57:17.179 22 INFO neutron.wsgi [-] 10.31.10.1 "GET / HTTP/1.1" status: 200 len: 228 time: 0.0044024
2020-12-02 17:57:17.434 26 INFO neutron.db.l3_db [req-e7fbab2c-0fc8-4c2f-a19a-cd28ba681a5b - - - - -] Skipping port 965f3bc9-8752-4cf7-8b8b-8f1c8e94ca53 as no IP is configure on it
2020-12-02 17:57:17.435 26 INFO neutron.db.l3_db [req-e7fbab2c-0fc8-4c2f-a19a-cd28ba681a5b - - - - -] Skipping port 965f3bc9-8752-4cf7-8b8b-8f1c8e94ca53 as no IP is configure on it
2020-12-02 17:57:17.735 21 INFO neutron.wsgi [req-fe65368c-79fc-47e7-af70-f6854968fea2 0da1bc1a3acc45d0aca57e504c04ea17 63be5b4f4d784088b73cd36e6114f00e - default default] 10.31.10.20,10.31.10.1 "GET /v2.0/security-groups?id=b92ca6e7-6354-4c1e-a781-6be287e270a3&fields=id&fields=name HTTP/1.1" status: 200 len: 262 time: 0.0567582
2020-12-02 17:57:18.458 25 INFO neutron.wsgi [req-1fbdbee1-2fc8-4e3d-a39b-6f6ba3f49366 0da1bc1a3acc45d0aca57e504c04ea17 63be5b4f4d784088b73cd36e6114f00e - default default] 10.31.10.3,10.31.10.1 "GET /v2.0/ports?device_id=ed98c271-ff5f-4b49-9e15-24c57894fdc5 HTTP/1.1" status: 200 len: 1350 time: 0.0722466
2020-12-02 17:57:20.989 22 INFO neutron.wsgi [req-67b86abd-8013-4375-928b-050d3c2899eb 0da1bc1a3acc45d0aca57e504c04ea17 63be5b4f4d784088b73cd36e6114f00e - default default] 10.31.10.20,10.31.10.1 "GET /v2.0/security-groups?id=b92ca6e7-6354-4c1e-a781-6be287e270a3&fields=id&fields=name HTTP/1.1" status: 200 len: 262 time: 0.0403860
