2020-12-02 18:03:04.583 25 INFO neutron.wsgi [req-fcb7ed41-c8c2-4740-aa0f-ad1aa79c90ee 0da1bc1a3acc45d0aca57e504c04ea17 63be5b4f4d784088b73cd36e6114f00e - default default] 10.31.10.3,10.31.10.1 "GET /v2.0/security-groups?id=b92ca6e7-6354-4c1e-a781-6be287e270a3&fields=id&fields=name HTTP/1.1" status: 200 len: 262 time: 0.0523303
2020-12-02 18:03:06.725 25 INFO neutron.wsgi [req-7fd55361-d162-4e4d-8967-c5fb3ca541fb 0da1bc1a3acc45d0aca57e504c04ea17 63be5b4f4d784088b73cd36e6114f00e - default default] 192.168.208.187,10.31.10.1 "GET /v2.0/ports/1c756a58-2463-4e3b-a767-f04d96843299 HTTP/1.1" status: 200 len: 1217 time: 0.0677593
2020-12-02 18:03:07.232 25 INFO neutron.wsgi [req-3d82d28e-62ad-4ac4-a43f-9ad0e96cb0f3 0da1bc1a3acc45d0aca57e504c04ea17 63be5b4f4d784088b73cd36e6114f00e - default default] 10.31.10.3,10.31.10.1 "GET /v2.0/ports?device_id=f48a2b29-ebab-4cb1-98f5-63e3db7dd14e HTTP/1.1" status: 200 len: 1355 time: 0.0675037
2020-12-02 18:03:08.768 21 INFO neutron.wsgi [req-8fb109c7-e145-4950-844e-096b40857b57 0da1bc1a3acc45d0aca57e504c04ea17 63be5b4f4d784088b73cd36e6114f00e - default default] 192.168.208.187,10.31.10.1 "PUT /v2.0/routers/4699de27-ca35-4b08-9052-b95d68332b8f/add_router_interface HTTP/1.1" status: 200 len: 484 time: 3.1137950
2020-12-02 18:03:09.173 24 INFO neutron.wsgi [req-5ccee79b-426d-4f75-839e-7b32c381500a 0da1bc1a3acc45d0aca57e504c04ea17 63be5b4f4d784088b73cd36e6114f00e - default default] 10.31.10.2,10.31.10.1 "GET /v2.0/floatingips?tenant_id=63be5b4f4d784088b73cd36e6114f00e HTTP/1.1" status: 200 len: 193 time: 0.0632713
2020-12-02 18:03:09.347 21 INFO neutron.wsgi [req-9e569565-805f-47cd-b300-9d4e56d8a456 0da1bc1a3acc45d0aca57e504c04ea17 63be5b4f4d784088b73cd36e6114f00e - default default] 10.31.10.20,10.31.10.1 "GET /v2.0/ports?device_id=2b085d28-02db-4194-8d15-3bbfd392d10b HTTP/1.1" status: 200 len: 1355 time: 0.0811672
2020-12-02 18:03:09.410 26 INFO neutron.db.l3_db [req-70a3d957-dcc7-4eec-9304-d46c947d4b16 - - - - -] Skipping port 872367c2-703e-4006-ac4c-9cf79a0fa520 as no IP is configure on it
2020-12-02 18:03:09.411 26 INFO neutron.db.l3_db [req-70a3d957-dcc7-4eec-9304-d46c947d4b16 - - - - -] Skipping port 872367c2-703e-4006-ac4c-9cf79a0fa520 as no IP is configure on it
2020-12-02 18:03:09.832 23 INFO neutron.wsgi [req-8c55eca4-79a5-48f1-b503-ee4ff258c9e8 0da1bc1a3acc45d0aca57e504c04ea17 63be5b4f4d784088b73cd36e6114f00e - default default] 10.31.10.2,10.31.10.1 "GET /v2.0/security-groups?id=b92ca6e7-6354-4c1e-a781-6be287e270a3&fields=id&fields=name HTTP/1.1" status: 200 len: 262 time: 0.0657418
2020-12-02 18:03:10.458 26 INFO neutron.db.l3_db [req-70a3d957-dcc7-4eec-9304-d46c947d4b16 - - - - -] Skipping port 872367c2-703e-4006-ac4c-9cf79a0fa520 as no IP is configure on it
2020-12-02 18:03:10.459 26 INFO neutron.db.l3_db [req-70a3d957-dcc7-4eec-9304-d46c947d4b16 - - - - -] Skipping port 872367c2-703e-4006-ac4c-9cf79a0fa520 as no IP is configure on it
2020-12-02 18:03:11.174 27 INFO neutron.db.l3_db [req-433e1889-16f6-4a3c-b9f7-9e554f546c07 - - - - -] Skipping port 029ba004-0c1b-4652-9691-37c0a3523c5c as no IP is configure on it
2020-12-02 18:03:11.175 27 INFO neutron.db.l3_db [req-433e1889-16f6-4a3c-b9f7-9e554f546c07 - - - - -] Skipping port 029ba004-0c1b-4652-9691-37c0a3523c5c as no IP is configure on it
2020-12-02 18:03:11.905 21 INFO neutron.wsgi [req-f179beb2-f60c-41ee-9648-2877800c521f 0da1bc1a3acc45d0aca57e504c04ea17 63be5b4f4d784088b73cd36e6114f00e - default default] 10.31.10.20,10.31.10.1 "GET /v2.0/ports?device_id=67737d72-9310-441e-b6e3-d5b6bce57d8b HTTP/1.1" status: 200 len: 1355 time: 0.0757933
2020-12-02 18:03:12.436 28 INFO neutron.notifiers.nova [-] Nova event response: {'server_uuid': '9740581a-2ad1-4610-9340-011af592cc0b', 'name': 'network-vif-plugged', 'status': 'completed', 'tag': '3952a039-7398-4348-bbfa-dab429fe86ec', 'code': 200}
2020-12-02 18:03:12.478 27 INFO neutron.db.l3_db [req-433e1889-16f6-4a3c-b9f7-9e554f546c07 - - - - -] Skipping port 029ba004-0c1b-4652-9691-37c0a3523c5c as no IP is configure on it
2020-12-02 18:03:12.479 27 INFO neutron.db.l3_db [req-433e1889-16f6-4a3c-b9f7-9e554f546c07 - - - - -] Skipping port 029ba004-0c1b-4652-9691-37c0a3523c5c as no IP is configure on it
2020-12-02 18:03:12.748 22 INFO neutron.wsgi [req-d776fa97-6baa-4977-ad3c-16349ce40fb7 0da1bc1a3acc45d0aca57e504c04ea17 63be5b4f4d784088b73cd36e6114f00e - default default] 10.31.10.3,10.31.10.1 "GET /v2.0/security-groups?id=b92ca6e7-6354-4c1e-a781-6be287e270a3&fields=id&fields=name HTTP/1.1" status: 200 len: 262 time: 0.0393054
2020-12-02 18:03:13.384 22 INFO neutron.wsgi [req-8f342ff5-0174-4332-8ab8-9b55f5f0509d 0da1bc1a3acc45d0aca57e504c04ea17 63be5b4f4d784088b73cd36e6114f00e - default default] 10.31.10.2,10.31.10.1 "GET /v2.0/ports?device_id=29b67211-b17a-4024-a9e8-9834df41bfd1 HTTP/1.1" status: 200 len: 1357 time: 0.0991681
2020-12-02 18:03:13.903 22 INFO neutron.wsgi [req-054ef9de-f5cd-4d27-9c2c-70e961ae6285 0da1bc1a3acc45d0aca57e504c04ea17 63be5b4f4d784088b73cd36e6114f00e - default default] 192.168.208.187,10.31.10.1 "GET /v2.0/ports/67668472-8311-4977-866c-87b558fddfb4 HTTP/1.1" status: 200 len: 1217 time: 0.0729153
2020-12-02 18:03:14.054 24 INFO neutron.wsgi [req-664ab23c-dbd3-4ef2-b37b-4fd5c2d1e9c6 0da1bc1a3acc45d0aca57e504c04ea17 63be5b4f4d784088b73cd36e6114f00e - default default] 10.31.10.20,10.31.10.1 "GET /v2.0/security-groups?id=b92ca6e7-6354-4c1e-a781-6be287e270a3&fields=id&fields=name HTTP/1.1" status: 200 len: 262 time: 0.0392685
2020-12-02 18:03:14.664 21 INFO neutron.wsgi [req-0b7e9ffc-f541-4cd5-8640-1c4d6c8603f6 0da1bc1a3acc45d0aca57e504c04ea17 63be5b4f4d784088b73cd36e6114f00e - default default] 192.168.208.187,10.31.10.1 "GET /v2.0/networks?name=test-net-24&status=ACTIVE HTTP/1.1" status: 200 len: 883 time: 0.1545038
2020-12-02 18:03:14.860 23 INFO neutron.wsgi [req-9d189115-207a-4904-817a-248ee2ec57b5 0da1bc1a3acc45d0aca57e504c04ea17 63be5b4f4d784088b73cd36e6114f00e - default default] 10.31.10.20,10.31.10.1 "GET /v2.0/ports?device_id=e1081f97-129f-4030-af18-136d0cfcf27a HTTP/1.1" status: 200 len: 1350 time: 0.0676465
2020-12-02 18:03:14.900 23 INFO neutron.wsgi [req-24791a76-2fe6-49b0-b71a-3da2e1ee8219 0da1bc1a3acc45d0aca57e504c04ea17 63be5b4f4d784088b73cd36e6114f00e - default default] 10.31.10.20,10.31.10.1 "GET /v2.0/security-groups?id=b92ca6e7-6354-4c1e-a781-6be287e270a3&fields=id&fields=name HTTP/1.1" status: 200 len: 262 time: 0.0358465
2020-12-02 18:03:15.170 21 INFO neutron.wsgi [req-64d6cec7-bfdc-4582-91d1-e8615c3c8fbc 0da1bc1a3acc45d0aca57e504c04ea17 63be5b4f4d784088b73cd36e6114f00e - default default] 10.31.10.2,10.31.10.1 "GET /v2.0/security-groups?id=b92ca6e7-6354-4c1e-a781-6be287e270a3&fields=id&fields=name HTTP/1.1" status: 200 len: 262 time: 0.2326317
2020-12-02 18:03:15.190 25 INFO neutron.wsgi [req-54761cb5-a4b7-4eb6-99ea-01595de4e20e 851af1939a9b4ff8808a741857d37b46 761947fab1374992bf04ee79f6b6b929 - default default] 10.31.10.3,10.31.10.1 "GET /v2.0/security-groups?id=b92ca6e7-6354-4c1e-a781-6be287e270a3&fields=id&fields=name HTTP/1.1" status: 200 len: 262 time: 0.0416830
2020-12-02 18:03:15.471 23 INFO neutron.wsgi [req-a389333c-c737-4e1c-930c-a96167c942b7 0da1bc1a3acc45d0aca57e504c04ea17 63be5b4f4d784088b73cd36e6114f00e - default default] 10.31.10.20,10.31.10.1 "GET /v2.0/security-groups?id=b92ca6e7-6354-4c1e-a781-6be287e270a3&fields=id&fields=name HTTP/1.1" status: 200 len: 262 time: 0.0411081
2020-12-02 18:03:15.699 21 INFO neutron.wsgi [req-7e12d485-8548-4317-bae4-102506bb9233 851af1939a9b4ff8808a741857d37b46 761947fab1374992bf04ee79f6b6b929 - default default] 10.31.10.3,10.31.10.1 "GET /v2.0/networks/2e845fbb-dfe1-4359-8164-d3294642e834?fields=provider%3Aphysical_network&fields=provider%3Anetwork_type HTTP/1.1" status: 200 len: 252 time: 0.1226854
2020-12-02 18:03:15.733 24 INFO neutron.wsgi [req-23aaa118-fb7d-4346-9a80-02d9c84478f0 0da1bc1a3acc45d0aca57e504c04ea17 63be5b4f4d784088b73cd36e6114f00e - default default] 10.31.10.3,10.31.10.1 "GET /v2.0/ports?tenant_id=63be5b4f4d784088b73cd36e6114f00e&fields=id HTTP/1.1" status: 200 len: 21716 time: 0.6790407
2020-12-02 18:03:16.016 24 INFO neutron.wsgi [req-9deab878-a55c-4cfb-b638-f842c8b7c565 851af1939a9b4ff8808a741857d37b46 761947fab1374992bf04ee79f6b6b929 - default default] 10.31.10.3,10.31.10.1 "GET /v2.0/networks/c69144cf-b73d-4176-9745-73aef6c11cc6?fields=provider%3Aphysical_network&fields=provider%3Anetwork_type HTTP/1.1" status: 200 len: 252 time: 0.1266248
2020-12-02 18:03:17.552 21 INFO neutron.wsgi [req-b708b47b-e203-4704-bbf7-7d1ad98c8ed6 0da1bc1a3acc45d0aca57e504c04ea17 63be5b4f4d784088b73cd36e6114f00e - default default] 10.31.10.2,10.31.10.1 "GET /v2.0/ports?device_id=f48a2b29-ebab-4cb1-98f5-63e3db7dd14e HTTP/1.1" status: 200 len: 1355 time: 0.0731864
2020-12-02 18:03:17.599 21 INFO neutron.wsgi [req-140653ad-3334-4d74-a466-a275e04f1fef 0da1bc1a3acc45d0aca57e504c04ea17 63be5b4f4d784088b73cd36e6114f00e - default default] 10.31.10.2,10.31.10.1 "GET /v2.0/security-groups?id=b92ca6e7-6354-4c1e-a781-6be287e270a3&fields=id&fields=name HTTP/1.1" status: 200 len: 262 time: 0.0357215
2020-12-02 18:03:17.819 25 INFO neutron.wsgi [req-133f5568-748e-46c9-9612-627ac1d52e5e 851af1939a9b4ff8808a741857d37b46 761947fab1374992bf04ee79f6b6b929 - default default] 10.31.10.3,10.31.10.1 "GET /v2.0/floatingips?fixed_ip_address=10.31.12.213&port_id=46824667-0ee6-4cfa-b673-904fb7b96b5c HTTP/1.1" status: 200 len: 193 time: 0.0629847
2020-12-02 18:03:18.025 23 INFO neutron.wsgi [req-b9f1f72c-2829-487b-8328-ba9897eadfbe 0da1bc1a3acc45d0aca57e504c04ea17 63be5b4f4d784088b73cd36e6114f00e - default default] 10.31.10.20,10.31.10.1 "GET /v2.0/ports?device_id=f48a2b29-ebab-4cb1-98f5-63e3db7dd14e HTTP/1.1" status: 200 len: 1355 time: 0.0740268
2020-12-02 18:03:18.112 21 INFO neutron.wsgi [req-69da72cb-c220-483c-ad1f-c3e621e701af 0da1bc1a3acc45d0aca57e504c04ea17 63be5b4f4d784088b73cd36e6114f00e - default default] 10.31.10.2,10.31.10.1 "GET /v2.0/ports?device_id=da55f468-a5ac-4764-ae10-60dc9db1d416 HTTP/1.1" status: 200 len: 1355 time: 0.0782013
2020-12-02 18:03:18.130 24 INFO neutron.wsgi [req-9f258b94-f44f-4020-8d8e-f2ccf6de16f1 0da1bc1a3acc45d0aca57e504c04ea17 63be5b4f4d784088b73cd36e6114f00e - default default] 10.31.10.3,10.31.10.1 "GET /v2.0/ports?device_id=e1081f97-129f-4030-af18-136d0cfcf27a HTTP/1.1" status: 200 len: 1350 time: 0.1214907
2020-12-02 18:03:18.249 25 INFO neutron.wsgi [req-abc7319a-dd76-432f-9fe1-478600231f94 0da1bc1a3acc45d0aca57e504c04ea17 63be5b4f4d784088b73cd36e6114f00e - default default] 10.31.10.3,10.31.10.1 "GET /v2.0/ports?device_id=67737d72-9310-441e-b6e3-d5b6bce57d8b HTTP/1.1" status: 200 len: 1355 time: 0.0802274
2020-12-02 18:03:18.355 25 INFO neutron.wsgi [req-7dc34556-d546-4cc5-b740-cd3f09e28ea3 0da1bc1a3acc45d0aca57e504c04ea17 63be5b4f4d784088b73cd36e6114f00e - default default] 10.31.10.3,10.31.10.1 "GET /v2.0/ports?device_id=da55f468-a5ac-4764-ae10-60dc9db1d416 HTTP/1.1" status: 200 len: 1355 time: 0.0902250
2020-12-02 18:03:18.423 25 INFO neutron.wsgi [req-d550d4d2-1030-4b31-9f92-094d13dec3e9 0da1bc1a3acc45d0aca57e504c04ea17 63be5b4f4d784088b73cd36e6114f00e - default default] 10.31.10.3,10.31.10.1 "GET /v2.0/floatingips?port_id=c030e964-6d30-4271-b157-ad6ca8564b34&tenant_id=63be5b4f4d784088b73cd36e6114f00e HTTP/1.1" status: 200 len: 193 time: 0.0580566
2020-12-02 18:03:18.491 24 INFO neutron.wsgi [req-7f88b140-f65a-460f-9536-598da03867c1 0da1bc1a3acc45d0aca57e504c04ea17 63be5b4f4d784088b73cd36e6114f00e - default default] 10.31.10.3,10.31.10.1 "GET /v2.0/security-groups?id=b92ca6e7-6354-4c1e-a781-6be287e270a3&fields=id&fields=name HTTP/1.1" status: 200 len: 262 time: 0.3081918
2020-12-02 18:03:18.534 23 INFO neutron.wsgi [req-99411092-dbc4-43c9-b489-0a8024b661b3 0da1bc1a3acc45d0aca57e504c04ea17 63be5b4f4d784088b73cd36e6114f00e - default default] 10.31.10.3,10.31.10.1 "GET /v2.0/floatingips?port_id=a567f926-e0f3-4a3f-a046-52e0d74881aa&tenant_id=63be5b4f4d784088b73cd36e6114f00e HTTP/1.1" status: 200 len: 193 time: 0.0836551
2020-12-02 18:03:18.654 22 INFO neutron.wsgi [req-9dbe2adb-482e-4bee-a99b-28cccf7eb667 0da1bc1a3acc45d0aca57e504c04ea17 63be5b4f4d784088b73cd36e6114f00e - default default] 10.31.10.3,10.31.10.1 "GET /v2.0/ports?device_id=e1081f97-129f-4030-af18-136d0cfcf27a HTTP/1.1" status: 200 len: 1350 time: 0.0723009
2020-12-02 18:03:19.124 25 INFO neutron.wsgi [req-8b48d3b6-4e25-4000-818b-f862ce26809e 0da1bc1a3acc45d0aca57e504c04ea17 63be5b4f4d784088b73cd36e6114f00e - default default] 10.31.10.3,10.31.10.1 "GET /v2.0/ports?tenant_id=63be5b4f4d784088b73cd36e6114f00e HTTP/1.1" status: 200 len: 538884 time: 0.6952627
2020-12-02 18:03:19.214 21 INFO neutron.wsgi [req-2a11849e-2d49-4148-82d7-2bd0ce2eb3e7 0da1bc1a3acc45d0aca57e504c04ea17 63be5b4f4d784088b73cd36e6114f00e - default default] 10.31.10.3,10.31.10.1 "GET /v2.0/networks?id=984f8747-5ff8-4e4f-8563-396e7d3e19f3 HTTP/1.1" status: 200 len: 884 time: 0.1283982
2020-12-02 18:03:19.275 23 INFO neutron.wsgi [-] 10.31.10.1 "GET / HTTP/1.1" status: 200 len: 228 time: 0.0058107
2020-12-02 18:03:19.459 23 INFO neutron.wsgi [req-7894b3ae-38af-4b81-ad4d-fdeb015bdc82 0da1bc1a3acc45d0aca57e504c04ea17 63be5b4f4d784088b73cd36e6114f00e - default default] 10.31.10.3,10.31.10.1 "GET /v2.0/networks?id=9c2436a3-807d-4e6b-936d-05dee0227bb5 HTTP/1.1" status: 200 len: 884 time: 0.1202688
2020-12-02 18:03:19.552 21 INFO neutron.wsgi [req-24f88b63-612d-4156-9042-d044d4b0715a 0da1bc1a3acc45d0aca57e504c04ea17 63be5b4f4d784088b73cd36e6114f00e - default default] 10.31.10.3,10.31.10.1 "GET /v2.0/subnets HTTP/1.1" status: 200 len: 127848 time: 0.3325331
2020-12-02 18:03:19.745 21 INFO neutron.wsgi [req-674408c2-1883-44df-b36d-28c6211f099a 0da1bc1a3acc45d0aca57e504c04ea17 63be5b4f4d784088b73cd36e6114f00e - default default] 10.31.10.2,10.31.10.1 "GET /v2.0/security-groups?id=b92ca6e7-6354-4c1e-a781-6be287e270a3&fields=id&fields=name HTTP/1.1" status: 200 len: 262 time: 0.0392034
2020-12-02 18:03:19.863 24 INFO neutron.wsgi [req-03615ca1-9122-4b11-84f0-a9675436807f 0da1bc1a3acc45d0aca57e504c04ea17 63be5b4f4d784088b73cd36e6114f00e - default default] 10.31.10.3,10.31.10.1 "GET /v2.0/subnets HTTP/1.1" status: 200 len: 127848 time: 0.3897555
2020-12-02 18:03:19.876 24 INFO neutron.wsgi [req-e0d48593-74cc-471f-ab64-1a88f0bd8a60 0da1bc1a3acc45d0aca57e504c04ea17 63be5b4f4d784088b73cd36e6114f00e - default default] 192.168.208.187,10.31.10.1 "PUT /v2.0/routers/80296c9f-ecf3-4a46-afbe-608cef76959d/add_router_interface HTTP/1.1" status: 200 len: 484 time: 3.8501153
2020-12-02 18:03:20.093 26 INFO neutron.db.l3_db [req-aaaf7e34-23b7-4279-8bf5-ac8faeddc8ed - - - - -] Skipping port 29b896e7-bfe3-44ff-a673-0d00bb409129 as no IP is configure on it
2020-12-02 18:03:20.093 26 INFO neutron.db.l3_db [req-aaaf7e34-23b7-4279-8bf5-ac8faeddc8ed - - - - -] Skipping port 29b896e7-bfe3-44ff-a673-0d00bb409129 as no IP is configure on it
2020-12-02 18:03:20.231 24 INFO neutron.wsgi [req-025e8d80-43d9-4e65-9371-b305f50353ed 0da1bc1a3acc45d0aca57e504c04ea17 63be5b4f4d784088b73cd36e6114f00e - default default] 10.31.10.3,10.31.10.1 "GET /v2.0/security-groups?id=b92ca6e7-6354-4c1e-a781-6be287e270a3&fields=id&fields=name HTTP/1.1" status: 200 len: 262 time: 0.0524037
2020-12-02 18:03:20.433 23 INFO neutron.wsgi [req-24ed70f3-d13a-4088-89fc-d9792edb001c 851af1939a9b4ff8808a741857d37b46 761947fab1374992bf04ee79f6b6b929 - default default] 10.31.10.20,10.31.10.1 "GET /v2.0/floatingips?fixed_ip_address=192.168.45.248&port_id=8be03482-1eb3-4b72-a2ee-473b1c345e64 HTTP/1.1" status: 200 len: 193 time: 0.0573118
2020-12-02 18:03:20.504 23 INFO neutron.wsgi [req-1673ddcb-ea42-4719-8e67-d103aa79d6a1 851af1939a9b4ff8808a741857d37b46 761947fab1374992bf04ee79f6b6b929 - default default] 10.31.10.20,10.31.10.1 "GET /v2.0/subnets?id=976c7483-c6a3-453e-aeaf-87dcdfd1e1cd HTTP/1.1" status: 200 len: 812 time: 0.0603220
2020-12-02 18:03:20.565 22 INFO neutron.wsgi [req-99f23177-6aed-4eb8-b444-4e40fa179493 0da1bc1a3acc45d0aca57e504c04ea17 63be5b4f4d784088b73cd36e6114f00e - default default] 10.31.10.3,10.31.10.1 "GET /v2.0/floatingips?port_id=3952a039-7398-4348-bbfa-dab429fe86ec&tenant_id=63be5b4f4d784088b73cd36e6114f00e HTTP/1.1" status: 200 len: 193 time: 0.0644574
2020-12-02 18:03:20.627 22 INFO neutron.wsgi [req-85c1b5ad-cbba-4c30-9fb8-b50eeaf5fc55 0da1bc1a3acc45d0aca57e504c04ea17 63be5b4f4d784088b73cd36e6114f00e - default default] 10.31.10.3,10.31.10.1 "GET /v2.0/ports?device_id=cc2d093a-f592-4e52-a4c7-87ec5dc560b4 HTTP/1.1" status: 200 len: 186 time: 0.0403986
2020-12-02 18:03:20.690 22 INFO neutron.wsgi [req-a3f57d8b-0bff-41d5-9545-8cf99c30ac13 0da1bc1a3acc45d0aca57e504c04ea17 63be5b4f4d784088b73cd36e6114f00e - default default] 10.31.10.3,10.31.10.1 "GET /v2.0/floatingips?tenant_id=63be5b4f4d784088b73cd36e6114f00e HTTP/1.1" status: 200 len: 193 time: 0.0557263
2020-12-02 18:03:21.262 26 INFO neutron.db.l3_db [req-aaaf7e34-23b7-4279-8bf5-ac8faeddc8ed - - - - -] Skipping port 29b896e7-bfe3-44ff-a673-0d00bb409129 as no IP is configure on it
2020-12-02 18:03:21.263 26 INFO neutron.db.l3_db [req-aaaf7e34-23b7-4279-8bf5-ac8faeddc8ed - - - - -] Skipping port 29b896e7-bfe3-44ff-a673-0d00bb409129 as no IP is configure on it
2020-12-02 18:03:21.298 22 INFO neutron.wsgi [req-68c935ed-7504-481d-a6b2-c8ffafa8a313 851af1939a9b4ff8808a741857d37b46 761947fab1374992bf04ee79f6b6b929 - default default] 10.31.10.20,10.31.10.1 "GET /v2.0/ports?tenant_id=63be5b4f4d784088b73cd36e6114f00e&device_id=5bb0dc7b-9269-4d3d-92e9-0f8d6acfc7d5 HTTP/1.1" status: 200 len: 1350 time: 0.0712023
2020-12-02 18:03:21.378 27 INFO neutron.db.l3_db [req-4bd9d548-e4f5-416c-be32-6bff560953a6 - - - - -] Skipping port 80364ba4-bc22-4228-8805-e58395173db0 as no IP is configure on it
2020-12-02 18:03:21.379 27 INFO neutron.db.l3_db [req-4bd9d548-e4f5-416c-be32-6bff560953a6 - - - - -] Skipping port 80364ba4-bc22-4228-8805-e58395173db0 as no IP is configure on it
2020-12-02 18:03:21.445 25 INFO neutron.wsgi [req-dc16e421-20df-48dd-898d-d67ca583aa7f 851af1939a9b4ff8808a741857d37b46 761947fab1374992bf04ee79f6b6b929 - default default] 10.31.10.20,10.31.10.1 "GET /v2.0/subnets?id=ff7a5d1e-cc73-4675-8e1a-13f2566ee234 HTTP/1.1" status: 200 len: 812 time: 0.0595264
2020-12-02 18:03:21.550 24 INFO neutron.wsgi [req-8e367f5d-20f8-45c4-b18f-1f61f141bf06 0da1bc1a3acc45d0aca57e504c04ea17 63be5b4f4d784088b73cd36e6114f00e - default default] 10.31.10.3,10.31.10.1 "GET /v2.0/ports?tenant_id=63be5b4f4d784088b73cd36e6114f00e HTTP/1.1" status: 200 len: 540071 time: 0.7756143
2020-12-02 18:03:21.999 22 INFO neutron.wsgi [req-3e66f871-87e9-48ad-a701-7f74d69b21ae 851af1939a9b4ff8808a741857d37b46 761947fab1374992bf04ee79f6b6b929 - default default] 10.31.10.20,10.31.10.1 "GET /v2.0/ports?tenant_id=63be5b4f4d784088b73cd36e6114f00e&device_id=5bb0dc7b-9269-4d3d-92e9-0f8d6acfc7d5 HTTP/1.1" status: 200 len: 1350 time: 0.0711687
2020-12-02 18:03:22.063 21 INFO neutron.wsgi [req-6d742f62-1003-4221-bf41-3ba615406faa 0da1bc1a3acc45d0aca57e504c04ea17 63be5b4f4d784088b73cd36e6114f00e - default default] 10.31.10.3,10.31.10.1 "GET /v2.0/networks HTTP/1.1" status: 200 len: 142600 time: 0.5417094
2020-12-02 18:03:22.137 23 INFO neutron.wsgi [req-1ca50d85-1711-4e00-ace3-dfdf2f13c584 0da1bc1a3acc45d0aca57e504c04ea17 63be5b4f4d784088b73cd36e6114f00e - default default] 10.31.10.3,10.31.10.1 "GET /v2.0/subnets HTTP/1.1" status: 200 len: 127848 time: 0.5663121
2020-12-02 18:03:22.158 24 INFO neutron.wsgi [req-87580dfd-498d-4a3a-8462-9d01d086e5a4 0da1bc1a3acc45d0aca57e504c04ea17 63be5b4f4d784088b73cd36e6114f00e - default default] 10.31.10.3,10.31.10.1 "GET /v2.0/subnets HTTP/1.1" status: 200 len: 127848 time: 0.3715851
2020-12-02 18:03:22.166 24 INFO neutron.wsgi [req-90f35f66-0f92-4dac-b30f-b5806e258c90 0da1bc1a3acc45d0aca57e504c04ea17 63be5b4f4d784088b73cd36e6114f00e - default default] 10.31.10.2,10.31.10.1 "GET /v2.0/ports?device_id=d3090d59-ea70-4208-a5ab-306d217f0db4 HTTP/1.1" status: 200 len: 1355 time: 0.4906125
2020-12-02 18:03:22.217 24 INFO neutron.wsgi [req-21e08d41-8485-42c7-ad5e-798781d22584 0da1bc1a3acc45d0aca57e504c04ea17 63be5b4f4d784088b73cd36e6114f00e - default default] 10.31.10.2,10.31.10.1 "GET /v2.0/security-groups?id=b92ca6e7-6354-4c1e-a781-6be287e270a3&fields=id&fields=name HTTP/1.1" status: 200 len: 262 time: 0.0422456
2020-12-02 18:03:22.335 22 INFO neutron.wsgi [req-bc9dcf25-ac07-427a-a19e-da343c84caa4 851af1939a9b4ff8808a741857d37b46 761947fab1374992bf04ee79f6b6b929 - default default] 10.31.10.20,10.31.10.1 "GET /v2.0/subnets?id=ff7a5d1e-cc73-4675-8e1a-13f2566ee234 HTTP/1.1" status: 200 len: 812 time: 0.0628407
2020-12-02 18:03:22.600 27 INFO neutron.db.l3_db [req-4bd9d548-e4f5-416c-be32-6bff560953a6 - - - - -] Skipping port 80364ba4-bc22-4228-8805-e58395173db0 as no IP is configure on it
2020-12-02 18:03:22.601 27 INFO neutron.db.l3_db [req-4bd9d548-e4f5-416c-be32-6bff560953a6 - - - - -] Skipping port 80364ba4-bc22-4228-8805-e58395173db0 as no IP is configure on it
2020-12-02 18:03:22.604 21 INFO neutron.wsgi [req-b6bc8d26-a13c-48d3-9c29-c7f1c6b0bdb9 0da1bc1a3acc45d0aca57e504c04ea17 63be5b4f4d784088b73cd36e6114f00e - default default] 10.31.10.3,10.31.10.1 "GET /v2.0/subnets HTTP/1.1" status: 200 len: 127848 time: 0.5173953
2020-12-02 18:03:22.702 22 INFO neutron.wsgi [req-367fc558-7431-4ea2-801e-3a4bc808c1f8 851af1939a9b4ff8808a741857d37b46 761947fab1374992bf04ee79f6b6b929 - default default] 10.31.10.20,10.31.10.1 "GET /v2.0/networks/c69144cf-b73d-4176-9745-73aef6c11cc6?fields=provider%3Aphysical_network&fields=provider%3Anetwork_type HTTP/1.1" status: 200 len: 252 time: 0.1287723
2020-12-02 18:03:25.190 25 INFO neutron.wsgi [req-732dc247-eace-484f-988f-2d5c680fd897 0da1bc1a3acc45d0aca57e504c04ea17 63be5b4f4d784088b73cd36e6114f00e - default default] 192.168.208.187,10.31.10.1 "GET /v2.0/ports/749716ad-d6a7-4449-8311-588bc02fa959 HTTP/1.1" status: 200 len: 1217 time: 0.0684049
2020-12-02 18:03:25.974 24 INFO neutron.wsgi [req-29767a81-ca95-4fa4-93a3-2da306220a73 0da1bc1a3acc45d0aca57e504c04ea17 63be5b4f4d784088b73cd36e6114f00e - default default] 192.168.208.187,10.31.10.1 "GET /v2.0/ports/b08ea9c6-093b-495e-8c59-a6d750dbbb5b HTTP/1.1" status: 200 len: 1213 time: 0.0565035
2020-12-02 18:03:26.133 23 INFO neutron.wsgi [req-5f8677a1-83e1-4a5a-bfa1-29254f13401f 0da1bc1a3acc45d0aca57e504c04ea17 63be5b4f4d784088b73cd36e6114f00e - default default] 10.31.10.2,10.31.10.1 "GET /v2.0/security-groups?id=b92ca6e7-6354-4c1e-a781-6be287e270a3&fields=id&fields=name HTTP/1.1" status: 200 len: 262 time: 0.0500531
2020-12-02 18:03:27.900 22 INFO neutron.wsgi [req-e3a4c55f-97ea-450a-b628-efffc1e0cf0c 0da1bc1a3acc45d0aca57e504c04ea17 63be5b4f4d784088b73cd36e6114f00e - default default] 10.31.10.20,10.31.10.1 "GET /v2.0/ports?device_id=f48a2b29-ebab-4cb1-98f5-63e3db7dd14e HTTP/1.1" status: 200 len: 1355 time: 0.1140718
2020-12-02 18:03:28.348 24 INFO neutron.wsgi [req-af383113-a968-4472-84cf-b8953435d8b2 0da1bc1a3acc45d0aca57e504c04ea17 63be5b4f4d784088b73cd36e6114f00e - default default] 10.31.10.3,10.31.10.1 "GET /v2.0/ports?device_id=2b085d28-02db-4194-8d15-3bbfd392d10b HTTP/1.1" status: 200 len: 1355 time: 0.0676777
2020-12-02 18:03:28.374 21 INFO neutron.wsgi [req-7ef20bce-500d-4ddc-9647-cb882bd2b6ca 0da1bc1a3acc45d0aca57e504c04ea17 63be5b4f4d784088b73cd36e6114f00e - default default] 10.31.10.20,10.31.10.1 "GET /v2.0/ports?device_id=f48a2b29-ebab-4cb1-98f5-63e3db7dd14e HTTP/1.1" status: 200 len: 1355 time: 0.0763884
2020-12-02 18:03:28.410 24 INFO neutron.wsgi [req-de302f3b-1ffb-4c68-b755-0097475bb66e 0da1bc1a3acc45d0aca57e504c04ea17 63be5b4f4d784088b73cd36e6114f00e - default default] 10.31.10.2,10.31.10.1 "GET /v2.0/security-groups?id=b92ca6e7-6354-4c1e-a781-6be287e270a3&fields=id&fields=name HTTP/1.1" status: 200 len: 262 time: 0.0435336
2020-12-02 18:03:28.572 23 INFO neutron.wsgi [req-144d0504-5c7d-4f96-a802-5fa1cc2e7687 0da1bc1a3acc45d0aca57e504c04ea17 63be5b4f4d784088b73cd36e6114f00e - default default] 10.31.10.3,10.31.10.1 "GET /v2.0/ports?device_id=2b085d28-02db-4194-8d15-3bbfd392d10b HTTP/1.1" status: 200 len: 1355 time: 0.0718930
2020-12-02 18:03:28.583 24 INFO neutron.wsgi [req-1532cef9-4732-4a89-be77-36de869325df 0da1bc1a3acc45d0aca57e504c04ea17 63be5b4f4d784088b73cd36e6114f00e - default default] 10.31.10.3,10.31.10.1 "GET /v2.0/ports?device_id=f48a2b29-ebab-4cb1-98f5-63e3db7dd14e HTTP/1.1" status: 200 len: 1355 time: 0.0679395
2020-12-02 18:03:28.634 23 INFO neutron.wsgi [req-e60bc232-271f-4272-b69b-7c58199c697a 0da1bc1a3acc45d0aca57e504c04ea17 63be5b4f4d784088b73cd36e6114f00e - default default] 10.31.10.3,10.31.10.1 "GET /v2.0/floatingips?port_id=03e99727-4e00-4b01-96f7-3cc3597d5c85&tenant_id=63be5b4f4d784088b73cd36e6114f00e HTTP/1.1" status: 200 len: 193 time: 0.0504577
2020-12-02 18:03:29.189 23 INFO neutron.wsgi [req-1e4b91c0-5563-411a-babc-58f280be3f4f 0da1bc1a3acc45d0aca57e504c04ea17 63be5b4f4d784088b73cd36e6114f00e - default default] 10.31.10.3,10.31.10.1 "GET /v2.0/ports?tenant_id=63be5b4f4d784088b73cd36e6114f00e HTTP/1.1" status: 200 len: 542241 time: 0.5454974
2020-12-02 18:03:29.223 26 INFO neutron.db.l3_db [req-5923ab24-a076-4a15-9cf3-f196442d6635 - - - - -] Skipping port ef195f39-670b-4cf6-bcd2-f987f0414d8f as no IP is configure on it
2020-12-02 18:03:29.224 26 INFO neutron.db.l3_db [req-5923ab24-a076-4a15-9cf3-f196442d6635 - - - - -] Skipping port ef195f39-670b-4cf6-bcd2-f987f0414d8f as no IP is configure on it
2020-12-02 18:03:29.388 25 INFO neutron.wsgi [req-b719edef-b415-4daf-abe5-7a488c079e77 0da1bc1a3acc45d0aca57e504c04ea17 63be5b4f4d784088b73cd36e6114f00e - default default] 10.31.10.3,10.31.10.1 "GET /v2.0/networks?id=9c2436a3-807d-4e6b-936d-05dee0227bb5 HTTP/1.1" status: 200 len: 884 time: 0.1294072
2020-12-02 18:03:29.407 24 INFO neutron.wsgi [req-ec7f74b6-cfb7-4494-9ff0-d7d1911c5122 0da1bc1a3acc45d0aca57e504c04ea17 63be5b4f4d784088b73cd36e6114f00e - default default] 10.31.10.3,10.31.10.1 "GET /v2.0/ports?tenant_id=63be5b4f4d784088b73cd36e6114f00e HTTP/1.1" status: 200 len: 542241 time: 0.7224290
2020-12-02 18:03:29.590 23 INFO neutron.wsgi [req-21b5d8bf-ff8f-443f-a877-13072c493ce5 0da1bc1a3acc45d0aca57e504c04ea17 63be5b4f4d784088b73cd36e6114f00e - default default] 10.31.10.3,10.31.10.1 "GET /v2.0/networks?id=984f8747-5ff8-4e4f-8563-396e7d3e19f3 HTTP/1.1" status: 200 len: 884 time: 0.2075493
2020-12-02 18:03:29.611 23 INFO neutron.wsgi [req-b0549090-af30-422f-90a8-d96d71ba16af 0da1bc1a3acc45d0aca57e504c04ea17 63be5b4f4d784088b73cd36e6114f00e - default default] 10.31.10.3,10.31.10.1 "GET /v2.0/networks?id=f839ed77-cf00-4a3e-8edd-caabc01c4580 HTTP/1.1" status: 200 len: 883 time: 0.1567369
2020-12-02 18:03:30.021 22 INFO neutron.wsgi [req-4e4307c2-4654-471d-b0f6-43896b57f13a 0da1bc1a3acc45d0aca57e504c04ea17 63be5b4f4d784088b73cd36e6114f00e - default default] 10.31.10.3,10.31.10.1 "GET /v2.0/subnets HTTP/1.1" status: 200 len: 127848 time: 0.4300559
2020-12-02 18:03:30.156 23 INFO neutron.wsgi [req-d1d86450-4cf4-49b9-85a8-c864cf89409c 0da1bc1a3acc45d0aca57e504c04ea17 63be5b4f4d784088b73cd36e6114f00e - default default] 10.31.10.3,10.31.10.1 "GET /v2.0/subnets HTTP/1.1" status: 200 len: 127848 time: 0.5350006
2020-12-02 18:03:30.176 21 INFO neutron.wsgi [req-0c6325a4-bfac-41b0-8e19-767899923c3d 0da1bc1a3acc45d0aca57e504c04ea17 63be5b4f4d784088b73cd36e6114f00e - default default] 10.31.10.20,10.31.10.1 "GET /v2.0/security-groups?id=b92ca6e7-6354-4c1e-a781-6be287e270a3&fields=id&fields=name HTTP/1.1" status: 200 len: 262 time: 0.0635591
2020-12-02 18:03:30.181 22 INFO neutron.wsgi [req-506008b3-1209-444b-929d-5aaf160a3585 0da1bc1a3acc45d0aca57e504c04ea17 63be5b4f4d784088b73cd36e6114f00e - default default] 192.168.208.187,10.31.10.1 "PUT /v2.0/routers/fe7a8589-46d7-4a46-9f8e-c871b8caa14d/add_router_interface HTTP/1.1" status: 200 len: 484 time: 3.7729006
2020-12-02 18:03:30.547 26 INFO neutron.db.l3_db [req-5923ab24-a076-4a15-9cf3-f196442d6635 - - - - -] Skipping port ef195f39-670b-4cf6-bcd2-f987f0414d8f as no IP is configure on it
2020-12-02 18:03:30.548 26 INFO neutron.db.l3_db [req-5923ab24-a076-4a15-9cf3-f196442d6635 - - - - -] Skipping port ef195f39-670b-4cf6-bcd2-f987f0414d8f as no IP is configure on it
2020-12-02 18:03:30.583 24 INFO neutron.wsgi [req-37c14c96-bfdc-4130-ac7f-1bd853d81645 0da1bc1a3acc45d0aca57e504c04ea17 63be5b4f4d784088b73cd36e6114f00e - default default] 10.31.10.3,10.31.10.1 "GET /v2.0/ports?device_id=da55f468-a5ac-4764-ae10-60dc9db1d416 HTTP/1.1" status: 200 len: 1355 time: 0.0788093
2020-12-02 18:03:30.667 24 INFO neutron.wsgi [req-21e94d8f-f3e1-44b8-ac9c-7e9bb6e2c011 0da1bc1a3acc45d0aca57e504c04ea17 63be5b4f4d784088b73cd36e6114f00e - default default] 10.31.10.3,10.31.10.1 "GET /v2.0/floatingips?port_id=ae7c56ce-7cbc-4b17-a4d4-d313489447dd&tenant_id=63be5b4f4d784088b73cd36e6114f00e HTTP/1.1" status: 200 len: 193 time: 0.0596244
2020-12-02 18:03:31.154 27 INFO neutron.db.l3_db [req-82b7ce8c-628e-4245-805a-d8f35cf50f86 - - - - -] Skipping port 8db0faa1-2a32-4336-88ba-bb492f830328 as no IP is configure on it
2020-12-02 18:03:31.154 27 INFO neutron.db.l3_db [req-82b7ce8c-628e-4245-805a-d8f35cf50f86 - - - - -] Skipping port 8db0faa1-2a32-4336-88ba-bb492f830328 as no IP is configure on it
2020-12-02 18:03:31.962 23 INFO neutron.wsgi [req-9a308d28-7a9c-4ef6-8e90-bda1437b32c9 0da1bc1a3acc45d0aca57e504c04ea17 63be5b4f4d784088b73cd36e6114f00e - default default] 10.31.10.3,10.31.10.1 "GET /v2.0/subnets HTTP/1.1" status: 200 len: 127848 time: 0.3629193
2020-12-02 18:03:32.510 23 INFO neutron.wsgi [req-7c4bd156-9c69-4b35-8969-9f1a4d74a754 0da1bc1a3acc45d0aca57e504c04ea17 63be5b4f4d784088b73cd36e6114f00e - default default] 10.31.10.3,10.31.10.1 "GET /v2.0/security-groups?id=b92ca6e7-6354-4c1e-a781-6be287e270a3&fields=id&fields=name HTTP/1.1" status: 200 len: 262 time: 0.0495129
2020-12-02 18:03:32.931 27 INFO neutron.db.l3_db [req-82b7ce8c-628e-4245-805a-d8f35cf50f86 - - - - -] Skipping port 8db0faa1-2a32-4336-88ba-bb492f830328 as no IP is configure on it
2020-12-02 18:03:32.932 27 INFO neutron.db.l3_db [req-82b7ce8c-628e-4245-805a-d8f35cf50f86 - - - - -] Skipping port 8db0faa1-2a32-4336-88ba-bb492f830328 as no IP is configure on it
2020-12-02 18:03:33.835 23 INFO neutron.wsgi [req-dae00f5e-cc01-4de6-800d-be8784336400 0da1bc1a3acc45d0aca57e504c04ea17 63be5b4f4d784088b73cd36e6114f00e - default default] 10.31.10.2,10.31.10.1 "GET /v2.0/ports?tenant_id=63be5b4f4d784088b73cd36e6114f00e HTTP/1.1" status: 200 len: 542244 time: 0.7176461
2020-12-02 18:03:34.619 27 INFO neutron.notifiers.nova [-] Nova event response: {'server_uuid': '651875bd-848c-40d2-8c9c-62f231e9c1a9', 'name': 'network-vif-plugged', 'status': 'completed', 'tag': '8be03482-1eb3-4b72-a2ee-473b1c345e64', 'code': 200}
2020-12-02 18:03:35.503 22 INFO neutron.wsgi [req-785d5ba0-c137-49b0-b766-3d35d7338f06 0da1bc1a3acc45d0aca57e504c04ea17 63be5b4f4d784088b73cd36e6114f00e - default default] 10.31.10.3,10.31.10.1 "GET /v2.0/ports?device_id=e1081f97-129f-4030-af18-136d0cfcf27a HTTP/1.1" status: 200 len: 1350 time: 0.1008625
2020-12-02 18:03:35.719 22 INFO neutron.wsgi [req-178793bb-cc3b-4de0-9c88-0acef3e687b1 0da1bc1a3acc45d0aca57e504c04ea17 63be5b4f4d784088b73cd36e6114f00e - default default] 10.31.10.20,10.31.10.1 "GET /v2.0/security-groups?id=b92ca6e7-6354-4c1e-a781-6be287e270a3&fields=id&fields=name HTTP/1.1" status: 200 len: 262 time: 0.0411527
2020-12-02 18:03:35.982 22 INFO neutron.wsgi [req-aaebadef-87ee-4fa0-9e76-a07cb69419c7 0da1bc1a3acc45d0aca57e504c04ea17 63be5b4f4d784088b73cd36e6114f00e - default default] 10.31.10.3,10.31.10.1 "GET /v2.0/ports?device_id=5bb0dc7b-9269-4d3d-92e9-0f8d6acfc7d5 HTTP/1.1" status: 200 len: 1350 time: 0.0779440
2020-12-02 18:03:36.339 21 INFO neutron.wsgi [req-6edf53ad-b454-4f4e-9499-0628ffe3fe8a 0da1bc1a3acc45d0aca57e504c04ea17 63be5b4f4d784088b73cd36e6114f00e - default default] 10.31.10.20,10.31.10.1 "GET /v2.0/ports?device_id=651875bd-848c-40d2-8c9c-62f231e9c1a9 HTTP/1.1" status: 200 len: 1352 time: 0.0737290
2020-12-02 18:03:37.245 24 INFO neutron.wsgi [req-ccf10049-43b2-4b04-893c-cf3ed975fb2a 851af1939a9b4ff8808a741857d37b46 761947fab1374992bf04ee79f6b6b929 - default default] 10.31.10.2,10.31.10.1 "GET /v2.0/ports?device_id=651875bd-848c-40d2-8c9c-62f231e9c1a9 HTTP/1.1" status: 200 len: 1352 time: 0.2093120
2020-12-02 18:03:37.388 22 INFO neutron.wsgi [req-4d4a5384-3765-4fde-a53a-9b5f8a326c4a 0da1bc1a3acc45d0aca57e504c04ea17 63be5b4f4d784088b73cd36e6114f00e - default default] 10.31.10.3,10.31.10.1 "GET /v2.0/security-groups?id=b92ca6e7-6354-4c1e-a781-6be287e270a3&fields=id&fields=name HTTP/1.1" status: 200 len: 262 time: 0.0466266
2020-12-02 18:03:37.931 24 INFO neutron.wsgi [req-607c2829-93a3-4076-97f6-4252cb47d413 0da1bc1a3acc45d0aca57e504c04ea17 63be5b4f4d784088b73cd36e6114f00e - default default] 192.168.208.187,10.31.10.1 "PUT /v2.0/routers/ab2054d3-e278-447e-836d-493528747a60/add_router_interface HTTP/1.1" status: 200 len: 484 time: 3.5691292
2020-12-02 18:03:38.243 25 INFO neutron.wsgi [req-19911425-6932-4ed3-8497-2c794a33bed4 0da1bc1a3acc45d0aca57e504c04ea17 63be5b4f4d784088b73cd36e6114f00e - default default] 10.31.10.2,10.31.10.1 "GET /v2.0/security-groups?id=b92ca6e7-6354-4c1e-a781-6be287e270a3&fields=id&fields=name HTTP/1.1" status: 200 len: 262 time: 0.0500195
2020-12-02 18:03:38.414 26 INFO neutron.db.l3_db [req-7230b098-dccb-4097-b6e5-3a80b8d2e429 - - - - -] Skipping port c27c9d91-b257-4d5e-81a7-dd6cbaaeda41 as no IP is configure on it
2020-12-02 18:03:38.415 26 INFO neutron.db.l3_db [req-7230b098-dccb-4097-b6e5-3a80b8d2e429 - - - - -] Skipping port c27c9d91-b257-4d5e-81a7-dd6cbaaeda41 as no IP is configure on it
2020-12-02 18:03:39.805 26 INFO neutron.db.l3_db [req-7230b098-dccb-4097-b6e5-3a80b8d2e429 - - - - -] Skipping port c27c9d91-b257-4d5e-81a7-dd6cbaaeda41 as no IP is configure on it
2020-12-02 18:03:39.806 26 INFO neutron.db.l3_db [req-7230b098-dccb-4097-b6e5-3a80b8d2e429 - - - - -] Skipping port c27c9d91-b257-4d5e-81a7-dd6cbaaeda41 as no IP is configure on it
2020-12-02 18:03:39.982 27 INFO neutron.db.l3_db [req-c0b135bc-5539-469f-b3df-6ed92339557d - - - - -] Skipping port eb513b21-951c-44ae-a68f-b5c057d8f45d as no IP is configure on it
2020-12-02 18:03:39.983 27 INFO neutron.db.l3_db [req-c0b135bc-5539-469f-b3df-6ed92339557d - - - - -] Skipping port eb513b21-951c-44ae-a68f-b5c057d8f45d as no IP is configure on it
2020-12-02 18:03:40.237 25 INFO neutron.wsgi [req-12ad3c63-8bb1-42b9-b788-d82a0d05c0d1 0da1bc1a3acc45d0aca57e504c04ea17 63be5b4f4d784088b73cd36e6114f00e - default default] 10.31.10.20,10.31.10.1 "GET /v2.0/ports?device_id=e1081f97-129f-4030-af18-136d0cfcf27a HTTP/1.1" status: 200 len: 1350 time: 0.0737906
2020-12-02 18:03:40.297 22 INFO neutron.wsgi [req-caa441af-ce1f-43a9-a9ba-330831e9d82e 0da1bc1a3acc45d0aca57e504c04ea17 63be5b4f4d784088b73cd36e6114f00e - default default] 10.31.10.3,10.31.10.1 "GET /v2.0/ports?device_id=da55f468-a5ac-4764-ae10-60dc9db1d416 HTTP/1.1" status: 200 len: 1355 time: 0.0751653
2020-12-02 18:03:40.352 25 INFO neutron.wsgi [req-286b4d9b-3aa0-43cc-a3ee-5e154e54e84f 0da1bc1a3acc45d0aca57e504c04ea17 63be5b4f4d784088b73cd36e6114f00e - default default] 10.31.10.2,10.31.10.1 "GET /v2.0/ports?device_id=67737d72-9310-441e-b6e3-d5b6bce57d8b HTTP/1.1" status: 200 len: 1355 time: 0.0758593
2020-12-02 18:03:40.383 23 INFO neutron.wsgi [req-24aeb21f-4cb0-4cc7-bfb0-b6e113f291ce 0da1bc1a3acc45d0aca57e504c04ea17 63be5b4f4d784088b73cd36e6114f00e - default default] 10.31.10.3,10.31.10.1 "GET /v2.0/ports?device_id=2b085d28-02db-4194-8d15-3bbfd392d10b HTTP/1.1" status: 200 len: 1355 time: 0.0639045
2020-12-02 18:03:40.475 23 INFO neutron.wsgi [req-76f6eb79-0a80-4239-b33d-42f7732676ce 0da1bc1a3acc45d0aca57e504c04ea17 63be5b4f4d784088b73cd36e6114f00e - default default] 10.31.10.3,10.31.10.1 "GET /v2.0/ports?device_id=e1081f97-129f-4030-af18-136d0cfcf27a HTTP/1.1" status: 200 len: 1350 time: 0.0702357
2020-12-02 18:03:40.528 25 INFO neutron.wsgi [req-99ad2ff5-7cfa-48cd-a48c-cf4bdbab392a 0da1bc1a3acc45d0aca57e504c04ea17 63be5b4f4d784088b73cd36e6114f00e - default default] 10.31.10.3,10.31.10.1 "GET /v2.0/ports?device_id=da55f468-a5ac-4764-ae10-60dc9db1d416 HTTP/1.1" status: 200 len: 1355 time: 0.0644050
2020-12-02 18:03:40.582 24 INFO neutron.wsgi [req-1a8e2b3c-7981-48a1-bb40-47bc999c08aa 0da1bc1a3acc45d0aca57e504c04ea17 63be5b4f4d784088b73cd36e6114f00e - default default] 10.31.10.3,10.31.10.1 "GET /v2.0/ports?device_id=67737d72-9310-441e-b6e3-d5b6bce57d8b HTTP/1.1" status: 200 len: 1355 time: 0.0787556
2020-12-02 18:03:40.909 23 INFO neutron.wsgi [req-8a2f2e5b-83ca-4c9d-8408-f4c92f254c3e 0da1bc1a3acc45d0aca57e504c04ea17 63be5b4f4d784088b73cd36e6114f00e - default default] 10.31.10.3,10.31.10.1 "GET /v2.0/ports?device_id=da55f468-a5ac-4764-ae10-60dc9db1d416 HTTP/1.1" status: 200 len: 1355 time: 0.0845716
2020-12-02 18:03:41.124 25 INFO neutron.wsgi [req-c005f9ab-7b0d-40c1-9a82-e2b4683453ee 0da1bc1a3acc45d0aca57e504c04ea17 63be5b4f4d784088b73cd36e6114f00e - default default] 10.31.10.3,10.31.10.1 "GET /v2.0/ports?tenant_id=63be5b4f4d784088b73cd36e6114f00e HTTP/1.1" status: 200 len: 545347 time: 0.5666256
2020-12-02 18:03:41.210 24 INFO neutron.wsgi [req-51f6b3f0-9dfa-4f25-a8bd-a90dd51a8cd9 0da1bc1a3acc45d0aca57e504c04ea17 63be5b4f4d784088b73cd36e6114f00e - default default] 10.31.10.3,10.31.10.1 "GET /v2.0/ports?tenant_id=63be5b4f4d784088b73cd36e6114f00e HTTP/1.1" status: 200 len: 545347 time: 0.6233413
2020-12-02 18:03:41.599 25 INFO neutron.wsgi [req-dacb7d5d-4fa9-48d4-a51d-b7af03b4846a 0da1bc1a3acc45d0aca57e504c04ea17 63be5b4f4d784088b73cd36e6114f00e - default default] 10.31.10.3,10.31.10.1 "GET /v2.0/networks?id=f839ed77-cf00-4a3e-8edd-caabc01c4580 HTTP/1.1" status: 200 len: 883 time: 0.2762427
2020-12-02 18:03:41.820 21 INFO neutron.wsgi [req-453ca1a6-c14b-4f1e-a4f6-2d54b01610b5 0da1bc1a3acc45d0aca57e504c04ea17 63be5b4f4d784088b73cd36e6114f00e - default default] 10.31.10.3,10.31.10.1 "GET /v2.0/subnets HTTP/1.1" status: 200 len: 127848 time: 0.3988738
2020-12-02 18:03:42.005 27 INFO neutron.db.l3_db [req-c0b135bc-5539-469f-b3df-6ed92339557d - - - - -] Skipping port eb513b21-951c-44ae-a68f-b5c057d8f45d as no IP is configure on it
2020-12-02 18:03:42.006 27 INFO neutron.db.l3_db [req-c0b135bc-5539-469f-b3df-6ed92339557d - - - - -] Skipping port eb513b21-951c-44ae-a68f-b5c057d8f45d as no IP is configure on it
2020-12-02 18:03:42.141 21 INFO neutron.wsgi [req-5385a974-7c20-4cb8-aaa7-4df699be868d 0da1bc1a3acc45d0aca57e504c04ea17 63be5b4f4d784088b73cd36e6114f00e - default default] 10.31.10.3,10.31.10.1 "GET /v2.0/subnets HTTP/1.1" status: 200 len: 127848 time: 0.5882926
2020-12-02 18:03:42.419 24 INFO neutron.wsgi [req-c930b145-2154-4189-b673-188bc8d98098 0da1bc1a3acc45d0aca57e504c04ea17 63be5b4f4d784088b73cd36e6114f00e - default default] 10.31.10.20,10.31.10.1 "GET /v2.0/ports?device_id=2b085d28-02db-4194-8d15-3bbfd392d10b HTTP/1.1" status: 200 len: 1355 time: 0.0728862
2020-12-02 18:03:42.733 22 INFO neutron.wsgi [req-601c9514-2171-4660-a7dd-3a52f20a6901 0da1bc1a3acc45d0aca57e504c04ea17 63be5b4f4d784088b73cd36e6114f00e - default default] 10.31.10.20,10.31.10.1 "GET /v2.0/ports?device_id=d3090d59-ea70-4208-a5ab-306d217f0db4 HTTP/1.1" status: 200 len: 1355 time: 0.0708954
2020-12-02 18:03:42.771 22 INFO neutron.wsgi [req-3a38bd08-668e-49de-b5c2-fc740ce985b9 0da1bc1a3acc45d0aca57e504c04ea17 63be5b4f4d784088b73cd36e6114f00e - default default] 10.31.10.20,10.31.10.1 "GET /v2.0/security-groups?id=b92ca6e7-6354-4c1e-a781-6be287e270a3&fields=id&fields=name HTTP/1.1" status: 200 len: 262 time: 0.0333483
2020-12-02 18:03:43.069 25 INFO neutron.wsgi [req-9c1ea32e-ea38-447e-9037-f0d3416ef5a0 0da1bc1a3acc45d0aca57e504c04ea17 63be5b4f4d784088b73cd36e6114f00e - default default] 192.168.208.187,10.31.10.1 "GET /v2.0/ports/46f6f002-01df-4e0a-b5d2-7b26d5fadbe7 HTTP/1.1" status: 200 len: 1217 time: 0.0610423
2020-12-02 18:03:43.828 25 INFO neutron.wsgi [req-acc52f11-710a-4308-ba08-6ccd3de2bc75 0da1bc1a3acc45d0aca57e504c04ea17 63be5b4f4d784088b73cd36e6114f00e - default default] 10.31.10.3,10.31.10.1 "GET /v2.0/subnets HTTP/1.1" status: 200 len: 127848 time: 0.3611147
2020-12-02 18:03:44.241 21 INFO neutron.wsgi [req-7f282e78-b1be-4ac6-bd7d-adeb6998a737 0da1bc1a3acc45d0aca57e504c04ea17 63be5b4f4d784088b73cd36e6114f00e - default default] 192.168.208.187,10.31.10.1 "GET /v2.0/ports/52f3b53b-5bf7-466c-a105-a29d5a094654 HTTP/1.1" status: 200 len: 1217 time: 0.0678873
2020-12-02 18:03:45.845 21 INFO neutron.wsgi [req-e0af9d6f-1bdd-494f-b97e-08568ac00b56 0da1bc1a3acc45d0aca57e504c04ea17 63be5b4f4d784088b73cd36e6114f00e - default default] 10.31.10.2,10.31.10.1 "GET /v2.0/ports?tenant_id=63be5b4f4d784088b73cd36e6114f00e HTTP/1.1" status: 200 len: 546380 time: 0.7459724
2020-12-02 18:03:46.278 22 INFO neutron.wsgi [req-8edd167b-d965-44f2-b440-f0e61a107acb 0da1bc1a3acc45d0aca57e504c04ea17 63be5b4f4d784088b73cd36e6114f00e - default default] 192.168.208.187,10.31.10.1 "GET /v2.0/ports/3bc73e69-1b26-45e6-8231-5821fdc44aaf HTTP/1.1" status: 200 len: 1213 time: 0.0679965
2020-12-02 18:03:46.609 22 INFO neutron.wsgi [req-947315b6-d054-4cfb-8686-b0d09eb19f32 0da1bc1a3acc45d0aca57e504c04ea17 63be5b4f4d784088b73cd36e6114f00e - default default] 192.168.208.187,10.31.10.1 "GET /v2.0/ports/3bc73e69-1b26-45e6-8231-5821fdc44aaf HTTP/1.1" status: 200 len: 1213 time: 0.2576418
2020-12-02 18:03:47.372 21 INFO neutron.wsgi [req-135fff09-9740-4ec8-af9d-1e56666418d7 0da1bc1a3acc45d0aca57e504c04ea17 63be5b4f4d784088b73cd36e6114f00e - default default] 10.31.10.20,10.31.10.1 "GET /v2.0/quotas/63be5b4f4d784088b73cd36e6114f00e HTTP/1.1" status: 200 len: 468 time: 0.0150042
2020-12-02 18:03:47.520 32 INFO neutron.db.l3_db [req-1e64c442-00c2-4ba6-a30b-2ec454aeffbf - - - - -] Skipping port da56f37b-859e-4ad7-911c-caf9c56cfae0 as no IP is configure on it
2020-12-02 18:03:47.521 32 INFO neutron.db.l3_db [req-1e64c442-00c2-4ba6-a30b-2ec454aeffbf - - - - -] Skipping port da56f37b-859e-4ad7-911c-caf9c56cfae0 as no IP is configure on it
2020-12-02 18:03:47.813 28 INFO neutron.db.l3_db [req-0b93b2ea-5339-4d35-8e66-bcfcbda34301 - - - - -] Skipping port ae5887ea-4fbb-43a3-86eb-f54d08f1609c as no IP is configure on it
2020-12-02 18:03:47.814 28 INFO neutron.db.l3_db [req-0b93b2ea-5339-4d35-8e66-bcfcbda34301 - - - - -] Skipping port ae5887ea-4fbb-43a3-86eb-f54d08f1609c as no IP is configure on it
2020-12-02 18:03:48.310 23 INFO neutron.wsgi [req-ef596fdb-82da-41a2-b2bc-1cfd81bcf9b4 851af1939a9b4ff8808a741857d37b46 761947fab1374992bf04ee79f6b6b929 - default default] 10.31.10.20,10.31.10.1 "GET /v2.0/networks/c094b49b-3163-4829-b850-5fb19b6b7d81?fields=provider%3Aphysical_network&fields=provider%3Anetwork_type HTTP/1.1" status: 200 len: 252 time: 0.1259904
2020-12-02 18:03:48.657 32 INFO neutron.db.l3_db [req-1e64c442-00c2-4ba6-a30b-2ec454aeffbf - - - - -] Skipping port da56f37b-859e-4ad7-911c-caf9c56cfae0 as no IP is configure on it
2020-12-02 18:03:48.658 32 INFO neutron.db.l3_db [req-1e64c442-00c2-4ba6-a30b-2ec454aeffbf - - - - -] Skipping port da56f37b-859e-4ad7-911c-caf9c56cfae0 as no IP is configure on it
2020-12-02 18:03:48.820 24 INFO neutron.wsgi [req-7c916eff-99b6-4ff6-ba3f-1b44c567b0a4 851af1939a9b4ff8808a741857d37b46 761947fab1374992bf04ee79f6b6b929 - default default] 10.31.10.2,10.31.10.1 "GET /v2.0/ports?device_id=43362a64-7c50-48f8-b7e2-97a6f3ab6ba6&fields=binding%3Ahost_id&fields=binding%3Avif_type HTTP/1.1" status: 200 len: 238 time: 0.0683980
2020-12-02 18:03:48.876 28 INFO neutron.db.l3_db [req-0b93b2ea-5339-4d35-8e66-bcfcbda34301 - - - - -] Skipping port ae5887ea-4fbb-43a3-86eb-f54d08f1609c as no IP is configure on it
2020-12-02 18:03:48.876 28 INFO neutron.db.l3_db [req-0b93b2ea-5339-4d35-8e66-bcfcbda34301 - - - - -] Skipping port ae5887ea-4fbb-43a3-86eb-f54d08f1609c as no IP is configure on it
2020-12-02 18:03:49.216 22 INFO neutron.wsgi [req-744d88f2-3729-41e8-babf-d7f289ca2172 851af1939a9b4ff8808a741857d37b46 761947fab1374992bf04ee79f6b6b929 - default default] 10.31.10.2,10.31.10.1 "GET /v2.0/floatingips?fixed_ip_address=10.31.12.174&port_id=b808505d-ff26-458c-9a69-56093e82c8de HTTP/1.1" status: 200 len: 193 time: 0.0590765
2020-12-02 18:03:49.456 22 INFO neutron.wsgi [-] 10.31.10.1 "GET / HTTP/1.1" status: 200 len: 228 time: 0.0064118
2020-12-02 18:03:49.643 22 INFO neutron.wsgi [req-39704f77-add8-4782-aa97-65d1111cee04 851af1939a9b4ff8808a741857d37b46 761947fab1374992bf04ee79f6b6b929 - default default] 10.31.10.2,10.31.10.1 "GET /v2.0/networks/31d7fa17-bee4-4ca0-8150-8bdf6a8ca8c2?fields=segments HTTP/1.1" status: 200 len: 188 time: 0.1443374
2020-12-02 18:03:51.097 22 INFO neutron.wsgi [req-76af0122-0c39-41f4-8ac3-302f7be7cb21 0da1bc1a3acc45d0aca57e504c04ea17 63be5b4f4d784088b73cd36e6114f00e - default default] 10.31.10.2,10.31.10.1 "GET /v2.0/floatingips?tenant_id=63be5b4f4d784088b73cd36e6114f00e HTTP/1.1" status: 200 len: 193 time: 0.0564613
2020-12-02 18:03:51.159 24 INFO neutron.wsgi [req-66c7a4e4-6c50-4ab2-b4bb-0efa39fdf3d9 0da1bc1a3acc45d0aca57e504c04ea17 63be5b4f4d784088b73cd36e6114f00e - default default] 10.31.10.20,10.31.10.1 "POST /v2.0/ports HTTP/1.1" status: 201 len: 1227 time: 0.9678919
2020-12-02 18:03:52.185 21 INFO neutron.wsgi [req-42c1060e-df71-4e23-8272-3d3f0165c2ee 0da1bc1a3acc45d0aca57e504c04ea17 63be5b4f4d784088b73cd36e6114f00e - default default] 192.168.208.187,10.31.10.1 "GET /v2.0/ports/52700aac-f823-46e4-bdca-92ded9de13cb HTTP/1.1" status: 200 len: 1217 time: 0.0830762
2020-12-02 18:03:52.728 24 INFO neutron.wsgi [req-5a0ad9f1-387e-465e-a360-785f7dc8a06c 851af1939a9b4ff8808a741857d37b46 761947fab1374992bf04ee79f6b6b929 - default default] 10.31.10.20,10.31.10.1 "PUT /v2.0/ports/91b82bf1-fd54-45ab-83e9-cded07d98b49 HTTP/1.1" status: 200 len: 1352 time: 1.5485251
2020-12-02 18:03:52.776 24 INFO neutron.notifiers.nova [-] Nova event response: {'name': 'network-changed', 'server_uuid': '49b76fa3-cd5f-492f-9732-caab9ee8b90c', 'tag': '91b82bf1-fd54-45ab-83e9-cded07d98b49', 'status': 'completed', 'code': 200}
2020-12-02 18:03:52.858 24 INFO neutron.wsgi [req-476f6f85-a921-434a-b550-551a963ac4d2 851af1939a9b4ff8808a741857d37b46 761947fab1374992bf04ee79f6b6b929 - default default] 10.31.10.20,10.31.10.1 "GET /v2.0/ports?tenant_id=63be5b4f4d784088b73cd36e6114f00e&device_id=49b76fa3-cd5f-492f-9732-caab9ee8b90c HTTP/1.1" status: 200 len: 1355 time: 0.0778375
2020-12-02 18:03:52.990 23 INFO neutron.wsgi [req-2812b4c6-a091-4093-8382-bfa68432044f 0da1bc1a3acc45d0aca57e504c04ea17 63be5b4f4d784088b73cd36e6114f00e - default default] 10.31.10.2,10.31.10.1 "GET /v2.0/ports?device_id=d3090d59-ea70-4208-a5ab-306d217f0db4 HTTP/1.1" status: 200 len: 1355 time: 0.0741889
2020-12-02 18:03:53.096 24 INFO neutron.wsgi [req-9266b5d8-b114-4a6d-8785-ce04d9dab903 0da1bc1a3acc45d0aca57e504c04ea17 63be5b4f4d784088b73cd36e6114f00e - default default] 10.31.10.20,10.31.10.1 "GET /v2.0/quotas/63be5b4f4d784088b73cd36e6114f00e HTTP/1.1" status: 200 len: 468 time: 0.0131435
2020-12-02 18:03:53.118 23 INFO neutron.wsgi [req-87007a29-efbe-484c-a967-29cf526737f8 851af1939a9b4ff8808a741857d37b46 761947fab1374992bf04ee79f6b6b929 - default default] 10.31.10.20,10.31.10.1 "GET /v2.0/ports?network_id=c094b49b-3163-4829-b850-5fb19b6b7d81&device_owner=network%3Adhcp HTTP/1.1" status: 200 len: 2499 time: 0.0885785
2020-12-02 18:03:53.236 22 INFO neutron.wsgi [req-1ca38dc0-e7a6-4bbb-98aa-d9801a762ac8 0da1bc1a3acc45d0aca57e504c04ea17 63be5b4f4d784088b73cd36e6114f00e - default default] 192.168.208.187,10.31.10.1 "GET /v2.0/ports/1d375cc9-dcfe-4856-b431-db5cce7b9069 HTTP/1.1" status: 200 len: 1213 time: 0.0624874
2020-12-02 18:03:53.533 22 INFO neutron.wsgi [req-ea7b04bf-5c76-49e4-b8ef-1dfbf3f31081 851af1939a9b4ff8808a741857d37b46 761947fab1374992bf04ee79f6b6b929 - default default] 10.31.10.20,10.31.10.1 "GET /v2.0/ports?tenant_id=63be5b4f4d784088b73cd36e6114f00e&device_id=49b76fa3-cd5f-492f-9732-caab9ee8b90c HTTP/1.1" status: 200 len: 1355 time: 0.0687337
2020-12-02 18:03:53.732 22 INFO neutron.wsgi [req-8baf277b-b8d9-4f31-8fbe-3042fa9c5e67 851af1939a9b4ff8808a741857d37b46 761947fab1374992bf04ee79f6b6b929 - default default] 10.31.10.20,10.31.10.1 "GET /v2.0/floatingips?fixed_ip_address=192.168.105.234&port_id=91b82bf1-fd54-45ab-83e9-cded07d98b49 HTTP/1.1" status: 200 len: 193 time: 0.0577741
2020-12-02 18:03:53.906 22 INFO neutron.wsgi [req-6094ab82-ff46-458e-89f3-2bfb5727db61 851af1939a9b4ff8808a741857d37b46 761947fab1374992bf04ee79f6b6b929 - default default] 10.31.10.20,10.31.10.1 "GET /v2.0/networks/f6103ad5-8111-4305-a4d4-c7c9a8980183?fields=segments HTTP/1.1" status: 200 len: 188 time: 0.1200798
2020-12-02 18:03:54.052 24 INFO neutron.wsgi [req-0b0643ce-047a-40f1-a889-7ac32b2f7f5c 851af1939a9b4ff8808a741857d37b46 761947fab1374992bf04ee79f6b6b929 - default default] 10.31.10.20,10.31.10.1 "GET /v2.0/networks/c094b49b-3163-4829-b850-5fb19b6b7d81?fields=segments HTTP/1.1" status: 200 len: 188 time: 0.1512747
2020-12-02 18:03:54.507 22 INFO neutron.wsgi [req-60454d45-a509-4eaf-8ec4-bff820bd746c 0da1bc1a3acc45d0aca57e504c04ea17 63be5b4f4d784088b73cd36e6114f00e - default default] 10.31.10.2,10.31.10.1 "GET /v2.0/ports?tenant_id=63be5b4f4d784088b73cd36e6114f00e&fields=id HTTP/1.1" status: 200 len: 22268 time: 0.5029802
2020-12-02 18:03:54.631 23 INFO neutron.wsgi [req-0a784d99-d49d-4b03-b836-03e8454800f6 0da1bc1a3acc45d0aca57e504c04ea17 63be5b4f4d784088b73cd36e6114f00e - default default] 10.31.10.3,10.31.10.1 "GET /v2.0/ports?device_id=67737d72-9310-441e-b6e3-d5b6bce57d8b HTTP/1.1" status: 200 len: 1355 time: 0.0829403
2020-12-02 18:03:54.652 22 INFO neutron.wsgi [req-4f225f29-f05c-4c03-a79d-fe1cafd3cee6 851af1939a9b4ff8808a741857d37b46 761947fab1374992bf04ee79f6b6b929 - default default] 10.31.10.2,10.31.10.1 "GET /v2.0/networks/df241682-8c21-4c0b-a075-f9f95800d407?fields=segments HTTP/1.1" status: 200 len: 188 time: 0.1195817
