2020-12-02 17:59:00.926 24 WARNING neutron.notifiers.nova [-] Nova event: {'server_uuid': '226b7f61-645d-4d89-a116-c1bb8141d4d7', 'name': 'network-vif-deleted', 'tag': '1f7cf7f3-c1ca-495e-b87f-ff644475d687', 'status': 'failed', 'code': 422} returned with failed status
2020-12-02 17:59:01.227 21 INFO neutron.wsgi [req-57a2adcb-2ba0-41de-856e-0737daf7b755 0da1bc1a3acc45d0aca57e504c04ea17 63be5b4f4d784088b73cd36e6114f00e - default default] 10.31.10.3,10.31.10.1 "GET /v2.0/ports?device_id=3e907021-8968-4a80-a0ec-b43446fd01e0 HTTP/1.1" status: 200 len: 1348 time: 0.0854883
2020-12-02 17:59:02.863 21 INFO neutron.wsgi [req-ba35537a-6587-4a2c-8c83-9e6be3d99362 0da1bc1a3acc45d0aca57e504c04ea17 63be5b4f4d784088b73cd36e6114f00e - default default] 192.168.208.187,10.31.10.1 "GET /v2.0/ports/f953a0b5-8139-4a34-b176-693f7c9911fb HTTP/1.1" status: 200 len: 1217 time: 0.0648081
2020-12-02 17:59:03.646 24 INFO neutron.wsgi [req-8c8fbf48-ab96-442d-a37c-ef27c8cee978 0da1bc1a3acc45d0aca57e504c04ea17 63be5b4f4d784088b73cd36e6114f00e - default default] 10.31.10.2,10.31.10.1 "GET /v2.0/networks?id=58c35eae-2ccd-4409-9190-56cb41362e4d HTTP/1.1" status: 200 len: 885 time: 0.1353478
2020-12-02 17:59:03.765 23 INFO neutron.wsgi [req-3e8cbd86-990b-4af0-82d2-6bbd980691bc 0da1bc1a3acc45d0aca57e504c04ea17 63be5b4f4d784088b73cd36e6114f00e - default default] 10.31.10.2,10.31.10.1 "GET /v2.0/ports?tenant_id=63be5b4f4d784088b73cd36e6114f00e HTTP/1.1" status: 200 len: 503624 time: 0.6434593
2020-12-02 17:59:04.105 25 INFO neutron.wsgi [req-8f9caba5-5753-4e97-a2e9-0fd2833d26e1 0da1bc1a3acc45d0aca57e504c04ea17 63be5b4f4d784088b73cd36e6114f00e - default default] 10.31.10.2,10.31.10.1 "GET /v2.0/ports?tenant_id=63be5b4f4d784088b73cd36e6114f00e&fields=id HTTP/1.1" status: 200 len: 20336 time: 0.4280744
2020-12-02 17:59:04.177 25 INFO neutron.wsgi [req-80980c48-a18f-4344-a2ed-b076258259f9 0da1bc1a3acc45d0aca57e504c04ea17 63be5b4f4d784088b73cd36e6114f00e - default default] 10.31.10.3,10.31.10.1 "GET /v2.0/security-groups?id=b92ca6e7-6354-4c1e-a781-6be287e270a3&fields=id&fields=name HTTP/1.1" status: 200 len: 262 time: 0.0424535
2020-12-02 17:59:05.220 23 INFO neutron.wsgi [req-6652b9c2-a769-4050-96f7-ef22de9fd0b4 0da1bc1a3acc45d0aca57e504c04ea17 63be5b4f4d784088b73cd36e6114f00e - default default] 10.31.10.20,10.31.10.1 "GET /v2.0/ports?device_id=3e907021-8968-4a80-a0ec-b43446fd01e0 HTTP/1.1" status: 200 len: 1348 time: 0.0688455
2020-12-02 17:59:06.002 25 INFO neutron.wsgi [req-8e91fe8d-70c0-4b0a-a8e7-a2800db961ac 0da1bc1a3acc45d0aca57e504c04ea17 63be5b4f4d784088b73cd36e6114f00e - default default] 10.31.10.3,10.31.10.1 "GET /v2.0/networks?id=a4514a7b-f4c8-4e19-b7ac-33d46c8b7d75 HTTP/1.1" status: 200 len: 882 time: 0.2806664
2020-12-02 17:59:06.571 23 INFO neutron.wsgi [req-687618f7-8dc3-427f-a53c-3b6468e4fa8c 0da1bc1a3acc45d0aca57e504c04ea17 63be5b4f4d784088b73cd36e6114f00e - default default] 10.31.10.20,10.31.10.1 "GET /v2.0/networks?id=58c35eae-2ccd-4409-9190-56cb41362e4d HTTP/1.1" status: 200 len: 885 time: 0.1171765
2020-12-02 17:59:07.249 23 INFO neutron.wsgi [req-983ed5b1-1f6b-4fd1-9557-39e5d0b91b04 0da1bc1a3acc45d0aca57e504c04ea17 63be5b4f4d784088b73cd36e6114f00e - default default] 10.31.10.2,10.31.10.1 "GET /v2.0/ports?device_id=d9e0cd90-4612-4083-846c-ba30a5dac238 HTTP/1.1" status: 200 len: 1351 time: 0.0971937
2020-12-02 17:59:07.286 32 INFO neutron.db.l3_db [req-c00f08cd-53d2-495f-9585-76bbfc583891 - - - - -] Skipping port debe0ae7-b32e-4f9e-930a-1daac0776ffe as no IP is configure on it
2020-12-02 17:59:07.287 32 INFO neutron.db.l3_db [req-c00f08cd-53d2-495f-9585-76bbfc583891 - - - - -] Skipping port debe0ae7-b32e-4f9e-930a-1daac0776ffe as no IP is configure on it
2020-12-02 17:59:07.299 23 INFO neutron.wsgi [req-9ebf41db-eb1b-4126-96f6-21f8dcea24df 0da1bc1a3acc45d0aca57e504c04ea17 63be5b4f4d784088b73cd36e6114f00e - default default] 10.31.10.2,10.31.10.1 "GET /v2.0/security-groups?id=b92ca6e7-6354-4c1e-a781-6be287e270a3&fields=id&fields=name HTTP/1.1" status: 200 len: 262 time: 0.0406392
2020-12-02 17:59:07.586 25 INFO neutron.wsgi [req-f51fb513-85ae-4b1b-b120-d148490abd29 0da1bc1a3acc45d0aca57e504c04ea17 63be5b4f4d784088b73cd36e6114f00e - default default] 10.31.10.3,10.31.10.1 "GET /v2.0/security-groups?id=b92ca6e7-6354-4c1e-a781-6be287e270a3&fields=id&fields=name HTTP/1.1" status: 200 len: 262 time: 0.0371165
2020-12-02 17:59:08.237 32 INFO neutron.db.l3_db [req-c00f08cd-53d2-495f-9585-76bbfc583891 - - - - -] Skipping port debe0ae7-b32e-4f9e-930a-1daac0776ffe as no IP is configure on it
2020-12-02 17:59:08.238 32 INFO neutron.db.l3_db [req-c00f08cd-53d2-495f-9585-76bbfc583891 - - - - -] Skipping port debe0ae7-b32e-4f9e-930a-1daac0776ffe as no IP is configure on it
2020-12-02 17:59:09.070 21 INFO neutron.wsgi [req-9f01b7e9-1cc5-4e56-a1f5-ddc70bb7dbe6 0da1bc1a3acc45d0aca57e504c04ea17 63be5b4f4d784088b73cd36e6114f00e - default default] 10.31.10.2,10.31.10.1 "GET /v2.0/floatingips?tenant_id=63be5b4f4d784088b73cd36e6114f00e HTTP/1.1" status: 200 len: 193 time: 0.0555336
2020-12-02 17:59:09.188 22 INFO neutron.wsgi [req-0bedecad-ba3c-46b8-84ef-90744b554c03 851af1939a9b4ff8808a741857d37b46 761947fab1374992bf04ee79f6b6b929 - default default] 10.31.10.20,10.31.10.1 "GET /v2.0/floatingips?fixed_ip_address=192.168.116.174&port_id=ae7c56ce-7cbc-4b17-a4d4-d313489447dd HTTP/1.1" status: 200 len: 193 time: 0.0605428
2020-12-02 17:59:09.341 22 INFO neutron.wsgi [req-7f839e7e-ca92-44e2-ba39-d7b281830acd 851af1939a9b4ff8808a741857d37b46 761947fab1374992bf04ee79f6b6b929 - default default] 10.31.10.20,10.31.10.1 "GET /v2.0/ports?network_id=58c35eae-2ccd-4409-9190-56cb41362e4d&device_owner=network%3Adhcp HTTP/1.1" status: 200 len: 2499 time: 0.0710592
2020-12-02 17:59:09.605 22 INFO neutron.wsgi [req-c9d050b4-be2b-44ad-bc0c-cd160f37f6a2 851af1939a9b4ff8808a741857d37b46 761947fab1374992bf04ee79f6b6b929 - default default] 10.31.10.20,10.31.10.1 "GET /v2.0/networks/58c35eae-2ccd-4409-9190-56cb41362e4d?fields=provider%3Aphysical_network&fields=provider%3Anetwork_type HTTP/1.1" status: 200 len: 252 time: 0.1170869
2020-12-02 17:59:10.187 24 INFO neutron.wsgi [req-81eefb16-c2fe-410a-83de-e5191bbec219 851af1939a9b4ff8808a741857d37b46 761947fab1374992bf04ee79f6b6b929 - default default] 10.31.10.20,10.31.10.1 "GET /v2.0/subnets?id=1c5369db-88a0-438e-b5a5-b73b6fcd0b60 HTTP/1.1" status: 200 len: 817 time: 0.0784316
2020-12-02 17:59:10.517 23 INFO neutron.wsgi [req-c86f5664-5d87-4b1c-b103-4591cc95c309 0da1bc1a3acc45d0aca57e504c04ea17 63be5b4f4d784088b73cd36e6114f00e - default default] 10.31.10.3,10.31.10.1 "POST /v2.0/ports HTTP/1.1" status: 201 len: 1215 time: 0.7529821
2020-12-02 17:59:10.599 24 INFO neutron.wsgi [req-f00c5a56-73fc-44f9-9de0-2c5e3e5c06a5 851af1939a9b4ff8808a741857d37b46 761947fab1374992bf04ee79f6b6b929 - default default] 10.31.10.20,10.31.10.1 "GET /v2.0/networks/58c35eae-2ccd-4409-9190-56cb41362e4d?fields=provider%3Aphysical_network&fields=provider%3Anetwork_type HTTP/1.1" status: 200 len: 252 time: 0.1265628
2020-12-02 17:59:11.306 24 INFO neutron.wsgi [req-a66677b1-efc8-443f-a847-dc46a57f1b86 0da1bc1a3acc45d0aca57e504c04ea17 63be5b4f4d784088b73cd36e6114f00e - default default] 10.31.10.20,10.31.10.1 "GET /v2.0/security-groups?id=b92ca6e7-6354-4c1e-a781-6be287e270a3&fields=id&fields=name HTTP/1.1" status: 200 len: 262 time: 0.0397203
2020-12-02 17:59:11.958 25 INFO neutron.wsgi [req-5ee98092-b684-4525-9532-30cf84ae85d0 0da1bc1a3acc45d0aca57e504c04ea17 63be5b4f4d784088b73cd36e6114f00e - default default] 192.168.208.187,10.31.10.1 "GET /v2.0/ports/f4d789d6-8a59-477f-a31c-c9f5562edab6 HTTP/1.1" status: 200 len: 1217 time: 0.0642741
2020-12-02 17:59:12.191 21 INFO neutron.wsgi [req-abc38155-46e1-47b2-8144-f9f69c57dc45 851af1939a9b4ff8808a741857d37b46 761947fab1374992bf04ee79f6b6b929 - default default] 10.31.10.3,10.31.10.1 "GET /v2.0/ports?tenant_id=63be5b4f4d784088b73cd36e6114f00e&device_id=9740581a-2ad1-4610-9340-011af592cc0b HTTP/1.1" status: 200 len: 1343 time: 0.0677061
2020-12-02 17:59:12.444 23 INFO neutron.wsgi [req-c4b3c9f6-c6d5-41cd-9722-321e5a133d87 851af1939a9b4ff8808a741857d37b46 761947fab1374992bf04ee79f6b6b929 - default default] 10.31.10.3,10.31.10.1 "GET /v2.0/ports?network_id=a4514a7b-f4c8-4e19-b7ac-33d46c8b7d75&device_owner=network%3Adhcp HTTP/1.1" status: 200 len: 2487 time: 0.0934045
2020-12-02 17:59:12.755 25 INFO neutron.wsgi [req-0d386858-cb85-4f74-8269-90a36728adf7 0da1bc1a3acc45d0aca57e504c04ea17 63be5b4f4d784088b73cd36e6114f00e - default default] 10.31.10.20,10.31.10.1 "GET /v2.0/ports?tenant_id=63be5b4f4d784088b73cd36e6114f00e&fields=id HTTP/1.1" status: 200 len: 20428 time: 0.4912345
2020-12-02 17:59:12.766 23 INFO neutron.wsgi [req-56b217a2-4ac8-4c1c-8983-38d5217b773d 851af1939a9b4ff8808a741857d37b46 761947fab1374992bf04ee79f6b6b929 - default default] 10.31.10.3,10.31.10.1 "GET /v2.0/floatingips?fixed_ip_address=10.31.12.213&port_id=46824667-0ee6-4cfa-b673-904fb7b96b5c HTTP/1.1" status: 200 len: 193 time: 0.0530884
2020-12-02 17:59:12.854 23 INFO neutron.wsgi [req-4fea0d9e-b3f5-46cc-a3b4-a215016ad89a 851af1939a9b4ff8808a741857d37b46 761947fab1374992bf04ee79f6b6b929 - default default] 10.31.10.3,10.31.10.1 "GET /v2.0/ports?tenant_id=63be5b4f4d784088b73cd36e6114f00e&device_id=9740581a-2ad1-4610-9340-011af592cc0b HTTP/1.1" status: 200 len: 1343 time: 0.0687258
2020-12-02 17:59:13.066 25 INFO neutron.wsgi [req-2341b35a-c85d-4b78-9fa7-17310ce836f9 851af1939a9b4ff8808a741857d37b46 761947fab1374992bf04ee79f6b6b929 - default default] 10.31.10.3,10.31.10.1 "GET /v2.0/networks/31d7fa17-bee4-4ca0-8150-8bdf6a8ca8c2?fields=segments HTTP/1.1" status: 200 len: 188 time: 0.1190181
2020-12-02 17:59:13.135 25 INFO neutron.wsgi [req-4acdad70-6c0b-4e0a-ac2e-09fff5e68a01 851af1939a9b4ff8808a741857d37b46 761947fab1374992bf04ee79f6b6b929 - default default] 10.31.10.3,10.31.10.1 "GET /v2.0/subnets?id=2b344b2d-f038-4548-8120-749d7453c22b HTTP/1.1" status: 200 len: 807 time: 0.0559208
2020-12-02 17:59:13.377 24 INFO neutron.wsgi [req-5e1cc197-ad0e-49bc-8557-6fcad2ac6452 851af1939a9b4ff8808a741857d37b46 761947fab1374992bf04ee79f6b6b929 - default default] 10.31.10.3,10.31.10.1 "GET /v2.0/networks/a4514a7b-f4c8-4e19-b7ac-33d46c8b7d75?fields=segments HTTP/1.1" status: 200 len: 188 time: 0.1451762
2020-12-02 17:59:14.514 23 INFO neutron.wsgi [req-1fe65056-1d2a-45ff-83f5-ef47f7898124 0da1bc1a3acc45d0aca57e504c04ea17 63be5b4f4d784088b73cd36e6114f00e - default default] 10.31.10.3,10.31.10.1 "GET /v2.0/security-groups?id=b92ca6e7-6354-4c1e-a781-6be287e270a3&fields=id&fields=name HTTP/1.1" status: 200 len: 262 time: 0.0575228
2020-12-02 17:59:14.874 23 INFO neutron.wsgi [req-0bce4398-0014-4a47-a3cb-51798fbc14e6 0da1bc1a3acc45d0aca57e504c04ea17 63be5b4f4d784088b73cd36e6114f00e - default default] 10.31.10.20,10.31.10.1 "GET /v2.0/security-groups?id=b92ca6e7-6354-4c1e-a781-6be287e270a3&fields=id&fields=name HTTP/1.1" status: 200 len: 262 time: 0.0359926
2020-12-02 17:59:15.732 22 INFO neutron.wsgi [req-7e727b5a-b9eb-4fb6-a647-2aadeb38474c 0da1bc1a3acc45d0aca57e504c04ea17 63be5b4f4d784088b73cd36e6114f00e - default default] 192.168.208.187,10.31.10.1 "PUT /v2.0/routers/32a7d041-4eff-4135-b6a3-86f945b32483/add_router_interface HTTP/1.1" status: 200 len: 484 time: 3.2520998
2020-12-02 17:59:15.828 24 INFO neutron.wsgi [req-e5f8d4cf-44ee-4a1f-9de9-4d4a4b28653e 0da1bc1a3acc45d0aca57e504c04ea17 63be5b4f4d784088b73cd36e6114f00e - default default] 10.31.10.2,10.31.10.1 "GET /v2.0/ports?tenant_id=63be5b4f4d784088b73cd36e6114f00e HTTP/1.1" status: 200 len: 506862 time: 0.7310824
2020-12-02 17:59:16.330 27 INFO neutron.db.l3_db [req-12e758a6-bb86-4c4e-b227-37c64c1a8521 - - - - -] Skipping port 5ad6c099-d586-4b61-a21c-5fd0cbbc47fd as no IP is configure on it
2020-12-02 17:59:16.331 27 INFO neutron.db.l3_db [req-12e758a6-bb86-4c4e-b227-37c64c1a8521 - - - - -] Skipping port 5ad6c099-d586-4b61-a21c-5fd0cbbc47fd as no IP is configure on it
2020-12-02 17:59:16.381 26 INFO neutron.db.l3_db [req-5b4517aa-a832-4c08-9425-923e66b66393 - - - - -] Skipping port ae05567f-4d0b-4a7a-8276-18a156a28cb7 as no IP is configure on it
2020-12-02 17:59:16.382 26 INFO neutron.db.l3_db [req-5b4517aa-a832-4c08-9425-923e66b66393 - - - - -] Skipping port ae05567f-4d0b-4a7a-8276-18a156a28cb7 as no IP is configure on it
2020-12-02 17:59:17.538 26 INFO neutron.db.l3_db [req-5b4517aa-a832-4c08-9425-923e66b66393 - - - - -] Skipping port ae05567f-4d0b-4a7a-8276-18a156a28cb7 as no IP is configure on it
2020-12-02 17:59:17.539 26 INFO neutron.db.l3_db [req-5b4517aa-a832-4c08-9425-923e66b66393 - - - - -] Skipping port ae05567f-4d0b-4a7a-8276-18a156a28cb7 as no IP is configure on it
2020-12-02 17:59:17.558 25 INFO neutron.wsgi [req-00d51aa9-6a94-447e-b7b1-974de05ba3dd 0da1bc1a3acc45d0aca57e504c04ea17 63be5b4f4d784088b73cd36e6114f00e - default default] 10.31.10.3,10.31.10.1 "GET /v2.0/ports?device_id=d9e0cd90-4612-4083-846c-ba30a5dac238 HTTP/1.1" status: 200 len: 1351 time: 0.0901413
2020-12-02 17:59:17.598 27 INFO neutron.db.l3_db [req-12e758a6-bb86-4c4e-b227-37c64c1a8521 - - - - -] Skipping port 5ad6c099-d586-4b61-a21c-5fd0cbbc47fd as no IP is configure on it
2020-12-02 17:59:17.599 27 INFO neutron.db.l3_db [req-12e758a6-bb86-4c4e-b227-37c64c1a8521 - - - - -] Skipping port 5ad6c099-d586-4b61-a21c-5fd0cbbc47fd as no IP is configure on it
2020-12-02 17:59:17.625 25 INFO neutron.wsgi [req-309b66a3-6c2c-4690-bebc-f0c4f48fced6 0da1bc1a3acc45d0aca57e504c04ea17 63be5b4f4d784088b73cd36e6114f00e - default default] 10.31.10.3,10.31.10.1 "GET /v2.0/security-groups?id=b92ca6e7-6354-4c1e-a781-6be287e270a3&fields=id&fields=name HTTP/1.1" status: 200 len: 262 time: 0.0550528
2020-12-02 17:59:17.830 25 INFO neutron.wsgi [req-24538c99-5d5a-4669-b6ab-add1f688b3c1 0da1bc1a3acc45d0aca57e504c04ea17 63be5b4f4d784088b73cd36e6114f00e - default default] 10.31.10.20,10.31.10.1 "GET /v2.0/ports?device_id=3eeaf060-d228-4be3-a204-d88ff9fb0788 HTTP/1.1" status: 200 len: 1355 time: 0.0724382
2020-12-02 17:59:17.883 23 INFO neutron.wsgi [-] 10.31.10.1 "GET / HTTP/1.1" status: 200 len: 228 time: 0.0065777
2020-12-02 17:59:18.007 25 INFO neutron.wsgi [req-72126dfb-9c5f-4c43-81cc-8ccccd79eadf 851af1939a9b4ff8808a741857d37b46 761947fab1374992bf04ee79f6b6b929 - default default] 10.31.10.20,10.31.10.1 "GET /v2.0/networks/7d32c7b0-a642-4618-947e-731e9e591d51?fields=provider%3Aphysical_network&fields=provider%3Anetwork_type HTTP/1.1" status: 200 len: 252 time: 0.1369445
2020-12-02 17:59:18.132 25 INFO neutron.wsgi [req-9031be2a-90de-497d-978e-82f34f797b04 851af1939a9b4ff8808a741857d37b46 761947fab1374992bf04ee79f6b6b929 - default default] 10.31.10.20,10.31.10.1 "GET /v2.0/ports?tenant_id=63be5b4f4d784088b73cd36e6114f00e&device_id=0fd37274-0358-470b-a485-9869affb63f6 HTTP/1.1" status: 200 len: 1350 time: 0.0766244
2020-12-02 17:59:18.369 25 INFO neutron.wsgi [req-b061ff9c-d4f4-4289-8952-50365ccc6de1 851af1939a9b4ff8808a741857d37b46 761947fab1374992bf04ee79f6b6b929 - default default] 10.31.10.20,10.31.10.1 "GET /v2.0/floatingips?fixed_ip_address=192.168.96.254&port_id=297087cc-d91c-41c6-96af-adc426fef66d HTTP/1.1" status: 200 len: 193 time: 0.0584791
2020-12-02 17:59:18.531 22 INFO neutron.wsgi [req-3cc21de3-fb8a-420f-b732-3515e1e67a49 851af1939a9b4ff8808a741857d37b46 761947fab1374992bf04ee79f6b6b929 - default default] 10.31.10.20,10.31.10.1 "GET /v2.0/ports?network_id=7d32c7b0-a642-4618-947e-731e9e591d51&device_owner=network%3Adhcp HTTP/1.1" status: 200 len: 2495 time: 0.0767572
2020-12-02 17:59:18.796 21 INFO neutron.wsgi [req-e5c0ad7a-e110-401f-836e-6554f81aaeae 851af1939a9b4ff8808a741857d37b46 761947fab1374992bf04ee79f6b6b929 - default default] 10.31.10.20,10.31.10.1 "GET /v2.0/networks/7d32c7b0-a642-4618-947e-731e9e591d51?fields=provider%3Aphysical_network&fields=provider%3Anetwork_type HTTP/1.1" status: 200 len: 252 time: 0.1232975
2020-12-02 17:59:20.608 24 INFO neutron.wsgi [req-fe33cd44-96be-494d-9f38-cc40dc786f80 0da1bc1a3acc45d0aca57e504c04ea17 63be5b4f4d784088b73cd36e6114f00e - default default] 10.31.10.20,10.31.10.1 "GET /v2.0/ports?device_id=576281c8-2a6b-46a3-b94c-fa0c67e9a031 HTTP/1.1" status: 200 len: 1348 time: 0.0729041
2020-12-02 17:59:20.621 25 INFO neutron.wsgi [req-5d47cca7-6da2-422d-8a5f-1655da8c7836 0da1bc1a3acc45d0aca57e504c04ea17 63be5b4f4d784088b73cd36e6114f00e - default default] 10.31.10.20,10.31.10.1 "GET /v2.0/ports?device_id=226b7f61-645d-4d89-a116-c1bb8141d4d7 HTTP/1.1" status: 200 len: 186 time: 0.0444026
2020-12-02 17:59:20.689 25 INFO neutron.wsgi [req-98249412-b5cf-4b71-9adb-c74e1d97a28d 0da1bc1a3acc45d0aca57e504c04ea17 63be5b4f4d784088b73cd36e6114f00e - default default] 10.31.10.2,10.31.10.1 "GET /v2.0/security-groups?id=b92ca6e7-6354-4c1e-a781-6be287e270a3&fields=id&fields=name HTTP/1.1" status: 200 len: 262 time: 0.0488677
2020-12-02 17:59:20.754 25 INFO neutron.wsgi [req-519983bd-5759-4f11-b6cf-4e1bf9ed135f 0da1bc1a3acc45d0aca57e504c04ea17 63be5b4f4d784088b73cd36e6114f00e - default default] 10.31.10.3,10.31.10.1 "GET /v2.0/ports?device_id=789c8d00-a3e5-48bc-8096-3654a286f115 HTTP/1.1" status: 200 len: 186 time: 0.0405643
2020-12-02 17:59:20.966 22 INFO neutron.wsgi [req-0be9e4ff-30bf-4b12-b457-46630f21960e 0da1bc1a3acc45d0aca57e504c04ea17 63be5b4f4d784088b73cd36e6114f00e - default default] 192.168.208.187,10.31.10.1 "GET /v2.0/ports/641995f3-31e4-47cc-aea3-6fdac8cea7e6 HTTP/1.1" status: 200 len: 1216 time: 0.0760045
2020-12-02 17:59:20.996 25 INFO neutron.wsgi [req-8388bf5e-7e9d-4219-a57b-cc5d5ac03a15 0da1bc1a3acc45d0aca57e504c04ea17 63be5b4f4d784088b73cd36e6114f00e - default default] 10.31.10.3,10.31.10.1 "GET /v2.0/ports?device_id=576281c8-2a6b-46a3-b94c-fa0c67e9a031 HTTP/1.1" status: 200 len: 1348 time: 0.2368066
2020-12-02 17:59:21.177 23 INFO neutron.wsgi [req-f3b0da2b-0b3d-4237-abab-ed5e1ba20a16 0da1bc1a3acc45d0aca57e504c04ea17 63be5b4f4d784088b73cd36e6114f00e - default default] 10.31.10.2,10.31.10.1 "GET /v2.0/ports?device_id=9740581a-2ad1-4610-9340-011af592cc0b HTTP/1.1" status: 200 len: 1343 time: 0.0948601
2020-12-02 17:59:21.495 24 INFO neutron.wsgi [req-a1f48af9-c351-472a-8ae4-bd246d31a93e 0da1bc1a3acc45d0aca57e504c04ea17 63be5b4f4d784088b73cd36e6114f00e - default default] 10.31.10.3,10.31.10.1 "GET /v2.0/ports?tenant_id=63be5b4f4d784088b73cd36e6114f00e HTTP/1.1" status: 200 len: 508028 time: 0.7005157
2020-12-02 17:59:21.508 24 INFO neutron.wsgi [req-f8b4a814-8b74-478f-b1f7-e3adf9a6b198 0da1bc1a3acc45d0aca57e504c04ea17 63be5b4f4d784088b73cd36e6114f00e - default default] 10.31.10.3,10.31.10.1 "GET /v2.0/floatingips?port_id=088c73b0-3fd7-49c5-86c1-27179e04255d&tenant_id=63be5b4f4d784088b73cd36e6114f00e HTTP/1.1" status: 200 len: 193 time: 0.5009274
2020-12-02 17:59:21.525 23 INFO neutron.wsgi [req-b113934d-62da-4d55-83c0-52f6de7ed82b 0da1bc1a3acc45d0aca57e504c04ea17 63be5b4f4d784088b73cd36e6114f00e - default default] 10.31.10.20,10.31.10.1 "GET /v2.0/ports?device_id=576281c8-2a6b-46a3-b94c-fa0c67e9a031 HTTP/1.1" status: 200 len: 1348 time: 0.0606151
2020-12-02 17:59:21.920 22 INFO neutron.wsgi [req-fb9e21aa-3251-4091-91ff-f8d849437353 0da1bc1a3acc45d0aca57e504c04ea17 63be5b4f4d784088b73cd36e6114f00e - default default] 10.31.10.2,10.31.10.1 "GET /v2.0/quotas/63be5b4f4d784088b73cd36e6114f00e HTTP/1.1" status: 200 len: 468 time: 0.0174987
2020-12-02 17:59:22.363 23 INFO neutron.wsgi [req-a6e02be8-8e97-4ed0-8256-2f1d1fbbac4b 0da1bc1a3acc45d0aca57e504c04ea17 63be5b4f4d784088b73cd36e6114f00e - default default] 10.31.10.3,10.31.10.1 "GET /v2.0/networks HTTP/1.1" status: 200 len: 142600 time: 0.8180239
2020-12-02 17:59:22.696 23 INFO neutron.wsgi [req-69b5e22d-1318-499c-95db-a2a8b2ba8d6a 0da1bc1a3acc45d0aca57e504c04ea17 63be5b4f4d784088b73cd36e6114f00e - default default] 10.31.10.3,10.31.10.1 "GET /v2.0/networks HTTP/1.1" status: 200 len: 142600 time: 1.0043409
2020-12-02 17:59:22.731 22 INFO neutron.wsgi [req-fea1ec73-f809-4f3d-8238-488fb48907da 0da1bc1a3acc45d0aca57e504c04ea17 63be5b4f4d784088b73cd36e6114f00e - default default] 10.31.10.3,10.31.10.1 "GET /v2.0/subnets HTTP/1.1" status: 200 len: 127848 time: 0.3457787
2020-12-02 17:59:22.796 21 INFO neutron.wsgi [req-056afe55-c500-431a-9899-01759b1edcf6 0da1bc1a3acc45d0aca57e504c04ea17 63be5b4f4d784088b73cd36e6114f00e - default default] 10.31.10.3,10.31.10.1 "GET /v2.0/subnets HTTP/1.1" status: 200 len: 127848 time: 0.3437195
2020-12-02 17:59:23.251 24 INFO neutron.wsgi [req-c640d4f7-986e-4909-a990-84c3edbd7f9c 851af1939a9b4ff8808a741857d37b46 761947fab1374992bf04ee79f6b6b929 - default default] 10.31.10.2,10.31.10.1 "GET /v2.0/networks/9c2436a3-807d-4e6b-936d-05dee0227bb5?fields=provider%3Aphysical_network&fields=provider%3Anetwork_type HTTP/1.1" status: 200 len: 252 time: 0.1247230
2020-12-02 17:59:23.432 23 INFO neutron.wsgi [req-9ac2378f-42ee-444d-863f-7a429fa0f6ad 0da1bc1a3acc45d0aca57e504c04ea17 63be5b4f4d784088b73cd36e6114f00e - default default] 10.31.10.20,10.31.10.1 "GET /v2.0/ports?device_id=0fd37274-0358-470b-a485-9869affb63f6 HTTP/1.1" status: 200 len: 1350 time: 0.0675347
2020-12-02 17:59:24.154 21 INFO neutron.wsgi [req-0a4550a0-9503-4087-a54f-f0515ff8865f 0da1bc1a3acc45d0aca57e504c04ea17 63be5b4f4d784088b73cd36e6114f00e - default default] 10.31.10.3,10.31.10.1 "GET /v2.0/ports?tenant_id=63be5b4f4d784088b73cd36e6114f00e HTTP/1.1" status: 200 len: 508034 time: 0.6569974
2020-12-02 17:59:24.701 21 INFO neutron.wsgi [req-4b4c34a0-0369-4c96-8b62-accc4eef0556 0da1bc1a3acc45d0aca57e504c04ea17 63be5b4f4d784088b73cd36e6114f00e - default default] 10.31.10.3,10.31.10.1 "GET /v2.0/networks HTTP/1.1" status: 200 len: 142600 time: 0.4936476
2020-12-02 17:59:24.774 22 INFO neutron.wsgi [req-755ef768-ecbb-4cdd-be42-9901a004e70f 0da1bc1a3acc45d0aca57e504c04ea17 63be5b4f4d784088b73cd36e6114f00e - default default] 10.31.10.3,10.31.10.1 "GET /v2.0/ports?device_id=cc2d093a-f592-4e52-a4c7-87ec5dc560b4 HTTP/1.1" status: 200 len: 1355 time: 0.0879619
2020-12-02 17:59:25.046 22 INFO neutron.wsgi [req-7fa51155-3b92-4a15-9e9c-be96f8260adf 0da1bc1a3acc45d0aca57e504c04ea17 63be5b4f4d784088b73cd36e6114f00e - default default] 10.31.10.3,10.31.10.1 "GET /v2.0/networks?id=9c2436a3-807d-4e6b-936d-05dee0227bb5 HTTP/1.1" status: 200 len: 884 time: 0.1325362
2020-12-02 17:59:26.769 23 INFO neutron.wsgi [req-2b3180b7-dcac-4586-bc6d-da55d469ff78 0da1bc1a3acc45d0aca57e504c04ea17 63be5b4f4d784088b73cd36e6114f00e - default default] 10.31.10.2,10.31.10.1 "GET /v2.0/ports?device_id=0fd37274-0358-470b-a485-9869affb63f6 HTTP/1.1" status: 200 len: 1350 time: 0.0855172
2020-12-02 17:59:27.616 25 INFO neutron.wsgi [req-16ea2793-76bb-4118-9837-e268596e5da9 0da1bc1a3acc45d0aca57e504c04ea17 63be5b4f4d784088b73cd36e6114f00e - default default] 10.31.10.2,10.31.10.1 "GET /v2.0/ports?tenant_id=63be5b4f4d784088b73cd36e6114f00e HTTP/1.1" status: 200 len: 507933 time: 0.4938126
2020-12-02 17:59:27.794 22 INFO neutron.wsgi [req-7c841bfd-eed0-4102-b83c-bb90ae747f85 851af1939a9b4ff8808a741857d37b46 761947fab1374992bf04ee79f6b6b929 - default default] 10.31.10.3,10.31.10.1 "GET /v2.0/ports?tenant_id=63be5b4f4d784088b73cd36e6114f00e&device_id=2b085d28-02db-4194-8d15-3bbfd392d10b HTTP/1.1" status: 200 len: 1355 time: 0.0737259
2020-12-02 17:59:27.942 21 INFO neutron.wsgi [req-970dd269-7af4-4472-a245-a8f82aedb31e 851af1939a9b4ff8808a741857d37b46 761947fab1374992bf04ee79f6b6b929 - default default] 10.31.10.3,10.31.10.1 "GET /v2.0/subnets?id=fd1dc52e-a904-4034-99c5-8f658326bdff HTTP/1.1" status: 200 len: 817 time: 0.0620871
2020-12-02 17:59:28.185 24 INFO neutron.wsgi [req-7e463401-5cca-4bd5-8808-7de3c3dc0bdd 851af1939a9b4ff8808a741857d37b46 761947fab1374992bf04ee79f6b6b929 - default default] 10.31.10.3,10.31.10.1 "GET /v2.0/networks/9c2436a3-807d-4e6b-936d-05dee0227bb5?fields=segments HTTP/1.1" status: 200 len: 188 time: 0.1417546
2020-12-02 17:59:28.320 24 INFO neutron.wsgi [req-0276a7f7-7464-47b7-a1ff-5540b3848400 851af1939a9b4ff8808a741857d37b46 761947fab1374992bf04ee79f6b6b929 - default default] 10.31.10.3,10.31.10.1 "GET /v2.0/networks/9c2436a3-807d-4e6b-936d-05dee0227bb5?fields=provider%3Aphysical_network&fields=provider%3Anetwork_type HTTP/1.1" status: 200 len: 252 time: 0.1244602
2020-12-02 17:59:28.674 24 INFO neutron.wsgi [req-e2f193ca-10ba-4b75-8afa-f5ad4d751c5d 851af1939a9b4ff8808a741857d37b46 761947fab1374992bf04ee79f6b6b929 - default default] 10.31.10.3,10.31.10.1 "GET /v2.0/floatingips?fixed_ip_address=192.168.100.252&port_id=03e99727-4e00-4b01-96f7-3cc3597d5c85 HTTP/1.1" status: 200 len: 193 time: 0.0599661
2020-12-02 17:59:28.810 23 INFO neutron.wsgi [req-c3101b4a-d7f0-45f7-987f-f0ccd20085c7 0da1bc1a3acc45d0aca57e504c04ea17 63be5b4f4d784088b73cd36e6114f00e - default default] 10.31.10.20,10.31.10.1 "GET /v2.0/security-groups?id=b92ca6e7-6354-4c1e-a781-6be287e270a3&fields=id&fields=name HTTP/1.1" status: 200 len: 262 time: 0.0452926
2020-12-02 17:59:29.111 23 INFO neutron.wsgi [req-03a3b40c-5093-4657-b19b-6943d8962855 851af1939a9b4ff8808a741857d37b46 761947fab1374992bf04ee79f6b6b929 - default default] 10.31.10.3,10.31.10.1 "GET /v2.0/networks/9c2436a3-807d-4e6b-936d-05dee0227bb5?fields=provider%3Aphysical_network&fields=provider%3Anetwork_type HTTP/1.1" status: 200 len: 252 time: 0.1164222
2020-12-02 17:59:31.822 22 INFO neutron.wsgi [req-401b6429-af3d-4381-8fb3-65164f119fcc 0da1bc1a3acc45d0aca57e504c04ea17 63be5b4f4d784088b73cd36e6114f00e - default default] 10.31.10.20,10.31.10.1 "GET /v2.0/ports?device_id=576281c8-2a6b-46a3-b94c-fa0c67e9a031 HTTP/1.1" status: 200 len: 1348 time: 0.0668125
2020-12-02 17:59:32.188 21 INFO neutron.wsgi [req-2e02aeb2-ecbf-4b0b-9095-8fae39523671 851af1939a9b4ff8808a741857d37b46 761947fab1374992bf04ee79f6b6b929 - default default] 10.31.10.2,10.31.10.1 "GET /v2.0/security-groups?id=b92ca6e7-6354-4c1e-a781-6be287e270a3&fields=id&fields=name HTTP/1.1" status: 200 len: 262 time: 0.0480149
2020-12-02 17:59:33.134 21 INFO neutron.wsgi [req-984f42c5-0555-460b-b6c6-8e3c65ac6439 0da1bc1a3acc45d0aca57e504c04ea17 63be5b4f4d784088b73cd36e6114f00e - default default] 10.31.10.2,10.31.10.1 "GET /v2.0/security-groups?id=b92ca6e7-6354-4c1e-a781-6be287e270a3&fields=id&fields=name HTTP/1.1" status: 200 len: 262 time: 0.0491290
2020-12-02 17:59:33.444 21 INFO neutron.wsgi [req-e1de7b1e-b2bc-4f16-8b6c-8e417eb697be 0da1bc1a3acc45d0aca57e504c04ea17 63be5b4f4d784088b73cd36e6114f00e - default default] 10.31.10.3,10.31.10.1 "GET /v2.0/security-groups?id=b92ca6e7-6354-4c1e-a781-6be287e270a3&fields=id&fields=name HTTP/1.1" status: 200 len: 262 time: 0.0473433
2020-12-02 17:59:33.699 24 INFO neutron.wsgi [req-87d6e543-d141-4db0-b34a-7beee2b9704f 0da1bc1a3acc45d0aca57e504c04ea17 63be5b4f4d784088b73cd36e6114f00e - default default] 10.31.10.20,10.31.10.1 "GET /v2.0/security-groups?id=b92ca6e7-6354-4c1e-a781-6be287e270a3&fields=id&fields=name HTTP/1.1" status: 200 len: 262 time: 0.0442882
2020-12-02 17:59:34.309 22 INFO neutron.wsgi [req-c86c8d7f-96de-4f42-b018-2c4bdbe6db8d 0da1bc1a3acc45d0aca57e504c04ea17 63be5b4f4d784088b73cd36e6114f00e - default default] 10.31.10.20,10.31.10.1 "GET /v2.0/ports?device_id=0fd37274-0358-470b-a485-9869affb63f6 HTTP/1.1" status: 200 len: 1352 time: 0.0649250
2020-12-02 17:59:34.592 28 INFO neutron.db.l3_db [req-b85ca191-c8a3-44c5-9d62-d0c5814a03de - - - - -] Skipping port 7e7eef89-1a50-4444-a06b-37433dc09bc2 as no IP is configure on it
2020-12-02 17:59:34.593 28 INFO neutron.db.l3_db [req-b85ca191-c8a3-44c5-9d62-d0c5814a03de - - - - -] Skipping port 7e7eef89-1a50-4444-a06b-37433dc09bc2 as no IP is configure on it
2020-12-02 17:59:34.779 21 INFO neutron.wsgi [req-52403f3d-a503-473a-8c75-a43d5a514a15 0da1bc1a3acc45d0aca57e504c04ea17 63be5b4f4d784088b73cd36e6114f00e - default default] 10.31.10.3,10.31.10.1 "GET /v2.0/security-groups?id=b92ca6e7-6354-4c1e-a781-6be287e270a3&fields=id&fields=name HTTP/1.1" status: 200 len: 262 time: 0.0354998
2020-12-02 17:59:35.140 22 INFO neutron.wsgi [req-fc9d772e-7c4f-44af-8e40-e28947adb06a 0da1bc1a3acc45d0aca57e504c04ea17 63be5b4f4d784088b73cd36e6114f00e - default default] 10.31.10.2,10.31.10.1 "GET /v2.0/security-groups?id=b92ca6e7-6354-4c1e-a781-6be287e270a3&fields=id&fields=name HTTP/1.1" status: 200 len: 262 time: 0.0410733
2020-12-02 17:59:35.788 23 INFO neutron.wsgi [req-e5c28f6c-d799-4170-8024-798ee853aaa2 0da1bc1a3acc45d0aca57e504c04ea17 63be5b4f4d784088b73cd36e6114f00e - default default] 10.31.10.3,10.31.10.1 "GET /v2.0/ports?tenant_id=63be5b4f4d784088b73cd36e6114f00e&fields=id HTTP/1.1" status: 200 len: 20566 time: 0.4434755
2020-12-02 17:59:36.019 24 INFO neutron.wsgi [req-c3766b0d-2ffc-4925-a0d1-bf88131e3c8c 851af1939a9b4ff8808a741857d37b46 761947fab1374992bf04ee79f6b6b929 - default default] 10.31.10.3,10.31.10.1 "GET /v2.0/networks/178cb715-103f-4fc9-99a0-15d271a81f56?fields=segments HTTP/1.1" status: 200 len: 188 time: 0.1223557
2020-12-02 17:59:36.136 28 INFO neutron.db.l3_db [req-b85ca191-c8a3-44c5-9d62-d0c5814a03de - - - - -] Skipping port 7e7eef89-1a50-4444-a06b-37433dc09bc2 as no IP is configure on it
2020-12-02 17:59:36.137 28 INFO neutron.db.l3_db [req-b85ca191-c8a3-44c5-9d62-d0c5814a03de - - - - -] Skipping port 7e7eef89-1a50-4444-a06b-37433dc09bc2 as no IP is configure on it
2020-12-02 17:59:36.971 24 INFO neutron.wsgi [req-3c2707fe-a2aa-44bd-b979-01019a4d7254 0da1bc1a3acc45d0aca57e504c04ea17 63be5b4f4d784088b73cd36e6114f00e - default default] 10.31.10.2,10.31.10.1 "GET /v2.0/ports?device_id=2b085d28-02db-4194-8d15-3bbfd392d10b HTTP/1.1" status: 200 len: 1355 time: 0.0815935
2020-12-02 17:59:37.861 24 INFO neutron.wsgi [req-15102b3a-9a11-4c36-9265-9d40305f67e4 0da1bc1a3acc45d0aca57e504c04ea17 63be5b4f4d784088b73cd36e6114f00e - default default] 10.31.10.3,10.31.10.1 "GET /v2.0/security-groups?id=b92ca6e7-6354-4c1e-a781-6be287e270a3&fields=id&fields=name HTTP/1.1" status: 200 len: 262 time: 0.0455284
2020-12-02 17:59:38.202 21 INFO neutron.wsgi [req-c9a4a25c-283a-4a1f-bb8e-6c545db178fc 0da1bc1a3acc45d0aca57e504c04ea17 63be5b4f4d784088b73cd36e6114f00e - default default] 10.31.10.20,10.31.10.1 "GET /v2.0/ports?device_id=d9e0cd90-4612-4083-846c-ba30a5dac238 HTTP/1.1" status: 200 len: 1351 time: 0.0724149
2020-12-02 17:59:38.697 21 INFO neutron.wsgi [req-14c30e7f-75ed-4b9f-892a-d67bd9190780 0da1bc1a3acc45d0aca57e504c04ea17 63be5b4f4d784088b73cd36e6114f00e - default default] 10.31.10.2,10.31.10.1 "GET /v2.0/security-groups?id=b92ca6e7-6354-4c1e-a781-6be287e270a3&fields=id&fields=name HTTP/1.1" status: 200 len: 262 time: 0.0413976
2020-12-02 17:59:39.050 21 INFO neutron.wsgi [req-7d5ee057-b192-4881-80b5-b09ccaed2d81 0da1bc1a3acc45d0aca57e504c04ea17 63be5b4f4d784088b73cd36e6114f00e - default default] 10.31.10.3,10.31.10.1 "GET /v2.0/ports?device_id=ed98c271-ff5f-4b49-9e15-24c57894fdc5 HTTP/1.1" status: 200 len: 1350 time: 0.0734727
2020-12-02 17:59:39.792 21 INFO neutron.wsgi [req-77f8aad1-c038-439d-a7bc-6a717d2f1247 0da1bc1a3acc45d0aca57e504c04ea17 63be5b4f4d784088b73cd36e6114f00e - default default] 10.31.10.2,10.31.10.1 "GET /v2.0/ports?tenant_id=63be5b4f4d784088b73cd36e6114f00e HTTP/1.1" status: 200 len: 508952 time: 0.6875672
2020-12-02 17:59:40.696 24 INFO neutron.wsgi [req-08457fbf-c8fe-48c8-b0cf-158182bd4650 851af1939a9b4ff8808a741857d37b46 761947fab1374992bf04ee79f6b6b929 - default default] 10.31.10.20,10.31.10.1 "GET /v2.0/ports?tenant_id=63be5b4f4d784088b73cd36e6114f00e&device_id=0185aeb2-57ad-4d56-b921-af935ceaa2e3 HTTP/1.1" status: 200 len: 1350 time: 0.0918491
2020-12-02 17:59:40.936 24 INFO neutron.wsgi [req-c4e7ae68-9f21-4de5-a807-6f95ff6ce440 851af1939a9b4ff8808a741857d37b46 761947fab1374992bf04ee79f6b6b929 - default default] 10.31.10.20,10.31.10.1 "GET /v2.0/ports?network_id=178cb715-103f-4fc9-99a0-15d271a81f56&device_owner=network%3Adhcp HTTP/1.1" status: 200 len: 2495 time: 0.0793412
2020-12-02 17:59:41.345 22 INFO neutron.wsgi [req-d467826a-244a-4cf5-bebe-9beafbca83d8 851af1939a9b4ff8808a741857d37b46 761947fab1374992bf04ee79f6b6b929 - default default] 10.31.10.20,10.31.10.1 "GET /v2.0/ports?tenant_id=63be5b4f4d784088b73cd36e6114f00e&device_id=0185aeb2-57ad-4d56-b921-af935ceaa2e3 HTTP/1.1" status: 200 len: 1350 time: 0.0697737
2020-12-02 17:59:41.653 25 INFO neutron.wsgi [req-7ef4897d-e179-48f8-b41a-3cc1251500b4 851af1939a9b4ff8808a741857d37b46 761947fab1374992bf04ee79f6b6b929 - default default] 10.31.10.20,10.31.10.1 "GET /v2.0/subnets?id=1483932b-de72-4c6c-9e03-e0f38c156da2 HTTP/1.1" status: 200 len: 812 time: 0.0736837
2020-12-02 17:59:41.996 21 INFO neutron.wsgi [req-e99fe9f3-d2c6-448b-a7f1-69c353b5ab32 851af1939a9b4ff8808a741857d37b46 761947fab1374992bf04ee79f6b6b929 - default default] 10.31.10.20,10.31.10.1 "GET /v2.0/networks/178cb715-103f-4fc9-99a0-15d271a81f56?fields=provider%3Aphysical_network&fields=provider%3Anetwork_type HTTP/1.1" status: 200 len: 252 time: 0.1182692
2020-12-02 17:59:43.130 23 INFO neutron.wsgi [req-4392f723-c946-4ca3-b179-b0ffa22e97e4 0da1bc1a3acc45d0aca57e504c04ea17 63be5b4f4d784088b73cd36e6114f00e - default default] 10.31.10.20,10.31.10.1 "GET /v2.0/networks?id=5a63d595-952c-4781-840b-8e90810d0ea4 HTTP/1.1" status: 200 len: 884 time: 0.2897427
2020-12-02 17:59:43.257 22 INFO neutron.wsgi [req-e859b8b8-cec7-4d94-868a-86b2934aa1a4 0da1bc1a3acc45d0aca57e504c04ea17 63be5b4f4d784088b73cd36e6114f00e - default default] 10.31.10.2,10.31.10.1 "GET /v2.0/ports?device_id=2b085d28-02db-4194-8d15-3bbfd392d10b HTTP/1.1" status: 200 len: 1355 time: 0.0601211
2020-12-02 17:59:43.294 26 INFO neutron.db.l3_db [req-664975d4-6ce0-4b98-baae-c6c7199277a1 - - - - -] Skipping port b2371034-30f1-484e-9f8e-5a04badc8881 as no IP is configure on it
2020-12-02 17:59:43.295 26 INFO neutron.db.l3_db [req-664975d4-6ce0-4b98-baae-c6c7199277a1 - - - - -] Skipping port b2371034-30f1-484e-9f8e-5a04badc8881 as no IP is configure on it
2020-12-02 17:59:43.356 27 INFO neutron.db.l3_db [req-7d343b7a-0267-4efc-a71c-62d82f1b6016 - - - - -] Skipping port 61278bf1-ffd4-42bc-9f8b-46a7d9fee384 as no IP is configure on it
2020-12-02 17:59:43.357 27 INFO neutron.db.l3_db [req-7d343b7a-0267-4efc-a71c-62d82f1b6016 - - - - -] Skipping port 61278bf1-ffd4-42bc-9f8b-46a7d9fee384 as no IP is configure on it
2020-12-02 17:59:44.055 25 INFO neutron.wsgi [req-7fd58d63-a01e-42be-b1c0-63824ca1f5ce 851af1939a9b4ff8808a741857d37b46 761947fab1374992bf04ee79f6b6b929 - default default] 10.31.10.20,10.31.10.1 "GET /v2.0/networks/5a63d595-952c-4781-840b-8e90810d0ea4?fields=provider%3Aphysical_network&fields=provider%3Anetwork_type HTTP/1.1" status: 200 len: 252 time: 0.1203020
2020-12-02 17:59:44.443 26 INFO neutron.db.l3_db [req-664975d4-6ce0-4b98-baae-c6c7199277a1 - - - - -] Skipping port b2371034-30f1-484e-9f8e-5a04badc8881 as no IP is configure on it
2020-12-02 17:59:44.444 26 INFO neutron.db.l3_db [req-664975d4-6ce0-4b98-baae-c6c7199277a1 - - - - -] Skipping port b2371034-30f1-484e-9f8e-5a04badc8881 as no IP is configure on it
2020-12-02 17:59:45.093 21 INFO neutron.wsgi [req-7ea9f119-7b8c-4db7-8ba2-86195e144207 0da1bc1a3acc45d0aca57e504c04ea17 63be5b4f4d784088b73cd36e6114f00e - default default] 10.31.10.3,10.31.10.1 "GET /v2.0/security-groups?id=b92ca6e7-6354-4c1e-a781-6be287e270a3&fields=id&fields=name HTTP/1.1" status: 200 len: 262 time: 0.0460382
2020-12-02 17:59:45.496 25 INFO neutron.wsgi [req-67c5c7d3-73c8-4b6c-88db-2d7442800ee4 0da1bc1a3acc45d0aca57e504c04ea17 63be5b4f4d784088b73cd36e6114f00e - default default] 10.31.10.20,10.31.10.1 "GET /v2.0/security-groups?id=b92ca6e7-6354-4c1e-a781-6be287e270a3&fields=id&fields=name HTTP/1.1" status: 200 len: 262 time: 0.0470331
2020-12-02 17:59:46.064 27 INFO neutron.db.l3_db [req-7d343b7a-0267-4efc-a71c-62d82f1b6016 - - - - -] Skipping port 61278bf1-ffd4-42bc-9f8b-46a7d9fee384 as no IP is configure on it
2020-12-02 17:59:46.065 27 INFO neutron.db.l3_db [req-7d343b7a-0267-4efc-a71c-62d82f1b6016 - - - - -] Skipping port 61278bf1-ffd4-42bc-9f8b-46a7d9fee384 as no IP is configure on it
2020-12-02 17:59:46.516 24 INFO neutron.wsgi [req-e3d36fb6-86c0-4fc8-8833-f7619c3c2e36 0da1bc1a3acc45d0aca57e504c04ea17 63be5b4f4d784088b73cd36e6114f00e - default default] 10.31.10.2,10.31.10.1 "GET /v2.0/ports?device_id=0185aeb2-57ad-4d56-b921-af935ceaa2e3 HTTP/1.1" status: 200 len: 1350 time: 0.0860341
2020-12-02 17:59:46.831 24 INFO neutron.wsgi [req-03340186-688c-415a-9d1a-8068a004cb53 851af1939a9b4ff8808a741857d37b46 761947fab1374992bf04ee79f6b6b929 - default default] 10.31.10.2,10.31.10.1 "GET /v2.0/ports?device_id=43362a64-7c50-48f8-b7e2-97a6f3ab6ba6&fields=binding%3Ahost_id&fields=binding%3Avif_type HTTP/1.1" status: 200 len: 238 time: 0.0717390
2020-12-02 17:59:47.263 22 INFO neutron.wsgi [req-4647cece-24ce-41ed-be1c-25c25e5f5251 851af1939a9b4ff8808a741857d37b46 761947fab1374992bf04ee79f6b6b929 - default default] 10.31.10.2,10.31.10.1 "GET /v2.0/floatingips?fixed_ip_address=10.31.12.174&port_id=b808505d-ff26-458c-9a69-56093e82c8de HTTP/1.1" status: 200 len: 193 time: 0.0983632
2020-12-02 17:59:47.632 24 INFO neutron.wsgi [req-71e48a39-f64e-405a-8e66-beeb0d8fa428 851af1939a9b4ff8808a741857d37b46 761947fab1374992bf04ee79f6b6b929 - default default] 10.31.10.2,10.31.10.1 "GET /v2.0/networks/31d7fa17-bee4-4ca0-8150-8bdf6a8ca8c2?fields=segments HTTP/1.1" status: 200 len: 188 time: 0.1543663
2020-12-02 17:59:47.742 23 INFO neutron.wsgi [req-47faf158-e5ea-4e04-912a-d6437743a619 0da1bc1a3acc45d0aca57e504c04ea17 63be5b4f4d784088b73cd36e6114f00e - default default] 192.168.208.187,10.31.10.1 "GET /v2.0/ports/95bbc318-85f7-409d-a27e-947a8f4625bc HTTP/1.1" status: 200 len: 1213 time: 0.0650015
2020-12-02 17:59:48.055 25 INFO neutron.wsgi [-] 10.31.10.1 "GET / HTTP/1.1" status: 200 len: 228 time: 0.0065327
2020-12-02 17:59:48.161 25 INFO neutron.wsgi [req-e8cdb8f4-60c6-48be-97a0-5d5272542b2f 0da1bc1a3acc45d0aca57e504c04ea17 63be5b4f4d784088b73cd36e6114f00e - default default] 10.31.10.3,10.31.10.1 "GET /v2.0/security-groups?id=b92ca6e7-6354-4c1e-a781-6be287e270a3&fields=id&fields=name HTTP/1.1" status: 200 len: 262 time: 0.0406930
2020-12-02 17:59:48.587 25 INFO neutron.wsgi [req-3f84412f-a2a5-4389-855a-6e5f35714e88 851af1939a9b4ff8808a741857d37b46 761947fab1374992bf04ee79f6b6b929 - default default] 10.31.10.20,10.31.10.1 "GET /v2.0/ports?tenant_id=63be5b4f4d784088b73cd36e6114f00e&device_id=da55f468-a5ac-4764-ae10-60dc9db1d416 HTTP/1.1" status: 200 len: 1355 time: 0.0816920
2020-12-02 17:59:48.947 22 INFO neutron.wsgi [req-27506c73-6f85-437a-b5c0-d5b114dfe3d3 0da1bc1a3acc45d0aca57e504c04ea17 63be5b4f4d784088b73cd36e6114f00e - default default] 10.31.10.3,10.31.10.1 "GET /v2.0/ports?device_id=3eeaf060-d228-4be3-a204-d88ff9fb0788 HTTP/1.1" status: 200 len: 1355 time: 0.0781286
2020-12-02 17:59:49.146 25 INFO neutron.wsgi [req-6c77a49a-4959-4cb3-9781-2c087a22410f 851af1939a9b4ff8808a741857d37b46 761947fab1374992bf04ee79f6b6b929 - default default] 10.31.10.20,10.31.10.1 "GET /v2.0/networks/5a63d595-952c-4781-840b-8e90810d0ea4?fields=segments HTTP/1.1" status: 200 len: 188 time: 0.1156645
2020-12-02 17:59:49.438 23 INFO neutron.wsgi [req-d5b849a3-2532-4f62-8082-9cc16ceabc15 851af1939a9b4ff8808a741857d37b46 761947fab1374992bf04ee79f6b6b929 - default default] 10.31.10.20,10.31.10.1 "GET /v2.0/ports?tenant_id=63be5b4f4d784088b73cd36e6114f00e&device_id=da55f468-a5ac-4764-ae10-60dc9db1d416 HTTP/1.1" status: 200 len: 1355 time: 0.0699117
2020-12-02 17:59:49.645 25 INFO neutron.wsgi [req-4b40c9a8-fe1f-4f32-a2e1-21b7dd40132b 851af1939a9b4ff8808a741857d37b46 761947fab1374992bf04ee79f6b6b929 - default default] 10.31.10.20,10.31.10.1 "GET /v2.0/floatingips?fixed_ip_address=192.168.192.168&port_id=c030e964-6d30-4271-b157-ad6ca8564b34 HTTP/1.1" status: 200 len: 193 time: 0.0635130
2020-12-02 17:59:49.794 25 INFO neutron.wsgi [req-51580eba-7cb8-4975-972f-51f24ac9e284 0da1bc1a3acc45d0aca57e504c04ea17 63be5b4f4d784088b73cd36e6114f00e - default default] 10.31.10.2,10.31.10.1 "GET /v2.0/ports?device_id=0185aeb2-57ad-4d56-b921-af935ceaa2e3 HTTP/1.1" status: 200 len: 1350 time: 0.0675404
2020-12-02 17:59:50.076 24 INFO neutron.wsgi [req-aed44a36-85bf-4553-a294-981d8a47f703 851af1939a9b4ff8808a741857d37b46 761947fab1374992bf04ee79f6b6b929 - default default] 10.31.10.20,10.31.10.1 "GET /v2.0/networks/5a63d595-952c-4781-840b-8e90810d0ea4?fields=provider%3Aphysical_network&fields=provider%3Anetwork_type HTTP/1.1" status: 200 len: 252 time: 0.1215985
2020-12-02 17:59:51.765 28 INFO neutron.db.l3_db [req-84ad66dd-9c04-4996-aeb0-1c9fc09e6266 - - - - -] Skipping port a4c0a081-3612-4c62-bba2-aabf6b69aa8c as no IP is configure on it
2020-12-02 17:59:51.766 28 INFO neutron.db.l3_db [req-84ad66dd-9c04-4996-aeb0-1c9fc09e6266 - - - - -] Skipping port a4c0a081-3612-4c62-bba2-aabf6b69aa8c as no IP is configure on it
2020-12-02 17:59:52.797 28 INFO neutron.db.l3_db [req-84ad66dd-9c04-4996-aeb0-1c9fc09e6266 - - - - -] Skipping port a4c0a081-3612-4c62-bba2-aabf6b69aa8c as no IP is configure on it
2020-12-02 17:59:52.797 28 INFO neutron.db.l3_db [req-84ad66dd-9c04-4996-aeb0-1c9fc09e6266 - - - - -] Skipping port a4c0a081-3612-4c62-bba2-aabf6b69aa8c as no IP is configure on it
2020-12-02 17:59:53.583 24 INFO neutron.wsgi [req-6a396e77-b76a-4a63-9f5c-503c24a6503c 0da1bc1a3acc45d0aca57e504c04ea17 63be5b4f4d784088b73cd36e6114f00e - default default] 10.31.10.20,10.31.10.1 "GET /v2.0/ports?device_id=2b085d28-02db-4194-8d15-3bbfd392d10b HTTP/1.1" status: 200 len: 1355 time: 0.0785358
2020-12-02 17:59:54.471 24 INFO neutron.wsgi [req-cf85cb69-9388-40e0-9170-0bd43d75ef8b 851af1939a9b4ff8808a741857d37b46 761947fab1374992bf04ee79f6b6b929 - default default] 10.31.10.20,10.31.10.1 "GET /v2.0/ports?device_id=27b4392c-574e-4c52-90c9-0542a640d660&fields=binding%3Ahost_id&fields=binding%3Avif_type HTTP/1.1" status: 200 len: 238 time: 0.0709989
2020-12-02 17:59:54.762 25 INFO neutron.wsgi [req-ea0e792a-7e92-44bb-906e-8b0873bf3622 851af1939a9b4ff8808a741857d37b46 761947fab1374992bf04ee79f6b6b929 - default default] 10.31.10.20,10.31.10.1 "GET /v2.0/networks?id=40121b32-8aa8-4be1-8e64-1f4a462dffea HTTP/1.1" status: 200 len: 885 time: 0.1485019
2020-12-02 17:59:55.000 24 INFO neutron.wsgi [req-424aa20a-4871-482e-8c33-86ff9fb66aec 851af1939a9b4ff8808a741857d37b46 761947fab1374992bf04ee79f6b6b929 - default default] 10.31.10.20,10.31.10.1 "GET /v2.0/ports?network_id=40121b32-8aa8-4be1-8e64-1f4a462dffea&device_owner=network%3Adhcp HTTP/1.1" status: 200 len: 2503 time: 0.0696855
2020-12-02 17:59:55.355 24 INFO neutron.wsgi [req-ce4d5b97-cc23-4159-8464-de1957eb1501 0da1bc1a3acc45d0aca57e504c04ea17 63be5b4f4d784088b73cd36e6114f00e - default default] 10.31.10.3,10.31.10.1 "GET /v2.0/ports?device_id=d3090d59-ea70-4208-a5ab-306d217f0db4 HTTP/1.1" status: 200 len: 1355 time: 0.0689309
2020-12-02 17:59:55.801 25 INFO neutron.wsgi [req-04bdbf1a-e58f-41d0-9ebd-e597ea95113a 0da1bc1a3acc45d0aca57e504c04ea17 63be5b4f4d784088b73cd36e6114f00e - default default] 10.31.10.2,10.31.10.1 "GET /v2.0/security-groups?id=b92ca6e7-6354-4c1e-a781-6be287e270a3&fields=id&fields=name HTTP/1.1" status: 200 len: 262 time: 0.0549328
2020-12-02 17:59:55.940 24 INFO neutron.wsgi [req-1ce4418f-5a5a-4c69-9f1e-27f9763ba41e 0da1bc1a3acc45d0aca57e504c04ea17 63be5b4f4d784088b73cd36e6114f00e - default default] 10.31.10.3,10.31.10.1 "GET /v2.0/ports?device_id=576281c8-2a6b-46a3-b94c-fa0c67e9a031 HTTP/1.1" status: 200 len: 186 time: 0.0411501
2020-12-02 17:59:56.026 24 INFO neutron.wsgi [req-a9e0a1ad-168b-442e-a136-8923dca63e9c 0da1bc1a3acc45d0aca57e504c04ea17 63be5b4f4d784088b73cd36e6114f00e - default default] 10.31.10.3,10.31.10.1 "GET /v2.0/floatingips?tenant_id=63be5b4f4d784088b73cd36e6114f00e HTTP/1.1" status: 200 len: 193 time: 0.0600796
2020-12-02 17:59:56.378 25 INFO neutron.wsgi [req-3b8ca75f-d395-4c0e-b5bf-5a76f1208484 0da1bc1a3acc45d0aca57e504c04ea17 63be5b4f4d784088b73cd36e6114f00e - default default] 10.31.10.2,10.31.10.1 "GET /v2.0/ports?device_id=0185aeb2-57ad-4d56-b921-af935ceaa2e3 HTTP/1.1" status: 200 len: 1352 time: 0.0866513
2020-12-02 17:59:56.442 25 INFO neutron.wsgi [req-455ece7d-1c09-4486-9994-be036fa27976 0da1bc1a3acc45d0aca57e504c04ea17 63be5b4f4d784088b73cd36e6114f00e - default default] 10.31.10.2,10.31.10.1 "GET /v2.0/security-groups?id=b92ca6e7-6354-4c1e-a781-6be287e270a3&fields=id&fields=name HTTP/1.1" status: 200 len: 262 time: 0.0516741
2020-12-02 17:59:56.698 25 INFO neutron.wsgi [req-b8a525c5-3bed-418e-9c31-ae51e00d89cd 0da1bc1a3acc45d0aca57e504c04ea17 63be5b4f4d784088b73cd36e6114f00e - default default] 10.31.10.3,10.31.10.1 "GET /v2.0/ports?device_id=0185aeb2-57ad-4d56-b921-af935ceaa2e3 HTTP/1.1" status: 200 len: 1352 time: 0.0780277
2020-12-02 17:59:56.722 24 INFO neutron.wsgi [req-7d35c0d2-2382-4744-ab5d-80d2eecea0c2 0da1bc1a3acc45d0aca57e504c04ea17 63be5b4f4d784088b73cd36e6114f00e - default default] 10.31.10.3,10.31.10.1 "GET /v2.0/ports?tenant_id=63be5b4f4d784088b73cd36e6114f00e HTTP/1.1" status: 200 len: 512329 time: 0.6889951
2020-12-02 17:59:56.982 25 INFO neutron.wsgi [req-f4a7ce61-6408-4b64-81b8-8d9edf59223a 0da1bc1a3acc45d0aca57e504c04ea17 63be5b4f4d784088b73cd36e6114f00e - default default] 192.168.208.187,10.31.10.1 "GET /v2.0/networks?name=test-net-97&status=ACTIVE HTTP/1.1" status: 200 len: 884 time: 0.1333594
2020-12-02 17:59:57.339 22 INFO neutron.wsgi [req-8a950922-f713-4e90-96d1-a8d9346bac59 0da1bc1a3acc45d0aca57e504c04ea17 63be5b4f4d784088b73cd36e6114f00e - default default] 10.31.10.2,10.31.10.1 "GET /v2.0/security-groups?id=b92ca6e7-6354-4c1e-a781-6be287e270a3&fields=id&fields=name HTTP/1.1" status: 200 len: 262 time: 0.0506139
2020-12-02 17:59:57.458 23 INFO neutron.wsgi [req-ba45425f-567d-4491-b2f6-bfef61a02470 0da1bc1a3acc45d0aca57e504c04ea17 63be5b4f4d784088b73cd36e6114f00e - default default] 10.31.10.3,10.31.10.1 "GET /v2.0/subnets HTTP/1.1" status: 200 len: 127848 time: 0.3493686
2020-12-02 17:59:57.780 24 INFO neutron.wsgi [req-b79e5e3a-8ae8-44ac-b077-1e5c990926ae 0da1bc1a3acc45d0aca57e504c04ea17 63be5b4f4d784088b73cd36e6114f00e - default default] 10.31.10.2,10.31.10.1 "GET /v2.0/security-groups?id=b92ca6e7-6354-4c1e-a781-6be287e270a3&fields=id&fields=name HTTP/1.1" status: 200 len: 262 time: 0.0406432
2020-12-02 17:59:58.463 25 INFO neutron.wsgi [req-2302e754-2452-46f0-9f49-31e3a98e24c6 0da1bc1a3acc45d0aca57e504c04ea17 63be5b4f4d784088b73cd36e6114f00e - default default] 10.31.10.20,10.31.10.1 "GET /v2.0/security-groups?id=b92ca6e7-6354-4c1e-a781-6be287e270a3&fields=id&fields=name HTTP/1.1" status: 200 len: 262 time: 0.0405393
2020-12-02 17:59:59.247 24 INFO neutron.wsgi [req-86ea47a1-3d41-4dd3-8f62-26836a7789e5 0da1bc1a3acc45d0aca57e504c04ea17 63be5b4f4d784088b73cd36e6114f00e - default default] 10.31.10.3,10.31.10.1 "GET /v2.0/ports?device_id=3eeaf060-d228-4be3-a204-d88ff9fb0788 HTTP/1.1" status: 200 len: 1355 time: 0.0721524
2020-12-02 17:59:59.707 22 INFO neutron.wsgi [req-62bc16e8-ebb8-43e1-8c35-8dd58e167936 0da1bc1a3acc45d0aca57e504c04ea17 63be5b4f4d784088b73cd36e6114f00e - default default] 10.31.10.20,10.31.10.1 "GET /v2.0/security-groups?id=b92ca6e7-6354-4c1e-a781-6be287e270a3&fields=id&fields=name HTTP/1.1" status: 200 len: 262 time: 0.0458932
2020-12-02 18:00:03.029 26 INFO neutron.db.l3_db [req-6afed778-0f35-48c5-947e-1acffe4af805 - - - - -] Skipping port 253566ac-662c-4c21-b48e-a2fce6aef18a as no IP is configure on it
2020-12-02 18:00:03.030 26 INFO neutron.db.l3_db [req-6afed778-0f35-48c5-947e-1acffe4af805 - - - - -] Skipping port 253566ac-662c-4c21-b48e-a2fce6aef18a as no IP is configure on it
2020-12-02 18:00:03.765 32 INFO neutron.db.l3_db [req-9fe526a4-2fc6-4863-b1dc-947b3c45306d - - - - -] Skipping port 1f1cd396-7688-48ce-9484-a3791f6dd715 as no IP is configure on it
2020-12-02 18:00:03.766 32 INFO neutron.db.l3_db [req-9fe526a4-2fc6-4863-b1dc-947b3c45306d - - - - -] Skipping port 1f1cd396-7688-48ce-9484-a3791f6dd715 as no IP is configure on it
2020-12-02 18:00:03.803 27 INFO neutron.db.l3_db [req-38ee9b19-fbc4-417f-832b-840257ddd259 - - - - -] Skipping port 538a2f54-871e-4f99-817b-0ba5114b40e5 as no IP is configure on it
2020-12-02 18:00:03.804 27 INFO neutron.db.l3_db [req-38ee9b19-fbc4-417f-832b-840257ddd259 - - - - -] Skipping port 538a2f54-871e-4f99-817b-0ba5114b40e5 as no IP is configure on it
2020-12-02 18:00:03.878 25 INFO neutron.wsgi [req-fe0016e6-e38b-40fa-ba1d-b0e723696b2a 0da1bc1a3acc45d0aca57e504c04ea17 63be5b4f4d784088b73cd36e6114f00e - default default] 10.31.10.2,10.31.10.1 "GET /v2.0/ports?device_id=2b085d28-02db-4194-8d15-3bbfd392d10b HTTP/1.1" status: 200 len: 1355 time: 0.0696406
2020-12-02 18:00:04.170 25 INFO neutron.wsgi [req-1e9bc271-ddc5-479b-abac-216b7a3fbc15 0da1bc1a3acc45d0aca57e504c04ea17 63be5b4f4d784088b73cd36e6114f00e - default default] 10.31.10.3,10.31.10.1 "GET /v2.0/security-groups?id=b92ca6e7-6354-4c1e-a781-6be287e270a3&fields=id&fields=name HTTP/1.1" status: 200 len: 262 time: 0.0514097
2020-12-02 18:00:04.178 26 INFO neutron.db.l3_db [req-6afed778-0f35-48c5-947e-1acffe4af805 - - - - -] Skipping port 253566ac-662c-4c21-b48e-a2fce6aef18a as no IP is configure on it
2020-12-02 18:00:04.178 26 INFO neutron.db.l3_db [req-6afed778-0f35-48c5-947e-1acffe4af805 - - - - -] Skipping port 253566ac-662c-4c21-b48e-a2fce6aef18a as no IP is configure on it
2020-12-02 18:00:04.890 32 INFO neutron.db.l3_db [req-9fe526a4-2fc6-4863-b1dc-947b3c45306d - - - - -] Skipping port 1f1cd396-7688-48ce-9484-a3791f6dd715 as no IP is configure on it
2020-12-02 18:00:04.890 32 INFO neutron.db.l3_db [req-9fe526a4-2fc6-4863-b1dc-947b3c45306d - - - - -] Skipping port 1f1cd396-7688-48ce-9484-a3791f6dd715 as no IP is configure on it
2020-12-02 18:00:05.824 27 INFO neutron.db.l3_db [req-38ee9b19-fbc4-417f-832b-840257ddd259 - - - - -] Skipping port 538a2f54-871e-4f99-817b-0ba5114b40e5 as no IP is configure on it
2020-12-02 18:00:05.824 27 INFO neutron.db.l3_db [req-38ee9b19-fbc4-417f-832b-840257ddd259 - - - - -] Skipping port 538a2f54-871e-4f99-817b-0ba5114b40e5 as no IP is configure on it
2020-12-02 18:00:06.047 25 INFO neutron.wsgi [req-cf90b988-eb28-46a0-aa1d-25336c916cbc 0da1bc1a3acc45d0aca57e504c04ea17 63be5b4f4d784088b73cd36e6114f00e - default default] 10.31.10.2,10.31.10.1 "GET /v2.0/ports?device_id=cc2d093a-f592-4e52-a4c7-87ec5dc560b4 HTTP/1.1" status: 200 len: 1355 time: 0.0747471
