2020-12-02 12:44:21.563 22 INFO neutron.wsgi [-] 10.31.10.1 "GET / HTTP/1.1" status: 200 len: 228 time: 0.0113139
2020-12-02 12:44:51.753 24 INFO neutron.wsgi [-] 10.31.10.1 "GET / HTTP/1.1" status: 200 len: 228 time: 0.0061467
2020-12-02 12:45:21.943 24 INFO neutron.wsgi [-] 10.31.10.1 "GET / HTTP/1.1" status: 200 len: 228 time: 0.0041203
2020-12-02 12:45:52.145 21 INFO neutron.wsgi [-] 10.31.10.1 "GET / HTTP/1.1" status: 200 len: 228 time: 0.0036576
2020-12-02 12:46:22.349 22 INFO neutron.wsgi [-] 10.31.10.1 "GET / HTTP/1.1" status: 200 len: 228 time: 0.0097694
2020-12-02 12:46:52.550 25 INFO neutron.wsgi [-] 10.31.10.1 "GET / HTTP/1.1" status: 200 len: 228 time: 0.0087047
2020-12-02 12:47:22.740 23 INFO neutron.wsgi [-] 10.31.10.1 "GET / HTTP/1.1" status: 200 len: 228 time: 0.0048141
2020-12-02 12:47:52.933 21 INFO neutron.wsgi [-] 10.31.10.1 "GET / HTTP/1.1" status: 200 len: 228 time: 0.0040464
2020-12-02 12:48:23.138 21 INFO neutron.wsgi [-] 10.31.10.1 "GET / HTTP/1.1" status: 200 len: 228 time: 0.0108864
2020-12-02 12:48:53.328 25 INFO neutron.wsgi [-] 10.31.10.1 "GET / HTTP/1.1" status: 200 len: 228 time: 0.0105243
2020-12-02 12:49:23.507 23 INFO neutron.wsgi [-] 10.31.10.1 "GET / HTTP/1.1" status: 200 len: 228 time: 0.0094678
2020-12-02 12:49:53.715 23 INFO neutron.wsgi [-] 10.31.10.1 "GET / HTTP/1.1" status: 200 len: 228 time: 0.0084779
2020-12-02 12:50:23.906 24 INFO neutron.wsgi [-] 10.31.10.1 "GET / HTTP/1.1" status: 200 len: 228 time: 0.0107887
2020-12-02 12:50:54.095 25 INFO neutron.wsgi [-] 10.31.10.1 "GET / HTTP/1.1" status: 200 len: 228 time: 0.0086703
2020-12-02 12:51:24.290 22 INFO neutron.wsgi [-] 10.31.10.1 "GET / HTTP/1.1" status: 200 len: 228 time: 0.0101066
2020-12-02 12:51:54.472 24 INFO neutron.wsgi [-] 10.31.10.1 "GET / HTTP/1.1" status: 200 len: 228 time: 0.0040302
2020-12-02 12:52:24.684 24 INFO neutron.wsgi [-] 10.31.10.1 "GET / HTTP/1.1" status: 200 len: 228 time: 0.0098016
2020-12-02 12:52:54.899 23 INFO neutron.wsgi [-] 10.31.10.1 "GET / HTTP/1.1" status: 200 len: 228 time: 0.0112503
2020-12-02 12:53:25.101 23 INFO neutron.wsgi [-] 10.31.10.1 "GET / HTTP/1.1" status: 200 len: 228 time: 0.0098293
2020-12-02 12:53:55.303 21 INFO neutron.wsgi [-] 10.31.10.1 "GET / HTTP/1.1" status: 200 len: 228 time: 0.0089381
2020-12-02 12:54:25.491 22 INFO neutron.wsgi [-] 10.31.10.1 "GET / HTTP/1.1" status: 200 len: 228 time: 0.0109127
2020-12-02 12:54:55.680 25 INFO neutron.wsgi [-] 10.31.10.1 "GET / HTTP/1.1" status: 200 len: 228 time: 0.0095334
2020-12-02 12:55:25.911 25 INFO neutron.wsgi [-] 10.31.10.1 "GET / HTTP/1.1" status: 200 len: 228 time: 0.0113707
2020-12-02 12:55:56.103 25 INFO neutron.wsgi [-] 10.31.10.1 "GET / HTTP/1.1" status: 200 len: 228 time: 0.0088325
2020-12-02 12:56:26.306 25 INFO neutron.wsgi [-] 10.31.10.1 "GET / HTTP/1.1" status: 200 len: 228 time: 0.0096176
2020-12-02 12:56:56.503 25 INFO neutron.wsgi [-] 10.31.10.1 "GET / HTTP/1.1" status: 200 len: 228 time: 0.0113811
2020-12-02 12:57:26.691 22 INFO neutron.wsgi [-] 10.31.10.1 "GET / HTTP/1.1" status: 200 len: 228 time: 0.0075376
2020-12-02 12:57:56.889 22 INFO neutron.wsgi [-] 10.31.10.1 "GET / HTTP/1.1" status: 200 len: 228 time: 0.0093703
2020-12-02 12:58:27.092 25 INFO neutron.wsgi [-] 10.31.10.1 "GET / HTTP/1.1" status: 200 len: 228 time: 0.0088329
2020-12-02 12:58:57.274 23 INFO neutron.wsgi [-] 10.31.10.1 "GET / HTTP/1.1" status: 200 len: 228 time: 0.0038657
2020-12-02 12:59:27.472 24 INFO neutron.wsgi [-] 10.31.10.1 "GET / HTTP/1.1" status: 200 len: 228 time: 0.0099056
2020-12-02 12:59:57.663 21 INFO neutron.wsgi [-] 10.31.10.1 "GET / HTTP/1.1" status: 200 len: 228 time: 0.0071347
2020-12-02 13:00:27.855 21 INFO neutron.wsgi [-] 10.31.10.1 "GET / HTTP/1.1" status: 200 len: 228 time: 0.0094552
2020-12-02 13:00:58.056 21 INFO neutron.wsgi [-] 10.31.10.1 "GET / HTTP/1.1" status: 200 len: 228 time: 0.0064647
2020-12-02 13:01:28.242 21 INFO neutron.wsgi [-] 10.31.10.1 "GET / HTTP/1.1" status: 200 len: 228 time: 0.0095134
2020-12-02 13:01:58.417 21 INFO neutron.wsgi [-] 10.31.10.1 "GET / HTTP/1.1" status: 200 len: 228 time: 0.0075116
2020-12-02 13:02:28.624 23 INFO neutron.wsgi [-] 10.31.10.1 "GET / HTTP/1.1" status: 200 len: 228 time: 0.0095584
2020-12-02 13:02:58.819 21 INFO neutron.wsgi [-] 10.31.10.1 "GET / HTTP/1.1" status: 200 len: 228 time: 0.0045028
2020-12-02 13:03:29.004 23 INFO neutron.wsgi [-] 10.31.10.1 "GET / HTTP/1.1" status: 200 len: 228 time: 0.0099285
2020-12-02 13:03:59.193 23 INFO neutron.wsgi [-] 10.31.10.1 "GET / HTTP/1.1" status: 200 len: 228 time: 0.0099466
2020-12-02 13:04:29.420 21 INFO neutron.wsgi [-] 10.31.10.1 "GET / HTTP/1.1" status: 200 len: 228 time: 0.0100439
2020-12-02 13:04:59.626 23 INFO neutron.wsgi [-] 10.31.10.1 "GET / HTTP/1.1" status: 200 len: 228 time: 0.0106232
2020-12-02 13:05:29.830 23 INFO neutron.wsgi [-] 10.31.10.1 "GET / HTTP/1.1" status: 200 len: 228 time: 0.0101054
2020-12-02 13:06:00.044 21 INFO neutron.wsgi [-] 10.31.10.1 "GET / HTTP/1.1" status: 200 len: 228 time: 0.0119095
2020-12-02 13:06:30.253 21 INFO neutron.wsgi [-] 10.31.10.1 "GET / HTTP/1.1" status: 200 len: 228 time: 0.0095000
2020-12-02 13:07:00.439 21 INFO neutron.wsgi [-] 10.31.10.1 "GET / HTTP/1.1" status: 200 len: 228 time: 0.0087779
2020-12-02 13:07:30.634 25 INFO neutron.wsgi [-] 10.31.10.1 "GET / HTTP/1.1" status: 200 len: 228 time: 0.0089035
2020-12-02 13:08:00.833 25 INFO neutron.wsgi [-] 10.31.10.1 "GET / HTTP/1.1" status: 200 len: 228 time: 0.0098712
2020-12-02 13:08:31.071 23 INFO neutron.wsgi [-] 10.31.10.1 "GET / HTTP/1.1" status: 200 len: 228 time: 0.0117431
2020-12-02 13:09:01.256 24 INFO neutron.wsgi [-] 10.31.10.1 "GET / HTTP/1.1" status: 200 len: 228 time: 0.0039976
2020-12-02 13:09:31.439 24 INFO neutron.wsgi [-] 10.31.10.1 "GET / HTTP/1.1" status: 200 len: 228 time: 0.0061045
2020-12-02 13:10:01.620 23 INFO neutron.wsgi [-] 10.31.10.1 "GET / HTTP/1.1" status: 200 len: 228 time: 0.0037363
2020-12-02 13:10:31.841 22 INFO neutron.wsgi [-] 10.31.10.1 "GET / HTTP/1.1" status: 200 len: 228 time: 0.0098517
2020-12-02 13:11:02.028 23 INFO neutron.wsgi [-] 10.31.10.1 "GET / HTTP/1.1" status: 200 len: 228 time: 0.0062234
2020-12-02 13:11:32.239 21 INFO neutron.wsgi [-] 10.31.10.1 "GET / HTTP/1.1" status: 200 len: 228 time: 0.0052588
2020-12-02 13:12:02.460 21 INFO neutron.wsgi [-] 10.31.10.1 "GET / HTTP/1.1" status: 200 len: 228 time: 0.0096326
2020-12-02 13:12:32.663 25 INFO neutron.wsgi [-] 10.31.10.1 "GET / HTTP/1.1" status: 200 len: 228 time: 0.0086620
2020-12-02 13:13:02.876 25 INFO neutron.wsgi [-] 10.31.10.1 "GET / HTTP/1.1" status: 200 len: 228 time: 0.0111811
2020-12-02 13:13:33.080 25 INFO neutron.wsgi [-] 10.31.10.1 "GET / HTTP/1.1" status: 200 len: 228 time: 0.0103691
2020-12-02 13:14:03.272 25 INFO neutron.wsgi [-] 10.31.10.1 "GET / HTTP/1.1" status: 200 len: 228 time: 0.0095980
2020-12-02 13:14:33.503 24 INFO neutron.wsgi [-] 10.31.10.1 "GET / HTTP/1.1" status: 200 len: 228 time: 0.0105469
2020-12-02 13:15:03.703 25 INFO neutron.wsgi [-] 10.31.10.1 "GET / HTTP/1.1" status: 200 len: 228 time: 0.0043807
2020-12-02 13:15:33.906 21 INFO neutron.wsgi [-] 10.31.10.1 "GET / HTTP/1.1" status: 200 len: 228 time: 0.0039036
2020-12-02 13:16:04.130 21 INFO neutron.wsgi [-] 10.31.10.1 "GET / HTTP/1.1" status: 200 len: 228 time: 0.0094099
2020-12-02 13:16:34.320 25 INFO neutron.wsgi [-] 10.31.10.1 "GET / HTTP/1.1" status: 200 len: 228 time: 0.0092676
2020-12-02 13:17:04.509 22 INFO neutron.wsgi [-] 10.31.10.1 "GET / HTTP/1.1" status: 200 len: 228 time: 0.0046315
2020-12-02 13:17:34.724 22 INFO neutron.wsgi [-] 10.31.10.1 "GET / HTTP/1.1" status: 200 len: 228 time: 0.0042064
2020-12-02 13:18:04.902 22 INFO neutron.wsgi [-] 10.31.10.1 "GET / HTTP/1.1" status: 200 len: 228 time: 0.0054779
2020-12-02 13:18:35.103 21 INFO neutron.wsgi [-] 10.31.10.1 "GET / HTTP/1.1" status: 200 len: 228 time: 0.0044410
2020-12-02 13:19:05.334 21 INFO neutron.wsgi [-] 10.31.10.1 "GET / HTTP/1.1" status: 200 len: 228 time: 0.0096931
2020-12-02 13:19:35.561 21 INFO neutron.wsgi [-] 10.31.10.1 "GET / HTTP/1.1" status: 200 len: 228 time: 0.0096920
2020-12-02 13:20:05.763 25 INFO neutron.wsgi [-] 10.31.10.1 "GET / HTTP/1.1" status: 200 len: 228 time: 0.0089641
2020-12-02 13:20:35.965 25 INFO neutron.wsgi [-] 10.31.10.1 "GET / HTTP/1.1" status: 200 len: 228 time: 0.0058894
2020-12-02 13:21:06.171 22 INFO neutron.wsgi [-] 10.31.10.1 "GET / HTTP/1.1" status: 200 len: 228 time: 0.0041566
2020-12-02 13:21:36.378 25 INFO neutron.wsgi [-] 10.31.10.1 "GET / HTTP/1.1" status: 200 len: 228 time: 0.0101254
2020-12-02 13:22:06.598 22 INFO neutron.wsgi [-] 10.31.10.1 "GET / HTTP/1.1" status: 200 len: 228 time: 0.0099459
2020-12-02 13:22:36.832 25 INFO neutron.wsgi [-] 10.31.10.1 "GET / HTTP/1.1" status: 200 len: 228 time: 0.0092320
2020-12-02 13:23:07.027 24 INFO neutron.wsgi [-] 10.31.10.1 "GET / HTTP/1.1" status: 200 len: 228 time: 0.0091870
2020-12-02 13:23:37.213 23 INFO neutron.wsgi [-] 10.31.10.1 "GET / HTTP/1.1" status: 200 len: 228 time: 0.0095758
2020-12-02 13:24:07.426 23 INFO neutron.wsgi [-] 10.31.10.1 "GET / HTTP/1.1" status: 200 len: 228 time: 0.0112028
2020-12-02 13:24:37.664 22 INFO neutron.wsgi [-] 10.31.10.1 "GET / HTTP/1.1" status: 200 len: 228 time: 0.0091662
2020-12-02 13:25:07.855 22 INFO neutron.wsgi [-] 10.31.10.1 "GET / HTTP/1.1" status: 200 len: 228 time: 0.0090313
2020-12-02 13:25:38.083 25 INFO neutron.wsgi [-] 10.31.10.1 "GET / HTTP/1.1" status: 200 len: 228 time: 0.0088367
2020-12-02 13:26:08.289 25 INFO neutron.wsgi [-] 10.31.10.1 "GET / HTTP/1.1" status: 200 len: 228 time: 0.0101507
2020-12-02 13:26:38.483 22 INFO neutron.wsgi [-] 10.31.10.1 "GET / HTTP/1.1" status: 200 len: 228 time: 0.0092440
2020-12-02 13:27:08.666 25 INFO neutron.wsgi [-] 10.31.10.1 "GET / HTTP/1.1" status: 200 len: 228 time: 0.0089107
2020-12-02 13:27:38.897 22 INFO neutron.wsgi [-] 10.31.10.1 "GET / HTTP/1.1" status: 200 len: 228 time: 0.0044444
2020-12-02 13:28:09.130 23 INFO neutron.wsgi [-] 10.31.10.1 "GET / HTTP/1.1" status: 200 len: 228 time: 0.0111198
2020-12-02 13:28:39.365 22 INFO neutron.wsgi [-] 10.31.10.1 "GET / HTTP/1.1" status: 200 len: 228 time: 0.0096107
2020-12-02 13:29:09.557 24 INFO neutron.wsgi [-] 10.31.10.1 "GET / HTTP/1.1" status: 200 len: 228 time: 0.0057626
2020-12-02 13:29:39.750 22 INFO neutron.wsgi [-] 10.31.10.1 "GET / HTTP/1.1" status: 200 len: 228 time: 0.0041971
2020-12-02 13:30:09.976 23 INFO neutron.wsgi [-] 10.31.10.1 "GET / HTTP/1.1" status: 200 len: 228 time: 0.0115733
2020-12-02 13:30:40.172 24 INFO neutron.wsgi [-] 10.31.10.1 "GET / HTTP/1.1" status: 200 len: 228 time: 0.0042498
2020-12-02 13:31:10.374 21 INFO neutron.wsgi [-] 10.31.10.1 "GET / HTTP/1.1" status: 200 len: 228 time: 0.0111551
2020-12-02 13:31:40.582 21 INFO neutron.wsgi [-] 10.31.10.1 "GET / HTTP/1.1" status: 200 len: 228 time: 0.0106754
2020-12-02 13:32:10.785 22 INFO neutron.wsgi [-] 10.31.10.1 "GET / HTTP/1.1" status: 200 len: 228 time: 0.0130427
2020-12-02 13:32:40.925 23 INFO neutron.wsgi [-] 10.31.10.1 "GET / HTTP/1.1" status: 200 len: 228 time: 0.0037069
2020-12-02 13:33:11.111 24 INFO neutron.wsgi [-] 10.31.10.1 "GET / HTTP/1.1" status: 200 len: 228 time: 0.0042613
2020-12-02 13:33:41.310 25 INFO neutron.wsgi [-] 10.31.10.1 "GET / HTTP/1.1" status: 200 len: 228 time: 0.0083489
2020-12-02 13:34:11.509 25 INFO neutron.wsgi [-] 10.31.10.1 "GET / HTTP/1.1" status: 200 len: 228 time: 0.0093598
2020-12-02 13:34:41.690 24 INFO neutron.wsgi [-] 10.31.10.1 "GET / HTTP/1.1" status: 200 len: 228 time: 0.0052092
2020-12-02 13:35:11.889 25 INFO neutron.wsgi [-] 10.31.10.1 "GET / HTTP/1.1" status: 200 len: 228 time: 0.0086215
2020-12-02 13:35:42.092 24 INFO neutron.wsgi [-] 10.31.10.1 "GET / HTTP/1.1" status: 200 len: 228 time: 0.0056252
2020-12-02 13:36:12.285 25 INFO neutron.wsgi [-] 10.31.10.1 "GET / HTTP/1.1" status: 200 len: 228 time: 0.0103385
2020-12-02 13:36:42.480 24 INFO neutron.wsgi [-] 10.31.10.1 "GET / HTTP/1.1" status: 200 len: 228 time: 0.0087202
2020-12-02 13:37:12.659 25 INFO neutron.wsgi [-] 10.31.10.1 "GET / HTTP/1.1" status: 200 len: 228 time: 0.0047307
2020-12-02 13:37:42.863 25 INFO neutron.wsgi [-] 10.31.10.1 "GET / HTTP/1.1" status: 200 len: 228 time: 0.0124168
2020-12-02 13:38:13.047 25 INFO neutron.wsgi [-] 10.31.10.1 "GET / HTTP/1.1" status: 200 len: 228 time: 0.0053031
2020-12-02 13:38:43.235 24 INFO neutron.wsgi [-] 10.31.10.1 "GET / HTTP/1.1" status: 200 len: 228 time: 0.0058403
2020-12-02 13:39:13.418 24 INFO neutron.wsgi [-] 10.31.10.1 "GET / HTTP/1.1" status: 200 len: 228 time: 0.0083055
2020-12-02 13:39:43.608 21 INFO neutron.wsgi [-] 10.31.10.1 "GET / HTTP/1.1" status: 200 len: 228 time: 0.0039787
2020-12-02 13:40:13.799 21 INFO neutron.wsgi [-] 10.31.10.1 "GET / HTTP/1.1" status: 200 len: 228 time: 0.0058045
2020-12-02 13:40:44.006 24 INFO neutron.wsgi [-] 10.31.10.1 "GET / HTTP/1.1" status: 200 len: 228 time: 0.0114229
2020-12-02 13:41:14.210 24 INFO neutron.wsgi [-] 10.31.10.1 "GET / HTTP/1.1" status: 200 len: 228 time: 0.0052085
2020-12-02 13:41:44.404 24 INFO neutron.wsgi [-] 10.31.10.1 "GET / HTTP/1.1" status: 200 len: 228 time: 0.0086260
2020-12-02 13:42:14.590 24 INFO neutron.wsgi [-] 10.31.10.1 "GET / HTTP/1.1" status: 200 len: 228 time: 0.0088925
2020-12-02 13:42:44.765 21 INFO neutron.wsgi [-] 10.31.10.1 "GET / HTTP/1.1" status: 200 len: 228 time: 0.0040646
2020-12-02 13:43:14.960 23 INFO neutron.wsgi [-] 10.31.10.1 "GET / HTTP/1.1" status: 200 len: 228 time: 0.0113575
2020-12-02 13:43:45.142 24 INFO neutron.wsgi [-] 10.31.10.1 "GET / HTTP/1.1" status: 200 len: 228 time: 0.0073700
2020-12-02 13:44:15.319 24 INFO neutron.wsgi [-] 10.31.10.1 "GET / HTTP/1.1" status: 200 len: 228 time: 0.0069277
2020-12-02 13:44:45.517 24 INFO neutron.wsgi [-] 10.31.10.1 "GET / HTTP/1.1" status: 200 len: 228 time: 0.0062439
2020-12-02 13:45:15.702 24 INFO neutron.wsgi [-] 10.31.10.1 "GET / HTTP/1.1" status: 200 len: 228 time: 0.0107176
2020-12-02 13:45:45.894 23 INFO neutron.wsgi [-] 10.31.10.1 "GET / HTTP/1.1" status: 200 len: 228 time: 0.0088940
2020-12-02 13:46:16.079 24 INFO neutron.wsgi [-] 10.31.10.1 "GET / HTTP/1.1" status: 200 len: 228 time: 0.0048161
2020-12-02 13:46:46.282 22 INFO neutron.wsgi [-] 10.31.10.1 "GET / HTTP/1.1" status: 200 len: 228 time: 0.0094433
2020-12-02 13:47:16.472 24 INFO neutron.wsgi [-] 10.31.10.1 "GET / HTTP/1.1" status: 200 len: 228 time: 0.0050178
2020-12-02 13:47:46.660 23 INFO neutron.wsgi [-] 10.31.10.1 "GET / HTTP/1.1" status: 200 len: 228 time: 0.0051551
2020-12-02 13:48:16.840 24 INFO neutron.wsgi [-] 10.31.10.1 "GET / HTTP/1.1" status: 200 len: 228 time: 0.0045674
2020-12-02 13:48:47.053 24 INFO neutron.wsgi [-] 10.31.10.1 "GET / HTTP/1.1" status: 200 len: 228 time: 0.0048060
2020-12-02 13:49:02.088 24 INFO neutron.wsgi [req-7218becd-3d19-433f-8ee4-ef46c7dba651 47d478f4aff840e498991e0f71ffeacf 761947fab1374992bf04ee79f6b6b929 - default default] 10.31.10.20,10.31.10.1 "GET /v2.0/security-groups?tenant_id=761947fab1374992bf04ee79f6b6b929 HTTP/1.1" status: 200 len: 5472 time: 0.7261829
2020-12-02 13:49:14.600 24 INFO neutron.wsgi [req-d34d4933-45c2-48cd-b249-b32d099695d1 47d478f4aff840e498991e0f71ffeacf 761947fab1374992bf04ee79f6b6b929 - default default] 10.31.10.20,10.31.10.1 "GET /v2.0/security-groups?tenant_id=761947fab1374992bf04ee79f6b6b929 HTTP/1.1" status: 200 len: 5472 time: 0.2589681
2020-12-02 13:49:17.280 22 INFO neutron.wsgi [-] 10.31.10.1 "GET / HTTP/1.1" status: 200 len: 228 time: 0.0050561
2020-12-02 13:49:23.087 22 INFO neutron.wsgi [req-3dccf294-7b7d-48fa-940b-b82ffdbef6a4 47d478f4aff840e498991e0f71ffeacf 761947fab1374992bf04ee79f6b6b929 - default default] 10.31.10.20,10.31.10.1 "GET /v2.0/networks.json HTTP/1.1" status: 200 len: 882 time: 0.2835414
2020-12-02 13:49:47.483 24 INFO neutron.wsgi [-] 10.31.10.1 "GET / HTTP/1.1" status: 200 len: 228 time: 0.0085313
2020-12-02 13:50:17.685 24 INFO neutron.wsgi [-] 10.31.10.1 "GET / HTTP/1.1" status: 200 len: 228 time: 0.0097613
2020-12-02 13:50:47.880 21 INFO neutron.wsgi [-] 10.31.10.1 "GET / HTTP/1.1" status: 200 len: 228 time: 0.0089233
2020-12-02 13:51:18.068 23 INFO neutron.wsgi [-] 10.31.10.1 "GET / HTTP/1.1" status: 200 len: 228 time: 0.0088212
2020-12-02 13:51:48.270 23 INFO neutron.wsgi [-] 10.31.10.1 "GET / HTTP/1.1" status: 200 len: 228 time: 0.0044267
2020-12-02 13:52:18.495 24 INFO neutron.wsgi [-] 10.31.10.1 "GET / HTTP/1.1" status: 200 len: 228 time: 0.0056338
2020-12-02 13:52:29.552 25 INFO neutron.pecan_wsgi.hooks.translation [req-605d3220-cf22-4e26-9a04-3aacede01a29 0da1bc1a3acc45d0aca57e504c04ea17 63be5b4f4d784088b73cd36e6114f00e - default default] GET failed (client error): The resource could not be found.
2020-12-02 13:52:29.553 25 INFO neutron.wsgi [req-605d3220-cf22-4e26-9a04-3aacede01a29 0da1bc1a3acc45d0aca57e504c04ea17 63be5b4f4d784088b73cd36e6114f00e - default default] 10.31.10.2,10.31.10.1 "GET /v2.0/networks/40cf7994-0577-43cb-8770-19b849f84121 HTTP/1.1" status: 404 len: 320 time: 0.0423191
2020-12-02 13:52:29.945 25 INFO neutron.wsgi [req-31d59a84-1832-4289-933f-c28f64b4d6ce 0da1bc1a3acc45d0aca57e504c04ea17 63be5b4f4d784088b73cd36e6114f00e - default default] 10.31.10.2,10.31.10.1 "GET /v2.0/subnets HTTP/1.1" status: 200 len: 790 time: 0.0678718
2020-12-02 13:52:48.698 21 INFO neutron.wsgi [-] 10.31.10.1 "GET / HTTP/1.1" status: 200 len: 228 time: 0.0062025
2020-12-02 13:53:15.245 21 INFO neutron.wsgi [req-8e9ef561-e343-4144-bf34-5896a1a294d6 0da1bc1a3acc45d0aca57e504c04ea17 63be5b4f4d784088b73cd36e6114f00e - default default] 10.31.10.2,10.31.10.1 "GET /v2.0/extensions HTTP/1.1" status: 200 len: 14561 time: 0.0166018
2020-12-02 13:53:16.115 21 INFO neutron.wsgi [req-cfa757da-f55c-46ed-a647-07d3114b8be5 0da1bc1a3acc45d0aca57e504c04ea17 63be5b4f4d784088b73cd36e6114f00e - default default] 10.31.10.2,10.31.10.1 "GET /v2.0/networks/3eeb8ac6-e480-4db4-b59c-b2c4d8aae016/dhcp-agents HTTP/1.1" status: 200 len: 1350 time: 0.0346506
2020-12-02 13:53:18.886 22 INFO neutron.wsgi [-] 10.31.10.1 "GET / HTTP/1.1" status: 200 len: 228 time: 0.0055904
2020-12-02 13:53:22.488 21 INFO neutron.wsgi [req-ddb00246-2660-4631-854c-6da59559f78f 0da1bc1a3acc45d0aca57e504c04ea17 63be5b4f4d784088b73cd36e6114f00e - default default] 10.31.10.2,10.31.10.1 "GET /v2.0/subnets HTTP/1.1" status: 200 len: 790 time: 0.0667570
2020-12-02 13:53:35.753 21 INFO neutron.wsgi [req-19925c2b-f492-4691-a4e0-33d4690ba25f 0da1bc1a3acc45d0aca57e504c04ea17 63be5b4f4d784088b73cd36e6114f00e - default default] 10.31.10.2,10.31.10.1 "GET /v2.0/quotas/761947fab1374992bf04ee79f6b6b929/details HTTP/1.1" status: 200 len: 972 time: 0.1668174
2020-12-02 13:53:38.340 21 INFO neutron.wsgi [req-937c6174-19d8-4e87-9aca-d5734f2c832e 0da1bc1a3acc45d0aca57e504c04ea17 63be5b4f4d784088b73cd36e6114f00e - default default] 10.31.10.2,10.31.10.1 "GET /v2.0/subnets/7a21b7fd-65fd-4882-8129-761af1df16fb HTTP/1.1" status: 200 len: 787 time: 0.0598049
2020-12-02 13:53:38.734 21 INFO neutron.wsgi [req-26ea16f8-d4fc-402e-88b1-2c2732a4ec1d 0da1bc1a3acc45d0aca57e504c04ea17 63be5b4f4d784088b73cd36e6114f00e - default default] 10.31.10.2,10.31.10.1 "GET /v2.0/quotas/761947fab1374992bf04ee79f6b6b929/details HTTP/1.1" status: 200 len: 972 time: 0.1537013
2020-12-02 13:53:41.758 21 INFO neutron.wsgi [req-c56e4143-c7d0-44d6-ad8a-671cc566ae71 0da1bc1a3acc45d0aca57e504c04ea17 63be5b4f4d784088b73cd36e6114f00e - default default] 10.31.10.2,10.31.10.1 "GET /v2.0/subnets HTTP/1.1" status: 200 len: 790 time: 0.0632765
2020-12-02 13:53:49.052 23 INFO neutron.wsgi [-] 10.31.10.1 "GET / HTTP/1.1" status: 200 len: 228 time: 0.0052381
2020-12-02 13:53:49.853 25 INFO neutron.wsgi [req-e7973ccc-df65-4b0e-9471-33c3953f7e14 0da1bc1a3acc45d0aca57e504c04ea17 63be5b4f4d784088b73cd36e6114f00e - default default] 10.31.10.2,10.31.10.1 "GET /v2.0/extensions HTTP/1.1" status: 200 len: 14561 time: 0.0129774
2020-12-02 13:53:50.306 24 INFO neutron.wsgi [req-f7ab6937-523d-43ac-8f7f-4d4931299e7e 0da1bc1a3acc45d0aca57e504c04ea17 63be5b4f4d784088b73cd36e6114f00e - default default] 10.31.10.2,10.31.10.1 "GET /v2.0/networks/3eeb8ac6-e480-4db4-b59c-b2c4d8aae016/dhcp-agents HTTP/1.1" status: 200 len: 1350 time: 0.0327783
2020-12-02 13:53:53.625 24 INFO neutron.wsgi [req-53af039d-e6c2-4de5-8087-88e6fc3d1ed8 0da1bc1a3acc45d0aca57e504c04ea17 63be5b4f4d784088b73cd36e6114f00e - default default] 10.31.10.2,10.31.10.1 "GET /v2.0/availability_zones HTTP/1.1" status: 200 len: 324 time: 0.0215387
2020-12-02 13:54:19.222 24 INFO neutron.wsgi [-] 10.31.10.1 "GET / HTTP/1.1" status: 200 len: 228 time: 0.0050402
2020-12-02 13:54:23.673 24 INFO neutron.wsgi [req-d4e564f7-39de-4e74-9d20-6869bb788b1d 0da1bc1a3acc45d0aca57e504c04ea17 63be5b4f4d784088b73cd36e6114f00e - default default] 10.31.10.2,10.31.10.1 "GET /v2.0/extensions HTTP/1.1" status: 200 len: 14561 time: 0.0125468
2020-12-02 13:54:24.298 24 INFO neutron.wsgi [req-d2c165f6-8da4-472f-8b70-b20528b1c2a8 0da1bc1a3acc45d0aca57e504c04ea17 63be5b4f4d784088b73cd36e6114f00e - default default] 10.31.10.2,10.31.10.1 "GET /v2.0/subnetpools HTTP/1.1" status: 200 len: 193 time: 0.1664786
2020-12-02 13:54:29.586 21 INFO neutron.wsgi [req-6e0b187f-99c4-44d6-a512-891c777b060a 0da1bc1a3acc45d0aca57e504c04ea17 63be5b4f4d784088b73cd36e6114f00e - default default] 10.31.10.2,10.31.10.1 "GET /v2.0/availability_zones HTTP/1.1" status: 200 len: 324 time: 0.0327787
2020-12-02 13:54:45.577 21 INFO neutron.wsgi [req-12da16aa-4a89-4ecc-b8e4-1ab6dca5440b 0da1bc1a3acc45d0aca57e504c04ea17 63be5b4f4d784088b73cd36e6114f00e - default default] 10.31.10.2,10.31.10.1 "GET /v2.0/availability_zones HTTP/1.1" status: 200 len: 324 time: 0.0217686
2020-12-02 13:54:49.384 23 INFO neutron.wsgi [-] 10.31.10.1 "GET / HTTP/1.1" status: 200 len: 228 time: 0.0040233
2020-12-02 13:54:54.557 21 INFO neutron.wsgi [req-d4ded8e6-fa90-4de3-aee1-a5ac0c2640d4 0da1bc1a3acc45d0aca57e504c04ea17 63be5b4f4d784088b73cd36e6114f00e - default default] 10.31.10.2,10.31.10.1 "GET /v2.0/extensions HTTP/1.1" status: 200 len: 14561 time: 0.0115349
2020-12-02 13:54:55.026 21 INFO neutron.wsgi [req-975222f8-e7a8-462a-ba90-34349fde3054 0da1bc1a3acc45d0aca57e504c04ea17 63be5b4f4d784088b73cd36e6114f00e - default default] 10.31.10.2,10.31.10.1 "GET /v2.0/subnetpools HTTP/1.1" status: 200 len: 193 time: 0.0270469
2020-12-02 13:54:59.826 22 INFO neutron.wsgi [req-33d5a63e-eebb-4b8d-85f0-04769b474cb1 0da1bc1a3acc45d0aca57e504c04ea17 63be5b4f4d784088b73cd36e6114f00e - default default] 10.31.10.2,10.31.10.1 "GET /v2.0/availability_zones HTTP/1.1" status: 200 len: 324 time: 0.0268726
2020-12-02 13:55:03.182 24 INFO neutron.wsgi [req-66c33027-d5ea-42d7-9c1f-a874ab178e83 0da1bc1a3acc45d0aca57e504c04ea17 63be5b4f4d784088b73cd36e6114f00e - default default] 10.31.10.2,10.31.10.1 "GET /v2.0/availability_zones HTTP/1.1" status: 200 len: 324 time: 0.0222776
2020-12-02 13:55:12.796 24 INFO neutron.wsgi [req-cf748123-b7f3-4dfe-a8cd-57ad8fc8d82d 0da1bc1a3acc45d0aca57e504c04ea17 63be5b4f4d784088b73cd36e6114f00e - default default] 10.31.10.2,10.31.10.1 "GET /v2.0/extensions HTTP/1.1" status: 200 len: 14561 time: 0.0104938
2020-12-02 13:55:12.907 24 INFO neutron.wsgi [req-4a74b671-1cb0-42e1-8686-bed6b2ccfd0e 0da1bc1a3acc45d0aca57e504c04ea17 63be5b4f4d784088b73cd36e6114f00e - default default] 10.31.10.2,10.31.10.1 "GET /v2.0/subnetpools HTTP/1.1" status: 200 len: 193 time: 0.0255730
2020-12-02 13:55:14.706 24 INFO neutron.wsgi [req-ee26119f-7930-4fe0-a61f-44ed719cff26 0da1bc1a3acc45d0aca57e504c04ea17 63be5b4f4d784088b73cd36e6114f00e - default default] 10.31.10.2,10.31.10.1 "GET /v2.0/extensions HTTP/1.1" status: 200 len: 14561 time: 0.0113692
2020-12-02 13:55:15.296 24 INFO neutron.wsgi [req-d6f15e42-4a6a-407d-9007-2acf35dfeca3 0da1bc1a3acc45d0aca57e504c04ea17 63be5b4f4d784088b73cd36e6114f00e - default default] 10.31.10.2,10.31.10.1 "GET /v2.0/networks/3eeb8ac6-e480-4db4-b59c-b2c4d8aae016/dhcp-agents HTTP/1.1" status: 200 len: 1350 time: 0.0285876
2020-12-02 13:55:15.895 24 INFO neutron.wsgi [req-204c346c-43ff-4196-b369-7bf1476c7eca 0da1bc1a3acc45d0aca57e504c04ea17 63be5b4f4d784088b73cd36e6114f00e - default default] 10.31.10.2,10.31.10.1 "GET /v2.0/quotas/63be5b4f4d784088b73cd36e6114f00e/details HTTP/1.1" status: 200 len: 972 time: 0.1392066
2020-12-02 13:55:19.569 23 INFO neutron.wsgi [-] 10.31.10.1 "GET / HTTP/1.1" status: 200 len: 228 time: 0.0076840
2020-12-02 13:55:19.620 24 INFO neutron.wsgi [req-0a5b15c3-cc4f-44fc-87a7-82ba2cb23cc6 0da1bc1a3acc45d0aca57e504c04ea17 63be5b4f4d784088b73cd36e6114f00e - default default] 10.31.10.2,10.31.10.1 "GET /v2.0/availability_zones HTTP/1.1" status: 200 len: 324 time: 0.0150540
2020-12-02 13:55:37.258 21 INFO neutron.wsgi [req-f2eb0c45-70c6-434b-8849-40f31e7689d3 0da1bc1a3acc45d0aca57e504c04ea17 63be5b4f4d784088b73cd36e6114f00e - default default] 10.31.10.2,10.31.10.1 "GET /v2.0/extensions HTTP/1.1" status: 200 len: 14561 time: 0.0106504
2020-12-02 13:55:37.629 21 INFO neutron.wsgi [req-27127ab0-303f-46ec-8b85-e113726297ff 0da1bc1a3acc45d0aca57e504c04ea17 63be5b4f4d784088b73cd36e6114f00e - default default] 10.31.10.2,10.31.10.1 "GET /v2.0/networks/7f47087d-7bf2-4099-9d09-45f220e6076b HTTP/1.1" status: 200 len: 899 time: 0.1390889
2020-12-02 13:55:45.454 23 INFO neutron.wsgi [req-c0738acd-808c-4df0-a4b3-c3480ef98a7c 0da1bc1a3acc45d0aca57e504c04ea17 63be5b4f4d784088b73cd36e6114f00e - default default] 10.31.10.2,10.31.10.1 "GET /v2.0/extensions HTTP/1.1" status: 200 len: 14561 time: 0.3290918
2020-12-02 13:55:46.065 24 INFO neutron.wsgi [req-c6586dfc-ceb4-40eb-b4ef-3c64813a31c6 0da1bc1a3acc45d0aca57e504c04ea17 63be5b4f4d784088b73cd36e6114f00e - default default] 10.31.10.2,10.31.10.1 "GET /v2.0/networks/3eeb8ac6-e480-4db4-b59c-b2c4d8aae016/dhcp-agents HTTP/1.1" status: 200 len: 1350 time: 0.0285845
2020-12-02 13:55:49.745 25 INFO neutron.wsgi [-] 10.31.10.1 "GET / HTTP/1.1" status: 200 len: 228 time: 0.0087745
2020-12-02 13:55:51.074 23 INFO neutron.wsgi [req-e77ddbb0-3a03-4134-8595-5122e3fbf9d9 0da1bc1a3acc45d0aca57e504c04ea17 63be5b4f4d784088b73cd36e6114f00e - default default] 10.31.10.2,10.31.10.1 "GET /v2.0/extensions HTTP/1.1" status: 200 len: 14561 time: 0.0159917
2020-12-02 13:55:51.599 23 INFO neutron.wsgi [req-c8f7e943-1865-485f-b94a-721724db7e52 0da1bc1a3acc45d0aca57e504c04ea17 63be5b4f4d784088b73cd36e6114f00e - default default] 10.31.10.2,10.31.10.1 "GET /v2.0/networks/3eeb8ac6-e480-4db4-b59c-b2c4d8aae016/dhcp-agents HTTP/1.1" status: 200 len: 1350 time: 0.0542943
2020-12-02 13:55:54.860 23 INFO neutron.wsgi [req-79ce5df8-9ea4-430a-b025-1b396b8a7865 0da1bc1a3acc45d0aca57e504c04ea17 63be5b4f4d784088b73cd36e6114f00e - default default] 10.31.10.2,10.31.10.1 "GET /v2.0/availability_zones HTTP/1.1" status: 200 len: 324 time: 0.0672443
2020-12-02 13:56:19.936 25 INFO neutron.wsgi [-] 10.31.10.1 "GET / HTTP/1.1" status: 200 len: 228 time: 0.0054710
2020-12-02 13:56:37.442 23 INFO neutron.wsgi [req-f5af1508-e03a-4f4f-8123-cf6a574bb9f8 0da1bc1a3acc45d0aca57e504c04ea17 63be5b4f4d784088b73cd36e6114f00e - default default] 10.31.10.2,10.31.10.1 "GET /v2.0/extensions HTTP/1.1" status: 200 len: 14561 time: 0.0119040
2020-12-02 13:56:37.568 23 INFO neutron.wsgi [req-9a1e515f-2916-429b-aa86-ab384ca3ec61 0da1bc1a3acc45d0aca57e504c04ea17 63be5b4f4d784088b73cd36e6114f00e - default default] 10.31.10.2,10.31.10.1 "GET /v2.0/subnetpools HTTP/1.1" status: 200 len: 193 time: 0.0334706
2020-12-02 13:56:50.104 24 INFO neutron.wsgi [-] 10.31.10.1 "GET / HTTP/1.1" status: 200 len: 228 time: 0.0069337
2020-12-02 13:56:51.413 24 INFO neutron.wsgi [req-a6e450fe-4a43-4063-bcd3-772d13e70ee4 0da1bc1a3acc45d0aca57e504c04ea17 63be5b4f4d784088b73cd36e6114f00e - default default] 10.31.10.2,10.31.10.1 "GET /v2.0/availability_zones HTTP/1.1" status: 200 len: 324 time: 0.0233679
2020-12-02 13:57:04.302 23 INFO neutron.wsgi [req-8c7b8ba7-477b-4aa4-947b-5da2f8d32484 0da1bc1a3acc45d0aca57e504c04ea17 63be5b4f4d784088b73cd36e6114f00e - default default] 10.31.10.2,10.31.10.1 "GET /v2.0/availability_zones HTTP/1.1" status: 200 len: 324 time: 0.0231652
2020-12-02 13:57:04.656 25 WARNING neutron.services.revisions.revision_plugin [req-fd689c19-8c1a-49e2-a924-0e21671a6b2a 0da1bc1a3acc45d0aca57e504c04ea17 63be5b4f4d784088b73cd36e6114f00e - default default] Could not find related network for resource to bump revision.
2020-12-02 13:57:04.674 25 INFO neutron.db.segments_db [req-fd689c19-8c1a-49e2-a924-0e21671a6b2a 0da1bc1a3acc45d0aca57e504c04ea17 63be5b4f4d784088b73cd36e6114f00e - default default] Added segment 2caf149d-7f4c-4053-a0a5-64e095c76d1e of type flat for network 31d7fa17-bee4-4ca0-8150-8bdf6a8ca8c2
2020-12-02 13:57:04.820 25 INFO neutron.wsgi [req-fd689c19-8c1a-49e2-a924-0e21671a6b2a 0da1bc1a3acc45d0aca57e504c04ea17 63be5b4f4d784088b73cd36e6114f00e - default default] 10.31.10.2,10.31.10.1 "POST /v2.0/networks HTTP/1.1" status: 201 len: 860 time: 0.2903633
2020-12-02 13:57:05.916 24 INFO neutron.wsgi [req-d093053c-d957-4b33-9c8c-5bfbf9845180 0da1bc1a3acc45d0aca57e504c04ea17 63be5b4f4d784088b73cd36e6114f00e - default default] 10.31.10.2,10.31.10.1 "GET /v2.0/networks HTTP/1.1" status: 200 len: 1596 time: 0.1490784
2020-12-02 13:57:06.212 24 INFO neutron.wsgi [req-59e51c7f-7717-47b3-8081-4a7d78ea5333 0da1bc1a3acc45d0aca57e504c04ea17 63be5b4f4d784088b73cd36e6114f00e - default default] 10.31.10.2,10.31.10.1 "GET /v2.0/networks/3eeb8ac6-e480-4db4-b59c-b2c4d8aae016/dhcp-agents HTTP/1.1" status: 200 len: 1350 time: 0.0285182
2020-12-02 13:57:09.321 24 INFO neutron.wsgi [req-e2571eb1-0e9d-43b7-a9a8-d6ea7e4dcf82 0da1bc1a3acc45d0aca57e504c04ea17 63be5b4f4d784088b73cd36e6114f00e - default default] 10.31.10.2,10.31.10.1 "GET /v2.0/extensions HTTP/1.1" status: 200 len: 14561 time: 0.0126190
2020-12-02 13:57:09.479 23 INFO neutron.wsgi [req-b8863765-1acb-4331-8c2d-443bc8002bac 0da1bc1a3acc45d0aca57e504c04ea17 63be5b4f4d784088b73cd36e6114f00e - default default] 10.31.10.2,10.31.10.1 "GET /v2.0/subnetpools HTTP/1.1" status: 200 len: 193 time: 0.0251570
2020-12-02 13:57:20.286 25 INFO neutron.wsgi [-] 10.31.10.1 "GET / HTTP/1.1" status: 200 len: 228 time: 0.0040929
2020-12-02 13:57:28.779 25 INFO neutron.wsgi [req-6d565bb9-7b5f-432d-b4a5-6041f91a1ab5 0da1bc1a3acc45d0aca57e504c04ea17 63be5b4f4d784088b73cd36e6114f00e - default default] 10.31.10.2,10.31.10.1 "GET /v2.0/availability_zones HTTP/1.1" status: 200 len: 324 time: 0.0248845
2020-12-02 13:57:42.699 21 INFO neutron.wsgi [req-9fd120ff-8bad-472e-9662-5e886ef6a234 0da1bc1a3acc45d0aca57e504c04ea17 63be5b4f4d784088b73cd36e6114f00e - default default] 10.31.10.2,10.31.10.1 "GET /v2.0/availability_zones HTTP/1.1" status: 200 len: 324 time: 0.0241082
2020-12-02 13:57:47.145 21 INFO neutron.wsgi [req-23de6795-3abb-4304-9a41-594fa0d6138f 0da1bc1a3acc45d0aca57e504c04ea17 63be5b4f4d784088b73cd36e6114f00e - default default] 10.31.10.2,10.31.10.1 "GET /v2.0/extensions HTTP/1.1" status: 200 len: 14561 time: 0.0106096
2020-12-02 13:57:47.244 21 INFO neutron.wsgi [req-0948669b-cdb3-47ce-8756-5a900ddfacaa 0da1bc1a3acc45d0aca57e504c04ea17 63be5b4f4d784088b73cd36e6114f00e - default default] 10.31.10.2,10.31.10.1 "GET /v2.0/subnetpools HTTP/1.1" status: 200 len: 193 time: 0.0243163
2020-12-02 13:57:49.454 21 INFO neutron.wsgi [req-21970b11-34df-45e8-93fb-28bd1c1fff60 0da1bc1a3acc45d0aca57e504c04ea17 63be5b4f4d784088b73cd36e6114f00e - default default] 10.31.10.2,10.31.10.1 "GET /v2.0/availability_zones HTTP/1.1" status: 200 len: 324 time: 0.0221417
2020-12-02 13:57:50.472 22 INFO neutron.wsgi [-] 10.31.10.1 "GET / HTTP/1.1" status: 200 len: 228 time: 0.0082099
2020-12-02 13:57:50.790 21 INFO neutron.wsgi [req-950502ac-3efb-44ea-9fb7-43086ceabffd 0da1bc1a3acc45d0aca57e504c04ea17 63be5b4f4d784088b73cd36e6114f00e - default default] 10.31.10.2,10.31.10.1 "POST /v2.0/subnets HTTP/1.1" status: 201 len: 785 time: 0.7594249
2020-12-02 13:57:51.058 21 INFO neutron.wsgi [req-03e8ea83-e412-4b15-a2d9-52527c6aaebf 0da1bc1a3acc45d0aca57e504c04ea17 63be5b4f4d784088b73cd36e6114f00e - default default] 10.31.10.2,10.31.10.1 "GET /v2.0/subnets HTTP/1.1" status: 200 len: 2016 time: 0.0787144
2020-12-02 13:57:51.293 21 INFO neutron.wsgi [req-6c8108a6-16cb-4e40-9d47-91363435fea8 0da1bc1a3acc45d0aca57e504c04ea17 63be5b4f4d784088b73cd36e6114f00e - default default] 10.31.10.2,10.31.10.1 "GET /v2.0/networks/c8e1bba8-da86-4439-a984-1085e84d9405/dhcp-agents HTTP/1.1" status: 200 len: 1350 time: 0.0242176
2020-12-02 13:57:54.880 21 INFO neutron.wsgi [req-336adddf-ef97-4ebd-a530-454e6f468e17 0da1bc1a3acc45d0aca57e504c04ea17 63be5b4f4d784088b73cd36e6114f00e - default default] 10.31.10.2,10.31.10.1 "GET /v2.0/extensions HTTP/1.1" status: 200 len: 14561 time: 0.0112147
2020-12-02 13:57:55.251 21 INFO neutron.wsgi [req-4f912e8e-3f79-488a-b9d7-4938d2d9e133 0da1bc1a3acc45d0aca57e504c04ea17 63be5b4f4d784088b73cd36e6114f00e - default default] 10.31.10.2,10.31.10.1 "GET /v2.0/networks/31d7fa17-bee4-4ca0-8150-8bdf6a8ca8c2 HTTP/1.1" status: 200 len: 899 time: 0.1167660
2020-12-02 13:57:57.673 21 INFO neutron.wsgi [req-74455eb1-131c-4cb2-b761-836164bf98e8 0da1bc1a3acc45d0aca57e504c04ea17 63be5b4f4d784088b73cd36e6114f00e - default default] 10.31.10.2,10.31.10.1 "GET /v2.0/extensions HTTP/1.1" status: 200 len: 14561 time: 0.0103974
2020-12-02 13:57:57.999 21 INFO neutron.wsgi [req-6477a730-166a-496f-a3f1-87fbe1402f5a 0da1bc1a3acc45d0aca57e504c04ea17 63be5b4f4d784088b73cd36e6114f00e - default default] 10.31.10.2,10.31.10.1 "GET /v2.0/subnets/355627ec-9f34-485a-8c9f-63327e7fe7f8 HTTP/1.1" status: 200 len: 815 time: 0.0645466
2020-12-02 13:57:58.486 21 INFO neutron.wsgi [req-0b823040-5558-4dab-a04a-ce4bf5ec4843 0da1bc1a3acc45d0aca57e504c04ea17 63be5b4f4d784088b73cd36e6114f00e - default default] 10.31.10.2,10.31.10.1 "GET /v2.0/subnets/355627ec-9f34-485a-8c9f-63327e7fe7f8 HTTP/1.1" status: 200 len: 815 time: 0.0672414
2020-12-02 13:58:20.657 24 INFO neutron.wsgi [-] 10.31.10.1 "GET / HTTP/1.1" status: 200 len: 228 time: 0.0046563
2020-12-02 13:58:50.836 25 INFO neutron.wsgi [-] 10.31.10.1 "GET / HTTP/1.1" status: 200 len: 228 time: 0.0071378
2020-12-02 13:59:21.023 24 INFO neutron.wsgi [-] 10.31.10.1 "GET / HTTP/1.1" status: 200 len: 228 time: 0.0043895
2020-12-02 13:59:49.414 24 INFO neutron.wsgi [req-38d104c6-ba8c-48a2-ae0e-5a8e3e654412 0da1bc1a3acc45d0aca57e504c04ea17 63be5b4f4d784088b73cd36e6114f00e - default default] 10.31.10.2,10.31.10.1 "GET /v2.0/security-groups?tenant_id=63be5b4f4d784088b73cd36e6114f00e HTTP/1.1" status: 200 len: 2628 time: 0.0614212
2020-12-02 13:59:49.955 24 INFO neutron.wsgi [req-81e33a3c-fe6a-4c9d-b521-41c0013eb78e 0da1bc1a3acc45d0aca57e504c04ea17 63be5b4f4d784088b73cd36e6114f00e - default default] 10.31.10.2,10.31.10.1 "GET /v2.0/networks?shared=True HTTP/1.1" status: 200 len: 902 time: 0.1323071
2020-12-02 13:59:50.157 25 INFO neutron.wsgi [req-53658dc9-150b-40d1-ba50-c173dfa68f65 0da1bc1a3acc45d0aca57e504c04ea17 63be5b4f4d784088b73cd36e6114f00e - default default] 10.31.10.2,10.31.10.1 "GET /v2.0/ports?network_id=c8e1bba8-da86-4439-a984-1085e84d9405 HTTP/1.1" status: 200 len: 186 time: 0.0554991
2020-12-02 13:59:51.202 23 INFO neutron.wsgi [-] 10.31.10.1 "GET / HTTP/1.1" status: 200 len: 228 time: 0.0049715
2020-12-02 13:59:55.451 25 INFO neutron.wsgi [req-baabff98-610e-49e2-aa13-cd09f720294c 0da1bc1a3acc45d0aca57e504c04ea17 63be5b4f4d784088b73cd36e6114f00e - default default] 10.31.10.2,10.31.10.1 "GET /v2.0/extensions HTTP/1.1" status: 200 len: 14561 time: 0.0122821
2020-12-02 14:00:21.390 25 INFO neutron.wsgi [-] 10.31.10.1 "GET / HTTP/1.1" status: 200 len: 228 time: 0.0048437
2020-12-02 14:00:34.472 24 INFO neutron.wsgi [req-2fe001f9-f36c-40a5-b10e-59528abd18f3 0da1bc1a3acc45d0aca57e504c04ea17 63be5b4f4d784088b73cd36e6114f00e - default default] 10.31.10.2,10.31.10.1 "GET /v2.0/networks?tenant_id=63be5b4f4d784088b73cd36e6114f00e&shared=False HTTP/1.1" status: 200 len: 905 time: 0.1345105
2020-12-02 14:00:34.759 21 INFO neutron.wsgi [req-73374da3-6563-4776-b28b-58ce20820b85 0da1bc1a3acc45d0aca57e504c04ea17 63be5b4f4d784088b73cd36e6114f00e - default default] 10.31.10.2,10.31.10.1 "GET /v2.0/extensions HTTP/1.1" status: 200 len: 14561 time: 0.0122817
2020-12-02 14:00:34.808 21 INFO neutron.wsgi [req-38a494de-7181-450d-a112-f7decd39adb2 0da1bc1a3acc45d0aca57e504c04ea17 63be5b4f4d784088b73cd36e6114f00e - default default] 10.31.10.2,10.31.10.1 "GET /v2.0/ports?network_id=c8e1bba8-da86-4439-a984-1085e84d9405 HTTP/1.1" status: 200 len: 186 time: 0.0417409
2020-12-02 14:00:51.548 23 INFO neutron.wsgi [-] 10.31.10.1 "GET / HTTP/1.1" status: 200 len: 228 time: 0.0053887
2020-12-02 14:01:21.763 25 INFO neutron.wsgi [-] 10.31.10.1 "GET / HTTP/1.1" status: 200 len: 228 time: 0.0064352
2020-12-02 14:01:51.936 21 INFO neutron.wsgi [-] 10.31.10.1 "GET / HTTP/1.1" status: 200 len: 228 time: 0.0050638
2020-12-02 14:02:22.110 21 INFO neutron.wsgi [-] 10.31.10.1 "GET / HTTP/1.1" status: 200 len: 228 time: 0.0057321
2020-12-02 14:02:48.285 21 INFO neutron.wsgi [req-69e0368e-9687-4804-92ae-64b82f87e5b5 0da1bc1a3acc45d0aca57e504c04ea17 63be5b4f4d784088b73cd36e6114f00e - default default] 10.31.10.2,10.31.10.1 "GET /v2.0/subnets HTTP/1.1" status: 200 len: 2016 time: 0.0671506
2020-12-02 14:02:48.672 21 INFO neutron.wsgi [req-2ce65884-9ac9-4489-afde-dadaecb2bdd6 0da1bc1a3acc45d0aca57e504c04ea17 63be5b4f4d784088b73cd36e6114f00e - default default] 10.31.10.2,10.31.10.1 "GET /v2.0/extensions HTTP/1.1" status: 200 len: 14561 time: 0.0066893
2020-12-02 14:02:52.296 21 INFO neutron.wsgi [-] 10.31.10.1 "GET / HTTP/1.1" status: 200 len: 228 time: 0.0056078
2020-12-02 14:03:12.152 24 WARNING keystonemiddleware.auth_token [-] A valid token was submitted as a service token, but it was not a valid service token. This is incorrect but backwards compatible behaviour. This will be removed in future releases.
2020-12-02 14:03:12.199 24 INFO neutron.wsgi [req-35a43655-8818-46ab-bdb8-bb46c6235c0e 0da1bc1a3acc45d0aca57e504c04ea17 63be5b4f4d784088b73cd36e6114f00e - default default] 10.31.10.20,10.31.10.1 "GET /v2.0/security-groups?id=b92ca6e7-6354-4c1e-a781-6be287e270a3&fields=id HTTP/1.1" status: 200 len: 243 time: 0.0499794
2020-12-02 14:03:12.496 24 INFO neutron.wsgi [req-23e4e2a8-e9fa-4c1e-8b3c-b9f8d2bc0405 0da1bc1a3acc45d0aca57e504c04ea17 63be5b4f4d784088b73cd36e6114f00e - default default] 10.31.10.20,10.31.10.1 "GET /v2.0/ports?tenant_id=63be5b4f4d784088b73cd36e6114f00e&fields=id HTTP/1.1" status: 200 len: 278 time: 0.0981193
2020-12-02 14:03:13.258 24 INFO neutron.wsgi [req-56e7b6b6-b560-4e58-b11e-21157460732a 851af1939a9b4ff8808a741857d37b46 761947fab1374992bf04ee79f6b6b929 - default default] 10.31.10.20,10.31.10.1 "GET /v2.0/networks/31d7fa17-bee4-4ca0-8150-8bdf6a8ca8c2?fields=provider%3Aphysical_network&fields=provider%3Anetwork_type HTTP/1.1" status: 200 len: 257 time: 0.1286693
2020-12-02 14:03:14.962 24 INFO neutron.wsgi [req-df63bbb9-14d2-4ed8-91ff-46e114bdbd2a 0da1bc1a3acc45d0aca57e504c04ea17 63be5b4f4d784088b73cd36e6114f00e - default default] 10.31.10.2,10.31.10.1 "GET /v2.0/ports?device_id=43362a64-7c50-48f8-b7e2-97a6f3ab6ba6 HTTP/1.1" status: 200 len: 186 time: 0.0469291
2020-12-02 14:03:15.268 24 INFO neutron.wsgi [req-2b664480-c994-4532-96a0-05e349dcbb97 0da1bc1a3acc45d0aca57e504c04ea17 63be5b4f4d784088b73cd36e6114f00e - default default] 10.31.10.2,10.31.10.1 "GET /v2.0/networks HTTP/1.1" status: 200 len: 2312 time: 0.1245351
2020-12-02 14:03:15.697 24 INFO neutron.wsgi [req-dffbbc6e-b710-4279-bf7e-0d71a92620fa 0da1bc1a3acc45d0aca57e504c04ea17 63be5b4f4d784088b73cd36e6114f00e - default default] 10.31.10.2,10.31.10.1 "GET /v2.0/networks?id=31d7fa17-bee4-4ca0-8150-8bdf6a8ca8c2 HTTP/1.1" status: 200 len: 902 time: 0.1210358
2020-12-02 14:03:16.695 25 WARNING keystonemiddleware.auth_token [-] A valid token was submitted as a service token, but it was not a valid service token. This is incorrect but backwards compatible behaviour. This will be removed in future releases.
2020-12-02 14:03:16.767 25 INFO neutron.wsgi [req-07920d31-db3a-4a48-9e4f-cc2618ec885d 0da1bc1a3acc45d0aca57e504c04ea17 63be5b4f4d784088b73cd36e6114f00e - default default] 10.31.10.20,10.31.10.1 "GET /v2.0/ports?device_id=43362a64-7c50-48f8-b7e2-97a6f3ab6ba6 HTTP/1.1" status: 200 len: 1213 time: 0.1460147
2020-12-02 14:03:16.992 25 INFO neutron.wsgi [req-b1ae672d-6c48-4519-a9ce-b70607ef3526 0da1bc1a3acc45d0aca57e504c04ea17 63be5b4f4d784088b73cd36e6114f00e - default default] 10.31.10.2,10.31.10.1 "GET /v2.0/ports?device_id=43362a64-7c50-48f8-b7e2-97a6f3ab6ba6 HTTP/1.1" status: 200 len: 1213 time: 0.0657423
2020-12-02 14:03:17.158 25 INFO neutron.wsgi [req-1a59fafd-0e36-4060-b8c2-86f9f276e7a5 0da1bc1a3acc45d0aca57e504c04ea17 63be5b4f4d784088b73cd36e6114f00e - default default] 10.31.10.2,10.31.10.1 "GET /v2.0/ports?tenant_id=63be5b4f4d784088b73cd36e6114f00e HTTP/1.1" status: 200 len: 3505 time: 0.0695980
2020-12-02 14:03:18.444 25 INFO neutron.wsgi [req-8596a280-4564-4e7b-8999-4599e482d259 0da1bc1a3acc45d0aca57e504c04ea17 63be5b4f4d784088b73cd36e6114f00e - default default] 10.31.10.2,10.31.10.1 "GET /v2.0/security-groups?tenant_id=63be5b4f4d784088b73cd36e6114f00e HTTP/1.1" status: 200 len: 2628 time: 0.0539427
2020-12-02 14:03:18.982 25 INFO neutron.wsgi [req-e42447ab-3f73-4ca7-8959-f1e329916596 851af1939a9b4ff8808a741857d37b46 761947fab1374992bf04ee79f6b6b929 - default default] 10.31.10.2,10.31.10.1 "GET /v2.0/floatingips?fixed_ip_address=10.31.12.174&port_id=b808505d-ff26-458c-9a69-56093e82c8de HTTP/1.1" status: 200 len: 193 time: 0.0612650
2020-12-02 14:03:19.140 25 INFO neutron.wsgi [req-a2d3751a-cb98-4596-95e2-a01f00211ffa 851af1939a9b4ff8808a741857d37b46 761947fab1374992bf04ee79f6b6b929 - default default] 10.31.10.2,10.31.10.1 "GET /v2.0/ports?network_id=31d7fa17-bee4-4ca0-8150-8bdf6a8ca8c2&device_owner=network%3Adhcp HTTP/1.1" status: 200 len: 2479 time: 0.0693204
2020-12-02 14:03:19.283 25 INFO neutron.wsgi [req-aa83d78d-7084-45b2-a798-d89a0b57e9ac 0da1bc1a3acc45d0aca57e504c04ea17 63be5b4f4d784088b73cd36e6114f00e - default default] 10.31.10.2,10.31.10.1 "GET /v2.0/extensions HTTP/1.1" status: 200 len: 14561 time: 0.0117512
2020-12-02 14:03:19.348 25 INFO neutron.wsgi [req-dcafdfce-5cc6-47f9-83ce-3655c1de80bd 0da1bc1a3acc45d0aca57e504c04ea17 63be5b4f4d784088b73cd36e6114f00e - default default] 10.31.10.2,10.31.10.1 "GET /v2.0/ports?network_id=31d7fa17-bee4-4ca0-8150-8bdf6a8ca8c2 HTTP/1.1" status: 200 len: 3605 time: 0.0599043
2020-12-02 14:03:19.694 25 INFO neutron.wsgi [req-f860f92b-7c25-4ed4-a99a-b48e0a114daf 851af1939a9b4ff8808a741857d37b46 761947fab1374992bf04ee79f6b6b929 - default default] 10.31.10.2,10.31.10.1 "GET /v2.0/networks?id=31d7fa17-bee4-4ca0-8150-8bdf6a8ca8c2 HTTP/1.1" status: 200 len: 902 time: 0.1328416
2020-12-02 14:03:20.104 22 INFO neutron.wsgi [req-c3bafb94-b0c2-4943-bdbb-e75291ba8e53 851af1939a9b4ff8808a741857d37b46 761947fab1374992bf04ee79f6b6b929 - default default] 10.31.10.2,10.31.10.1 "GET /v2.0/ports?network_id=31d7fa17-bee4-4ca0-8150-8bdf6a8ca8c2&device_owner=network%3Adhcp HTTP/1.1" status: 200 len: 2479 time: 0.0955777
2020-12-02 14:03:20.581 24 INFO neutron.wsgi [req-81f47fe0-186a-4e7a-97fc-caa1606f23a5 0da1bc1a3acc45d0aca57e504c04ea17 63be5b4f4d784088b73cd36e6114f00e - default default] 10.31.10.20,10.31.10.1 "GET /v2.0/ports?device_id=43362a64-7c50-48f8-b7e2-97a6f3ab6ba6 HTTP/1.1" status: 200 len: 1313 time: 0.0717394
2020-12-02 14:03:20.888 25 INFO neutron.wsgi [req-31f761fa-1612-4bad-b018-0053d3d3729e 0da1bc1a3acc45d0aca57e504c04ea17 63be5b4f4d784088b73cd36e6114f00e - default default] 10.31.10.2,10.31.10.1 "GET /v2.0/floatingips?port_id=b808505d-ff26-458c-9a69-56093e82c8de&tenant_id=63be5b4f4d784088b73cd36e6114f00e HTTP/1.1" status: 200 len: 193 time: 0.0643430
2020-12-02 14:03:21.203 25 INFO neutron.wsgi [req-6105e713-21d2-4e59-bbe1-070c0a075da2 0da1bc1a3acc45d0aca57e504c04ea17 63be5b4f4d784088b73cd36e6114f00e - default default] 10.31.10.2,10.31.10.1 "GET /v2.0/subnets HTTP/1.1" status: 200 len: 2016 time: 0.0553548
2020-12-02 14:03:22.508 21 INFO neutron.wsgi [-] 10.31.10.1 "GET / HTTP/1.1" status: 200 len: 228 time: 0.0096488
2020-12-02 14:03:27.249 21 INFO neutron.wsgi [req-d1c3a3dd-eca7-4a6f-a786-3ba1429bb292 0da1bc1a3acc45d0aca57e504c04ea17 63be5b4f4d784088b73cd36e6114f00e - default default] 10.31.10.2,10.31.10.1 "GET /v2.0/ports?device_id=43362a64-7c50-48f8-b7e2-97a6f3ab6ba6 HTTP/1.1" status: 200 len: 1313 time: 0.0779219
2020-12-02 14:03:27.581 25 INFO neutron.wsgi [req-08cea610-912f-410f-b681-13cf22be047e 0da1bc1a3acc45d0aca57e504c04ea17 63be5b4f4d784088b73cd36e6114f00e - default default] 10.31.10.2,10.31.10.1 "GET /v2.0/networks?id=31d7fa17-bee4-4ca0-8150-8bdf6a8ca8c2 HTTP/1.1" status: 200 len: 902 time: 0.1452537
2020-12-02 14:03:36.063 22 WARNING keystonemiddleware.auth_token [-] A valid token was submitted as a service token, but it was not a valid service token. This is incorrect but backwards compatible behaviour. This will be removed in future releases.
2020-12-02 14:03:36.117 22 INFO neutron.wsgi [req-36cec500-1bf6-4c39-b481-e640e8653cc5 0da1bc1a3acc45d0aca57e504c04ea17 63be5b4f4d784088b73cd36e6114f00e - default default] 10.31.10.3,10.31.10.1 "GET /v2.0/security-groups?id=b92ca6e7-6354-4c1e-a781-6be287e270a3&fields=id&fields=name HTTP/1.1" status: 200 len: 262 time: 0.0566368
2020-12-02 14:03:36.457 22 INFO neutron.wsgi [req-53027253-5db7-43ab-a937-57c7c99fb075 0da1bc1a3acc45d0aca57e504c04ea17 63be5b4f4d784088b73cd36e6114f00e - default default] 10.31.10.2,10.31.10.1 "GET /v2.0/ports?tenant_id=63be5b4f4d784088b73cd36e6114f00e HTTP/1.1" status: 200 len: 3607 time: 0.0709198
2020-12-02 14:03:37.375 22 INFO neutron.wsgi [req-d3795038-fb1b-4878-b949-51435a5941a9 0da1bc1a3acc45d0aca57e504c04ea17 63be5b4f4d784088b73cd36e6114f00e - default default] 10.31.10.3,10.31.10.1 "GET /v2.0/security-groups?id=b92ca6e7-6354-4c1e-a781-6be287e270a3&fields=id HTTP/1.1" status: 200 len: 243 time: 0.0427198
2020-12-02 14:03:37.653 22 INFO neutron.wsgi [req-5a50f57d-47ed-42f6-8fe1-dc63d7719f48 0da1bc1a3acc45d0aca57e504c04ea17 63be5b4f4d784088b73cd36e6114f00e - default default] 10.31.10.3,10.31.10.1 "GET /v2.0/ports?tenant_id=63be5b4f4d784088b73cd36e6114f00e&fields=id HTTP/1.1" status: 200 len: 324 time: 0.0736036
2020-12-02 14:03:38.529 22 INFO neutron.wsgi [req-91f141ba-1ac1-423a-b26c-27ced1a9c980 851af1939a9b4ff8808a741857d37b46 761947fab1374992bf04ee79f6b6b929 - default default] 10.31.10.3,10.31.10.1 "GET /v2.0/extensions HTTP/1.1" status: 200 len: 14561 time: 0.4631598
2020-12-02 14:03:39.103 22 INFO neutron.wsgi [req-e2daaf27-088f-4195-822f-2767b6e79a84 0da1bc1a3acc45d0aca57e504c04ea17 63be5b4f4d784088b73cd36e6114f00e - default default] 10.31.10.2,10.31.10.1 "GET /v2.0/ports?device_id=a1cd5b9c-26b5-413f-8af6-e2fb9f3d8697 HTTP/1.1" status: 200 len: 186 time: 0.0458460
2020-12-02 14:03:40.029 24 INFO neutron.wsgi [req-570e564c-1a2a-437b-9807-25473ddb1d5a 0da1bc1a3acc45d0aca57e504c04ea17 63be5b4f4d784088b73cd36e6114f00e - default default] 10.31.10.2,10.31.10.1 "GET /v2.0/ports?device_id=a1cd5b9c-26b5-413f-8af6-e2fb9f3d8697&device_id=43362a64-7c50-48f8-b7e2-97a6f3ab6ba6 HTTP/1.1" status: 200 len: 1315 time: 0.0703216
2020-12-02 14:03:40.336 22 INFO neutron.wsgi [req-0ee6dede-e74b-41b0-b4b5-cebfe19aff89 0da1bc1a3acc45d0aca57e504c04ea17 63be5b4f4d784088b73cd36e6114f00e - default default] 10.31.10.2,10.31.10.1 "GET /v2.0/networks?id=31d7fa17-bee4-4ca0-8150-8bdf6a8ca8c2 HTTP/1.1" status: 200 len: 902 time: 0.1184125
2020-12-02 14:03:41.101 22 INFO neutron.wsgi [req-74c3c4c0-f145-48e7-9164-cca277df00fe 0da1bc1a3acc45d0aca57e504c04ea17 63be5b4f4d784088b73cd36e6114f00e - default default] 10.31.10.3,10.31.10.1 "GET /v2.0/networks?id=c8e1bba8-da86-4439-a984-1085e84d9405 HTTP/1.1" status: 200 len: 905 time: 0.1463182
2020-12-02 14:03:41.542 21 WARNING keystonemiddleware.auth_token [-] A valid token was submitted as a service token, but it was not a valid service token. This is incorrect but backwards compatible behaviour. This will be removed in future releases.
2020-12-02 14:03:41.575 21 INFO neutron.wsgi [req-d28e1ff5-b358-4825-bcfa-e853ade1db5a 0da1bc1a3acc45d0aca57e504c04ea17 63be5b4f4d784088b73cd36e6114f00e - default default] 10.31.10.20,10.31.10.1 "GET /v2.0/ports?device_id=a1cd5b9c-26b5-413f-8af6-e2fb9f3d8697 HTTP/1.1" status: 200 len: 186 time: 0.0346334
2020-12-02 14:03:41.914 21 INFO neutron.wsgi [req-e0ffc4c2-3d9b-4acd-a1d5-af498d9aefaf 0da1bc1a3acc45d0aca57e504c04ea17 63be5b4f4d784088b73cd36e6114f00e - default default] 10.31.10.2,10.31.10.1 "GET /v2.0/ports?tenant_id=63be5b4f4d784088b73cd36e6114f00e HTTP/1.1" status: 200 len: 4633 time: 0.0668993
2020-12-02 14:03:42.112 22 INFO neutron.wsgi [req-dead65b7-e4eb-4316-9484-d101d5664f12 0da1bc1a3acc45d0aca57e504c04ea17 63be5b4f4d784088b73cd36e6114f00e - default default] 10.31.10.3,10.31.10.1 "GET /v2.0/extensions HTTP/1.1" status: 200 len: 14561 time: 0.0128212
2020-12-02 14:03:43.791 24 INFO neutron.wsgi [req-00c49f08-50ac-40d1-9d40-c6888aa30d9d 0da1bc1a3acc45d0aca57e504c04ea17 63be5b4f4d784088b73cd36e6114f00e - default default] 10.31.10.2,10.31.10.1 "GET /v2.0/extensions HTTP/1.1" status: 200 len: 14561 time: 0.0069017
2020-12-02 14:03:44.301 22 INFO neutron.wsgi [req-3a728a34-6d6a-48cb-8ef1-c268443b0139 851af1939a9b4ff8808a741857d37b46 761947fab1374992bf04ee79f6b6b929 - default default] 10.31.10.3,10.31.10.1 "GET /v2.0/floatingips?fixed_ip_address=10.31.11.100&port_id=902028fa-f267-424a-b762-3bc7354d5423 HTTP/1.1" status: 200 len: 193 time: 0.0610242
2020-12-02 14:03:44.562 22 INFO neutron.wsgi [req-3b164d1e-8100-48a7-afcd-a880d99793ab 851af1939a9b4ff8808a741857d37b46 761947fab1374992bf04ee79f6b6b929 - default default] 10.31.10.3,10.31.10.1 "GET /v2.0/networks/c8e1bba8-da86-4439-a984-1085e84d9405?fields=segments HTTP/1.1" status: 200 len: 188 time: 0.1119237
2020-12-02 14:03:45.151 23 INFO neutron.wsgi [req-83259bf9-9e5a-4082-b350-292394b57a35 851af1939a9b4ff8808a741857d37b46 761947fab1374992bf04ee79f6b6b929 - default default] 10.31.10.3,10.31.10.1 "GET /v2.0/networks?id=c8e1bba8-da86-4439-a984-1085e84d9405 HTTP/1.1" status: 200 len: 905 time: 0.2960365
