2020-12-02 18:01:20.608 23 INFO neutron.wsgi [req-cd1a2b87-82db-463f-bbcc-1942f8d3fb65 0da1bc1a3acc45d0aca57e504c04ea17 63be5b4f4d784088b73cd36e6114f00e - default default] 10.31.10.3,10.31.10.1 "GET /v2.0/ports?tenant_id=63be5b4f4d784088b73cd36e6114f00e HTTP/1.1" status: 200 len: 523992 time: 0.4894881
2020-12-02 18:01:20.894 23 INFO neutron.wsgi [req-cee2ed64-b544-4f31-8963-2d82d1d66048 0da1bc1a3acc45d0aca57e504c04ea17 63be5b4f4d784088b73cd36e6114f00e - default default] 10.31.10.3,10.31.10.1 "GET /v2.0/networks?id=2c8a8247-2c48-4573-ae6f-c56c3fd4f6ec HTTP/1.1" status: 200 len: 884 time: 0.1194475
2020-12-02 18:01:20.903 21 INFO neutron.wsgi [req-91a48abe-8726-432e-9b37-7f9230e86444 0da1bc1a3acc45d0aca57e504c04ea17 63be5b4f4d784088b73cd36e6114f00e - default default] 10.31.10.2,10.31.10.1 "GET /v2.0/security-groups?id=b92ca6e7-6354-4c1e-a781-6be287e270a3&fields=id&fields=name HTTP/1.1" status: 200 len: 262 time: 0.0517712
2020-12-02 18:01:20.925 24 INFO neutron.wsgi [req-b998a129-b195-4321-ad3b-1aff34bead69 0da1bc1a3acc45d0aca57e504c04ea17 63be5b4f4d784088b73cd36e6114f00e - default default] 10.31.10.3,10.31.10.1 "GET /v2.0/ports?tenant_id=63be5b4f4d784088b73cd36e6114f00e HTTP/1.1" status: 200 len: 523992 time: 0.7346578
2020-12-02 18:01:20.996 23 INFO neutron.wsgi [req-8ff9543f-126e-4e82-95ab-f5ec1a83fa6b 0da1bc1a3acc45d0aca57e504c04ea17 63be5b4f4d784088b73cd36e6114f00e - default default] 10.31.10.3,10.31.10.1 "GET /v2.0/ports?device_id=e1081f97-129f-4030-af18-136d0cfcf27a HTTP/1.1" status: 200 len: 1350 time: 0.0701714
2020-12-02 18:01:21.040 25 INFO neutron.wsgi [req-a4c27a84-e9c5-4ca5-9a19-cf2fc67a721e 0da1bc1a3acc45d0aca57e504c04ea17 63be5b4f4d784088b73cd36e6114f00e - default default] 10.31.10.3,10.31.10.1 "GET /v2.0/ports?tenant_id=63be5b4f4d784088b73cd36e6114f00e HTTP/1.1" status: 200 len: 523992 time: 0.6471429
2020-12-02 18:01:21.073 23 INFO neutron.wsgi [req-d8f16425-79d6-4f8d-b7b2-9005ba1e0920 0da1bc1a3acc45d0aca57e504c04ea17 63be5b4f4d784088b73cd36e6114f00e - default default] 10.31.10.2,10.31.10.1 "GET /v2.0/floatingips?tenant_id=63be5b4f4d784088b73cd36e6114f00e HTTP/1.1" status: 200 len: 193 time: 0.0573711
2020-12-02 18:01:21.569 21 INFO neutron.wsgi [req-687ec3e3-66f0-42d7-a673-0adede001b33 0da1bc1a3acc45d0aca57e504c04ea17 63be5b4f4d784088b73cd36e6114f00e - default default] 10.31.10.3,10.31.10.1 "GET /v2.0/subnets HTTP/1.1" status: 200 len: 127848 time: 0.3395185
2020-12-02 18:01:21.906 22 INFO neutron.wsgi [req-533877c2-4df5-4adf-b0f5-657828b89cd0 0da1bc1a3acc45d0aca57e504c04ea17 63be5b4f4d784088b73cd36e6114f00e - default default] 10.31.10.3,10.31.10.1 "GET /v2.0/security-groups?id=b92ca6e7-6354-4c1e-a781-6be287e270a3&fields=id&fields=name HTTP/1.1" status: 200 len: 262 time: 0.0471869
2020-12-02 18:01:22.032 24 INFO neutron.wsgi [req-f3e805b3-5554-4c35-907b-e9002ba40569 0da1bc1a3acc45d0aca57e504c04ea17 63be5b4f4d784088b73cd36e6114f00e - default default] 10.31.10.3,10.31.10.1 "GET /v2.0/security-groups?id=b92ca6e7-6354-4c1e-a781-6be287e270a3&fields=id&fields=name HTTP/1.1" status: 200 len: 262 time: 0.0427709
2020-12-02 18:01:22.043 27 INFO neutron.db.l3_db [req-c3c85a26-b9b0-452e-a686-353f96ca8d76 - - - - -] Skipping port 583113cd-e147-4e9f-9ea6-2af3c23c3c5f as no IP is configure on it
2020-12-02 18:01:22.044 27 INFO neutron.db.l3_db [req-c3c85a26-b9b0-452e-a686-353f96ca8d76 - - - - -] Skipping port 583113cd-e147-4e9f-9ea6-2af3c23c3c5f as no IP is configure on it
2020-12-02 18:01:22.080 25 INFO neutron.wsgi [req-f7ffc292-6827-4460-967d-c6eed708f277 0da1bc1a3acc45d0aca57e504c04ea17 63be5b4f4d784088b73cd36e6114f00e - default default] 10.31.10.3,10.31.10.1 "GET /v2.0/ports?device_id=da55f468-a5ac-4764-ae10-60dc9db1d416 HTTP/1.1" status: 200 len: 1355 time: 0.0757630
2020-12-02 18:01:22.152 23 INFO neutron.wsgi [req-62653dae-5a02-418b-83ca-63476e4f45df 0da1bc1a3acc45d0aca57e504c04ea17 63be5b4f4d784088b73cd36e6114f00e - default default] 10.31.10.3,10.31.10.1 "GET /v2.0/floatingips?port_id=c030e964-6d30-4271-b157-ad6ca8564b34&tenant_id=63be5b4f4d784088b73cd36e6114f00e HTTP/1.1" status: 200 len: 193 time: 0.0607517
2020-12-02 18:01:22.797 23 INFO neutron.wsgi [req-ee8670b6-b982-4a70-9842-9b069b8dd463 0da1bc1a3acc45d0aca57e504c04ea17 63be5b4f4d784088b73cd36e6114f00e - default default] 10.31.10.3,10.31.10.1 "GET /v2.0/ports?tenant_id=63be5b4f4d784088b73cd36e6114f00e HTTP/1.1" status: 200 len: 523994 time: 0.6346009
2020-12-02 18:01:22.797 24 INFO neutron.wsgi [req-a02e9df4-14dd-4f28-baae-e0132ee1688c 0da1bc1a3acc45d0aca57e504c04ea17 63be5b4f4d784088b73cd36e6114f00e - default default] 10.31.10.3,10.31.10.1 "GET /v2.0/ports?tenant_id=63be5b4f4d784088b73cd36e6114f00e HTTP/1.1" status: 200 len: 523994 time: 0.5250595
2020-12-02 18:01:22.984 24 INFO neutron.wsgi [req-96be8c4c-79d3-4a44-8957-d43c3927fb8a 0da1bc1a3acc45d0aca57e504c04ea17 63be5b4f4d784088b73cd36e6114f00e - default default] 10.31.10.3,10.31.10.1 "GET /v2.0/networks?id=5a63d595-952c-4781-840b-8e90810d0ea4 HTTP/1.1" status: 200 len: 884 time: 0.1280279
2020-12-02 18:01:23.015 21 INFO neutron.wsgi [req-50b42422-2ce7-43bd-997b-20a63d33f82c 0da1bc1a3acc45d0aca57e504c04ea17 63be5b4f4d784088b73cd36e6114f00e - default default] 10.31.10.3,10.31.10.1 "GET /v2.0/ports?tenant_id=63be5b4f4d784088b73cd36e6114f00e HTTP/1.1" status: 200 len: 523994 time: 0.6655612
2020-12-02 18:01:23.266 24 INFO neutron.wsgi [req-6c6a4302-2aa4-40a4-9bb9-19f442842845 0da1bc1a3acc45d0aca57e504c04ea17 63be5b4f4d784088b73cd36e6114f00e - default default] 10.31.10.3,10.31.10.1 "GET /v2.0/networks?id=379a69a4-55ed-4fcc-9389-31acd75527bf HTTP/1.1" status: 200 len: 884 time: 0.2787690
2020-12-02 18:01:23.370 27 INFO neutron.db.l3_db [req-c3c85a26-b9b0-452e-a686-353f96ca8d76 - - - - -] Skipping port 583113cd-e147-4e9f-9ea6-2af3c23c3c5f as no IP is configure on it
2020-12-02 18:01:23.370 27 INFO neutron.db.l3_db [req-c3c85a26-b9b0-452e-a686-353f96ca8d76 - - - - -] Skipping port 583113cd-e147-4e9f-9ea6-2af3c23c3c5f as no IP is configure on it
2020-12-02 18:01:23.546 21 INFO neutron.wsgi [req-5bf905e4-a21f-46c0-8a2e-e9e3a0208e52 0da1bc1a3acc45d0aca57e504c04ea17 63be5b4f4d784088b73cd36e6114f00e - default default] 10.31.10.3,10.31.10.1 "GET /v2.0/subnets HTTP/1.1" status: 200 len: 127848 time: 0.3442121
2020-12-02 18:01:23.848 22 INFO neutron.wsgi [req-e1c9a6ed-3102-4110-94e2-fc19e275f60d 0da1bc1a3acc45d0aca57e504c04ea17 63be5b4f4d784088b73cd36e6114f00e - default default] 10.31.10.2,10.31.10.1 "GET /v2.0/security-groups?id=b92ca6e7-6354-4c1e-a781-6be287e270a3&fields=id&fields=name HTTP/1.1" status: 200 len: 262 time: 0.0368586
2020-12-02 18:01:26.614 24 INFO neutron.wsgi [req-3683eb5a-9edc-40af-b3f1-61e69dbf1f12 0da1bc1a3acc45d0aca57e504c04ea17 63be5b4f4d784088b73cd36e6114f00e - default default] 192.168.208.187,10.31.10.1 "GET /v2.0/ports/81277ac0-4989-4be9-b08d-4a48c51ad4b1 HTTP/1.1" status: 200 len: 1220 time: 0.0602927
2020-12-02 18:01:26.747 24 INFO neutron.wsgi [req-77d42686-7f60-465f-ba34-bbb568dee9fa 0da1bc1a3acc45d0aca57e504c04ea17 63be5b4f4d784088b73cd36e6114f00e - default default] 192.168.208.187,10.31.10.1 "GET /v2.0/ports/81277ac0-4989-4be9-b08d-4a48c51ad4b1 HTTP/1.1" status: 200 len: 1220 time: 0.0608375
2020-12-02 18:01:27.644 24 INFO neutron.wsgi [req-86d66e7f-e9ae-4115-a60f-8d58d527c59d 0da1bc1a3acc45d0aca57e504c04ea17 63be5b4f4d784088b73cd36e6114f00e - default default] 10.31.10.2,10.31.10.1 "GET /v2.0/ports?tenant_id=63be5b4f4d784088b73cd36e6114f00e HTTP/1.1" status: 200 len: 523997 time: 0.5384743
2020-12-02 18:01:28.131 21 INFO neutron.wsgi [req-64303566-d900-425c-8c5d-bc451cc260ba 0da1bc1a3acc45d0aca57e504c04ea17 63be5b4f4d784088b73cd36e6114f00e - default default] 10.31.10.20,10.31.10.1 "GET /v2.0/ports?tenant_id=63be5b4f4d784088b73cd36e6114f00e&fields=id HTTP/1.1" status: 200 len: 21210 time: 0.5916080
2020-12-02 18:01:28.384 22 INFO neutron.wsgi [req-9397f2a4-2c77-4cac-9bfd-38aa07ab6ccc 0da1bc1a3acc45d0aca57e504c04ea17 63be5b4f4d784088b73cd36e6114f00e - default default] 10.31.10.2,10.31.10.1 "GET /v2.0/security-groups?id=b92ca6e7-6354-4c1e-a781-6be287e270a3&fields=id&fields=name HTTP/1.1" status: 200 len: 262 time: 0.0424719
2020-12-02 18:01:28.757 21 INFO neutron.wsgi [req-ccdf6385-36b3-4162-b57e-4fd6134f7491 0da1bc1a3acc45d0aca57e504c04ea17 63be5b4f4d784088b73cd36e6114f00e - default default] 10.31.10.20,10.31.10.1 "GET /v2.0/ports?device_id=67737d72-9310-441e-b6e3-d5b6bce57d8b HTTP/1.1" status: 200 len: 1355 time: 0.0780060
2020-12-02 18:01:29.368 24 INFO neutron.wsgi [req-fd5132e7-1479-4b08-ba87-78c34f717dd5 0da1bc1a3acc45d0aca57e504c04ea17 63be5b4f4d784088b73cd36e6114f00e - default default] 10.31.10.3,10.31.10.1 "GET /v2.0/ports?device_id=2b085d28-02db-4194-8d15-3bbfd392d10b HTTP/1.1" status: 200 len: 1355 time: 0.0813882
2020-12-02 18:01:29.382 23 INFO neutron.wsgi [req-7e844cf9-92c3-484e-8d8c-ed4551ad9289 0da1bc1a3acc45d0aca57e504c04ea17 63be5b4f4d784088b73cd36e6114f00e - default default] 10.31.10.3,10.31.10.1 "GET /v2.0/ports?device_id=e1081f97-129f-4030-af18-136d0cfcf27a HTTP/1.1" status: 200 len: 1350 time: 0.0740457
2020-12-02 18:01:29.423 23 INFO neutron.wsgi [req-2e77d4c1-0690-4119-8369-2f264459b56d 0da1bc1a3acc45d0aca57e504c04ea17 63be5b4f4d784088b73cd36e6114f00e - default default] 10.31.10.3,10.31.10.1 "GET /v2.0/security-groups?id=b92ca6e7-6354-4c1e-a781-6be287e270a3&fields=id&fields=name HTTP/1.1" status: 200 len: 262 time: 0.0355141
2020-12-02 18:01:29.456 24 INFO neutron.wsgi [req-4dfa4519-dddc-48e6-84c9-9ac8cbed2535 0da1bc1a3acc45d0aca57e504c04ea17 63be5b4f4d784088b73cd36e6114f00e - default default] 10.31.10.2,10.31.10.1 "GET /v2.0/security-groups?id=b92ca6e7-6354-4c1e-a781-6be287e270a3&fields=id&fields=name HTTP/1.1" status: 200 len: 262 time: 0.0434461
2020-12-02 18:01:29.607 21 INFO neutron.wsgi [req-faf71102-b7b6-4206-a320-c265045b5145 0da1bc1a3acc45d0aca57e504c04ea17 63be5b4f4d784088b73cd36e6114f00e - default default] 10.31.10.3,10.31.10.1 "GET /v2.0/ports?device_id=da55f468-a5ac-4764-ae10-60dc9db1d416 HTTP/1.1" status: 200 len: 1355 time: 0.0656712
2020-12-02 18:01:29.668 21 INFO neutron.wsgi [req-34c2fea0-6cf7-42a7-bdce-ac0ab866b004 0da1bc1a3acc45d0aca57e504c04ea17 63be5b4f4d784088b73cd36e6114f00e - default default] 10.31.10.3,10.31.10.1 "GET /v2.0/floatingips?port_id=e87bcd52-0e35-45b6-9066-eabf54935c65&tenant_id=63be5b4f4d784088b73cd36e6114f00e HTTP/1.1" status: 200 len: 193 time: 0.0560758
2020-12-02 18:01:29.715 24 INFO neutron.wsgi [req-66de511b-7011-4ecb-84b2-58a6930d0628 0da1bc1a3acc45d0aca57e504c04ea17 63be5b4f4d784088b73cd36e6114f00e - default default] 10.31.10.3,10.31.10.1 "GET /v2.0/floatingips?port_id=03e99727-4e00-4b01-96f7-3cc3597d5c85&tenant_id=63be5b4f4d784088b73cd36e6114f00e HTTP/1.1" status: 200 len: 193 time: 0.0660772
2020-12-02 18:01:29.765 23 INFO neutron.wsgi [req-2df808e4-6d6c-4cf6-8f77-0b739a28f3fa 0da1bc1a3acc45d0aca57e504c04ea17 63be5b4f4d784088b73cd36e6114f00e - default default] 10.31.10.3,10.31.10.1 "GET /v2.0/floatingips?port_id=e8944381-e001-45c1-9caf-68e36fcb8910&tenant_id=63be5b4f4d784088b73cd36e6114f00e HTTP/1.1" status: 200 len: 193 time: 0.0589228
2020-12-02 18:01:30.533 24 INFO neutron.wsgi [req-41109036-0040-4b58-bfe5-3bb8c658b849 0da1bc1a3acc45d0aca57e504c04ea17 63be5b4f4d784088b73cd36e6114f00e - default default] 10.31.10.3,10.31.10.1 "GET /v2.0/ports?tenant_id=63be5b4f4d784088b73cd36e6114f00e HTTP/1.1" status: 200 len: 523997 time: 0.7166295
2020-12-02 18:01:30.546 25 INFO neutron.wsgi [req-c5d3cf90-e026-4dec-ac35-9b825ef26cee 0da1bc1a3acc45d0aca57e504c04ea17 63be5b4f4d784088b73cd36e6114f00e - default default] 10.31.10.3,10.31.10.1 "GET /v2.0/networks?id=2c8a8247-2c48-4573-ae6f-c56c3fd4f6ec HTTP/1.1" status: 200 len: 884 time: 0.1255732
2020-12-02 18:01:30.717 24 INFO neutron.wsgi [req-a5fe6542-9b05-4f1b-a311-617cfbceaf2d 0da1bc1a3acc45d0aca57e504c04ea17 63be5b4f4d784088b73cd36e6114f00e - default default] 10.31.10.3,10.31.10.1 "GET /v2.0/networks?id=5a63d595-952c-4781-840b-8e90810d0ea4 HTTP/1.1" status: 200 len: 884 time: 0.1257682
2020-12-02 18:01:30.981 22 INFO neutron.wsgi [req-432314c0-9a39-4c17-b8e9-e229171dc658 0da1bc1a3acc45d0aca57e504c04ea17 63be5b4f4d784088b73cd36e6114f00e - default default] 10.31.10.3,10.31.10.1 "GET /v2.0/subnets HTTP/1.1" status: 200 len: 127848 time: 0.4782865
2020-12-02 18:01:31.420 22 INFO neutron.wsgi [req-83d7c6cd-196d-4cac-a26c-a7373a0a53b3 0da1bc1a3acc45d0aca57e504c04ea17 63be5b4f4d784088b73cd36e6114f00e - default default] 10.31.10.20,10.31.10.1 "GET /v2.0/ports?device_id=9740581a-2ad1-4610-9340-011af592cc0b HTTP/1.1" status: 200 len: 1343 time: 0.0782547
2020-12-02 18:01:31.574 22 INFO neutron.wsgi [req-35d0bdd7-7f4d-4208-85df-234fb8459b1e 0da1bc1a3acc45d0aca57e504c04ea17 63be5b4f4d784088b73cd36e6114f00e - default default] 10.31.10.3,10.31.10.1 "GET /v2.0/ports?device_id=e1081f97-129f-4030-af18-136d0cfcf27a HTTP/1.1" status: 200 len: 1350 time: 0.0811815
2020-12-02 18:01:31.618 22 INFO neutron.wsgi [req-62e32866-cda1-4c60-8466-dfb416d48613 0da1bc1a3acc45d0aca57e504c04ea17 63be5b4f4d784088b73cd36e6114f00e - default default] 10.31.10.3,10.31.10.1 "GET /v2.0/security-groups?id=b92ca6e7-6354-4c1e-a781-6be287e270a3&fields=id&fields=name HTTP/1.1" status: 200 len: 262 time: 0.0330672
2020-12-02 18:01:31.717 22 INFO neutron.wsgi [req-d19161e6-5629-4e06-91fc-33857d8f87a8 0da1bc1a3acc45d0aca57e504c04ea17 63be5b4f4d784088b73cd36e6114f00e - default default] 10.31.10.20,10.31.10.1 "GET /v2.0/ports?device_id=ed98c271-ff5f-4b49-9e15-24c57894fdc5 HTTP/1.1" status: 200 len: 1350 time: 0.0677891
2020-12-02 18:01:31.761 22 INFO neutron.wsgi [req-61dd307b-d926-459a-b065-ff5371f29712 0da1bc1a3acc45d0aca57e504c04ea17 63be5b4f4d784088b73cd36e6114f00e - default default] 10.31.10.20,10.31.10.1 "GET /v2.0/security-groups?id=b92ca6e7-6354-4c1e-a781-6be287e270a3&fields=id&fields=name HTTP/1.1" status: 200 len: 262 time: 0.0334435
2020-12-02 18:01:31.869 24 INFO neutron.wsgi [req-07164918-49bf-4e23-b1c1-4e27ad06a87e 0da1bc1a3acc45d0aca57e504c04ea17 63be5b4f4d784088b73cd36e6114f00e - default default] 10.31.10.20,10.31.10.1 "POST /v2.0/ports HTTP/1.1" status: 201 len: 1227 time: 0.8153262
2020-12-02 18:01:31.928 25 INFO neutron.wsgi [req-88e5f433-c701-4c54-9a08-9b619fbe6106 0da1bc1a3acc45d0aca57e504c04ea17 63be5b4f4d784088b73cd36e6114f00e - default default] 10.31.10.3,10.31.10.1 "GET /v2.0/ports?device_id=ed98c271-ff5f-4b49-9e15-24c57894fdc5 HTTP/1.1" status: 200 len: 1350 time: 0.0695095
2020-12-02 18:01:31.993 25 INFO neutron.wsgi [req-bd167170-86e7-4c76-97ee-0d4a37bc2d94 0da1bc1a3acc45d0aca57e504c04ea17 63be5b4f4d784088b73cd36e6114f00e - default default] 10.31.10.3,10.31.10.1 "GET /v2.0/floatingips?port_id=d99479d3-4e3d-4fc2-ada3-f17d1d53e84f&tenant_id=63be5b4f4d784088b73cd36e6114f00e HTTP/1.1" status: 200 len: 193 time: 0.0538862
2020-12-02 18:01:32.233 21 INFO neutron.wsgi [req-9e327311-4a9f-4799-8055-ae1818d26e0b 0da1bc1a3acc45d0aca57e504c04ea17 63be5b4f4d784088b73cd36e6114f00e - default default] 10.31.10.3,10.31.10.1 "GET /v2.0/ports?tenant_id=63be5b4f4d784088b73cd36e6114f00e HTTP/1.1" status: 200 len: 525037 time: 0.4781818
2020-12-02 18:01:32.413 24 INFO neutron.wsgi [req-0e19f5e6-446f-4b8e-a357-b53f7797033f 0da1bc1a3acc45d0aca57e504c04ea17 63be5b4f4d784088b73cd36e6114f00e - default default] 10.31.10.3,10.31.10.1 "GET /v2.0/ports?device_id=ed98c271-ff5f-4b49-9e15-24c57894fdc5 HTTP/1.1" status: 200 len: 1350 time: 0.0967333
2020-12-02 18:01:32.576 24 INFO neutron.wsgi [req-19bf45ae-8cde-4526-8f6c-4af0038b3c25 0da1bc1a3acc45d0aca57e504c04ea17 63be5b4f4d784088b73cd36e6114f00e - default default] 10.31.10.3,10.31.10.1 "GET /v2.0/networks?id=212f8e72-ffd0-4e55-82eb-3c0bfb9c81dd HTTP/1.1" status: 200 len: 884 time: 0.1271851
2020-12-02 18:01:32.940 25 INFO neutron.wsgi [req-b52dee8b-bf1e-48e6-93ec-acb95256fbe1 0da1bc1a3acc45d0aca57e504c04ea17 63be5b4f4d784088b73cd36e6114f00e - default default] 10.31.10.3,10.31.10.1 "GET /v2.0/networks?id=379a69a4-55ed-4fcc-9389-31acd75527bf HTTP/1.1" status: 200 len: 884 time: 0.1312394
2020-12-02 18:01:33.292 25 INFO neutron.wsgi [req-a99dba77-9ceb-4c39-8637-70af8f0fe003 0da1bc1a3acc45d0aca57e504c04ea17 63be5b4f4d784088b73cd36e6114f00e - default default] 10.31.10.3,10.31.10.1 "GET /v2.0/subnets HTTP/1.1" status: 200 len: 127848 time: 0.3414960
2020-12-02 18:01:33.743 23 INFO neutron.wsgi [req-f0574586-54a0-41f4-96e8-24a905e49efe 851af1939a9b4ff8808a741857d37b46 761947fab1374992bf04ee79f6b6b929 - default default] 10.31.10.20,10.31.10.1 "GET /v2.0/ports?tenant_id=63be5b4f4d784088b73cd36e6114f00e&device_id=a1125516-221e-4259-9e4a-acd2debd91df HTTP/1.1" status: 200 len: 1355 time: 0.0887835
2020-12-02 18:01:33.985 23 INFO neutron.wsgi [req-06ac6df4-8ade-4d08-807b-931afee92d1c 851af1939a9b4ff8808a741857d37b46 761947fab1374992bf04ee79f6b6b929 - default default] 10.31.10.20,10.31.10.1 "GET /v2.0/ports?network_id=a52c48e2-7c56-4d3c-8a30-9f3f35a80ecf&device_owner=network%3Adhcp HTTP/1.1" status: 200 len: 2503 time: 0.0771830
2020-12-02 18:01:34.143 23 INFO neutron.wsgi [req-21be72ca-ccfd-485c-9548-5d104aaa65d9 0da1bc1a3acc45d0aca57e504c04ea17 63be5b4f4d784088b73cd36e6114f00e - default default] 10.31.10.3,10.31.10.1 "GET /v2.0/security-groups?id=b92ca6e7-6354-4c1e-a781-6be287e270a3&fields=id&fields=name HTTP/1.1" status: 200 len: 262 time: 0.0442607
2020-12-02 18:01:34.752 25 INFO neutron.wsgi [req-bd671c4f-be08-4003-9055-36220ff7b632 851af1939a9b4ff8808a741857d37b46 761947fab1374992bf04ee79f6b6b929 - default default] 10.31.10.20,10.31.10.1 "GET /v2.0/networks?id=a52c48e2-7c56-4d3c-8a30-9f3f35a80ecf HTTP/1.1" status: 200 len: 884 time: 0.1332812
2020-12-02 18:01:35.010 25 INFO neutron.wsgi [req-076ac6a7-d9f5-476a-b254-f885be8e6bc3 851af1939a9b4ff8808a741857d37b46 761947fab1374992bf04ee79f6b6b929 - default default] 10.31.10.20,10.31.10.1 "GET /v2.0/ports?network_id=a52c48e2-7c56-4d3c-8a30-9f3f35a80ecf&device_owner=network%3Adhcp HTTP/1.1" status: 200 len: 2503 time: 0.0762932
2020-12-02 18:01:36.619 22 INFO neutron.wsgi [req-1d7c3b74-ac0e-4777-847e-e5b4c56bc47d 0da1bc1a3acc45d0aca57e504c04ea17 63be5b4f4d784088b73cd36e6114f00e - default default] 10.31.10.20,10.31.10.1 "GET /v2.0/ports?device_id=2b085d28-02db-4194-8d15-3bbfd392d10b HTTP/1.1" status: 200 len: 1355 time: 0.0950074
2020-12-02 18:01:37.019 22 INFO neutron.wsgi [req-1fc2271a-9751-4400-a5e0-1e33908e38c5 0da1bc1a3acc45d0aca57e504c04ea17 63be5b4f4d784088b73cd36e6114f00e - default default] 10.31.10.2,10.31.10.1 "GET /v2.0/security-groups?id=b92ca6e7-6354-4c1e-a781-6be287e270a3&fields=id&fields=name HTTP/1.1" status: 200 len: 262 time: 0.0425279
2020-12-02 18:01:38.914 23 INFO neutron.wsgi [req-a1b5968d-8680-489d-9735-19daf5e4fe57 0da1bc1a3acc45d0aca57e504c04ea17 63be5b4f4d784088b73cd36e6114f00e - default default] 10.31.10.20,10.31.10.1 "GET /v2.0/ports?device_id=a1125516-221e-4259-9e4a-acd2debd91df HTTP/1.1" status: 200 len: 1355 time: 0.0650141
2020-12-02 18:01:39.057 24 INFO neutron.wsgi [req-13773c6f-d80e-4db4-bba7-836f5c3b1a43 0da1bc1a3acc45d0aca57e504c04ea17 63be5b4f4d784088b73cd36e6114f00e - default default] 10.31.10.2,10.31.10.1 "GET /v2.0/security-groups?id=b92ca6e7-6354-4c1e-a781-6be287e270a3&fields=id&fields=name HTTP/1.1" status: 200 len: 262 time: 0.0525892
2020-12-02 18:01:39.164 22 INFO neutron.wsgi [req-5274be40-92f4-4f23-912a-48e5eb46d9c6 0da1bc1a3acc45d0aca57e504c04ea17 63be5b4f4d784088b73cd36e6114f00e - default default] 10.31.10.3,10.31.10.1 "GET /v2.0/security-groups?id=b92ca6e7-6354-4c1e-a781-6be287e270a3&fields=id&fields=name HTTP/1.1" status: 200 len: 262 time: 0.0456128
2020-12-02 18:01:41.495 22 INFO neutron.wsgi [req-442a7336-f0a9-4334-bb4a-ad401fa36664 0da1bc1a3acc45d0aca57e504c04ea17 63be5b4f4d784088b73cd36e6114f00e - default default] 10.31.10.20,10.31.10.1 "GET /v2.0/ports?device_id=9740581a-2ad1-4610-9340-011af592cc0b HTTP/1.1" status: 200 len: 1343 time: 0.0781689
2020-12-02 18:01:41.939 22 INFO neutron.wsgi [req-765097b5-42f9-46c9-922f-61cb96a71016 0da1bc1a3acc45d0aca57e504c04ea17 63be5b4f4d784088b73cd36e6114f00e - default default] 10.31.10.2,10.31.10.1 "GET /v2.0/security-groups?id=b92ca6e7-6354-4c1e-a781-6be287e270a3&fields=id&fields=name HTTP/1.1" status: 200 len: 262 time: 0.0442493
2020-12-02 18:01:42.879 23 INFO neutron.wsgi [req-f2034b7f-ed63-4376-95fa-88c9a7fe9c6c 0da1bc1a3acc45d0aca57e504c04ea17 63be5b4f4d784088b73cd36e6114f00e - default default] 10.31.10.20,10.31.10.1 "GET /v2.0/ports?device_id=ed98c271-ff5f-4b49-9e15-24c57894fdc5 HTTP/1.1" status: 200 len: 1350 time: 0.0750728
2020-12-02 18:01:44.440 22 INFO neutron.wsgi [req-fa03af7b-916c-4797-bfac-85692f22b122 0da1bc1a3acc45d0aca57e504c04ea17 63be5b4f4d784088b73cd36e6114f00e - default default] 10.31.10.3,10.31.10.1 "GET /v2.0/security-groups?id=b92ca6e7-6354-4c1e-a781-6be287e270a3&fields=id&fields=name HTTP/1.1" status: 200 len: 262 time: 0.0471845
2020-12-02 18:01:45.649 22 INFO neutron.wsgi [req-bcc3da5a-c2f8-4136-ab03-8bd0fba1cf43 0da1bc1a3acc45d0aca57e504c04ea17 63be5b4f4d784088b73cd36e6114f00e - default default] 10.31.10.2,10.31.10.1 "GET /v2.0/ports?tenant_id=63be5b4f4d784088b73cd36e6114f00e HTTP/1.1" status: 200 len: 525177 time: 0.5145152
2020-12-02 18:01:46.872 24 INFO neutron.wsgi [req-ff9ac351-cfaf-4c8e-873b-131a0acc3540 851af1939a9b4ff8808a741857d37b46 761947fab1374992bf04ee79f6b6b929 - default default] 10.31.10.2,10.31.10.1 "GET /v2.0/ports?device_id=1e79b623-8498-499d-8319-1d3288182a89&fields=binding%3Ahost_id&fields=binding%3Avif_type HTTP/1.1" status: 200 len: 238 time: 0.0864127
2020-12-02 18:01:46.993 24 INFO neutron.wsgi [req-9a9a4aa5-a522-43c8-b546-a0d9549a5d0e 0da1bc1a3acc45d0aca57e504c04ea17 63be5b4f4d784088b73cd36e6114f00e - default default] 10.31.10.20,10.31.10.1 "GET /v2.0/security-groups?id=b92ca6e7-6354-4c1e-a781-6be287e270a3&fields=id&fields=name HTTP/1.1" status: 200 len: 262 time: 0.0461779
2020-12-02 18:01:47.257 23 INFO neutron.wsgi [req-c24a5a91-26b8-4567-97b0-558c7a07901e 851af1939a9b4ff8808a741857d37b46 761947fab1374992bf04ee79f6b6b929 - default default] 10.31.10.2,10.31.10.1 "GET /v2.0/floatingips?fixed_ip_address=192.168.81.4&port_id=d4f3c457-757a-4d67-93e9-208f5ab91652 HTTP/1.1" status: 200 len: 193 time: 0.0614936
2020-12-02 18:01:47.443 22 INFO neutron.wsgi [req-fafc5002-7f16-4a30-a0e2-2680973dfe65 851af1939a9b4ff8808a741857d37b46 761947fab1374992bf04ee79f6b6b929 - default default] 10.31.10.2,10.31.10.1 "GET /v2.0/ports?network_id=2a9a479f-e84f-411f-b574-55f45ccc6c6f&device_owner=network%3Adhcp HTTP/1.1" status: 200 len: 2495 time: 0.0845678
2020-12-02 18:01:48.520 25 INFO neutron.wsgi [req-786ab6ba-9e8e-4b96-9d20-a2ef082ba394 0da1bc1a3acc45d0aca57e504c04ea17 63be5b4f4d784088b73cd36e6114f00e - default default] 10.31.10.3,10.31.10.1 "GET /v2.0/ports?device_id=a1125516-221e-4259-9e4a-acd2debd91df HTTP/1.1" status: 200 len: 1357 time: 0.0727677
2020-12-02 18:01:48.766 23 INFO neutron.wsgi [-] 10.31.10.1 "GET / HTTP/1.1" status: 200 len: 228 time: 0.0062573
2020-12-02 18:01:48.912 24 INFO neutron.wsgi [req-03d7cf28-e2f0-4e6d-9a00-01b24901e540 0da1bc1a3acc45d0aca57e504c04ea17 63be5b4f4d784088b73cd36e6114f00e - default default] 10.31.10.2,10.31.10.1 "GET /v2.0/ports?device_id=d3090d59-ea70-4208-a5ab-306d217f0db4 HTTP/1.1" status: 200 len: 1355 time: 0.0745640
2020-12-02 18:01:49.115 24 INFO neutron.wsgi [req-83385525-67b5-43be-b419-2d12cf9ce785 0da1bc1a3acc45d0aca57e504c04ea17 63be5b4f4d784088b73cd36e6114f00e - default default] 10.31.10.3,10.31.10.1 "GET /v2.0/ports?device_id=a1125516-221e-4259-9e4a-acd2debd91df HTTP/1.1" status: 200 len: 1357 time: 0.0717158
2020-12-02 18:01:49.367 23 INFO neutron.wsgi [req-af7d66b5-c6a3-4f69-b2f8-f352884307b4 0da1bc1a3acc45d0aca57e504c04ea17 63be5b4f4d784088b73cd36e6114f00e - default default] 10.31.10.20,10.31.10.1 "GET /v2.0/security-groups?id=b92ca6e7-6354-4c1e-a781-6be287e270a3&fields=id&fields=name HTTP/1.1" status: 200 len: 262 time: 0.0452051
2020-12-02 18:01:49.520 21 INFO neutron.wsgi [req-c0914224-1243-41ce-a62b-d4d37946b93c 0da1bc1a3acc45d0aca57e504c04ea17 63be5b4f4d784088b73cd36e6114f00e - default default] 10.31.10.2,10.31.10.1 "GET /v2.0/security-groups?id=b92ca6e7-6354-4c1e-a781-6be287e270a3&fields=id&fields=name HTTP/1.1" status: 200 len: 262 time: 0.0479989
2020-12-02 18:01:50.504 25 INFO neutron.wsgi [req-2ab106a2-8b59-476b-b638-1c6b6973d132 0da1bc1a3acc45d0aca57e504c04ea17 63be5b4f4d784088b73cd36e6114f00e - default default] 192.168.208.187,10.31.10.1 "GET /v2.0/networks?name=test-net-40&status=ACTIVE HTTP/1.1" status: 200 len: 884 time: 0.1450226
2020-12-02 18:01:51.466 21 INFO neutron.wsgi [req-ea09ca3a-0adf-447e-99d0-8244f4ae1bd9 0da1bc1a3acc45d0aca57e504c04ea17 63be5b4f4d784088b73cd36e6114f00e - default default] 10.31.10.3,10.31.10.1 "GET /v2.0/ports?tenant_id=63be5b4f4d784088b73cd36e6114f00e&fields=id HTTP/1.1" status: 200 len: 21256 time: 0.5929093
2020-12-02 18:01:51.506 21 INFO neutron.wsgi [req-59f75b26-5997-4911-bef5-7aaba679648b 0da1bc1a3acc45d0aca57e504c04ea17 63be5b4f4d784088b73cd36e6114f00e - default default] 10.31.10.20,10.31.10.1 "GET /v2.0/security-groups?id=b92ca6e7-6354-4c1e-a781-6be287e270a3&fields=id&fields=name HTTP/1.1" status: 200 len: 262 time: 0.4211414
2020-12-02 18:01:51.643 21 INFO neutron.wsgi [req-dbf2b396-0ddb-4f16-b3bc-84612b16268f 0da1bc1a3acc45d0aca57e504c04ea17 63be5b4f4d784088b73cd36e6114f00e - default default] 10.31.10.3,10.31.10.1 "GET /v2.0/ports?device_id=a1125516-221e-4259-9e4a-acd2debd91df&device_id=f48a2b29-ebab-4cb1-98f5-63e3db7dd14e&device_id=a2d6aa86-b0f3-4f6f-9abf-a9f666f6ae88&device_id=67737d72-9310-441e-b6e3-d5b6bce57d8b&device_id=e1081f97-129f-4030-af18-136d0cfcf27a&device_id=da55f468-a5ac-4764-ae10-60dc9db1d416&device_id=0185aeb2-57ad-4d56-b921-af935ceaa2e3&device_id=2b085d28-02db-4194-8d15-3bbfd392d10b&device_id=0fd37274-0358-470b-a485-9869affb63f6&device_id=9740581a-2ad1-4610-9340-011af592cc0b&device_id=d3090d59-ea70-4208-a5ab-306d217f0db4&device_id=cc2d093a-f592-4e52-a4c7-87ec5dc560b4&device_id=ed98c271-ff5f-4b49-9e15-24c57894fdc5&device_id=a4affd15-50ad-4297-83eb-2f891cf4b122&device_id=d9e0cd90-4612-4083-846c-ba30a5dac238&device_id=27b4392c-574e-4c52-90c9-0542a640d660&device_id=3eeaf060-d228-4be3-a204-d88ff9fb0788&device_id=576281c8-2a6b-46a3-b94c-fa0c67e9a031&device_id=97bd230c-9c23-40d0-abfa-f670b641d904&device_id=3e907021-8968-4a80-a0ec-b43446fd01e0&device_id=226b7f61-645d-4d89-a116-c1bb8141d4d7&device_id=159ff4ca-cb4a-46be-8eee-95b95055807d&device_id=1e79b623-8498-499d-8319-1d3288182a89&device_id=75558870-4e82-4f80-8689-22356e1ea2b3&device_id=789c8d00-a3e5-48bc-8096-3654a286f115&device_id=2174c414-000e-4d1a-8790-4ce6d5663750&device_id=df6d2123-cee6-4749-b314-a5c778592ac3&device_id=12606f42-4bd4-4c46-869a-034d53d6e431&device_id=a4e73fe7-cf28-4d45-ad4f-ba65977536de&device_id=a1cd5b9c-26b5-413f-8af6-e2fb9f3d8697&device_id=43362a64-7c50-48f8-b7e2-97a6f3ab6ba6 HTTP/1.1" status: 200 len: 26802 time: 0.1078222
2020-12-02 18:01:52.213 23 INFO neutron.wsgi [req-584cdb49-3c58-4ff8-8cd3-f70889827558 0da1bc1a3acc45d0aca57e504c04ea17 63be5b4f4d784088b73cd36e6114f00e - default default] 10.31.10.3,10.31.10.1 "GET /v2.0/ports?device_id=e1081f97-129f-4030-af18-136d0cfcf27a HTTP/1.1" status: 200 len: 1350 time: 0.0809603
2020-12-02 18:01:52.434 24 INFO neutron.wsgi [req-b003e9c9-328c-4d9e-931a-35626eb1c66d 0da1bc1a3acc45d0aca57e504c04ea17 63be5b4f4d784088b73cd36e6114f00e - default default] 10.31.10.3,10.31.10.1 "GET /v2.0/ports?tenant_id=63be5b4f4d784088b73cd36e6114f00e HTTP/1.1" status: 200 len: 525179 time: 0.6963596
2020-12-02 18:01:53.051 24 INFO neutron.wsgi [req-677db605-77eb-469b-ab84-e59939761860 0da1bc1a3acc45d0aca57e504c04ea17 63be5b4f4d784088b73cd36e6114f00e - default default] 10.31.10.3,10.31.10.1 "GET /v2.0/subnets HTTP/1.1" status: 200 len: 127848 time: 0.3512163
2020-12-02 18:01:53.220 24 INFO neutron.wsgi [req-9c82fc13-090f-4a68-ab10-120be348a43b 0da1bc1a3acc45d0aca57e504c04ea17 63be5b4f4d784088b73cd36e6114f00e - default default] 10.31.10.20,10.31.10.1 "GET /v2.0/security-groups?id=b92ca6e7-6354-4c1e-a781-6be287e270a3&fields=id&fields=name HTTP/1.1" status: 200 len: 262 time: 0.0414102
2020-12-02 18:01:56.158 24 INFO neutron.wsgi [req-c899ebcd-599f-4dee-9db2-8785b436f77e 851af1939a9b4ff8808a741857d37b46 761947fab1374992bf04ee79f6b6b929 - default default] 10.31.10.20,10.31.10.1 "PUT /v2.0/ports/66ec3a4c-a23c-4c27-8a1b-4bb3db0a3a2f HTTP/1.1" status: 200 len: 1345 time: 1.7000916
2020-12-02 18:01:56.208 24 INFO neutron.notifiers.nova [-] Nova event response: {'name': 'network-changed', 'server_uuid': 'fbabba58-3ec1-489b-86a8-454795bae1eb', 'tag': '66ec3a4c-a23c-4c27-8a1b-4bb3db0a3a2f', 'status': 'completed', 'code': 200}
2020-12-02 18:01:56.238 24 INFO neutron.wsgi [req-fa81170e-3079-46f6-8a72-a074dd6b9766 0da1bc1a3acc45d0aca57e504c04ea17 63be5b4f4d784088b73cd36e6114f00e - default default] 10.31.10.20,10.31.10.1 "GET /v2.0/ports?device_id=f48a2b29-ebab-4cb1-98f5-63e3db7dd14e HTTP/1.1" status: 200 len: 1355 time: 0.0719473
2020-12-02 18:01:56.346 24 INFO neutron.wsgi [req-90c1858a-4460-4f01-a38b-c636876991d5 851af1939a9b4ff8808a741857d37b46 761947fab1374992bf04ee79f6b6b929 - default default] 10.31.10.20,10.31.10.1 "GET /v2.0/floatingips?fixed_ip_address=192.168.40.20&port_id=66ec3a4c-a23c-4c27-8a1b-4bb3db0a3a2f HTTP/1.1" status: 200 len: 193 time: 0.0622158
2020-12-02 18:01:56.467 22 INFO neutron.wsgi [req-11f9cb64-77e6-44da-abec-96aab8ee338b 851af1939a9b4ff8808a741857d37b46 761947fab1374992bf04ee79f6b6b929 - default default] 10.31.10.20,10.31.10.1 "GET /v2.0/ports?device_id=a4e73fe7-cf28-4d45-ad4f-ba65977536de&fields=binding%3Ahost_id&fields=binding%3Avif_type HTTP/1.1" status: 200 len: 238 time: 0.0683267
2020-12-02 18:01:56.602 21 INFO neutron.wsgi [req-0c9689a3-2e03-45bc-baa7-4c1248a9ad20 0da1bc1a3acc45d0aca57e504c04ea17 63be5b4f4d784088b73cd36e6114f00e - default default] 10.31.10.2,10.31.10.1 "GET /v2.0/ports?device_id=2b085d28-02db-4194-8d15-3bbfd392d10b HTTP/1.1" status: 200 len: 1355 time: 0.0670002
2020-12-02 18:01:56.607 22 INFO neutron.wsgi [req-b5089ed7-a653-44f4-8449-0d7ced97cd09 0da1bc1a3acc45d0aca57e504c04ea17 63be5b4f4d784088b73cd36e6114f00e - default default] 10.31.10.20,10.31.10.1 "GET /v2.0/ports?device_id=e1081f97-129f-4030-af18-136d0cfcf27a HTTP/1.1" status: 200 len: 1350 time: 0.1023557
2020-12-02 18:01:56.657 22 INFO neutron.wsgi [req-4726f571-1a59-4ea6-811b-6636f09765db 851af1939a9b4ff8808a741857d37b46 761947fab1374992bf04ee79f6b6b929 - default default] 10.31.10.20,10.31.10.1 "GET /v2.0/ports?tenant_id=63be5b4f4d784088b73cd36e6114f00e&device_id=a4e73fe7-cf28-4d45-ad4f-ba65977536de HTTP/1.1" status: 200 len: 1278 time: 0.0957508
2020-12-02 18:01:56.667 22 INFO neutron.wsgi [req-b8e3ea38-4770-4cd0-9051-9760179fb370 0da1bc1a3acc45d0aca57e504c04ea17 63be5b4f4d784088b73cd36e6114f00e - default default] 10.31.10.20,10.31.10.1 "GET /v2.0/security-groups?id=b92ca6e7-6354-4c1e-a781-6be287e270a3&fields=id&fields=name HTTP/1.1" status: 200 len: 262 time: 0.0447330
2020-12-02 18:01:56.803 22 INFO neutron.wsgi [req-ae832b20-7798-4e83-8849-5ee08f4d83ca 851af1939a9b4ff8808a741857d37b46 761947fab1374992bf04ee79f6b6b929 - default default] 10.31.10.20,10.31.10.1 "GET /v2.0/networks?id=c8e1bba8-da86-4439-a984-1085e84d9405 HTTP/1.1" status: 200 len: 905 time: 0.1144819
2020-12-02 18:01:56.827 21 INFO neutron.wsgi [req-8982d391-6595-40dd-b6ce-26af926eb97b 0da1bc1a3acc45d0aca57e504c04ea17 63be5b4f4d784088b73cd36e6114f00e - default default] 10.31.10.3,10.31.10.1 "GET /v2.0/ports?device_id=2b085d28-02db-4194-8d15-3bbfd392d10b HTTP/1.1" status: 200 len: 1355 time: 0.0635343
2020-12-02 18:01:56.869 22 INFO neutron.wsgi [req-f46fa80f-c21c-491a-8bef-7a0794cdca84 851af1939a9b4ff8808a741857d37b46 761947fab1374992bf04ee79f6b6b929 - default default] 10.31.10.20,10.31.10.1 "GET /v2.0/floatingips?fixed_ip_address=10.31.11.197&port_id=638dbe1c-3bfb-4f03-a2f5-bac3e9c1ee1b HTTP/1.1" status: 200 len: 193 time: 0.0562840
2020-12-02 18:01:56.911 21 INFO neutron.wsgi [req-e6d7ca19-242d-408b-a719-2b70e8b47ab7 851af1939a9b4ff8808a741857d37b46 761947fab1374992bf04ee79f6b6b929 - default default] 10.31.10.20,10.31.10.1 "GET /v2.0/ports?tenant_id=63be5b4f4d784088b73cd36e6114f00e&device_id=fbabba58-3ec1-489b-86a8-454795bae1eb HTTP/1.1" status: 200 len: 1348 time: 0.0594153
2020-12-02 18:01:57.136 23 INFO neutron.wsgi [req-4c02fd8d-5d36-49f8-8f56-43d0036dc319 851af1939a9b4ff8808a741857d37b46 761947fab1374992bf04ee79f6b6b929 - default default] 10.31.10.20,10.31.10.1 "GET /v2.0/networks/c8e1bba8-da86-4439-a984-1085e84d9405?fields=segments HTTP/1.1" status: 200 len: 188 time: 0.1371133
2020-12-02 18:01:57.266 23 INFO neutron.wsgi [req-45d6907c-55f0-4fe1-b40b-47b8cd64a46c 851af1939a9b4ff8808a741857d37b46 761947fab1374992bf04ee79f6b6b929 - default default] 10.31.10.20,10.31.10.1 "GET /v2.0/networks/c8e1bba8-da86-4439-a984-1085e84d9405?fields=provider%3Aphysical_network&fields=provider%3Anetwork_type HTTP/1.1" status: 200 len: 257 time: 0.1194351
2020-12-02 18:01:57.431 21 INFO neutron.wsgi [req-fed7f15c-8a12-4a58-8dcc-73dfa9168008 0da1bc1a3acc45d0aca57e504c04ea17 63be5b4f4d784088b73cd36e6114f00e - default default] 10.31.10.3,10.31.10.1 "GET /v2.0/ports?tenant_id=63be5b4f4d784088b73cd36e6114f00e HTTP/1.1" status: 200 len: 526340 time: 0.4937096
2020-12-02 18:01:57.524 22 INFO neutron.wsgi [req-2950dbb0-e903-40b7-a187-4ec07d3a5d17 0da1bc1a3acc45d0aca57e504c04ea17 63be5b4f4d784088b73cd36e6114f00e - default default] 10.31.10.3,10.31.10.1 "GET /v2.0/ports?tenant_id=63be5b4f4d784088b73cd36e6114f00e HTTP/1.1" status: 200 len: 526340 time: 0.6395273
2020-12-02 18:01:57.611 24 INFO neutron.wsgi [req-8dc64aed-dc99-4bfe-a97c-3599f66b1f97 851af1939a9b4ff8808a741857d37b46 761947fab1374992bf04ee79f6b6b929 - default default] 10.31.10.20,10.31.10.1 "GET /v2.0/networks/e4e7cc9d-83be-4d79-9ea8-a9e0c23ac878?fields=provider%3Aphysical_network&fields=provider%3Anetwork_type HTTP/1.1" status: 200 len: 252 time: 0.1216187
2020-12-02 18:01:57.718 21 INFO neutron.wsgi [req-8ae199dd-51b0-4525-b672-e497bb9510d0 0da1bc1a3acc45d0aca57e504c04ea17 63be5b4f4d784088b73cd36e6114f00e - default default] 10.31.10.3,10.31.10.1 "GET /v2.0/networks?id=a4514a7b-f4c8-4e19-b7ac-33d46c8b7d75 HTTP/1.1" status: 200 len: 882 time: 0.1176152
2020-12-02 18:01:57.852 25 INFO neutron.wsgi [req-25887c35-53fc-478f-914b-3a817216d5f5 0da1bc1a3acc45d0aca57e504c04ea17 63be5b4f4d784088b73cd36e6114f00e - default default] 10.31.10.2,10.31.10.1 "GET /v2.0/ports?tenant_id=63be5b4f4d784088b73cd36e6114f00e HTTP/1.1" status: 200 len: 526340 time: 0.7598975
2020-12-02 18:01:57.948 25 INFO neutron.wsgi [req-84ba705d-b5d3-44c1-9fdf-deb37860feb4 0da1bc1a3acc45d0aca57e504c04ea17 63be5b4f4d784088b73cd36e6114f00e - default default] 10.31.10.3,10.31.10.1 "GET /v2.0/networks?id=2c8a8247-2c48-4573-ae6f-c56c3fd4f6ec HTTP/1.1" status: 200 len: 884 time: 0.6632733
2020-12-02 18:01:57.983 24 INFO neutron.wsgi [req-967574ab-81ce-4a80-96b1-cbf2a78f2b14 0da1bc1a3acc45d0aca57e504c04ea17 63be5b4f4d784088b73cd36e6114f00e - default default] 10.31.10.3,10.31.10.1 "GET /v2.0/subnets HTTP/1.1" status: 200 len: 127848 time: 0.3595243
2020-12-02 18:01:58.225 25 INFO neutron.wsgi [req-d1d1ce95-8987-4224-8fd9-5c21e22b52e9 0da1bc1a3acc45d0aca57e504c04ea17 63be5b4f4d784088b73cd36e6114f00e - default default] 10.31.10.3,10.31.10.1 "GET /v2.0/subnets HTTP/1.1" status: 200 len: 127848 time: 0.3445296
2020-12-02 18:01:58.578 24 INFO neutron.wsgi [req-444feff9-fba8-4b13-b1ac-3bd8e73ff446 0da1bc1a3acc45d0aca57e504c04ea17 63be5b4f4d784088b73cd36e6114f00e - default default] 10.31.10.3,10.31.10.1 "GET /v2.0/security-groups?id=b92ca6e7-6354-4c1e-a781-6be287e270a3&fields=id&fields=name HTTP/1.1" status: 200 len: 262 time: 0.0508525
2020-12-02 18:01:58.745 24 INFO neutron.wsgi [req-d0faf055-b115-4367-972f-de4d8d582c03 0da1bc1a3acc45d0aca57e504c04ea17 63be5b4f4d784088b73cd36e6114f00e - default default] 10.31.10.3,10.31.10.1 "GET /v2.0/ports?device_id=da55f468-a5ac-4764-ae10-60dc9db1d416 HTTP/1.1" status: 200 len: 1355 time: 0.0749600
2020-12-02 18:01:58.816 24 INFO neutron.wsgi [req-92e76cb2-7105-4455-98c2-2fffd60b91d4 0da1bc1a3acc45d0aca57e504c04ea17 63be5b4f4d784088b73cd36e6114f00e - default default] 10.31.10.3,10.31.10.1 "GET /v2.0/floatingips?port_id=c030e964-6d30-4271-b157-ad6ca8564b34&tenant_id=63be5b4f4d784088b73cd36e6114f00e HTTP/1.1" status: 200 len: 193 time: 0.0638711
2020-12-02 18:01:58.858 22 INFO neutron.wsgi [req-327babeb-5065-4ea3-976a-0899b514a4ee 0da1bc1a3acc45d0aca57e504c04ea17 63be5b4f4d784088b73cd36e6114f00e - default default] 10.31.10.2,10.31.10.1 "GET /v2.0/security-groups?id=b92ca6e7-6354-4c1e-a781-6be287e270a3&fields=id&fields=name HTTP/1.1" status: 200 len: 262 time: 0.0431845
2020-12-02 18:01:59.102 24 INFO neutron.wsgi [req-738a1add-1371-4b47-a8f3-2458c77f2141 0da1bc1a3acc45d0aca57e504c04ea17 63be5b4f4d784088b73cd36e6114f00e - default default] 10.31.10.3,10.31.10.1 "GET /v2.0/floatingips?port_id=6d1a3e8c-7a8a-4521-8716-219a088dcc0d&tenant_id=63be5b4f4d784088b73cd36e6114f00e HTTP/1.1" status: 200 len: 193 time: 0.0660682
2020-12-02 18:01:59.583 21 INFO neutron.wsgi [req-d96bf72a-c74a-43c5-9761-0134816df2f4 0da1bc1a3acc45d0aca57e504c04ea17 63be5b4f4d784088b73cd36e6114f00e - default default] 10.31.10.3,10.31.10.1 "GET /v2.0/ports?tenant_id=63be5b4f4d784088b73cd36e6114f00e HTTP/1.1" status: 200 len: 526340 time: 0.6622195
2020-12-02 18:01:59.588 22 INFO neutron.wsgi [req-34525685-ded6-4f2b-b76d-d0a59dcbcbdb 0da1bc1a3acc45d0aca57e504c04ea17 63be5b4f4d784088b73cd36e6114f00e - default default] 10.31.10.2,10.31.10.1 "GET /v2.0/ports?device_id=cc2d093a-f592-4e52-a4c7-87ec5dc560b4 HTTP/1.1" status: 200 len: 1355 time: 0.0697441
2020-12-02 18:01:59.762 22 INFO neutron.wsgi [req-131e9046-a7eb-4a6c-85a2-6b6576f76d20 0da1bc1a3acc45d0aca57e504c04ea17 63be5b4f4d784088b73cd36e6114f00e - default default] 10.31.10.3,10.31.10.1 "GET /v2.0/networks?id=58c35eae-2ccd-4409-9190-56cb41362e4d HTTP/1.1" status: 200 len: 885 time: 0.1224213
2020-12-02 18:01:59.813 22 INFO neutron.wsgi [req-fcd51ca7-b7bf-4913-b875-2a55e6be1ef7 0da1bc1a3acc45d0aca57e504c04ea17 63be5b4f4d784088b73cd36e6114f00e - default default] 10.31.10.3,10.31.10.1 "GET /v2.0/security-groups?id=b92ca6e7-6354-4c1e-a781-6be287e270a3&fields=id&fields=name HTTP/1.1" status: 200 len: 262 time: 0.0408821
2020-12-02 18:01:59.866 24 INFO neutron.wsgi [req-f6aee0f1-57de-40a0-83b1-a4c8540cd7a6 0da1bc1a3acc45d0aca57e504c04ea17 63be5b4f4d784088b73cd36e6114f00e - default default] 10.31.10.3,10.31.10.1 "GET /v2.0/ports?tenant_id=63be5b4f4d784088b73cd36e6114f00e HTTP/1.1" status: 200 len: 526340 time: 0.7394030
2020-12-02 18:02:00.044 24 INFO neutron.wsgi [req-283a9a53-9d70-47c3-81a4-ab71bfbbaac1 0da1bc1a3acc45d0aca57e504c04ea17 63be5b4f4d784088b73cd36e6114f00e - default default] 10.31.10.3,10.31.10.1 "GET /v2.0/networks?id=379a69a4-55ed-4fcc-9389-31acd75527bf HTTP/1.1" status: 200 len: 884 time: 0.1249266
2020-12-02 18:02:02.147 24 INFO neutron.wsgi [req-0d10153c-68c9-4896-b356-dc4a7cf731b4 0da1bc1a3acc45d0aca57e504c04ea17 63be5b4f4d784088b73cd36e6114f00e - default default] 10.31.10.2,10.31.10.1 "GET /v2.0/ports?device_id=9740581a-2ad1-4610-9340-011af592cc0b HTTP/1.1" status: 200 len: 1343 time: 0.0908692
2020-12-02 18:02:02.200 24 INFO neutron.wsgi [req-53861311-af7f-433a-8406-1c52df0ac803 0da1bc1a3acc45d0aca57e504c04ea17 63be5b4f4d784088b73cd36e6114f00e - default default] 10.31.10.2,10.31.10.1 "GET /v2.0/security-groups?id=b92ca6e7-6354-4c1e-a781-6be287e270a3&fields=id&fields=name HTTP/1.1" status: 200 len: 262 time: 0.0377944
2020-12-02 18:02:03.089 24 INFO neutron.wsgi [req-78c476a8-931e-4db9-9ced-048c29115e44 0da1bc1a3acc45d0aca57e504c04ea17 63be5b4f4d784088b73cd36e6114f00e - default default] 10.31.10.2,10.31.10.1 "GET /v2.0/floatingips?tenant_id=63be5b4f4d784088b73cd36e6114f00e HTTP/1.1" status: 200 len: 193 time: 0.0631156
2020-12-02 18:02:03.530 22 INFO neutron.wsgi [req-57a2ba22-a4ab-4790-a696-dffefbd790db 0da1bc1a3acc45d0aca57e504c04ea17 63be5b4f4d784088b73cd36e6114f00e - default default] 10.31.10.3,10.31.10.1 "GET /v2.0/security-groups?id=b92ca6e7-6354-4c1e-a781-6be287e270a3&fields=id&fields=name HTTP/1.1" status: 200 len: 262 time: 0.0479405
2020-12-02 18:02:03.709 24 INFO neutron.wsgi [req-8c1134b6-9379-4ea2-b8bd-40bdecf2ecba 0da1bc1a3acc45d0aca57e504c04ea17 63be5b4f4d784088b73cd36e6114f00e - default default] 10.31.10.2,10.31.10.1 "GET /v2.0/ports?device_id=da55f468-a5ac-4764-ae10-60dc9db1d416 HTTP/1.1" status: 200 len: 1355 time: 0.0958436
2020-12-02 18:02:03.732 24 INFO neutron.wsgi [req-4fe44180-923c-4bc0-9fdf-f518292d818c 0da1bc1a3acc45d0aca57e504c04ea17 63be5b4f4d784088b73cd36e6114f00e - default default] 10.31.10.20,10.31.10.1 "GET /v2.0/security-groups?id=b92ca6e7-6354-4c1e-a781-6be287e270a3&fields=id&fields=name HTTP/1.1" status: 200 len: 262 time: 0.0396156
2020-12-02 18:02:03.886 26 INFO neutron.notifiers.nova [-] Nova event response: {'server_uuid': 'fbabba58-3ec1-489b-86a8-454795bae1eb', 'name': 'network-vif-plugged', 'status': 'completed', 'tag': '66ec3a4c-a23c-4c27-8a1b-4bb3db0a3a2f', 'code': 200}
2020-12-02 18:02:03.928 22 INFO neutron.wsgi [req-b6772f53-8ebe-417f-a1e3-b16526f9b8c1 0da1bc1a3acc45d0aca57e504c04ea17 63be5b4f4d784088b73cd36e6114f00e - default default] 10.31.10.2,10.31.10.1 "GET /v2.0/ports?device_id=67737d72-9310-441e-b6e3-d5b6bce57d8b HTTP/1.1" status: 200 len: 1355 time: 0.1168306
2020-12-02 18:02:03.941 22 INFO neutron.wsgi [req-a5347764-55a5-4c46-bb1b-d208eb7db903 0da1bc1a3acc45d0aca57e504c04ea17 63be5b4f4d784088b73cd36e6114f00e - default default] 10.31.10.3,10.31.10.1 "GET /v2.0/ports?device_id=da55f468-a5ac-4764-ae10-60dc9db1d416 HTTP/1.1" status: 200 len: 1355 time: 0.0859599
2020-12-02 18:02:03.977 22 INFO neutron.wsgi [req-146a2911-dd54-4471-88ed-fefa8804da72 0da1bc1a3acc45d0aca57e504c04ea17 63be5b4f4d784088b73cd36e6114f00e - default default] 10.31.10.2,10.31.10.1 "GET /v2.0/security-groups?id=b92ca6e7-6354-4c1e-a781-6be287e270a3&fields=id&fields=name HTTP/1.1" status: 200 len: 262 time: 0.0345621
2020-12-02 18:02:04.013 25 INFO neutron.wsgi [req-e5a70bb9-b6c5-410d-b7b9-ceace541be02 0da1bc1a3acc45d0aca57e504c04ea17 63be5b4f4d784088b73cd36e6114f00e - default default] 10.31.10.3,10.31.10.1 "GET /v2.0/floatingips?port_id=a567f926-e0f3-4a3f-a046-52e0d74881aa&tenant_id=63be5b4f4d784088b73cd36e6114f00e HTTP/1.1" status: 200 len: 193 time: 0.0603135
2020-12-02 18:02:04.673 25 INFO neutron.wsgi [req-f242fe8f-652f-42c3-9335-c7ad2fd756ba 0da1bc1a3acc45d0aca57e504c04ea17 63be5b4f4d784088b73cd36e6114f00e - default default] 10.31.10.3,10.31.10.1 "GET /v2.0/ports?tenant_id=63be5b4f4d784088b73cd36e6114f00e HTTP/1.1" status: 200 len: 526342 time: 0.6539106
2020-12-02 18:02:04.821 24 INFO neutron.wsgi [req-c9611ed6-4800-4e2f-b64d-ea48bf3135de 0da1bc1a3acc45d0aca57e504c04ea17 63be5b4f4d784088b73cd36e6114f00e - default default] 10.31.10.3,10.31.10.1 "GET /v2.0/floatingips?port_id=e8944381-e001-45c1-9caf-68e36fcb8910&tenant_id=63be5b4f4d784088b73cd36e6114f00e HTTP/1.1" status: 200 len: 193 time: 0.1246045
2020-12-02 18:02:04.876 24 INFO neutron.wsgi [req-09a7ad31-9a01-4fae-85f4-e8743ae685a3 0da1bc1a3acc45d0aca57e504c04ea17 63be5b4f4d784088b73cd36e6114f00e - default default] 10.31.10.3,10.31.10.1 "GET /v2.0/networks?id=5a63d595-952c-4781-840b-8e90810d0ea4 HTTP/1.1" status: 200 len: 884 time: 0.1322558
2020-12-02 18:02:05.411 24 INFO neutron.wsgi [req-95aca2de-dbac-4f42-9dd1-8cfe39272505 0da1bc1a3acc45d0aca57e504c04ea17 63be5b4f4d784088b73cd36e6114f00e - default default] 10.31.10.3,10.31.10.1 "GET /v2.0/subnets HTTP/1.1" status: 200 len: 127848 time: 0.5253458
2020-12-02 18:02:05.496 24 INFO neutron.wsgi [req-73f14c7c-da4e-43ea-a2c6-cd4ec3b448a0 0da1bc1a3acc45d0aca57e504c04ea17 63be5b4f4d784088b73cd36e6114f00e - default default] 10.31.10.2,10.31.10.1 "GET /v2.0/security-groups?id=b92ca6e7-6354-4c1e-a781-6be287e270a3&fields=id&fields=name HTTP/1.1" status: 200 len: 262 time: 0.0377188
2020-12-02 18:02:05.570 23 INFO neutron.wsgi [req-a6d71d36-964b-4162-9440-1e7a60755fae 0da1bc1a3acc45d0aca57e504c04ea17 63be5b4f4d784088b73cd36e6114f00e - default default] 10.31.10.3,10.31.10.1 "GET /v2.0/subnets HTTP/1.1" status: 200 len: 127848 time: 0.5323279
2020-12-02 18:02:05.861 23 INFO neutron.wsgi [req-54d5eb84-456a-4c17-9194-4325e8c26703 0da1bc1a3acc45d0aca57e504c04ea17 63be5b4f4d784088b73cd36e6114f00e - default default] 10.31.10.20,10.31.10.1 "GET /v2.0/security-groups?id=b92ca6e7-6354-4c1e-a781-6be287e270a3&fields=id&fields=name HTTP/1.1" status: 200 len: 262 time: 0.0425782
2020-12-02 18:02:06.042 21 INFO neutron.wsgi [req-2b36a19d-c5d5-4047-97e7-4de72440f223 0da1bc1a3acc45d0aca57e504c04ea17 63be5b4f4d784088b73cd36e6114f00e - default default] 10.31.10.3,10.31.10.1 "GET /v2.0/subnets HTTP/1.1" status: 200 len: 127848 time: 0.3486989
2020-12-02 18:02:06.051 25 INFO neutron.wsgi [req-24499d16-bf0d-4164-9c94-fc202da52273 0da1bc1a3acc45d0aca57e504c04ea17 63be5b4f4d784088b73cd36e6114f00e - default default] 10.31.10.3,10.31.10.1 "GET /v2.0/ports?device_id=9740581a-2ad1-4610-9340-011af592cc0b HTTP/1.1" status: 200 len: 1343 time: 0.0675457
2020-12-02 18:02:06.096 24 INFO neutron.wsgi [req-24dc5d03-6fed-43f6-9b65-94d88bea50c7 0da1bc1a3acc45d0aca57e504c04ea17 63be5b4f4d784088b73cd36e6114f00e - default default] 10.31.10.2,10.31.10.1 "GET /v2.0/ports?device_id=cc2d093a-f592-4e52-a4c7-87ec5dc560b4 HTTP/1.1" status: 200 len: 1355 time: 0.0766156
2020-12-02 18:02:06.141 25 INFO neutron.wsgi [req-0f7b9ac3-d8b0-4786-b290-62fa185c763e 0da1bc1a3acc45d0aca57e504c04ea17 63be5b4f4d784088b73cd36e6114f00e - default default] 10.31.10.2,10.31.10.1 "GET /v2.0/security-groups?id=b92ca6e7-6354-4c1e-a781-6be287e270a3&fields=id&fields=name HTTP/1.1" status: 200 len: 262 time: 0.0436797
2020-12-02 18:02:06.213 25 INFO neutron.wsgi [req-bfbc246f-052c-4436-8c8d-9a68a01af33a 0da1bc1a3acc45d0aca57e504c04ea17 63be5b4f4d784088b73cd36e6114f00e - default default] 10.31.10.3,10.31.10.1 "GET /v2.0/ports?device_id=d3090d59-ea70-4208-a5ab-306d217f0db4 HTTP/1.1" status: 200 len: 1355 time: 0.0663600
2020-12-02 18:02:06.340 24 INFO neutron.wsgi [req-f35f75e1-7ac6-4ea8-b808-99c4019a2bce 0da1bc1a3acc45d0aca57e504c04ea17 63be5b4f4d784088b73cd36e6114f00e - default default] 10.31.10.3,10.31.10.1 "GET /v2.0/ports?device_id=cc2d093a-f592-4e52-a4c7-87ec5dc560b4 HTTP/1.1" status: 200 len: 1355 time: 0.0715191
2020-12-02 18:02:06.382 23 INFO neutron.wsgi [req-64467891-42b4-42e9-b5ad-7bc1c0dd5006 0da1bc1a3acc45d0aca57e504c04ea17 63be5b4f4d784088b73cd36e6114f00e - default default] 10.31.10.3,10.31.10.1 "GET /v2.0/ports?device_id=ed98c271-ff5f-4b49-9e15-24c57894fdc5 HTTP/1.1" status: 200 len: 1350 time: 0.0768316
2020-12-02 18:02:06.783 24 INFO neutron.wsgi [req-415b2426-0200-482f-a437-0387cb794f46 0da1bc1a3acc45d0aca57e504c04ea17 63be5b4f4d784088b73cd36e6114f00e - default default] 10.31.10.2,10.31.10.1 "GET /v2.0/security-groups?id=b92ca6e7-6354-4c1e-a781-6be287e270a3&fields=id&fields=name HTTP/1.1" status: 200 len: 262 time: 0.0423276
2020-12-02 18:02:06.924 23 INFO neutron.wsgi [req-f240c3e2-b91e-4355-a9b1-d005ff899e58 0da1bc1a3acc45d0aca57e504c04ea17 63be5b4f4d784088b73cd36e6114f00e - default default] 10.31.10.3,10.31.10.1 "GET /v2.0/ports?tenant_id=63be5b4f4d784088b73cd36e6114f00e HTTP/1.1" status: 200 len: 526342 time: 0.5012579
2020-12-02 18:02:07.354 24 INFO neutron.wsgi [req-72caff1c-04f8-47da-b16d-b15d8f47a0fb 0da1bc1a3acc45d0aca57e504c04ea17 63be5b4f4d784088b73cd36e6114f00e - default default] 10.31.10.3,10.31.10.1 "GET /v2.0/subnets HTTP/1.1" status: 200 len: 127848 time: 0.3473053
2020-12-02 18:02:07.564 23 INFO neutron.wsgi [req-46610028-9a35-424c-bfd6-c9dc35eafa62 0da1bc1a3acc45d0aca57e504c04ea17 63be5b4f4d784088b73cd36e6114f00e - default default] 10.31.10.2,10.31.10.1 "GET /v2.0/security-groups?id=b92ca6e7-6354-4c1e-a781-6be287e270a3&fields=id&fields=name HTTP/1.1" status: 200 len: 262 time: 0.0445468
2020-12-02 18:02:07.674 22 INFO neutron.wsgi [req-e646f3cd-19d6-40c8-b403-0051e77759e3 0da1bc1a3acc45d0aca57e504c04ea17 63be5b4f4d784088b73cd36e6114f00e - default default] 10.31.10.3,10.31.10.1 "GET /v2.0/subnets HTTP/1.1" status: 200 len: 127848 time: 0.4785678
2020-12-02 18:02:07.676 22 INFO neutron.wsgi [req-9f60e0f3-4d6d-420a-808b-cfeaeca97c33 851af1939a9b4ff8808a741857d37b46 761947fab1374992bf04ee79f6b6b929 - default default] 10.31.10.20,10.31.10.1 "GET /v2.0/ports?device_id=fbabba58-3ec1-489b-86a8-454795bae1eb HTTP/1.1" status: 200 len: 1350 time: 0.5992198
2020-12-02 18:02:07.723 22 INFO neutron.wsgi [req-41837eca-078b-4644-afaf-b731d7fb6e25 851af1939a9b4ff8808a741857d37b46 761947fab1374992bf04ee79f6b6b929 - default default] 10.31.10.20,10.31.10.1 "GET /v2.0/security-groups?id=b92ca6e7-6354-4c1e-a781-6be287e270a3&fields=id&fields=name HTTP/1.1" status: 200 len: 262 time: 0.0349889
2020-12-02 18:02:07.929 23 INFO neutron.wsgi [req-75d1f9e5-7d21-41c1-99c8-6894ef540be3 0da1bc1a3acc45d0aca57e504c04ea17 63be5b4f4d784088b73cd36e6114f00e - default default] 10.31.10.2,10.31.10.1 "GET /v2.0/security-groups?id=b92ca6e7-6354-4c1e-a781-6be287e270a3&fields=id&fields=name HTTP/1.1" status: 200 len: 262 time: 0.0442760
2020-12-02 18:02:09.314 21 INFO neutron.wsgi [req-87980472-b284-445e-8f33-95a5fa882064 0da1bc1a3acc45d0aca57e504c04ea17 63be5b4f4d784088b73cd36e6114f00e - default default] 10.31.10.2,10.31.10.1 "GET /v2.0/floatingips?tenant_id=63be5b4f4d784088b73cd36e6114f00e HTTP/1.1" status: 200 len: 193 time: 0.1541793
2020-12-02 18:02:09.645 23 INFO neutron.wsgi [req-0f46a920-569d-4b57-b43e-88d0e082597a 0da1bc1a3acc45d0aca57e504c04ea17 63be5b4f4d784088b73cd36e6114f00e - default default] 10.31.10.3,10.31.10.1 "GET /v2.0/security-groups?id=b92ca6e7-6354-4c1e-a781-6be287e270a3&fields=id&fields=name HTTP/1.1" status: 200 len: 262 time: 0.0438850
2020-12-02 18:02:10.159 22 INFO neutron.wsgi [req-ac66d773-ee2b-4ff9-a402-ff523f8f44a0 0da1bc1a3acc45d0aca57e504c04ea17 63be5b4f4d784088b73cd36e6114f00e - default default] 10.31.10.2,10.31.10.1 "GET /v2.0/ports?device_id=67737d72-9310-441e-b6e3-d5b6bce57d8b HTTP/1.1" status: 200 len: 1355 time: 0.0747652
