2017-06-19 15:43:56.764 3792 INFO heat.engine.stack [req-cafc2e10-bfb9-4e1b-8264-aaeb04354355 admin admin - - -] Stack CREATE IN_PROGRESS (overcloud-Controller-gp7tggv5jtvs-0-zf6z7fkqjsf7-ManagementPort-4bfb4zqo7462): Stack CREATE started
2017-06-19 15:43:56.777 3792 INFO heat.engine.resource [req-cafc2e10-bfb9-4e1b-8264-aaeb04354355 admin admin - - -] creating (,)
2017-06-19 15:43:57.115 3793 INFO heat.engine.service [req-cafc2e10-bfb9-4e1b-8264-aaeb04354355 admin admin - - -] Creating stack overcloud-Controller-gp7tggv5jtvs-0-zf6z7fkqjsf7-TenantPort-mx2lomphrs47
2017-06-19 15:43:57.165 3796 INFO heat.engine.resource [req-cafc2e10-bfb9-4e1b-8264-aaeb04354355 admin admin - - -] creating (,)
2017-06-19 15:43:57.183 3796 INFO heat.engine.resource [req-cafc2e10-bfb9-4e1b-8264-aaeb04354355 admin admin - - -] creating (,)
2017-06-19 15:43:57.210 3793 INFO heat.engine.stack [req-cafc2e10-bfb9-4e1b-8264-aaeb04354355 admin admin - - -] Stack CREATE IN_PROGRESS (overcloud-Controller-gp7tggv5jtvs-0-zf6z7fkqjsf7-TenantPort-mx2lomphrs47): Stack CREATE started
2017-06-19 15:43:57.222 3793 INFO heat.engine.resource [req-cafc2e10-bfb9-4e1b-8264-aaeb04354355 admin admin - - -] creating (,)
2017-06-19 15:43:57.974 3792 INFO heat.engine.stack [req-cafc2e10-bfb9-4e1b-8264-aaeb04354355 admin admin - - -] Stack CREATE COMPLETE (overcloud-Controller-gp7tggv5jtvs-0-zf6z7fkqjsf7-ManagementPort-4bfb4zqo7462): Stack CREATE completed successfully
2017-06-19 15:43:58.844 3794 INFO heat.engine.service [req-cafc2e10-bfb9-4e1b-8264-aaeb04354355 admin admin - - -] Creating stack overcloud-Controller-gp7tggv5jtvs-0-zf6z7fkqjsf7-StoragePort-lsst6nrgheht
2017-06-19 15:43:58.894 3796 INFO heat.engine.resource [req-cafc2e10-bfb9-4e1b-8264-aaeb04354355 admin admin - - -] creating (,)
2017-06-19 15:43:58.929 3793 INFO heat.engine.stack [req-cafc2e10-bfb9-4e1b-8264-aaeb04354355 admin admin - - -] Stack CREATE COMPLETE (overcloud-Controller-gp7tggv5jtvs-0-zf6z7fkqjsf7-TenantPort-mx2lomphrs47): Stack CREATE completed successfully
2017-06-19 15:43:58.938 3794 INFO heat.engine.stack [req-cafc2e10-bfb9-4e1b-8264-aaeb04354355 admin admin - - -] Stack CREATE IN_PROGRESS (overcloud-Controller-gp7tggv5jtvs-0-zf6z7fkqjsf7-StoragePort-lsst6nrgheht): Stack CREATE started
2017-06-19 15:43:58.950 3794 INFO heat.engine.resource [req-cafc2e10-bfb9-4e1b-8264-aaeb04354355 admin admin - - -] creating (,)
2017-06-19 15:43:59.307 3791 INFO heat.engine.service [req-cafc2e10-bfb9-4e1b-8264-aaeb04354355 admin admin - - -] Creating stack overcloud-Controller-gp7tggv5jtvs-0-zf6z7fkqjsf7-ExternalPort-xxc4grnqeybl
2017-06-19 15:43:59.354 3796 INFO heat.engine.resource [req-cafc2e10-bfb9-4e1b-8264-aaeb04354355 admin admin - - -] creating (,)
2017-06-19 15:43:59.396 3791 INFO heat.engine.stack [req-cafc2e10-bfb9-4e1b-8264-aaeb04354355 admin admin - - -] Stack CREATE IN_PROGRESS (overcloud-Controller-gp7tggv5jtvs-0-zf6z7fkqjsf7-ExternalPort-xxc4grnqeybl): Stack CREATE started
2017-06-19 15:43:59.409 3791 INFO heat.engine.resource [req-cafc2e10-bfb9-4e1b-8264-aaeb04354355 admin admin - - -] creating (,)
2017-06-19 15:44:00.178 3794 INFO heat.engine.stack [req-cafc2e10-bfb9-4e1b-8264-aaeb04354355 admin admin - - -] Stack CREATE COMPLETE (overcloud-Controller-gp7tggv5jtvs-0-zf6z7fkqjsf7-StoragePort-lsst6nrgheht): Stack CREATE completed successfully
2017-06-19 15:44:00.263 3795 INFO heat.engine.service [req-cafc2e10-bfb9-4e1b-8264-aaeb04354355 admin admin - - -] Creating stack overcloud-Controller-gp7tggv5jtvs-0-zf6z7fkqjsf7-InternalApiPort-n74h67vcgspr
2017-06-19 15:44:00.316 3796 INFO heat.engine.resource [req-cafc2e10-bfb9-4e1b-8264-aaeb04354355 admin admin - - -] creating (,)
2017-06-19 15:44:00.349 3796 INFO heat.engine.resource [req-cafc2e10-bfb9-4e1b-8264-aaeb04354355 admin admin - - -] creating (,)
2017-06-19 15:44:00.360 3795 INFO heat.engine.stack [req-cafc2e10-bfb9-4e1b-8264-aaeb04354355 admin admin - - -] Stack CREATE IN_PROGRESS (overcloud-Controller-gp7tggv5jtvs-0-zf6z7fkqjsf7-InternalApiPort-n74h67vcgspr): Stack CREATE started
2017-06-19 15:44:00.373 3795 INFO heat.engine.resource [req-cafc2e10-bfb9-4e1b-8264-aaeb04354355 admin admin - - -] creating (,)
2017-06-19 15:44:02.004 3797 INFO heat.engine.service [req-cafc2e10-bfb9-4e1b-8264-aaeb04354355 admin admin - - -] Creating stack overcloud-Controller-gp7tggv5jtvs-0-zf6z7fkqjsf7-StorageMgmtPort-yils6x7kw7av
2017-06-19 15:44:02.031 3791 INFO heat.engine.stack [req-cafc2e10-bfb9-4e1b-8264-aaeb04354355 admin admin - - -] Stack CREATE COMPLETE (overcloud-Controller-gp7tggv5jtvs-0-zf6z7fkqjsf7-ExternalPort-xxc4grnqeybl): Stack CREATE completed successfully
2017-06-19 15:44:02.110 3797 INFO heat.engine.stack [req-cafc2e10-bfb9-4e1b-8264-aaeb04354355 admin admin - - -] Stack CREATE IN_PROGRESS (overcloud-Controller-gp7tggv5jtvs-0-zf6z7fkqjsf7-StorageMgmtPort-yils6x7kw7av): Stack CREATE started
2017-06-19 15:44:02.123 3797 INFO heat.engine.resource [req-cafc2e10-bfb9-4e1b-8264-aaeb04354355 admin admin - - -] creating (,)
2017-06-19 15:44:02.495 3795 INFO heat.engine.stack [req-cafc2e10-bfb9-4e1b-8264-aaeb04354355 admin admin - - -] Stack CREATE COMPLETE (overcloud-Controller-gp7tggv5jtvs-0-zf6z7fkqjsf7-InternalApiPort-n74h67vcgspr): Stack CREATE completed successfully
2017-06-19 15:44:03.273 3797 INFO heat.engine.stack [req-cafc2e10-bfb9-4e1b-8264-aaeb04354355 admin admin - - -] Stack CREATE COMPLETE (overcloud-Controller-gp7tggv5jtvs-0-zf6z7fkqjsf7-StorageMgmtPort-yils6x7kw7av): Stack CREATE completed successfully
2017-06-19 15:44:04.196 3796 INFO heat.engine.resource [req-cafc2e10-bfb9-4e1b-8264-aaeb04354355 admin admin - - -] creating (,)
2017-06-19 15:44:06.280 3796 INFO heat.engine.service [req-cafc2e10-bfb9-4e1b-8264-aaeb04354355 admin admin - - -] Creating stack overcloud-Controller-gp7tggv5jtvs-0-zf6z7fkqjsf7-NetIpMap-ibaxl5a2wyjc
2017-06-19 15:44:06.356 3796 INFO heat.engine.resource [req-cafc2e10-bfb9-4e1b-8264-aaeb04354355 admin admin - - -] creating (,)
2017-06-19 15:44:06.387 3796 INFO heat.engine.stack [req-cafc2e10-bfb9-4e1b-8264-aaeb04354355 admin admin - - -] Stack CREATE IN_PROGRESS (overcloud-Controller-gp7tggv5jtvs-0-zf6z7fkqjsf7-NetIpMap-ibaxl5a2wyjc): Stack CREATE started
2017-06-19 15:44:06.397 3796 INFO heat.engine.resource [req-cafc2e10-bfb9-4e1b-8264-aaeb04354355 admin admin - - -] creating (,)
2017-06-19 15:44:06.439 3796 INFO heat.engine.stack [req-cafc2e10-bfb9-4e1b-8264-aaeb04354355 admin admin - - -] Stack CREATE COMPLETE (overcloud-Controller-gp7tggv5jtvs-0-zf6z7fkqjsf7-NetIpMap-ibaxl5a2wyjc): Stack CREATE completed successfully
2017-06-19 15:44:06.745 3790 INFO heat.engine.service [req-cafc2e10-bfb9-4e1b-8264-aaeb04354355 admin admin - - -] Creating stack overcloud-Controller-gp7tggv5jtvs-0-zf6z7fkqjsf7-NetworkConfig-ur6h2bdfcja4
2017-06-19 15:44:06.819 3790 INFO heat.engine.stack [req-cafc2e10-bfb9-4e1b-8264-aaeb04354355 admin admin - - -] Stack CREATE IN_PROGRESS (overcloud-Controller-gp7tggv5jtvs-0-zf6z7fkqjsf7-NetworkConfig-ur6h2bdfcja4): Stack CREATE started
2017-06-19 15:44:06.828 3790 INFO heat.engine.resource [req-cafc2e10-bfb9-4e1b-8264-aaeb04354355 admin admin - - -] creating (,)
2017-06-19 15:44:06.881 3790 INFO heat.engine.stack [req-cafc2e10-bfb9-4e1b-8264-aaeb04354355 admin admin - - -] Stack CREATE COMPLETE (overcloud-Controller-gp7tggv5jtvs-0-zf6z7fkqjsf7-NetworkConfig-ur6h2bdfcja4): Stack CREATE completed successfully
2017-06-19 15:44:07.821 3796 INFO heat.engine.resource [req-cafc2e10-bfb9-4e1b-8264-aaeb04354355 admin admin - - -] creating (,)
2017-06-19 15:44:08.159 3796 WARNING heat.engine.clients.keystoneclient [req-cafc2e10-bfb9-4e1b-8264-aaeb04354355 admin admin - - -] Truncating the username overcloud-Controller-gp7tggv5jtvs-0-zf6z7fkqjsf7-NetworkDeployment-bwsxg3hsnnze to the last 64 characters.
2017-06-19 15:44:48.249 3796 INFO heat.engine.resource [req-cafc2e10-bfb9-4e1b-8264-aaeb04354355 admin admin - - -] creating (,)
2017-06-19 15:44:48.416 3796 WARNING heat.engine.clients.keystoneclient [req-cafc2e10-bfb9-4e1b-8264-aaeb04354355 admin admin - - -] Truncating the username overcloud-Controller-gp7tggv5jtvs-0-zf6z7fkqjsf7-UpdateDeployment-xtdmbbp34aw7 to the last 64 characters.
2017-06-19 15:44:48.811 3796 INFO heat.engine.resource [req-cafc2e10-bfb9-4e1b-8264-aaeb04354355 admin admin - - -] creating (,)
2017-06-19 15:44:48.845 3792 INFO heat.engine.service [req-cafc2e10-bfb9-4e1b-8264-aaeb04354355 admin admin - - -] Creating stack overcloud-Controller-gp7tggv5jtvs-0-zf6z7fkqjsf7-NodeTLSCAData-2fc5rxa7sbpr
2017-06-19 15:44:48.891 3796 INFO heat.engine.resource [req-cafc2e10-bfb9-4e1b-8264-aaeb04354355 admin admin - - -] creating (,)
2017-06-19 15:44:48.971 3792 INFO heat.engine.stack [req-cafc2e10-bfb9-4e1b-8264-aaeb04354355 admin admin - - -] Stack CREATE IN_PROGRESS (overcloud-Controller-gp7tggv5jtvs-0-zf6z7fkqjsf7-NodeTLSCAData-2fc5rxa7sbpr): Stack CREATE started
2017-06-19 15:44:48.983 3792 INFO heat.engine.resource [req-cafc2e10-bfb9-4e1b-8264-aaeb04354355 admin admin - - -] creating (,)
2017-06-19 15:44:49.024 3796 WARNING heat.engine.clients.keystoneclient [req-cafc2e10-bfb9-4e1b-8264-aaeb04354355 admin admin - - -] Truncating the username overcloud-Controller-gp7tggv5jtvs-0-zf6z7fkqjsf7-ControllerUpgradeInitDeployment-p24udybrczxw to the last 64 characters.
2017-06-19 15:44:49.032 3792 INFO heat.engine.resource [req-cafc2e10-bfb9-4e1b-8264-aaeb04354355 admin admin - - -] creating (,)
2017-06-19 15:44:49.424 3792 WARNING heat.engine.clients.keystoneclient [req-cafc2e10-bfb9-4e1b-8264-aaeb04354355 admin admin - - -] Truncating the username overcloud-Controller-gp7tggv5jtvs-0-zf6z7fkqjsf7-NodeTLSCAData-2fc5rxa7sbpr-CADeployment-edy34xrwy2xd to the last 64 characters.
2017-06-19 15:45:02.101 3792 INFO heat.engine.stack [req-cafc2e10-bfb9-4e1b-8264-aaeb04354355 admin admin - - -] Stack CREATE COMPLETE (overcloud-Controller-gp7tggv5jtvs-0-zf6z7fkqjsf7-NodeTLSCAData-2fc5rxa7sbpr): Stack CREATE completed successfully
2017-06-19 15:45:02.887 3796 INFO heat.engine.resource [req-cafc2e10-bfb9-4e1b-8264-aaeb04354355 admin admin - - -] creating (,)
2017-06-19 15:45:02.920 3796 INFO heat.engine.service [req-cafc2e10-bfb9-4e1b-8264-aaeb04354355 admin admin - - -] Creating stack overcloud-Controller-gp7tggv5jtvs-0-zf6z7fkqjsf7-NodeTLSData-ltuaqsozep7s
2017-06-19 15:45:03.055 3796 INFO heat.engine.stack [req-cafc2e10-bfb9-4e1b-8264-aaeb04354355 admin admin - - -] Stack CREATE IN_PROGRESS (overcloud-Controller-gp7tggv5jtvs-0-zf6z7fkqjsf7-NodeTLSData-ltuaqsozep7s): Stack CREATE started
2017-06-19 15:45:03.069 3796 INFO heat.engine.resource [req-cafc2e10-bfb9-4e1b-8264-aaeb04354355 admin admin - - -] creating (,)
2017-06-19 15:45:03.121 3796 INFO heat.engine.resource [req-cafc2e10-bfb9-4e1b-8264-aaeb04354355 admin admin - - -] creating (,)
2017-06-19 15:45:03.494 3796 WARNING heat.engine.clients.keystoneclient [req-cafc2e10-bfb9-4e1b-8264-aaeb04354355 admin admin - - -] Truncating the username overcloud-Controller-gp7tggv5jtvs-0-zf6z7fkqjsf7-NodeTLSData-ltuaqsozep7s-ControllerTLSDeployment-bxbwoj32ycp7 to the last 64 characters.
2017-06-19 15:45:12.214 3796 INFO heat.engine.stack [req-cafc2e10-bfb9-4e1b-8264-aaeb04354355 admin admin - - -] Stack CREATE COMPLETE (overcloud-Controller-gp7tggv5jtvs-0-zf6z7fkqjsf7-NodeTLSData-ltuaqsozep7s): Stack CREATE completed successfully
2017-06-19 15:45:13.131 3796 INFO heat.engine.resource [req-cafc2e10-bfb9-4e1b-8264-aaeb04354355 admin admin - - -] creating (,)
2017-06-19 15:45:14.342 3796 INFO heat.engine.resource [req-cafc2e10-bfb9-4e1b-8264-aaeb04354355 admin admin - - -] creating (,)
2017-06-19 15:45:14.542 3796 WARNING heat.engine.clients.keystoneclient [req-cafc2e10-bfb9-4e1b-8264-aaeb04354355 admin admin - - -] Truncating the username overcloud-Controller-gp7tggv5jtvs-0-zf6z7fkqjsf7-ControllerDeployment-pwdwfyhk5uvl to the last 64 characters.
2017-06-19 15:45:21.150 3796 INFO heat.engine.resource [req-cafc2e10-bfb9-4e1b-8264-aaeb04354355 admin admin - - -] creating (,)
2017-06-19 15:45:21.181 3797 INFO heat.engine.service [req-cafc2e10-bfb9-4e1b-8264-aaeb04354355 admin admin - - -] Creating stack overcloud-Controller-gp7tggv5jtvs-0-zf6z7fkqjsf7-SshHostPubKey-tfytgalst557
2017-06-19 15:45:21.231 3796 INFO heat.engine.resource [req-cafc2e10-bfb9-4e1b-8264-aaeb04354355 admin admin - - -] creating (,)
2017-06-19 15:45:21.262 3796 INFO heat.engine.service [req-cafc2e10-bfb9-4e1b-8264-aaeb04354355 admin admin - - -] Creating stack overcloud-Controller-gp7tggv5jtvs-0-zf6z7fkqjsf7-ControllerExtraConfigPre-dq5njndhbova
2017-06-19 15:45:21.314 3796 INFO heat.engine.stack [req-cafc2e10-bfb9-4e1b-8264-aaeb04354355 admin admin - - -] Stack CREATE IN_PROGRESS (overcloud-Controller-gp7tggv5jtvs-0-zf6z7fkqjsf7-ControllerExtraConfigPre-dq5njndhbova): Stack CREATE started
2017-06-19 15:45:21.337 3796 INFO heat.engine.stack [req-cafc2e10-bfb9-4e1b-8264-aaeb04354355 admin admin - - -] Stack CREATE COMPLETE (overcloud-Controller-gp7tggv5jtvs-0-zf6z7fkqjsf7-ControllerExtraConfigPre-dq5njndhbova): Stack CREATE completed successfully
2017-06-19 15:45:21.435 3797 INFO heat.engine.stack [req-cafc2e10-bfb9-4e1b-8264-aaeb04354355 admin admin - - -] Stack CREATE IN_PROGRESS (overcloud-Controller-gp7tggv5jtvs-0-zf6z7fkqjsf7-SshHostPubKey-tfytgalst557): Stack CREATE started
2017-06-19 15:45:21.444 3797 INFO heat.engine.resource [req-cafc2e10-bfb9-4e1b-8264-aaeb04354355 admin admin - - -] creating (,)
2017-06-19 15:45:21.487 3797 INFO heat.engine.resource [req-cafc2e10-bfb9-4e1b-8264-aaeb04354355 admin admin - - -] creating (,)
2017-06-19 15:45:21.744 3797 WARNING heat.engine.clients.keystoneclient [req-cafc2e10-bfb9-4e1b-8264-aaeb04354355 admin admin - - -] Truncating the username overcloud-Controller-gp7tggv5jtvs-0-zf6z7fkqjsf7-SshHostPubKey-tfytgalst557-SshHostPubKeyDeployment-isvyizqe5kdn to the last 64 characters.
2017-06-19 15:45:22.330 3796 INFO heat.engine.resource [req-cafc2e10-bfb9-4e1b-8264-aaeb04354355 admin admin - - -] creating (,)
2017-06-19 15:45:22.359 3791 INFO heat.engine.service [req-cafc2e10-bfb9-4e1b-8264-aaeb04354355 admin admin - - -] Creating stack overcloud-Controller-gp7tggv5jtvs-0-zf6z7fkqjsf7-NodeExtraConfig-uit7q5bqdezp
2017-06-19 15:45:22.403 3791 INFO heat.engine.stack [req-cafc2e10-bfb9-4e1b-8264-aaeb04354355 admin admin - - -] Stack CREATE IN_PROGRESS (overcloud-Controller-gp7tggv5jtvs-0-zf6z7fkqjsf7-NodeExtraConfig-uit7q5bqdezp): Stack CREATE started
2017-06-19 15:45:22.423 3791 INFO heat.engine.stack [req-cafc2e10-bfb9-4e1b-8264-aaeb04354355 admin admin - - -] Stack CREATE COMPLETE (overcloud-Controller-gp7tggv5jtvs-0-zf6z7fkqjsf7-NodeExtraConfig-uit7q5bqdezp): Stack CREATE completed successfully
2017-06-19 15:45:28.254 3797 INFO heat.engine.stack [req-cafc2e10-bfb9-4e1b-8264-aaeb04354355 admin admin - - -] Stack CREATE COMPLETE (overcloud-Controller-gp7tggv5jtvs-0-zf6z7fkqjsf7-SshHostPubKey-tfytgalst557): Stack CREATE completed successfully
2017-06-19 15:45:28.465 3796 INFO heat.engine.stack [req-cafc2e10-bfb9-4e1b-8264-aaeb04354355 admin admin - - -] Stack CREATE COMPLETE (overcloud-Controller-gp7tggv5jtvs-0-zf6z7fkqjsf7): Stack CREATE completed successfully
2017-06-19 15:45:28.967 3797 INFO heat.engine.stack [req-cafc2e10-bfb9-4e1b-8264-aaeb04354355 admin admin - - -] Stack DELETE IN_PROGRESS (overcloud-Controller-gp7tggv5jtvs*): Stack DELETE started
2017-06-19 15:45:29.000 3797 INFO heat.engine.stack [req-cafc2e10-bfb9-4e1b-8264-aaeb04354355 admin admin - - -] Stack DELETE COMPLETE (overcloud-Controller-gp7tggv5jtvs*): Stack DELETE completed successfully
2017-06-19 15:45:29.034 3797 INFO heat.engine.stack [req-cafc2e10-bfb9-4e1b-8264-aaeb04354355 admin admin - - -] Stack UPDATE COMPLETE (overcloud-Controller-gp7tggv5jtvs): Stack UPDATE completed successfully
2017-06-19 15:45:29.958 3797 INFO heat.engine.resource [req-cafc2e10-bfb9-4e1b-8264-aaeb04354355 admin admin - - -] creating (,)
2017-06-19 15:45:32.763 3792 INFO heat.engine.service [req-cafc2e10-bfb9-4e1b-8264-aaeb04354355 admin admin - - -] Creating stack overcloud-SshKnownHostsConfig-xjolyleywuq3
2017-06-19 15:45:32.808 3797 INFO heat.engine.resource [req-cafc2e10-bfb9-4e1b-8264-aaeb04354355 admin admin - - -] creating (,)
2017-06-19 15:45:32.827 3792 INFO heat.engine.stack [req-cafc2e10-bfb9-4e1b-8264-aaeb04354355 admin admin - - -] Stack CREATE IN_PROGRESS (overcloud-SshKnownHostsConfig-xjolyleywuq3): Stack CREATE started
2017-06-19 15:45:32.837 3792 INFO heat.engine.resource [req-cafc2e10-bfb9-4e1b-8264-aaeb04354355 admin admin - - -] creating (,)
2017-06-19 15:45:32.852 3793 INFO heat.engine.service [req-cafc2e10-bfb9-4e1b-8264-aaeb04354355 admin admin - - -] Creating stack overcloud-hostsConfig-u2rtoggysc55
2017-06-19 15:45:32.895 3792 INFO heat.engine.stack [req-cafc2e10-bfb9-4e1b-8264-aaeb04354355 admin admin - - -] Stack CREATE COMPLETE (overcloud-SshKnownHostsConfig-xjolyleywuq3): Stack CREATE completed successfully
2017-06-19 15:45:32.901 3797 INFO heat.engine.resource [req-cafc2e10-bfb9-4e1b-8264-aaeb04354355 admin admin - - -] creating (,)
2017-06-19 15:45:32.921 3793 INFO heat.engine.stack [req-cafc2e10-bfb9-4e1b-8264-aaeb04354355 admin admin - - -] Stack CREATE IN_PROGRESS (overcloud-hostsConfig-u2rtoggysc55): Stack CREATE started
2017-06-19 15:45:32.932 3793 INFO heat.engine.resource [req-cafc2e10-bfb9-4e1b-8264-aaeb04354355 admin admin - - -] creating (,)
2017-06-19 15:45:33.011 3795 INFO heat.engine.service [req-cafc2e10-bfb9-4e1b-8264-aaeb04354355 admin admin - - -] Creating stack overcloud-AllNodesValidationConfig-sxjw54urmguw
2017-06-19 15:45:33.017 3793 INFO heat.engine.stack [req-0d67df94-66e3-4d55-8eca-15636406f26c - - - - -] Stack CREATE COMPLETE (overcloud-hostsConfig-u2rtoggysc55): Stack CREATE completed successfully
2017-06-19 15:45:33.056 3797 INFO heat.engine.resource [req-cafc2e10-bfb9-4e1b-8264-aaeb04354355 admin admin - - -] creating (,)
2017-06-19 15:45:33.072 3795 INFO heat.engine.stack [req-cafc2e10-bfb9-4e1b-8264-aaeb04354355 admin admin - - -] Stack CREATE IN_PROGRESS (overcloud-AllNodesValidationConfig-sxjw54urmguw): Stack CREATE started
2017-06-19 15:45:33.083 3795 INFO heat.engine.resource [req-cafc2e10-bfb9-4e1b-8264-aaeb04354355 admin admin - - -] creating (,)
2017-06-19 15:45:33.177 3795 INFO heat.engine.stack [req-8d66600f-79e1-4905-bca2-b4547bfdef1f - - - - -] Stack CREATE COMPLETE (overcloud-AllNodesValidationConfig-sxjw54urmguw): Stack CREATE completed successfully
2017-06-19 15:45:33.222 3796 INFO heat.engine.service [req-cafc2e10-bfb9-4e1b-8264-aaeb04354355 admin admin - - -] Creating stack overcloud-ControllerIpListMap-yrlobkzzzkis
2017-06-19 15:45:33.300 3796 INFO heat.engine.stack [req-cafc2e10-bfb9-4e1b-8264-aaeb04354355 admin admin - - -] Stack CREATE IN_PROGRESS (overcloud-ControllerIpListMap-yrlobkzzzkis): Stack CREATE started
2017-06-19 15:45:33.310 3796 INFO heat.engine.resource [req-cafc2e10-bfb9-4e1b-8264-aaeb04354355 admin admin - - -] creating (,)
2017-06-19 15:45:33.330 3796 INFO heat.engine.resource [req-cafc2e10-bfb9-4e1b-8264-aaeb04354355 admin admin - - -] creating (,)
2017-06-19 15:45:33.394 3796 INFO heat.engine.stack [req-cafc2e10-bfb9-4e1b-8264-aaeb04354355 admin admin - - -] Stack CREATE COMPLETE (overcloud-ControllerIpListMap-yrlobkzzzkis): Stack CREATE completed successfully
2017-06-19 15:45:34.337 3797 INFO heat.engine.resource [req-cafc2e10-bfb9-4e1b-8264-aaeb04354355 admin admin - - -] creating (,)
2017-06-19 15:45:34.416 3794 INFO heat.engine.service [req-cafc2e10-bfb9-4e1b-8264-aaeb04354355 admin admin - - -] Creating stack overcloud-ControllerSshKnownHostsDeployment-mdrfbjkurpt7
2017-06-19 15:45:34.460 3797 INFO heat.engine.resource [req-cafc2e10-bfb9-4e1b-8264-aaeb04354355 admin admin - - -] creating (,)
2017-06-19 15:45:34.481 3794 INFO heat.engine.stack [req-cafc2e10-bfb9-4e1b-8264-aaeb04354355 admin admin - - -] Stack CREATE IN_PROGRESS (overcloud-ControllerSshKnownHostsDeployment-mdrfbjkurpt7): Stack CREATE started
2017-06-19 15:45:34.495 3794 INFO heat.engine.resource [req-cafc2e10-bfb9-4e1b-8264-aaeb04354355 admin admin - - -] creating (,)
2017-06-19 15:45:34.564 3796 INFO heat.engine.service [req-cafc2e10-bfb9-4e1b-8264-aaeb04354355 admin admin - - -] Creating stack overcloud-ControllerHostsDeployment-q2vpdhliyor4
2017-06-19 15:45:34.606 3797 INFO heat.engine.resource [req-cafc2e10-bfb9-4e1b-8264-aaeb04354355 admin admin - - -] creating (,)
2017-06-19 15:45:34.633 3796 INFO heat.engine.stack [req-cafc2e10-bfb9-4e1b-8264-aaeb04354355 admin admin - - -] Stack CREATE IN_PROGRESS (overcloud-ControllerHostsDeployment-q2vpdhliyor4): Stack CREATE started
2017-06-19 15:45:34.645 3796 INFO heat.engine.resource [req-cafc2e10-bfb9-4e1b-8264-aaeb04354355 admin admin - - -] creating (,)
2017-06-19 15:45:34.786 3794 WARNING heat.engine.clients.keystoneclient [req-cafc2e10-bfb9-4e1b-8264-aaeb04354355 admin admin - - -] Truncating the username overcloud-ControllerSshKnownHostsDeployment-mdrfbjkurpt7-0-kq6n6zgcy7ml to the last 64 characters.
2017-06-19 15:45:36.379 3792 INFO heat.engine.service [req-cafc2e10-bfb9-4e1b-8264-aaeb04354355 admin admin - - -] Creating stack overcloud-allNodesConfig-rj2m7k4kt4gf
2017-06-19 15:45:36.453 3792 INFO heat.engine.stack [req-cafc2e10-bfb9-4e1b-8264-aaeb04354355 admin admin - - -] Stack CREATE IN_PROGRESS (overcloud-allNodesConfig-rj2m7k4kt4gf): Stack CREATE started
2017-06-19 15:45:36.466 3792 INFO heat.engine.resource [req-cafc2e10-bfb9-4e1b-8264-aaeb04354355 admin admin - - -] creating (,)
2017-06-19 15:45:37.039 3792 INFO heat.engine.stack [req-cafc2e10-bfb9-4e1b-8264-aaeb04354355 admin admin - - -] Stack CREATE COMPLETE (overcloud-allNodesConfig-rj2m7k4kt4gf): Stack CREATE completed successfully
2017-06-19 15:45:41.804 3796 INFO heat.engine.stack [req-cafc2e10-bfb9-4e1b-8264-aaeb04354355 admin admin - - -] Stack CREATE COMPLETE (overcloud-ControllerHostsDeployment-q2vpdhliyor4): Stack CREATE completed successfully
2017-06-19 15:45:42.508 3797 INFO heat.engine.resource [req-cafc2e10-bfb9-4e1b-8264-aaeb04354355 admin admin - - -] creating (,)
2017-06-19 15:45:42.622 3795 INFO heat.engine.service [req-cafc2e10-bfb9-4e1b-8264-aaeb04354355 admin admin - - -] Creating stack overcloud-ControllerAllNodesDeployment-jwtgappnmord
2017-06-19 15:45:42.679 3795 INFO heat.engine.stack [req-cafc2e10-bfb9-4e1b-8264-aaeb04354355 admin admin - - -] Stack CREATE IN_PROGRESS (overcloud-ControllerAllNodesDeployment-jwtgappnmord): Stack CREATE started
2017-06-19 15:45:42.691 3795 INFO heat.engine.resource [req-cafc2e10-bfb9-4e1b-8264-aaeb04354355 admin admin - - -] creating (,)
2017-06-19 15:45:43.031 3795 WARNING heat.engine.clients.keystoneclient [req-cafc2e10-bfb9-4e1b-8264-aaeb04354355 admin admin - - -] Truncating the username overcloud-ControllerAllNodesDeployment-jwtgappnmord-0-cekvftsvdzkq to the last 64 characters.
2017-06-19 15:45:44.628 3794 INFO heat.engine.stack [req-cafc2e10-bfb9-4e1b-8264-aaeb04354355 admin admin - - -] Stack CREATE COMPLETE (overcloud-ControllerSshKnownHostsDeployment-mdrfbjkurpt7): Stack CREATE completed successfully
2017-06-19 15:45:51.107 3795 INFO heat.engine.stack [req-cafc2e10-bfb9-4e1b-8264-aaeb04354355 admin admin - - -] Stack CREATE COMPLETE (overcloud-ControllerAllNodesDeployment-jwtgappnmord): Stack CREATE completed successfully
2017-06-19 15:45:51.734 3797 INFO heat.engine.resource [req-cafc2e10-bfb9-4e1b-8264-aaeb04354355 admin admin - - -] creating (,)
2017-06-19 15:45:51.750 3797 INFO heat.engine.resource [req-cafc2e10-bfb9-4e1b-8264-aaeb04354355 admin admin - - -] creating (,)
2017-06-19 15:45:51.834 3791 INFO heat.engine.service [req-cafc2e10-bfb9-4e1b-8264-aaeb04354355 admin admin - - -] Creating stack overcloud-ControllerAllNodesValidationDeployment-sv3qncxsnfk6
2017-06-19 15:45:51.890 3791 INFO heat.engine.stack [req-cafc2e10-bfb9-4e1b-8264-aaeb04354355 admin admin - - -] Stack CREATE IN_PROGRESS (overcloud-ControllerAllNodesValidationDeployment-sv3qncxsnfk6): Stack CREATE started
2017-06-19 15:45:51.900 3791 INFO heat.engine.resource [req-cafc2e10-bfb9-4e1b-8264-aaeb04354355 admin admin - - -] creating (,)
2017-06-19 15:45:52.170 3791 WARNING heat.engine.clients.keystoneclient [req-cafc2e10-bfb9-4e1b-8264-aaeb04354355 admin admin - - -] Truncating the username overcloud-ControllerAllNodesValidationDeployment-sv3qncxsnfk6-0-akb6vs3fui4n to the last 64 characters.
2017-06-19 15:45:58.699 3791 INFO heat.engine.stack [req-cafc2e10-bfb9-4e1b-8264-aaeb04354355 admin admin - - -] Stack CREATE COMPLETE (overcloud-ControllerAllNodesValidationDeployment-sv3qncxsnfk6): Stack CREATE completed successfully
2017-06-19 15:45:58.925 3797 INFO heat.engine.resource [req-cafc2e10-bfb9-4e1b-8264-aaeb04354355 admin admin - - -] creating (,)
2017-06-19 15:45:59.950 3797 INFO heat.engine.resource [req-cafc2e10-bfb9-4e1b-8264-aaeb04354355 admin admin - - -] creating (,)
2017-06-19 15:46:00.016 3794 INFO heat.engine.service [req-cafc2e10-bfb9-4e1b-8264-aaeb04354355 admin admin - - -] Creating stack overcloud-AllNodesDeploySteps-mkjxrhbo43b3
2017-06-19 15:46:00.274 3794 INFO heat.engine.stack [req-1518cbbe-2dde-4029-9352-579ef2555b15 - - - - -] Stack CREATE IN_PROGRESS (overcloud-AllNodesDeploySteps-mkjxrhbo43b3): Stack CREATE started
2017-06-19 15:46:00.290 3794 INFO heat.engine.resource [req-1518cbbe-2dde-4029-9352-579ef2555b15 - - - - -] creating (,)
2017-06-19 15:46:00.318 3791 INFO heat.engine.service [req-cafc2e10-bfb9-4e1b-8264-aaeb04354355 admin admin - - -] Creating stack overcloud-AllNodesDeploySteps-mkjxrhbo43b3-ControllerArtifactsConfig-gza3axlr5v2l
2017-06-19 15:46:00.360 3794 INFO heat.engine.resource [req-1518cbbe-2dde-4029-9352-579ef2555b15 - - - - -] creating (,)
2017-06-19 15:46:00.387 3791 INFO heat.engine.stack [req-cafc2e10-bfb9-4e1b-8264-aaeb04354355 admin admin - - -] Stack CREATE IN_PROGRESS (overcloud-AllNodesDeploySteps-mkjxrhbo43b3-ControllerArtifactsConfig-gza3axlr5v2l): Stack CREATE started
2017-06-19 15:46:00.391 3795 INFO heat.engine.service [req-cafc2e10-bfb9-4e1b-8264-aaeb04354355 admin admin - - -] Creating stack overcloud-AllNodesDeploySteps-mkjxrhbo43b3-ControllerConfig-3mhphp227ezu
2017-06-19 15:46:00.397 3791 INFO heat.engine.resource [req-cafc2e10-bfb9-4e1b-8264-aaeb04354355 admin admin - - -] creating (,)
2017-06-19 15:46:00.441 3794 INFO heat.engine.resource [req-1518cbbe-2dde-4029-9352-579ef2555b15 - - - - -] creating (,)
2017-06-19 15:46:00.470 3795 INFO heat.engine.stack [req-cafc2e10-bfb9-4e1b-8264-aaeb04354355 admin admin - - -] Stack CREATE IN_PROGRESS (overcloud-AllNodesDeploySteps-mkjxrhbo43b3-ControllerConfig-3mhphp227ezu): Stack CREATE started
2017-06-19 15:46:00.482 3795 INFO heat.engine.resource [req-cafc2e10-bfb9-4e1b-8264-aaeb04354355 admin admin - - -] creating (,)
2017-06-19 15:46:00.481 3791 INFO heat.engine.stack [req-5f07457f-ef32-43ca-9aee-24b559e49508 - - - - -] Stack CREATE COMPLETE (overcloud-AllNodesDeploySteps-mkjxrhbo43b3-ControllerArtifactsConfig-gza3axlr5v2l): Stack CREATE completed successfully
2017-06-19 15:46:00.560 3795 INFO heat.engine.stack [req-1b79859b-f3ec-4e19-ade8-721f3ab57ece - - - - -] Stack CREATE COMPLETE (overcloud-AllNodesDeploySteps-mkjxrhbo43b3-ControllerConfig-3mhphp227ezu): Stack CREATE completed successfully
2017-06-19 15:46:01.505 3794 INFO heat.engine.resource [req-1518cbbe-2dde-4029-9352-579ef2555b15 - - - - -] creating (,)
2017-06-19 15:46:01.575 3792 INFO heat.engine.service [req-cafc2e10-bfb9-4e1b-8264-aaeb04354355 admin admin - - -] Creating stack overcloud-AllNodesDeploySteps-mkjxrhbo43b3-ControllerArtifactsDeploy-dwc2hsuz6qwe
2017-06-19 15:46:01.641 3792 INFO heat.engine.stack [req-cafc2e10-bfb9-4e1b-8264-aaeb04354355 admin admin - - -] Stack CREATE IN_PROGRESS (overcloud-AllNodesDeploySteps-mkjxrhbo43b3-ControllerArtifactsDeploy-dwc2hsuz6qwe): Stack CREATE started
2017-06-19 15:46:01.650 3792 INFO heat.engine.resource [req-cafc2e10-bfb9-4e1b-8264-aaeb04354355 admin admin - - -] creating (,)
2017-06-19 15:46:01.902 3792 WARNING heat.engine.clients.keystoneclient [req-cafc2e10-bfb9-4e1b-8264-aaeb04354355 admin admin - - -] Truncating the username overcloud-AllNodesDeploySteps-mkjxrhbo43b3-ControllerArtifactsDeploy-dwc2hsuz6qwe-0-wnpkkgxbk25t to the last 64 characters.
2017-06-19 15:46:06.404 3792 INFO heat.engine.stack [req-cafc2e10-bfb9-4e1b-8264-aaeb04354355 admin admin - - -] Stack CREATE COMPLETE (overcloud-AllNodesDeploySteps-mkjxrhbo43b3-ControllerArtifactsDeploy-dwc2hsuz6qwe): Stack CREATE completed successfully
2017-06-19 15:46:06.650 3794 INFO heat.engine.resource [req-1518cbbe-2dde-4029-9352-579ef2555b15 - - - - -] creating (,)
2017-06-19 15:46:06.718 3796 INFO heat.engine.service [req-cafc2e10-bfb9-4e1b-8264-aaeb04354355 admin admin - - -] Creating stack overcloud-AllNodesDeploySteps-mkjxrhbo43b3-ControllerDeployment_Step1-ebysc7alijat
2017-06-19 15:46:06.798 3796 INFO heat.engine.stack [req-cafc2e10-bfb9-4e1b-8264-aaeb04354355 admin admin - - -] Stack CREATE IN_PROGRESS (overcloud-AllNodesDeploySteps-mkjxrhbo43b3-ControllerDeployment_Step1-ebysc7alijat): Stack CREATE started
2017-06-19 15:46:06.809 3796 INFO heat.engine.resource [req-cafc2e10-bfb9-4e1b-8264-aaeb04354355 admin admin - - -] creating (,)
2017-06-19 15:46:07.089 3796 WARNING heat.engine.clients.keystoneclient [req-cafc2e10-bfb9-4e1b-8264-aaeb04354355 admin admin - - -] Truncating the username overcloud-AllNodesDeploySteps-mkjxrhbo43b3-ControllerDeployment_Step1-ebysc7alijat-0-ewrsboxuaktq to the last 64 characters.
2017-06-19 15:47:09.568 3796 INFO heat.engine.stack [req-cafc2e10-bfb9-4e1b-8264-aaeb04354355 admin admin - - -] Stack CREATE COMPLETE (overcloud-AllNodesDeploySteps-mkjxrhbo43b3-ControllerDeployment_Step1-ebysc7alijat): Stack CREATE completed successfully
2017-06-19 15:47:10.026 3794 INFO heat.engine.resource [req-1518cbbe-2dde-4029-9352-579ef2555b15 - - - - -] creating (,)
2017-06-19 15:47:10.060 3794 INFO heat.engine.service [req-cafc2e10-bfb9-4e1b-8264-aaeb04354355 admin admin - - -] Creating stack overcloud-AllNodesDeploySteps-mkjxrhbo43b3-ControllerDeployment_Step2-xljza2ppq5yq
2017-06-19 15:47:10.141 3794 INFO heat.engine.stack [req-cafc2e10-bfb9-4e1b-8264-aaeb04354355 admin admin - - -] Stack CREATE IN_PROGRESS (overcloud-AllNodesDeploySteps-mkjxrhbo43b3-ControllerDeployment_Step2-xljza2ppq5yq): Stack CREATE started
2017-06-19 15:47:10.154 3794 INFO heat.engine.resource [req-cafc2e10-bfb9-4e1b-8264-aaeb04354355 admin admin - - -] creating (,)
2017-06-19 15:47:10.419 3794 WARNING heat.engine.clients.keystoneclient [req-cafc2e10-bfb9-4e1b-8264-aaeb04354355 admin admin - - -] Truncating the username overcloud-AllNodesDeploySteps-mkjxrhbo43b3-ControllerDeployment_Step2-xljza2ppq5yq-0-mtaezwbxac7w to the last 64 characters.
2017-06-19 15:47:55.700 3794 INFO heat.engine.stack [req-cafc2e10-bfb9-4e1b-8264-aaeb04354355 admin admin - - -] Stack CREATE COMPLETE (overcloud-AllNodesDeploySteps-mkjxrhbo43b3-ControllerDeployment_Step2-xljza2ppq5yq): Stack CREATE completed successfully
2017-06-19 15:47:56.340 3794 INFO heat.engine.resource [req-1518cbbe-2dde-4029-9352-579ef2555b15 - - - - -] creating (,)
2017-06-19 15:47:56.378 3791 INFO heat.engine.service [req-cafc2e10-bfb9-4e1b-8264-aaeb04354355 admin admin - - -] Creating stack overcloud-AllNodesDeploySteps-mkjxrhbo43b3-ControllerDeployment_Step3-x35ik6x7bnda
2017-06-19 15:47:56.453 3791 INFO heat.engine.stack [req-cafc2e10-bfb9-4e1b-8264-aaeb04354355 admin admin - - -] Stack CREATE IN_PROGRESS (overcloud-AllNodesDeploySteps-mkjxrhbo43b3-ControllerDeployment_Step3-x35ik6x7bnda): Stack CREATE started
2017-06-19 15:47:56.465 3791 INFO heat.engine.resource [req-cafc2e10-bfb9-4e1b-8264-aaeb04354355 admin admin - - -] creating (,)
2017-06-19 15:47:56.752 3791 WARNING heat.engine.clients.keystoneclient [req-cafc2e10-bfb9-4e1b-8264-aaeb04354355 admin admin - - -] Truncating the username overcloud-AllNodesDeploySteps-mkjxrhbo43b3-ControllerDeployment_Step3-x35ik6x7bnda-0-42lxkc7pmmub to the last 64 characters.
2017-06-19 15:56:13.463 3791 INFO heat.engine.stack [req-cafc2e10-bfb9-4e1b-8264-aaeb04354355 admin admin - - -] Stack CREATE COMPLETE (overcloud-AllNodesDeploySteps-mkjxrhbo43b3-ControllerDeployment_Step3-x35ik6x7bnda): Stack CREATE completed successfully
2017-06-19 15:56:13.568 3794 INFO heat.engine.resource [req-1518cbbe-2dde-4029-9352-579ef2555b15 - - - - -] creating (,)
2017-06-19 15:56:13.605 3795 INFO heat.engine.service [req-cafc2e10-bfb9-4e1b-8264-aaeb04354355 admin admin - - -] Creating stack overcloud-AllNodesDeploySteps-mkjxrhbo43b3-ControllerDeployment_Step4-qezc2y5pvajg
2017-06-19 15:56:13.682 3795 INFO heat.engine.stack [req-cafc2e10-bfb9-4e1b-8264-aaeb04354355 admin admin - - -] Stack CREATE IN_PROGRESS (overcloud-AllNodesDeploySteps-mkjxrhbo43b3-ControllerDeployment_Step4-qezc2y5pvajg): Stack CREATE started
2017-06-19 15:56:13.695 3795 INFO heat.engine.resource [req-cafc2e10-bfb9-4e1b-8264-aaeb04354355 admin admin - - -] creating (,)
2017-06-19 15:56:13.987 3795 WARNING heat.engine.clients.keystoneclient [req-cafc2e10-bfb9-4e1b-8264-aaeb04354355 admin admin - - -] Truncating the username overcloud-AllNodesDeploySteps-mkjxrhbo43b3-ControllerDeployment_Step4-qezc2y5pvajg-0-2ugqcnd7nzyt to the last 64 characters.
2017-06-19 16:01:16.678 3795 INFO heat.engine.stack [req-cafc2e10-bfb9-4e1b-8264-aaeb04354355 admin admin - - -] Stack CREATE COMPLETE (overcloud-AllNodesDeploySteps-mkjxrhbo43b3-ControllerDeployment_Step4-qezc2y5pvajg): Stack CREATE completed successfully
2017-06-19 16:01:17.023 3794 INFO heat.engine.resource [req-1518cbbe-2dde-4029-9352-579ef2555b15 - - - - -] creating (,)
2017-06-19 16:01:17.062 3796 INFO heat.engine.service [req-cafc2e10-bfb9-4e1b-8264-aaeb04354355 admin admin - - -] Creating stack overcloud-AllNodesDeploySteps-mkjxrhbo43b3-ControllerDeployment_Step5-v5slvdkplhgx
2017-06-19 16:01:17.146 3796 INFO heat.engine.stack [req-cafc2e10-bfb9-4e1b-8264-aaeb04354355 admin admin - - -] Stack CREATE IN_PROGRESS (overcloud-AllNodesDeploySteps-mkjxrhbo43b3-ControllerDeployment_Step5-v5slvdkplhgx): Stack CREATE started
2017-06-19 16:01:17.158 3796 INFO heat.engine.resource [req-cafc2e10-bfb9-4e1b-8264-aaeb04354355 admin admin - - -] creating (,)
2017-06-19 16:01:17.507 3796 WARNING heat.engine.clients.keystoneclient [req-cafc2e10-bfb9-4e1b-8264-aaeb04354355 admin admin - - -] Truncating the username overcloud-AllNodesDeploySteps-mkjxrhbo43b3-ControllerDeployment_Step5-v5slvdkplhgx-0-scyytoyqemnq to the last 64 characters.
2017-06-19 16:05:48.761 3796 INFO heat.engine.stack [req-cafc2e10-bfb9-4e1b-8264-aaeb04354355 admin admin - - -] Stack CREATE COMPLETE (overcloud-AllNodesDeploySteps-mkjxrhbo43b3-ControllerDeployment_Step5-v5slvdkplhgx): Stack CREATE completed successfully
2017-06-19 16:05:49.308 3794 INFO heat.engine.resource [req-1518cbbe-2dde-4029-9352-579ef2555b15 - - - - -] creating (,)
2017-06-19 16:05:49.348 3790 INFO heat.engine.service [req-cafc2e10-bfb9-4e1b-8264-aaeb04354355 admin admin - - -] Creating stack overcloud-AllNodesDeploySteps-mkjxrhbo43b3-ControllerExtraConfigPost-i5sbpmaqeyqk
2017-06-19 16:05:49.394 3790 INFO heat.engine.stack [req-cafc2e10-bfb9-4e1b-8264-aaeb04354355 admin admin - - -] Stack CREATE IN_PROGRESS (overcloud-AllNodesDeploySteps-mkjxrhbo43b3-ControllerExtraConfigPost-i5sbpmaqeyqk): Stack CREATE started
2017-06-19 16:05:49.418 3790 INFO heat.engine.stack [req-cafc2e10-bfb9-4e1b-8264-aaeb04354355 admin admin - - -] Stack CREATE COMPLETE (overcloud-AllNodesDeploySteps-mkjxrhbo43b3-ControllerExtraConfigPost-i5sbpmaqeyqk): Stack CREATE completed successfully
2017-06-19 16:05:50.412 3794 INFO heat.engine.resource [req-1518cbbe-2dde-4029-9352-579ef2555b15 - - - - -] creating (,)
2017-06-19 16:05:51.460 3794 INFO heat.engine.stack [req-1518cbbe-2dde-4029-9352-579ef2555b15 - - - - -] Stack CREATE COMPLETE (overcloud-AllNodesDeploySteps-mkjxrhbo43b3): Stack CREATE completed successfully
2017-06-19 16:05:52.420 3797 INFO heat.engine.stack [req-cafc2e10-bfb9-4e1b-8264-aaeb04354355 admin admin - - -] Stack CREATE COMPLETE (overcloud): Stack CREATE completed successfully
2017-06-19 16:15:30.737 3635 INFO oslo_service.service [-] Caught SIGTERM, stopping children
2017-06-19 16:15:30.738 3635 INFO heat.engine.service [-] All threads were gone, terminating engine
2017-06-19 16:15:30.738 3635 INFO oslo_service.service [-] Waiting on 8 children to exit
2017-06-19 16:15:30.772 3635 INFO oslo_service.service [-] Child 3792 killed by signal 15
2017-06-19 16:15:30.792 3635 INFO oslo_service.service [-] Child 3796 killed by signal 15
2017-06-19 16:15:30.805 3635 INFO oslo_service.service [-] Child 3791 killed by signal 15
2017-06-19 16:15:30.806 3635 INFO oslo_service.service [-] Child 3793 killed by signal 15
2017-06-19 16:15:30.806 3635 INFO oslo_service.service [-] Child 3794 killed by signal 15
2017-06-19 16:15:30.808 3635 INFO oslo_service.service [-] Child 3795 killed by signal 15
2017-06-19 16:15:30.808 3635 INFO oslo_service.service [-] Child 3797 killed by signal 15
2017-06-19 16:15:30.827 3635 INFO oslo_service.service [-] Child 3790 killed by signal 15
2017-06-19 16:25:32.030 26188 WARNING oslo_config.cfg [-] Option "rpc_backend" from group "DEFAULT" is deprecated for removal (Replaced by [DEFAULT]/transport_url). Its value may be silently ignored in the future.
2017-06-19 16:25:33.041 26188 WARNING oslo_reports.guru_meditation_report [-] Guru meditation now registers SIGUSR1 and SIGUSR2 by default for backward compatibility. SIGUSR1 will no longer be registered in a future release, so please use SIGUSR2 to generate reports.
2017-06-19 16:25:33.043 26188 WARNING heat.common.pluginutils [-] Encountered exception while loading heat.engine.clients.os.monasca: "No module named monascaclient". Not using monasca.
2017-06-19 16:25:33.060 26188 WARNING heat.common.pluginutils [-] Encountered exception while loading heat.engine.clients.os.senlin: "No module named senlinclient". Not using senlin.
2017-06-19 16:25:33.067 26188 WARNING heat.common.pluginutils [-] Encountered exception while loading heat.engine.clients.os.zun: "No module named zunclient". Not using zun.
2017-06-19 16:25:33.178 26188 WARNING heat.common.pluginutils [-] Encountered exception while loading heat.engine.clients.os.senlin: "No module named senlinclient". Not using senlin.cluster.
2017-06-19 16:25:33.180 26188 WARNING heat.common.pluginutils [-] Encountered exception while loading heat.engine.clients.os.senlin: "No module named senlinclient". Not using senlin.profile.
2017-06-19 16:25:33.180 26188 WARNING heat.common.pluginutils [-] Encountered exception while loading heat.engine.clients.os.monasca: "No module named monascaclient". Not using monasca.notification.
2017-06-19 16:25:33.182 26188 WARNING heat.common.pluginutils [-] Encountered exception while loading heat.engine.clients.os.senlin: "No module named senlinclient". Not using senlin.profile_type.
2017-06-19 16:25:33.182 26188 WARNING heat.common.pluginutils [-] Encountered exception while loading heat.engine.clients.os.senlin: "No module named senlinclient". Not using senlin.policy.
2017-06-19 16:25:33.183 26188 WARNING heat.common.pluginutils [-] Encountered exception while loading heat.engine.clients.os.senlin: "No module named senlinclient". Not using senlin.policy_type.
2017-06-19 16:25:33.436 26188 WARNING heat.engine.environment [-] OS::Aodh::CombinationAlarm is HIDDEN. OS::Aodh::CombinationAlarm is deprecated, use OS::Aodh::CompositeAlarm instead.
2017-06-19 16:25:33.437 26188 WARNING heat.engine.environment [-] OS::Designate::Domain is DEPRECATED. Use OS::Designate::Zone instead.
2017-06-19 16:25:33.437 26188 WARNING heat.engine.environment [-] OS::Designate::Record is DEPRECATED. Use OS::Designate::RecordSet instead.
2017-06-19 16:25:33.437 26188 WARNING heat.engine.environment [-] OS::Glance::Image is DEPRECATED. Creating a Glance Image based on an existing URL location requires the Glance v1 API, which is deprecated.
2017-06-19 16:25:33.437 26188 WARNING heat.engine.environment [-] OS::Heat::HARestarter is DEPRECATED. The HARestarter resource type is deprecated and will be removed in a future release of Heat, once it has support for auto-healing any type of resource. Note that HARestarter does *not* actually restart servers - it deletes and then recreates them. It also does the same to all dependent resources, and may therefore exhibit unexpected and undesirable behaviour. Instead, use the mark-unhealthy API to mark a resource as needing replacement, and then a stack update to perform the replacement while respecting the dependencies and not deleting them unnecessarily.
2017-06-19 16:25:33.438 26188 WARNING heat.engine.environment [-] OS::Heat::SoftwareDeployments is HIDDEN. Please use OS::Heat::SoftwareDeploymentGroup instead.
2017-06-19 16:25:33.438 26188 WARNING heat.engine.environment [-] OS::Heat::StructuredDeployments is HIDDEN. Please use OS::Heat::StructuredDeploymentGroup instead.
2017-06-19 16:25:33.439 26188 WARNING heat.engine.environment [-] OS::Magnum::Bay is DEPRECATED. Please use OS::Magnum::Cluster instead.
2017-06-19 16:25:33.439 26188 WARNING heat.engine.environment [-] OS::Neutron::ExtraRoute is UNSUPPORTED. Use this resource at your own risk.
2017-06-19 16:25:33.439 26188 WARNING heat.engine.environment [-] OS::Neutron::Pool is HIDDEN. Use LBaaS V2 instead.
2017-06-19 16:25:33.440 26188 WARNING heat.engine.environment [-] OS::Neutron::LoadBalancer is HIDDEN. Use LBaaS V2 instead.
2017-06-19 16:25:33.440 26188 WARNING heat.engine.environment [-] OS::Neutron::PoolMember is HIDDEN. Use LBaaS V2 instead.
2017-06-19 16:25:33.440 26188 WARNING heat.engine.environment [-] OS::Neutron::HealthMonitor is HIDDEN. Use LBaaS V2 instead.
2017-06-19 16:25:33.440 26188 WARNING heat.engine.environment [-] OS::Neutron::RouterGateway is HIDDEN. Use the `external_gateway_info` property in the router resource to set up the gateway.
2017-06-19 16:25:33.441 26188 WARNING heat.engine.environment [-] OS::Nova::FloatingIP is DEPRECATED. Please use OS::Neutron::FloatingIP instead.
2017-06-19 16:25:33.441 26188 WARNING heat.engine.environment [-] OS::Nova::FloatingIPAssociation is DEPRECATED. Please use OS::Neutron::FloatingIPAssociation instead.
2017-06-19 16:25:33.442 26188 WARNING heat.engine.environment [-] Changing OS::Neutron::Net from to
2017-06-19 16:25:33.442 26188 WARNING heat.engine.environment [-] Changing OS::Neutron::Port from to
2017-06-19 16:25:33.442 26188 WARNING heat.engine.environment [-] Changing OS::Neutron::Subnet from to
2017-06-19 16:25:33.442 26188 WARNING heat.engine.environment [-] Changing OS::Nova::Server from to
2017-06-19 16:25:33.443 26188 INFO heat.engine.environment [-] Loading /etc/heat/environment.d/default.yaml
2017-06-19 16:25:33.444 26188 INFO heat.engine.environment [-] Registered: [Plugin](User:False) AWS::EC2::Instance ->
2017-06-19 16:25:33.444 26188 INFO heat.engine.environment [-] Registered: [Plugin](User:False) OS::Heat::AccessPolicy ->
2017-06-19 16:25:33.445 26188 INFO heat.engine.environment [-] Registered: [Plugin](User:False) OS::Heat::ScalingPolicy ->
2017-06-19 16:25:33.445 26188 INFO heat.engine.environment [-] Registered: [Plugin](User:False) AWS::CloudFormation::Stack ->
2017-06-19 16:25:33.445 26188 INFO heat.engine.environment [-] Registered: [Plugin](User:False) OS::Keystone::Group ->
2017-06-19 16:25:33.445 26188 INFO heat.engine.environment [-] Registered: [Plugin](User:False) OS::Glance::Image ->
2017-06-19 16:25:33.445 26188 INFO heat.engine.environment [-] Registered: [Plugin](User:False) AWS::EC2::Volume ->
2017-06-19 16:25:33.446 26188 INFO heat.engine.environment [-] Registered: [Plugin](User:False) OS::Keystone::UserRoleAssignment ->
2017-06-19 16:25:33.446 26188 INFO heat.engine.environment [-] Registered: [Plugin](User:False) OS::Neutron::IPsecPolicy ->
2017-06-19 16:25:33.446 26188 INFO heat.engine.environment [-] Registered: [Plugin](User:False) OS::Senlin::Policy ->
2017-06-19 16:25:33.446 26188 INFO heat.engine.environment [-] Registered: [Plugin](User:False) OS::Heat::SoftwareDeployment ->
2017-06-19 16:25:33.446 26188 INFO heat.engine.environment [-] Registered: [Wildcard Mapping](User:False) OS::Quantum* -> OS::Neutron*
2017-06-19 16:25:33.446 26188 INFO heat.engine.environment [-] Registered: [Plugin](User:False) OS::Barbican::Order ->
2017-06-19 16:25:33.447 26188 INFO heat.engine.environment [-] Registered: [Plugin](User:False) OS::Heat::SwiftSignal ->
2017-06-19 16:25:33.447 26188 INFO heat.engine.environment [-] Registered: [Plugin](User:False) AWS::AutoScaling::ScalingPolicy ->
2017-06-19 16:25:33.447 26188 INFO heat.engine.environment [-] Registered: [Plugin](User:False) OS::Cinder::QoSAssociation ->
2017-06-19 16:25:33.447 26188 INFO heat.engine.environment [-] Registered: [Plugin](User:False) OS::Zaqar::MistralTrigger ->
2017-06-19 16:25:33.447 26188 INFO heat.engine.environment [-] Registered: [Plugin](User:False) OS::Neutron::QoSPolicy ->
2017-06-19 16:25:33.447 26188 INFO heat.engine.environment [-] Registered: [Plugin](User:False) OS::Neutron::HealthMonitor ->
2017-06-19 16:25:33.448 26188 INFO heat.engine.environment [-] Registered: [Plugin](User:False) AWS::IAM::User ->
2017-06-19 16:25:33.448 26188 INFO heat.engine.environment [-] Registered: [Mapping](User:False) OS::Ceilometer::GnocchiAggregationByMetricsAlarm -> OS::Aodh::GnocchiAggregationByMetricsAlarm
2017-06-19 16:25:33.448 26188 INFO heat.engine.environment [-] Registered: [Plugin](User:False) OS::Neutron::LoadBalancer ->
2017-06-19 16:25:33.448 26188 INFO heat.engine.environment [-] Registered: [Plugin](User:False) OS::Cinder::QoSSpecs ->
2017-06-19 16:25:33.448 26188 INFO heat.engine.environment [-] Registered: [Plugin](User:False) OS::Aodh::GnocchiAggregationByResourcesAlarm ->
2017-06-19 16:25:33.449 26188 INFO heat.engine.environment [-] Registered: [Plugin](User:False) AWS::EC2::InternetGateway ->
2017-06-19 16:25:33.449 26188 INFO heat.engine.environment [-] Registered: [Plugin](User:False) OS::Neutron::FloatingIPAssociation ->
2017-06-19 16:25:33.449 26188 INFO heat.engine.environment [-] Registered: [Plugin](User:False) OS::Neutron::FloatingIP ->
2017-06-19 16:25:33.449 26188 INFO heat.engine.environment [-] Registered: [Plugin](User:False) OS::Neutron::Router ->
2017-06-19 16:25:33.449 26188 INFO heat.engine.environment [-] Registered: [Plugin](User:False) OS::Neutron::PortPair ->
2017-06-19 16:25:33.449 26188 INFO heat.engine.environment [-] Registered: [Plugin](User:False) OS::Heat::SoftwareDeployments ->
2017-06-19 16:25:33.450 26188 INFO heat.engine.environment [-] Registered: [Plugin](User:False) OS::Neutron::RouterGateway ->
2017-06-19 16:25:33.450 26188 INFO heat.engine.environment [-] Registered: [Plugin](User:False) AWS::EC2::SubnetRouteTableAssociation ->
2017-06-19 16:25:33.450 26188 INFO heat.engine.environment [-] Registered: [Plugin](User:False) AWS::EC2::VolumeAttachment ->
2017-06-19 16:25:33.450 26188 INFO heat.engine.environment [-] Registered: [Plugin](User:False) OS::Heat::DeployedServer ->
2017-06-19 16:25:33.450 26188 INFO heat.engine.environment [-] Registered: [Plugin](User:False) AWS::CloudFormation::WaitConditionHandle ->
2017-06-19 16:25:33.450 26188 INFO heat.engine.environment [-] Registered: [Plugin](User:False) OS::Cinder::VolumeAttachment ->
2017-06-19 16:25:33.451 26188 INFO heat.engine.environment [-] Registered: [Plugin](User:False) OS::Neutron::FirewallRule ->
2017-06-19 16:25:33.451 26188 INFO heat.engine.environment [-] Registered: [Plugin](User:False) OS::Cinder::EncryptedVolumeType ->
2017-06-19 16:25:33.451 26188 INFO heat.engine.environment [-] Registered: [Plugin](User:False) OS::Heat::AutoScalingGroup ->
2017-06-19 16:25:33.451 26188 INFO heat.engine.environment [-] Registered: [Plugin](User:False) OS::Nova::FloatingIP ->
2017-06-19 16:25:33.451 26188 INFO heat.engine.environment [-] Registered: [Plugin](User:False) OS::Neutron::SubnetPool ->
2017-06-19 16:25:33.451 26188 INFO heat.engine.environment [-] Registered: [Plugin](User:False) OS::Heat::HARestarter ->
2017-06-19 16:25:33.452 26188 INFO heat.engine.environment [-] Registered: [Plugin](User:False) OS::Keystone::Project ->
2017-06-19 16:25:33.452 26188 INFO heat.engine.environment [-] Registered: [Plugin](User:False) OS::Monasca::Notification ->
2017-06-19 16:25:33.452 26188 INFO heat.engine.environment [-] Registered: [Plugin](User:False) OS::Keystone::Endpoint ->
2017-06-19 16:25:33.452 26188 INFO heat.engine.environment [-] Registered: [Mapping](User:False) OS::Metering::Alarm -> OS::Aodh::Alarm
2017-06-19 16:25:33.452 26188 INFO heat.engine.environment [-] Registered: [Plugin](User:False) OS::Mistral::ExternalResource ->
2017-06-19 16:25:33.452 26188 INFO heat.engine.environment [-] Registered: [Mapping](User:False) OS::Ceilometer::CombinationAlarm -> OS::Aodh::CombinationAlarm
2017-06-19 16:25:33.453 26188 INFO heat.engine.environment [-] Registered: [Plugin](User:False) OS::Neutron::MeteringLabel ->
2017-06-19 16:25:33.453 26188 INFO heat.engine.environment [-] Registered: [Plugin](User:False) OS::Designate::Zone ->
2017-06-19 16:25:33.453 26188 INFO heat.engine.environment [-] Registered: [Plugin](User:False) OS::Magnum::Bay ->
2017-06-19 16:25:33.453 26188 INFO heat.engine.environment [-] Registered: [Plugin](User:False) OS::Neutron::LBaaS::Listener ->
2017-06-19 16:25:33.453 26188 INFO heat.engine.environment [-] Registered: [Plugin](User:False) OS::Neutron::SecurityGroup ->
2017-06-19 16:25:33.454 26188 INFO heat.engine.environment [-] Registered: [Plugin](User:False) OS::Heat::InstanceGroup ->
2017-06-19 16:25:33.454 26188 INFO heat.engine.environment [-] Registered: [Template](User:False) AWS::CloudWatch::Alarm -> file:///etc/heat/templates/AWS_CloudWatch_Alarm.yaml
2017-06-19 16:25:33.454 26188 INFO heat.engine.environment [-] Registered: [Plugin](User:False) AWS::AutoScaling::AutoScalingGroup ->
2017-06-19 16:25:33.454 26188 INFO heat.engine.environment [-] Registered: [Plugin](User:False) OS::Neutron::FlowClassifier ->
