2017-06-19 17:02:27.212 2192 DEBUG heat.engine.scheduler [req-f94d4cc0-5977-47f4-9e68-acd8b0ad065e - admin - - -] Task _resource_update from Stack "overcloud" [3aa051e2-a1fa-4e34-8260-6fc2b4b2de51] Update running step /usr/lib/python2.7/site-packages/heat/engine/scheduler.py:214
2017-06-19 17:02:27.229 2192 DEBUG heat.engine.scheduler [req-f94d4cc0-5977-47f4-9e68-acd8b0ad065e - admin - - -] Task update_task from Stack "overcloud" [3aa051e2-a1fa-4e34-8260-6fc2b4b2de51] sleeping _sleep /usr/lib/python2.7/site-packages/heat/engine/scheduler.py:155
2017-06-19 17:02:27.241 2192 DEBUG heat.engine.scheduler [req-f94d4cc0-5977-47f4-9e68-acd8b0ad065e - admin - - -] Task stack_task from Stack "overcloud-ControllerServiceChain-rhzhmi2y3bg2-ServiceChain-2u4ubgfhunto-6-nisys5vh3w7u-CinderBase-n5vg2olqzpxg" [60eadbc2-088e-497a-8984-a6ae902fb7d0] sleeping _sleep /usr/lib/python2.7/site-packages/heat/engine/scheduler.py:155
2017-06-19 17:02:27.242 2192 DEBUG heat.engine.scheduler [req-f94d4cc0-5977-47f4-9e68-acd8b0ad065e - admin - - -] Task stack_task from Stack "overcloud-ControllerServiceChain-rhzhmi2y3bg2-ServiceChain-2u4ubgfhunto-6-nisys5vh3w7u-CinderBase-n5vg2olqzpxg" [60eadbc2-088e-497a-8984-a6ae902fb7d0] running step /usr/lib/python2.7/site-packages/heat/engine/scheduler.py:214
2017-06-19 17:02:27.242 2192 DEBUG heat.engine.scheduler [req-f94d4cc0-5977-47f4-9e68-acd8b0ad065e - admin - - -] Task create running step /usr/lib/python2.7/site-packages/heat/engine/scheduler.py:214
2017-06-19 17:02:27.263 2192 DEBUG heat.engine.scheduler [req-f94d4cc0-5977-47f4-9e68-acd8b0ad065e - admin - - -] Task stack_task from Stack "overcloud-ControllerServiceChain-rhzhmi2y3bg2-ServiceChain-2u4ubgfhunto-6-nisys5vh3w7u-CinderBase-n5vg2olqzpxg-ApacheServiceBase-b3y4pn6om3td" [bc670b4f-3969-4962-b1c0-81d0af8b7cbd] starting start /usr/lib/python2.7/site-packages/heat/engine/scheduler.py:182
2017-06-19 17:02:27.264 2192 DEBUG heat.engine.scheduler [req-f94d4cc0-5977-47f4-9e68-acd8b0ad065e - admin - - -] Task stack_task from Stack "overcloud-ControllerServiceChain-rhzhmi2y3bg2-ServiceChain-2u4ubgfhunto-6-nisys5vh3w7u-CinderBase-n5vg2olqzpxg-ApacheServiceBase-b3y4pn6om3td" [bc670b4f-3969-4962-b1c0-81d0af8b7cbd] running step /usr/lib/python2.7/site-packages/heat/engine/scheduler.py:214
2017-06-19 17:02:27.264 2192 INFO heat.engine.stack [req-f94d4cc0-5977-47f4-9e68-acd8b0ad065e - admin - - -] Stack CREATE IN_PROGRESS (overcloud-ControllerServiceChain-rhzhmi2y3bg2-ServiceChain-2u4ubgfhunto-6-nisys5vh3w7u-CinderBase-n5vg2olqzpxg-ApacheServiceBase-b3y4pn6om3td): Stack CREATE started
2017-06-19 17:02:26.471 2189 DEBUG heat.engine.stack_lock [req-f94d4cc0-5977-47f4-9e68-acd8b0ad065e - admin - - -] Engine 84873935-05a7-4e7c-9615-df08121ebf8d acquired lock on stack 8896c76e-1cd4-450c-bb03-3f7d67cc5b19 acquire /usr/lib/python2.7/site-packages/heat/engine/stack_lock.py:64
2017-06-19 17:02:27.270 2189 DEBUG heat.engine.scheduler [req-f94d4cc0-5977-47f4-9e68-acd8b0ad065e - admin - - -] Task stack_task from Stack "overcloud-ControllerServiceChain-rhzhmi2y3bg2-ServiceChain-2u4ubgfhunto-33-j5pdyukxdvwk-ContainersCommon-anr6ye7vsnxg" [8896c76e-1cd4-450c-bb03-3f7d67cc5b19] starting start /usr/lib/python2.7/site-packages/heat/engine/scheduler.py:182
2017-06-19 17:02:27.271 2189 DEBUG heat.engine.scheduler [req-f94d4cc0-5977-47f4-9e68-acd8b0ad065e - admin - - -] Task stack_task from Stack "overcloud-ControllerServiceChain-rhzhmi2y3bg2-ServiceChain-2u4ubgfhunto-33-j5pdyukxdvwk-ContainersCommon-anr6ye7vsnxg" [8896c76e-1cd4-450c-bb03-3f7d67cc5b19] running step /usr/lib/python2.7/site-packages/heat/engine/scheduler.py:214
2017-06-19 17:02:27.271 2189 INFO heat.engine.stack [req-f94d4cc0-5977-47f4-9e68-acd8b0ad065e - admin - - -] Stack CREATE IN_PROGRESS (overcloud-ControllerServiceChain-rhzhmi2y3bg2-ServiceChain-2u4ubgfhunto-33-j5pdyukxdvwk-ContainersCommon-anr6ye7vsnxg): Stack CREATE started
2017-06-19 17:02:27.272 2192 DEBUG heat.engine.stack [req-f94d4cc0-5977-47f4-9e68-acd8b0ad065e - admin - - -] Persisting stack overcloud-ControllerServiceChain-rhzhmi2y3bg2-ServiceChain-2u4ubgfhunto-6-nisys5vh3w7u-CinderBase-n5vg2olqzpxg-ApacheServiceBase-b3y4pn6om3td status CREATE IN_PROGRESS _send_notification_and_add_event /usr/lib/python2.7/site-packages/heat/engine/stack.py:978
2017-06-19 17:02:27.275 2189 DEBUG heat.engine.stack [req-f94d4cc0-5977-47f4-9e68-acd8b0ad065e - admin - - -] Persisting stack overcloud-ControllerServiceChain-rhzhmi2y3bg2-ServiceChain-2u4ubgfhunto-33-j5pdyukxdvwk-ContainersCommon-anr6ye7vsnxg status CREATE IN_PROGRESS _send_notification_and_add_event /usr/lib/python2.7/site-packages/heat/engine/stack.py:978
2017-06-19 17:02:27.280 2191 DEBUG heat.engine.scheduler [req-f94d4cc0-5977-47f4-9e68-acd8b0ad065e - admin - - -] Task stack_task from Stack "overcloud-ControllerServiceChain-rhzhmi2y3bg2-ServiceChain-2u4ubgfhunto-33-j5pdyukxdvwk" [f6305580-800f-4169-929e-3b4034c7baa1] sleeping _sleep /usr/lib/python2.7/site-packages/heat/engine/scheduler.py:155
2017-06-19 17:02:27.280 2191 DEBUG heat.engine.scheduler [req-f94d4cc0-5977-47f4-9e68-acd8b0ad065e - admin - - -] Task stack_task from Stack "overcloud-ControllerServiceChain-rhzhmi2y3bg2-ServiceChain-2u4ubgfhunto-33-j5pdyukxdvwk" [f6305580-800f-4169-929e-3b4034c7baa1] running step /usr/lib/python2.7/site-packages/heat/engine/scheduler.py:214
2017-06-19 17:02:27.280 2191 DEBUG heat.engine.scheduler [req-f94d4cc0-5977-47f4-9e68-acd8b0ad065e - admin - - -] Task create running step /usr/lib/python2.7/site-packages/heat/engine/scheduler.py:214
2017-06-19 17:02:26.568 2185 DEBUG heat.engine.stack_lock [req-f94d4cc0-5977-47f4-9e68-acd8b0ad065e - admin - - -] Engine 6bbb036b-f0a7-47cd-9be4-61d1403bfd0c acquired lock on stack c681d84a-7559-46f9-ab2e-feab97702667 acquire /usr/lib/python2.7/site-packages/heat/engine/stack_lock.py:64
2017-06-19 17:02:27.285 2192 DEBUG heat.engine.scheduler [req-f94d4cc0-5977-47f4-9e68-acd8b0ad065e - admin - - -] Task create starting start /usr/lib/python2.7/site-packages/heat/engine/scheduler.py:182
2017-06-19 17:02:27.285 2192 DEBUG heat.engine.scheduler [req-f94d4cc0-5977-47f4-9e68-acd8b0ad065e - admin - - -] Task create running step /usr/lib/python2.7/site-packages/heat/engine/scheduler.py:214
2017-06-19 17:02:27.286 2192 INFO heat.engine.resource [req-f94d4cc0-5977-47f4-9e68-acd8b0ad065e - admin - - -] creating Value "ApacheNetworks" Stack "overcloud-ControllerServiceChain-rhzhmi2y3bg2-ServiceChain-2u4ubgfhunto-6-nisys5vh3w7u-CinderBase-n5vg2olqzpxg-ApacheServiceBase-b3y4pn6om3td" [bc670b4f-3969-4962-b1c0-81d0af8b7cbd]: StopIteration
2017-06-19 17:02:27.295 2189 INFO heat.engine.stack [req-f94d4cc0-5977-47f4-9e68-acd8b0ad065e - admin - - -] Stack CREATE COMPLETE (overcloud-ControllerServiceChain-rhzhmi2y3bg2-ServiceChain-2u4ubgfhunto-33-j5pdyukxdvwk-ContainersCommon-anr6ye7vsnxg): Stack CREATE completed successfully: StopIteration
2017-06-19 17:02:27.295 2189 DEBUG heat.engine.scheduler [req-f94d4cc0-5977-47f4-9e68-acd8b0ad065e - admin - - -] Task stack_task from Stack "overcloud-ControllerServiceChain-rhzhmi2y3bg2-ServiceChain-2u4ubgfhunto-33-j5pdyukxdvwk-ContainersCommon-anr6ye7vsnxg" [8896c76e-1cd4-450c-bb03-3f7d67cc5b19] complete: StopIteration step /usr/lib/python2.7/site-packages/heat/engine/scheduler.py:220
2017-06-19 17:02:27.299 2186 DEBUG heat.engine.scheduler [req-f94d4cc0-5977-47f4-9e68-acd8b0ad065e - admin - - -] Task create starting start /usr/lib/python2.7/site-packages/heat/engine/scheduler.py:182
2017-06-19 17:02:27.300 2189 DEBUG heat.engine.stack [req-f94d4cc0-5977-47f4-9e68-acd8b0ad065e - admin - - -] Persisting stack overcloud-ControllerServiceChain-rhzhmi2y3bg2-ServiceChain-2u4ubgfhunto-33-j5pdyukxdvwk-ContainersCommon-anr6ye7vsnxg status CREATE COMPLETE _send_notification_and_add_event /usr/lib/python2.7/site-packages/heat/engine/stack.py:978
2017-06-19 17:02:27.300 2186 DEBUG heat.engine.scheduler [req-f94d4cc0-5977-47f4-9e68-acd8b0ad065e - admin - - -] Task create running step /usr/lib/python2.7/site-packages/heat/engine/scheduler.py:214
2017-06-19 17:02:27.300 2186 INFO heat.engine.resource [req-f94d4cc0-5977-47f4-9e68-acd8b0ad065e - admin - - -] creating TemplateResource "67" Stack "overcloud-ControllerServiceChain-rhzhmi2y3bg2-ServiceChain-2u4ubgfhunto" [23dfc1d4-ab5b-4832-a5f3-48c7aefee8f6]: StopIteration
2017-06-19 17:02:27.328 2192 DEBUG heat.engine.scheduler [req-f94d4cc0-5977-47f4-9e68-acd8b0ad065e - admin - - -] Task create complete: StopIteration step /usr/lib/python2.7/site-packages/heat/engine/scheduler.py:220
2017-06-19 17:02:27.328 2192 DEBUG heat.engine.scheduler [req-f94d4cc0-5977-47f4-9e68-acd8b0ad065e - admin - - -] Task create running step /usr/lib/python2.7/site-packages/heat/engine/scheduler.py:214
2017-06-19 17:02:27.333 2192 DEBUG heat.engine.scheduler [req-f94d4cc0-5977-47f4-9e68-acd8b0ad065e - admin - - -] Task stack_task from Stack "overcloud-ControllerServiceChain-rhzhmi2y3bg2-ServiceChain-2u4ubgfhunto-6-nisys5vh3w7u-CinderBase-n5vg2olqzpxg" [60eadbc2-088e-497a-8984-a6ae902fb7d0] sleeping _sleep /usr/lib/python2.7/site-packages/heat/engine/scheduler.py:155
2017-06-19 17:02:27.337 2191 DEBUG heat.engine.scheduler [req-f94d4cc0-5977-47f4-9e68-acd8b0ad065e - admin - - -] Task create complete: StopIteration step /usr/lib/python2.7/site-packages/heat/engine/scheduler.py:220
2017-06-19 17:02:27.338 2191 DEBUG heat.engine.scheduler [req-f94d4cc0-5977-47f4-9e68-acd8b0ad065e - admin - - -] Task create running step /usr/lib/python2.7/site-packages/heat/engine/scheduler.py:214
2017-06-19 17:02:27.338 2185 DEBUG heat.engine.scheduler [req-f94d4cc0-5977-47f4-9e68-acd8b0ad065e - admin - - -] Task stack_task from Stack "overcloud-ControllerServiceChain-rhzhmi2y3bg2-ServiceChain-2u4ubgfhunto-27-ofu6y4ayusvz" [c681d84a-7559-46f9-ab2e-feab97702667] starting start /usr/lib/python2.7/site-packages/heat/engine/scheduler.py:182
2017-06-19 17:02:27.338 2185 DEBUG heat.engine.scheduler [req-f94d4cc0-5977-47f4-9e68-acd8b0ad065e - admin - - -] Task stack_task from Stack "overcloud-ControllerServiceChain-rhzhmi2y3bg2-ServiceChain-2u4ubgfhunto-27-ofu6y4ayusvz" [c681d84a-7559-46f9-ab2e-feab97702667] running step /usr/lib/python2.7/site-packages/heat/engine/scheduler.py:214
2017-06-19 17:02:27.338 2185 INFO heat.engine.stack [req-f94d4cc0-5977-47f4-9e68-acd8b0ad065e - admin - - -] Stack CREATE IN_PROGRESS (overcloud-ControllerServiceChain-rhzhmi2y3bg2-ServiceChain-2u4ubgfhunto-27-ofu6y4ayusvz): Stack CREATE started
2017-06-19 17:02:27.342 2185 DEBUG heat.engine.stack [req-f94d4cc0-5977-47f4-9e68-acd8b0ad065e - admin - - -] Persisting stack overcloud-ControllerServiceChain-rhzhmi2y3bg2-ServiceChain-2u4ubgfhunto-27-ofu6y4ayusvz status CREATE IN_PROGRESS _send_notification_and_add_event /usr/lib/python2.7/site-packages/heat/engine/stack.py:978
2017-06-19 17:02:27.354 2185 DEBUG heat.engine.scheduler [req-f94d4cc0-5977-47f4-9e68-acd8b0ad065e - admin - - -] Task create starting start /usr/lib/python2.7/site-packages/heat/engine/scheduler.py:182
2017-06-19 17:02:27.355 2185 DEBUG heat.engine.scheduler [req-f94d4cc0-5977-47f4-9e68-acd8b0ad065e - admin - - -] Task create running step /usr/lib/python2.7/site-packages/heat/engine/scheduler.py:214
2017-06-19 17:02:27.355 2185 INFO heat.engine.resource [req-f94d4cc0-5977-47f4-9e68-acd8b0ad065e - admin - - -] creating TemplateResource "NeutronBase" Stack "overcloud-ControllerServiceChain-rhzhmi2y3bg2-ServiceChain-2u4ubgfhunto-27-ofu6y4ayusvz" [c681d84a-7559-46f9-ab2e-feab97702667]: StopIteration
2017-06-19 17:02:27.355 2188 INFO heat.engine.service [req-f94d4cc0-5977-47f4-9e68-acd8b0ad065e - admin - - -] Creating stack overcloud-ControllerServiceChain-rhzhmi2y3bg2-ServiceChain-2u4ubgfhunto-67-jn5ynxtfvghx
2017-06-19 17:02:27.386 2185 DEBUG heat.engine.scheduler [req-1a648c7c-42df-4fef-a48c-7db0e3ca60b1 - - - - -] Task update_task from Stack "overcloud-ControllerServiceChain-rhzhmi2y3bg2" [013d9e45-a7c8-4739-83b5-8b5afe938c7e] running step /usr/lib/python2.7/site-packages/heat/engine/scheduler.py:214
2017-06-19 17:02:27.387 2185 DEBUG heat.engine.scheduler [req-1a648c7c-42df-4fef-a48c-7db0e3ca60b1 - - - - -] Task Stack "overcloud-ControllerServiceChain-rhzhmi2y3bg2" [013d9e45-a7c8-4739-83b5-8b5afe938c7e] Update running step /usr/lib/python2.7/site-packages/heat/engine/scheduler.py:214
2017-06-19 17:02:27.387 2185 DEBUG heat.engine.scheduler [req-1a648c7c-42df-4fef-a48c-7db0e3ca60b1 - - - - -] Task _resource_update from Stack "overcloud-ControllerServiceChain-rhzhmi2y3bg2" [013d9e45-a7c8-4739-83b5-8b5afe938c7e] Update running step /usr/lib/python2.7/site-packages/heat/engine/scheduler.py:214
2017-06-19 17:02:27.390 2185 DEBUG heat.engine.scheduler [req-1a648c7c-42df-4fef-a48c-7db0e3ca60b1 - - - - -] Task update_task from Stack "overcloud-ControllerServiceChain-rhzhmi2y3bg2" [013d9e45-a7c8-4739-83b5-8b5afe938c7e] sleeping _sleep /usr/lib/python2.7/site-packages/heat/engine/scheduler.py:155
2017-06-19 17:02:27.390 2189 INFO heat.engine.service [req-f94d4cc0-5977-47f4-9e68-acd8b0ad065e - admin - - -] Creating stack overcloud-ControllerServiceChain-rhzhmi2y3bg2-ServiceChain-2u4ubgfhunto-27-ofu6y4ayusvz-NeutronBase-g6awto5zukhg
2017-06-19 17:02:27.396 2188 DEBUG heat.engine.parameter_groups [req-f94d4cc0-5977-47f4-9e68-acd8b0ad065e - admin - - -] Validating Parameter Groups: OS::project_id, DefaultPasswords, OS::stack_id, DockerNamespace, DockerAodhApiImage, ServiceNetMap, RoleParameters, EndpointMap, RoleName, EnableInternalTLS validate /usr/lib/python2.7/site-packages/heat/engine/parameter_groups.py:42
2017-06-19 17:02:27.397 2188 INFO heat.engine.resource [req-f94d4cc0-5977-47f4-9e68-acd8b0ad065e - admin - - -] Validating TemplateResource "AodhApiPuppetBase": EntityNotFound: The Resource Type (http://192.168.0.1:8080/v1/AUTH_6874b222f8c247979e6ec9af708e6edd/overcloud/puppet/services/aodh-api.yaml) could not be found.
2017-06-19 17:02:27.398 2188 INFO heat.engine.resource [req-f94d4cc0-5977-47f4-9e68-acd8b0ad065e - admin - - -] Validating TemplateResource "ContainersCommon": EntityNotFound: The Resource Type (http://192.168.0.1:8080/v1/AUTH_6874b222f8c247979e6ec9af708e6edd/overcloud/docker/services/containers-common.yaml) could not be found.
2017-06-19 17:02:27.400 2192 DEBUG heat.engine.scheduler [req-f94d4cc0-5977-47f4-9e68-acd8b0ad065e - admin - - -] Task stack_task from Stack "overcloud-ControllerServiceChain-rhzhmi2y3bg2-ServiceChain-2u4ubgfhunto-6-nisys5vh3w7u-CinderBase-n5vg2olqzpxg-ApacheServiceBase-b3y4pn6om3td" [bc670b4f-3969-4962-b1c0-81d0af8b7cbd] sleeping _sleep /usr/lib/python2.7/site-packages/heat/engine/scheduler.py:155
2017-06-19 17:02:27.401 2192 DEBUG heat.engine.scheduler [req-f94d4cc0-5977-47f4-9e68-acd8b0ad065e - admin - - -] Task stack_task from Stack "overcloud-ControllerServiceChain-rhzhmi2y3bg2-ServiceChain-2u4ubgfhunto-6-nisys5vh3w7u-CinderBase-n5vg2olqzpxg-ApacheServiceBase-b3y4pn6om3td" [bc670b4f-3969-4962-b1c0-81d0af8b7cbd] running step /usr/lib/python2.7/site-packages/heat/engine/scheduler.py:214
2017-06-19 17:02:27.401 2192 DEBUG heat.engine.scheduler [req-f94d4cc0-5977-47f4-9e68-acd8b0ad065e - admin - - -] Task create running step /usr/lib/python2.7/site-packages/heat/engine/scheduler.py:214
2017-06-19 17:02:27.402 2191 DEBUG heat.engine.scheduler [req-f94d4cc0-5977-47f4-9e68-acd8b0ad065e - admin - - -] Task create complete: StopIteration step /usr/lib/python2.7/site-packages/heat/engine/scheduler.py:220
2017-06-19 17:02:27.403 2191 INFO heat.engine.stack [req-f94d4cc0-5977-47f4-9e68-acd8b0ad065e - admin - - -] Stack CREATE COMPLETE (overcloud-ControllerServiceChain-rhzhmi2y3bg2-ServiceChain-2u4ubgfhunto-33-j5pdyukxdvwk): Stack CREATE completed successfully: StopIteration
2017-06-19 17:02:27.403 2191 DEBUG heat.engine.scheduler [req-f94d4cc0-5977-47f4-9e68-acd8b0ad065e - admin - - -] Task stack_task from Stack "overcloud-ControllerServiceChain-rhzhmi2y3bg2-ServiceChain-2u4ubgfhunto-33-j5pdyukxdvwk" [f6305580-800f-4169-929e-3b4034c7baa1] complete: StopIteration step /usr/lib/python2.7/site-packages/heat/engine/scheduler.py:220
2017-06-19 17:02:27.410 2191 DEBUG heat.engine.stack [req-f94d4cc0-5977-47f4-9e68-acd8b0ad065e - admin - - -] Persisting stack overcloud-ControllerServiceChain-rhzhmi2y3bg2-ServiceChain-2u4ubgfhunto-33-j5pdyukxdvwk status CREATE COMPLETE _send_notification_and_add_event /usr/lib/python2.7/site-packages/heat/engine/stack.py:978
2017-06-19 17:02:27.411 2192 DEBUG heat.engine.scheduler [req-f94d4cc0-5977-47f4-9e68-acd8b0ad065e - admin - - -] Task create complete: StopIteration step /usr/lib/python2.7/site-packages/heat/engine/scheduler.py:220
2017-06-19 17:02:27.411 2192 INFO heat.engine.stack [req-f94d4cc0-5977-47f4-9e68-acd8b0ad065e - admin - - -] Stack CREATE COMPLETE (overcloud-ControllerServiceChain-rhzhmi2y3bg2-ServiceChain-2u4ubgfhunto-6-nisys5vh3w7u-CinderBase-n5vg2olqzpxg-ApacheServiceBase-b3y4pn6om3td): Stack CREATE completed successfully: StopIteration
2017-06-19 17:02:27.412 2192 DEBUG heat.engine.scheduler [req-f94d4cc0-5977-47f4-9e68-acd8b0ad065e - admin - - -] Task stack_task from Stack "overcloud-ControllerServiceChain-rhzhmi2y3bg2-ServiceChain-2u4ubgfhunto-6-nisys5vh3w7u-CinderBase-n5vg2olqzpxg-ApacheServiceBase-b3y4pn6om3td" [bc670b4f-3969-4962-b1c0-81d0af8b7cbd] complete: StopIteration step /usr/lib/python2.7/site-packages/heat/engine/scheduler.py:220
2017-06-19 17:02:27.415 2192 DEBUG heat.engine.stack [req-f94d4cc0-5977-47f4-9e68-acd8b0ad065e - admin - - -] Persisting stack overcloud-ControllerServiceChain-rhzhmi2y3bg2-ServiceChain-2u4ubgfhunto-6-nisys5vh3w7u-CinderBase-n5vg2olqzpxg-ApacheServiceBase-b3y4pn6om3td status CREATE COMPLETE _send_notification_and_add_event /usr/lib/python2.7/site-packages/heat/engine/stack.py:978
2017-06-19 17:02:27.464 2189 DEBUG heat.engine.parameter_groups [req-8e06f7c6-ed91-4e01-a2ac-9ae71d4f1128 - - - - -] Validating Parameter Groups: NeutronEnableDVR, OS::project_id, DefaultPasswords, NeutronL3HA, OS::stack_id, KeystoneRegion, NeutronAllowL3AgentFailover, NeutronWorkers, ServiceNetMap, MonitoringSubscriptionNeutronServer, NeutronPassword, RoleParameters, NeutronApiPolicies, EndpointMap, RoleName, NeutronApiLoggingSource, EnableInternalTLS, NovaPassword validate /usr/lib/python2.7/site-packages/heat/engine/parameter_groups.py:42
2017-06-19 17:02:27.465 2189 INFO heat.engine.resource [req-8e06f7c6-ed91-4e01-a2ac-9ae71d4f1128 - - - - -] Validating TemplateResource "NeutronBase": EntityNotFound: The Resource Type (http://192.168.0.1:8080/v1/AUTH_6874b222f8c247979e6ec9af708e6edd/overcloud/puppet/services/neutron-base.yaml) could not be found.
2017-06-19 17:02:27.494 2190 DEBUG heat.engine.scheduler [req-f94d4cc0-5977-47f4-9e68-acd8b0ad065e - admin - - -] Task stack_task from Stack "overcloud-ControllerServiceChain-rhzhmi2y3bg2-ServiceChain-2u4ubgfhunto-58-xes4acp6gpah" [dedb551f-8b5a-41e4-8a72-1be8bf3a4e08] running step /usr/lib/python2.7/site-packages/heat/engine/scheduler.py:214
2017-06-19 17:02:27.495 2190 DEBUG heat.engine.scheduler [req-f94d4cc0-5977-47f4-9e68-acd8b0ad065e - admin - - -] Task create running step /usr/lib/python2.7/site-packages/heat/engine/scheduler.py:214
2017-06-19 17:02:27.636 2190 DEBUG heat.engine.scheduler [req-f94d4cc0-5977-47f4-9e68-acd8b0ad065e - admin - - -] Task create complete: StopIteration step /usr/lib/python2.7/site-packages/heat/engine/scheduler.py:220
2017-06-19 17:02:27.636 2190 INFO heat.engine.stack [req-f94d4cc0-5977-47f4-9e68-acd8b0ad065e - admin - - -] Stack CREATE COMPLETE (overcloud-ControllerServiceChain-rhzhmi2y3bg2-ServiceChain-2u4ubgfhunto-58-xes4acp6gpah): Stack CREATE completed successfully: StopIteration
2017-06-19 17:02:27.636 2190 DEBUG heat.engine.scheduler [req-f94d4cc0-5977-47f4-9e68-acd8b0ad065e - admin - - -] Task stack_task from Stack "overcloud-ControllerServiceChain-rhzhmi2y3bg2-ServiceChain-2u4ubgfhunto-58-xes4acp6gpah" [dedb551f-8b5a-41e4-8a72-1be8bf3a4e08] complete: StopIteration step /usr/lib/python2.7/site-packages/heat/engine/scheduler.py:220
2017-06-19 17:02:27.641 2190 DEBUG heat.engine.stack [req-f94d4cc0-5977-47f4-9e68-acd8b0ad065e - admin - - -] Persisting stack overcloud-ControllerServiceChain-rhzhmi2y3bg2-ServiceChain-2u4ubgfhunto-58-xes4acp6gpah status CREATE COMPLETE _send_notification_and_add_event /usr/lib/python2.7/site-packages/heat/engine/stack.py:978
2017-06-19 17:02:27.435 2188 DEBUG heat.engine.stack_lock [req-f94d4cc0-5977-47f4-9e68-acd8b0ad065e - admin - - -] Engine e17f011f-11fb-4423-85fc-6e2a476f85a3 acquired lock on stack 8664519a-7d1d-4e65-a513-8a8790cf7f9a acquire /usr/lib/python2.7/site-packages/heat/engine/stack_lock.py:64
2017-06-19 17:02:27.840 2186 DEBUG heat.engine.scheduler [req-f94d4cc0-5977-47f4-9e68-acd8b0ad065e - admin - - -] Task create starting start /usr/lib/python2.7/site-packages/heat/engine/scheduler.py:182
2017-06-19 17:02:27.841 2186 DEBUG heat.engine.scheduler [req-f94d4cc0-5977-47f4-9e68-acd8b0ad065e - admin - - -] Task create running step /usr/lib/python2.7/site-packages/heat/engine/scheduler.py:214
2017-06-19 17:02:27.841 2186 INFO heat.engine.resource [req-f94d4cc0-5977-47f4-9e68-acd8b0ad065e - admin - - -] creating NoneResource "10" Stack "overcloud-ControllerServiceChain-rhzhmi2y3bg2-ServiceChain-2u4ubgfhunto" [23dfc1d4-ab5b-4832-a5f3-48c7aefee8f6]: StopIteration
2017-06-19 17:02:27.856 2186 DEBUG heat.engine.scheduler [req-f94d4cc0-5977-47f4-9e68-acd8b0ad065e - admin - - -] Task create starting start /usr/lib/python2.7/site-packages/heat/engine/scheduler.py:182
2017-06-19 17:02:27.856 2186 DEBUG heat.engine.scheduler [req-f94d4cc0-5977-47f4-9e68-acd8b0ad065e - admin - - -] Task create running step /usr/lib/python2.7/site-packages/heat/engine/scheduler.py:214
2017-06-19 17:02:27.856 2186 INFO heat.engine.resource [req-f94d4cc0-5977-47f4-9e68-acd8b0ad065e - admin - - -] creating TemplateResource "22" Stack "overcloud-ControllerServiceChain-rhzhmi2y3bg2-ServiceChain-2u4ubgfhunto" [23dfc1d4-ab5b-4832-a5f3-48c7aefee8f6]: StopIteration
2017-06-19 17:02:27.501 2189 DEBUG heat.engine.stack_lock [req-f94d4cc0-5977-47f4-9e68-acd8b0ad065e - admin - - -] Engine 84873935-05a7-4e7c-9615-df08121ebf8d acquired lock on stack e03111cd-64bb-4b8c-89dc-9745cf970bb1 acquire /usr/lib/python2.7/site-packages/heat/engine/stack_lock.py:64
2017-06-19 17:02:27.879 2188 DEBUG heat.engine.scheduler [req-f94d4cc0-5977-47f4-9e68-acd8b0ad065e - admin - - -] Task stack_task from Stack "overcloud-ControllerServiceChain-rhzhmi2y3bg2-ServiceChain-2u4ubgfhunto-67-jn5ynxtfvghx" [8664519a-7d1d-4e65-a513-8a8790cf7f9a] starting start /usr/lib/python2.7/site-packages/heat/engine/scheduler.py:182
2017-06-19 17:02:27.879 2188 DEBUG heat.engine.scheduler [req-f94d4cc0-5977-47f4-9e68-acd8b0ad065e - admin - - -] Task stack_task from Stack "overcloud-ControllerServiceChain-rhzhmi2y3bg2-ServiceChain-2u4ubgfhunto-67-jn5ynxtfvghx" [8664519a-7d1d-4e65-a513-8a8790cf7f9a] running step /usr/lib/python2.7/site-packages/heat/engine/scheduler.py:214
2017-06-19 17:02:27.879 2188 INFO heat.engine.stack [req-f94d4cc0-5977-47f4-9e68-acd8b0ad065e - admin - - -] Stack CREATE IN_PROGRESS (overcloud-ControllerServiceChain-rhzhmi2y3bg2-ServiceChain-2u4ubgfhunto-67-jn5ynxtfvghx): Stack CREATE started
2017-06-19 17:02:27.883 2188 DEBUG heat.engine.stack [req-f94d4cc0-5977-47f4-9e68-acd8b0ad065e - admin - - -] Persisting stack overcloud-ControllerServiceChain-rhzhmi2y3bg2-ServiceChain-2u4ubgfhunto-67-jn5ynxtfvghx status CREATE IN_PROGRESS _send_notification_and_add_event /usr/lib/python2.7/site-packages/heat/engine/stack.py:978
2017-06-19 17:02:27.889 2185 DEBUG heat.engine.scheduler [req-f94d4cc0-5977-47f4-9e68-acd8b0ad065e - admin - - -] Task create starting start /usr/lib/python2.7/site-packages/heat/engine/scheduler.py:182
2017-06-19 17:02:27.890 2185 DEBUG heat.engine.scheduler [req-f94d4cc0-5977-47f4-9e68-acd8b0ad065e - admin - - -] Task create running step /usr/lib/python2.7/site-packages/heat/engine/scheduler.py:214
2017-06-19 17:02:27.890 2185 INFO heat.engine.resource [req-f94d4cc0-5977-47f4-9e68-acd8b0ad065e - admin - - -] creating TemplateResource "ContainersCommon" Stack "overcloud-ControllerServiceChain-rhzhmi2y3bg2-ServiceChain-2u4ubgfhunto-27-ofu6y4ayusvz" [c681d84a-7559-46f9-ab2e-feab97702667]: StopIteration
2017-06-19 17:02:27.894 2188 DEBUG heat.engine.scheduler [req-f94d4cc0-5977-47f4-9e68-acd8b0ad065e - admin - - -] Task create starting start /usr/lib/python2.7/site-packages/heat/engine/scheduler.py:182
2017-06-19 17:02:27.895 2188 DEBUG heat.engine.scheduler [req-f94d4cc0-5977-47f4-9e68-acd8b0ad065e - admin - - -] Task create running step /usr/lib/python2.7/site-packages/heat/engine/scheduler.py:214
2017-06-19 17:02:27.895 2188 INFO heat.engine.resource [req-f94d4cc0-5977-47f4-9e68-acd8b0ad065e - admin - - -] creating TemplateResource "AodhApiPuppetBase" Stack "overcloud-ControllerServiceChain-rhzhmi2y3bg2-ServiceChain-2u4ubgfhunto-67-jn5ynxtfvghx" [8664519a-7d1d-4e65-a513-8a8790cf7f9a]: StopIteration
2017-06-19 17:02:27.908 2187 INFO heat.engine.service [req-f94d4cc0-5977-47f4-9e68-acd8b0ad065e - admin - - -] Creating stack overcloud-ControllerServiceChain-rhzhmi2y3bg2-ServiceChain-2u4ubgfhunto-22-q4vuwu437hzk
2017-06-19 17:02:27.927 2190 INFO heat.engine.service [req-f94d4cc0-5977-47f4-9e68-acd8b0ad065e - admin - - -] Creating stack overcloud-ControllerServiceChain-rhzhmi2y3bg2-ServiceChain-2u4ubgfhunto-27-ofu6y4ayusvz-ContainersCommon-mdnvsx5tblbp
2017-06-19 17:02:27.930 2188 INFO heat.engine.service [req-f94d4cc0-5977-47f4-9e68-acd8b0ad065e - admin - - -] Creating stack overcloud-ControllerServiceChain-rhzhmi2y3bg2-ServiceChain-2u4ubgfhunto-67-jn5ynxtfvghx-AodhApiPuppetBase-7fdcjoigkh4b
2017-06-19 17:02:27.933 2189 DEBUG heat.engine.scheduler [req-f94d4cc0-5977-47f4-9e68-acd8b0ad065e - admin - - -] Task stack_task from Stack "overcloud-ControllerServiceChain-rhzhmi2y3bg2-ServiceChain-2u4ubgfhunto-27-ofu6y4ayusvz-NeutronBase-g6awto5zukhg" [e03111cd-64bb-4b8c-89dc-9745cf970bb1] starting start /usr/lib/python2.7/site-packages/heat/engine/scheduler.py:182
2017-06-19 17:02:27.933 2189 DEBUG heat.engine.scheduler [req-f94d4cc0-5977-47f4-9e68-acd8b0ad065e - admin - - -] Task stack_task from Stack "overcloud-ControllerServiceChain-rhzhmi2y3bg2-ServiceChain-2u4ubgfhunto-27-ofu6y4ayusvz-NeutronBase-g6awto5zukhg" [e03111cd-64bb-4b8c-89dc-9745cf970bb1] running step /usr/lib/python2.7/site-packages/heat/engine/scheduler.py:214
2017-06-19 17:02:27.934 2189 INFO heat.engine.stack [req-f94d4cc0-5977-47f4-9e68-acd8b0ad065e - admin - - -] Stack CREATE IN_PROGRESS (overcloud-ControllerServiceChain-rhzhmi2y3bg2-ServiceChain-2u4ubgfhunto-27-ofu6y4ayusvz-NeutronBase-g6awto5zukhg): Stack CREATE started
2017-06-19 17:02:27.937 2189 DEBUG heat.engine.stack [req-f94d4cc0-5977-47f4-9e68-acd8b0ad065e - admin - - -] Persisting stack overcloud-ControllerServiceChain-rhzhmi2y3bg2-ServiceChain-2u4ubgfhunto-27-ofu6y4ayusvz-NeutronBase-g6awto5zukhg status CREATE IN_PROGRESS _send_notification_and_add_event /usr/lib/python2.7/site-packages/heat/engine/stack.py:978
2017-06-19 17:02:27.947 2189 DEBUG heat.engine.scheduler [req-f94d4cc0-5977-47f4-9e68-acd8b0ad065e - admin - - -] Task create starting start /usr/lib/python2.7/site-packages/heat/engine/scheduler.py:182
2017-06-19 17:02:27.948 2189 DEBUG heat.engine.scheduler [req-f94d4cc0-5977-47f4-9e68-acd8b0ad065e - admin - - -] Task create running step /usr/lib/python2.7/site-packages/heat/engine/scheduler.py:214
2017-06-19 17:02:27.948 2187 DEBUG heat.engine.parameter_groups [req-f94d4cc0-5977-47f4-9e68-acd8b0ad065e - admin - - -] Validating Parameter Groups: OS::project_id, DefaultPasswords, OS::stack_id, DockerNamespace, ServiceNetMap, DockerMysqlImage, RoleParameters, EndpointMap, RoleName, MysqlRootPassword validate /usr/lib/python2.7/site-packages/heat/engine/parameter_groups.py:42
2017-06-19 17:02:27.948 2189 INFO heat.engine.resource [req-f94d4cc0-5977-47f4-9e68-acd8b0ad065e - admin - - -] creating TemplateResource "NeutronBase" Stack "overcloud-ControllerServiceChain-rhzhmi2y3bg2-ServiceChain-2u4ubgfhunto-27-ofu6y4ayusvz-NeutronBase-g6awto5zukhg" [e03111cd-64bb-4b8c-89dc-9745cf970bb1]: StopIteration
2017-06-19 17:02:27.949 2187 INFO heat.engine.resource [req-f94d4cc0-5977-47f4-9e68-acd8b0ad065e - admin - - -] Validating TemplateResource "MysqlPuppetBase": EntityNotFound: The Resource Type (http://192.168.0.1:8080/v1/AUTH_6874b222f8c247979e6ec9af708e6edd/overcloud/puppet/services/database/mysql.yaml) could not be found.
2017-06-19 17:02:27.958 2190 DEBUG heat.engine.parameter_groups [req-f94d4cc0-5977-47f4-9e68-acd8b0ad065e - admin - - -] Validating Parameter Groups: OS::project_id, DefaultPasswords, OS::stack_id, ServiceNetMap, InternalTLSCAFile, RoleParameters, EndpointMap, RoleName, EnableInternalTLS validate /usr/lib/python2.7/site-packages/heat/engine/parameter_groups.py:42
2017-06-19 17:02:27.970 2188 DEBUG heat.engine.parameter_groups [req-f94d4cc0-5977-47f4-9e68-acd8b0ad065e - admin - - -] Validating Parameter Groups: OS::project_id, DefaultPasswords, OS::stack_id, ServiceNetMap, MonitoringSubscriptionAodhApi, RoleParameters, EndpointMap, RoleName, AodhApiPolicies, EnableInternalTLS validate /usr/lib/python2.7/site-packages/heat/engine/parameter_groups.py:42
2017-06-19 17:02:27.971 2188 INFO heat.engine.resource [req-f94d4cc0-5977-47f4-9e68-acd8b0ad065e - admin - - -] Validating TemplateResource "ApacheServiceBase": EntityNotFound: The Resource Type (http://192.168.0.1:8080/v1/AUTH_6874b222f8c247979e6ec9af708e6edd/overcloud/puppet/services/apache.yaml) could not be found.
2017-06-19 17:02:27.972 2188 INFO heat.engine.resource [req-f94d4cc0-5977-47f4-9e68-acd8b0ad065e - admin - - -] Validating TemplateResource "AodhBase": EntityNotFound: The Resource Type (http://192.168.0.1:8080/v1/AUTH_6874b222f8c247979e6ec9af708e6edd/overcloud/puppet/services/aodh-base.yaml) could not be found.
2017-06-19 17:02:27.987 2192 INFO heat.engine.service [req-f94d4cc0-5977-47f4-9e68-acd8b0ad065e - admin - - -] Creating stack overcloud-ControllerServiceChain-rhzhmi2y3bg2-ServiceChain-2u4ubgfhunto-27-ofu6y4ayusvz-NeutronBase-g6awto5zukhg-NeutronBase-kfvszhoxpjs2
2017-06-19 17:02:28.034 2192 DEBUG heat.engine.parameter_groups [req-f94d4cc0-5977-47f4-9e68-acd8b0ad065e - admin - - -] Validating Parameter Groups: NeutronGlobalPhysnetMtu, OS::project_id, DefaultPasswords, NeutronDhcpAgentsPerNetwork, OS::stack_id, RabbitClientPort, RabbitClientUseSSL, RabbitPassword, ServiceNetMap, NeutronCorePlugin, RoleParameters, DatabaseSyncTimeout, EnableConfigPurge, NeutronDnsDomain, Debug, RoleName, RabbitUserName, NeutronServicePlugins, EndpointMap, NeutronDebug validate /usr/lib/python2.7/site-packages/heat/engine/parameter_groups.py:42
2017-06-19 17:02:28.391 2185 DEBUG heat.engine.scheduler [req-1a648c7c-42df-4fef-a48c-7db0e3ca60b1 - - - - -] Task update_task from Stack "overcloud-ControllerServiceChain-rhzhmi2y3bg2" [013d9e45-a7c8-4739-83b5-8b5afe938c7e] running step /usr/lib/python2.7/site-packages/heat/engine/scheduler.py:214
2017-06-19 17:02:28.392 2185 DEBUG heat.engine.scheduler [req-1a648c7c-42df-4fef-a48c-7db0e3ca60b1 - - - - -] Task Stack "overcloud-ControllerServiceChain-rhzhmi2y3bg2" [013d9e45-a7c8-4739-83b5-8b5afe938c7e] Update running step /usr/lib/python2.7/site-packages/heat/engine/scheduler.py:214
2017-06-19 17:02:28.392 2185 DEBUG heat.engine.scheduler [req-1a648c7c-42df-4fef-a48c-7db0e3ca60b1 - - - - -] Task _resource_update from Stack "overcloud-ControllerServiceChain-rhzhmi2y3bg2" [013d9e45-a7c8-4739-83b5-8b5afe938c7e] Update running step /usr/lib/python2.7/site-packages/heat/engine/scheduler.py:214
2017-06-19 17:02:28.396 2185 DEBUG heat.engine.scheduler [req-1a648c7c-42df-4fef-a48c-7db0e3ca60b1 - - - - -] Task update_task from Stack "overcloud-ControllerServiceChain-rhzhmi2y3bg2" [013d9e45-a7c8-4739-83b5-8b5afe938c7e] sleeping _sleep /usr/lib/python2.7/site-packages/heat/engine/scheduler.py:155
2017-06-19 17:02:27.988 2187 DEBUG heat.engine.stack_lock [req-f94d4cc0-5977-47f4-9e68-acd8b0ad065e - admin - - -] Engine 4164604d-f628-4370-9d27-0d3dc538a5c6 acquired lock on stack ce1a7beb-590b-4d7e-bbe2-58c10482863e acquire /usr/lib/python2.7/site-packages/heat/engine/stack_lock.py:64
2017-06-19 17:02:27.988 2190 DEBUG heat.engine.stack_lock [req-f94d4cc0-5977-47f4-9e68-acd8b0ad065e - admin - - -] Engine 77b11944-5674-4fb1-a4a6-485240bffb5b acquired lock on stack 33a8fc39-1c31-49d1-aa0a-6c5aaa7560b8 acquire /usr/lib/python2.7/site-packages/heat/engine/stack_lock.py:64
2017-06-19 17:02:28.012 2188 DEBUG heat.engine.stack_lock [req-f94d4cc0-5977-47f4-9e68-acd8b0ad065e - admin - - -] Engine e17f011f-11fb-4423-85fc-6e2a476f85a3 acquired lock on stack 9b9446f7-ee27-4932-b1be-c996b042e13b acquire /usr/lib/python2.7/site-packages/heat/engine/stack_lock.py:64
2017-06-19 17:02:29.071 2190 DEBUG heat.engine.scheduler [req-f94d4cc0-5977-47f4-9e68-acd8b0ad065e - admin - - -] Task stack_task from Stack "overcloud-ControllerServiceChain-rhzhmi2y3bg2-ServiceChain-2u4ubgfhunto-27-ofu6y4ayusvz-ContainersCommon-mdnvsx5tblbp" [33a8fc39-1c31-49d1-aa0a-6c5aaa7560b8] starting start /usr/lib/python2.7/site-packages/heat/engine/scheduler.py:182
2017-06-19 17:02:29.072 2190 DEBUG heat.engine.scheduler [req-f94d4cc0-5977-47f4-9e68-acd8b0ad065e - admin - - -] Task stack_task from Stack "overcloud-ControllerServiceChain-rhzhmi2y3bg2-ServiceChain-2u4ubgfhunto-27-ofu6y4ayusvz-ContainersCommon-mdnvsx5tblbp" [33a8fc39-1c31-49d1-aa0a-6c5aaa7560b8] running step /usr/lib/python2.7/site-packages/heat/engine/scheduler.py:214
2017-06-19 17:02:29.072 2190 INFO heat.engine.stack [req-f94d4cc0-5977-47f4-9e68-acd8b0ad065e - admin - - -] Stack CREATE IN_PROGRESS (overcloud-ControllerServiceChain-rhzhmi2y3bg2-ServiceChain-2u4ubgfhunto-27-ofu6y4ayusvz-ContainersCommon-mdnvsx5tblbp): Stack CREATE started
2017-06-19 17:02:28.126 2188 DEBUG heat.engine.scheduler [req-f94d4cc0-5977-47f4-9e68-acd8b0ad065e - admin - - -] Task stack_task from Stack "overcloud-ControllerServiceChain-rhzhmi2y3bg2-ServiceChain-2u4ubgfhunto-6-nisys5vh3w7u" [6e83c0c9-28d2-46ac-a8ad-8e9011896812] running step /usr/lib/python2.7/site-packages/heat/engine/scheduler.py:214
2017-06-19 17:02:29.076 2190 DEBUG heat.engine.stack [req-f94d4cc0-5977-47f4-9e68-acd8b0ad065e - admin - - -] Persisting stack overcloud-ControllerServiceChain-rhzhmi2y3bg2-ServiceChain-2u4ubgfhunto-27-ofu6y4ayusvz-ContainersCommon-mdnvsx5tblbp status CREATE IN_PROGRESS _send_notification_and_add_event /usr/lib/python2.7/site-packages/heat/engine/stack.py:978
2017-06-19 17:02:29.077 2186 DEBUG heat.engine.scheduler [req-f94d4cc0-5977-47f4-9e68-acd8b0ad065e - admin - - -] Task create starting start /usr/lib/python2.7/site-packages/heat/engine/scheduler.py:182
2017-06-19 17:02:29.077 2186 DEBUG heat.engine.scheduler [req-f94d4cc0-5977-47f4-9e68-acd8b0ad065e - admin - - -] Task create running step /usr/lib/python2.7/site-packages/heat/engine/scheduler.py:214
2017-06-19 17:02:29.078 2186 INFO heat.engine.resource [req-f94d4cc0-5977-47f4-9e68-acd8b0ad065e - admin - - -] creating TemplateResource "54" Stack "overcloud-ControllerServiceChain-rhzhmi2y3bg2-ServiceChain-2u4ubgfhunto" [23dfc1d4-ab5b-4832-a5f3-48c7aefee8f6]: StopIteration
2017-06-19 17:02:28.067 2192 DEBUG heat.engine.stack_lock [req-f94d4cc0-5977-47f4-9e68-acd8b0ad065e - admin - - -] Engine 5191b9f2-bd9a-43ad-927d-1a9ae1773c2d acquired lock on stack 7e90c690-e1fe-4b8f-a32c-ba9b93434870 acquire /usr/lib/python2.7/site-packages/heat/engine/stack_lock.py:64
2017-06-19 17:02:28.229 2192 DEBUG heat.engine.scheduler [req-f94d4cc0-5977-47f4-9e68-acd8b0ad065e - admin - - -] Task update_task from Stack "overcloud" [3aa051e2-a1fa-4e34-8260-6fc2b4b2de51] running step /usr/lib/python2.7/site-packages/heat/engine/scheduler.py:214
2017-06-19 17:02:28.153 2188 DEBUG heat.engine.scheduler [req-f94d4cc0-5977-47f4-9e68-acd8b0ad065e - admin - - -] Task stack_task from Stack "overcloud-ControllerServiceChain-rhzhmi2y3bg2-ServiceChain-2u4ubgfhunto-42-onp5u3o2htdt-NovaConsoleauthPuppetBase-3iphghaoomr6" [7176fccb-f20a-4156-bad3-ac0dfe5f6d93] running step /usr/lib/python2.7/site-packages/heat/engine/scheduler.py:214
2017-06-19 17:02:28.335 2192 DEBUG heat.engine.scheduler [req-f94d4cc0-5977-47f4-9e68-acd8b0ad065e - admin - - -] Task stack_task from Stack "overcloud-ControllerServiceChain-rhzhmi2y3bg2-ServiceChain-2u4ubgfhunto-6-nisys5vh3w7u-CinderBase-n5vg2olqzpxg" [60eadbc2-088e-497a-8984-a6ae902fb7d0] running step /usr/lib/python2.7/site-packages/heat/engine/scheduler.py:214
2017-06-19 17:02:29.082 2192 DEBUG heat.engine.scheduler [req-f94d4cc0-5977-47f4-9e68-acd8b0ad065e - admin - - -] Task Stack "overcloud" [3aa051e2-a1fa-4e34-8260-6fc2b4b2de51] Update running step /usr/lib/python2.7/site-packages/heat/engine/scheduler.py:214
2017-06-19 17:02:29.083 2192 DEBUG heat.engine.scheduler [req-f94d4cc0-5977-47f4-9e68-acd8b0ad065e - admin - - -] Task stack_task from Stack "overcloud-ControllerServiceChain-rhzhmi2y3bg2-ServiceChain-2u4ubgfhunto-27-ofu6y4ayusvz-NeutronBase-g6awto5zukhg-NeutronBase-kfvszhoxpjs2" [7e90c690-e1fe-4b8f-a32c-ba9b93434870] starting start /usr/lib/python2.7/site-packages/heat/engine/scheduler.py:182
2017-06-19 17:02:29.083 2192 DEBUG heat.engine.scheduler [req-f94d4cc0-5977-47f4-9e68-acd8b0ad065e - admin - - -] Task create running step /usr/lib/python2.7/site-packages/heat/engine/scheduler.py:214
2017-06-19 17:02:29.087 2190 INFO heat.engine.stack [req-f94d4cc0-5977-47f4-9e68-acd8b0ad065e - admin - - -] Stack CREATE COMPLETE (overcloud-ControllerServiceChain-rhzhmi2y3bg2-ServiceChain-2u4ubgfhunto-27-ofu6y4ayusvz-ContainersCommon-mdnvsx5tblbp): Stack CREATE completed successfully: StopIteration
2017-06-19 17:02:29.088 2190 DEBUG heat.engine.scheduler [req-f94d4cc0-5977-47f4-9e68-acd8b0ad065e - admin - - -] Task stack_task from Stack "overcloud-ControllerServiceChain-rhzhmi2y3bg2-ServiceChain-2u4ubgfhunto-27-ofu6y4ayusvz-ContainersCommon-mdnvsx5tblbp" [33a8fc39-1c31-49d1-aa0a-6c5aaa7560b8] complete: StopIteration step /usr/lib/python2.7/site-packages/heat/engine/scheduler.py:220
2017-06-19 17:02:29.084 2192 DEBUG heat.engine.scheduler [req-f94d4cc0-5977-47f4-9e68-acd8b0ad065e - admin - - -] Task _resource_update from Stack "overcloud" [3aa051e2-a1fa-4e34-8260-6fc2b4b2de51] Update running step /usr/lib/python2.7/site-packages/heat/engine/scheduler.py:214
2017-06-19 17:02:29.091 2190 DEBUG heat.engine.stack [req-f94d4cc0-5977-47f4-9e68-acd8b0ad065e - admin - - -] Persisting stack overcloud-ControllerServiceChain-rhzhmi2y3bg2-ServiceChain-2u4ubgfhunto-27-ofu6y4ayusvz-ContainersCommon-mdnvsx5tblbp status CREATE COMPLETE _send_notification_and_add_event /usr/lib/python2.7/site-packages/heat/engine/stack.py:978
2017-06-19 17:02:29.093 2189 DEBUG heat.engine.scheduler [req-f94d4cc0-5977-47f4-9e68-acd8b0ad065e - admin - - -] Task create starting start /usr/lib/python2.7/site-packages/heat/engine/scheduler.py:182
2017-06-19 17:02:29.093 2189 DEBUG heat.engine.scheduler [req-f94d4cc0-5977-47f4-9e68-acd8b0ad065e - admin - - -] Task create running step /usr/lib/python2.7/site-packages/heat/engine/scheduler.py:214
2017-06-19 17:02:29.094 2189 INFO heat.engine.resource [req-f94d4cc0-5977-47f4-9e68-acd8b0ad065e - admin - - -] creating NoneResource "TLSProxyBase" Stack "overcloud-ControllerServiceChain-rhzhmi2y3bg2-ServiceChain-2u4ubgfhunto-27-ofu6y4ayusvz-NeutronBase-g6awto5zukhg" [e03111cd-64bb-4b8c-89dc-9745cf970bb1]: StopIteration
2017-06-19 17:02:29.084 2192 DEBUG heat.engine.scheduler [req-f94d4cc0-5977-47f4-9e68-acd8b0ad065e - admin - - -] Task stack_task from Stack "overcloud-ControllerServiceChain-rhzhmi2y3bg2-ServiceChain-2u4ubgfhunto-27-ofu6y4ayusvz-NeutronBase-g6awto5zukhg-NeutronBase-kfvszhoxpjs2" [7e90c690-e1fe-4b8f-a32c-ba9b93434870] running step /usr/lib/python2.7/site-packages/heat/engine/scheduler.py:214
2017-06-19 17:02:29.095 2192 INFO heat.engine.stack [req-f94d4cc0-5977-47f4-9e68-acd8b0ad065e - admin - - -] Stack CREATE IN_PROGRESS (overcloud-ControllerServiceChain-rhzhmi2y3bg2-ServiceChain-2u4ubgfhunto-27-ofu6y4ayusvz-NeutronBase-g6awto5zukhg-NeutronBase-kfvszhoxpjs2): Stack CREATE started
2017-06-19 17:02:28.195 2188 DEBUG heat.engine.scheduler [req-f94d4cc0-5977-47f4-9e68-acd8b0ad065e - admin - - -] Task stack_task from Stack "overcloud-ControllerServiceChain-rhzhmi2y3bg2-ServiceChain-2u4ubgfhunto-42-onp5u3o2htdt" [1ed253a1-04eb-436f-afa4-5afc2e9d8ff8] running step /usr/lib/python2.7/site-packages/heat/engine/scheduler.py:214
2017-06-19 17:02:29.098 2192 DEBUG heat.engine.scheduler [req-f94d4cc0-5977-47f4-9e68-acd8b0ad065e - admin - - -] Task update_task from Stack "overcloud" [3aa051e2-a1fa-4e34-8260-6fc2b4b2de51] sleeping _sleep /usr/lib/python2.7/site-packages/heat/engine/scheduler.py:155
2017-06-19 17:02:29.101 2187 DEBUG heat.engine.scheduler [req-f94d4cc0-5977-47f4-9e68-acd8b0ad065e - admin - - -] Task stack_task from Stack "overcloud-ControllerServiceChain-rhzhmi2y3bg2-ServiceChain-2u4ubgfhunto-22-q4vuwu437hzk" [ce1a7beb-590b-4d7e-bbe2-58c10482863e] starting start /usr/lib/python2.7/site-packages/heat/engine/scheduler.py:182
2017-06-19 17:02:29.101 2187 DEBUG heat.engine.scheduler [req-f94d4cc0-5977-47f4-9e68-acd8b0ad065e - admin - - -] Task stack_task from Stack "overcloud-ControllerServiceChain-rhzhmi2y3bg2-ServiceChain-2u4ubgfhunto-22-q4vuwu437hzk" [ce1a7beb-590b-4d7e-bbe2-58c10482863e] running step /usr/lib/python2.7/site-packages/heat/engine/scheduler.py:214
2017-06-19 17:02:29.102 2187 INFO heat.engine.stack [req-f94d4cc0-5977-47f4-9e68-acd8b0ad065e - admin - - -] Stack CREATE IN_PROGRESS (overcloud-ControllerServiceChain-rhzhmi2y3bg2-ServiceChain-2u4ubgfhunto-22-q4vuwu437hzk): Stack CREATE started
2017-06-19 17:02:29.103 2192 DEBUG heat.engine.stack [req-f94d4cc0-5977-47f4-9e68-acd8b0ad065e - admin - - -] Persisting stack overcloud-ControllerServiceChain-rhzhmi2y3bg2-ServiceChain-2u4ubgfhunto-27-ofu6y4ayusvz-NeutronBase-g6awto5zukhg-NeutronBase-kfvszhoxpjs2 status CREATE IN_PROGRESS _send_notification_and_add_event /usr/lib/python2.7/site-packages/heat/engine/stack.py:978
2017-06-19 17:02:29.073 2188 DEBUG heat.engine.scheduler [req-f94d4cc0-5977-47f4-9e68-acd8b0ad065e - admin - - -] Task create running step /usr/lib/python2.7/site-packages/heat/engine/scheduler.py:214
2017-06-19 17:02:29.106 2187 DEBUG heat.engine.stack [req-f94d4cc0-5977-47f4-9e68-acd8b0ad065e - admin - - -] Persisting stack overcloud-ControllerServiceChain-rhzhmi2y3bg2-ServiceChain-2u4ubgfhunto-22-q4vuwu437hzk status CREATE IN_PROGRESS _send_notification_and_add_event /usr/lib/python2.7/site-packages/heat/engine/stack.py:978
2017-06-19 17:02:29.110 2189 DEBUG heat.engine.scheduler [req-f94d4cc0-5977-47f4-9e68-acd8b0ad065e - admin - - -] Task stack_task from Stack "overcloud-ControllerServiceChain-rhzhmi2y3bg2-ServiceChain-2u4ubgfhunto-27-ofu6y4ayusvz-NeutronBase-g6awto5zukhg" [e03111cd-64bb-4b8c-89dc-9745cf970bb1] sleeping _sleep /usr/lib/python2.7/site-packages/heat/engine/scheduler.py:155
2017-06-19 17:02:29.111 2189 DEBUG heat.engine.scheduler [req-f94d4cc0-5977-47f4-9e68-acd8b0ad065e - admin - - -] Task stack_task from Stack "overcloud-ControllerServiceChain-rhzhmi2y3bg2-ServiceChain-2u4ubgfhunto-27-ofu6y4ayusvz-NeutronBase-g6awto5zukhg" [e03111cd-64bb-4b8c-89dc-9745cf970bb1] running step /usr/lib/python2.7/site-packages/heat/engine/scheduler.py:214
2017-06-19 17:02:29.111 2189 DEBUG heat.engine.scheduler [req-f94d4cc0-5977-47f4-9e68-acd8b0ad065e - admin - - -] Task create running step /usr/lib/python2.7/site-packages/heat/engine/scheduler.py:214
2017-06-19 17:02:29.083 2188 DEBUG heat.engine.scheduler [req-f94d4cc0-5977-47f4-9e68-acd8b0ad065e - admin - - -] Task create running step /usr/lib/python2.7/site-packages/heat/engine/scheduler.py:214
2017-06-19 17:02:29.114 2189 DEBUG heat.engine.scheduler [req-f94d4cc0-5977-47f4-9e68-acd8b0ad065e - admin - - -] Task create running step /usr/lib/python2.7/site-packages/heat/engine/scheduler.py:214
2017-06-19 17:02:29.096 2188 DEBUG heat.engine.scheduler [req-f94d4cc0-5977-47f4-9e68-acd8b0ad065e - admin - - -] Task create running step /usr/lib/python2.7/site-packages/heat/engine/scheduler.py:214
2017-06-19 17:02:29.118 2187 DEBUG heat.engine.scheduler [req-f94d4cc0-5977-47f4-9e68-acd8b0ad065e - admin - - -] Task create starting start /usr/lib/python2.7/site-packages/heat/engine/scheduler.py:182
2017-06-19 17:02:29.118 2187 DEBUG heat.engine.scheduler [req-f94d4cc0-5977-47f4-9e68-acd8b0ad065e - admin - - -] Task create running step /usr/lib/python2.7/site-packages/heat/engine/scheduler.py:214
2017-06-19 17:02:29.118 2187 INFO heat.engine.resource [req-f94d4cc0-5977-47f4-9e68-acd8b0ad065e - admin - - -] creating TemplateResource "MysqlPuppetBase" Stack "overcloud-ControllerServiceChain-rhzhmi2y3bg2-ServiceChain-2u4ubgfhunto-22-q4vuwu437hzk" [ce1a7beb-590b-4d7e-bbe2-58c10482863e]: StopIteration
2017-06-19 17:02:29.120 2192 INFO heat.engine.stack [req-f94d4cc0-5977-47f4-9e68-acd8b0ad065e - admin - - -] Stack CREATE COMPLETE (overcloud-ControllerServiceChain-rhzhmi2y3bg2-ServiceChain-2u4ubgfhunto-27-ofu6y4ayusvz-NeutronBase-g6awto5zukhg-NeutronBase-kfvszhoxpjs2): Stack CREATE completed successfully: StopIteration
2017-06-19 17:02:29.120 2192 DEBUG heat.engine.scheduler [req-f94d4cc0-5977-47f4-9e68-acd8b0ad065e - admin - - -] Task stack_task from Stack "overcloud-ControllerServiceChain-rhzhmi2y3bg2-ServiceChain-2u4ubgfhunto-27-ofu6y4ayusvz-NeutronBase-g6awto5zukhg-NeutronBase-kfvszhoxpjs2" [7e90c690-e1fe-4b8f-a32c-ba9b93434870] complete: StopIteration step /usr/lib/python2.7/site-packages/heat/engine/scheduler.py:220
2017-06-19 17:02:29.124 2192 DEBUG heat.engine.stack [req-f94d4cc0-5977-47f4-9e68-acd8b0ad065e - admin - - -] Persisting stack overcloud-ControllerServiceChain-rhzhmi2y3bg2-ServiceChain-2u4ubgfhunto-27-ofu6y4ayusvz-NeutronBase-g6awto5zukhg-NeutronBase-kfvszhoxpjs2 status CREATE COMPLETE _send_notification_and_add_event /usr/lib/python2.7/site-packages/heat/engine/stack.py:978
2017-06-19 17:02:29.124 2189 DEBUG heat.engine.scheduler [req-f94d4cc0-5977-47f4-9e68-acd8b0ad065e - admin - - -] Task create complete: StopIteration step /usr/lib/python2.7/site-packages/heat/engine/scheduler.py:220
2017-06-19 17:02:29.125 2189 DEBUG heat.engine.scheduler [req-f94d4cc0-5977-47f4-9e68-acd8b0ad065e - admin - - -] Task stack_task from Stack "overcloud-ControllerServiceChain-rhzhmi2y3bg2-ServiceChain-2u4ubgfhunto-27-ofu6y4ayusvz-NeutronBase-g6awto5zukhg" [e03111cd-64bb-4b8c-89dc-9745cf970bb1] sleeping _sleep /usr/lib/python2.7/site-packages/heat/engine/scheduler.py:155
2017-06-19 17:02:29.114 2188 DEBUG heat.engine.scheduler [req-f94d4cc0-5977-47f4-9e68-acd8b0ad065e - admin - - -] Task stack_task from Stack "overcloud-ControllerServiceChain-rhzhmi2y3bg2-ServiceChain-2u4ubgfhunto-6-nisys5vh3w7u" [6e83c0c9-28d2-46ac-a8ad-8e9011896812] sleeping _sleep /usr/lib/python2.7/site-packages/heat/engine/scheduler.py:155
2017-06-19 17:02:29.117 2188 DEBUG heat.engine.scheduler [req-f94d4cc0-5977-47f4-9e68-acd8b0ad065e - admin - - -] Task create starting start /usr/lib/python2.7/site-packages/heat/engine/scheduler.py:182
2017-06-19 17:02:29.127 2188 DEBUG heat.engine.scheduler [req-f94d4cc0-5977-47f4-9e68-acd8b0ad065e - admin - - -] Task stack_task from Stack "overcloud-ControllerServiceChain-rhzhmi2y3bg2-ServiceChain-2u4ubgfhunto-42-onp5u3o2htdt" [1ed253a1-04eb-436f-afa4-5afc2e9d8ff8] sleeping _sleep /usr/lib/python2.7/site-packages/heat/engine/scheduler.py:155
2017-06-19 17:02:29.133 2188 DEBUG heat.engine.scheduler [req-f94d4cc0-5977-47f4-9e68-acd8b0ad065e - admin - - -] Task create running step /usr/lib/python2.7/site-packages/heat/engine/scheduler.py:214
2017-06-19 17:02:29.146 2188 INFO heat.engine.resource [req-f94d4cc0-5977-47f4-9e68-acd8b0ad065e - admin - - -] creating TemplateResource "ContainersCommon" Stack "overcloud-ControllerServiceChain-rhzhmi2y3bg2-ServiceChain-2u4ubgfhunto-67-jn5ynxtfvghx" [8664519a-7d1d-4e65-a513-8a8790cf7f9a]: StopIteration
2017-06-19 17:02:29.160 2191 INFO heat.engine.service [req-f94d4cc0-5977-47f4-9e68-acd8b0ad065e - admin - - -] Creating stack overcloud-ControllerServiceChain-rhzhmi2y3bg2-ServiceChain-2u4ubgfhunto-22-q4vuwu437hzk-MysqlPuppetBase-oalxv25usbcj
2017-06-19 17:02:29.166 2192 DEBUG heat.engine.scheduler [req-f94d4cc0-5977-47f4-9e68-acd8b0ad065e - admin - - -] Task create complete: StopIteration step /usr/lib/python2.7/site-packages/heat/engine/scheduler.py:220
2017-06-19 17:02:29.167 2192 INFO heat.engine.stack [req-f94d4cc0-5977-47f4-9e68-acd8b0ad065e - admin - - -] Stack CREATE COMPLETE (overcloud-ControllerServiceChain-rhzhmi2y3bg2-ServiceChain-2u4ubgfhunto-6-nisys5vh3w7u-CinderBase-n5vg2olqzpxg): Stack CREATE completed successfully: StopIteration
2017-06-19 17:02:29.167 2192 DEBUG heat.engine.scheduler [req-f94d4cc0-5977-47f4-9e68-acd8b0ad065e - admin - - -] Task stack_task from Stack "overcloud-ControllerServiceChain-rhzhmi2y3bg2-ServiceChain-2u4ubgfhunto-6-nisys5vh3w7u-CinderBase-n5vg2olqzpxg" [60eadbc2-088e-497a-8984-a6ae902fb7d0] complete: StopIteration step /usr/lib/python2.7/site-packages/heat/engine/scheduler.py:220
2017-06-19 17:02:29.167 2187 INFO heat.engine.service [req-f94d4cc0-5977-47f4-9e68-acd8b0ad065e - admin - - -] Creating stack overcloud-ControllerServiceChain-rhzhmi2y3bg2-ServiceChain-2u4ubgfhunto-54-kgrvd7dzhcwf
2017-06-19 17:02:29.174 2192 DEBUG heat.engine.stack [req-f94d4cc0-5977-47f4-9e68-acd8b0ad065e - admin - - -] Persisting stack overcloud-ControllerServiceChain-rhzhmi2y3bg2-ServiceChain-2u4ubgfhunto-6-nisys5vh3w7u-CinderBase-n5vg2olqzpxg status CREATE COMPLETE _send_notification_and_add_event /usr/lib/python2.7/site-packages/heat/engine/stack.py:978
