2017-06-19 17:02:06.782 2190 DEBUG heat.engine.stack [req-f94d4cc0-5977-47f4-9e68-acd8b0ad065e - admin - - -] Persisting stack overcloud-ControllerServiceChain-rhzhmi2y3bg2-LoggingConfiguration-dyexu2vmpd6d* status DELETE IN_PROGRESS: StopIteration _send_notification_and_add_event /usr/lib/python2.7/site-packages/heat/engine/stack.py:978
2017-06-19 17:02:06.804 2190 DEBUG heat.engine.scheduler [req-f94d4cc0-5977-47f4-9e68-acd8b0ad065e - admin - - -] Task DependencyTaskGroup((destroy) {}) starting: StopIteration start /usr/lib/python2.7/site-packages/heat/engine/scheduler.py:182
2017-06-19 17:02:06.804 2190 DEBUG heat.engine.scheduler [req-f94d4cc0-5977-47f4-9e68-acd8b0ad065e - admin - - -] Task DependencyTaskGroup((destroy) {}) running: StopIteration step /usr/lib/python2.7/site-packages/heat/engine/scheduler.py:214
2017-06-19 17:02:06.804 2190 DEBUG heat.engine.scheduler [req-f94d4cc0-5977-47f4-9e68-acd8b0ad065e - admin - - -] Task DependencyTaskGroup((destroy) {}) complete: StopIteration step /usr/lib/python2.7/site-packages/heat/engine/scheduler.py:220
2017-06-19 17:02:06.804 2190 INFO heat.engine.stack [req-f94d4cc0-5977-47f4-9e68-acd8b0ad065e - admin - - -] Stack DELETE COMPLETE (overcloud-ControllerServiceChain-rhzhmi2y3bg2-LoggingConfiguration-dyexu2vmpd6d*): Stack DELETE completed successfully: StopIteration
2017-06-19 17:02:06.808 2190 DEBUG heat.engine.stack [req-f94d4cc0-5977-47f4-9e68-acd8b0ad065e - admin - - -] Persisting stack overcloud-ControllerServiceChain-rhzhmi2y3bg2-LoggingConfiguration-dyexu2vmpd6d* status DELETE COMPLETE: StopIteration _send_notification_and_add_event /usr/lib/python2.7/site-packages/heat/engine/stack.py:978
2017-06-19 17:02:06.826 2190 INFO heat.engine.stack [req-f94d4cc0-5977-47f4-9e68-acd8b0ad065e - admin - - -] Stack UPDATE COMPLETE (overcloud-ControllerServiceChain-rhzhmi2y3bg2-LoggingConfiguration-dyexu2vmpd6d): Stack UPDATE completed successfully: StopIteration
2017-06-19 17:02:06.826 2190 DEBUG heat.engine.stack [req-f94d4cc0-5977-47f4-9e68-acd8b0ad065e - admin - - -] Persisting stack overcloud-ControllerServiceChain-rhzhmi2y3bg2-LoggingConfiguration-dyexu2vmpd6d status UPDATE COMPLETE: StopIteration _send_notification_and_add_event /usr/lib/python2.7/site-packages/heat/engine/stack.py:978
2017-06-19 17:02:06.945 2190 DEBUG heat.engine.scheduler [req-f94d4cc0-5977-47f4-9e68-acd8b0ad065e - admin - - -] Task update_task from Stack "overcloud-ControllerServiceChain-rhzhmi2y3bg2-LoggingConfiguration-dyexu2vmpd6d" [ed69469f-28bd-4104-a1d6-f6984b0eb2c0] complete: StopIteration step /usr/lib/python2.7/site-packages/heat/engine/scheduler.py:220
2017-06-19 17:02:06.949 2190 DEBUG heat.engine.stack_lock [req-f94d4cc0-5977-47f4-9e68-acd8b0ad065e - admin - - -] Engine 77b11944-5674-4fb1-a4a6-485240bffb5b released lock on stack ed69469f-28bd-4104-a1d6-f6984b0eb2c0 release /usr/lib/python2.7/site-packages/heat/engine/stack_lock.py:123
2017-06-19 17:02:07.336 2192 DEBUG heat.engine.scheduler [req-f94d4cc0-5977-47f4-9e68-acd8b0ad065e - admin - - -] Task update_task from Stack "overcloud" [3aa051e2-a1fa-4e34-8260-6fc2b4b2de51] running step /usr/lib/python2.7/site-packages/heat/engine/scheduler.py:214
2017-06-19 17:02:07.337 2192 DEBUG heat.engine.scheduler [req-f94d4cc0-5977-47f4-9e68-acd8b0ad065e - admin - - -] Task Stack "overcloud" [3aa051e2-a1fa-4e34-8260-6fc2b4b2de51] Update running step /usr/lib/python2.7/site-packages/heat/engine/scheduler.py:214
2017-06-19 17:02:07.337 2192 DEBUG heat.engine.scheduler [req-f94d4cc0-5977-47f4-9e68-acd8b0ad065e - admin - - -] Task _resource_update from Stack "overcloud" [3aa051e2-a1fa-4e34-8260-6fc2b4b2de51] Update running step /usr/lib/python2.7/site-packages/heat/engine/scheduler.py:214
2017-06-19 17:02:07.340 2192 DEBUG heat.engine.scheduler [req-f94d4cc0-5977-47f4-9e68-acd8b0ad065e - admin - - -] Task update_task from Stack "overcloud" [3aa051e2-a1fa-4e34-8260-6fc2b4b2de51] sleeping _sleep /usr/lib/python2.7/site-packages/heat/engine/scheduler.py:155
2017-06-19 17:02:07.725 2185 DEBUG heat.engine.scheduler [req-1a648c7c-42df-4fef-a48c-7db0e3ca60b1 - - - - -] Task update_task from Stack "overcloud-ControllerServiceChain-rhzhmi2y3bg2" [013d9e45-a7c8-4739-83b5-8b5afe938c7e] running step /usr/lib/python2.7/site-packages/heat/engine/scheduler.py:214
2017-06-19 17:02:07.725 2185 DEBUG heat.engine.scheduler [req-1a648c7c-42df-4fef-a48c-7db0e3ca60b1 - - - - -] Task Stack "overcloud-ControllerServiceChain-rhzhmi2y3bg2" [013d9e45-a7c8-4739-83b5-8b5afe938c7e] Update running step /usr/lib/python2.7/site-packages/heat/engine/scheduler.py:214
2017-06-19 17:02:07.726 2185 DEBUG heat.engine.scheduler [req-1a648c7c-42df-4fef-a48c-7db0e3ca60b1 - - - - -] Task _resource_update from Stack "overcloud-ControllerServiceChain-rhzhmi2y3bg2" [013d9e45-a7c8-4739-83b5-8b5afe938c7e] Update running step /usr/lib/python2.7/site-packages/heat/engine/scheduler.py:214
2017-06-19 17:02:07.741 2185 DEBUG heat.engine.update [req-1a648c7c-42df-4fef-a48c-7db0e3ca60b1 - - - - -] Storing definition of updated Resource LoggingConfiguration: StopIteration _process_new_resource_update /usr/lib/python2.7/site-packages/heat/engine/update.py:169
2017-06-19 17:02:07.753 2185 INFO heat.engine.update [req-1a648c7c-42df-4fef-a48c-7db0e3ca60b1 - - - - -] Resource LoggingConfiguration for stack overcloud-ControllerServiceChain-rhzhmi2y3bg2 updated: StopIteration
2017-06-19 17:02:07.783 2185 DEBUG heat.engine.scheduler [req-1a648c7c-42df-4fef-a48c-7db0e3ca60b1 - - - - -] Task _resource_update from Stack "overcloud-ControllerServiceChain-rhzhmi2y3bg2" [013d9e45-a7c8-4739-83b5-8b5afe938c7e] Update complete: StopIteration step /usr/lib/python2.7/site-packages/heat/engine/scheduler.py:220
2017-06-19 17:02:07.783 2185 DEBUG heat.engine.scheduler [req-1a648c7c-42df-4fef-a48c-7db0e3ca60b1 - - - - -] Task _resource_update from Stack "overcloud-ControllerServiceChain-rhzhmi2y3bg2" [013d9e45-a7c8-4739-83b5-8b5afe938c7e] Update running step /usr/lib/python2.7/site-packages/heat/engine/scheduler.py:214
2017-06-19 17:02:07.788 2185 DEBUG heat.engine.scheduler [req-1a648c7c-42df-4fef-a48c-7db0e3ca60b1 - - - - -] Task _resource_update from Stack "overcloud-ControllerServiceChain-rhzhmi2y3bg2" [013d9e45-a7c8-4739-83b5-8b5afe938c7e] Update starting start /usr/lib/python2.7/site-packages/heat/engine/scheduler.py:182
2017-06-19 17:02:07.788 2185 DEBUG heat.engine.scheduler [req-1a648c7c-42df-4fef-a48c-7db0e3ca60b1 - - - - -] Task _resource_update from Stack "overcloud-ControllerServiceChain-rhzhmi2y3bg2" [013d9e45-a7c8-4739-83b5-8b5afe938c7e] Update running step /usr/lib/python2.7/site-packages/heat/engine/scheduler.py:214
2017-06-19 17:02:07.788 2185 DEBUG heat.engine.scheduler [req-1a648c7c-42df-4fef-a48c-7db0e3ca60b1 - - - - -] Task _resource_update from Stack "overcloud-ControllerServiceChain-rhzhmi2y3bg2" [013d9e45-a7c8-4739-83b5-8b5afe938c7e] Update complete: StopIteration step /usr/lib/python2.7/site-packages/heat/engine/scheduler.py:220
2017-06-19 17:02:07.789 2185 DEBUG heat.engine.scheduler [req-1a648c7c-42df-4fef-a48c-7db0e3ca60b1 - - - - -] Task update_task from Stack "overcloud-ControllerServiceChain-rhzhmi2y3bg2" [013d9e45-a7c8-4739-83b5-8b5afe938c7e] sleeping _sleep /usr/lib/python2.7/site-packages/heat/engine/scheduler.py:155
2017-06-19 17:02:08.341 2192 DEBUG heat.engine.scheduler [req-f94d4cc0-5977-47f4-9e68-acd8b0ad065e - admin - - -] Task update_task from Stack "overcloud" [3aa051e2-a1fa-4e34-8260-6fc2b4b2de51] running step /usr/lib/python2.7/site-packages/heat/engine/scheduler.py:214
2017-06-19 17:02:08.341 2192 DEBUG heat.engine.scheduler [req-f94d4cc0-5977-47f4-9e68-acd8b0ad065e - admin - - -] Task Stack "overcloud" [3aa051e2-a1fa-4e34-8260-6fc2b4b2de51] Update running step /usr/lib/python2.7/site-packages/heat/engine/scheduler.py:214
2017-06-19 17:02:08.341 2192 DEBUG heat.engine.scheduler [req-f94d4cc0-5977-47f4-9e68-acd8b0ad065e - admin - - -] Task _resource_update from Stack "overcloud" [3aa051e2-a1fa-4e34-8260-6fc2b4b2de51] Update running step /usr/lib/python2.7/site-packages/heat/engine/scheduler.py:214
2017-06-19 17:02:08.345 2192 DEBUG heat.engine.scheduler [req-f94d4cc0-5977-47f4-9e68-acd8b0ad065e - admin - - -] Task update_task from Stack "overcloud" [3aa051e2-a1fa-4e34-8260-6fc2b4b2de51] sleeping _sleep /usr/lib/python2.7/site-packages/heat/engine/scheduler.py:155
2017-06-19 17:02:08.789 2185 DEBUG heat.engine.scheduler [req-1a648c7c-42df-4fef-a48c-7db0e3ca60b1 - - - - -] Task update_task from Stack "overcloud-ControllerServiceChain-rhzhmi2y3bg2" [013d9e45-a7c8-4739-83b5-8b5afe938c7e] running step /usr/lib/python2.7/site-packages/heat/engine/scheduler.py:214
2017-06-19 17:02:08.789 2185 DEBUG heat.engine.scheduler [req-1a648c7c-42df-4fef-a48c-7db0e3ca60b1 - - - - -] Task Stack "overcloud-ControllerServiceChain-rhzhmi2y3bg2" [013d9e45-a7c8-4739-83b5-8b5afe938c7e] Update running step /usr/lib/python2.7/site-packages/heat/engine/scheduler.py:214
2017-06-19 17:02:08.790 2185 DEBUG heat.engine.scheduler [req-1a648c7c-42df-4fef-a48c-7db0e3ca60b1 - - - - -] Task _resource_update from Stack "overcloud-ControllerServiceChain-rhzhmi2y3bg2" [013d9e45-a7c8-4739-83b5-8b5afe938c7e] Update running step /usr/lib/python2.7/site-packages/heat/engine/scheduler.py:214
2017-06-19 17:02:08.793 2185 DEBUG heat.engine.scheduler [req-1a648c7c-42df-4fef-a48c-7db0e3ca60b1 - - - - -] Task update_task from Stack "overcloud-ControllerServiceChain-rhzhmi2y3bg2" [013d9e45-a7c8-4739-83b5-8b5afe938c7e] sleeping _sleep /usr/lib/python2.7/site-packages/heat/engine/scheduler.py:155
2017-06-19 17:02:09.342 2186 DEBUG heat.engine.scheduler [req-f94d4cc0-5977-47f4-9e68-acd8b0ad065e - admin - - -] Task stack_task from Stack "overcloud-ControllerServiceChain-rhzhmi2y3bg2-ServiceChain-2u4ubgfhunto" [23dfc1d4-ab5b-4832-a5f3-48c7aefee8f6] starting start /usr/lib/python2.7/site-packages/heat/engine/scheduler.py:182
2017-06-19 17:02:09.343 2186 DEBUG heat.engine.scheduler [req-f94d4cc0-5977-47f4-9e68-acd8b0ad065e - admin - - -] Task stack_task from Stack "overcloud-ControllerServiceChain-rhzhmi2y3bg2-ServiceChain-2u4ubgfhunto" [23dfc1d4-ab5b-4832-a5f3-48c7aefee8f6] running step /usr/lib/python2.7/site-packages/heat/engine/scheduler.py:214
2017-06-19 17:02:09.343 2186 INFO heat.engine.stack [req-f94d4cc0-5977-47f4-9e68-acd8b0ad065e - admin - - -] Stack CREATE IN_PROGRESS (overcloud-ControllerServiceChain-rhzhmi2y3bg2-ServiceChain-2u4ubgfhunto): Stack CREATE started
2017-06-19 17:02:09.345 2192 DEBUG heat.engine.scheduler [req-f94d4cc0-5977-47f4-9e68-acd8b0ad065e - admin - - -] Task update_task from Stack "overcloud" [3aa051e2-a1fa-4e34-8260-6fc2b4b2de51] running step /usr/lib/python2.7/site-packages/heat/engine/scheduler.py:214
2017-06-19 17:02:09.345 2192 DEBUG heat.engine.scheduler [req-f94d4cc0-5977-47f4-9e68-acd8b0ad065e - admin - - -] Task Stack "overcloud" [3aa051e2-a1fa-4e34-8260-6fc2b4b2de51] Update running step /usr/lib/python2.7/site-packages/heat/engine/scheduler.py:214
2017-06-19 17:02:09.346 2192 DEBUG heat.engine.scheduler [req-f94d4cc0-5977-47f4-9e68-acd8b0ad065e - admin - - -] Task _resource_update from Stack "overcloud" [3aa051e2-a1fa-4e34-8260-6fc2b4b2de51] Update running step /usr/lib/python2.7/site-packages/heat/engine/scheduler.py:214
2017-06-19 17:02:09.348 2186 DEBUG heat.engine.stack [req-f94d4cc0-5977-47f4-9e68-acd8b0ad065e - admin - - -] Persisting stack overcloud-ControllerServiceChain-rhzhmi2y3bg2-ServiceChain-2u4ubgfhunto status CREATE IN_PROGRESS _send_notification_and_add_event /usr/lib/python2.7/site-packages/heat/engine/stack.py:978
2017-06-19 17:02:09.350 2192 DEBUG heat.engine.scheduler [req-f94d4cc0-5977-47f4-9e68-acd8b0ad065e - admin - - -] Task update_task from Stack "overcloud" [3aa051e2-a1fa-4e34-8260-6fc2b4b2de51] sleeping _sleep /usr/lib/python2.7/site-packages/heat/engine/scheduler.py:155
2017-06-19 17:02:09.360 2186 DEBUG heat.engine.scheduler [req-f94d4cc0-5977-47f4-9e68-acd8b0ad065e - admin - - -] Task create starting start /usr/lib/python2.7/site-packages/heat/engine/scheduler.py:182
2017-06-19 17:02:09.361 2186 DEBUG heat.engine.scheduler [req-f94d4cc0-5977-47f4-9e68-acd8b0ad065e - admin - - -] Task create running step /usr/lib/python2.7/site-packages/heat/engine/scheduler.py:214
2017-06-19 17:02:09.361 2186 INFO heat.engine.resource [req-f94d4cc0-5977-47f4-9e68-acd8b0ad065e - admin - - -] creating NoneResource "12" Stack "overcloud-ControllerServiceChain-rhzhmi2y3bg2-ServiceChain-2u4ubgfhunto" [23dfc1d4-ab5b-4832-a5f3-48c7aefee8f6]: StopIteration
2017-06-19 17:02:09.377 2186 DEBUG heat.engine.scheduler [req-f94d4cc0-5977-47f4-9e68-acd8b0ad065e - admin - - -] Task create starting start /usr/lib/python2.7/site-packages/heat/engine/scheduler.py:182
2017-06-19 17:02:09.377 2186 DEBUG heat.engine.scheduler [req-f94d4cc0-5977-47f4-9e68-acd8b0ad065e - admin - - -] Task create running step /usr/lib/python2.7/site-packages/heat/engine/scheduler.py:214
2017-06-19 17:02:09.378 2186 INFO heat.engine.resource [req-f94d4cc0-5977-47f4-9e68-acd8b0ad065e - admin - - -] creating TemplateResource "57" Stack "overcloud-ControllerServiceChain-rhzhmi2y3bg2-ServiceChain-2u4ubgfhunto" [23dfc1d4-ab5b-4832-a5f3-48c7aefee8f6]: StopIteration
2017-06-19 17:02:09.429 2192 INFO heat.engine.service [req-f94d4cc0-5977-47f4-9e68-acd8b0ad065e - admin - - -] Creating stack overcloud-ControllerServiceChain-rhzhmi2y3bg2-ServiceChain-2u4ubgfhunto-57-lumnpye2ch67
2017-06-19 17:02:09.436 2185 DEBUG heat.engine.service [req-fb23bfcf-6084-4ab2-a965-4df1d1279d08 - - - - -] Service 503e51f7-00ca-4dab-b8f4-f7b9dc974b08 is updated service_manage_report /usr/lib/python2.7/site-packages/heat/engine/service.py:2397
2017-06-19 17:02:09.468 2192 DEBUG heat.engine.parameter_groups [req-f94d4cc0-5977-47f4-9e68-acd8b0ad065e - admin - - -] Validating Parameter Groups: OS::project_id, DefaultPasswords, DockerHorizonImage, DockerNamespace, ServiceNetMap, OS::stack_id, RoleParameters, EndpointMap, RoleName validate /usr/lib/python2.7/site-packages/heat/engine/parameter_groups.py:42
2017-06-19 17:02:09.469 2192 INFO heat.engine.resource [req-f94d4cc0-5977-47f4-9e68-acd8b0ad065e - admin - - -] Validating TemplateResource "HorizonBase": EntityNotFound: The Resource Type (http://192.168.0.1:8080/v1/AUTH_6874b222f8c247979e6ec9af708e6edd/overcloud/puppet/services/horizon.yaml) could not be found.
2017-06-19 17:02:09.470 2192 INFO heat.engine.resource [req-f94d4cc0-5977-47f4-9e68-acd8b0ad065e - admin - - -] Validating TemplateResource "ContainersCommon": EntityNotFound: The Resource Type (http://192.168.0.1:8080/v1/AUTH_6874b222f8c247979e6ec9af708e6edd/overcloud/docker/services/containers-common.yaml) could not be found.
2017-06-19 17:02:09.473 2188 DEBUG heat.engine.service [req-ce62a91a-8007-499c-bea2-a32c7d3be922 - - - - -] Service 714e612a-f99f-4a4b-9862-8b55d63f2bb8 is updated service_manage_report /usr/lib/python2.7/site-packages/heat/engine/service.py:2397
2017-06-19 17:02:09.475 2187 DEBUG heat.engine.service [req-00c76c4f-fed2-4da4-b071-dda1b34eb60c - - - - -] Service 9548696a-29fe-4eb2-902c-37073c31894e is updated service_manage_report /usr/lib/python2.7/site-packages/heat/engine/service.py:2397
2017-06-19 17:02:09.476 2186 DEBUG heat.engine.service [req-ec8aea53-b9d7-450d-bd4a-af1d3ded634d - - - - -] Service 14002070-370e-47ff-9b30-0d9ebafdfffd is updated service_manage_report /usr/lib/python2.7/site-packages/heat/engine/service.py:2397
2017-06-19 17:02:09.481 2191 DEBUG heat.engine.service [req-2ac23f3e-b11f-4700-9bd7-3ca6d28488c0 - - - - -] Service a96a78a8-a2e1-4312-8f4d-e4db9fc19fcc is updated service_manage_report /usr/lib/python2.7/site-packages/heat/engine/service.py:2397
2017-06-19 17:02:09.491 2189 DEBUG heat.engine.service [req-b3e2730b-5c2e-4537-aece-8f0531f73cc2 - - - - -] Service ccfb2a35-4c49-4014-8edf-00ff1fd0f189 is updated service_manage_report /usr/lib/python2.7/site-packages/heat/engine/service.py:2397
2017-06-19 17:02:09.512 2190 DEBUG heat.engine.service [req-6d93f6f1-e93a-4a0c-9387-529b04cfdfa4 - - - - -] Service 2c3ea178-d4f3-451b-be8e-5e5cd46fdc02 is updated service_manage_report /usr/lib/python2.7/site-packages/heat/engine/service.py:2397
2017-06-19 17:02:09.512 2192 DEBUG heat.engine.stack_lock [req-f94d4cc0-5977-47f4-9e68-acd8b0ad065e - admin - - -] Engine 5191b9f2-bd9a-43ad-927d-1a9ae1773c2d acquired lock on stack 75459fc3-6c34-4862-9e14-f2ad7c606bb6 acquire /usr/lib/python2.7/site-packages/heat/engine/stack_lock.py:64
2017-06-19 17:02:09.517 2192 DEBUG heat.engine.service [req-d304bd9d-c74b-4953-ad1a-28f12222dea1 - - - - -] Service e1f94d80-99ab-4103-b858-adbaa1a6d5e4 is updated service_manage_report /usr/lib/python2.7/site-packages/heat/engine/service.py:2397
2017-06-19 17:02:09.705 2186 DEBUG heat.engine.scheduler [req-f94d4cc0-5977-47f4-9e68-acd8b0ad065e - admin - - -] Task create starting start /usr/lib/python2.7/site-packages/heat/engine/scheduler.py:182
2017-06-19 17:02:09.705 2186 DEBUG heat.engine.scheduler [req-f94d4cc0-5977-47f4-9e68-acd8b0ad065e - admin - - -] Task create running step /usr/lib/python2.7/site-packages/heat/engine/scheduler.py:214
2017-06-19 17:02:09.706 2186 INFO heat.engine.resource [req-f94d4cc0-5977-47f4-9e68-acd8b0ad065e - admin - - -] creating NoneResource "79" Stack "overcloud-ControllerServiceChain-rhzhmi2y3bg2-ServiceChain-2u4ubgfhunto" [23dfc1d4-ab5b-4832-a5f3-48c7aefee8f6]: StopIteration
2017-06-19 17:02:09.721 2186 DEBUG heat.engine.scheduler [req-f94d4cc0-5977-47f4-9e68-acd8b0ad065e - admin - - -] Task create starting start /usr/lib/python2.7/site-packages/heat/engine/scheduler.py:182
2017-06-19 17:02:09.722 2186 DEBUG heat.engine.scheduler [req-f94d4cc0-5977-47f4-9e68-acd8b0ad065e - admin - - -] Task create running step /usr/lib/python2.7/site-packages/heat/engine/scheduler.py:214
2017-06-19 17:02:09.722 2186 INFO heat.engine.resource [req-f94d4cc0-5977-47f4-9e68-acd8b0ad065e - admin - - -] creating TemplateResource "59" Stack "overcloud-ControllerServiceChain-rhzhmi2y3bg2-ServiceChain-2u4ubgfhunto" [23dfc1d4-ab5b-4832-a5f3-48c7aefee8f6]: StopIteration
2017-06-19 17:02:09.750 2192 DEBUG heat.engine.scheduler [req-f94d4cc0-5977-47f4-9e68-acd8b0ad065e - admin - - -] Task stack_task from Stack "overcloud-ControllerServiceChain-rhzhmi2y3bg2-ServiceChain-2u4ubgfhunto-57-lumnpye2ch67" [75459fc3-6c34-4862-9e14-f2ad7c606bb6] starting start /usr/lib/python2.7/site-packages/heat/engine/scheduler.py:182
2017-06-19 17:02:09.751 2192 DEBUG heat.engine.scheduler [req-f94d4cc0-5977-47f4-9e68-acd8b0ad065e - admin - - -] Task stack_task from Stack "overcloud-ControllerServiceChain-rhzhmi2y3bg2-ServiceChain-2u4ubgfhunto-57-lumnpye2ch67" [75459fc3-6c34-4862-9e14-f2ad7c606bb6] running step /usr/lib/python2.7/site-packages/heat/engine/scheduler.py:214
2017-06-19 17:02:09.751 2192 INFO heat.engine.stack [req-f94d4cc0-5977-47f4-9e68-acd8b0ad065e - admin - - -] Stack CREATE IN_PROGRESS (overcloud-ControllerServiceChain-rhzhmi2y3bg2-ServiceChain-2u4ubgfhunto-57-lumnpye2ch67): Stack CREATE started
2017-06-19 17:02:09.755 2192 DEBUG heat.engine.stack [req-f94d4cc0-5977-47f4-9e68-acd8b0ad065e - admin - - -] Persisting stack overcloud-ControllerServiceChain-rhzhmi2y3bg2-ServiceChain-2u4ubgfhunto-57-lumnpye2ch67 status CREATE IN_PROGRESS _send_notification_and_add_event /usr/lib/python2.7/site-packages/heat/engine/stack.py:978
2017-06-19 17:02:09.768 2192 DEBUG heat.engine.scheduler [req-f94d4cc0-5977-47f4-9e68-acd8b0ad065e - admin - - -] Task create starting start /usr/lib/python2.7/site-packages/heat/engine/scheduler.py:182
2017-06-19 17:02:09.769 2192 DEBUG heat.engine.scheduler [req-f94d4cc0-5977-47f4-9e68-acd8b0ad065e - admin - - -] Task create running step /usr/lib/python2.7/site-packages/heat/engine/scheduler.py:214
2017-06-19 17:02:09.769 2192 INFO heat.engine.resource [req-f94d4cc0-5977-47f4-9e68-acd8b0ad065e - admin - - -] creating TemplateResource "HorizonBase" Stack "overcloud-ControllerServiceChain-rhzhmi2y3bg2-ServiceChain-2u4ubgfhunto-57-lumnpye2ch67" [75459fc3-6c34-4862-9e14-f2ad7c606bb6]: StopIteration
2017-06-19 17:02:09.775 2189 INFO heat.engine.service [req-f94d4cc0-5977-47f4-9e68-acd8b0ad065e - admin - - -] Creating stack overcloud-ControllerServiceChain-rhzhmi2y3bg2-ServiceChain-2u4ubgfhunto-59-fszfmgsdlqjo
2017-06-19 17:02:09.794 2185 DEBUG heat.engine.scheduler [req-1a648c7c-42df-4fef-a48c-7db0e3ca60b1 - - - - -] Task update_task from Stack "overcloud-ControllerServiceChain-rhzhmi2y3bg2" [013d9e45-a7c8-4739-83b5-8b5afe938c7e] running step /usr/lib/python2.7/site-packages/heat/engine/scheduler.py:214
2017-06-19 17:02:09.794 2185 DEBUG heat.engine.scheduler [req-1a648c7c-42df-4fef-a48c-7db0e3ca60b1 - - - - -] Task Stack "overcloud-ControllerServiceChain-rhzhmi2y3bg2" [013d9e45-a7c8-4739-83b5-8b5afe938c7e] Update running step /usr/lib/python2.7/site-packages/heat/engine/scheduler.py:214
2017-06-19 17:02:09.795 2185 DEBUG heat.engine.scheduler [req-1a648c7c-42df-4fef-a48c-7db0e3ca60b1 - - - - -] Task _resource_update from Stack "overcloud-ControllerServiceChain-rhzhmi2y3bg2" [013d9e45-a7c8-4739-83b5-8b5afe938c7e] Update running step /usr/lib/python2.7/site-packages/heat/engine/scheduler.py:214
2017-06-19 17:02:09.798 2185 DEBUG heat.engine.scheduler [req-1a648c7c-42df-4fef-a48c-7db0e3ca60b1 - - - - -] Task update_task from Stack "overcloud-ControllerServiceChain-rhzhmi2y3bg2" [013d9e45-a7c8-4739-83b5-8b5afe938c7e] sleeping _sleep /usr/lib/python2.7/site-packages/heat/engine/scheduler.py:155
2017-06-19 17:02:09.809 2185 INFO heat.engine.service [req-f94d4cc0-5977-47f4-9e68-acd8b0ad065e - admin - - -] Creating stack overcloud-ControllerServiceChain-rhzhmi2y3bg2-ServiceChain-2u4ubgfhunto-57-lumnpye2ch67-HorizonBase-cl5n46eermkx
2017-06-19 17:02:09.843 2189 DEBUG heat.engine.parameter_groups [req-773e4e67-88c3-4b37-a3c0-61412052c0f1 - - - - -] Validating Parameter Groups: OS::project_id, DefaultPasswords, OS::stack_id, DockerNamespace, ServiceNetMap, RoleParameters, EndpointMap, DockerGnocchiMetricdImage, RoleName validate /usr/lib/python2.7/site-packages/heat/engine/parameter_groups.py:42
2017-06-19 17:02:09.844 2189 INFO heat.engine.resource [req-773e4e67-88c3-4b37-a3c0-61412052c0f1 - - - - -] Validating TemplateResource "GnocchiMetricdBase": EntityNotFound: The Resource Type (http://192.168.0.1:8080/v1/AUTH_6874b222f8c247979e6ec9af708e6edd/overcloud/puppet/services/gnocchi-metricd.yaml) could not be found.
2017-06-19 17:02:09.845 2189 INFO heat.engine.resource [req-773e4e67-88c3-4b37-a3c0-61412052c0f1 - - - - -] Validating TemplateResource "ContainersCommon": EntityNotFound: The Resource Type (http://192.168.0.1:8080/v1/AUTH_6874b222f8c247979e6ec9af708e6edd/overcloud/docker/services/containers-common.yaml) could not be found.
2017-06-19 17:02:09.845 2185 DEBUG heat.engine.parameter_groups [req-f94d4cc0-5977-47f4-9e68-acd8b0ad065e - admin - - -] Validating Parameter Groups: HorizonPasswordValidator, OS::project_id, DefaultPasswords, HorizonPasswordValidatorHelp, OS::stack_id, MonitoringSubscriptionHorizon, HorizonSecret, ServiceNetMap, HorizonAllowedHosts, HorizonDebug, EndpointMap, HorizonSecureCookies, Debug, RoleName, MemcachedIPv6, RoleParameters validate /usr/lib/python2.7/site-packages/heat/engine/parameter_groups.py:42
2017-06-19 17:02:10.350 2192 DEBUG heat.engine.scheduler [req-f94d4cc0-5977-47f4-9e68-acd8b0ad065e - admin - - -] Task update_task from Stack "overcloud" [3aa051e2-a1fa-4e34-8260-6fc2b4b2de51] running step /usr/lib/python2.7/site-packages/heat/engine/scheduler.py:214
2017-06-19 17:02:10.350 2192 DEBUG heat.engine.scheduler [req-f94d4cc0-5977-47f4-9e68-acd8b0ad065e - admin - - -] Task Stack "overcloud" [3aa051e2-a1fa-4e34-8260-6fc2b4b2de51] Update running step /usr/lib/python2.7/site-packages/heat/engine/scheduler.py:214
2017-06-19 17:02:10.351 2192 DEBUG heat.engine.scheduler [req-f94d4cc0-5977-47f4-9e68-acd8b0ad065e - admin - - -] Task _resource_update from Stack "overcloud" [3aa051e2-a1fa-4e34-8260-6fc2b4b2de51] Update running step /usr/lib/python2.7/site-packages/heat/engine/scheduler.py:214
2017-06-19 17:02:10.354 2192 DEBUG heat.engine.scheduler [req-f94d4cc0-5977-47f4-9e68-acd8b0ad065e - admin - - -] Task update_task from Stack "overcloud" [3aa051e2-a1fa-4e34-8260-6fc2b4b2de51] sleeping _sleep /usr/lib/python2.7/site-packages/heat/engine/scheduler.py:155
2017-06-19 17:02:09.877 2189 DEBUG heat.engine.stack_lock [req-f94d4cc0-5977-47f4-9e68-acd8b0ad065e - admin - - -] Engine 84873935-05a7-4e7c-9615-df08121ebf8d acquired lock on stack f6f38dee-0d5e-4a88-be74-f3f409bf03a2 acquire /usr/lib/python2.7/site-packages/heat/engine/stack_lock.py:64
2017-06-19 17:02:09.880 2185 DEBUG heat.engine.stack_lock [req-f94d4cc0-5977-47f4-9e68-acd8b0ad065e - admin - - -] Engine 6bbb036b-f0a7-47cd-9be4-61d1403bfd0c acquired lock on stack 53777a10-571a-465f-b960-80e98db79dc9 acquire /usr/lib/python2.7/site-packages/heat/engine/stack_lock.py:64
2017-06-19 17:02:10.414 2185 DEBUG heat.engine.scheduler [req-f94d4cc0-5977-47f4-9e68-acd8b0ad065e - admin - - -] Task stack_task from Stack "overcloud-ControllerServiceChain-rhzhmi2y3bg2-ServiceChain-2u4ubgfhunto-57-lumnpye2ch67-HorizonBase-cl5n46eermkx" [53777a10-571a-465f-b960-80e98db79dc9] starting start /usr/lib/python2.7/site-packages/heat/engine/scheduler.py:182
2017-06-19 17:02:10.414 2185 DEBUG heat.engine.scheduler [req-f94d4cc0-5977-47f4-9e68-acd8b0ad065e - admin - - -] Task stack_task from Stack "overcloud-ControllerServiceChain-rhzhmi2y3bg2-ServiceChain-2u4ubgfhunto-57-lumnpye2ch67-HorizonBase-cl5n46eermkx" [53777a10-571a-465f-b960-80e98db79dc9] running step /usr/lib/python2.7/site-packages/heat/engine/scheduler.py:214
2017-06-19 17:02:10.415 2185 INFO heat.engine.stack [req-f94d4cc0-5977-47f4-9e68-acd8b0ad065e - admin - - -] Stack CREATE IN_PROGRESS (overcloud-ControllerServiceChain-rhzhmi2y3bg2-ServiceChain-2u4ubgfhunto-57-lumnpye2ch67-HorizonBase-cl5n46eermkx): Stack CREATE started
2017-06-19 17:02:10.419 2186 DEBUG heat.engine.scheduler [req-f94d4cc0-5977-47f4-9e68-acd8b0ad065e - admin - - -] Task create starting start /usr/lib/python2.7/site-packages/heat/engine/scheduler.py:182
2017-06-19 17:02:10.419 2186 DEBUG heat.engine.scheduler [req-f94d4cc0-5977-47f4-9e68-acd8b0ad065e - admin - - -] Task create running step /usr/lib/python2.7/site-packages/heat/engine/scheduler.py:214
2017-06-19 17:02:10.420 2186 INFO heat.engine.resource [req-f94d4cc0-5977-47f4-9e68-acd8b0ad065e - admin - - -] creating TemplateResource "70" Stack "overcloud-ControllerServiceChain-rhzhmi2y3bg2-ServiceChain-2u4ubgfhunto" [23dfc1d4-ab5b-4832-a5f3-48c7aefee8f6]: StopIteration
2017-06-19 17:02:10.420 2185 DEBUG heat.engine.stack [req-f94d4cc0-5977-47f4-9e68-acd8b0ad065e - admin - - -] Persisting stack overcloud-ControllerServiceChain-rhzhmi2y3bg2-ServiceChain-2u4ubgfhunto-57-lumnpye2ch67-HorizonBase-cl5n46eermkx status CREATE IN_PROGRESS _send_notification_and_add_event /usr/lib/python2.7/site-packages/heat/engine/stack.py:978
2017-06-19 17:02:10.423 2192 DEBUG heat.engine.scheduler [req-f94d4cc0-5977-47f4-9e68-acd8b0ad065e - admin - - -] Task create starting start /usr/lib/python2.7/site-packages/heat/engine/scheduler.py:182
2017-06-19 17:02:10.423 2192 DEBUG heat.engine.scheduler [req-f94d4cc0-5977-47f4-9e68-acd8b0ad065e - admin - - -] Task create running step /usr/lib/python2.7/site-packages/heat/engine/scheduler.py:214
2017-06-19 17:02:10.423 2192 INFO heat.engine.resource [req-f94d4cc0-5977-47f4-9e68-acd8b0ad065e - admin - - -] creating TemplateResource "ContainersCommon" Stack "overcloud-ControllerServiceChain-rhzhmi2y3bg2-ServiceChain-2u4ubgfhunto-57-lumnpye2ch67" [75459fc3-6c34-4862-9e14-f2ad7c606bb6]: StopIteration
2017-06-19 17:02:10.430 2185 INFO heat.engine.stack [req-f94d4cc0-5977-47f4-9e68-acd8b0ad065e - admin - - -] Stack CREATE COMPLETE (overcloud-ControllerServiceChain-rhzhmi2y3bg2-ServiceChain-2u4ubgfhunto-57-lumnpye2ch67-HorizonBase-cl5n46eermkx): Stack CREATE completed successfully: StopIteration
2017-06-19 17:02:10.431 2185 DEBUG heat.engine.scheduler [req-f94d4cc0-5977-47f4-9e68-acd8b0ad065e - admin - - -] Task stack_task from Stack "overcloud-ControllerServiceChain-rhzhmi2y3bg2-ServiceChain-2u4ubgfhunto-57-lumnpye2ch67-HorizonBase-cl5n46eermkx" [53777a10-571a-465f-b960-80e98db79dc9] complete: StopIteration step /usr/lib/python2.7/site-packages/heat/engine/scheduler.py:220
2017-06-19 17:02:10.434 2185 DEBUG heat.engine.stack [req-f94d4cc0-5977-47f4-9e68-acd8b0ad065e - admin - - -] Persisting stack overcloud-ControllerServiceChain-rhzhmi2y3bg2-ServiceChain-2u4ubgfhunto-57-lumnpye2ch67-HorizonBase-cl5n46eermkx status CREATE COMPLETE _send_notification_and_add_event /usr/lib/python2.7/site-packages/heat/engine/stack.py:978
2017-06-19 17:02:10.460 2189 DEBUG heat.engine.scheduler [req-f94d4cc0-5977-47f4-9e68-acd8b0ad065e - admin - - -] Task stack_task from Stack "overcloud-ControllerServiceChain-rhzhmi2y3bg2-ServiceChain-2u4ubgfhunto-59-fszfmgsdlqjo" [f6f38dee-0d5e-4a88-be74-f3f409bf03a2] starting start /usr/lib/python2.7/site-packages/heat/engine/scheduler.py:182
2017-06-19 17:02:10.461 2189 DEBUG heat.engine.scheduler [req-f94d4cc0-5977-47f4-9e68-acd8b0ad065e - admin - - -] Task stack_task from Stack "overcloud-ControllerServiceChain-rhzhmi2y3bg2-ServiceChain-2u4ubgfhunto-59-fszfmgsdlqjo" [f6f38dee-0d5e-4a88-be74-f3f409bf03a2] running step /usr/lib/python2.7/site-packages/heat/engine/scheduler.py:214
2017-06-19 17:02:10.461 2189 INFO heat.engine.stack [req-f94d4cc0-5977-47f4-9e68-acd8b0ad065e - admin - - -] Stack CREATE IN_PROGRESS (overcloud-ControllerServiceChain-rhzhmi2y3bg2-ServiceChain-2u4ubgfhunto-59-fszfmgsdlqjo): Stack CREATE started
2017-06-19 17:02:10.463 2186 INFO heat.engine.service [req-f94d4cc0-5977-47f4-9e68-acd8b0ad065e - admin - - -] Creating stack overcloud-ControllerServiceChain-rhzhmi2y3bg2-ServiceChain-2u4ubgfhunto-57-lumnpye2ch67-ContainersCommon-xjslprq7f4yk
2017-06-19 17:02:10.464 2189 DEBUG heat.engine.stack [req-f94d4cc0-5977-47f4-9e68-acd8b0ad065e - admin - - -] Persisting stack overcloud-ControllerServiceChain-rhzhmi2y3bg2-ServiceChain-2u4ubgfhunto-59-fszfmgsdlqjo status CREATE IN_PROGRESS _send_notification_and_add_event /usr/lib/python2.7/site-packages/heat/engine/stack.py:978
2017-06-19 17:02:10.474 2189 DEBUG heat.engine.scheduler [req-f94d4cc0-5977-47f4-9e68-acd8b0ad065e - admin - - -] Task create starting start /usr/lib/python2.7/site-packages/heat/engine/scheduler.py:182
2017-06-19 17:02:10.475 2189 DEBUG heat.engine.scheduler [req-f94d4cc0-5977-47f4-9e68-acd8b0ad065e - admin - - -] Task create running step /usr/lib/python2.7/site-packages/heat/engine/scheduler.py:214
2017-06-19 17:02:10.475 2189 INFO heat.engine.resource [req-f94d4cc0-5977-47f4-9e68-acd8b0ad065e - admin - - -] creating TemplateResource "GnocchiMetricdBase" Stack "overcloud-ControllerServiceChain-rhzhmi2y3bg2-ServiceChain-2u4ubgfhunto-59-fszfmgsdlqjo" [f6f38dee-0d5e-4a88-be74-f3f409bf03a2]: StopIteration
2017-06-19 17:02:10.487 2191 INFO heat.engine.service [req-f94d4cc0-5977-47f4-9e68-acd8b0ad065e - admin - - -] Creating stack overcloud-ControllerServiceChain-rhzhmi2y3bg2-ServiceChain-2u4ubgfhunto-70-acsayh33uzsy
2017-06-19 17:02:10.498 2186 DEBUG heat.engine.parameter_groups [req-f94d4cc0-5977-47f4-9e68-acd8b0ad065e - admin - - -] Validating Parameter Groups: OS::project_id, DefaultPasswords, OS::stack_id, ServiceNetMap, InternalTLSCAFile, RoleParameters, EndpointMap, RoleName, EnableInternalTLS validate /usr/lib/python2.7/site-packages/heat/engine/parameter_groups.py:42
2017-06-19 17:02:10.518 2187 INFO heat.engine.service [req-f94d4cc0-5977-47f4-9e68-acd8b0ad065e - admin - - -] Creating stack overcloud-ControllerServiceChain-rhzhmi2y3bg2-ServiceChain-2u4ubgfhunto-59-fszfmgsdlqjo-GnocchiMetricdBase-dhuqjdj4n6su
2017-06-19 17:02:10.563 2191 DEBUG heat.engine.parameter_groups [req-ba8c8c69-c3bb-4aba-b7d0-e59016870e87 - - - - -] Validating Parameter Groups: OS::project_id, DefaultPasswords, DockerAodhListenerImage, OS::stack_id, DockerNamespace, ServiceNetMap, RoleParameters, EndpointMap, RoleName validate /usr/lib/python2.7/site-packages/heat/engine/parameter_groups.py:42
2017-06-19 17:02:10.564 2191 INFO heat.engine.resource [req-ba8c8c69-c3bb-4aba-b7d0-e59016870e87 - - - - -] Validating TemplateResource "ContainersCommon": EntityNotFound: The Resource Type (http://192.168.0.1:8080/v1/AUTH_6874b222f8c247979e6ec9af708e6edd/overcloud/docker/services/containers-common.yaml) could not be found.
2017-06-19 17:02:10.565 2191 INFO heat.engine.resource [req-ba8c8c69-c3bb-4aba-b7d0-e59016870e87 - - - - -] Validating TemplateResource "AodhListenerBase": EntityNotFound: The Resource Type (http://192.168.0.1:8080/v1/AUTH_6874b222f8c247979e6ec9af708e6edd/overcloud/puppet/services/aodh-listener.yaml) could not be found.
2017-06-19 17:02:10.590 2187 DEBUG heat.engine.parameter_groups [req-3e2cc112-c4d1-4d5e-87b0-8c7c2041ddb9 - - - - -] Validating Parameter Groups: OS::project_id, DefaultPasswords, GnocchiMetricdWorkers, OS::stack_id, ServiceNetMap, RoleParameters, EndpointMap, MonitoringSubscriptionGnocchiMetricd, RoleName validate /usr/lib/python2.7/site-packages/heat/engine/parameter_groups.py:42
2017-06-19 17:02:10.591 2187 INFO heat.engine.resource [req-3e2cc112-c4d1-4d5e-87b0-8c7c2041ddb9 - - - - -] Validating TemplateResource "GnocchiServiceBase": EntityNotFound: The Resource Type (http://192.168.0.1:8080/v1/AUTH_6874b222f8c247979e6ec9af708e6edd/overcloud/puppet/services/gnocchi-base.yaml) could not be found.
2017-06-19 17:02:10.799 2185 DEBUG heat.engine.scheduler [req-1a648c7c-42df-4fef-a48c-7db0e3ca60b1 - - - - -] Task update_task from Stack "overcloud-ControllerServiceChain-rhzhmi2y3bg2" [013d9e45-a7c8-4739-83b5-8b5afe938c7e] running step /usr/lib/python2.7/site-packages/heat/engine/scheduler.py:214
2017-06-19 17:02:10.800 2185 DEBUG heat.engine.scheduler [req-1a648c7c-42df-4fef-a48c-7db0e3ca60b1 - - - - -] Task Stack "overcloud-ControllerServiceChain-rhzhmi2y3bg2" [013d9e45-a7c8-4739-83b5-8b5afe938c7e] Update running step /usr/lib/python2.7/site-packages/heat/engine/scheduler.py:214
2017-06-19 17:02:10.800 2185 DEBUG heat.engine.scheduler [req-1a648c7c-42df-4fef-a48c-7db0e3ca60b1 - - - - -] Task _resource_update from Stack "overcloud-ControllerServiceChain-rhzhmi2y3bg2" [013d9e45-a7c8-4739-83b5-8b5afe938c7e] Update running step /usr/lib/python2.7/site-packages/heat/engine/scheduler.py:214
2017-06-19 17:02:10.804 2185 DEBUG heat.engine.scheduler [req-1a648c7c-42df-4fef-a48c-7db0e3ca60b1 - - - - -] Task update_task from Stack "overcloud-ControllerServiceChain-rhzhmi2y3bg2" [013d9e45-a7c8-4739-83b5-8b5afe938c7e] sleeping _sleep /usr/lib/python2.7/site-packages/heat/engine/scheduler.py:155
2017-06-19 17:02:10.533 2186 DEBUG heat.engine.stack_lock [req-f94d4cc0-5977-47f4-9e68-acd8b0ad065e - admin - - -] Engine c744121f-ad58-4f67-89e2-e968394de477 acquired lock on stack 21ad7e7a-747a-4175-af73-e8ce23b6e5fe acquire /usr/lib/python2.7/site-packages/heat/engine/stack_lock.py:64
2017-06-19 17:02:11.129 2186 DEBUG heat.engine.scheduler [req-f94d4cc0-5977-47f4-9e68-acd8b0ad065e - admin - - -] Task stack_task from Stack "overcloud-ControllerServiceChain-rhzhmi2y3bg2-ServiceChain-2u4ubgfhunto-57-lumnpye2ch67-ContainersCommon-xjslprq7f4yk" [21ad7e7a-747a-4175-af73-e8ce23b6e5fe] starting start /usr/lib/python2.7/site-packages/heat/engine/scheduler.py:182
2017-06-19 17:02:11.130 2186 DEBUG heat.engine.scheduler [req-f94d4cc0-5977-47f4-9e68-acd8b0ad065e - admin - - -] Task stack_task from Stack "overcloud-ControllerServiceChain-rhzhmi2y3bg2-ServiceChain-2u4ubgfhunto-57-lumnpye2ch67-ContainersCommon-xjslprq7f4yk" [21ad7e7a-747a-4175-af73-e8ce23b6e5fe] running step /usr/lib/python2.7/site-packages/heat/engine/scheduler.py:214
2017-06-19 17:02:11.130 2186 INFO heat.engine.stack [req-f94d4cc0-5977-47f4-9e68-acd8b0ad065e - admin - - -] Stack CREATE IN_PROGRESS (overcloud-ControllerServiceChain-rhzhmi2y3bg2-ServiceChain-2u4ubgfhunto-57-lumnpye2ch67-ContainersCommon-xjslprq7f4yk): Stack CREATE started
2017-06-19 17:02:11.135 2186 DEBUG heat.engine.stack [req-f94d4cc0-5977-47f4-9e68-acd8b0ad065e - admin - - -] Persisting stack overcloud-ControllerServiceChain-rhzhmi2y3bg2-ServiceChain-2u4ubgfhunto-57-lumnpye2ch67-ContainersCommon-xjslprq7f4yk status CREATE IN_PROGRESS _send_notification_and_add_event /usr/lib/python2.7/site-packages/heat/engine/stack.py:978
2017-06-19 17:02:11.139 2192 DEBUG heat.engine.scheduler [req-f94d4cc0-5977-47f4-9e68-acd8b0ad065e - admin - - -] Task stack_task from Stack "overcloud-ControllerServiceChain-rhzhmi2y3bg2-ServiceChain-2u4ubgfhunto-57-lumnpye2ch67" [75459fc3-6c34-4862-9e14-f2ad7c606bb6] sleeping _sleep /usr/lib/python2.7/site-packages/heat/engine/scheduler.py:155
2017-06-19 17:02:11.140 2192 DEBUG heat.engine.scheduler [req-f94d4cc0-5977-47f4-9e68-acd8b0ad065e - admin - - -] Task stack_task from Stack "overcloud-ControllerServiceChain-rhzhmi2y3bg2-ServiceChain-2u4ubgfhunto-57-lumnpye2ch67" [75459fc3-6c34-4862-9e14-f2ad7c606bb6] running step /usr/lib/python2.7/site-packages/heat/engine/scheduler.py:214
2017-06-19 17:02:11.140 2192 DEBUG heat.engine.scheduler [req-f94d4cc0-5977-47f4-9e68-acd8b0ad065e - admin - - -] Task create running step /usr/lib/python2.7/site-packages/heat/engine/scheduler.py:214
2017-06-19 17:02:11.148 2186 INFO heat.engine.stack [req-f94d4cc0-5977-47f4-9e68-acd8b0ad065e - admin - - -] Stack CREATE COMPLETE (overcloud-ControllerServiceChain-rhzhmi2y3bg2-ServiceChain-2u4ubgfhunto-57-lumnpye2ch67-ContainersCommon-xjslprq7f4yk): Stack CREATE completed successfully: StopIteration
2017-06-19 17:02:11.148 2186 DEBUG heat.engine.scheduler [req-f94d4cc0-5977-47f4-9e68-acd8b0ad065e - admin - - -] Task stack_task from Stack "overcloud-ControllerServiceChain-rhzhmi2y3bg2-ServiceChain-2u4ubgfhunto-57-lumnpye2ch67-ContainersCommon-xjslprq7f4yk" [21ad7e7a-747a-4175-af73-e8ce23b6e5fe] complete: StopIteration step /usr/lib/python2.7/site-packages/heat/engine/scheduler.py:220
2017-06-19 17:02:11.152 2186 DEBUG heat.engine.stack [req-f94d4cc0-5977-47f4-9e68-acd8b0ad065e - admin - - -] Persisting stack overcloud-ControllerServiceChain-rhzhmi2y3bg2-ServiceChain-2u4ubgfhunto-57-lumnpye2ch67-ContainersCommon-xjslprq7f4yk status CREATE COMPLETE _send_notification_and_add_event /usr/lib/python2.7/site-packages/heat/engine/stack.py:978
2017-06-19 17:02:11.194 2192 DEBUG heat.engine.scheduler [req-f94d4cc0-5977-47f4-9e68-acd8b0ad065e - admin - - -] Task create complete: StopIteration step /usr/lib/python2.7/site-packages/heat/engine/scheduler.py:220
2017-06-19 17:02:11.195 2192 DEBUG heat.engine.scheduler [req-f94d4cc0-5977-47f4-9e68-acd8b0ad065e - admin - - -] Task create running step /usr/lib/python2.7/site-packages/heat/engine/scheduler.py:214
2017-06-19 17:02:10.603 2191 DEBUG heat.engine.stack_lock [req-f94d4cc0-5977-47f4-9e68-acd8b0ad065e - admin - - -] Engine 9667dfca-9915-4c25-a6af-3d9bd2f6a9cb acquired lock on stack 630b3dfb-73f0-4eee-9743-b3cd3c3f0313 acquire /usr/lib/python2.7/site-packages/heat/engine/stack_lock.py:64
2017-06-19 17:02:11.241 2192 DEBUG heat.engine.scheduler [req-f94d4cc0-5977-47f4-9e68-acd8b0ad065e - admin - - -] Task create complete: StopIteration step /usr/lib/python2.7/site-packages/heat/engine/scheduler.py:220
2017-06-19 17:02:11.242 2192 INFO heat.engine.stack [req-f94d4cc0-5977-47f4-9e68-acd8b0ad065e - admin - - -] Stack CREATE COMPLETE (overcloud-ControllerServiceChain-rhzhmi2y3bg2-ServiceChain-2u4ubgfhunto-57-lumnpye2ch67): Stack CREATE completed successfully: StopIteration
2017-06-19 17:02:11.242 2192 DEBUG heat.engine.scheduler [req-f94d4cc0-5977-47f4-9e68-acd8b0ad065e - admin - - -] Task stack_task from Stack "overcloud-ControllerServiceChain-rhzhmi2y3bg2-ServiceChain-2u4ubgfhunto-57-lumnpye2ch67" [75459fc3-6c34-4862-9e14-f2ad7c606bb6] complete: StopIteration step /usr/lib/python2.7/site-packages/heat/engine/scheduler.py:220
2017-06-19 17:02:11.249 2192 DEBUG heat.engine.stack [req-f94d4cc0-5977-47f4-9e68-acd8b0ad065e - admin - - -] Persisting stack overcloud-ControllerServiceChain-rhzhmi2y3bg2-ServiceChain-2u4ubgfhunto-57-lumnpye2ch67 status CREATE COMPLETE _send_notification_and_add_event /usr/lib/python2.7/site-packages/heat/engine/stack.py:978
2017-06-19 17:02:11.252 2186 DEBUG heat.engine.scheduler [req-f94d4cc0-5977-47f4-9e68-acd8b0ad065e - admin - - -] Task create starting start /usr/lib/python2.7/site-packages/heat/engine/scheduler.py:182
2017-06-19 17:02:11.253 2186 DEBUG heat.engine.scheduler [req-f94d4cc0-5977-47f4-9e68-acd8b0ad065e - admin - - -] Task create running step /usr/lib/python2.7/site-packages/heat/engine/scheduler.py:214
2017-06-19 17:02:10.629 2187 DEBUG heat.engine.stack_lock [req-f94d4cc0-5977-47f4-9e68-acd8b0ad065e - admin - - -] Engine 4164604d-f628-4370-9d27-0d3dc538a5c6 acquired lock on stack 30ccdf16-5e13-428a-8375-c465fbecd0e1 acquire /usr/lib/python2.7/site-packages/heat/engine/stack_lock.py:64
2017-06-19 17:02:11.254 2186 INFO heat.engine.resource [req-f94d4cc0-5977-47f4-9e68-acd8b0ad065e - admin - - -] creating TemplateResource "23" Stack "overcloud-ControllerServiceChain-rhzhmi2y3bg2-ServiceChain-2u4ubgfhunto" [23dfc1d4-ab5b-4832-a5f3-48c7aefee8f6]: StopIteration
2017-06-19 17:02:11.265 2189 DEBUG heat.engine.scheduler [req-f94d4cc0-5977-47f4-9e68-acd8b0ad065e - admin - - -] Task create starting start /usr/lib/python2.7/site-packages/heat/engine/scheduler.py:182
2017-06-19 17:02:11.266 2189 DEBUG heat.engine.scheduler [req-f94d4cc0-5977-47f4-9e68-acd8b0ad065e - admin - - -] Task create running step /usr/lib/python2.7/site-packages/heat/engine/scheduler.py:214
2017-06-19 17:02:11.266 2189 INFO heat.engine.resource [req-f94d4cc0-5977-47f4-9e68-acd8b0ad065e - admin - - -] creating TemplateResource "ContainersCommon" Stack "overcloud-ControllerServiceChain-rhzhmi2y3bg2-ServiceChain-2u4ubgfhunto-59-fszfmgsdlqjo" [f6f38dee-0d5e-4a88-be74-f3f409bf03a2]: StopIteration
2017-06-19 17:02:11.286 2187 DEBUG heat.engine.scheduler [req-f94d4cc0-5977-47f4-9e68-acd8b0ad065e - admin - - -] Task stack_task from Stack "overcloud-ControllerServiceChain-rhzhmi2y3bg2-ServiceChain-2u4ubgfhunto-59-fszfmgsdlqjo-GnocchiMetricdBase-dhuqjdj4n6su" [30ccdf16-5e13-428a-8375-c465fbecd0e1] starting start /usr/lib/python2.7/site-packages/heat/engine/scheduler.py:182
2017-06-19 17:02:11.287 2187 DEBUG heat.engine.scheduler [req-f94d4cc0-5977-47f4-9e68-acd8b0ad065e - admin - - -] Task stack_task from Stack "overcloud-ControllerServiceChain-rhzhmi2y3bg2-ServiceChain-2u4ubgfhunto-59-fszfmgsdlqjo-GnocchiMetricdBase-dhuqjdj4n6su" [30ccdf16-5e13-428a-8375-c465fbecd0e1] running step /usr/lib/python2.7/site-packages/heat/engine/scheduler.py:214
2017-06-19 17:02:11.287 2187 INFO heat.engine.stack [req-f94d4cc0-5977-47f4-9e68-acd8b0ad065e - admin - - -] Stack CREATE IN_PROGRESS (overcloud-ControllerServiceChain-rhzhmi2y3bg2-ServiceChain-2u4ubgfhunto-59-fszfmgsdlqjo-GnocchiMetricdBase-dhuqjdj4n6su): Stack CREATE started
2017-06-19 17:02:11.291 2187 DEBUG heat.engine.stack [req-f94d4cc0-5977-47f4-9e68-acd8b0ad065e - admin - - -] Persisting stack overcloud-ControllerServiceChain-rhzhmi2y3bg2-ServiceChain-2u4ubgfhunto-59-fszfmgsdlqjo-GnocchiMetricdBase-dhuqjdj4n6su status CREATE IN_PROGRESS _send_notification_and_add_event /usr/lib/python2.7/site-packages/heat/engine/stack.py:978
2017-06-19 17:02:11.290 2191 DEBUG heat.engine.scheduler [req-f94d4cc0-5977-47f4-9e68-acd8b0ad065e - admin - - -] Task stack_task from Stack "overcloud-ControllerServiceChain-rhzhmi2y3bg2-ServiceChain-2u4ubgfhunto-70-acsayh33uzsy" [630b3dfb-73f0-4eee-9743-b3cd3c3f0313] starting start /usr/lib/python2.7/site-packages/heat/engine/scheduler.py:182
2017-06-19 17:02:11.292 2191 DEBUG heat.engine.scheduler [req-f94d4cc0-5977-47f4-9e68-acd8b0ad065e - admin - - -] Task stack_task from Stack "overcloud-ControllerServiceChain-rhzhmi2y3bg2-ServiceChain-2u4ubgfhunto-70-acsayh33uzsy" [630b3dfb-73f0-4eee-9743-b3cd3c3f0313] running step /usr/lib/python2.7/site-packages/heat/engine/scheduler.py:214
2017-06-19 17:02:11.293 2191 INFO heat.engine.stack [req-f94d4cc0-5977-47f4-9e68-acd8b0ad065e - admin - - -] Stack CREATE IN_PROGRESS (overcloud-ControllerServiceChain-rhzhmi2y3bg2-ServiceChain-2u4ubgfhunto-70-acsayh33uzsy): Stack CREATE started
2017-06-19 17:02:11.296 2185 INFO heat.engine.service [req-f94d4cc0-5977-47f4-9e68-acd8b0ad065e - admin - - -] Creating stack overcloud-ControllerServiceChain-rhzhmi2y3bg2-ServiceChain-2u4ubgfhunto-59-fszfmgsdlqjo-ContainersCommon-a6pdmwyhpecu
2017-06-19 17:02:11.299 2191 DEBUG heat.engine.stack [req-f94d4cc0-5977-47f4-9e68-acd8b0ad065e - admin - - -] Persisting stack overcloud-ControllerServiceChain-rhzhmi2y3bg2-ServiceChain-2u4ubgfhunto-70-acsayh33uzsy status CREATE IN_PROGRESS _send_notification_and_add_event /usr/lib/python2.7/site-packages/heat/engine/stack.py:978
2017-06-19 17:02:11.302 2187 DEBUG heat.engine.scheduler [req-f94d4cc0-5977-47f4-9e68-acd8b0ad065e - admin - - -] Task create starting start /usr/lib/python2.7/site-packages/heat/engine/scheduler.py:182
2017-06-19 17:02:11.303 2187 DEBUG heat.engine.scheduler [req-f94d4cc0-5977-47f4-9e68-acd8b0ad065e - admin - - -] Task create running step /usr/lib/python2.7/site-packages/heat/engine/scheduler.py:214
2017-06-19 17:02:11.303 2187 INFO heat.engine.resource [req-f94d4cc0-5977-47f4-9e68-acd8b0ad065e - admin - - -] creating TemplateResource "GnocchiServiceBase" Stack "overcloud-ControllerServiceChain-rhzhmi2y3bg2-ServiceChain-2u4ubgfhunto-59-fszfmgsdlqjo-GnocchiMetricdBase-dhuqjdj4n6su" [30ccdf16-5e13-428a-8375-c465fbecd0e1]: StopIteration
2017-06-19 17:02:11.310 2186 INFO heat.engine.service [req-f94d4cc0-5977-47f4-9e68-acd8b0ad065e - admin - - -] Creating stack overcloud-ControllerServiceChain-rhzhmi2y3bg2-ServiceChain-2u4ubgfhunto-23-45tjkiv56dm3
2017-06-19 17:02:11.311 2191 DEBUG heat.engine.scheduler [req-f94d4cc0-5977-47f4-9e68-acd8b0ad065e - admin - - -] Task create starting start /usr/lib/python2.7/site-packages/heat/engine/scheduler.py:182
2017-06-19 17:02:11.311 2191 DEBUG heat.engine.scheduler [req-f94d4cc0-5977-47f4-9e68-acd8b0ad065e - admin - - -] Task create running step /usr/lib/python2.7/site-packages/heat/engine/scheduler.py:214
2017-06-19 17:02:11.312 2191 INFO heat.engine.resource [req-f94d4cc0-5977-47f4-9e68-acd8b0ad065e - admin - - -] creating TemplateResource "ContainersCommon" Stack "overcloud-ControllerServiceChain-rhzhmi2y3bg2-ServiceChain-2u4ubgfhunto-70-acsayh33uzsy" [630b3dfb-73f0-4eee-9743-b3cd3c3f0313]: StopIteration
2017-06-19 17:02:11.323 2185 DEBUG heat.engine.parameter_groups [req-f94d4cc0-5977-47f4-9e68-acd8b0ad065e - admin - - -] Validating Parameter Groups: OS::project_id, DefaultPasswords, OS::stack_id, ServiceNetMap, InternalTLSCAFile, RoleParameters, EndpointMap, RoleName, EnableInternalTLS validate /usr/lib/python2.7/site-packages/heat/engine/parameter_groups.py:42
2017-06-19 17:02:11.343 2191 INFO heat.engine.service [req-f94d4cc0-5977-47f4-9e68-acd8b0ad065e - admin - - -] Creating stack overcloud-ControllerServiceChain-rhzhmi2y3bg2-ServiceChain-2u4ubgfhunto-59-fszfmgsdlqjo-GnocchiMetricdBase-dhuqjdj4n6su-GnocchiServiceBase-a5kk4pjvriqp
2017-06-19 17:02:11.343 2187 INFO heat.engine.service [req-f94d4cc0-5977-47f4-9e68-acd8b0ad065e - admin - - -] Creating stack overcloud-ControllerServiceChain-rhzhmi2y3bg2-ServiceChain-2u4ubgfhunto-70-acsayh33uzsy-ContainersCommon-uq5srerjwqyf
2017-06-19 17:02:11.347 2186 DEBUG heat.engine.parameter_groups [req-f94d4cc0-5977-47f4-9e68-acd8b0ad065e - admin - - -] Validating Parameter Groups: OS::project_id, DefaultPasswords, OS::stack_id, ServiceNetMap, InternalTLSCAFile, RoleParameters, EndpointMap, RoleName, EnableInternalTLS validate /usr/lib/python2.7/site-packages/heat/engine/parameter_groups.py:42
2017-06-19 17:02:11.354 2192 DEBUG heat.engine.scheduler [req-f94d4cc0-5977-47f4-9e68-acd8b0ad065e - admin - - -] Task update_task from Stack "overcloud" [3aa051e2-a1fa-4e34-8260-6fc2b4b2de51] running step /usr/lib/python2.7/site-packages/heat/engine/scheduler.py:214
2017-06-19 17:02:11.355 2192 DEBUG heat.engine.scheduler [req-f94d4cc0-5977-47f4-9e68-acd8b0ad065e - admin - - -] Task Stack "overcloud" [3aa051e2-a1fa-4e34-8260-6fc2b4b2de51] Update running step /usr/lib/python2.7/site-packages/heat/engine/scheduler.py:214
2017-06-19 17:02:11.355 2192 DEBUG heat.engine.scheduler [req-f94d4cc0-5977-47f4-9e68-acd8b0ad065e - admin - - -] Task _resource_update from Stack "overcloud" [3aa051e2-a1fa-4e34-8260-6fc2b4b2de51] Update running step /usr/lib/python2.7/site-packages/heat/engine/scheduler.py:214
2017-06-19 17:02:11.359 2192 DEBUG heat.engine.scheduler [req-f94d4cc0-5977-47f4-9e68-acd8b0ad065e - admin - - -] Task update_task from Stack "overcloud" [3aa051e2-a1fa-4e34-8260-6fc2b4b2de51] sleeping _sleep /usr/lib/python2.7/site-packages/heat/engine/scheduler.py:155
2017-06-19 17:02:11.375 2187 DEBUG heat.engine.parameter_groups [req-f94d4cc0-5977-47f4-9e68-acd8b0ad065e - admin - - -] Validating Parameter Groups: OS::project_id, DefaultPasswords, OS::stack_id, ServiceNetMap, InternalTLSCAFile, RoleParameters, EndpointMap, RoleName, EnableInternalTLS validate /usr/lib/python2.7/site-packages/heat/engine/parameter_groups.py:42
2017-06-19 17:02:11.381 2191 DEBUG heat.engine.parameter_groups [req-f94d4cc0-5977-47f4-9e68-acd8b0ad065e - admin - - -] Validating Parameter Groups: NumberOfStorageSacks, OS::project_id, DefaultPasswords, OS::stack_id, MetricProcessingDelay, ServiceNetMap, GnocchiIndexerBackend, GnocchiPassword, GnocchiRbdPoolName, RedisPassword, EndpointMap, Debug, RoleName, GnocchiDebug, CephClientUserName, RoleParameters validate /usr/lib/python2.7/site-packages/heat/engine/parameter_groups.py:42
2017-06-19 17:02:11.351 2185 DEBUG heat.engine.stack_lock [req-f94d4cc0-5977-47f4-9e68-acd8b0ad065e - admin - - -] Engine 6bbb036b-f0a7-47cd-9be4-61d1403bfd0c acquired lock on stack e1bc2fb6-c010-4e03-a455-52eb24c45014 acquire /usr/lib/python2.7/site-packages/heat/engine/stack_lock.py:64
