2017-06-19 16:49:09.530 2190 DEBUG heat.engine.service [req-3f1bc39b-005d-41fe-b001-aeb90996def9 - - - - -] Service 2c3ea178-d4f3-451b-be8e-5e5cd46fdc02 is updated service_manage_report /usr/lib/python2.7/site-packages/heat/engine/service.py:2397
2017-06-19 16:49:09.531 2192 DEBUG heat.engine.service [req-803cb5e9-368c-4fff-a49e-f892d83dbad3 - - - - -] Service e1f94d80-99ab-4103-b858-adbaa1a6d5e4 is updated service_manage_report /usr/lib/python2.7/site-packages/heat/engine/service.py:2397
2017-06-19 16:50:09.445 2185 DEBUG heat.engine.service [req-427f90bb-cfe1-47a5-ade0-85557fb27da2 - - - - -] Service 503e51f7-00ca-4dab-b8f4-f7b9dc974b08 is updated service_manage_report /usr/lib/python2.7/site-packages/heat/engine/service.py:2397
2017-06-19 16:50:09.495 2188 DEBUG heat.engine.service [req-53f11c0c-c491-4136-8d56-686123d9e163 - - - - -] Service 714e612a-f99f-4a4b-9862-8b55d63f2bb8 is updated service_manage_report /usr/lib/python2.7/site-packages/heat/engine/service.py:2397
2017-06-19 16:50:09.496 2187 DEBUG heat.engine.service [req-e470bda5-3247-4568-9dff-8ca4ce4e386b - - - - -] Service 9548696a-29fe-4eb2-902c-37073c31894e is updated service_manage_report /usr/lib/python2.7/site-packages/heat/engine/service.py:2397
2017-06-19 16:50:09.505 2186 DEBUG heat.engine.service [req-e85d1f4e-4bec-4cf8-9f37-bba15df6b750 - - - - -] Service 14002070-370e-47ff-9b30-0d9ebafdfffd is updated service_manage_report /usr/lib/python2.7/site-packages/heat/engine/service.py:2397
2017-06-19 16:50:09.513 2191 DEBUG heat.engine.service [req-dfd46ff6-f332-4821-894a-8a926d1b13ad - - - - -] Service a96a78a8-a2e1-4312-8f4d-e4db9fc19fcc is updated service_manage_report /usr/lib/python2.7/site-packages/heat/engine/service.py:2397
2017-06-19 16:50:09.521 2189 DEBUG heat.engine.service [req-b13fb82a-25a9-448e-a5d8-cffbb807169f - - - - -] Service ccfb2a35-4c49-4014-8edf-00ff1fd0f189 is updated service_manage_report /usr/lib/python2.7/site-packages/heat/engine/service.py:2397
2017-06-19 16:50:09.527 2190 DEBUG heat.engine.service [req-56b04f26-7db2-477d-9793-c52187d7f4eb - - - - -] Service 2c3ea178-d4f3-451b-be8e-5e5cd46fdc02 is updated service_manage_report /usr/lib/python2.7/site-packages/heat/engine/service.py:2397
2017-06-19 16:50:09.529 2192 DEBUG heat.engine.service [req-de0edd98-8384-45af-be45-bc9f530a3537 - - - - -] Service e1f94d80-99ab-4103-b858-adbaa1a6d5e4 is updated service_manage_report /usr/lib/python2.7/site-packages/heat/engine/service.py:2397
2017-06-19 16:51:09.442 2185 DEBUG heat.engine.service [req-06478444-dd53-49a1-b000-c6467652101d - - - - -] Service 503e51f7-00ca-4dab-b8f4-f7b9dc974b08 is updated service_manage_report /usr/lib/python2.7/site-packages/heat/engine/service.py:2397
2017-06-19 16:51:09.492 2188 DEBUG heat.engine.service [req-183a1cd4-845a-4dd2-b9c8-6cdec4c36417 - - - - -] Service 714e612a-f99f-4a4b-9862-8b55d63f2bb8 is updated service_manage_report /usr/lib/python2.7/site-packages/heat/engine/service.py:2397
2017-06-19 16:51:09.493 2187 DEBUG heat.engine.service [req-d6432c78-a4e9-4927-9d8b-a98e48d9b5e6 - - - - -] Service 9548696a-29fe-4eb2-902c-37073c31894e is updated service_manage_report /usr/lib/python2.7/site-packages/heat/engine/service.py:2397
2017-06-19 16:51:09.502 2186 DEBUG heat.engine.service [req-bc3003b0-4aba-49b3-b392-07086df14b69 - - - - -] Service 14002070-370e-47ff-9b30-0d9ebafdfffd is updated service_manage_report /usr/lib/python2.7/site-packages/heat/engine/service.py:2397
2017-06-19 16:51:09.509 2191 DEBUG heat.engine.service [req-307dbc28-f9a8-4704-a120-d80217be58c4 - - - - -] Service a96a78a8-a2e1-4312-8f4d-e4db9fc19fcc is updated service_manage_report /usr/lib/python2.7/site-packages/heat/engine/service.py:2397
2017-06-19 16:51:09.518 2189 DEBUG heat.engine.service [req-86ae03f3-f4c0-4878-8d0f-32d20f89fb56 - - - - -] Service ccfb2a35-4c49-4014-8edf-00ff1fd0f189 is updated service_manage_report /usr/lib/python2.7/site-packages/heat/engine/service.py:2397
2017-06-19 16:51:09.524 2190 DEBUG heat.engine.service [req-e545e5c1-197f-4f6d-8c64-4504703f9b18 - - - - -] Service 2c3ea178-d4f3-451b-be8e-5e5cd46fdc02 is updated service_manage_report /usr/lib/python2.7/site-packages/heat/engine/service.py:2397
2017-06-19 16:51:09.526 2192 DEBUG heat.engine.service [req-4db34713-3f12-41c1-82cc-cf95c60d12b7 - - - - -] Service e1f94d80-99ab-4103-b858-adbaa1a6d5e4 is updated service_manage_report /usr/lib/python2.7/site-packages/heat/engine/service.py:2397
2017-06-19 16:52:09.442 2185 DEBUG heat.engine.service [req-9480ca0d-ef61-4ea5-b571-2ea9f10cf57b - - - - -] Service 503e51f7-00ca-4dab-b8f4-f7b9dc974b08 is updated service_manage_report /usr/lib/python2.7/site-packages/heat/engine/service.py:2397
2017-06-19 16:52:09.490 2188 DEBUG heat.engine.service [req-a6f51f32-e54b-4783-83d1-a2b759880d00 - - - - -] Service 714e612a-f99f-4a4b-9862-8b55d63f2bb8 is updated service_manage_report /usr/lib/python2.7/site-packages/heat/engine/service.py:2397
2017-06-19 16:52:09.491 2187 DEBUG heat.engine.service [req-90c8b6fb-70f4-4e06-b068-d3b736a9d3f5 - - - - -] Service 9548696a-29fe-4eb2-902c-37073c31894e is updated service_manage_report /usr/lib/python2.7/site-packages/heat/engine/service.py:2397
2017-06-19 16:52:09.501 2186 DEBUG heat.engine.service [req-e6fa8a8c-f012-41bf-9a87-fcd2613371e0 - - - - -] Service 14002070-370e-47ff-9b30-0d9ebafdfffd is updated service_manage_report /usr/lib/python2.7/site-packages/heat/engine/service.py:2397
2017-06-19 16:52:09.507 2191 DEBUG heat.engine.service [req-0be322c3-3aa8-44dd-a70b-36a9fed3c610 - - - - -] Service a96a78a8-a2e1-4312-8f4d-e4db9fc19fcc is updated service_manage_report /usr/lib/python2.7/site-packages/heat/engine/service.py:2397
2017-06-19 16:52:09.516 2189 DEBUG heat.engine.service [req-899ad5d2-4e1d-42d9-af5a-9de7def8ab01 - - - - -] Service ccfb2a35-4c49-4014-8edf-00ff1fd0f189 is updated service_manage_report /usr/lib/python2.7/site-packages/heat/engine/service.py:2397
2017-06-19 16:52:09.522 2190 DEBUG heat.engine.service [req-855f2e31-5a1e-4b16-806d-f9d7f65ea37e - - - - -] Service 2c3ea178-d4f3-451b-be8e-5e5cd46fdc02 is updated service_manage_report /usr/lib/python2.7/site-packages/heat/engine/service.py:2397
2017-06-19 16:52:09.525 2192 DEBUG heat.engine.service [req-38a40e0e-e173-445c-8bd2-f135787a2c67 - - - - -] Service e1f94d80-99ab-4103-b858-adbaa1a6d5e4 is updated service_manage_report /usr/lib/python2.7/site-packages/heat/engine/service.py:2397
2017-06-19 16:53:09.441 2185 DEBUG heat.engine.service [req-f9b018ef-23db-4fc2-8080-5ad6b9bb71e1 - - - - -] Service 503e51f7-00ca-4dab-b8f4-f7b9dc974b08 is updated service_manage_report /usr/lib/python2.7/site-packages/heat/engine/service.py:2397
2017-06-19 16:53:09.488 2188 DEBUG heat.engine.service [req-27495b72-25e3-4c1e-a1ab-974914cd3b22 - - - - -] Service 714e612a-f99f-4a4b-9862-8b55d63f2bb8 is updated service_manage_report /usr/lib/python2.7/site-packages/heat/engine/service.py:2397
2017-06-19 16:53:09.489 2187 DEBUG heat.engine.service [req-f17ba29b-daae-4f73-ab33-5f3a1299bfeb - - - - -] Service 9548696a-29fe-4eb2-902c-37073c31894e is updated service_manage_report /usr/lib/python2.7/site-packages/heat/engine/service.py:2397
2017-06-19 16:53:09.498 2186 DEBUG heat.engine.service [req-1d129efe-8f59-4b4b-a537-43bac9622184 - - - - -] Service 14002070-370e-47ff-9b30-0d9ebafdfffd is updated service_manage_report /usr/lib/python2.7/site-packages/heat/engine/service.py:2397
2017-06-19 16:53:09.505 2191 DEBUG heat.engine.service [req-74bc46bb-4822-434b-b2a2-b1afef66cec7 - - - - -] Service a96a78a8-a2e1-4312-8f4d-e4db9fc19fcc is updated service_manage_report /usr/lib/python2.7/site-packages/heat/engine/service.py:2397
2017-06-19 16:53:09.514 2189 DEBUG heat.engine.service [req-f4eabc3c-9a36-4272-8572-e134cb6a2869 - - - - -] Service ccfb2a35-4c49-4014-8edf-00ff1fd0f189 is updated service_manage_report /usr/lib/python2.7/site-packages/heat/engine/service.py:2397
2017-06-19 16:53:09.519 2190 DEBUG heat.engine.service [req-c1af38f5-026f-461f-9464-2ac55540d458 - - - - -] Service 2c3ea178-d4f3-451b-be8e-5e5cd46fdc02 is updated service_manage_report /usr/lib/python2.7/site-packages/heat/engine/service.py:2397
2017-06-19 16:53:09.522 2192 DEBUG heat.engine.service [req-d371a7c9-7757-48da-bc81-c833d20f8083 - - - - -] Service e1f94d80-99ab-4103-b858-adbaa1a6d5e4 is updated service_manage_report /usr/lib/python2.7/site-packages/heat/engine/service.py:2397
2017-06-19 16:54:09.441 2185 DEBUG heat.engine.service [req-b7f5b78c-cba1-47e9-b610-8e3b6d51b6b1 - - - - -] Service 503e51f7-00ca-4dab-b8f4-f7b9dc974b08 is updated service_manage_report /usr/lib/python2.7/site-packages/heat/engine/service.py:2397
2017-06-19 16:54:09.487 2188 DEBUG heat.engine.service [req-36adad6e-6b72-44b0-a84e-801ae94f02a9 - - - - -] Service 714e612a-f99f-4a4b-9862-8b55d63f2bb8 is updated service_manage_report /usr/lib/python2.7/site-packages/heat/engine/service.py:2397
2017-06-19 16:54:09.489 2187 DEBUG heat.engine.service [req-0d60822f-fea5-4e23-a2a8-aa21638fec42 - - - - -] Service 9548696a-29fe-4eb2-902c-37073c31894e is updated service_manage_report /usr/lib/python2.7/site-packages/heat/engine/service.py:2397
2017-06-19 16:54:09.494 2186 DEBUG heat.engine.service [req-ffc4a148-f334-423e-a1b8-dd645939f5cb - - - - -] Service 14002070-370e-47ff-9b30-0d9ebafdfffd is updated service_manage_report /usr/lib/python2.7/site-packages/heat/engine/service.py:2397
2017-06-19 16:54:09.502 2191 DEBUG heat.engine.service [req-872f322d-ed47-4208-a0f3-e6f84d170814 - - - - -] Service a96a78a8-a2e1-4312-8f4d-e4db9fc19fcc is updated service_manage_report /usr/lib/python2.7/site-packages/heat/engine/service.py:2397
2017-06-19 16:54:09.512 2189 DEBUG heat.engine.service [req-d0ac0094-f81e-4799-a276-1c45a089dc24 - - - - -] Service ccfb2a35-4c49-4014-8edf-00ff1fd0f189 is updated service_manage_report /usr/lib/python2.7/site-packages/heat/engine/service.py:2397
2017-06-19 16:54:09.516 2190 DEBUG heat.engine.service [req-03178b64-9894-41ec-849b-d6d839d3f57c - - - - -] Service 2c3ea178-d4f3-451b-be8e-5e5cd46fdc02 is updated service_manage_report /usr/lib/python2.7/site-packages/heat/engine/service.py:2397
2017-06-19 16:54:09.519 2192 DEBUG heat.engine.service [req-5d124253-dfaf-4685-9049-745de669f561 - - - - -] Service e1f94d80-99ab-4103-b858-adbaa1a6d5e4 is updated service_manage_report /usr/lib/python2.7/site-packages/heat/engine/service.py:2397
2017-06-19 16:55:09.441 2185 DEBUG heat.engine.service [req-d1ff734b-b6c9-4fe9-bb97-d73e8505f1ff - - - - -] Service 503e51f7-00ca-4dab-b8f4-f7b9dc974b08 is updated service_manage_report /usr/lib/python2.7/site-packages/heat/engine/service.py:2397
2017-06-19 16:55:09.488 2187 DEBUG heat.engine.service [req-0abd372f-ca3e-44d5-b8ca-6c26174a2950 - - - - -] Service 9548696a-29fe-4eb2-902c-37073c31894e is updated service_manage_report /usr/lib/python2.7/site-packages/heat/engine/service.py:2397
2017-06-19 16:55:09.489 2188 DEBUG heat.engine.service [req-0abc18d2-212e-4c18-a0e8-fc2136582a96 - - - - -] Service 714e612a-f99f-4a4b-9862-8b55d63f2bb8 is updated service_manage_report /usr/lib/python2.7/site-packages/heat/engine/service.py:2397
2017-06-19 16:55:09.492 2186 DEBUG heat.engine.service [req-a9bf3b60-cd2e-4f85-b661-707397fde533 - - - - -] Service 14002070-370e-47ff-9b30-0d9ebafdfffd is updated service_manage_report /usr/lib/python2.7/site-packages/heat/engine/service.py:2397
2017-06-19 16:55:09.501 2191 DEBUG heat.engine.service [req-7db3cc48-d6d8-483b-9f33-140b389c2466 - - - - -] Service a96a78a8-a2e1-4312-8f4d-e4db9fc19fcc is updated service_manage_report /usr/lib/python2.7/site-packages/heat/engine/service.py:2397
2017-06-19 16:55:09.509 2189 DEBUG heat.engine.service [req-a89b563e-5c37-438d-a741-db8beb9eb5ee - - - - -] Service ccfb2a35-4c49-4014-8edf-00ff1fd0f189 is updated service_manage_report /usr/lib/python2.7/site-packages/heat/engine/service.py:2397
2017-06-19 16:55:09.516 2190 DEBUG heat.engine.service [req-3ba311e0-df6a-4f42-96cb-d344c4683505 - - - - -] Service 2c3ea178-d4f3-451b-be8e-5e5cd46fdc02 is updated service_manage_report /usr/lib/python2.7/site-packages/heat/engine/service.py:2397
2017-06-19 16:55:09.517 2192 DEBUG heat.engine.service [req-b89e44ad-8302-406e-b29f-c54c9accd769 - - - - -] Service e1f94d80-99ab-4103-b858-adbaa1a6d5e4 is updated service_manage_report /usr/lib/python2.7/site-packages/heat/engine/service.py:2397
2017-06-19 16:56:09.443 2185 DEBUG heat.engine.service [req-312b4fb6-5473-4250-98e3-31eb2186489a - - - - -] Service 503e51f7-00ca-4dab-b8f4-f7b9dc974b08 is updated service_manage_report /usr/lib/python2.7/site-packages/heat/engine/service.py:2397
2017-06-19 16:56:09.487 2187 DEBUG heat.engine.service [req-d064dc5a-a3e7-4fcb-817e-a241357fab64 - - - - -] Service 9548696a-29fe-4eb2-902c-37073c31894e is updated service_manage_report /usr/lib/python2.7/site-packages/heat/engine/service.py:2397
2017-06-19 16:56:09.489 2188 DEBUG heat.engine.service [req-52f63a3e-cb29-47cb-8c0a-a5dc477492e6 - - - - -] Service 714e612a-f99f-4a4b-9862-8b55d63f2bb8 is updated service_manage_report /usr/lib/python2.7/site-packages/heat/engine/service.py:2397
2017-06-19 16:56:09.490 2186 DEBUG heat.engine.service [req-1ae7027e-7025-4fb3-abdd-6833817a8b9f - - - - -] Service 14002070-370e-47ff-9b30-0d9ebafdfffd is updated service_manage_report /usr/lib/python2.7/site-packages/heat/engine/service.py:2397
2017-06-19 16:56:09.499 2191 DEBUG heat.engine.service [req-2cb140d8-d7cd-4acc-93e4-a35ac6eee5ab - - - - -] Service a96a78a8-a2e1-4312-8f4d-e4db9fc19fcc is updated service_manage_report /usr/lib/python2.7/site-packages/heat/engine/service.py:2397
2017-06-19 16:56:09.507 2189 DEBUG heat.engine.service [req-e753eea9-42f7-478d-89de-c452cdbbc316 - - - - -] Service ccfb2a35-4c49-4014-8edf-00ff1fd0f189 is updated service_manage_report /usr/lib/python2.7/site-packages/heat/engine/service.py:2397
2017-06-19 16:56:09.514 2190 DEBUG heat.engine.service [req-5d8ed383-6426-4292-af39-74b18c022245 - - - - -] Service 2c3ea178-d4f3-451b-be8e-5e5cd46fdc02 is updated service_manage_report /usr/lib/python2.7/site-packages/heat/engine/service.py:2397
2017-06-19 16:56:09.515 2192 DEBUG heat.engine.service [req-5413c764-da00-4dc8-8bed-40d0e9412b9d - - - - -] Service e1f94d80-99ab-4103-b858-adbaa1a6d5e4 is updated service_manage_report /usr/lib/python2.7/site-packages/heat/engine/service.py:2397
2017-06-19 16:57:09.444 2185 DEBUG heat.engine.service [req-7cbd3ca1-e423-4c5f-9081-fb16da6c86ef - - - - -] Service 503e51f7-00ca-4dab-b8f4-f7b9dc974b08 is updated service_manage_report /usr/lib/python2.7/site-packages/heat/engine/service.py:2397
2017-06-19 16:57:09.485 2187 DEBUG heat.engine.service [req-7eb4edba-8066-462c-a4be-e04146dd57dd - - - - -] Service 9548696a-29fe-4eb2-902c-37073c31894e is updated service_manage_report /usr/lib/python2.7/site-packages/heat/engine/service.py:2397
2017-06-19 16:57:09.487 2188 DEBUG heat.engine.service [req-fd335619-22f7-40ae-a6e8-4247a7895df8 - - - - -] Service 714e612a-f99f-4a4b-9862-8b55d63f2bb8 is updated service_manage_report /usr/lib/python2.7/site-packages/heat/engine/service.py:2397
2017-06-19 16:57:09.488 2186 DEBUG heat.engine.service [req-30d2e4e7-f619-4b9c-9d7a-1c625facceea - - - - -] Service 14002070-370e-47ff-9b30-0d9ebafdfffd is updated service_manage_report /usr/lib/python2.7/site-packages/heat/engine/service.py:2397
2017-06-19 16:57:09.497 2191 DEBUG heat.engine.service [req-c3e07e60-279d-42b7-b43d-e4348a5f7c11 - - - - -] Service a96a78a8-a2e1-4312-8f4d-e4db9fc19fcc is updated service_manage_report /usr/lib/python2.7/site-packages/heat/engine/service.py:2397
2017-06-19 16:57:09.505 2189 DEBUG heat.engine.service [req-f361a5f1-3b55-4638-b6eb-cbfc92a6e533 - - - - -] Service ccfb2a35-4c49-4014-8edf-00ff1fd0f189 is updated service_manage_report /usr/lib/python2.7/site-packages/heat/engine/service.py:2397
2017-06-19 16:57:09.512 2190 DEBUG heat.engine.service [req-b6d494df-2073-41cd-8c6d-f08b9187fd1d - - - - -] Service 2c3ea178-d4f3-451b-be8e-5e5cd46fdc02 is updated service_manage_report /usr/lib/python2.7/site-packages/heat/engine/service.py:2397
2017-06-19 16:57:09.513 2192 DEBUG heat.engine.service [req-b387e0ec-f28f-4eba-bf5d-68bbf4a641ea - - - - -] Service e1f94d80-99ab-4103-b858-adbaa1a6d5e4 is updated service_manage_report /usr/lib/python2.7/site-packages/heat/engine/service.py:2397
2017-06-19 16:58:09.445 2185 DEBUG heat.engine.service [req-42fd77c4-d9e6-45af-86f0-05fd1025f11a - - - - -] Service 503e51f7-00ca-4dab-b8f4-f7b9dc974b08 is updated service_manage_report /usr/lib/python2.7/site-packages/heat/engine/service.py:2397
2017-06-19 16:58:09.482 2187 DEBUG heat.engine.service [req-3f1cffb4-baa0-4424-b415-cc4fd6d9a79a - - - - -] Service 9548696a-29fe-4eb2-902c-37073c31894e is updated service_manage_report /usr/lib/python2.7/site-packages/heat/engine/service.py:2397
2017-06-19 16:58:09.484 2188 DEBUG heat.engine.service [req-63e4d25a-90ce-4903-a4c2-e72205bd19a7 - - - - -] Service 714e612a-f99f-4a4b-9862-8b55d63f2bb8 is updated service_manage_report /usr/lib/python2.7/site-packages/heat/engine/service.py:2397
2017-06-19 16:58:09.486 2186 DEBUG heat.engine.service [req-4296fe7d-3179-4506-ac8f-dff9e181c778 - - - - -] Service 14002070-370e-47ff-9b30-0d9ebafdfffd is updated service_manage_report /usr/lib/python2.7/site-packages/heat/engine/service.py:2397
2017-06-19 16:58:09.494 2191 DEBUG heat.engine.service [req-ecab58bd-2d2d-4562-8e64-48072c3eeddb - - - - -] Service a96a78a8-a2e1-4312-8f4d-e4db9fc19fcc is updated service_manage_report /usr/lib/python2.7/site-packages/heat/engine/service.py:2397
2017-06-19 16:58:09.503 2189 DEBUG heat.engine.service [req-c4a807ff-5545-4938-9ceb-aa575ca228dc - - - - -] Service ccfb2a35-4c49-4014-8edf-00ff1fd0f189 is updated service_manage_report /usr/lib/python2.7/site-packages/heat/engine/service.py:2397
2017-06-19 16:58:09.510 2190 DEBUG heat.engine.service [req-e6f8acc2-e4a5-4af2-a7f5-ccfff3bb95bc - - - - -] Service 2c3ea178-d4f3-451b-be8e-5e5cd46fdc02 is updated service_manage_report /usr/lib/python2.7/site-packages/heat/engine/service.py:2397
2017-06-19 16:58:09.511 2192 DEBUG heat.engine.service [req-20019881-66e9-4b89-a16b-c1a87f76df1e - - - - -] Service e1f94d80-99ab-4103-b858-adbaa1a6d5e4 is updated service_manage_report /usr/lib/python2.7/site-packages/heat/engine/service.py:2397
2017-06-19 16:59:09.442 2185 DEBUG heat.engine.service [req-9af18ee5-b96a-4b29-8adc-0be637a66e06 - - - - -] Service 503e51f7-00ca-4dab-b8f4-f7b9dc974b08 is updated service_manage_report /usr/lib/python2.7/site-packages/heat/engine/service.py:2397
2017-06-19 16:59:09.479 2187 DEBUG heat.engine.service [req-5bda54a5-30b4-44c7-846e-d1775986e80c - - - - -] Service 9548696a-29fe-4eb2-902c-37073c31894e is updated service_manage_report /usr/lib/python2.7/site-packages/heat/engine/service.py:2397
2017-06-19 16:59:09.481 2188 DEBUG heat.engine.service [req-88fda5b7-b6de-41cc-9eba-6c222b899c18 - - - - -] Service 714e612a-f99f-4a4b-9862-8b55d63f2bb8 is updated service_manage_report /usr/lib/python2.7/site-packages/heat/engine/service.py:2397
2017-06-19 16:59:09.483 2186 DEBUG heat.engine.service [req-52a632bf-8d60-401b-9fa9-44fa3f520e0f - - - - -] Service 14002070-370e-47ff-9b30-0d9ebafdfffd is updated service_manage_report /usr/lib/python2.7/site-packages/heat/engine/service.py:2397
2017-06-19 16:59:09.491 2191 DEBUG heat.engine.service [req-86659686-e15d-4432-a72c-3d36282e7e85 - - - - -] Service a96a78a8-a2e1-4312-8f4d-e4db9fc19fcc is updated service_manage_report /usr/lib/python2.7/site-packages/heat/engine/service.py:2397
2017-06-19 16:59:09.500 2189 DEBUG heat.engine.service [req-51d18b6e-27a4-4ce7-a6f9-18ead9fa9948 - - - - -] Service ccfb2a35-4c49-4014-8edf-00ff1fd0f189 is updated service_manage_report /usr/lib/python2.7/site-packages/heat/engine/service.py:2397
2017-06-19 16:59:09.507 2190 DEBUG heat.engine.service [req-60cb3e3d-e9e5-4b5f-b3e2-a5e74d492093 - - - - -] Service 2c3ea178-d4f3-451b-be8e-5e5cd46fdc02 is updated service_manage_report /usr/lib/python2.7/site-packages/heat/engine/service.py:2397
2017-06-19 16:59:09.509 2192 DEBUG heat.engine.service [req-ccade0b6-4ae2-4c47-bcab-1d4fc95d290c - - - - -] Service e1f94d80-99ab-4103-b858-adbaa1a6d5e4 is updated service_manage_report /usr/lib/python2.7/site-packages/heat/engine/service.py:2397
2017-06-19 17:00:09.441 2185 DEBUG heat.engine.service [req-4d3ce480-ac89-4683-99b0-aaf69daa8269 - - - - -] Service 503e51f7-00ca-4dab-b8f4-f7b9dc974b08 is updated service_manage_report /usr/lib/python2.7/site-packages/heat/engine/service.py:2397
2017-06-19 17:00:09.475 2187 DEBUG heat.engine.service [req-4321337d-d2e2-40a8-9345-34328831dd0e - - - - -] Service 9548696a-29fe-4eb2-902c-37073c31894e is updated service_manage_report /usr/lib/python2.7/site-packages/heat/engine/service.py:2397
2017-06-19 17:00:09.478 2188 DEBUG heat.engine.service [req-16b202f1-7f0c-4603-8fbc-18067eaba535 - - - - -] Service 714e612a-f99f-4a4b-9862-8b55d63f2bb8 is updated service_manage_report /usr/lib/python2.7/site-packages/heat/engine/service.py:2397
2017-06-19 17:00:09.481 2186 DEBUG heat.engine.service [req-2c3543a3-bda6-46e2-9e79-2276ee3e4acc - - - - -] Service 14002070-370e-47ff-9b30-0d9ebafdfffd is updated service_manage_report /usr/lib/python2.7/site-packages/heat/engine/service.py:2397
2017-06-19 17:00:09.487 2191 DEBUG heat.engine.service [req-80728807-5e62-4428-bb9c-0d13ae40028f - - - - -] Service a96a78a8-a2e1-4312-8f4d-e4db9fc19fcc is updated service_manage_report /usr/lib/python2.7/site-packages/heat/engine/service.py:2397
2017-06-19 17:00:09.496 2189 DEBUG heat.engine.service [req-62cf1637-b488-47f7-a56c-9dc469d36c9c - - - - -] Service ccfb2a35-4c49-4014-8edf-00ff1fd0f189 is updated service_manage_report /usr/lib/python2.7/site-packages/heat/engine/service.py:2397
2017-06-19 17:00:09.505 2192 DEBUG heat.engine.service [req-6f46888b-0e88-4e52-98c1-faf71131e65c - - - - -] Service e1f94d80-99ab-4103-b858-adbaa1a6d5e4 is updated service_manage_report /usr/lib/python2.7/site-packages/heat/engine/service.py:2397
2017-06-19 17:00:09.509 2190 DEBUG heat.engine.service [req-fb5a94a4-6deb-4587-92b1-978e574170d5 - - - - -] Service 2c3ea178-d4f3-451b-be8e-5e5cd46fdc02 is updated service_manage_report /usr/lib/python2.7/site-packages/heat/engine/service.py:2397
2017-06-19 17:01:09.439 2185 DEBUG heat.engine.service [req-c3aa6dcb-0030-491d-8dbb-b00073b573c4 - - - - -] Service 503e51f7-00ca-4dab-b8f4-f7b9dc974b08 is updated service_manage_report /usr/lib/python2.7/site-packages/heat/engine/service.py:2397
2017-06-19 17:01:09.475 2188 DEBUG heat.engine.service [req-89a87002-8cc9-429e-a5ac-7adaceca1a4d - - - - -] Service 714e612a-f99f-4a4b-9862-8b55d63f2bb8 is updated service_manage_report /usr/lib/python2.7/site-packages/heat/engine/service.py:2397
2017-06-19 17:01:09.477 2187 DEBUG heat.engine.service [req-1db01ec0-3fcd-4c02-8a06-788c6e590ffc - - - - -] Service 9548696a-29fe-4eb2-902c-37073c31894e is updated service_manage_report /usr/lib/python2.7/site-packages/heat/engine/service.py:2397
2017-06-19 17:01:09.479 2186 DEBUG heat.engine.service [req-95892a0b-f73a-4afa-b9d4-000bb332b552 - - - - -] Service 14002070-370e-47ff-9b30-0d9ebafdfffd is updated service_manage_report /usr/lib/python2.7/site-packages/heat/engine/service.py:2397
2017-06-19 17:01:09.484 2191 DEBUG heat.engine.service [req-33c43d21-cdc8-4dfb-a77f-3015b6916dd9 - - - - -] Service a96a78a8-a2e1-4312-8f4d-e4db9fc19fcc is updated service_manage_report /usr/lib/python2.7/site-packages/heat/engine/service.py:2397
2017-06-19 17:01:09.494 2189 DEBUG heat.engine.service [req-bd4db61b-b6e6-48c2-b6c0-963e22dc9a42 - - - - -] Service ccfb2a35-4c49-4014-8edf-00ff1fd0f189 is updated service_manage_report /usr/lib/python2.7/site-packages/heat/engine/service.py:2397
2017-06-19 17:01:09.502 2192 DEBUG heat.engine.service [req-1f679f2b-788f-4b9d-9b7c-ff36206c1ec0 - - - - -] Service e1f94d80-99ab-4103-b858-adbaa1a6d5e4 is updated service_manage_report /usr/lib/python2.7/site-packages/heat/engine/service.py:2397
2017-06-19 17:01:09.514 2190 DEBUG heat.engine.service [req-e9c2eaae-d94a-4e5f-b762-841f5936cb95 - - - - -] Service 2c3ea178-d4f3-451b-be8e-5e5cd46fdc02 is updated service_manage_report /usr/lib/python2.7/site-packages/heat/engine/service.py:2397
2017-06-19 17:01:23.766 2192 INFO heat.engine.service [req-f94d4cc0-5977-47f4-9e68-acd8b0ad065e admin admin - - -] Updating stack overcloud
2017-06-19 17:01:24.220 2192 DEBUG oslo_policy._cache_handler [req-f94d4cc0-5977-47f4-9e68-acd8b0ad065e - admin - - -] Reloading cached file /etc/heat/policy.json read_cached_file /usr/lib/python2.7/site-packages/oslo_policy/_cache_handler.py:40
2017-06-19 17:01:24.223 2192 DEBUG oslo_policy.policy [req-f94d4cc0-5977-47f4-9e68-acd8b0ad065e - admin - - -] Reloaded policy file: /etc/heat/policy.json _load_policy_file /usr/lib/python2.7/site-packages/oslo_policy/policy.py:681
2017-06-19 17:01:24.263 2192 WARNING heat.engine.environment [req-f94d4cc0-5977-47f4-9e68-acd8b0ad065e - admin - - -] Changing OS::TripleO::Services::Redis from http://192.168.0.1:8080/v1/AUTH_6874b222f8c247979e6ec9af708e6edd/overcloud/puppet/services/database/redis.yaml to http://192.168.0.1:8080/v1/AUTH_6874b222f8c247979e6ec9af708e6edd/overcloud/docker/services/database/redis.yaml
2017-06-19 17:01:24.263 2192 WARNING heat.engine.environment [req-f94d4cc0-5977-47f4-9e68-acd8b0ad065e - admin - - -] Changing OS::TripleO::Services::NovaScheduler from http://192.168.0.1:8080/v1/AUTH_6874b222f8c247979e6ec9af708e6edd/overcloud/puppet/services/nova-scheduler.yaml to http://192.168.0.1:8080/v1/AUTH_6874b222f8c247979e6ec9af708e6edd/overcloud/docker/services/nova-scheduler.yaml
2017-06-19 17:01:24.264 2192 WARNING heat.engine.environment [req-f94d4cc0-5977-47f4-9e68-acd8b0ad065e - admin - - -] Changing OS::TripleO::Services::Memcached from http://192.168.0.1:8080/v1/AUTH_6874b222f8c247979e6ec9af708e6edd/overcloud/puppet/services/memcached.yaml to http://192.168.0.1:8080/v1/AUTH_6874b222f8c247979e6ec9af708e6edd/overcloud/docker/services/memcached.yaml
2017-06-19 17:01:24.264 2192 WARNING heat.engine.environment [req-f94d4cc0-5977-47f4-9e68-acd8b0ad065e - admin - - -] Changing OS::TripleO::Services::CeilometerExpirer from http://192.168.0.1:8080/v1/AUTH_6874b222f8c247979e6ec9af708e6edd/overcloud/puppet/services/ceilometer-expirer.yaml to http://192.168.0.1:8080/v1/AUTH_6874b222f8c247979e6ec9af708e6edd/overcloud/puppet/services/disabled/ceilometer-expirer-disabled.yaml
2017-06-19 17:01:24.264 2192 WARNING heat.engine.environment [req-f94d4cc0-5977-47f4-9e68-acd8b0ad065e - admin - - -] Changing OS::TripleO::Services from http://192.168.0.1:8080/v1/AUTH_6874b222f8c247979e6ec9af708e6edd/overcloud/puppet/services/services.yaml to http://192.168.0.1:8080/v1/AUTH_6874b222f8c247979e6ec9af708e6edd/overcloud/services.yaml
2017-06-19 17:01:24.264 2192 WARNING heat.engine.environment [req-f94d4cc0-5977-47f4-9e68-acd8b0ad065e - admin - - -] Changing OS::TripleO::Services::GnocchiStatsd from http://192.168.0.1:8080/v1/AUTH_6874b222f8c247979e6ec9af708e6edd/overcloud/puppet/services/gnocchi-statsd.yaml to http://192.168.0.1:8080/v1/AUTH_6874b222f8c247979e6ec9af708e6edd/overcloud/docker/services/gnocchi-statsd.yaml
2017-06-19 17:01:24.265 2192 WARNING heat.engine.environment [req-f94d4cc0-5977-47f4-9e68-acd8b0ad065e - admin - - -] Changing OS::TripleO::Services::NovaApi from http://192.168.0.1:8080/v1/AUTH_6874b222f8c247979e6ec9af708e6edd/overcloud/puppet/services/nova-api.yaml to http://192.168.0.1:8080/v1/AUTH_6874b222f8c247979e6ec9af708e6edd/overcloud/docker/services/nova-api.yaml
2017-06-19 17:01:24.265 2192 WARNING heat.engine.environment [req-f94d4cc0-5977-47f4-9e68-acd8b0ad065e - admin - - -] Changing OS::TripleO::Services::SwiftProxy from http://192.168.0.1:8080/v1/AUTH_6874b222f8c247979e6ec9af708e6edd/overcloud/puppet/services/swift-proxy.yaml to http://192.168.0.1:8080/v1/AUTH_6874b222f8c247979e6ec9af708e6edd/overcloud/docker/services/swift-proxy.yaml
2017-06-19 17:01:24.265 2192 WARNING heat.engine.environment [req-f94d4cc0-5977-47f4-9e68-acd8b0ad065e - admin - - -] Changing OS::TripleO::Services::NeutronMetadataAgent from http://192.168.0.1:8080/v1/AUTH_6874b222f8c247979e6ec9af708e6edd/overcloud/puppet/services/neutron-metadata.yaml to http://192.168.0.1:8080/v1/AUTH_6874b222f8c247979e6ec9af708e6edd/overcloud/docker/services/neutron-metadata.yaml
2017-06-19 17:01:24.265 2192 WARNING heat.engine.environment [req-f94d4cc0-5977-47f4-9e68-acd8b0ad065e - admin - - -] Changing OS::TripleO::Services::NovaPlacement from http://192.168.0.1:8080/v1/AUTH_6874b222f8c247979e6ec9af708e6edd/overcloud/puppet/services/nova-placement.yaml to http://192.168.0.1:8080/v1/AUTH_6874b222f8c247979e6ec9af708e6edd/overcloud/docker/services/nova-placement.yaml
2017-06-19 17:01:24.266 2192 WARNING heat.engine.environment [req-f94d4cc0-5977-47f4-9e68-acd8b0ad065e - admin - - -] Changing OS::TripleO::Services::NovaConsoleauth from http://192.168.0.1:8080/v1/AUTH_6874b222f8c247979e6ec9af708e6edd/overcloud/puppet/services/nova-consoleauth.yaml to http://192.168.0.1:8080/v1/AUTH_6874b222f8c247979e6ec9af708e6edd/overcloud/docker/services/nova-consoleauth.yaml
2017-06-19 17:01:24.266 2192 WARNING heat.engine.environment [req-f94d4cc0-5977-47f4-9e68-acd8b0ad065e - admin - - -] Changing OS::TripleO::Services::PankoApi from http://192.168.0.1:8080/v1/AUTH_6874b222f8c247979e6ec9af708e6edd/overcloud/puppet/services/panko-api.yaml to http://192.168.0.1:8080/v1/AUTH_6874b222f8c247979e6ec9af708e6edd/overcloud/docker/services/panko-api.yaml
2017-06-19 17:01:24.266 2192 WARNING heat.engine.environment [req-f94d4cc0-5977-47f4-9e68-acd8b0ad065e - admin - - -] Changing OS::TripleO::Controller::Ports::StoragePort from http://192.168.0.1:8080/v1/AUTH_6874b222f8c247979e6ec9af708e6edd/overcloud/network/ports/storage.yaml to http://192.168.0.1:8080/v1/AUTH_6874b222f8c247979e6ec9af708e6edd/overcloud/network/ports/noop.yaml
2017-06-19 17:01:24.266 2192 WARNING heat.engine.environment [req-f94d4cc0-5977-47f4-9e68-acd8b0ad065e - admin - - -] Changing OS::TripleO::Services::MySQL from http://192.168.0.1:8080/v1/AUTH_6874b222f8c247979e6ec9af708e6edd/overcloud/puppet/services/database/mysql.yaml to http://192.168.0.1:8080/v1/AUTH_6874b222f8c247979e6ec9af708e6edd/overcloud/docker/services/database/mysql.yaml
2017-06-19 17:01:24.267 2192 WARNING heat.engine.environment [req-f94d4cc0-5977-47f4-9e68-acd8b0ad065e - admin - - -] Changing OS::TripleO::Controller::Ports::InternalApiPort from http://192.168.0.1:8080/v1/AUTH_6874b222f8c247979e6ec9af708e6edd/overcloud/network/ports/internal_api.yaml to http://192.168.0.1:8080/v1/AUTH_6874b222f8c247979e6ec9af708e6edd/overcloud/network/ports/noop.yaml
2017-06-19 17:01:24.267 2192 WARNING heat.engine.environment [req-f94d4cc0-5977-47f4-9e68-acd8b0ad065e - admin - - -] Changing OS::TripleO::Controller::Ports::ExternalPort from http://192.168.0.1:8080/v1/AUTH_6874b222f8c247979e6ec9af708e6edd/overcloud/network/ports/external.yaml to http://192.168.0.1:8080/v1/AUTH_6874b222f8c247979e6ec9af708e6edd/overcloud/network/ports/noop.yaml
2017-06-19 17:01:24.267 2192 WARNING heat.engine.environment [req-f94d4cc0-5977-47f4-9e68-acd8b0ad065e - admin - - -] Changing OS::TripleO::Services::NeutronOvsAgent from http://192.168.0.1:8080/v1/AUTH_6874b222f8c247979e6ec9af708e6edd/overcloud/puppet/services/neutron-ovs-agent.yaml to http://192.168.0.1:8080/v1/AUTH_6874b222f8c247979e6ec9af708e6edd/overcloud/docker/services/neutron-ovs-agent.yaml
2017-06-19 17:01:24.267 2192 WARNING heat.engine.environment [req-f94d4cc0-5977-47f4-9e68-acd8b0ad065e - admin - - -] Changing OS::TripleO::Services::ComputeNeutronOvsAgent from http://192.168.0.1:8080/v1/AUTH_6874b222f8c247979e6ec9af708e6edd/overcloud/puppet/services/neutron-ovs-agent.yaml to http://192.168.0.1:8080/v1/AUTH_6874b222f8c247979e6ec9af708e6edd/overcloud/docker/services/neutron-ovs-agent.yaml
2017-06-19 17:01:24.268 2192 WARNING heat.engine.environment [req-f94d4cc0-5977-47f4-9e68-acd8b0ad065e - admin - - -] Changing OS::TripleO::Controller::Ports::StorageMgmtPort from http://192.168.0.1:8080/v1/AUTH_6874b222f8c247979e6ec9af708e6edd/overcloud/network/ports/storage_mgmt.yaml to http://192.168.0.1:8080/v1/AUTH_6874b222f8c247979e6ec9af708e6edd/overcloud/network/ports/noop.yaml
2017-06-19 17:01:24.268 2192 WARNING heat.engine.environment [req-f94d4cc0-5977-47f4-9e68-acd8b0ad065e - admin - - -] Changing OS::TripleO::Services::GnocchiApi from http://192.168.0.1:8080/v1/AUTH_6874b222f8c247979e6ec9af708e6edd/overcloud/puppet/services/gnocchi-api.yaml to http://192.168.0.1:8080/v1/AUTH_6874b222f8c247979e6ec9af708e6edd/overcloud/docker/services/gnocchi-api.yaml
2017-06-19 17:01:24.268 2192 WARNING heat.engine.environment [req-f94d4cc0-5977-47f4-9e68-acd8b0ad065e - admin - - -] Changing OS::TripleO::Services::HeatApiCfn from http://192.168.0.1:8080/v1/AUTH_6874b222f8c247979e6ec9af708e6edd/overcloud/puppet/services/heat-api-cfn.yaml to http://192.168.0.1:8080/v1/AUTH_6874b222f8c247979e6ec9af708e6edd/overcloud/docker/services/heat-api-cfn.yaml
2017-06-19 17:01:24.268 2192 WARNING heat.engine.environment [req-f94d4cc0-5977-47f4-9e68-acd8b0ad065e - admin - - -] Changing OS::TripleO::Controller::Ports::TenantPort from http://192.168.0.1:8080/v1/AUTH_6874b222f8c247979e6ec9af708e6edd/overcloud/network/ports/tenant.yaml to http://192.168.0.1:8080/v1/AUTH_6874b222f8c247979e6ec9af708e6edd/overcloud/network/ports/noop.yaml
2017-06-19 17:01:24.268 2192 WARNING heat.engine.environment [req-f94d4cc0-5977-47f4-9e68-acd8b0ad065e - admin - - -] Changing OS::TripleO::Services::HeatEngine from http://192.168.0.1:8080/v1/AUTH_6874b222f8c247979e6ec9af708e6edd/overcloud/puppet/services/heat-engine.yaml to http://192.168.0.1:8080/v1/AUTH_6874b222f8c247979e6ec9af708e6edd/overcloud/docker/services/heat-engine.yaml
2017-06-19 17:01:24.269 2192 WARNING heat.engine.environment [req-f94d4cc0-5977-47f4-9e68-acd8b0ad065e - admin - - -] Changing OS::TripleO::Services::RabbitMQ from http://192.168.0.1:8080/v1/AUTH_6874b222f8c247979e6ec9af708e6edd/overcloud/puppet/services/rabbitmq.yaml to http://192.168.0.1:8080/v1/AUTH_6874b222f8c247979e6ec9af708e6edd/overcloud/docker/services/rabbitmq.yaml
2017-06-19 17:01:24.269 2192 WARNING heat.engine.environment [req-f94d4cc0-5977-47f4-9e68-acd8b0ad065e - admin - - -] Changing OS::TripleO::Services::SwiftStorage from http://192.168.0.1:8080/v1/AUTH_6874b222f8c247979e6ec9af708e6edd/overcloud/puppet/services/swift-storage.yaml to http://192.168.0.1:8080/v1/AUTH_6874b222f8c247979e6ec9af708e6edd/overcloud/docker/services/swift-storage.yaml
2017-06-19 17:01:24.269 2192 WARNING heat.engine.environment [req-f94d4cc0-5977-47f4-9e68-acd8b0ad065e - admin - - -] Changing OS::TripleO::Services::CinderScheduler from http://192.168.0.1:8080/v1/AUTH_6874b222f8c247979e6ec9af708e6edd/overcloud/puppet/services/cinder-scheduler.yaml to http://192.168.0.1:8080/v1/AUTH_6874b222f8c247979e6ec9af708e6edd/overcloud/docker/services/cinder-scheduler.yaml
2017-06-19 17:01:24.269 2192 WARNING heat.engine.environment [req-f94d4cc0-5977-47f4-9e68-acd8b0ad065e - admin - - -] Changing OS::TripleO::Services::CeilometerAgentNotification from http://192.168.0.1:8080/v1/AUTH_6874b222f8c247979e6ec9af708e6edd/overcloud/puppet/services/ceilometer-agent-notification.yaml to http://192.168.0.1:8080/v1/AUTH_6874b222f8c247979e6ec9af708e6edd/overcloud/docker/services/ceilometer-agent-notification.yaml
2017-06-19 17:01:24.270 2192 WARNING heat.engine.environment [req-f94d4cc0-5977-47f4-9e68-acd8b0ad065e - admin - - -] Changing OS::TripleO::Services::Keystone from http://192.168.0.1:8080/v1/AUTH_6874b222f8c247979e6ec9af708e6edd/overcloud/puppet/services/keystone.yaml to http://192.168.0.1:8080/v1/AUTH_6874b222f8c247979e6ec9af708e6edd/overcloud/docker/services/keystone.yaml
2017-06-19 17:01:24.270 2192 WARNING heat.engine.environment [req-f94d4cc0-5977-47f4-9e68-acd8b0ad065e - admin - - -] Changing OS::TripleO::Services::AodhListener from http://192.168.0.1:8080/v1/AUTH_6874b222f8c247979e6ec9af708e6edd/overcloud/puppet/services/aodh-listener.yaml to http://192.168.0.1:8080/v1/AUTH_6874b222f8c247979e6ec9af708e6edd/overcloud/docker/services/aodh-listener.yaml
2017-06-19 17:01:24.270 2192 WARNING heat.engine.environment [req-f94d4cc0-5977-47f4-9e68-acd8b0ad065e - admin - - -] Changing OS::TripleO::Services::NeutronServer from http://192.168.0.1:8080/v1/AUTH_6874b222f8c247979e6ec9af708e6edd/overcloud/puppet/services/neutron-api.yaml to http://192.168.0.1:8080/v1/AUTH_6874b222f8c247979e6ec9af708e6edd/overcloud/docker/services/neutron-api.yaml
2017-06-19 17:01:24.270 2192 WARNING heat.engine.environment [req-f94d4cc0-5977-47f4-9e68-acd8b0ad065e - admin - - -] Changing OS::TripleO::PostUpgradeSteps from http://192.168.0.1:8080/v1/AUTH_6874b222f8c247979e6ec9af708e6edd/overcloud/puppet/post-upgrade.yaml to http://192.168.0.1:8080/v1/AUTH_6874b222f8c247979e6ec9af708e6edd/overcloud/docker/post-upgrade.yaml
2017-06-19 17:01:24.271 2192 WARNING heat.engine.environment [req-f94d4cc0-5977-47f4-9e68-acd8b0ad065e - admin - - -] Changing OS::TripleO::Services::GnocchiMetricd from http://192.168.0.1:8080/v1/AUTH_6874b222f8c247979e6ec9af708e6edd/overcloud/puppet/services/gnocchi-metricd.yaml to http://192.168.0.1:8080/v1/AUTH_6874b222f8c247979e6ec9af708e6edd/overcloud/docker/services/gnocchi-metricd.yaml
2017-06-19 17:01:24.271 2192 WARNING heat.engine.environment [req-f94d4cc0-5977-47f4-9e68-acd8b0ad065e - admin - - -] Changing OS::TripleO::Services::AodhEvaluator from http://192.168.0.1:8080/v1/AUTH_6874b222f8c247979e6ec9af708e6edd/overcloud/puppet/services/aodh-evaluator.yaml to http://192.168.0.1:8080/v1/AUTH_6874b222f8c247979e6ec9af708e6edd/overcloud/docker/services/aodh-evaluator.yaml
2017-06-19 17:01:24.271 2192 WARNING heat.engine.environment [req-f94d4cc0-5977-47f4-9e68-acd8b0ad065e - admin - - -] Changing OS::TripleO::PostDeploySteps from http://192.168.0.1:8080/v1/AUTH_6874b222f8c247979e6ec9af708e6edd/overcloud/puppet/post.yaml to http://192.168.0.1:8080/v1/AUTH_6874b222f8c247979e6ec9af708e6edd/overcloud/puppet/major_upgrade_steps.yaml
2017-06-19 17:01:24.271 2192 WARNING heat.engine.environment [req-f94d4cc0-5977-47f4-9e68-acd8b0ad065e - admin - - -] Changing OS::TripleO::Services::CinderApi from http://192.168.0.1:8080/v1/AUTH_6874b222f8c247979e6ec9af708e6edd/overcloud/puppet/services/cinder-api.yaml to http://192.168.0.1:8080/v1/AUTH_6874b222f8c247979e6ec9af708e6edd/overcloud/docker/services/cinder-api.yaml
2017-06-19 17:01:24.271 2192 WARNING heat.engine.environment [req-f94d4cc0-5977-47f4-9e68-acd8b0ad065e - admin - - -] Changing OS::TripleO::Services::AodhApi from http://192.168.0.1:8080/v1/AUTH_6874b222f8c247979e6ec9af708e6edd/overcloud/puppet/services/aodh-api.yaml to http://192.168.0.1:8080/v1/AUTH_6874b222f8c247979e6ec9af708e6edd/overcloud/docker/services/aodh-api.yaml
2017-06-19 17:01:24.272 2192 WARNING heat.engine.environment [req-f94d4cc0-5977-47f4-9e68-acd8b0ad065e - admin - - -] Changing OS::TripleO::Services::GlanceApi from http://192.168.0.1:8080/v1/AUTH_6874b222f8c247979e6ec9af708e6edd/overcloud/puppet/services/glance-api.yaml to http://192.168.0.1:8080/v1/AUTH_6874b222f8c247979e6ec9af708e6edd/overcloud/docker/services/glance-api.yaml
2017-06-19 17:01:24.272 2192 WARNING heat.engine.environment [req-f94d4cc0-5977-47f4-9e68-acd8b0ad065e - admin - - -] Changing OS::TripleO::Services::NovaCompute from http://192.168.0.1:8080/v1/AUTH_6874b222f8c247979e6ec9af708e6edd/overcloud/puppet/services/nova-compute.yaml to http://192.168.0.1:8080/v1/AUTH_6874b222f8c247979e6ec9af708e6edd/overcloud/docker/services/nova-compute.yaml
2017-06-19 17:01:24.272 2192 WARNING heat.engine.environment [req-f94d4cc0-5977-47f4-9e68-acd8b0ad065e - admin - - -] Changing OS::TripleO::Services::GlanceRegistry from http://192.168.0.1:8080/v1/AUTH_6874b222f8c247979e6ec9af708e6edd/overcloud/puppet/services/disabled/glance-registry.yaml to http://192.168.0.1:8080/v1/AUTH_6874b222f8c247979e6ec9af708e6edd/overcloud/puppet/services/disabled/glance-registry-disabled.yaml
2017-06-19 17:01:24.272 2192 WARNING heat.engine.environment [req-f94d4cc0-5977-47f4-9e68-acd8b0ad065e - admin - - -] Changing OS::TripleO::Services::NeutronApi from http://192.168.0.1:8080/v1/AUTH_6874b222f8c247979e6ec9af708e6edd/overcloud/puppet/services/neutron-api.yaml to http://192.168.0.1:8080/v1/AUTH_6874b222f8c247979e6ec9af708e6edd/overcloud/docker/services/neutron-api.yaml
2017-06-19 17:01:24.273 2192 WARNING heat.engine.environment [req-f94d4cc0-5977-47f4-9e68-acd8b0ad065e - admin - - -] Changing OS::TripleO::Services::NeutronL3Agent from http://192.168.0.1:8080/v1/AUTH_6874b222f8c247979e6ec9af708e6edd/overcloud/puppet/services/neutron-l3.yaml to http://192.168.0.1:8080/v1/AUTH_6874b222f8c247979e6ec9af708e6edd/overcloud/docker/services/neutron-l3.yaml
2017-06-19 17:01:24.273 2192 WARNING heat.engine.environment [req-f94d4cc0-5977-47f4-9e68-acd8b0ad065e - admin - - -] Changing OS::TripleO::Services::AodhNotifier from http://192.168.0.1:8080/v1/AUTH_6874b222f8c247979e6ec9af708e6edd/overcloud/puppet/services/aodh-notifier.yaml to http://192.168.0.1:8080/v1/AUTH_6874b222f8c247979e6ec9af708e6edd/overcloud/docker/services/aodh-notifier.yaml
2017-06-19 17:01:24.273 2192 WARNING heat.engine.environment [req-f94d4cc0-5977-47f4-9e68-acd8b0ad065e - admin - - -] Changing OS::TripleO::Services::NeutronDhcpAgent from http://192.168.0.1:8080/v1/AUTH_6874b222f8c247979e6ec9af708e6edd/overcloud/puppet/services/neutron-dhcp.yaml to http://192.168.0.1:8080/v1/AUTH_6874b222f8c247979e6ec9af708e6edd/overcloud/docker/services/neutron-dhcp.yaml
2017-06-19 17:01:24.273 2192 WARNING heat.engine.environment [req-f94d4cc0-5977-47f4-9e68-acd8b0ad065e - admin - - -] Changing OS::TripleO::Services::MongoDb from http://192.168.0.1:8080/v1/AUTH_6874b222f8c247979e6ec9af708e6edd/overcloud/puppet/services/database/mongodb.yaml to http://192.168.0.1:8080/v1/AUTH_6874b222f8c247979e6ec9af708e6edd/overcloud/docker/services/database/mongodb.yaml
2017-06-19 17:01:24.274 2192 WARNING heat.engine.environment [req-f94d4cc0-5977-47f4-9e68-acd8b0ad065e - admin - - -] Changing OS::TripleO::Services::NovaConductor from http://192.168.0.1:8080/v1/AUTH_6874b222f8c247979e6ec9af708e6edd/overcloud/puppet/services/nova-conductor.yaml to http://192.168.0.1:8080/v1/AUTH_6874b222f8c247979e6ec9af708e6edd/overcloud/docker/services/nova-conductor.yaml
2017-06-19 17:01:24.274 2192 WARNING heat.engine.environment [req-f94d4cc0-5977-47f4-9e68-acd8b0ad065e - admin - - -] Changing OS::TripleO::Services::Horizon from http://192.168.0.1:8080/v1/AUTH_6874b222f8c247979e6ec9af708e6edd/overcloud/puppet/services/horizon.yaml to http://192.168.0.1:8080/v1/AUTH_6874b222f8c247979e6ec9af708e6edd/overcloud/docker/services/horizon.yaml
2017-06-19 17:01:24.274 2192 WARNING heat.engine.environment [req-f94d4cc0-5977-47f4-9e68-acd8b0ad065e - admin - - -] Changing OS::TripleO::Services::HeatApi from http://192.168.0.1:8080/v1/AUTH_6874b222f8c247979e6ec9af708e6edd/overcloud/puppet/services/heat-api.yaml to http://192.168.0.1:8080/v1/AUTH_6874b222f8c247979e6ec9af708e6edd/overcloud/docker/services/heat-api.yaml
2017-06-19 17:01:24.274 2192 WARNING heat.engine.environment [req-f94d4cc0-5977-47f4-9e68-acd8b0ad065e - admin - - -] Changing OS::TripleO::Services::CeilometerAgentCentral from http://192.168.0.1:8080/v1/AUTH_6874b222f8c247979e6ec9af708e6edd/overcloud/puppet/services/ceilometer-agent-central.yaml to http://192.168.0.1:8080/v1/AUTH_6874b222f8c247979e6ec9af708e6edd/overcloud/docker/services/ceilometer-agent-central.yaml
2017-06-19 17:01:24.275 2192 WARNING heat.engine.environment [req-f94d4cc0-5977-47f4-9e68-acd8b0ad065e - admin - - -] Changing OS::TripleO::Services::NovaLibvirt from http://192.168.0.1:8080/v1/AUTH_6874b222f8c247979e6ec9af708e6edd/overcloud/puppet/services/nova-libvirt.yaml to http://192.168.0.1:8080/v1/AUTH_6874b222f8c247979e6ec9af708e6edd/overcloud/docker/services/nova-libvirt.yaml
2017-06-19 17:01:24.275 2192 WARNING heat.engine.environment [req-f94d4cc0-5977-47f4-9e68-acd8b0ad065e - admin - - -] Changing OS::TripleO::Services::SwiftRingBuilder from http://192.168.0.1:8080/v1/AUTH_6874b222f8c247979e6ec9af708e6edd/overcloud/puppet/services/swift-ringbuilder.yaml to http://192.168.0.1:8080/v1/AUTH_6874b222f8c247979e6ec9af708e6edd/overcloud/docker/services/swift-ringbuilder.yaml
2017-06-19 17:01:24.275 2192 WARNING heat.engine.environment [req-f94d4cc0-5977-47f4-9e68-acd8b0ad065e - admin - - -] Changing OS::TripleO::Services::NovaVncProxy from http://192.168.0.1:8080/v1/AUTH_6874b222f8c247979e6ec9af708e6edd/overcloud/puppet/services/nova-vnc-proxy.yaml to http://192.168.0.1:8080/v1/AUTH_6874b222f8c247979e6ec9af708e6edd/overcloud/docker/services/nova-vnc-proxy.yaml
2017-06-19 17:01:24.275 2192 WARNING heat.engine.environment [req-f94d4cc0-5977-47f4-9e68-acd8b0ad065e - admin - - -] Changing OS::TripleO::Services::CeilometerCollector from http://192.168.0.1:8080/v1/AUTH_6874b222f8c247979e6ec9af708e6edd/overcloud/puppet/services/ceilometer-collector.yaml to http://192.168.0.1:8080/v1/AUTH_6874b222f8c247979e6ec9af708e6edd/overcloud/puppet/services/disabled/ceilometer-collector-disabled.yaml
2017-06-19 17:01:24.276 2192 WARNING heat.engine.environment [req-f94d4cc0-5977-47f4-9e68-acd8b0ad065e - admin - - -] Changing OS::TripleO::Services::NeutronCorePlugin from http://192.168.0.1:8080/v1/AUTH_6874b222f8c247979e6ec9af708e6edd/overcloud/puppet/services/neutron-plugin-ml2.yaml to http://192.168.0.1:8080/v1/AUTH_6874b222f8c247979e6ec9af708e6edd/overcloud/docker/services/neutron-plugin-ml2.yaml
2017-06-19 17:01:24.377 2192 DEBUG heat.engine.parameter_groups [req-f94d4cc0-5977-47f4-9e68-acd8b0ad065e - admin - - -] Validating Parameter Groups: ControllerParameters, OS::project_id, ControllerCount, PublicVirtualFixedIPs, StorageMgmtVirtualFixedIPs, InternalApiVirtualFixedIPs, CloudNameInternal, ControllerHostnameFormat, CloudDomain, CloudName, ServerMetadata, ControllerSchedulerHints, NeutronControlPlaneID, AddVipsToEtcHosts, RedisVirtualFixedIPs, HypervisorNeutronPublicInterface, ControllerRemovalPolicies, CloudNameCtlplane, NodeCreateBatchSize, CloudNameStorageManagement, DeployIdentifier, NeutronPublicInterface, ControlFixedIPs, StorageVirtualFixedIPs, DeploymentServerBlacklist, RabbitCookieSalt, OS::stack_id, ControllerServices, HypervisorNeutronPhysicalBridge, CloudNameStorage, UpdateIdentifier validate /usr/lib/python2.7/site-packages/heat/engine/parameter_groups.py:42
2017-06-19 17:01:24.389 2192 INFO heat.engine.resource [req-f94d4cc0-5977-47f4-9e68-acd8b0ad065e - admin - - -] Validating RandomString "PcsdPassword"
2017-06-19 17:01:24.392 2192 INFO heat.engine.resource [req-f94d4cc0-5977-47f4-9e68-acd8b0ad065e - admin - - -] Validating RandomString "HeatAuthEncryptionKey"
2017-06-19 17:01:24.392 2192 INFO heat.engine.resource [req-f94d4cc0-5977-47f4-9e68-acd8b0ad065e - admin - - -] Validating Value "DeploymentServerBlacklistDict"
2017-06-19 17:01:24.393 2192 INFO heat.engine.resource [req-f94d4cc0-5977-47f4-9e68-acd8b0ad065e - admin - - -] Validating RandomString "MysqlRootPassword"
2017-06-19 17:01:24.394 2192 INFO heat.engine.resource [req-f94d4cc0-5977-47f4-9e68-acd8b0ad065e - admin - - -] Validating TemplateResource "Networks": EntityNotFound: The Resource Type (OS::TripleO::Network) could not be found.
2017-06-19 17:01:24.397 2192 DEBUG heat.engine.parameter_groups [req-f94d4cc0-5977-47f4-9e68-acd8b0ad065e - admin - - -] Validating Parameter Groups: OS::project_id, OS::stack_id: EntityNotFound: The Resource Type (OS::TripleO::Network) could not be found. validate /usr/lib/python2.7/site-packages/heat/engine/parameter_groups.py:42
2017-06-19 17:01:24.405 2192 INFO heat.engine.resource [req-f94d4cc0-5977-47f4-9e68-acd8b0ad065e - admin - - -] Validating TemplateResource "ExternalNetwork": EntityNotFound: The Resource Type (OS::TripleO::Network::External) could not be found.
2017-06-19 17:01:24.409 2192 DEBUG heat.engine.parameter_groups [req-f94d4cc0-5977-47f4-9e68-acd8b0ad065e - admin - - -] Validating Parameter Groups: OS::project_id, ExternalNetName, OS::stack_id, ExternalNetAdminStateUp, ExternalAllocationPools, ExternalNetValueSpecs, ExternalNetShared, ExternalInterfaceDefaultRoute, ExternalNetCidr, ExternalSubnetName, ExternalNetEnableDHCP: EntityNotFound: The Resource Type (OS::TripleO::Network::External) could not be found. validate /usr/lib/python2.7/site-packages/heat/engine/parameter_groups.py:42
2017-06-19 17:01:24.411 2192 INFO heat.engine.resource [req-f94d4cc0-5977-47f4-9e68-acd8b0ad065e - admin - - -] Validating ImmutableNet "ExternalNetwork": EntityNotFound: The Resource Type (OS::TripleO::Network::External) could not be found.
2017-06-19 17:01:24.412 2192 INFO heat.engine.resource [req-f94d4cc0-5977-47f4-9e68-acd8b0ad065e - admin - - -] Validating ImmutableSubnet "ExternalSubnet": EntityNotFound: The Resource Type (OS::TripleO::Network::External) could not be found.
2017-06-19 17:01:24.413 2192 INFO heat.engine.resource [req-f94d4cc0-5977-47f4-9e68-acd8b0ad065e - admin - - -] Validating TemplateResource "TenantNetwork": EntityNotFound: The Resource Type (OS::TripleO::Network::Tenant) could not be found.
2017-06-19 17:01:24.417 2192 DEBUG heat.engine.parameter_groups [req-f94d4cc0-5977-47f4-9e68-acd8b0ad065e - admin - - -] Validating Parameter Groups: OS::project_id, TenantNetName, OS::stack_id, TenantNetShared, TenantSubnetName, TenantNetCidr, TenantNetAdminStateUp, TenantNetEnableDHCP, TenantNetValueSpecs, TenantAllocationPools: EntityNotFound: The Resource Type (OS::TripleO::Network::Tenant) could not be found. validate /usr/lib/python2.7/site-packages/heat/engine/parameter_groups.py:42
2017-06-19 17:01:24.419 2192 INFO heat.engine.resource [req-f94d4cc0-5977-47f4-9e68-acd8b0ad065e - admin - - -] Validating ImmutableNet "TenantNetwork": EntityNotFound: The Resource Type (OS::TripleO::Network::Tenant) could not be found.
