2017-06-19 15:34:13.541 3792 INFO heat.engine.stack [req-c19c6f0c-5a28-4e9e-9d31-4beea37ab1da admin admin - - -] Stack CREATE IN_PROGRESS (overcloud-ControllerServiceChain-2zpnvobdk3re-ServiceChain-obtoogex56im-9-73zpcywokggx-CinderBase-vg2az2uxedkd): Stack CREATE started
2017-06-19 15:34:13.561 3792 INFO heat.engine.stack [req-c19c6f0c-5a28-4e9e-9d31-4beea37ab1da admin admin - - -] Stack CREATE COMPLETE (overcloud-ControllerServiceChain-2zpnvobdk3re-ServiceChain-obtoogex56im-9-73zpcywokggx-CinderBase-vg2az2uxedkd): Stack CREATE completed successfully
2017-06-19 15:34:13.600 3793 INFO heat.engine.service [req-c19c6f0c-5a28-4e9e-9d31-4beea37ab1da admin admin - - -] Creating stack overcloud-ControllerServiceChain-2zpnvobdk3re-ServiceChain-obtoogex56im-69-75r3g2r35yml
2017-06-19 15:34:13.605 3790 INFO heat.engine.stack [req-c19c6f0c-5a28-4e9e-9d31-4beea37ab1da admin admin - - -] Stack CREATE IN_PROGRESS (overcloud-ControllerServiceChain-2zpnvobdk3re-ServiceChain-obtoogex56im-18-ha7keom5flxm): Stack CREATE started
2017-06-19 15:34:13.618 3790 INFO heat.engine.resource [req-c19c6f0c-5a28-4e9e-9d31-4beea37ab1da admin admin - - -] creating (,)
2017-06-19 15:34:13.660 3794 INFO heat.engine.service [req-c19c6f0c-5a28-4e9e-9d31-4beea37ab1da admin admin - - -] Creating stack overcloud-ControllerServiceChain-2zpnvobdk3re-ServiceChain-obtoogex56im-18-ha7keom5flxm-HeatBase-zmw3aloprxwf
2017-06-19 15:34:13.686 3797 INFO heat.engine.resource [req-a3f33bef-b7b7-432c-a331-5cd6d2331903 - - - - -] creating (,)
2017-06-19 15:34:13.703 3795 INFO heat.engine.stack [req-c19c6f0c-5a28-4e9e-9d31-4beea37ab1da admin admin - - -] Stack CREATE COMPLETE (overcloud-ControllerServiceChain-2zpnvobdk3re-ServiceChain-obtoogex56im-47-tvigi7wow57d): Stack CREATE completed successfully
2017-06-19 15:34:13.722 3794 INFO heat.engine.stack [req-c19c6f0c-5a28-4e9e-9d31-4beea37ab1da admin admin - - -] Stack CREATE IN_PROGRESS (overcloud-ControllerServiceChain-2zpnvobdk3re-ServiceChain-obtoogex56im-18-ha7keom5flxm-HeatBase-zmw3aloprxwf): Stack CREATE started
2017-06-19 15:34:13.746 3794 INFO heat.engine.stack [req-c19c6f0c-5a28-4e9e-9d31-4beea37ab1da admin admin - - -] Stack CREATE COMPLETE (overcloud-ControllerServiceChain-2zpnvobdk3re-ServiceChain-obtoogex56im-18-ha7keom5flxm-HeatBase-zmw3aloprxwf): Stack CREATE completed successfully
2017-06-19 15:34:13.752 3791 INFO heat.engine.service [req-c19c6f0c-5a28-4e9e-9d31-4beea37ab1da admin admin - - -] Creating stack overcloud-ControllerServiceChain-2zpnvobdk3re-ServiceChain-obtoogex56im-22-tmvhpdk5kpux
2017-06-19 15:34:13.815 3797 INFO heat.engine.resource [req-a3f33bef-b7b7-432c-a331-5cd6d2331903 - - - - -] creating (,)
2017-06-19 15:34:13.824 3793 INFO heat.engine.stack [req-813b62a2-82c3-44af-8a8c-47270040da6a - - - - -] Stack CREATE IN_PROGRESS (overcloud-ControllerServiceChain-2zpnvobdk3re-ServiceChain-obtoogex56im-69-75r3g2r35yml): Stack CREATE started
2017-06-19 15:34:13.837 3793 INFO heat.engine.resource [req-813b62a2-82c3-44af-8a8c-47270040da6a - - - - -] creating (,)
2017-06-19 15:34:13.875 3795 INFO heat.engine.service [req-c19c6f0c-5a28-4e9e-9d31-4beea37ab1da admin admin - - -] Creating stack overcloud-ControllerServiceChain-2zpnvobdk3re-ServiceChain-obtoogex56im-29-zfvwr5n2wavw
2017-06-19 15:34:13.879 3797 INFO heat.engine.service [req-c19c6f0c-5a28-4e9e-9d31-4beea37ab1da admin admin - - -] Creating stack overcloud-ControllerServiceChain-2zpnvobdk3re-ServiceChain-obtoogex56im-69-75r3g2r35yml-AodhBase-qxpbwpnrhwtu
2017-06-19 15:34:13.948 3797 INFO heat.engine.stack [req-c19c6f0c-5a28-4e9e-9d31-4beea37ab1da admin admin - - -] Stack CREATE IN_PROGRESS (overcloud-ControllerServiceChain-2zpnvobdk3re-ServiceChain-obtoogex56im-69-75r3g2r35yml-AodhBase-qxpbwpnrhwtu): Stack CREATE started
2017-06-19 15:34:13.955 3791 INFO heat.engine.stack [req-c19c6f0c-5a28-4e9e-9d31-4beea37ab1da admin admin - - -] Stack CREATE IN_PROGRESS (overcloud-ControllerServiceChain-2zpnvobdk3re-ServiceChain-obtoogex56im-22-tmvhpdk5kpux): Stack CREATE started
2017-06-19 15:34:13.956 3797 INFO heat.engine.resource [req-a3f33bef-b7b7-432c-a331-5cd6d2331903 - - - - -] creating (,)
2017-06-19 15:34:13.971 3791 INFO heat.engine.resource [req-c19c6f0c-5a28-4e9e-9d31-4beea37ab1da admin admin - - -] creating (,)
2017-06-19 15:34:13.987 3797 INFO heat.engine.stack [req-c19c6f0c-5a28-4e9e-9d31-4beea37ab1da admin admin - - -] Stack CREATE COMPLETE (overcloud-ControllerServiceChain-2zpnvobdk3re-ServiceChain-obtoogex56im-69-75r3g2r35yml-AodhBase-qxpbwpnrhwtu): Stack CREATE completed successfully
2017-06-19 15:34:14.013 3791 INFO heat.engine.stack [req-c19c6f0c-5a28-4e9e-9d31-4beea37ab1da admin admin - - -] Stack CREATE COMPLETE (overcloud-ControllerServiceChain-2zpnvobdk3re-ServiceChain-obtoogex56im-22-tmvhpdk5kpux): Stack CREATE completed successfully
2017-06-19 15:34:14.019 3796 INFO heat.engine.service [req-c19c6f0c-5a28-4e9e-9d31-4beea37ab1da admin admin - - -] Creating stack overcloud-ControllerServiceChain-2zpnvobdk3re-ServiceChain-obtoogex56im-33-fdhpkmmi7g5o
2017-06-19 15:34:14.071 3797 INFO heat.engine.resource [req-a3f33bef-b7b7-432c-a331-5cd6d2331903 - - - - -] creating (,)
2017-06-19 15:34:14.072 3796 INFO heat.engine.stack [req-c19c6f0c-5a28-4e9e-9d31-4beea37ab1da admin admin - - -] Stack CREATE IN_PROGRESS (overcloud-ControllerServiceChain-2zpnvobdk3re-ServiceChain-obtoogex56im-33-fdhpkmmi7g5o): Stack CREATE started
2017-06-19 15:34:14.090 3797 INFO heat.engine.resource [req-a3f33bef-b7b7-432c-a331-5cd6d2331903 - - - - -] creating (,)
2017-06-19 15:34:14.093 3796 INFO heat.engine.stack [req-c19c6f0c-5a28-4e9e-9d31-4beea37ab1da admin admin - - -] Stack CREATE COMPLETE (overcloud-ControllerServiceChain-2zpnvobdk3re-ServiceChain-obtoogex56im-33-fdhpkmmi7g5o): Stack CREATE completed successfully
2017-06-19 15:34:14.149 3790 INFO heat.engine.service [req-c19c6f0c-5a28-4e9e-9d31-4beea37ab1da admin admin - - -] Creating stack overcloud-ControllerServiceChain-2zpnvobdk3re-ServiceChain-obtoogex56im-24-qstfod6qztvy
2017-06-19 15:34:14.222 3795 INFO heat.engine.stack [req-c19c6f0c-5a28-4e9e-9d31-4beea37ab1da admin admin - - -] Stack CREATE IN_PROGRESS (overcloud-ControllerServiceChain-2zpnvobdk3re-ServiceChain-obtoogex56im-29-zfvwr5n2wavw): Stack CREATE started
2017-06-19 15:34:14.236 3795 INFO heat.engine.resource [req-c19c6f0c-5a28-4e9e-9d31-4beea37ab1da admin admin - - -] creating (,)
2017-06-19 15:34:14.275 3794 INFO heat.engine.service [req-c19c6f0c-5a28-4e9e-9d31-4beea37ab1da admin admin - - -] Creating stack overcloud-ControllerServiceChain-2zpnvobdk3re-ServiceChain-obtoogex56im-29-zfvwr5n2wavw-NeutronBase-waogkqfig5uw
2017-06-19 15:34:14.325 3791 INFO heat.engine.stack [req-c19c6f0c-5a28-4e9e-9d31-4beea37ab1da admin admin - - -] Stack CREATE COMPLETE (overcloud-ControllerServiceChain-2zpnvobdk3re-ServiceChain-obtoogex56im-21-ka5jmsdy6qdy): Stack CREATE completed successfully
2017-06-19 15:34:14.332 3790 INFO heat.engine.stack [req-c19c6f0c-5a28-4e9e-9d31-4beea37ab1da admin admin - - -] Stack CREATE IN_PROGRESS (overcloud-ControllerServiceChain-2zpnvobdk3re-ServiceChain-obtoogex56im-24-qstfod6qztvy): Stack CREATE started
2017-06-19 15:34:14.337 3794 INFO heat.engine.stack [req-c19c6f0c-5a28-4e9e-9d31-4beea37ab1da admin admin - - -] Stack CREATE IN_PROGRESS (overcloud-ControllerServiceChain-2zpnvobdk3re-ServiceChain-obtoogex56im-29-zfvwr5n2wavw-NeutronBase-waogkqfig5uw): Stack CREATE started
2017-06-19 15:34:14.337 3795 INFO heat.engine.resource [req-c19c6f0c-5a28-4e9e-9d31-4beea37ab1da admin admin - - -] creating (,)
2017-06-19 15:34:14.348 3790 INFO heat.engine.resource [req-c19c6f0c-5a28-4e9e-9d31-4beea37ab1da admin admin - - -] creating (,)
2017-06-19 15:34:14.363 3794 INFO heat.engine.stack [req-c19c6f0c-5a28-4e9e-9d31-4beea37ab1da admin admin - - -] Stack CREATE COMPLETE (overcloud-ControllerServiceChain-2zpnvobdk3re-ServiceChain-obtoogex56im-29-zfvwr5n2wavw-NeutronBase-waogkqfig5uw): Stack CREATE completed successfully
2017-06-19 15:34:14.364 3791 INFO heat.engine.service [req-c19c6f0c-5a28-4e9e-9d31-4beea37ab1da admin admin - - -] Creating stack overcloud-ControllerServiceChain-2zpnvobdk3re-ServiceChain-obtoogex56im-29-zfvwr5n2wavw-OpenVswitchUpgrade-f6prsfykt4yr
2017-06-19 15:34:14.395 3795 INFO heat.engine.service [req-c19c6f0c-5a28-4e9e-9d31-4beea37ab1da admin admin - - -] Creating stack overcloud-ControllerServiceChain-2zpnvobdk3re-ServiceChain-obtoogex56im-24-qstfod6qztvy-NeutronBase-cva7t3sscddv
2017-06-19 15:34:14.419 3791 INFO heat.engine.stack [req-c19c6f0c-5a28-4e9e-9d31-4beea37ab1da admin admin - - -] Stack CREATE IN_PROGRESS (overcloud-ControllerServiceChain-2zpnvobdk3re-ServiceChain-obtoogex56im-29-zfvwr5n2wavw-OpenVswitchUpgrade-f6prsfykt4yr): Stack CREATE started
2017-06-19 15:34:14.451 3791 INFO heat.engine.stack [req-c19c6f0c-5a28-4e9e-9d31-4beea37ab1da admin admin - - -] Stack CREATE COMPLETE (overcloud-ControllerServiceChain-2zpnvobdk3re-ServiceChain-obtoogex56im-29-zfvwr5n2wavw-OpenVswitchUpgrade-f6prsfykt4yr): Stack CREATE completed successfully
2017-06-19 15:34:14.485 3795 INFO heat.engine.stack [req-c19c6f0c-5a28-4e9e-9d31-4beea37ab1da admin admin - - -] Stack CREATE IN_PROGRESS (overcloud-ControllerServiceChain-2zpnvobdk3re-ServiceChain-obtoogex56im-24-qstfod6qztvy-NeutronBase-cva7t3sscddv): Stack CREATE started
2017-06-19 15:34:14.526 3795 INFO heat.engine.stack [req-c19c6f0c-5a28-4e9e-9d31-4beea37ab1da admin admin - - -] Stack CREATE COMPLETE (overcloud-ControllerServiceChain-2zpnvobdk3re-ServiceChain-obtoogex56im-24-qstfod6qztvy-NeutronBase-cva7t3sscddv): Stack CREATE completed successfully
2017-06-19 15:34:14.538 3795 INFO heat.engine.stack [req-c19c6f0c-5a28-4e9e-9d31-4beea37ab1da admin admin - - -] Stack CREATE COMPLETE (overcloud-ControllerServiceChain-2zpnvobdk3re-ServiceChain-obtoogex56im-29-zfvwr5n2wavw): Stack CREATE completed successfully
2017-06-19 15:34:14.570 3796 INFO heat.engine.stack [req-c19c6f0c-5a28-4e9e-9d31-4beea37ab1da admin admin - - -] Stack CREATE COMPLETE (overcloud-ControllerServiceChain-2zpnvobdk3re-ServiceChain-obtoogex56im-9-73zpcywokggx): Stack CREATE completed successfully
2017-06-19 15:34:14.752 3790 INFO heat.engine.stack [req-c19c6f0c-5a28-4e9e-9d31-4beea37ab1da admin admin - - -] Stack CREATE COMPLETE (overcloud-ControllerServiceChain-2zpnvobdk3re-ServiceChain-obtoogex56im-18-ha7keom5flxm): Stack CREATE completed successfully
2017-06-19 15:34:15.225 3793 INFO heat.engine.stack [req-813b62a2-82c3-44af-8a8c-47270040da6a - - - - -] Stack CREATE COMPLETE (overcloud-ControllerServiceChain-2zpnvobdk3re-ServiceChain-obtoogex56im-69-75r3g2r35yml): Stack CREATE completed successfully
2017-06-19 15:34:15.501 3790 INFO heat.engine.stack [req-c19c6f0c-5a28-4e9e-9d31-4beea37ab1da admin admin - - -] Stack CREATE COMPLETE (overcloud-ControllerServiceChain-2zpnvobdk3re-ServiceChain-obtoogex56im-24-qstfod6qztvy): Stack CREATE completed successfully
2017-06-19 15:34:16.683 3797 INFO heat.engine.stack [req-a3f33bef-b7b7-432c-a331-5cd6d2331903 - - - - -] Stack CREATE COMPLETE (overcloud-ControllerServiceChain-2zpnvobdk3re-ServiceChain-obtoogex56im): Stack CREATE completed successfully
2017-06-19 15:34:16.968 3791 INFO heat.engine.resource [req-c19c6f0c-5a28-4e9e-9d31-4beea37ab1da admin admin - - -] creating (,)
2017-06-19 15:34:18.006 3791 INFO heat.engine.stack [req-c19c6f0c-5a28-4e9e-9d31-4beea37ab1da admin admin - - -] Stack CREATE COMPLETE (overcloud-ControllerServiceChain-2zpnvobdk3re): Stack CREATE completed successfully
2017-06-19 15:34:18.715 3791 INFO heat.engine.resource [req-c19c6f0c-5a28-4e9e-9d31-4beea37ab1da admin admin - - -] creating (,)
2017-06-19 15:34:25.121 3794 INFO heat.engine.service [req-c19c6f0c-5a28-4e9e-9d31-4beea37ab1da admin admin - - -] Creating stack overcloud-Controller-mjhh4nxyckeb
2017-06-19 15:34:25.166 3794 INFO heat.engine.stack [req-c19c6f0c-5a28-4e9e-9d31-4beea37ab1da admin admin - - -] Stack CREATE IN_PROGRESS (overcloud-Controller-mjhh4nxyckeb): Stack CREATE started
2017-06-19 15:34:25.188 3794 INFO heat.engine.stack [req-c19c6f0c-5a28-4e9e-9d31-4beea37ab1da admin admin - - -] Stack CREATE COMPLETE (overcloud-Controller-mjhh4nxyckeb): Stack CREATE completed successfully
2017-06-19 15:34:26.207 3791 INFO heat.engine.service [req-c19c6f0c-5a28-4e9e-9d31-4beea37ab1da admin admin - - -] Updating stack overcloud-Controller-mjhh4nxyckeb
2017-06-19 15:34:26.286 3791 INFO heat.engine.stack [req-c19c6f0c-5a28-4e9e-9d31-4beea37ab1da admin admin - - -] Stack UPDATE IN_PROGRESS (overcloud-Controller-mjhh4nxyckeb): Stack UPDATE started
2017-06-19 15:34:26.396 3791 INFO heat.engine.resource [req-c19c6f0c-5a28-4e9e-9d31-4beea37ab1da admin admin - - -] creating (,)
2017-06-19 15:34:26.484 3795 INFO heat.engine.service [req-c19c6f0c-5a28-4e9e-9d31-4beea37ab1da admin admin - - -] Creating stack overcloud-Controller-mjhh4nxyckeb-0-tvamlsa2le3v
2017-06-19 15:34:27.000 3791 INFO heat.engine.resource [req-c19c6f0c-5a28-4e9e-9d31-4beea37ab1da admin admin - - -] CREATE: TemplateResource "0" Stack "overcloud-Controller-mjhh4nxyckeb" [ff7fccc7-e48b-4aaf-b57d-d6e6f15cd85a]
2017-06-19 15:34:27.000 3791 ERROR heat.engine.resource
Traceback (most recent call last):
2017-06-19 15:34:27.000 3791 ERROR heat.engine.resource
File "/usr/lib/python2.7/site-packages/heat/engine/resource.py", line 763, in _action_recorder
2017-06-19 15:34:27.000 3791 ERROR heat.engine.resource yield
2017-06-19 15:34:27.000 3791 ERROR heat.engine.resource
File "/usr/lib/python2.7/site-packages/heat/engine/resource.py", line 865, in _do_action
2017-06-19 15:34:27.000 3791 ERROR heat.engine.resource yield self.action_handler_task(action, args=handler_args)
2017-06-19 15:34:27.000 3791 ERROR heat.engine.resource
File "/usr/lib/python2.7/site-packages/heat/engine/scheduler.py", line 335, in wrapper
2017-06-19 15:34:27.000 3791 ERROR heat.engine.resource step = next(subtask)
2017-06-19 15:34:27.000 3791 ERROR heat.engine.resource
File "/usr/lib/python2.7/site-packages/heat/engine/resource.py", line 810, in action_handler_task
2017-06-19 15:34:27.000 3791 ERROR heat.engine.resource handler_data = handler(*args)
2017-06-19 15:34:27.000 3791 ERROR heat.engine.resource
File "/usr/lib/python2.7/site-packages/heat/engine/resources/template_resource.py", line 285, in handle_create
2017-06-19 15:34:27.000 3791 ERROR heat.engine.resource self.child_params())
2017-06-19 15:34:27.000 3791 ERROR heat.engine.resource
File "/usr/lib/python2.7/site-packages/heat/engine/resources/stack_resource.py", line 304, in create_with_template
2017-06-19 15:34:27.000 3791 ERROR heat.engine.resource kwargs['template_id'])
2017-06-19 15:34:27.000 3791 ERROR heat.engine.resource
File "/usr/lib/python2.7/site-packages/oslo_utils/excutils.py", line 329, in __exit__
2017-06-19 15:34:27.000 3791 ERROR heat.engine.resource return self._should_ignore_ex(exc_val)
2017-06-19 15:34:27.000 3791 ERROR heat.engine.resource
File "/usr/lib/python2.7/site-packages/heat/engine/resources/stack_resource.py", line 362, in translate_remote_exceptions
2017-06-19 15:34:27.000 3791 ERROR heat.engine.resource raise exception.ResourceFailure(message, self, action=self.action)
2017-06-19 15:34:27.000 3791 ERROR heat.engine.resource ResourceFailure: resources[0]: Parameter 'OvercloudControlFlavor' is invalid: Error validating value 'controller': No Flavor matching {'name': u'controller'}. (HTTP 404)
2017-06-19 15:34:27.000 3791 ERROR heat.engine.resource
2017-06-19 15:34:27.025 3791 INFO heat.engine.stack [req-c19c6f0c-5a28-4e9e-9d31-4beea37ab1da admin admin - - -] Stack UPDATE FAILED (overcloud-Controller-mjhh4nxyckeb): resources[0]: Parameter 'OvercloudControlFlavor' is invalid: Error validating value 'controller': No Flavor matching {'name': u'controller'}. (HTTP 404)
2017-06-19 15:34:27.289 3791 INFO heat.engine.resource [req-c19c6f0c-5a28-4e9e-9d31-4beea37ab1da admin admin - - -] CREATE: ResourceGroup "Controller" [ff7fccc7-e48b-4aaf-b57d-d6e6f15cd85a] Stack "overcloud" [b6a7f39f-2bf9-498f-b884-8b0fae2e2a70]
2017-06-19 15:34:27.289 3791 ERROR heat.engine.resource
Traceback (most recent call last):
2017-06-19 15:34:27.289 3791 ERROR heat.engine.resource
File "/usr/lib/python2.7/site-packages/heat/engine/resource.py", line 763, in _action_recorder
2017-06-19 15:34:27.289 3791 ERROR heat.engine.resource yield
2017-06-19 15:34:27.289 3791 ERROR heat.engine.resource
File "/usr/lib/python2.7/site-packages/heat/engine/resource.py", line 865, in _do_action
2017-06-19 15:34:27.289 3791 ERROR heat.engine.resource yield self.action_handler_task(action, args=handler_args)
2017-06-19 15:34:27.289 3791 ERROR heat.engine.resource
File "/usr/lib/python2.7/site-packages/heat/engine/scheduler.py", line 352, in wrapper
2017-06-19 15:34:27.289 3791 ERROR heat.engine.resource step = next(subtask)
2017-06-19 15:34:27.289 3791 ERROR heat.engine.resource
File "/usr/lib/python2.7/site-packages/heat/engine/resource.py", line 816, in action_handler_task
2017-06-19 15:34:27.289 3791 ERROR heat.engine.resource done = check(handler_data)
2017-06-19 15:34:27.289 3791 ERROR heat.engine.resource
File "/usr/lib/python2.7/site-packages/heat/engine/resources/openstack/heat/resource_group.py", line 376, in check_create_complete
2017-06-19 15:34:27.289 3791 ERROR heat.engine.resource if not checker.step():
2017-06-19 15:34:27.289 3791 ERROR heat.engine.resource
File "/usr/lib/python2.7/site-packages/heat/engine/scheduler.py", line 218, in step
2017-06-19 15:34:27.289 3791 ERROR heat.engine.resource poll_period = next(self._runner)
2017-06-19 15:34:27.289 3791 ERROR heat.engine.resource
File "/usr/lib/python2.7/site-packages/heat/engine/resources/openstack/heat/resource_group.py", line 385, in _run_to_completion
2017-06-19 15:34:27.289 3791 ERROR heat.engine.resource self).check_update_complete(updater):
2017-06-19 15:34:27.289 3791 ERROR heat.engine.resource
File "/usr/lib/python2.7/site-packages/heat/engine/resources/stack_resource.py", line 513, in check_update_complete
2017-06-19 15:34:27.289 3791 ERROR heat.engine.resource cookie=cookie)
2017-06-19 15:34:27.289 3791 ERROR heat.engine.resource
File "/usr/lib/python2.7/site-packages/heat/engine/resources/stack_resource.py", line 415, in _check_status_complete
2017-06-19 15:34:27.289 3791 ERROR heat.engine.resource action=action)
2017-06-19 15:34:27.289 3791 ERROR heat.engine.resource ResourceFailure: resources.Controller: resources[0]: Parameter 'OvercloudControlFlavor' is invalid: Error validating value 'controller': No Flavor matching {'name': u'controller'}. (HTTP 404)
2017-06-19 15:34:27.289 3791 ERROR heat.engine.resource
2017-06-19 15:34:27.306 3791 INFO heat.engine.service [req-c19c6f0c-5a28-4e9e-9d31-4beea37ab1da admin admin - - -] Stack create failed, status FAILED
2017-06-19 15:34:27.316 3791 INFO heat.engine.stack [req-c19c6f0c-5a28-4e9e-9d31-4beea37ab1da admin admin - - -] Stack CREATE FAILED (overcloud): Resource CREATE failed: resources.Controller: resources[0]: Parameter 'OvercloudControlFlavor' is invalid: Error validating value 'controller': No Flavor matching {'name': u'controller'}. (HTTP 404)
2017-06-19 15:36:21.735 3794 INFO heat.engine.service [req-afb801d0-8db2-4185-b9cf-340e6e507556 - admin - - -] Deleting stack overcloud
2017-06-19 15:36:21.909 3794 INFO heat.engine.stack [req-afb801d0-8db2-4185-b9cf-340e6e507556 - admin - - -] Stack DELETE IN_PROGRESS (overcloud): Stack DELETE started
2017-06-19 15:36:21.944 3794 INFO heat.engine.resource [req-afb801d0-8db2-4185-b9cf-340e6e507556 - admin - - -] deleting (,)
2017-06-19 15:36:21.958 3794 INFO heat.engine.resource [req-afb801d0-8db2-4185-b9cf-340e6e507556 - admin - - -] delete Value "EndpointMapData" [overcloud-EndpointMapData-eadjbsw6k2ys] Stack "overcloud" [b6a7f39f-2bf9-498f-b884-8b0fae2e2a70] attempt 1
2017-06-19 15:36:26.027 3794 INFO heat.engine.resource [req-afb801d0-8db2-4185-b9cf-340e6e507556 - admin - - -] deleting (,)
2017-06-19 15:36:26.038 3794 INFO heat.engine.resource [req-afb801d0-8db2-4185-b9cf-340e6e507556 - admin - - -] delete TemplateResource "RedisVirtualIP" [55653669-795f-4b90-b531-09a929d50470] Stack "overcloud" [b6a7f39f-2bf9-498f-b884-8b0fae2e2a70] attempt 1
2017-06-19 15:36:26.054 3791 INFO heat.engine.service [req-afb801d0-8db2-4185-b9cf-340e6e507556 - admin - - -] Deleting stack overcloud-RedisVirtualIP-ogh5gdcsavat
2017-06-19 15:36:26.079 3791 INFO heat.engine.stack [req-afb801d0-8db2-4185-b9cf-340e6e507556 - admin - - -] Stack DELETE IN_PROGRESS (overcloud-RedisVirtualIP-ogh5gdcsavat): Stack DELETE started
2017-06-19 15:36:26.098 3791 INFO heat.engine.resource [req-afb801d0-8db2-4185-b9cf-340e6e507556 - admin - - -] deleting (,)
2017-06-19 15:36:26.108 3791 INFO heat.engine.resource [req-afb801d0-8db2-4185-b9cf-340e6e507556 - admin - - -] delete ImmutablePort "VipPort" [e191eb19-630f-4fc0-9375-a71c697ee0b0] Stack "overcloud-RedisVirtualIP-ogh5gdcsavat" [55653669-795f-4b90-b531-09a929d50470] attempt 1
2017-06-19 15:36:26.733 3791 INFO heat.engine.stack [req-afb801d0-8db2-4185-b9cf-340e6e507556 - admin - - -] Stack DELETE COMPLETE (overcloud-RedisVirtualIP-ogh5gdcsavat): Stack DELETE completed successfully
2017-06-19 15:36:27.106 3794 INFO heat.engine.resource [req-afb801d0-8db2-4185-b9cf-340e6e507556 - admin - - -] deleting (,)
2017-06-19 15:36:27.117 3794 INFO heat.engine.resource [req-afb801d0-8db2-4185-b9cf-340e6e507556 - admin - - -] delete Value "VipHosts" [overcloud-VipHosts-4bnw74v6vcjp] Stack "overcloud" [b6a7f39f-2bf9-498f-b884-8b0fae2e2a70] attempt 1
2017-06-19 15:36:27.118 3794 INFO heat.engine.resource [req-afb801d0-8db2-4185-b9cf-340e6e507556 - admin - - -] deleting (,)
2017-06-19 15:36:27.141 3794 INFO heat.engine.resource [req-afb801d0-8db2-4185-b9cf-340e6e507556 - admin - - -] delete ResourceGroup "Controller" [ff7fccc7-e48b-4aaf-b57d-d6e6f15cd85a] Stack "overcloud" [b6a7f39f-2bf9-498f-b884-8b0fae2e2a70] attempt 1
2017-06-19 15:36:27.159 3795 INFO heat.engine.service [req-afb801d0-8db2-4185-b9cf-340e6e507556 - admin - - -] Deleting stack overcloud-Controller-mjhh4nxyckeb
2017-06-19 15:36:27.208 3795 INFO heat.engine.stack [req-afb801d0-8db2-4185-b9cf-340e6e507556 - admin - - -] Stack DELETE IN_PROGRESS (overcloud-Controller-mjhh4nxyckeb): Stack DELETE started
2017-06-19 15:36:27.270 3795 INFO heat.engine.stack [req-afb801d0-8db2-4185-b9cf-340e6e507556 - admin - - -] Stack DELETE IN_PROGRESS (overcloud-Controller-mjhh4nxyckeb*): Stack DELETE started
2017-06-19 15:36:27.316 3795 INFO heat.engine.stack [req-afb801d0-8db2-4185-b9cf-340e6e507556 - admin - - -] Stack DELETE COMPLETE (overcloud-Controller-mjhh4nxyckeb*): Stack DELETE completed successfully
2017-06-19 15:36:27.356 3795 INFO heat.engine.resource [req-afb801d0-8db2-4185-b9cf-340e6e507556 - admin - - -] deleting (,)
2017-06-19 15:36:27.380 3795 INFO heat.engine.resource [req-afb801d0-8db2-4185-b9cf-340e6e507556 - admin - - -] delete TemplateResource "0" Stack "overcloud-Controller-mjhh4nxyckeb" [ff7fccc7-e48b-4aaf-b57d-d6e6f15cd85a] attempt 1
2017-06-19 15:36:27.411 3795 INFO heat.engine.stack [req-afb801d0-8db2-4185-b9cf-340e6e507556 - admin - - -] Stack DELETE COMPLETE (overcloud-Controller-mjhh4nxyckeb): Stack DELETE completed successfully
2017-06-19 15:36:28.239 3794 INFO heat.engine.resource [req-afb801d0-8db2-4185-b9cf-340e6e507556 - admin - - -] deleting (,)
2017-06-19 15:36:28.255 3794 INFO heat.engine.resource [req-afb801d0-8db2-4185-b9cf-340e6e507556 - admin - - -] delete TemplateResource "ControllerServiceChain" [e45740cf-54cb-4331-bfd2-3cf73b91cda2] Stack "overcloud" [b6a7f39f-2bf9-498f-b884-8b0fae2e2a70] attempt 1
2017-06-19 15:36:28.277 3797 INFO heat.engine.service [req-afb801d0-8db2-4185-b9cf-340e6e507556 - admin - - -] Deleting stack overcloud-ControllerServiceChain-2zpnvobdk3re
2017-06-19 15:36:28.335 3797 INFO heat.engine.stack [req-8b38812f-f9a3-408c-b4a5-5703f49ad880 - - - - -] Stack DELETE IN_PROGRESS (overcloud-ControllerServiceChain-2zpnvobdk3re): Stack DELETE started
2017-06-19 15:36:28.360 3797 INFO heat.engine.resource [req-8b38812f-f9a3-408c-b4a5-5703f49ad880 - - - - -] deleting (,)
2017-06-19 15:36:28.372 3797 INFO heat.engine.resource [req-8b38812f-f9a3-408c-b4a5-5703f49ad880 - - - - -] delete TemplateResource "LoggingConfiguration" [8c0eea06-3096-449c-b311-19da48f881fa] Stack "overcloud-ControllerServiceChain-2zpnvobdk3re" [e45740cf-54cb-4331-bfd2-3cf73b91cda2] attempt 1
2017-06-19 15:36:28.388 3796 INFO heat.engine.service [req-afb801d0-8db2-4185-b9cf-340e6e507556 - admin - - -] Deleting stack overcloud-ControllerServiceChain-2zpnvobdk3re-LoggingConfiguration-jdty2eujndij
2017-06-19 15:36:28.398 3797 INFO heat.engine.resource [req-8b38812f-f9a3-408c-b4a5-5703f49ad880 - - - - -] deleting (,)
2017-06-19 15:36:28.405 3796 INFO heat.engine.stack [req-afb801d0-8db2-4185-b9cf-340e6e507556 - admin - - -] Stack DELETE IN_PROGRESS (overcloud-ControllerServiceChain-2zpnvobdk3re-LoggingConfiguration-jdty2eujndij): Stack DELETE started
2017-06-19 15:36:28.407 3797 INFO heat.engine.resource [req-8b38812f-f9a3-408c-b4a5-5703f49ad880 - - - - -] delete NoneResource "ServiceServerMetadataHook" [8283ca3d-f300-4ebc-974a-8b65796825f1] Stack "overcloud-ControllerServiceChain-2zpnvobdk3re" [e45740cf-54cb-4331-bfd2-3cf73b91cda2] attempt 1
2017-06-19 15:36:28.425 3797 INFO heat.engine.resource [req-8b38812f-f9a3-408c-b4a5-5703f49ad880 - - - - -] deleting (,)
2017-06-19 15:36:28.432 3796 INFO heat.engine.stack [req-afb801d0-8db2-4185-b9cf-340e6e507556 - admin - - -] Stack DELETE COMPLETE (overcloud-ControllerServiceChain-2zpnvobdk3re-LoggingConfiguration-jdty2eujndij): Stack DELETE completed successfully
2017-06-19 15:36:28.440 3797 INFO heat.engine.resource [req-8b38812f-f9a3-408c-b4a5-5703f49ad880 - - - - -] delete ResourceChain "ServiceChain" [caeec3e4-a9e0-49b1-98c3-7773c615ead9] Stack "overcloud-ControllerServiceChain-2zpnvobdk3re" [e45740cf-54cb-4331-bfd2-3cf73b91cda2] attempt 1
2017-06-19 15:36:28.549 3790 INFO heat.engine.service [req-afb801d0-8db2-4185-b9cf-340e6e507556 - admin - - -] Deleting stack overcloud-ControllerServiceChain-2zpnvobdk3re-ServiceChain-obtoogex56im
2017-06-19 15:36:29.702 3790 INFO heat.engine.stack [req-02af9b39-caf4-46b8-ae3f-db597f38fd55 - - - - -] Stack DELETE IN_PROGRESS (overcloud-ControllerServiceChain-2zpnvobdk3re-ServiceChain-obtoogex56im): Stack DELETE started
2017-06-19 15:36:30.292 3790 INFO heat.engine.resource [req-02af9b39-caf4-46b8-ae3f-db597f38fd55 - - - - -] deleting (,)
2017-06-19 15:36:30.311 3790 INFO heat.engine.resource [req-02af9b39-caf4-46b8-ae3f-db597f38fd55 - - - - -] delete TemplateResource "70" [6c407284-9c11-4678-87ea-3a82083f7f7f] Stack "overcloud-ControllerServiceChain-2zpnvobdk3re-ServiceChain-obtoogex56im" [caeec3e4-a9e0-49b1-98c3-7773c615ead9] attempt 1
2017-06-19 15:36:30.334 3792 INFO heat.engine.service [req-afb801d0-8db2-4185-b9cf-340e6e507556 - admin - - -] Deleting stack overcloud-ControllerServiceChain-2zpnvobdk3re-ServiceChain-obtoogex56im-70-cvxhcq4kxhpl
2017-06-19 15:36:30.392 3790 INFO heat.engine.resource [req-02af9b39-caf4-46b8-ae3f-db597f38fd55 - - - - -] deleting (,)
2017-06-19 15:36:30.405 3792 INFO heat.engine.stack [req-080dc184-d3b5-4ce7-9852-914cd56bf8bb - - - - -] Stack DELETE IN_PROGRESS (overcloud-ControllerServiceChain-2zpnvobdk3re-ServiceChain-obtoogex56im-70-cvxhcq4kxhpl): Stack DELETE started
2017-06-19 15:36:30.416 3790 INFO heat.engine.resource [req-02af9b39-caf4-46b8-ae3f-db597f38fd55 - - - - -] delete TemplateResource "67" [17bcd8b9-62e9-4128-84a3-71f3afdc7144] Stack "overcloud-ControllerServiceChain-2zpnvobdk3re-ServiceChain-obtoogex56im" [caeec3e4-a9e0-49b1-98c3-7773c615ead9] attempt 1
2017-06-19 15:36:30.426 3792 INFO heat.engine.resource [req-080dc184-d3b5-4ce7-9852-914cd56bf8bb - - - - -] deleting (,)
2017-06-19 15:36:30.435 3793 INFO heat.engine.service [req-afb801d0-8db2-4185-b9cf-340e6e507556 - admin - - -] Deleting stack overcloud-ControllerServiceChain-2zpnvobdk3re-ServiceChain-obtoogex56im-67-tea7o6tculgd
2017-06-19 15:36:30.444 3792 INFO heat.engine.resource [req-080dc184-d3b5-4ce7-9852-914cd56bf8bb - - - - -] delete TemplateResource "AodhBase" [38018aa2-3d65-46c6-b08c-bad40fda37cc] Stack "overcloud-ControllerServiceChain-2zpnvobdk3re-ServiceChain-obtoogex56im-70-cvxhcq4kxhpl" [6c407284-9c11-4678-87ea-3a82083f7f7f] attempt 1
2017-06-19 15:36:30.467 3794 INFO heat.engine.service [req-afb801d0-8db2-4185-b9cf-340e6e507556 - admin - - -] Deleting stack overcloud-ControllerServiceChain-2zpnvobdk3re-ServiceChain-obtoogex56im-70-cvxhcq4kxhpl-AodhBase-5lpxygehsscq
2017-06-19 15:36:30.480 3790 INFO heat.engine.resource [req-02af9b39-caf4-46b8-ae3f-db597f38fd55 - - - - -] deleting (,)
2017-06-19 15:36:30.489 3793 INFO heat.engine.stack [req-001f151d-5346-41de-a5ce-4797a172d0dc - - - - -] Stack DELETE IN_PROGRESS (overcloud-ControllerServiceChain-2zpnvobdk3re-ServiceChain-obtoogex56im-67-tea7o6tculgd): Stack DELETE started
2017-06-19 15:36:30.490 3794 INFO heat.engine.stack [req-afb801d0-8db2-4185-b9cf-340e6e507556 - admin - - -] Stack DELETE IN_PROGRESS (overcloud-ControllerServiceChain-2zpnvobdk3re-ServiceChain-obtoogex56im-70-cvxhcq4kxhpl-AodhBase-5lpxygehsscq): Stack DELETE started
2017-06-19 15:36:30.496 3790 INFO heat.engine.resource [req-02af9b39-caf4-46b8-ae3f-db597f38fd55 - - - - -] delete TemplateResource "31" [11505a56-81ad-4f5e-af5d-db66185be2b7] Stack "overcloud-ControllerServiceChain-2zpnvobdk3re-ServiceChain-obtoogex56im" [caeec3e4-a9e0-49b1-98c3-7773c615ead9] attempt 1
2017-06-19 15:36:30.509 3793 INFO heat.engine.resource [req-001f151d-5346-41de-a5ce-4797a172d0dc - - - - -] deleting (,)
2017-06-19 15:36:30.517 3791 INFO heat.engine.service [req-afb801d0-8db2-4185-b9cf-340e6e507556 - admin - - -] Deleting stack overcloud-ControllerServiceChain-2zpnvobdk3re-ServiceChain-obtoogex56im-31-7jcy3rfqgz2g
2017-06-19 15:36:30.524 3793 INFO heat.engine.resource [req-001f151d-5346-41de-a5ce-4797a172d0dc - - - - -] delete TemplateResource "ApacheServiceBase" [f2057e81-2e99-4b7b-8a6f-dddf49f6472d] Stack "overcloud-ControllerServiceChain-2zpnvobdk3re-ServiceChain-obtoogex56im-67-tea7o6tculgd" [17bcd8b9-62e9-4128-84a3-71f3afdc7144] attempt 1
2017-06-19 15:36:30.524 3794 INFO heat.engine.stack [req-afb801d0-8db2-4185-b9cf-340e6e507556 - admin - - -] Stack DELETE COMPLETE (overcloud-ControllerServiceChain-2zpnvobdk3re-ServiceChain-obtoogex56im-70-cvxhcq4kxhpl-AodhBase-5lpxygehsscq): Stack DELETE completed successfully
2017-06-19 15:36:30.540 3790 INFO heat.engine.resource [req-02af9b39-caf4-46b8-ae3f-db597f38fd55 - - - - -] deleting (,)
2017-06-19 15:36:30.547 3795 INFO heat.engine.service [req-afb801d0-8db2-4185-b9cf-340e6e507556 - admin - - -] Deleting stack overcloud-ControllerServiceChain-2zpnvobdk3re-ServiceChain-obtoogex56im-67-tea7o6tculgd-ApacheServiceBase-fk5erwlrgwg6
2017-06-19 15:36:30.548 3791 INFO heat.engine.stack [req-afb801d0-8db2-4185-b9cf-340e6e507556 - admin - - -] Stack DELETE IN_PROGRESS (overcloud-ControllerServiceChain-2zpnvobdk3re-ServiceChain-obtoogex56im-31-7jcy3rfqgz2g): Stack DELETE started
2017-06-19 15:36:30.558 3790 INFO heat.engine.resource [req-02af9b39-caf4-46b8-ae3f-db597f38fd55 - - - - -] delete TemplateResource "6" [4bbab261-7c21-4ec5-92da-5aaa87f82b0e] Stack "overcloud-ControllerServiceChain-2zpnvobdk3re-ServiceChain-obtoogex56im" [caeec3e4-a9e0-49b1-98c3-7773c615ead9] attempt 1
2017-06-19 15:36:30.567 3791 INFO heat.engine.resource [req-afb801d0-8db2-4185-b9cf-340e6e507556 - admin - - -] deleting (,)
2017-06-19 15:36:30.570 3793 INFO heat.engine.resource [req-001f151d-5346-41de-a5ce-4797a172d0dc - - - - -] deleting (,)
2017-06-19 15:36:30.575 3791 INFO heat.engine.resource [req-afb801d0-8db2-4185-b9cf-340e6e507556 - admin - - -] delete NoneResource "HAProxyInternalTLS" [fc7c77a2-af3e-4787-a3bb-62826ab41db0] Stack "overcloud-ControllerServiceChain-2zpnvobdk3re-ServiceChain-obtoogex56im-31-7jcy3rfqgz2g" [11505a56-81ad-4f5e-af5d-db66185be2b7] attempt 1
2017-06-19 15:36:30.576 3791 INFO heat.engine.resource [req-afb801d0-8db2-4185-b9cf-340e6e507556 - admin - - -] deleting (,)
2017-06-19 15:36:30.580 3795 INFO heat.engine.stack [req-afb801d0-8db2-4185-b9cf-340e6e507556 - admin - - -] Stack DELETE IN_PROGRESS (overcloud-ControllerServiceChain-2zpnvobdk3re-ServiceChain-obtoogex56im-67-tea7o6tculgd-ApacheServiceBase-fk5erwlrgwg6): Stack DELETE started
2017-06-19 15:36:30.584 3791 INFO heat.engine.resource [req-afb801d0-8db2-4185-b9cf-340e6e507556 - admin - - -] delete NoneResource "HAProxyPublicTLS" [af8a7455-967a-46b3-8080-d5e61e2142f0] Stack "overcloud-ControllerServiceChain-2zpnvobdk3re-ServiceChain-obtoogex56im-31-7jcy3rfqgz2g" [11505a56-81ad-4f5e-af5d-db66185be2b7] attempt 1
2017-06-19 15:36:30.586 3793 INFO heat.engine.resource [req-001f151d-5346-41de-a5ce-4797a172d0dc - - - - -] delete TemplateResource "AodhBase" [c666cf37-b24f-45d5-b648-79073e6c4356] Stack "overcloud-ControllerServiceChain-2zpnvobdk3re-ServiceChain-obtoogex56im-67-tea7o6tculgd" [17bcd8b9-62e9-4128-84a3-71f3afdc7144] attempt 1
2017-06-19 15:36:30.588 3797 INFO heat.engine.service [req-afb801d0-8db2-4185-b9cf-340e6e507556 - admin - - -] Deleting stack overcloud-ControllerServiceChain-2zpnvobdk3re-ServiceChain-obtoogex56im-6-oewozj6ybpw5
2017-06-19 15:36:30.604 3795 INFO heat.engine.resource [req-afb801d0-8db2-4185-b9cf-340e6e507556 - admin - - -] deleting (,)
2017-06-19 15:36:30.608 3796 INFO heat.engine.service [req-afb801d0-8db2-4185-b9cf-340e6e507556 - admin - - -] Deleting stack overcloud-ControllerServiceChain-2zpnvobdk3re-ServiceChain-obtoogex56im-67-tea7o6tculgd-AodhBase-weuvvvgti76y
2017-06-19 15:36:30.614 3795 INFO heat.engine.resource [req-afb801d0-8db2-4185-b9cf-340e6e507556 - admin - - -] delete NoneResource "ApacheTLS" [91fcfab7-cc60-474b-9ba3-c9ed4d1f9fa9] Stack "overcloud-ControllerServiceChain-2zpnvobdk3re-ServiceChain-obtoogex56im-67-tea7o6tculgd-ApacheServiceBase-fk5erwlrgwg6" [f2057e81-2e99-4b7b-8a6f-dddf49f6472d] attempt 1
2017-06-19 15:36:30.617 3791 INFO heat.engine.stack [req-afb801d0-8db2-4185-b9cf-340e6e507556 - admin - - -] Stack DELETE COMPLETE (overcloud-ControllerServiceChain-2zpnvobdk3re-ServiceChain-obtoogex56im-31-7jcy3rfqgz2g): Stack DELETE completed successfully
2017-06-19 15:36:30.623 3790 INFO heat.engine.resource [req-02af9b39-caf4-46b8-ae3f-db597f38fd55 - - - - -] deleting (,)
2017-06-19 15:36:30.632 3796 INFO heat.engine.stack [req-afb801d0-8db2-4185-b9cf-340e6e507556 - admin - - -] Stack DELETE IN_PROGRESS (overcloud-ControllerServiceChain-2zpnvobdk3re-ServiceChain-obtoogex56im-67-tea7o6tculgd-AodhBase-weuvvvgti76y): Stack DELETE started
2017-06-19 15:36:30.634 3797 INFO heat.engine.stack [req-afb801d0-8db2-4185-b9cf-340e6e507556 - admin - - -] Stack DELETE IN_PROGRESS (overcloud-ControllerServiceChain-2zpnvobdk3re-ServiceChain-obtoogex56im-6-oewozj6ybpw5): Stack DELETE started
2017-06-19 15:36:30.641 3795 INFO heat.engine.stack [req-afb801d0-8db2-4185-b9cf-340e6e507556 - admin - - -] Stack DELETE COMPLETE (overcloud-ControllerServiceChain-2zpnvobdk3re-ServiceChain-obtoogex56im-67-tea7o6tculgd-ApacheServiceBase-fk5erwlrgwg6): Stack DELETE completed successfully
2017-06-19 15:36:30.645 3790 INFO heat.engine.resource [req-02af9b39-caf4-46b8-ae3f-db597f38fd55 - - - - -] delete TemplateResource "25" [295e112a-d49a-4f3a-9fe1-37623e29679c] Stack "overcloud-ControllerServiceChain-2zpnvobdk3re-ServiceChain-obtoogex56im" [caeec3e4-a9e0-49b1-98c3-7773c615ead9] attempt 1
2017-06-19 15:36:30.660 3797 INFO heat.engine.resource [req-afb801d0-8db2-4185-b9cf-340e6e507556 - admin - - -] deleting (,)
2017-06-19 15:36:30.664 3790 INFO heat.engine.service [req-afb801d0-8db2-4185-b9cf-340e6e507556 - admin - - -] Deleting stack overcloud-ControllerServiceChain-2zpnvobdk3re-ServiceChain-obtoogex56im-25-zdxxaj55s3uj
2017-06-19 15:36:30.672 3796 INFO heat.engine.stack [req-afb801d0-8db2-4185-b9cf-340e6e507556 - admin - - -] Stack DELETE COMPLETE (overcloud-ControllerServiceChain-2zpnvobdk3re-ServiceChain-obtoogex56im-67-tea7o6tculgd-AodhBase-weuvvvgti76y): Stack DELETE completed successfully
2017-06-19 15:36:30.677 3797 INFO heat.engine.resource [req-afb801d0-8db2-4185-b9cf-340e6e507556 - admin - - -] delete TemplateResource "CinderBase" [3c2dfd6c-c041-431a-ba5e-36392f8bcefe] Stack "overcloud-ControllerServiceChain-2zpnvobdk3re-ServiceChain-obtoogex56im-6-oewozj6ybpw5" [4bbab261-7c21-4ec5-92da-5aaa87f82b0e] attempt 1
2017-06-19 15:36:30.689 3790 INFO heat.engine.resource [req-02af9b39-caf4-46b8-ae3f-db597f38fd55 - - - - -] deleting (,)
2017-06-19 15:36:30.703 3792 INFO heat.engine.service [req-afb801d0-8db2-4185-b9cf-340e6e507556 - admin - - -] Deleting stack overcloud-ControllerServiceChain-2zpnvobdk3re-ServiceChain-obtoogex56im-6-oewozj6ybpw5-CinderBase-ts5j4p5kmnth
2017-06-19 15:36:30.704 3790 INFO heat.engine.resource [req-02af9b39-caf4-46b8-ae3f-db597f38fd55 - - - - -] delete NoneResource "82" [aaf59add-ddea-4920-b78b-894f984052bc] Stack "overcloud-ControllerServiceChain-2zpnvobdk3re-ServiceChain-obtoogex56im" [caeec3e4-a9e0-49b1-98c3-7773c615ead9] attempt 1
2017-06-19 15:36:30.705 3790 INFO heat.engine.resource [req-02af9b39-caf4-46b8-ae3f-db597f38fd55 - - - - -] deleting (,)
2017-06-19 15:36:30.715 3790 INFO heat.engine.stack [req-afb801d0-8db2-4185-b9cf-340e6e507556 - admin - - -] Stack DELETE IN_PROGRESS (overcloud-ControllerServiceChain-2zpnvobdk3re-ServiceChain-obtoogex56im-25-zdxxaj55s3uj): Stack DELETE started
2017-06-19 15:36:30.718 3797 INFO heat.engine.resource [req-afb801d0-8db2-4185-b9cf-340e6e507556 - admin - - -] deleting (,)
2017-06-19 15:36:30.725 3790 INFO heat.engine.resource [req-02af9b39-caf4-46b8-ae3f-db597f38fd55 - - - - -] delete TemplateResource "37" [2a6b8f34-6a88-4430-9b4b-c7bcefd9b395] Stack "overcloud-ControllerServiceChain-2zpnvobdk3re-ServiceChain-obtoogex56im" [caeec3e4-a9e0-49b1-98c3-7773c615ead9] attempt 1
2017-06-19 15:36:30.730 3792 INFO heat.engine.stack [req-afb801d0-8db2-4185-b9cf-340e6e507556 - admin - - -] Stack DELETE IN_PROGRESS (overcloud-ControllerServiceChain-2zpnvobdk3re-ServiceChain-obtoogex56im-6-oewozj6ybpw5-CinderBase-ts5j4p5kmnth): Stack DELETE started
2017-06-19 15:36:30.736 3797 INFO heat.engine.resource [req-afb801d0-8db2-4185-b9cf-340e6e507556 - admin - - -] delete TemplateResource "ApacheServiceBase" [abb41262-c1ec-48ab-a71d-19c80a60d70f] Stack "overcloud-ControllerServiceChain-2zpnvobdk3re-ServiceChain-obtoogex56im-6-oewozj6ybpw5" [4bbab261-7c21-4ec5-92da-5aaa87f82b0e] attempt 1
2017-06-19 15:36:30.739 3790 INFO heat.engine.resource [req-afb801d0-8db2-4185-b9cf-340e6e507556 - admin - - -] deleting (,)
2017-06-19 15:36:30.748 3793 INFO heat.engine.service [req-afb801d0-8db2-4185-b9cf-340e6e507556 - admin - - -] Deleting stack overcloud-ControllerServiceChain-2zpnvobdk3re-ServiceChain-obtoogex56im-37-2j7r34riaebr
2017-06-19 15:36:30.752 3790 INFO heat.engine.resource [req-afb801d0-8db2-4185-b9cf-340e6e507556 - admin - - -] delete TemplateResource "NeutronBase" [e7986894-e3e8-4778-8fa3-3221006d96d6] Stack "overcloud-ControllerServiceChain-2zpnvobdk3re-ServiceChain-obtoogex56im-25-zdxxaj55s3uj" [295e112a-d49a-4f3a-9fe1-37623e29679c] attempt 1
2017-06-19 15:36:30.758 3794 INFO heat.engine.service [req-afb801d0-8db2-4185-b9cf-340e6e507556 - admin - - -] Deleting stack overcloud-ControllerServiceChain-2zpnvobdk3re-ServiceChain-obtoogex56im-6-oewozj6ybpw5-ApacheServiceBase-vw7zeydibjml
2017-06-19 15:36:30.770 3792 INFO heat.engine.stack [req-afb801d0-8db2-4185-b9cf-340e6e507556 - admin - - -] Stack DELETE COMPLETE (overcloud-ControllerServiceChain-2zpnvobdk3re-ServiceChain-obtoogex56im-6-oewozj6ybpw5-CinderBase-ts5j4p5kmnth): Stack DELETE completed successfully
2017-06-19 15:36:30.774 3790 INFO heat.engine.resource [req-02af9b39-caf4-46b8-ae3f-db597f38fd55 - - - - -] deleting (,)
2017-06-19 15:36:30.778 3791 INFO heat.engine.service [req-afb801d0-8db2-4185-b9cf-340e6e507556 - admin - - -] Deleting stack overcloud-ControllerServiceChain-2zpnvobdk3re-ServiceChain-obtoogex56im-25-zdxxaj55s3uj-NeutronBase-d4zgtv6uqtlu
2017-06-19 15:36:30.787 3790 INFO heat.engine.resource [req-02af9b39-caf4-46b8-ae3f-db597f38fd55 - - - - -] delete TemplateResource "20" [cace87cb-6441-4302-a3b1-54dd5e7b37f0] Stack "overcloud-ControllerServiceChain-2zpnvobdk3re-ServiceChain-obtoogex56im" [caeec3e4-a9e0-49b1-98c3-7773c615ead9] attempt 1
2017-06-19 15:36:30.788 3793 INFO heat.engine.stack [req-afb801d0-8db2-4185-b9cf-340e6e507556 - admin - - -] Stack DELETE IN_PROGRESS (overcloud-ControllerServiceChain-2zpnvobdk3re-ServiceChain-obtoogex56im-37-2j7r34riaebr): Stack DELETE started
2017-06-19 15:36:30.793 3794 INFO heat.engine.stack [req-afb801d0-8db2-4185-b9cf-340e6e507556 - admin - - -] Stack DELETE IN_PROGRESS (overcloud-ControllerServiceChain-2zpnvobdk3re-ServiceChain-obtoogex56im-6-oewozj6ybpw5-ApacheServiceBase-vw7zeydibjml): Stack DELETE started
2017-06-19 15:36:30.804 3791 INFO heat.engine.stack [req-afb801d0-8db2-4185-b9cf-340e6e507556 - admin - - -] Stack DELETE IN_PROGRESS (overcloud-ControllerServiceChain-2zpnvobdk3re-ServiceChain-obtoogex56im-25-zdxxaj55s3uj-NeutronBase-d4zgtv6uqtlu): Stack DELETE started
2017-06-19 15:36:30.818 3795 INFO heat.engine.service [req-afb801d0-8db2-4185-b9cf-340e6e507556 - admin - - -] Deleting stack overcloud-ControllerServiceChain-2zpnvobdk3re-ServiceChain-obtoogex56im-20-i4dmyrwqq2vd
2017-06-19 15:36:30.822 3793 INFO heat.engine.resource [req-afb801d0-8db2-4185-b9cf-340e6e507556 - admin - - -] deleting (,)
2017-06-19 15:36:30.842 3793 INFO heat.engine.resource [req-afb801d0-8db2-4185-b9cf-340e6e507556 - admin - - -] delete TemplateResource "MongoDbBase" [8a878c52-17f0-445b-9da0-8f36357891e9] Stack "overcloud-ControllerServiceChain-2zpnvobdk3re-ServiceChain-obtoogex56im-37-2j7r34riaebr" [2a6b8f34-6a88-4430-9b4b-c7bcefd9b395] attempt 1
2017-06-19 15:36:30.858 3791 INFO heat.engine.stack [req-afb801d0-8db2-4185-b9cf-340e6e507556 - admin - - -] Stack DELETE COMPLETE (overcloud-ControllerServiceChain-2zpnvobdk3re-ServiceChain-obtoogex56im-25-zdxxaj55s3uj-NeutronBase-d4zgtv6uqtlu): Stack DELETE completed successfully
2017-06-19 15:36:30.861 3797 INFO heat.engine.service [req-afb801d0-8db2-4185-b9cf-340e6e507556 - admin - - -] Deleting stack overcloud-ControllerServiceChain-2zpnvobdk3re-ServiceChain-obtoogex56im-37-2j7r34riaebr-MongoDbBase-3qwngxm2qxwn
2017-06-19 15:36:30.878 3790 INFO heat.engine.resource [req-02af9b39-caf4-46b8-ae3f-db597f38fd55 - - - - -] deleting (,)
2017-06-19 15:36:30.880 3797 INFO heat.engine.stack [req-afb801d0-8db2-4185-b9cf-340e6e507556 - admin - - -] Stack DELETE IN_PROGRESS (overcloud-ControllerServiceChain-2zpnvobdk3re-ServiceChain-obtoogex56im-37-2j7r34riaebr-MongoDbBase-3qwngxm2qxwn): Stack DELETE started
2017-06-19 15:36:30.889 3790 INFO heat.engine.resource [req-02af9b39-caf4-46b8-ae3f-db597f38fd55 - - - - -] delete NoneResource "7" [77234de6-e94e-4e6f-b585-978bd22b1c06] Stack "overcloud-ControllerServiceChain-2zpnvobdk3re-ServiceChain-obtoogex56im" [caeec3e4-a9e0-49b1-98c3-7773c615ead9] attempt 1
2017-06-19 15:36:30.889 3790 INFO heat.engine.resource [req-02af9b39-caf4-46b8-ae3f-db597f38fd55 - - - - -] deleting (,)
2017-06-19 15:36:30.889 3795 INFO heat.engine.stack [req-3a2f604e-400c-4d0b-afa1-90982073b8d2 - - - - -] Stack DELETE IN_PROGRESS (overcloud-ControllerServiceChain-2zpnvobdk3re-ServiceChain-obtoogex56im-20-i4dmyrwqq2vd): Stack DELETE started
2017-06-19 15:36:30.898 3790 INFO heat.engine.resource [req-02af9b39-caf4-46b8-ae3f-db597f38fd55 - - - - -] delete NoneResource "13" [3812cadb-5ede-4e75-af01-5886bba508b5] Stack "overcloud-ControllerServiceChain-2zpnvobdk3re-ServiceChain-obtoogex56im" [caeec3e4-a9e0-49b1-98c3-7773c615ead9] attempt 1
2017-06-19 15:36:30.898 3790 INFO heat.engine.resource [req-02af9b39-caf4-46b8-ae3f-db597f38fd55 - - - - -] deleting (,)
2017-06-19 15:36:30.906 3790 INFO heat.engine.resource [req-02af9b39-caf4-46b8-ae3f-db597f38fd55 - - - - -] delete NoneResource "90" [e996f5e5-cc11-45bb-8b56-c8cb489de15e] Stack "overcloud-ControllerServiceChain-2zpnvobdk3re-ServiceChain-obtoogex56im" [caeec3e4-a9e0-49b1-98c3-7773c615ead9] attempt 1
2017-06-19 15:36:30.907 3790 INFO heat.engine.resource [req-02af9b39-caf4-46b8-ae3f-db597f38fd55 - - - - -] deleting (,)
2017-06-19 15:36:30.908 3797 INFO heat.engine.stack [req-afb801d0-8db2-4185-b9cf-340e6e507556 - admin - - -] Stack DELETE COMPLETE (overcloud-ControllerServiceChain-2zpnvobdk3re-ServiceChain-obtoogex56im-37-2j7r34riaebr-MongoDbBase-3qwngxm2qxwn): Stack DELETE completed successfully
2017-06-19 15:36:30.914 3790 INFO heat.engine.resource [req-02af9b39-caf4-46b8-ae3f-db597f38fd55 - - - - -] delete NoneResource "5" [ef9154c4-995e-4015-b0bd-02b711acfbf2] Stack "overcloud-ControllerServiceChain-2zpnvobdk3re-ServiceChain-obtoogex56im" [caeec3e4-a9e0-49b1-98c3-7773c615ead9] attempt 1
2017-06-19 15:36:30.914 3795 INFO heat.engine.resource [req-3a2f604e-400c-4d0b-afa1-90982073b8d2 - - - - -] deleting (,)
2017-06-19 15:36:30.914 3790 INFO heat.engine.resource [req-02af9b39-caf4-46b8-ae3f-db597f38fd55 - - - - -] deleting (,)
2017-06-19 15:36:30.928 3790 INFO heat.engine.resource [req-02af9b39-caf4-46b8-ae3f-db597f38fd55 - - - - -] delete TemplateResource "46" [b54955c6-6f8c-4249-8124-d964195a7bfd] Stack "overcloud-ControllerServiceChain-2zpnvobdk3re-ServiceChain-obtoogex56im" [caeec3e4-a9e0-49b1-98c3-7773c615ead9] attempt 1
2017-06-19 15:36:30.935 3795 INFO heat.engine.resource [req-3a2f604e-400c-4d0b-afa1-90982073b8d2 - - - - -] delete TemplateResource "HeatBase" [3c43a838-fda5-4c7f-8e51-455be3ecc5af] Stack "overcloud-ControllerServiceChain-2zpnvobdk3re-ServiceChain-obtoogex56im-20-i4dmyrwqq2vd" [cace87cb-6441-4302-a3b1-54dd5e7b37f0] attempt 1
2017-06-19 15:36:30.952 3796 INFO heat.engine.service [req-afb801d0-8db2-4185-b9cf-340e6e507556 - admin - - -] Deleting stack overcloud-ControllerServiceChain-2zpnvobdk3re-ServiceChain-obtoogex56im-46-tzaaq3iqld75
2017-06-19 15:36:30.954 3790 INFO heat.engine.service [req-afb801d0-8db2-4185-b9cf-340e6e507556 - admin - - -] Deleting stack overcloud-ControllerServiceChain-2zpnvobdk3re-ServiceChain-obtoogex56im-20-i4dmyrwqq2vd-HeatBase-x3a5oi2wxfqf
2017-06-19 15:36:30.956 3794 INFO heat.engine.resource [req-afb801d0-8db2-4185-b9cf-340e6e507556 - admin - - -] deleting (,)
2017-06-19 15:36:30.967 3794 INFO heat.engine.resource [req-afb801d0-8db2-4185-b9cf-340e6e507556 - admin - - -] delete NoneResource "ApacheTLS" [969af289-183f-4a22-8058-bbf5df21293f] Stack "overcloud-ControllerServiceChain-2zpnvobdk3re-ServiceChain-obtoogex56im-6-oewozj6ybpw5-ApacheServiceBase-vw7zeydibjml" [abb41262-c1ec-48ab-a71d-19c80a60d70f] attempt 1
2017-06-19 15:36:30.970 3790 INFO heat.engine.stack [req-afb801d0-8db2-4185-b9cf-340e6e507556 - admin - - -] Stack DELETE IN_PROGRESS (overcloud-ControllerServiceChain-2zpnvobdk3re-ServiceChain-obtoogex56im-20-i4dmyrwqq2vd-HeatBase-x3a5oi2wxfqf): Stack DELETE started
2017-06-19 15:36:30.981 3790 INFO heat.engine.resource [req-02af9b39-caf4-46b8-ae3f-db597f38fd55 - - - - -] deleting (,)
2017-06-19 15:36:30.988 3796 INFO heat.engine.stack [req-afb801d0-8db2-4185-b9cf-340e6e507556 - admin - - -] Stack DELETE IN_PROGRESS (overcloud-ControllerServiceChain-2zpnvobdk3re-ServiceChain-obtoogex56im-46-tzaaq3iqld75): Stack DELETE started
2017-06-19 15:36:30.993 3794 INFO heat.engine.stack [req-afb801d0-8db2-4185-b9cf-340e6e507556 - admin - - -] Stack DELETE COMPLETE (overcloud-ControllerServiceChain-2zpnvobdk3re-ServiceChain-obtoogex56im-6-oewozj6ybpw5-ApacheServiceBase-vw7zeydibjml): Stack DELETE completed successfully
2017-06-19 15:36:31.013 3796 INFO heat.engine.resource [req-afb801d0-8db2-4185-b9cf-340e6e507556 - admin - - -] deleting (,)
2017-06-19 15:36:31.031 3790 INFO heat.engine.resource [req-02af9b39-caf4-46b8-ae3f-db597f38fd55 - - - - -] delete TemplateResource "60" [826b2001-af0b-4402-91a6-305b807ca215] Stack "overcloud-ControllerServiceChain-2zpnvobdk3re-ServiceChain-obtoogex56im" [caeec3e4-a9e0-49b1-98c3-7773c615ead9] attempt 1
2017-06-19 15:36:31.033 3796 INFO heat.engine.resource [req-afb801d0-8db2-4185-b9cf-340e6e507556 - admin - - -] delete TemplateResource "SwiftBase" [6aa0d14a-d20a-481b-9af5-6b2f33dceede] Stack "overcloud-ControllerServiceChain-2zpnvobdk3re-ServiceChain-obtoogex56im-46-tzaaq3iqld75" [b54955c6-6f8c-4249-8124-d964195a7bfd] attempt 1
2017-06-19 15:36:31.033 3790 INFO heat.engine.stack [req-afb801d0-8db2-4185-b9cf-340e6e507556 - admin - - -] Stack DELETE COMPLETE (overcloud-ControllerServiceChain-2zpnvobdk3re-ServiceChain-obtoogex56im-20-i4dmyrwqq2vd-HeatBase-x3a5oi2wxfqf): Stack DELETE completed successfully
2017-06-19 15:36:31.050 3792 INFO heat.engine.service [req-afb801d0-8db2-4185-b9cf-340e6e507556 - admin - - -] Deleting stack overcloud-ControllerServiceChain-2zpnvobdk3re-ServiceChain-obtoogex56im-60-ozu67mo6awxp
2017-06-19 15:36:31.055 3793 INFO heat.engine.service [req-afb801d0-8db2-4185-b9cf-340e6e507556 - admin - - -] Deleting stack overcloud-ControllerServiceChain-2zpnvobdk3re-ServiceChain-obtoogex56im-46-tzaaq3iqld75-SwiftBase-x5zjpzhyybfe
2017-06-19 15:36:31.075 3793 INFO heat.engine.stack [req-afb801d0-8db2-4185-b9cf-340e6e507556 - admin - - -] Stack DELETE IN_PROGRESS (overcloud-ControllerServiceChain-2zpnvobdk3re-ServiceChain-obtoogex56im-46-tzaaq3iqld75-SwiftBase-x5zjpzhyybfe): Stack DELETE started
2017-06-19 15:36:31.076 3790 INFO heat.engine.resource [req-02af9b39-caf4-46b8-ae3f-db597f38fd55 - - - - -] deleting (,)
2017-06-19 15:36:31.084 3792 INFO heat.engine.stack [req-afb801d0-8db2-4185-b9cf-340e6e507556 - admin - - -] Stack DELETE IN_PROGRESS (overcloud-ControllerServiceChain-2zpnvobdk3re-ServiceChain-obtoogex56im-60-ozu67mo6awxp): Stack DELETE started
2017-06-19 15:36:31.096 3790 INFO heat.engine.resource [req-02af9b39-caf4-46b8-ae3f-db597f38fd55 - - - - -] delete TemplateResource "26" [eaef5ddd-0668-4b90-a107-be6562448384] Stack "overcloud-ControllerServiceChain-2zpnvobdk3re-ServiceChain-obtoogex56im" [caeec3e4-a9e0-49b1-98c3-7773c615ead9] attempt 1
2017-06-19 15:36:31.104 3792 INFO heat.engine.resource [req-afb801d0-8db2-4185-b9cf-340e6e507556 - admin - - -] deleting (,)
