2017-06-19 17:02:11.804 2185 DEBUG heat.engine.scheduler [req-1a648c7c-42df-4fef-a48c-7db0e3ca60b1 - - - - -] Task update_task from Stack "overcloud-ControllerServiceChain-rhzhmi2y3bg2" [013d9e45-a7c8-4739-83b5-8b5afe938c7e] running step /usr/lib/python2.7/site-packages/heat/engine/scheduler.py:214
2017-06-19 17:02:12.153 2185 DEBUG heat.engine.scheduler [req-1a648c7c-42df-4fef-a48c-7db0e3ca60b1 - - - - -] Task Stack "overcloud-ControllerServiceChain-rhzhmi2y3bg2" [013d9e45-a7c8-4739-83b5-8b5afe938c7e] Update running step /usr/lib/python2.7/site-packages/heat/engine/scheduler.py:214
2017-06-19 17:02:12.153 2185 DEBUG heat.engine.scheduler [req-1a648c7c-42df-4fef-a48c-7db0e3ca60b1 - - - - -] Task _resource_update from Stack "overcloud-ControllerServiceChain-rhzhmi2y3bg2" [013d9e45-a7c8-4739-83b5-8b5afe938c7e] Update running step /usr/lib/python2.7/site-packages/heat/engine/scheduler.py:214
2017-06-19 17:02:12.157 2185 DEBUG heat.engine.scheduler [req-f94d4cc0-5977-47f4-9e68-acd8b0ad065e - admin - - -] Task stack_task from Stack "overcloud-ControllerServiceChain-rhzhmi2y3bg2-ServiceChain-2u4ubgfhunto-59-fszfmgsdlqjo-ContainersCommon-a6pdmwyhpecu" [e1bc2fb6-c010-4e03-a455-52eb24c45014] starting start /usr/lib/python2.7/site-packages/heat/engine/scheduler.py:182
2017-06-19 17:02:12.157 2185 DEBUG heat.engine.scheduler [req-f94d4cc0-5977-47f4-9e68-acd8b0ad065e - admin - - -] Task stack_task from Stack "overcloud-ControllerServiceChain-rhzhmi2y3bg2-ServiceChain-2u4ubgfhunto-59-fszfmgsdlqjo-ContainersCommon-a6pdmwyhpecu" [e1bc2fb6-c010-4e03-a455-52eb24c45014] running step /usr/lib/python2.7/site-packages/heat/engine/scheduler.py:214
2017-06-19 17:02:12.158 2185 INFO heat.engine.stack [req-f94d4cc0-5977-47f4-9e68-acd8b0ad065e - admin - - -] Stack CREATE IN_PROGRESS (overcloud-ControllerServiceChain-rhzhmi2y3bg2-ServiceChain-2u4ubgfhunto-59-fszfmgsdlqjo-ContainersCommon-a6pdmwyhpecu): Stack CREATE started
2017-06-19 17:02:12.162 2185 DEBUG heat.engine.scheduler [req-1a648c7c-42df-4fef-a48c-7db0e3ca60b1 - - - - -] Task update_task from Stack "overcloud-ControllerServiceChain-rhzhmi2y3bg2" [013d9e45-a7c8-4739-83b5-8b5afe938c7e] sleeping _sleep /usr/lib/python2.7/site-packages/heat/engine/scheduler.py:155
2017-06-19 17:02:12.162 2185 DEBUG heat.engine.stack [req-f94d4cc0-5977-47f4-9e68-acd8b0ad065e - admin - - -] Persisting stack overcloud-ControllerServiceChain-rhzhmi2y3bg2-ServiceChain-2u4ubgfhunto-59-fszfmgsdlqjo-ContainersCommon-a6pdmwyhpecu status CREATE IN_PROGRESS _send_notification_and_add_event /usr/lib/python2.7/site-packages/heat/engine/stack.py:978
2017-06-19 17:02:12.163 2189 DEBUG heat.engine.scheduler [req-f94d4cc0-5977-47f4-9e68-acd8b0ad065e - admin - - -] Task stack_task from Stack "overcloud-ControllerServiceChain-rhzhmi2y3bg2-ServiceChain-2u4ubgfhunto-59-fszfmgsdlqjo" [f6f38dee-0d5e-4a88-be74-f3f409bf03a2] sleeping _sleep /usr/lib/python2.7/site-packages/heat/engine/scheduler.py:155
2017-06-19 17:02:12.163 2189 DEBUG heat.engine.scheduler [req-f94d4cc0-5977-47f4-9e68-acd8b0ad065e - admin - - -] Task stack_task from Stack "overcloud-ControllerServiceChain-rhzhmi2y3bg2-ServiceChain-2u4ubgfhunto-59-fszfmgsdlqjo" [f6f38dee-0d5e-4a88-be74-f3f409bf03a2] running step /usr/lib/python2.7/site-packages/heat/engine/scheduler.py:214
2017-06-19 17:02:12.164 2189 DEBUG heat.engine.scheduler [req-f94d4cc0-5977-47f4-9e68-acd8b0ad065e - admin - - -] Task create running step /usr/lib/python2.7/site-packages/heat/engine/scheduler.py:214
2017-06-19 17:02:12.167 2189 DEBUG heat.engine.scheduler [req-f94d4cc0-5977-47f4-9e68-acd8b0ad065e - admin - - -] Task create running step /usr/lib/python2.7/site-packages/heat/engine/scheduler.py:214
2017-06-19 17:02:12.169 2189 DEBUG heat.engine.scheduler [req-f94d4cc0-5977-47f4-9e68-acd8b0ad065e - admin - - -] Task stack_task from Stack "overcloud-ControllerServiceChain-rhzhmi2y3bg2-ServiceChain-2u4ubgfhunto-59-fszfmgsdlqjo" [f6f38dee-0d5e-4a88-be74-f3f409bf03a2] sleeping _sleep /usr/lib/python2.7/site-packages/heat/engine/scheduler.py:155
2017-06-19 17:02:12.172 2185 INFO heat.engine.stack [req-f94d4cc0-5977-47f4-9e68-acd8b0ad065e - admin - - -] Stack CREATE COMPLETE (overcloud-ControllerServiceChain-rhzhmi2y3bg2-ServiceChain-2u4ubgfhunto-59-fszfmgsdlqjo-ContainersCommon-a6pdmwyhpecu): Stack CREATE completed successfully: StopIteration
2017-06-19 17:02:12.172 2185 DEBUG heat.engine.scheduler [req-f94d4cc0-5977-47f4-9e68-acd8b0ad065e - admin - - -] Task stack_task from Stack "overcloud-ControllerServiceChain-rhzhmi2y3bg2-ServiceChain-2u4ubgfhunto-59-fszfmgsdlqjo-ContainersCommon-a6pdmwyhpecu" [e1bc2fb6-c010-4e03-a455-52eb24c45014] complete: StopIteration step /usr/lib/python2.7/site-packages/heat/engine/scheduler.py:220
2017-06-19 17:02:12.176 2185 DEBUG heat.engine.stack [req-f94d4cc0-5977-47f4-9e68-acd8b0ad065e - admin - - -] Persisting stack overcloud-ControllerServiceChain-rhzhmi2y3bg2-ServiceChain-2u4ubgfhunto-59-fszfmgsdlqjo-ContainersCommon-a6pdmwyhpecu status CREATE COMPLETE _send_notification_and_add_event /usr/lib/python2.7/site-packages/heat/engine/stack.py:978
2017-06-19 17:02:11.388 2186 DEBUG heat.engine.stack_lock [req-f94d4cc0-5977-47f4-9e68-acd8b0ad065e - admin - - -] Engine c744121f-ad58-4f67-89e2-e968394de477 acquired lock on stack 870c1bda-023c-4b39-a0d2-cd61e757bc1f acquire /usr/lib/python2.7/site-packages/heat/engine/stack_lock.py:64
2017-06-19 17:02:12.279 2186 DEBUG heat.engine.scheduler [req-f94d4cc0-5977-47f4-9e68-acd8b0ad065e - admin - - -] Task stack_task from Stack "overcloud-ControllerServiceChain-rhzhmi2y3bg2-ServiceChain-2u4ubgfhunto-23-45tjkiv56dm3" [870c1bda-023c-4b39-a0d2-cd61e757bc1f] starting start /usr/lib/python2.7/site-packages/heat/engine/scheduler.py:182
2017-06-19 17:02:12.279 2186 DEBUG heat.engine.scheduler [req-f94d4cc0-5977-47f4-9e68-acd8b0ad065e - admin - - -] Task stack_task from Stack "overcloud-ControllerServiceChain-rhzhmi2y3bg2-ServiceChain-2u4ubgfhunto-23-45tjkiv56dm3" [870c1bda-023c-4b39-a0d2-cd61e757bc1f] running step /usr/lib/python2.7/site-packages/heat/engine/scheduler.py:214
2017-06-19 17:02:12.279 2186 INFO heat.engine.stack [req-f94d4cc0-5977-47f4-9e68-acd8b0ad065e - admin - - -] Stack CREATE IN_PROGRESS (overcloud-ControllerServiceChain-rhzhmi2y3bg2-ServiceChain-2u4ubgfhunto-23-45tjkiv56dm3): Stack CREATE started
2017-06-19 17:02:11.421 2191 DEBUG heat.engine.stack_lock [req-f94d4cc0-5977-47f4-9e68-acd8b0ad065e - admin - - -] Engine 9667dfca-9915-4c25-a6af-3d9bd2f6a9cb acquired lock on stack 82d71a2f-5301-40d5-a782-08870012276e acquire /usr/lib/python2.7/site-packages/heat/engine/stack_lock.py:64
2017-06-19 17:02:12.283 2191 DEBUG heat.engine.scheduler [req-f94d4cc0-5977-47f4-9e68-acd8b0ad065e - admin - - -] Task stack_task from Stack "overcloud-ControllerServiceChain-rhzhmi2y3bg2-ServiceChain-2u4ubgfhunto-59-fszfmgsdlqjo-GnocchiMetricdBase-dhuqjdj4n6su-GnocchiServiceBase-a5kk4pjvriqp" [82d71a2f-5301-40d5-a782-08870012276e] starting start /usr/lib/python2.7/site-packages/heat/engine/scheduler.py:182
2017-06-19 17:02:12.283 2191 DEBUG heat.engine.scheduler [req-f94d4cc0-5977-47f4-9e68-acd8b0ad065e - admin - - -] Task stack_task from Stack "overcloud-ControllerServiceChain-rhzhmi2y3bg2-ServiceChain-2u4ubgfhunto-59-fszfmgsdlqjo-GnocchiMetricdBase-dhuqjdj4n6su-GnocchiServiceBase-a5kk4pjvriqp" [82d71a2f-5301-40d5-a782-08870012276e] running step /usr/lib/python2.7/site-packages/heat/engine/scheduler.py:214
2017-06-19 17:02:12.283 2191 INFO heat.engine.stack [req-f94d4cc0-5977-47f4-9e68-acd8b0ad065e - admin - - -] Stack CREATE IN_PROGRESS (overcloud-ControllerServiceChain-rhzhmi2y3bg2-ServiceChain-2u4ubgfhunto-59-fszfmgsdlqjo-GnocchiMetricdBase-dhuqjdj4n6su-GnocchiServiceBase-a5kk4pjvriqp): Stack CREATE started
2017-06-19 17:02:12.285 2186 DEBUG heat.engine.stack [req-f94d4cc0-5977-47f4-9e68-acd8b0ad065e - admin - - -] Persisting stack overcloud-ControllerServiceChain-rhzhmi2y3bg2-ServiceChain-2u4ubgfhunto-23-45tjkiv56dm3 status CREATE IN_PROGRESS _send_notification_and_add_event /usr/lib/python2.7/site-packages/heat/engine/stack.py:978
2017-06-19 17:02:12.288 2191 DEBUG heat.engine.stack [req-f94d4cc0-5977-47f4-9e68-acd8b0ad065e - admin - - -] Persisting stack overcloud-ControllerServiceChain-rhzhmi2y3bg2-ServiceChain-2u4ubgfhunto-59-fszfmgsdlqjo-GnocchiMetricdBase-dhuqjdj4n6su-GnocchiServiceBase-a5kk4pjvriqp status CREATE IN_PROGRESS _send_notification_and_add_event /usr/lib/python2.7/site-packages/heat/engine/stack.py:978
2017-06-19 17:02:11.406 2187 DEBUG heat.engine.stack_lock [req-f94d4cc0-5977-47f4-9e68-acd8b0ad065e - admin - - -] Engine 4164604d-f628-4370-9d27-0d3dc538a5c6 acquired lock on stack 31166162-6521-45f8-b7c3-40c224d0e939 acquire /usr/lib/python2.7/site-packages/heat/engine/stack_lock.py:64
2017-06-19 17:02:12.293 2187 DEBUG heat.engine.scheduler [req-f94d4cc0-5977-47f4-9e68-acd8b0ad065e - admin - - -] Task stack_task from Stack "overcloud-ControllerServiceChain-rhzhmi2y3bg2-ServiceChain-2u4ubgfhunto-59-fszfmgsdlqjo-GnocchiMetricdBase-dhuqjdj4n6su" [30ccdf16-5e13-428a-8375-c465fbecd0e1] sleeping _sleep /usr/lib/python2.7/site-packages/heat/engine/scheduler.py:155
2017-06-19 17:02:12.298 2187 DEBUG heat.engine.scheduler [req-f94d4cc0-5977-47f4-9e68-acd8b0ad065e - admin - - -] Task stack_task from Stack "overcloud-ControllerServiceChain-rhzhmi2y3bg2-ServiceChain-2u4ubgfhunto-70-acsayh33uzsy-ContainersCommon-uq5srerjwqyf" [31166162-6521-45f8-b7c3-40c224d0e939] starting start /usr/lib/python2.7/site-packages/heat/engine/scheduler.py:182
2017-06-19 17:02:12.298 2187 DEBUG heat.engine.scheduler [req-f94d4cc0-5977-47f4-9e68-acd8b0ad065e - admin - - -] Task stack_task from Stack "overcloud-ControllerServiceChain-rhzhmi2y3bg2-ServiceChain-2u4ubgfhunto-70-acsayh33uzsy-ContainersCommon-uq5srerjwqyf" [31166162-6521-45f8-b7c3-40c224d0e939] running step /usr/lib/python2.7/site-packages/heat/engine/scheduler.py:214
2017-06-19 17:02:12.298 2187 INFO heat.engine.stack [req-f94d4cc0-5977-47f4-9e68-acd8b0ad065e - admin - - -] Stack CREATE IN_PROGRESS (overcloud-ControllerServiceChain-rhzhmi2y3bg2-ServiceChain-2u4ubgfhunto-70-acsayh33uzsy-ContainersCommon-uq5srerjwqyf): Stack CREATE started
2017-06-19 17:02:12.302 2186 DEBUG heat.engine.scheduler [req-f94d4cc0-5977-47f4-9e68-acd8b0ad065e - admin - - -] Task create starting start /usr/lib/python2.7/site-packages/heat/engine/scheduler.py:182
2017-06-19 17:02:12.302 2186 DEBUG heat.engine.scheduler [req-f94d4cc0-5977-47f4-9e68-acd8b0ad065e - admin - - -] Task create running step /usr/lib/python2.7/site-packages/heat/engine/scheduler.py:214
2017-06-19 17:02:12.303 2186 INFO heat.engine.resource [req-f94d4cc0-5977-47f4-9e68-acd8b0ad065e - admin - - -] creating NoneResource "66" Stack "overcloud-ControllerServiceChain-rhzhmi2y3bg2-ServiceChain-2u4ubgfhunto" [23dfc1d4-ab5b-4832-a5f3-48c7aefee8f6]: StopIteration
2017-06-19 17:02:12.304 2187 DEBUG heat.engine.scheduler [req-f94d4cc0-5977-47f4-9e68-acd8b0ad065e - admin - - -] Task stack_task from Stack "overcloud-ControllerServiceChain-rhzhmi2y3bg2-ServiceChain-2u4ubgfhunto-59-fszfmgsdlqjo-GnocchiMetricdBase-dhuqjdj4n6su" [30ccdf16-5e13-428a-8375-c465fbecd0e1] running step /usr/lib/python2.7/site-packages/heat/engine/scheduler.py:214
2017-06-19 17:02:12.304 2187 DEBUG heat.engine.scheduler [req-f94d4cc0-5977-47f4-9e68-acd8b0ad065e - admin - - -] Task create running step /usr/lib/python2.7/site-packages/heat/engine/scheduler.py:214
2017-06-19 17:02:12.304 2191 INFO heat.engine.stack [req-f94d4cc0-5977-47f4-9e68-acd8b0ad065e - admin - - -] Stack CREATE COMPLETE (overcloud-ControllerServiceChain-rhzhmi2y3bg2-ServiceChain-2u4ubgfhunto-59-fszfmgsdlqjo-GnocchiMetricdBase-dhuqjdj4n6su-GnocchiServiceBase-a5kk4pjvriqp): Stack CREATE completed successfully: StopIteration
2017-06-19 17:02:12.304 2191 DEBUG heat.engine.scheduler [req-f94d4cc0-5977-47f4-9e68-acd8b0ad065e - admin - - -] Task stack_task from Stack "overcloud-ControllerServiceChain-rhzhmi2y3bg2-ServiceChain-2u4ubgfhunto-59-fszfmgsdlqjo-GnocchiMetricdBase-dhuqjdj4n6su-GnocchiServiceBase-a5kk4pjvriqp" [82d71a2f-5301-40d5-a782-08870012276e] complete: StopIteration step /usr/lib/python2.7/site-packages/heat/engine/scheduler.py:220
2017-06-19 17:02:12.307 2187 DEBUG heat.engine.stack [req-f94d4cc0-5977-47f4-9e68-acd8b0ad065e - admin - - -] Persisting stack overcloud-ControllerServiceChain-rhzhmi2y3bg2-ServiceChain-2u4ubgfhunto-70-acsayh33uzsy-ContainersCommon-uq5srerjwqyf status CREATE IN_PROGRESS _send_notification_and_add_event /usr/lib/python2.7/site-packages/heat/engine/stack.py:978
2017-06-19 17:02:12.310 2187 DEBUG heat.engine.scheduler [req-f94d4cc0-5977-47f4-9e68-acd8b0ad065e - admin - - -] Task stack_task from Stack "overcloud-ControllerServiceChain-rhzhmi2y3bg2-ServiceChain-2u4ubgfhunto-59-fszfmgsdlqjo-GnocchiMetricdBase-dhuqjdj4n6su" [30ccdf16-5e13-428a-8375-c465fbecd0e1] sleeping _sleep /usr/lib/python2.7/site-packages/heat/engine/scheduler.py:155
2017-06-19 17:02:12.310 2191 DEBUG heat.engine.stack [req-f94d4cc0-5977-47f4-9e68-acd8b0ad065e - admin - - -] Persisting stack overcloud-ControllerServiceChain-rhzhmi2y3bg2-ServiceChain-2u4ubgfhunto-59-fszfmgsdlqjo-GnocchiMetricdBase-dhuqjdj4n6su-GnocchiServiceBase-a5kk4pjvriqp status CREATE COMPLETE _send_notification_and_add_event /usr/lib/python2.7/site-packages/heat/engine/stack.py:978
2017-06-19 17:02:12.312 2186 INFO heat.engine.stack [req-f94d4cc0-5977-47f4-9e68-acd8b0ad065e - admin - - -] Stack CREATE COMPLETE (overcloud-ControllerServiceChain-rhzhmi2y3bg2-ServiceChain-2u4ubgfhunto-23-45tjkiv56dm3): Stack CREATE completed successfully: StopIteration
2017-06-19 17:02:12.313 2191 DEBUG heat.engine.scheduler [req-f94d4cc0-5977-47f4-9e68-acd8b0ad065e - admin - - -] Task create starting start /usr/lib/python2.7/site-packages/heat/engine/scheduler.py:182
2017-06-19 17:02:12.313 2186 DEBUG heat.engine.scheduler [req-f94d4cc0-5977-47f4-9e68-acd8b0ad065e - admin - - -] Task stack_task from Stack "overcloud-ControllerServiceChain-rhzhmi2y3bg2-ServiceChain-2u4ubgfhunto-23-45tjkiv56dm3" [870c1bda-023c-4b39-a0d2-cd61e757bc1f] complete: StopIteration step /usr/lib/python2.7/site-packages/heat/engine/scheduler.py:220
2017-06-19 17:02:12.313 2191 DEBUG heat.engine.scheduler [req-f94d4cc0-5977-47f4-9e68-acd8b0ad065e - admin - - -] Task create running step /usr/lib/python2.7/site-packages/heat/engine/scheduler.py:214
2017-06-19 17:02:12.313 2191 INFO heat.engine.resource [req-f94d4cc0-5977-47f4-9e68-acd8b0ad065e - admin - - -] creating TemplateResource "AodhListenerBase" Stack "overcloud-ControllerServiceChain-rhzhmi2y3bg2-ServiceChain-2u4ubgfhunto-70-acsayh33uzsy" [630b3dfb-73f0-4eee-9743-b3cd3c3f0313]: StopIteration
2017-06-19 17:02:12.318 2187 INFO heat.engine.stack [req-f94d4cc0-5977-47f4-9e68-acd8b0ad065e - admin - - -] Stack CREATE COMPLETE (overcloud-ControllerServiceChain-rhzhmi2y3bg2-ServiceChain-2u4ubgfhunto-70-acsayh33uzsy-ContainersCommon-uq5srerjwqyf): Stack CREATE completed successfully: StopIteration
2017-06-19 17:02:12.318 2187 DEBUG heat.engine.scheduler [req-f94d4cc0-5977-47f4-9e68-acd8b0ad065e - admin - - -] Task stack_task from Stack "overcloud-ControllerServiceChain-rhzhmi2y3bg2-ServiceChain-2u4ubgfhunto-70-acsayh33uzsy-ContainersCommon-uq5srerjwqyf" [31166162-6521-45f8-b7c3-40c224d0e939] complete: StopIteration step /usr/lib/python2.7/site-packages/heat/engine/scheduler.py:220
2017-06-19 17:02:12.319 2186 DEBUG heat.engine.stack [req-f94d4cc0-5977-47f4-9e68-acd8b0ad065e - admin - - -] Persisting stack overcloud-ControllerServiceChain-rhzhmi2y3bg2-ServiceChain-2u4ubgfhunto-23-45tjkiv56dm3 status CREATE COMPLETE _send_notification_and_add_event /usr/lib/python2.7/site-packages/heat/engine/stack.py:978
2017-06-19 17:02:12.322 2187 DEBUG heat.engine.stack [req-f94d4cc0-5977-47f4-9e68-acd8b0ad065e - admin - - -] Persisting stack overcloud-ControllerServiceChain-rhzhmi2y3bg2-ServiceChain-2u4ubgfhunto-70-acsayh33uzsy-ContainersCommon-uq5srerjwqyf status CREATE COMPLETE _send_notification_and_add_event /usr/lib/python2.7/site-packages/heat/engine/stack.py:978
2017-06-19 17:02:12.330 2186 DEBUG heat.engine.scheduler [req-f94d4cc0-5977-47f4-9e68-acd8b0ad065e - admin - - -] Task create starting start /usr/lib/python2.7/site-packages/heat/engine/scheduler.py:182
2017-06-19 17:02:12.330 2186 DEBUG heat.engine.scheduler [req-f94d4cc0-5977-47f4-9e68-acd8b0ad065e - admin - - -] Task create running step /usr/lib/python2.7/site-packages/heat/engine/scheduler.py:214
2017-06-19 17:02:12.330 2186 INFO heat.engine.resource [req-f94d4cc0-5977-47f4-9e68-acd8b0ad065e - admin - - -] creating NoneResource "87" Stack "overcloud-ControllerServiceChain-rhzhmi2y3bg2-ServiceChain-2u4ubgfhunto" [23dfc1d4-ab5b-4832-a5f3-48c7aefee8f6]: StopIteration
2017-06-19 17:02:12.350 2186 DEBUG heat.engine.scheduler [req-f94d4cc0-5977-47f4-9e68-acd8b0ad065e - admin - - -] Task create starting start /usr/lib/python2.7/site-packages/heat/engine/scheduler.py:182
2017-06-19 17:02:12.350 2186 DEBUG heat.engine.scheduler [req-f94d4cc0-5977-47f4-9e68-acd8b0ad065e - admin - - -] Task create running step /usr/lib/python2.7/site-packages/heat/engine/scheduler.py:214
2017-06-19 17:02:12.350 2186 INFO heat.engine.resource [req-f94d4cc0-5977-47f4-9e68-acd8b0ad065e - admin - - -] creating TemplateResource "8" Stack "overcloud-ControllerServiceChain-rhzhmi2y3bg2-ServiceChain-2u4ubgfhunto" [23dfc1d4-ab5b-4832-a5f3-48c7aefee8f6]: StopIteration
2017-06-19 17:02:12.355 2190 INFO heat.engine.service [req-f94d4cc0-5977-47f4-9e68-acd8b0ad065e - admin - - -] Creating stack overcloud-ControllerServiceChain-rhzhmi2y3bg2-ServiceChain-2u4ubgfhunto-70-acsayh33uzsy-AodhListenerBase-di24znq227to
2017-06-19 17:02:12.360 2192 DEBUG heat.engine.scheduler [req-f94d4cc0-5977-47f4-9e68-acd8b0ad065e - admin - - -] Task update_task from Stack "overcloud" [3aa051e2-a1fa-4e34-8260-6fc2b4b2de51] running step /usr/lib/python2.7/site-packages/heat/engine/scheduler.py:214
2017-06-19 17:02:12.360 2192 DEBUG heat.engine.scheduler [req-f94d4cc0-5977-47f4-9e68-acd8b0ad065e - admin - - -] Task Stack "overcloud" [3aa051e2-a1fa-4e34-8260-6fc2b4b2de51] Update running step /usr/lib/python2.7/site-packages/heat/engine/scheduler.py:214
2017-06-19 17:02:12.361 2192 DEBUG heat.engine.scheduler [req-f94d4cc0-5977-47f4-9e68-acd8b0ad065e - admin - - -] Task _resource_update from Stack "overcloud" [3aa051e2-a1fa-4e34-8260-6fc2b4b2de51] Update running step /usr/lib/python2.7/site-packages/heat/engine/scheduler.py:214
2017-06-19 17:02:12.364 2192 DEBUG heat.engine.scheduler [req-f94d4cc0-5977-47f4-9e68-acd8b0ad065e - admin - - -] Task update_task from Stack "overcloud" [3aa051e2-a1fa-4e34-8260-6fc2b4b2de51] sleeping _sleep /usr/lib/python2.7/site-packages/heat/engine/scheduler.py:155
2017-06-19 17:02:12.392 2190 DEBUG heat.engine.parameter_groups [req-f94d4cc0-5977-47f4-9e68-acd8b0ad065e - admin - - -] Validating Parameter Groups: OS::project_id, DefaultPasswords, OS::stack_id, ServiceNetMap, RoleParameters, MonitoringSubscriptionAodhListener, EndpointMap, RoleName validate /usr/lib/python2.7/site-packages/heat/engine/parameter_groups.py:42
2017-06-19 17:02:12.392 2190 INFO heat.engine.resource [req-f94d4cc0-5977-47f4-9e68-acd8b0ad065e - admin - - -] Validating TemplateResource "AodhBase": EntityNotFound: The Resource Type (http://192.168.0.1:8080/v1/AUTH_6874b222f8c247979e6ec9af708e6edd/overcloud/puppet/services/aodh-base.yaml) could not be found.
2017-06-19 17:02:12.400 2188 INFO heat.engine.service [req-f94d4cc0-5977-47f4-9e68-acd8b0ad065e - admin - - -] Creating stack overcloud-ControllerServiceChain-rhzhmi2y3bg2-ServiceChain-2u4ubgfhunto-8-utfvrnidndvm
2017-06-19 17:02:12.469 2188 DEBUG heat.engine.parameter_groups [req-4531ea2e-0436-4a65-a51c-a27a1dd1366a - - - - -] Validating Parameter Groups: OS::project_id, DefaultPasswords, OS::stack_id, DockerNamespace, DockerCinderConfigImage, DockerCinderSchedulerImage, ServiceNetMap, RoleParameters, EndpointMap, RoleName validate /usr/lib/python2.7/site-packages/heat/engine/parameter_groups.py:42
2017-06-19 17:02:12.470 2188 INFO heat.engine.resource [req-4531ea2e-0436-4a65-a51c-a27a1dd1366a - - - - -] Validating TemplateResource "CinderBase": EntityNotFound: The Resource Type (http://192.168.0.1:8080/v1/AUTH_6874b222f8c247979e6ec9af708e6edd/overcloud/puppet/services/cinder-scheduler.yaml) could not be found.
2017-06-19 17:02:12.471 2188 INFO heat.engine.resource [req-4531ea2e-0436-4a65-a51c-a27a1dd1366a - - - - -] Validating TemplateResource "ContainersCommon": EntityNotFound: The Resource Type (http://192.168.0.1:8080/v1/AUTH_6874b222f8c247979e6ec9af708e6edd/overcloud/docker/services/containers-common.yaml) could not be found.
2017-06-19 17:02:12.423 2190 DEBUG heat.engine.stack_lock [req-f94d4cc0-5977-47f4-9e68-acd8b0ad065e - admin - - -] Engine 77b11944-5674-4fb1-a4a6-485240bffb5b acquired lock on stack c4f19798-8b8d-4f29-b25c-ef171ab11997 acquire /usr/lib/python2.7/site-packages/heat/engine/stack_lock.py:64
2017-06-19 17:02:12.799 2191 DEBUG heat.engine.scheduler [req-f94d4cc0-5977-47f4-9e68-acd8b0ad065e - admin - - -] Task stack_task from Stack "overcloud-ControllerServiceChain-rhzhmi2y3bg2-ServiceChain-2u4ubgfhunto-70-acsayh33uzsy" [630b3dfb-73f0-4eee-9743-b3cd3c3f0313] sleeping _sleep /usr/lib/python2.7/site-packages/heat/engine/scheduler.py:155
2017-06-19 17:02:12.800 2191 DEBUG heat.engine.scheduler [req-f94d4cc0-5977-47f4-9e68-acd8b0ad065e - admin - - -] Task stack_task from Stack "overcloud-ControllerServiceChain-rhzhmi2y3bg2-ServiceChain-2u4ubgfhunto-70-acsayh33uzsy" [630b3dfb-73f0-4eee-9743-b3cd3c3f0313] running step /usr/lib/python2.7/site-packages/heat/engine/scheduler.py:214
2017-06-19 17:02:12.800 2191 DEBUG heat.engine.scheduler [req-f94d4cc0-5977-47f4-9e68-acd8b0ad065e - admin - - -] Task create running step /usr/lib/python2.7/site-packages/heat/engine/scheduler.py:214
2017-06-19 17:02:12.819 2190 DEBUG heat.engine.scheduler [req-f94d4cc0-5977-47f4-9e68-acd8b0ad065e - admin - - -] Task stack_task from Stack "overcloud-ControllerServiceChain-rhzhmi2y3bg2-ServiceChain-2u4ubgfhunto-70-acsayh33uzsy-AodhListenerBase-di24znq227to" [c4f19798-8b8d-4f29-b25c-ef171ab11997] starting start /usr/lib/python2.7/site-packages/heat/engine/scheduler.py:182
2017-06-19 17:02:12.819 2190 DEBUG heat.engine.scheduler [req-f94d4cc0-5977-47f4-9e68-acd8b0ad065e - admin - - -] Task stack_task from Stack "overcloud-ControllerServiceChain-rhzhmi2y3bg2-ServiceChain-2u4ubgfhunto-70-acsayh33uzsy-AodhListenerBase-di24znq227to" [c4f19798-8b8d-4f29-b25c-ef171ab11997] running step /usr/lib/python2.7/site-packages/heat/engine/scheduler.py:214
2017-06-19 17:02:12.820 2190 INFO heat.engine.stack [req-f94d4cc0-5977-47f4-9e68-acd8b0ad065e - admin - - -] Stack CREATE IN_PROGRESS (overcloud-ControllerServiceChain-rhzhmi2y3bg2-ServiceChain-2u4ubgfhunto-70-acsayh33uzsy-AodhListenerBase-di24znq227to): Stack CREATE started
2017-06-19 17:02:12.823 2190 DEBUG heat.engine.stack [req-f94d4cc0-5977-47f4-9e68-acd8b0ad065e - admin - - -] Persisting stack overcloud-ControllerServiceChain-rhzhmi2y3bg2-ServiceChain-2u4ubgfhunto-70-acsayh33uzsy-AodhListenerBase-di24znq227to status CREATE IN_PROGRESS _send_notification_and_add_event /usr/lib/python2.7/site-packages/heat/engine/stack.py:978
2017-06-19 17:02:12.832 2190 DEBUG heat.engine.scheduler [req-f94d4cc0-5977-47f4-9e68-acd8b0ad065e - admin - - -] Task create starting start /usr/lib/python2.7/site-packages/heat/engine/scheduler.py:182
2017-06-19 17:02:12.832 2190 DEBUG heat.engine.scheduler [req-f94d4cc0-5977-47f4-9e68-acd8b0ad065e - admin - - -] Task create running step /usr/lib/python2.7/site-packages/heat/engine/scheduler.py:214
2017-06-19 17:02:12.833 2190 INFO heat.engine.resource [req-f94d4cc0-5977-47f4-9e68-acd8b0ad065e - admin - - -] creating TemplateResource "AodhBase" Stack "overcloud-ControllerServiceChain-rhzhmi2y3bg2-ServiceChain-2u4ubgfhunto-70-acsayh33uzsy-AodhListenerBase-di24znq227to" [c4f19798-8b8d-4f29-b25c-ef171ab11997]: StopIteration
2017-06-19 17:02:12.843 2191 DEBUG heat.engine.scheduler [req-f94d4cc0-5977-47f4-9e68-acd8b0ad065e - admin - - -] Task create complete: StopIteration step /usr/lib/python2.7/site-packages/heat/engine/scheduler.py:220
2017-06-19 17:02:12.843 2191 DEBUG heat.engine.scheduler [req-f94d4cc0-5977-47f4-9e68-acd8b0ad065e - admin - - -] Task create running step /usr/lib/python2.7/site-packages/heat/engine/scheduler.py:214
2017-06-19 17:02:12.848 2191 DEBUG heat.engine.scheduler [req-f94d4cc0-5977-47f4-9e68-acd8b0ad065e - admin - - -] Task stack_task from Stack "overcloud-ControllerServiceChain-rhzhmi2y3bg2-ServiceChain-2u4ubgfhunto-70-acsayh33uzsy" [630b3dfb-73f0-4eee-9743-b3cd3c3f0313] sleeping _sleep /usr/lib/python2.7/site-packages/heat/engine/scheduler.py:155
2017-06-19 17:02:12.503 2188 DEBUG heat.engine.stack_lock [req-f94d4cc0-5977-47f4-9e68-acd8b0ad065e - admin - - -] Engine e17f011f-11fb-4423-85fc-6e2a476f85a3 acquired lock on stack 951d1953-6555-45a1-b2d5-f16f6a53ddf7 acquire /usr/lib/python2.7/site-packages/heat/engine/stack_lock.py:64
2017-06-19 17:02:12.863 2186 DEBUG heat.engine.scheduler [req-f94d4cc0-5977-47f4-9e68-acd8b0ad065e - admin - - -] Task create starting start /usr/lib/python2.7/site-packages/heat/engine/scheduler.py:182
2017-06-19 17:02:12.864 2186 DEBUG heat.engine.scheduler [req-f94d4cc0-5977-47f4-9e68-acd8b0ad065e - admin - - -] Task create running step /usr/lib/python2.7/site-packages/heat/engine/scheduler.py:214
2017-06-19 17:02:12.864 2186 INFO heat.engine.resource [req-f94d4cc0-5977-47f4-9e68-acd8b0ad065e - admin - - -] creating TemplateResource "37" Stack "overcloud-ControllerServiceChain-rhzhmi2y3bg2-ServiceChain-2u4ubgfhunto" [23dfc1d4-ab5b-4832-a5f3-48c7aefee8f6]: StopIteration
2017-06-19 17:02:12.871 2189 INFO heat.engine.service [req-f94d4cc0-5977-47f4-9e68-acd8b0ad065e - admin - - -] Creating stack overcloud-ControllerServiceChain-rhzhmi2y3bg2-ServiceChain-2u4ubgfhunto-70-acsayh33uzsy-AodhListenerBase-di24znq227to-AodhBase-bonhp6ykwhxp
2017-06-19 17:02:12.899 2188 DEBUG heat.engine.scheduler [req-f94d4cc0-5977-47f4-9e68-acd8b0ad065e - admin - - -] Task stack_task from Stack "overcloud-ControllerServiceChain-rhzhmi2y3bg2-ServiceChain-2u4ubgfhunto-8-utfvrnidndvm" [951d1953-6555-45a1-b2d5-f16f6a53ddf7] starting start /usr/lib/python2.7/site-packages/heat/engine/scheduler.py:182
2017-06-19 17:02:12.900 2188 DEBUG heat.engine.scheduler [req-f94d4cc0-5977-47f4-9e68-acd8b0ad065e - admin - - -] Task stack_task from Stack "overcloud-ControllerServiceChain-rhzhmi2y3bg2-ServiceChain-2u4ubgfhunto-8-utfvrnidndvm" [951d1953-6555-45a1-b2d5-f16f6a53ddf7] running step /usr/lib/python2.7/site-packages/heat/engine/scheduler.py:214
2017-06-19 17:02:12.900 2188 INFO heat.engine.stack [req-f94d4cc0-5977-47f4-9e68-acd8b0ad065e - admin - - -] Stack CREATE IN_PROGRESS (overcloud-ControllerServiceChain-rhzhmi2y3bg2-ServiceChain-2u4ubgfhunto-8-utfvrnidndvm): Stack CREATE started
2017-06-19 17:02:12.904 2188 DEBUG heat.engine.stack [req-f94d4cc0-5977-47f4-9e68-acd8b0ad065e - admin - - -] Persisting stack overcloud-ControllerServiceChain-rhzhmi2y3bg2-ServiceChain-2u4ubgfhunto-8-utfvrnidndvm status CREATE IN_PROGRESS _send_notification_and_add_event /usr/lib/python2.7/site-packages/heat/engine/stack.py:978
2017-06-19 17:02:12.905 2189 DEBUG heat.engine.parameter_groups [req-f94d4cc0-5977-47f4-9e68-acd8b0ad065e - admin - - -] Validating Parameter Groups: OS::project_id, DefaultPasswords, OS::stack_id, KeystoneRegion, AodhPassword, RabbitClientPort, RabbitClientUseSSL, ServiceNetMap, RabbitPassword, RoleParameters, RedisPassword, EndpointMap, RabbitUserName, Debug, RoleName, AodhDebug validate /usr/lib/python2.7/site-packages/heat/engine/parameter_groups.py:42
2017-06-19 17:02:12.915 2188 DEBUG heat.engine.scheduler [req-f94d4cc0-5977-47f4-9e68-acd8b0ad065e - admin - - -] Task create starting start /usr/lib/python2.7/site-packages/heat/engine/scheduler.py:182
2017-06-19 17:02:12.915 2188 DEBUG heat.engine.scheduler [req-f94d4cc0-5977-47f4-9e68-acd8b0ad065e - admin - - -] Task create running step /usr/lib/python2.7/site-packages/heat/engine/scheduler.py:214
2017-06-19 17:02:12.915 2188 INFO heat.engine.resource [req-f94d4cc0-5977-47f4-9e68-acd8b0ad065e - admin - - -] creating TemplateResource "CinderBase" Stack "overcloud-ControllerServiceChain-rhzhmi2y3bg2-ServiceChain-2u4ubgfhunto-8-utfvrnidndvm" [951d1953-6555-45a1-b2d5-f16f6a53ddf7]: StopIteration
2017-06-19 17:02:12.917 2185 INFO heat.engine.service [req-f94d4cc0-5977-47f4-9e68-acd8b0ad065e - admin - - -] Creating stack overcloud-ControllerServiceChain-rhzhmi2y3bg2-ServiceChain-2u4ubgfhunto-37-vn5u34cqk3yb
2017-06-19 17:02:12.953 2186 INFO heat.engine.service [req-f94d4cc0-5977-47f4-9e68-acd8b0ad065e - admin - - -] Creating stack overcloud-ControllerServiceChain-rhzhmi2y3bg2-ServiceChain-2u4ubgfhunto-8-utfvrnidndvm-CinderBase-34cenmw4tciq
2017-06-19 17:02:12.957 2185 DEBUG heat.engine.parameter_groups [req-f94d4cc0-5977-47f4-9e68-acd8b0ad065e - admin - - -] Validating Parameter Groups: OS::project_id, DefaultPasswords, OS::stack_id, DockerNamespace, ServiceNetMap, RoleParameters, EndpointMap, RoleName, DockerMongodbImage validate /usr/lib/python2.7/site-packages/heat/engine/parameter_groups.py:42
2017-06-19 17:02:12.958 2185 INFO heat.engine.resource [req-f94d4cc0-5977-47f4-9e68-acd8b0ad065e - admin - - -] Validating TemplateResource "MongodbPuppetBase": EntityNotFound: The Resource Type (http://192.168.0.1:8080/v1/AUTH_6874b222f8c247979e6ec9af708e6edd/overcloud/puppet/services/database/mongodb.yaml) could not be found.
2017-06-19 17:02:12.992 2186 DEBUG heat.engine.parameter_groups [req-f94d4cc0-5977-47f4-9e68-acd8b0ad065e - admin - - -] Validating Parameter Groups: OS::project_id, DefaultPasswords, OS::stack_id, MonitoringSubscriptionCinderScheduler, ServiceNetMap, RoleParameters, EndpointMap, RoleName, CinderSchedulerLoggingSource validate /usr/lib/python2.7/site-packages/heat/engine/parameter_groups.py:42
2017-06-19 17:02:12.992 2186 INFO heat.engine.resource [req-f94d4cc0-5977-47f4-9e68-acd8b0ad065e - admin - - -] Validating TemplateResource "CinderBase": EntityNotFound: The Resource Type (http://192.168.0.1:8080/v1/AUTH_6874b222f8c247979e6ec9af708e6edd/overcloud/puppet/services/cinder-base.yaml) could not be found.
2017-06-19 17:02:13.310 2187 DEBUG heat.engine.scheduler [req-f94d4cc0-5977-47f4-9e68-acd8b0ad065e - admin - - -] Task stack_task from Stack "overcloud-ControllerServiceChain-rhzhmi2y3bg2-ServiceChain-2u4ubgfhunto-59-fszfmgsdlqjo-GnocchiMetricdBase-dhuqjdj4n6su" [30ccdf16-5e13-428a-8375-c465fbecd0e1] running step /usr/lib/python2.7/site-packages/heat/engine/scheduler.py:214
2017-06-19 17:02:13.311 2187 DEBUG heat.engine.scheduler [req-f94d4cc0-5977-47f4-9e68-acd8b0ad065e - admin - - -] Task create running step /usr/lib/python2.7/site-packages/heat/engine/scheduler.py:214
2017-06-19 17:02:13.361 2187 DEBUG heat.engine.scheduler [req-f94d4cc0-5977-47f4-9e68-acd8b0ad065e - admin - - -] Task create complete: StopIteration step /usr/lib/python2.7/site-packages/heat/engine/scheduler.py:220
2017-06-19 17:02:13.362 2187 INFO heat.engine.stack [req-f94d4cc0-5977-47f4-9e68-acd8b0ad065e - admin - - -] Stack CREATE COMPLETE (overcloud-ControllerServiceChain-rhzhmi2y3bg2-ServiceChain-2u4ubgfhunto-59-fszfmgsdlqjo-GnocchiMetricdBase-dhuqjdj4n6su): Stack CREATE completed successfully: StopIteration
2017-06-19 17:02:13.362 2187 DEBUG heat.engine.scheduler [req-f94d4cc0-5977-47f4-9e68-acd8b0ad065e - admin - - -] Task stack_task from Stack "overcloud-ControllerServiceChain-rhzhmi2y3bg2-ServiceChain-2u4ubgfhunto-59-fszfmgsdlqjo-GnocchiMetricdBase-dhuqjdj4n6su" [30ccdf16-5e13-428a-8375-c465fbecd0e1] complete: StopIteration step /usr/lib/python2.7/site-packages/heat/engine/scheduler.py:220
2017-06-19 17:02:13.365 2192 DEBUG heat.engine.scheduler [req-f94d4cc0-5977-47f4-9e68-acd8b0ad065e - admin - - -] Task update_task from Stack "overcloud" [3aa051e2-a1fa-4e34-8260-6fc2b4b2de51] running step /usr/lib/python2.7/site-packages/heat/engine/scheduler.py:214
2017-06-19 17:02:13.366 2192 DEBUG heat.engine.scheduler [req-f94d4cc0-5977-47f4-9e68-acd8b0ad065e - admin - - -] Task Stack "overcloud" [3aa051e2-a1fa-4e34-8260-6fc2b4b2de51] Update running step /usr/lib/python2.7/site-packages/heat/engine/scheduler.py:214
2017-06-19 17:02:13.366 2192 DEBUG heat.engine.scheduler [req-f94d4cc0-5977-47f4-9e68-acd8b0ad065e - admin - - -] Task _resource_update from Stack "overcloud" [3aa051e2-a1fa-4e34-8260-6fc2b4b2de51] Update running step /usr/lib/python2.7/site-packages/heat/engine/scheduler.py:214
2017-06-19 17:02:13.370 2192 DEBUG heat.engine.scheduler [req-f94d4cc0-5977-47f4-9e68-acd8b0ad065e - admin - - -] Task update_task from Stack "overcloud" [3aa051e2-a1fa-4e34-8260-6fc2b4b2de51] sleeping _sleep /usr/lib/python2.7/site-packages/heat/engine/scheduler.py:155
2017-06-19 17:02:13.370 2187 DEBUG heat.engine.stack [req-f94d4cc0-5977-47f4-9e68-acd8b0ad065e - admin - - -] Persisting stack overcloud-ControllerServiceChain-rhzhmi2y3bg2-ServiceChain-2u4ubgfhunto-59-fszfmgsdlqjo-GnocchiMetricdBase-dhuqjdj4n6su status CREATE COMPLETE _send_notification_and_add_event /usr/lib/python2.7/site-packages/heat/engine/stack.py:978
2017-06-19 17:02:12.937 2189 DEBUG heat.engine.stack_lock [req-f94d4cc0-5977-47f4-9e68-acd8b0ad065e - admin - - -] Engine 84873935-05a7-4e7c-9615-df08121ebf8d acquired lock on stack c4109d50-dad7-41be-83be-040d7c2b8a2e acquire /usr/lib/python2.7/site-packages/heat/engine/stack_lock.py:64
2017-06-19 17:02:13.170 2189 DEBUG heat.engine.scheduler [req-f94d4cc0-5977-47f4-9e68-acd8b0ad065e - admin - - -] Task stack_task from Stack "overcloud-ControllerServiceChain-rhzhmi2y3bg2-ServiceChain-2u4ubgfhunto-59-fszfmgsdlqjo" [f6f38dee-0d5e-4a88-be74-f3f409bf03a2] running step /usr/lib/python2.7/site-packages/heat/engine/scheduler.py:214
2017-06-19 17:02:13.599 2189 DEBUG heat.engine.scheduler [req-f94d4cc0-5977-47f4-9e68-acd8b0ad065e - admin - - -] Task create running step /usr/lib/python2.7/site-packages/heat/engine/scheduler.py:214
2017-06-19 17:02:13.602 2189 DEBUG heat.engine.scheduler [req-f94d4cc0-5977-47f4-9e68-acd8b0ad065e - admin - - -] Task stack_task from Stack "overcloud-ControllerServiceChain-rhzhmi2y3bg2-ServiceChain-2u4ubgfhunto-70-acsayh33uzsy-AodhListenerBase-di24znq227to-AodhBase-bonhp6ykwhxp" [c4109d50-dad7-41be-83be-040d7c2b8a2e] starting start /usr/lib/python2.7/site-packages/heat/engine/scheduler.py:182
2017-06-19 17:02:13.603 2189 DEBUG heat.engine.scheduler [req-f94d4cc0-5977-47f4-9e68-acd8b0ad065e - admin - - -] Task stack_task from Stack "overcloud-ControllerServiceChain-rhzhmi2y3bg2-ServiceChain-2u4ubgfhunto-70-acsayh33uzsy-AodhListenerBase-di24znq227to-AodhBase-bonhp6ykwhxp" [c4109d50-dad7-41be-83be-040d7c2b8a2e] running step /usr/lib/python2.7/site-packages/heat/engine/scheduler.py:214
2017-06-19 17:02:13.603 2189 INFO heat.engine.stack [req-f94d4cc0-5977-47f4-9e68-acd8b0ad065e - admin - - -] Stack CREATE IN_PROGRESS (overcloud-ControllerServiceChain-rhzhmi2y3bg2-ServiceChain-2u4ubgfhunto-70-acsayh33uzsy-AodhListenerBase-di24znq227to-AodhBase-bonhp6ykwhxp): Stack CREATE started
2017-06-19 17:02:13.608 2190 DEBUG heat.engine.scheduler [req-f94d4cc0-5977-47f4-9e68-acd8b0ad065e - admin - - -] Task stack_task from Stack "overcloud-ControllerServiceChain-rhzhmi2y3bg2-ServiceChain-2u4ubgfhunto-70-acsayh33uzsy-AodhListenerBase-di24znq227to" [c4f19798-8b8d-4f29-b25c-ef171ab11997] sleeping _sleep /usr/lib/python2.7/site-packages/heat/engine/scheduler.py:155
2017-06-19 17:02:13.609 2190 DEBUG heat.engine.scheduler [req-f94d4cc0-5977-47f4-9e68-acd8b0ad065e - admin - - -] Task stack_task from Stack "overcloud-ControllerServiceChain-rhzhmi2y3bg2-ServiceChain-2u4ubgfhunto-70-acsayh33uzsy-AodhListenerBase-di24znq227to" [c4f19798-8b8d-4f29-b25c-ef171ab11997] running step /usr/lib/python2.7/site-packages/heat/engine/scheduler.py:214
2017-06-19 17:02:13.609 2189 DEBUG heat.engine.stack [req-f94d4cc0-5977-47f4-9e68-acd8b0ad065e - admin - - -] Persisting stack overcloud-ControllerServiceChain-rhzhmi2y3bg2-ServiceChain-2u4ubgfhunto-70-acsayh33uzsy-AodhListenerBase-di24znq227to-AodhBase-bonhp6ykwhxp status CREATE IN_PROGRESS _send_notification_and_add_event /usr/lib/python2.7/site-packages/heat/engine/stack.py:978
2017-06-19 17:02:13.609 2190 DEBUG heat.engine.scheduler [req-f94d4cc0-5977-47f4-9e68-acd8b0ad065e - admin - - -] Task create running step /usr/lib/python2.7/site-packages/heat/engine/scheduler.py:214
2017-06-19 17:02:13.613 2190 DEBUG heat.engine.scheduler [req-f94d4cc0-5977-47f4-9e68-acd8b0ad065e - admin - - -] Task stack_task from Stack "overcloud-ControllerServiceChain-rhzhmi2y3bg2-ServiceChain-2u4ubgfhunto-70-acsayh33uzsy-AodhListenerBase-di24znq227to" [c4f19798-8b8d-4f29-b25c-ef171ab11997] sleeping _sleep /usr/lib/python2.7/site-packages/heat/engine/scheduler.py:155
2017-06-19 17:02:13.628 2189 INFO heat.engine.stack [req-f94d4cc0-5977-47f4-9e68-acd8b0ad065e - admin - - -] Stack CREATE COMPLETE (overcloud-ControllerServiceChain-rhzhmi2y3bg2-ServiceChain-2u4ubgfhunto-70-acsayh33uzsy-AodhListenerBase-di24znq227to-AodhBase-bonhp6ykwhxp): Stack CREATE completed successfully: StopIteration
2017-06-19 17:02:13.629 2189 DEBUG heat.engine.scheduler [req-f94d4cc0-5977-47f4-9e68-acd8b0ad065e - admin - - -] Task stack_task from Stack "overcloud-ControllerServiceChain-rhzhmi2y3bg2-ServiceChain-2u4ubgfhunto-70-acsayh33uzsy-AodhListenerBase-di24znq227to-AodhBase-bonhp6ykwhxp" [c4109d50-dad7-41be-83be-040d7c2b8a2e] complete: StopIteration step /usr/lib/python2.7/site-packages/heat/engine/scheduler.py:220
2017-06-19 17:02:13.633 2189 DEBUG heat.engine.stack [req-f94d4cc0-5977-47f4-9e68-acd8b0ad065e - admin - - -] Persisting stack overcloud-ControllerServiceChain-rhzhmi2y3bg2-ServiceChain-2u4ubgfhunto-70-acsayh33uzsy-AodhListenerBase-di24znq227to-AodhBase-bonhp6ykwhxp status CREATE COMPLETE _send_notification_and_add_event /usr/lib/python2.7/site-packages/heat/engine/stack.py:978
2017-06-19 17:02:13.026 2186 DEBUG heat.engine.stack_lock [req-f94d4cc0-5977-47f4-9e68-acd8b0ad065e - admin - - -] Engine c744121f-ad58-4f67-89e2-e968394de477 acquired lock on stack 24a6c9d9-2620-418b-b233-0a48fe351764 acquire /usr/lib/python2.7/site-packages/heat/engine/stack_lock.py:64
2017-06-19 17:02:12.991 2185 DEBUG heat.engine.stack_lock [req-f94d4cc0-5977-47f4-9e68-acd8b0ad065e - admin - - -] Engine 6bbb036b-f0a7-47cd-9be4-61d1403bfd0c acquired lock on stack ce28464e-73e8-407d-9c6b-630c520bdc19 acquire /usr/lib/python2.7/site-packages/heat/engine/stack_lock.py:64
2017-06-19 17:02:13.162 2185 DEBUG heat.engine.scheduler [req-1a648c7c-42df-4fef-a48c-7db0e3ca60b1 - - - - -] Task update_task from Stack "overcloud-ControllerServiceChain-rhzhmi2y3bg2" [013d9e45-a7c8-4739-83b5-8b5afe938c7e] running step /usr/lib/python2.7/site-packages/heat/engine/scheduler.py:214
2017-06-19 17:02:13.698 2185 DEBUG heat.engine.scheduler [req-1a648c7c-42df-4fef-a48c-7db0e3ca60b1 - - - - -] Task Stack "overcloud-ControllerServiceChain-rhzhmi2y3bg2" [013d9e45-a7c8-4739-83b5-8b5afe938c7e] Update running step /usr/lib/python2.7/site-packages/heat/engine/scheduler.py:214
2017-06-19 17:02:13.698 2185 DEBUG heat.engine.scheduler [req-1a648c7c-42df-4fef-a48c-7db0e3ca60b1 - - - - -] Task _resource_update from Stack "overcloud-ControllerServiceChain-rhzhmi2y3bg2" [013d9e45-a7c8-4739-83b5-8b5afe938c7e] Update running step /usr/lib/python2.7/site-packages/heat/engine/scheduler.py:214
2017-06-19 17:02:13.699 2188 DEBUG heat.engine.scheduler [req-f94d4cc0-5977-47f4-9e68-acd8b0ad065e - admin - - -] Task create starting start /usr/lib/python2.7/site-packages/heat/engine/scheduler.py:182
2017-06-19 17:02:13.700 2188 DEBUG heat.engine.scheduler [req-f94d4cc0-5977-47f4-9e68-acd8b0ad065e - admin - - -] Task create running step /usr/lib/python2.7/site-packages/heat/engine/scheduler.py:214
2017-06-19 17:02:13.700 2188 INFO heat.engine.resource [req-f94d4cc0-5977-47f4-9e68-acd8b0ad065e - admin - - -] creating TemplateResource "ContainersCommon" Stack "overcloud-ControllerServiceChain-rhzhmi2y3bg2-ServiceChain-2u4ubgfhunto-8-utfvrnidndvm" [951d1953-6555-45a1-b2d5-f16f6a53ddf7]: StopIteration
2017-06-19 17:02:13.709 2185 DEBUG heat.engine.scheduler [req-1a648c7c-42df-4fef-a48c-7db0e3ca60b1 - - - - -] Task update_task from Stack "overcloud-ControllerServiceChain-rhzhmi2y3bg2" [013d9e45-a7c8-4739-83b5-8b5afe938c7e] sleeping _sleep /usr/lib/python2.7/site-packages/heat/engine/scheduler.py:155
2017-06-19 17:02:13.713 2189 DEBUG heat.engine.scheduler [req-f94d4cc0-5977-47f4-9e68-acd8b0ad065e - admin - - -] Task create complete: StopIteration step /usr/lib/python2.7/site-packages/heat/engine/scheduler.py:220
2017-06-19 17:02:13.714 2189 DEBUG heat.engine.scheduler [req-f94d4cc0-5977-47f4-9e68-acd8b0ad065e - admin - - -] Task create running step /usr/lib/python2.7/site-packages/heat/engine/scheduler.py:214
2017-06-19 17:02:13.725 2185 DEBUG heat.engine.scheduler [req-f94d4cc0-5977-47f4-9e68-acd8b0ad065e - admin - - -] Task stack_task from Stack "overcloud-ControllerServiceChain-rhzhmi2y3bg2-ServiceChain-2u4ubgfhunto-37-vn5u34cqk3yb" [ce28464e-73e8-407d-9c6b-630c520bdc19] starting start /usr/lib/python2.7/site-packages/heat/engine/scheduler.py:182
2017-06-19 17:02:13.726 2185 DEBUG heat.engine.scheduler [req-f94d4cc0-5977-47f4-9e68-acd8b0ad065e - admin - - -] Task stack_task from Stack "overcloud-ControllerServiceChain-rhzhmi2y3bg2-ServiceChain-2u4ubgfhunto-37-vn5u34cqk3yb" [ce28464e-73e8-407d-9c6b-630c520bdc19] running step /usr/lib/python2.7/site-packages/heat/engine/scheduler.py:214
2017-06-19 17:02:13.726 2185 INFO heat.engine.stack [req-f94d4cc0-5977-47f4-9e68-acd8b0ad065e - admin - - -] Stack CREATE IN_PROGRESS (overcloud-ControllerServiceChain-rhzhmi2y3bg2-ServiceChain-2u4ubgfhunto-37-vn5u34cqk3yb): Stack CREATE started
2017-06-19 17:02:13.726 2186 DEBUG heat.engine.scheduler [req-f94d4cc0-5977-47f4-9e68-acd8b0ad065e - admin - - -] Task create starting start /usr/lib/python2.7/site-packages/heat/engine/scheduler.py:182
2017-06-19 17:02:13.726 2186 DEBUG heat.engine.scheduler [req-f94d4cc0-5977-47f4-9e68-acd8b0ad065e - admin - - -] Task create running step /usr/lib/python2.7/site-packages/heat/engine/scheduler.py:214
2017-06-19 17:02:13.727 2186 INFO heat.engine.resource [req-f94d4cc0-5977-47f4-9e68-acd8b0ad065e - admin - - -] creating NoneResource "82" Stack "overcloud-ControllerServiceChain-rhzhmi2y3bg2-ServiceChain-2u4ubgfhunto" [23dfc1d4-ab5b-4832-a5f3-48c7aefee8f6]: StopIteration
2017-06-19 17:02:13.729 2188 INFO heat.engine.service [req-f94d4cc0-5977-47f4-9e68-acd8b0ad065e - admin - - -] Creating stack overcloud-ControllerServiceChain-rhzhmi2y3bg2-ServiceChain-2u4ubgfhunto-8-utfvrnidndvm-ContainersCommon-yurbceu5hufw
2017-06-19 17:02:13.729 2185 DEBUG heat.engine.stack [req-f94d4cc0-5977-47f4-9e68-acd8b0ad065e - admin - - -] Persisting stack overcloud-ControllerServiceChain-rhzhmi2y3bg2-ServiceChain-2u4ubgfhunto-37-vn5u34cqk3yb status CREATE IN_PROGRESS _send_notification_and_add_event /usr/lib/python2.7/site-packages/heat/engine/stack.py:978
2017-06-19 17:02:13.736 2186 DEBUG heat.engine.scheduler [req-f94d4cc0-5977-47f4-9e68-acd8b0ad065e - admin - - -] Task stack_task from Stack "overcloud-ControllerServiceChain-rhzhmi2y3bg2-ServiceChain-2u4ubgfhunto-8-utfvrnidndvm-CinderBase-34cenmw4tciq" [24a6c9d9-2620-418b-b233-0a48fe351764] starting start /usr/lib/python2.7/site-packages/heat/engine/scheduler.py:182
2017-06-19 17:02:13.737 2186 DEBUG heat.engine.scheduler [req-f94d4cc0-5977-47f4-9e68-acd8b0ad065e - admin - - -] Task stack_task from Stack "overcloud-ControllerServiceChain-rhzhmi2y3bg2-ServiceChain-2u4ubgfhunto-8-utfvrnidndvm-CinderBase-34cenmw4tciq" [24a6c9d9-2620-418b-b233-0a48fe351764] running step /usr/lib/python2.7/site-packages/heat/engine/scheduler.py:214
2017-06-19 17:02:13.738 2186 INFO heat.engine.stack [req-f94d4cc0-5977-47f4-9e68-acd8b0ad065e - admin - - -] Stack CREATE IN_PROGRESS (overcloud-ControllerServiceChain-rhzhmi2y3bg2-ServiceChain-2u4ubgfhunto-8-utfvrnidndvm-CinderBase-34cenmw4tciq): Stack CREATE started
2017-06-19 17:02:13.739 2185 DEBUG heat.engine.scheduler [req-f94d4cc0-5977-47f4-9e68-acd8b0ad065e - admin - - -] Task create starting start /usr/lib/python2.7/site-packages/heat/engine/scheduler.py:182
2017-06-19 17:02:13.740 2185 DEBUG heat.engine.scheduler [req-f94d4cc0-5977-47f4-9e68-acd8b0ad065e - admin - - -] Task create running step /usr/lib/python2.7/site-packages/heat/engine/scheduler.py:214
2017-06-19 17:02:13.740 2185 INFO heat.engine.resource [req-f94d4cc0-5977-47f4-9e68-acd8b0ad065e - admin - - -] creating TemplateResource "MongodbPuppetBase" Stack "overcloud-ControllerServiceChain-rhzhmi2y3bg2-ServiceChain-2u4ubgfhunto-37-vn5u34cqk3yb" [ce28464e-73e8-407d-9c6b-630c520bdc19]: StopIteration
2017-06-19 17:02:13.744 2186 DEBUG heat.engine.stack [req-f94d4cc0-5977-47f4-9e68-acd8b0ad065e - admin - - -] Persisting stack overcloud-ControllerServiceChain-rhzhmi2y3bg2-ServiceChain-2u4ubgfhunto-8-utfvrnidndvm-CinderBase-34cenmw4tciq status CREATE IN_PROGRESS _send_notification_and_add_event /usr/lib/python2.7/site-packages/heat/engine/stack.py:978
2017-06-19 17:02:13.759 2186 DEBUG heat.engine.scheduler [req-f94d4cc0-5977-47f4-9e68-acd8b0ad065e - admin - - -] Task create starting start /usr/lib/python2.7/site-packages/heat/engine/scheduler.py:182
2017-06-19 17:02:13.759 2189 DEBUG heat.engine.scheduler [req-f94d4cc0-5977-47f4-9e68-acd8b0ad065e - admin - - -] Task create complete: StopIteration step /usr/lib/python2.7/site-packages/heat/engine/scheduler.py:220
2017-06-19 17:02:13.759 2186 DEBUG heat.engine.scheduler [req-f94d4cc0-5977-47f4-9e68-acd8b0ad065e - admin - - -] Task create running step /usr/lib/python2.7/site-packages/heat/engine/scheduler.py:214
2017-06-19 17:02:13.760 2189 INFO heat.engine.stack [req-f94d4cc0-5977-47f4-9e68-acd8b0ad065e - admin - - -] Stack CREATE COMPLETE (overcloud-ControllerServiceChain-rhzhmi2y3bg2-ServiceChain-2u4ubgfhunto-59-fszfmgsdlqjo): Stack CREATE completed successfully: StopIteration
2017-06-19 17:02:13.760 2186 INFO heat.engine.resource [req-f94d4cc0-5977-47f4-9e68-acd8b0ad065e - admin - - -] creating TemplateResource "69" Stack "overcloud-ControllerServiceChain-rhzhmi2y3bg2-ServiceChain-2u4ubgfhunto" [23dfc1d4-ab5b-4832-a5f3-48c7aefee8f6]: StopIteration
2017-06-19 17:02:13.760 2189 DEBUG heat.engine.scheduler [req-f94d4cc0-5977-47f4-9e68-acd8b0ad065e - admin - - -] Task stack_task from Stack "overcloud-ControllerServiceChain-rhzhmi2y3bg2-ServiceChain-2u4ubgfhunto-59-fszfmgsdlqjo" [f6f38dee-0d5e-4a88-be74-f3f409bf03a2] complete: StopIteration step /usr/lib/python2.7/site-packages/heat/engine/scheduler.py:220
2017-06-19 17:02:13.760 2188 DEBUG heat.engine.parameter_groups [req-f94d4cc0-5977-47f4-9e68-acd8b0ad065e - admin - - -] Validating Parameter Groups: OS::project_id, DefaultPasswords, OS::stack_id, ServiceNetMap, InternalTLSCAFile, RoleParameters, EndpointMap, RoleName, EnableInternalTLS validate /usr/lib/python2.7/site-packages/heat/engine/parameter_groups.py:42
2017-06-19 17:02:13.766 2189 DEBUG heat.engine.stack [req-f94d4cc0-5977-47f4-9e68-acd8b0ad065e - admin - - -] Persisting stack overcloud-ControllerServiceChain-rhzhmi2y3bg2-ServiceChain-2u4ubgfhunto-59-fszfmgsdlqjo status CREATE COMPLETE _send_notification_and_add_event /usr/lib/python2.7/site-packages/heat/engine/stack.py:978
2017-06-19 17:02:13.768 2186 DEBUG heat.engine.scheduler [req-f94d4cc0-5977-47f4-9e68-acd8b0ad065e - admin - - -] Task create starting start /usr/lib/python2.7/site-packages/heat/engine/scheduler.py:182
2017-06-19 17:02:13.768 2186 DEBUG heat.engine.scheduler [req-f94d4cc0-5977-47f4-9e68-acd8b0ad065e - admin - - -] Task create running step /usr/lib/python2.7/site-packages/heat/engine/scheduler.py:214
2017-06-19 17:02:13.768 2186 INFO heat.engine.resource [req-f94d4cc0-5977-47f4-9e68-acd8b0ad065e - admin - - -] creating TemplateResource "CinderBase" Stack "overcloud-ControllerServiceChain-rhzhmi2y3bg2-ServiceChain-2u4ubgfhunto-8-utfvrnidndvm-CinderBase-34cenmw4tciq" [24a6c9d9-2620-418b-b233-0a48fe351764]: StopIteration
2017-06-19 17:02:13.777 2189 INFO heat.engine.service [req-f94d4cc0-5977-47f4-9e68-acd8b0ad065e - admin - - -] Creating stack overcloud-ControllerServiceChain-rhzhmi2y3bg2-ServiceChain-2u4ubgfhunto-37-vn5u34cqk3yb-MongodbPuppetBase-iv6ny7joca5s
2017-06-19 17:02:13.818 2189 DEBUG heat.engine.parameter_groups [req-f94d4cc0-5977-47f4-9e68-acd8b0ad065e - admin - - -] Validating Parameter Groups: OS::project_id, DefaultPasswords, OS::stack_id, ServiceNetMap, MongoDbLoggingSource, RoleParameters, EndpointMap, MongodbMemoryLimit, RoleName, EnableInternalTLS validate /usr/lib/python2.7/site-packages/heat/engine/parameter_groups.py:42
2017-06-19 17:02:13.819 2189 INFO heat.engine.resource [req-f94d4cc0-5977-47f4-9e68-acd8b0ad065e - admin - - -] Validating TemplateResource "MongoDbBase": EntityNotFound: The Resource Type (http://192.168.0.1:8080/v1/AUTH_6874b222f8c247979e6ec9af708e6edd/overcloud/puppet/services/database/mongodb-base.yaml) could not be found.
2017-06-19 17:02:13.828 2185 INFO heat.engine.service [req-f94d4cc0-5977-47f4-9e68-acd8b0ad065e - admin - - -] Creating stack overcloud-ControllerServiceChain-rhzhmi2y3bg2-ServiceChain-2u4ubgfhunto-69-jauxy6r2bia4
2017-06-19 17:02:13.834 2186 INFO heat.engine.service [req-f94d4cc0-5977-47f4-9e68-acd8b0ad065e - admin - - -] Creating stack overcloud-ControllerServiceChain-rhzhmi2y3bg2-ServiceChain-2u4ubgfhunto-8-utfvrnidndvm-CinderBase-34cenmw4tciq-CinderBase-hkiqwvucpab5
2017-06-19 17:02:13.849 2191 DEBUG heat.engine.scheduler [req-f94d4cc0-5977-47f4-9e68-acd8b0ad065e - admin - - -] Task stack_task from Stack "overcloud-ControllerServiceChain-rhzhmi2y3bg2-ServiceChain-2u4ubgfhunto-70-acsayh33uzsy" [630b3dfb-73f0-4eee-9743-b3cd3c3f0313] running step /usr/lib/python2.7/site-packages/heat/engine/scheduler.py:214
