2017-06-19 16:36:09.432 2157 DEBUG oslo_service.service [-] constraint_validation_cache.caching = True log_opt_values /usr/lib/python2.7/site-packages/oslo_config/cfg.py:2799
2017-06-19 16:36:09.432 2157 DEBUG oslo_service.service [-] constraint_validation_cache.expiration_time = 60 log_opt_values /usr/lib/python2.7/site-packages/oslo_config/cfg.py:2799
2017-06-19 16:36:09.432 2157 DEBUG oslo_service.service [-] revision.heat_revision = 9.0.0 log_opt_values /usr/lib/python2.7/site-packages/oslo_config/cfg.py:2799
2017-06-19 16:36:09.433 2157 DEBUG oslo_service.service [-] clients_swift.ca_file = None log_opt_values /usr/lib/python2.7/site-packages/oslo_config/cfg.py:2799
2017-06-19 16:36:09.434 2157 DEBUG oslo_service.service [-] clients_swift.cert_file = None log_opt_values /usr/lib/python2.7/site-packages/oslo_config/cfg.py:2799
2017-06-19 16:36:09.434 2157 DEBUG oslo_service.service [-] clients_swift.endpoint_type = None log_opt_values /usr/lib/python2.7/site-packages/oslo_config/cfg.py:2799
2017-06-19 16:36:09.434 2187 WARNING oslo_config.cfg [req-9226630a-d0a8-4b92-b803-ffaac49e0f1b - - - - -] Option "db_backend" from group "DEFAULT" is deprecated. Use option "backend" from group "database".
2017-06-19 16:36:09.434 2157 DEBUG oslo_service.service [-] clients_swift.insecure = None log_opt_values /usr/lib/python2.7/site-packages/oslo_config/cfg.py:2799
2017-06-19 16:36:09.435 2157 DEBUG oslo_service.service [-] clients_swift.key_file = None log_opt_values /usr/lib/python2.7/site-packages/oslo_config/cfg.py:2799
2017-06-19 16:36:09.435 2157 DEBUG oslo_service.service [-] clients_senlin.ca_file = None log_opt_values /usr/lib/python2.7/site-packages/oslo_config/cfg.py:2799
2017-06-19 16:36:09.435 2157 DEBUG oslo_service.service [-] clients_senlin.cert_file = None log_opt_values /usr/lib/python2.7/site-packages/oslo_config/cfg.py:2799
2017-06-19 16:36:09.436 2157 DEBUG oslo_service.service [-] clients_senlin.endpoint_type = None log_opt_values /usr/lib/python2.7/site-packages/oslo_config/cfg.py:2799
2017-06-19 16:36:09.436 2157 DEBUG oslo_service.service [-] clients_senlin.insecure = None log_opt_values /usr/lib/python2.7/site-packages/oslo_config/cfg.py:2799
2017-06-19 16:36:09.436 2157 DEBUG oslo_service.service [-] clients_senlin.key_file = None log_opt_values /usr/lib/python2.7/site-packages/oslo_config/cfg.py:2799
2017-06-19 16:36:09.437 2157 DEBUG oslo_service.service [-] oslo_messaging_notifications.driver = ['messaging'] log_opt_values /usr/lib/python2.7/site-packages/oslo_config/cfg.py:2799
2017-06-19 16:36:09.438 2157 DEBUG oslo_service.service [-] oslo_messaging_notifications.retry = -1 log_opt_values /usr/lib/python2.7/site-packages/oslo_config/cfg.py:2799
2017-06-19 16:36:09.438 2157 DEBUG oslo_service.service [-] oslo_messaging_notifications.topics = ['notifications'] log_opt_values /usr/lib/python2.7/site-packages/oslo_config/cfg.py:2799
2017-06-19 16:36:09.438 2157 DEBUG oslo_service.service [-] oslo_messaging_notifications.transport_url = **** log_opt_values /usr/lib/python2.7/site-packages/oslo_config/cfg.py:2799
2017-06-19 16:36:09.438 2157 DEBUG oslo_service.service [-] clients_sahara.ca_file = None log_opt_values /usr/lib/python2.7/site-packages/oslo_config/cfg.py:2799
2017-06-19 16:36:09.438 2157 DEBUG oslo_service.service [-] clients_sahara.cert_file = None log_opt_values /usr/lib/python2.7/site-packages/oslo_config/cfg.py:2799
2017-06-19 16:36:09.439 2157 DEBUG oslo_service.service [-] clients_sahara.endpoint_type = None log_opt_values /usr/lib/python2.7/site-packages/oslo_config/cfg.py:2799
2017-06-19 16:36:09.439 2157 DEBUG oslo_service.service [-] clients_sahara.insecure = None log_opt_values /usr/lib/python2.7/site-packages/oslo_config/cfg.py:2799
2017-06-19 16:36:09.440 2157 DEBUG oslo_service.service [-] clients_sahara.key_file = None log_opt_values /usr/lib/python2.7/site-packages/oslo_config/cfg.py:2799
2017-06-19 16:36:09.440 2157 DEBUG oslo_service.service [-] oslo_concurrency.disable_process_locking = False log_opt_values /usr/lib/python2.7/site-packages/oslo_config/cfg.py:2799
2017-06-19 16:36:09.440 2157 DEBUG oslo_service.service [-] oslo_concurrency.lock_path = None log_opt_values /usr/lib/python2.7/site-packages/oslo_config/cfg.py:2799
2017-06-19 16:36:09.441 2157 DEBUG oslo_service.service [-] clients_barbican.ca_file = None log_opt_values /usr/lib/python2.7/site-packages/oslo_config/cfg.py:2799
2017-06-19 16:36:09.441 2157 DEBUG oslo_service.service [-] clients_barbican.cert_file = None log_opt_values /usr/lib/python2.7/site-packages/oslo_config/cfg.py:2799
2017-06-19 16:36:09.441 2157 DEBUG oslo_service.service [-] clients_barbican.endpoint_type = None log_opt_values /usr/lib/python2.7/site-packages/oslo_config/cfg.py:2799
2017-06-19 16:36:09.442 2157 DEBUG oslo_service.service [-] clients_barbican.insecure = None log_opt_values /usr/lib/python2.7/site-packages/oslo_config/cfg.py:2799
2017-06-19 16:36:09.442 2157 DEBUG oslo_service.service [-] clients_barbican.key_file = None log_opt_values /usr/lib/python2.7/site-packages/oslo_config/cfg.py:2799
2017-06-19 16:36:09.442 2191 WARNING oslo_config.cfg [req-66887cf4-cdc0-4988-9b8e-6a85ab0ece03 - - - - -] Option "db_backend" from group "DEFAULT" is deprecated. Use option "backend" from group "database".
2017-06-19 16:36:09.442 2157 DEBUG oslo_service.service [-] oslo_policy.policy_default_rule = default log_opt_values /usr/lib/python2.7/site-packages/oslo_config/cfg.py:2799
2017-06-19 16:36:09.444 2157 DEBUG oslo_service.service [-] oslo_policy.policy_dirs = ['policy.d'] log_opt_values /usr/lib/python2.7/site-packages/oslo_config/cfg.py:2799
2017-06-19 16:36:09.446 2157 DEBUG oslo_service.service [-] oslo_policy.policy_file = /etc/heat/policy.json log_opt_values /usr/lib/python2.7/site-packages/oslo_config/cfg.py:2799
2017-06-19 16:36:09.447 2157 DEBUG oslo_service.service [-] clients_keystone.auth_uri = http://192.168.0.1:35357 log_opt_values /usr/lib/python2.7/site-packages/oslo_config/cfg.py:2799
2017-06-19 16:36:09.447 2157 DEBUG oslo_service.service [-] clients_keystone.ca_file = None log_opt_values /usr/lib/python2.7/site-packages/oslo_config/cfg.py:2799
2017-06-19 16:36:09.447 2157 DEBUG oslo_service.service [-] clients_keystone.cert_file = None log_opt_values /usr/lib/python2.7/site-packages/oslo_config/cfg.py:2799
2017-06-19 16:36:09.448 2157 DEBUG oslo_service.service [-] clients_keystone.endpoint_type = None log_opt_values /usr/lib/python2.7/site-packages/oslo_config/cfg.py:2799
2017-06-19 16:36:09.448 2157 DEBUG oslo_service.service [-] clients_keystone.insecure = None log_opt_values /usr/lib/python2.7/site-packages/oslo_config/cfg.py:2799
2017-06-19 16:36:09.448 2157 DEBUG oslo_service.service [-] clients_keystone.key_file = None log_opt_values /usr/lib/python2.7/site-packages/oslo_config/cfg.py:2799
2017-06-19 16:36:09.449 2157 WARNING oslo_config.cfg [-] Option "db_backend" from group "DEFAULT" is deprecated. Use option "backend" from group "database".
2017-06-19 16:36:09.449 2157 DEBUG oslo_service.service [-] database.backend = heat.db.sqlalchemy.api log_opt_values /usr/lib/python2.7/site-packages/oslo_config/cfg.py:2799
2017-06-19 16:36:09.449 2157 DEBUG oslo_service.service [-] database.connection = **** log_opt_values /usr/lib/python2.7/site-packages/oslo_config/cfg.py:2799
2017-06-19 16:36:09.449 2192 WARNING oslo_config.cfg [req-c390f640-4bc3-48bd-82c1-7e5debcf3f5e - - - - -] Option "db_backend" from group "DEFAULT" is deprecated. Use option "backend" from group "database".
2017-06-19 16:36:09.449 2157 DEBUG oslo_service.service [-] database.connection_debug = 0 log_opt_values /usr/lib/python2.7/site-packages/oslo_config/cfg.py:2799
2017-06-19 16:36:09.450 2157 DEBUG oslo_service.service [-] database.connection_trace = False log_opt_values /usr/lib/python2.7/site-packages/oslo_config/cfg.py:2799
2017-06-19 16:36:09.450 2157 DEBUG oslo_service.service [-] database.db_inc_retry_interval = True log_opt_values /usr/lib/python2.7/site-packages/oslo_config/cfg.py:2799
2017-06-19 16:36:09.450 2157 DEBUG oslo_service.service [-] database.db_max_retries = 20 log_opt_values /usr/lib/python2.7/site-packages/oslo_config/cfg.py:2799
2017-06-19 16:36:09.450 2157 DEBUG oslo_service.service [-] database.db_max_retry_interval = 10 log_opt_values /usr/lib/python2.7/site-packages/oslo_config/cfg.py:2799
2017-06-19 16:36:09.450 2157 DEBUG oslo_service.service [-] database.db_retry_interval = 1 log_opt_values /usr/lib/python2.7/site-packages/oslo_config/cfg.py:2799
2017-06-19 16:36:09.451 2157 DEBUG oslo_service.service [-] database.idle_timeout = 3600 log_opt_values /usr/lib/python2.7/site-packages/oslo_config/cfg.py:2799
2017-06-19 16:36:09.451 2157 DEBUG oslo_service.service [-] database.max_overflow = 50 log_opt_values /usr/lib/python2.7/site-packages/oslo_config/cfg.py:2799
2017-06-19 16:36:09.451 2157 DEBUG oslo_service.service [-] database.max_pool_size = 5 log_opt_values /usr/lib/python2.7/site-packages/oslo_config/cfg.py:2799
2017-06-19 16:36:09.451 2157 DEBUG oslo_service.service [-] database.max_retries = 10 log_opt_values /usr/lib/python2.7/site-packages/oslo_config/cfg.py:2799
2017-06-19 16:36:09.452 2157 DEBUG oslo_service.service [-] database.min_pool_size = 1 log_opt_values /usr/lib/python2.7/site-packages/oslo_config/cfg.py:2799
2017-06-19 16:36:09.452 2157 DEBUG oslo_service.service [-] database.mysql_sql_mode = TRADITIONAL log_opt_values /usr/lib/python2.7/site-packages/oslo_config/cfg.py:2799
2017-06-19 16:36:09.452 2157 DEBUG oslo_service.service [-] database.pool_timeout = None log_opt_values /usr/lib/python2.7/site-packages/oslo_config/cfg.py:2799
2017-06-19 16:36:09.452 2157 DEBUG oslo_service.service [-] database.retry_interval = 10 log_opt_values /usr/lib/python2.7/site-packages/oslo_config/cfg.py:2799
2017-06-19 16:36:09.452 2157 DEBUG oslo_service.service [-] database.slave_connection = **** log_opt_values /usr/lib/python2.7/site-packages/oslo_config/cfg.py:2799
2017-06-19 16:36:09.452 2157 DEBUG oslo_service.service [-] database.sqlite_synchronous = True log_opt_values /usr/lib/python2.7/site-packages/oslo_config/cfg.py:2799
2017-06-19 16:36:09.453 2157 DEBUG oslo_service.service [-] database.use_db_reconnect = False log_opt_values /usr/lib/python2.7/site-packages/oslo_config/cfg.py:2799
2017-06-19 16:36:09.453 2157 DEBUG oslo_service.service [-] clients.ca_file = None log_opt_values /usr/lib/python2.7/site-packages/oslo_config/cfg.py:2799
2017-06-19 16:36:09.453 2157 DEBUG oslo_service.service [-] clients.cert_file = None log_opt_values /usr/lib/python2.7/site-packages/oslo_config/cfg.py:2799
2017-06-19 16:36:09.453 2157 DEBUG oslo_service.service [-] clients.endpoint_type = internal log_opt_values /usr/lib/python2.7/site-packages/oslo_config/cfg.py:2799
2017-06-19 16:36:09.453 2157 DEBUG oslo_service.service [-] clients.insecure = False log_opt_values /usr/lib/python2.7/site-packages/oslo_config/cfg.py:2799
2017-06-19 16:36:09.454 2157 DEBUG oslo_service.service [-] clients.key_file = None log_opt_values /usr/lib/python2.7/site-packages/oslo_config/cfg.py:2799
2017-06-19 16:36:09.454 2157 DEBUG oslo_service.service [-] clients_nova.ca_file = None log_opt_values /usr/lib/python2.7/site-packages/oslo_config/cfg.py:2799
2017-06-19 16:36:09.454 2157 DEBUG oslo_service.service [-] clients_nova.cert_file = None log_opt_values /usr/lib/python2.7/site-packages/oslo_config/cfg.py:2799
2017-06-19 16:36:09.454 2157 DEBUG oslo_service.service [-] clients_nova.endpoint_type = None log_opt_values /usr/lib/python2.7/site-packages/oslo_config/cfg.py:2799
2017-06-19 16:36:09.454 2157 DEBUG oslo_service.service [-] clients_nova.http_log_debug = False log_opt_values /usr/lib/python2.7/site-packages/oslo_config/cfg.py:2799
2017-06-19 16:36:09.455 2157 DEBUG oslo_service.service [-] clients_nova.insecure = None log_opt_values /usr/lib/python2.7/site-packages/oslo_config/cfg.py:2799
2017-06-19 16:36:09.454 2190 WARNING oslo_config.cfg [req-a960e5fd-5b1b-423b-90d5-31394aaf352f - - - - -] Option "db_backend" from group "DEFAULT" is deprecated. Use option "backend" from group "database".
2017-06-19 16:36:09.455 2157 DEBUG oslo_service.service [-] clients_nova.key_file = None log_opt_values /usr/lib/python2.7/site-packages/oslo_config/cfg.py:2799
2017-06-19 16:36:09.454 2187 DEBUG oslo_db.sqlalchemy.engines [req-9226630a-d0a8-4b92-b803-ffaac49e0f1b - - - - -] MySQL server mode set to STRICT_TRANS_TABLES,STRICT_ALL_TABLES,NO_ZERO_IN_DATE,NO_ZERO_DATE,ERROR_FOR_DIVISION_BY_ZERO,TRADITIONAL,NO_AUTO_CREATE_USER,NO_ENGINE_SUBSTITUTION: Empty _check_effective_sql_mode /usr/lib/python2.7/site-packages/oslo_db/sqlalchemy/engines.py:280
2017-06-19 16:36:09.455 2157 DEBUG oslo_service.service [-] clients_aodh.ca_file = None log_opt_values /usr/lib/python2.7/site-packages/oslo_config/cfg.py:2799
2017-06-19 16:36:09.455 2157 DEBUG oslo_service.service [-] clients_aodh.cert_file = None log_opt_values /usr/lib/python2.7/site-packages/oslo_config/cfg.py:2799
2017-06-19 16:36:09.455 2157 DEBUG oslo_service.service [-] clients_aodh.endpoint_type = None log_opt_values /usr/lib/python2.7/site-packages/oslo_config/cfg.py:2799
2017-06-19 16:36:09.455 2157 DEBUG oslo_service.service [-] clients_aodh.insecure = None log_opt_values /usr/lib/python2.7/site-packages/oslo_config/cfg.py:2799
2017-06-19 16:36:09.456 2157 DEBUG oslo_service.service [-] clients_aodh.key_file = None log_opt_values /usr/lib/python2.7/site-packages/oslo_config/cfg.py:2799
2017-06-19 16:36:09.456 2157 DEBUG oslo_service.service [-] clients_ceilometer.ca_file = None log_opt_values /usr/lib/python2.7/site-packages/oslo_config/cfg.py:2799
2017-06-19 16:36:09.456 2157 DEBUG oslo_service.service [-] clients_ceilometer.cert_file = None log_opt_values /usr/lib/python2.7/site-packages/oslo_config/cfg.py:2799
2017-06-19 16:36:09.456 2157 DEBUG oslo_service.service [-] clients_ceilometer.endpoint_type = None log_opt_values /usr/lib/python2.7/site-packages/oslo_config/cfg.py:2799
2017-06-19 16:36:09.456 2188 DEBUG oslo_db.sqlalchemy.engines [req-0634bede-d1c2-4766-ba3c-e03e451ecf0b - - - - -] MySQL server mode set to STRICT_TRANS_TABLES,STRICT_ALL_TABLES,NO_ZERO_IN_DATE,NO_ZERO_DATE,ERROR_FOR_DIVISION_BY_ZERO,TRADITIONAL,NO_AUTO_CREATE_USER,NO_ENGINE_SUBSTITUTION: Empty _check_effective_sql_mode /usr/lib/python2.7/site-packages/oslo_db/sqlalchemy/engines.py:280
2017-06-19 16:36:09.457 2157 DEBUG oslo_service.service [-] clients_ceilometer.insecure = None log_opt_values /usr/lib/python2.7/site-packages/oslo_config/cfg.py:2799
2017-06-19 16:36:09.457 2157 DEBUG oslo_service.service [-] clients_ceilometer.key_file = None log_opt_values /usr/lib/python2.7/site-packages/oslo_config/cfg.py:2799
2017-06-19 16:36:09.457 2157 DEBUG oslo_service.service [-] heat_api_cloudwatch.backlog = 4096 log_opt_values /usr/lib/python2.7/site-packages/oslo_config/cfg.py:2799
2017-06-19 16:36:09.457 2157 DEBUG oslo_service.service [-] heat_api_cloudwatch.bind_host = 0.0.0.0 log_opt_values /usr/lib/python2.7/site-packages/oslo_config/cfg.py:2799
2017-06-19 16:36:09.458 2157 DEBUG oslo_service.service [-] heat_api_cloudwatch.bind_port = 8003 log_opt_values /usr/lib/python2.7/site-packages/oslo_config/cfg.py:2799
2017-06-19 16:36:09.458 2157 DEBUG oslo_service.service [-] heat_api_cloudwatch.cert_file = None log_opt_values /usr/lib/python2.7/site-packages/oslo_config/cfg.py:2799
2017-06-19 16:36:09.458 2157 DEBUG oslo_service.service [-] heat_api_cloudwatch.key_file = None log_opt_values /usr/lib/python2.7/site-packages/oslo_config/cfg.py:2799
2017-06-19 16:36:09.459 2157 DEBUG oslo_service.service [-] heat_api_cloudwatch.max_header_line = 16384 log_opt_values /usr/lib/python2.7/site-packages/oslo_config/cfg.py:2799
2017-06-19 16:36:09.459 2157 DEBUG oslo_service.service [-] heat_api_cloudwatch.tcp_keepidle = 600 log_opt_values /usr/lib/python2.7/site-packages/oslo_config/cfg.py:2799
2017-06-19 16:36:09.459 2157 DEBUG oslo_service.service [-] heat_api_cloudwatch.workers = 1 log_opt_values /usr/lib/python2.7/site-packages/oslo_config/cfg.py:2799
2017-06-19 16:36:09.459 2157 DEBUG oslo_service.service [-] volumes.backups_enabled = True log_opt_values /usr/lib/python2.7/site-packages/oslo_config/cfg.py:2799
2017-06-19 16:36:09.460 2157 DEBUG oslo_service.service [-] heat_api_cfn.backlog = 4096 log_opt_values /usr/lib/python2.7/site-packages/oslo_config/cfg.py:2799
2017-06-19 16:36:09.460 2157 DEBUG oslo_service.service [-] heat_api_cfn.bind_host = 192.168.0.1 log_opt_values /usr/lib/python2.7/site-packages/oslo_config/cfg.py:2799
2017-06-19 16:36:09.459 2189 DEBUG oslo_db.sqlalchemy.engines [req-f9a67270-94f6-4a23-a1bc-f097b3b89d99 - - - - -] MySQL server mode set to STRICT_TRANS_TABLES,STRICT_ALL_TABLES,NO_ZERO_IN_DATE,NO_ZERO_DATE,ERROR_FOR_DIVISION_BY_ZERO,TRADITIONAL,NO_AUTO_CREATE_USER,NO_ENGINE_SUBSTITUTION: Empty _check_effective_sql_mode /usr/lib/python2.7/site-packages/oslo_db/sqlalchemy/engines.py:280
2017-06-19 16:36:09.460 2157 DEBUG oslo_service.service [-] heat_api_cfn.bind_port = 8000 log_opt_values /usr/lib/python2.7/site-packages/oslo_config/cfg.py:2799
2017-06-19 16:36:09.460 2157 DEBUG oslo_service.service [-] heat_api_cfn.cert_file = None log_opt_values /usr/lib/python2.7/site-packages/oslo_config/cfg.py:2799
2017-06-19 16:36:09.461 2157 DEBUG oslo_service.service [-] heat_api_cfn.key_file = None log_opt_values /usr/lib/python2.7/site-packages/oslo_config/cfg.py:2799
2017-06-19 16:36:09.461 2157 DEBUG oslo_service.service [-] heat_api_cfn.max_header_line = 16384 log_opt_values /usr/lib/python2.7/site-packages/oslo_config/cfg.py:2799
2017-06-19 16:36:09.461 2157 DEBUG oslo_service.service [-] heat_api_cfn.tcp_keepidle = 600 log_opt_values /usr/lib/python2.7/site-packages/oslo_config/cfg.py:2799
2017-06-19 16:36:09.461 2157 DEBUG oslo_service.service [-] heat_api_cfn.workers = 4 log_opt_values /usr/lib/python2.7/site-packages/oslo_config/cfg.py:2799
2017-06-19 16:36:09.461 2157 DEBUG oslo_service.service [-] clients_neutron.ca_file = None log_opt_values /usr/lib/python2.7/site-packages/oslo_config/cfg.py:2799
2017-06-19 16:36:09.461 2157 DEBUG oslo_service.service [-] clients_neutron.cert_file = None log_opt_values /usr/lib/python2.7/site-packages/oslo_config/cfg.py:2799
2017-06-19 16:36:09.462 2157 DEBUG oslo_service.service [-] clients_neutron.endpoint_type = None log_opt_values /usr/lib/python2.7/site-packages/oslo_config/cfg.py:2799
2017-06-19 16:36:09.462 2157 DEBUG oslo_service.service [-] clients_neutron.insecure = None log_opt_values /usr/lib/python2.7/site-packages/oslo_config/cfg.py:2799
2017-06-19 16:36:09.462 2157 DEBUG oslo_service.service [-] clients_neutron.key_file = None log_opt_values /usr/lib/python2.7/site-packages/oslo_config/cfg.py:2799
2017-06-19 16:36:09.463 2157 DEBUG oslo_service.service [-] oslo_versionedobjects.fatal_exception_format_errors = False log_opt_values /usr/lib/python2.7/site-packages/oslo_config/cfg.py:2799
2017-06-19 16:36:09.463 2157 DEBUG oslo_service.service [-] ******************************************************************************** log_opt_values /usr/lib/python2.7/site-packages/oslo_config/cfg.py:2801
2017-06-19 16:36:09.465 2186 DEBUG oslo_db.sqlalchemy.engines [req-310dd845-d7f1-47e4-a180-b40c095a8585 - - - - -] MySQL server mode set to STRICT_TRANS_TABLES,STRICT_ALL_TABLES,NO_ZERO_IN_DATE,NO_ZERO_DATE,ERROR_FOR_DIVISION_BY_ZERO,TRADITIONAL,NO_AUTO_CREATE_USER,NO_ENGINE_SUBSTITUTION: Empty _check_effective_sql_mode /usr/lib/python2.7/site-packages/oslo_db/sqlalchemy/engines.py:280
2017-06-19 16:36:09.475 2191 DEBUG oslo_db.sqlalchemy.engines [req-66887cf4-cdc0-4988-9b8e-6a85ab0ece03 - - - - -] MySQL server mode set to STRICT_TRANS_TABLES,STRICT_ALL_TABLES,NO_ZERO_IN_DATE,NO_ZERO_DATE,ERROR_FOR_DIVISION_BY_ZERO,TRADITIONAL,NO_AUTO_CREATE_USER,NO_ENGINE_SUBSTITUTION: Empty _check_effective_sql_mode /usr/lib/python2.7/site-packages/oslo_db/sqlalchemy/engines.py:280
2017-06-19 16:36:09.478 2185 DEBUG heat.engine.service [req-1636d02b-dba6-4c3d-b6a4-b19598273781 - - - - -] Service 503e51f7-00ca-4dab-b8f4-f7b9dc974b08 is started service_manage_report /usr/lib/python2.7/site-packages/heat/engine/service.py:2390
2017-06-19 16:36:09.486 2185 DEBUG heat.engine.service [req-1636d02b-dba6-4c3d-b6a4-b19598273781 - - - - -] Service 503e51f7-00ca-4dab-b8f4-f7b9dc974b08 is updated service_manage_report /usr/lib/python2.7/site-packages/heat/engine/service.py:2397
2017-06-19 16:36:09.487 2190 DEBUG oslo_db.sqlalchemy.engines [req-a960e5fd-5b1b-423b-90d5-31394aaf352f - - - - -] MySQL server mode set to STRICT_TRANS_TABLES,STRICT_ALL_TABLES,NO_ZERO_IN_DATE,NO_ZERO_DATE,ERROR_FOR_DIVISION_BY_ZERO,TRADITIONAL,NO_AUTO_CREATE_USER,NO_ENGINE_SUBSTITUTION: Empty _check_effective_sql_mode /usr/lib/python2.7/site-packages/oslo_db/sqlalchemy/engines.py:280
2017-06-19 16:36:09.497 2192 DEBUG oslo_db.sqlalchemy.engines [req-c390f640-4bc3-48bd-82c1-7e5debcf3f5e - - - - -] MySQL server mode set to STRICT_TRANS_TABLES,STRICT_ALL_TABLES,NO_ZERO_IN_DATE,NO_ZERO_DATE,ERROR_FOR_DIVISION_BY_ZERO,TRADITIONAL,NO_AUTO_CREATE_USER,NO_ENGINE_SUBSTITUTION: Empty _check_effective_sql_mode /usr/lib/python2.7/site-packages/oslo_db/sqlalchemy/engines.py:280
2017-06-19 16:36:09.532 2187 DEBUG heat.engine.service [req-0b68f486-1cc5-4c78-ace7-4fe74ef7c968 - - - - -] Service 9548696a-29fe-4eb2-902c-37073c31894e is started service_manage_report /usr/lib/python2.7/site-packages/heat/engine/service.py:2390
2017-06-19 16:36:09.535 2188 DEBUG heat.engine.service [req-e0dfc98d-490b-4af7-a473-10ce903e481f - - - - -] Service 714e612a-f99f-4a4b-9862-8b55d63f2bb8 is started service_manage_report /usr/lib/python2.7/site-packages/heat/engine/service.py:2390
2017-06-19 16:36:09.538 2187 DEBUG heat.engine.service [req-0b68f486-1cc5-4c78-ace7-4fe74ef7c968 - - - - -] Service 9548696a-29fe-4eb2-902c-37073c31894e is updated service_manage_report /usr/lib/python2.7/site-packages/heat/engine/service.py:2397
2017-06-19 16:36:09.541 2188 DEBUG heat.engine.service [req-e0dfc98d-490b-4af7-a473-10ce903e481f - - - - -] Service 714e612a-f99f-4a4b-9862-8b55d63f2bb8 is updated service_manage_report /usr/lib/python2.7/site-packages/heat/engine/service.py:2397
2017-06-19 16:36:09.545 2186 DEBUG heat.engine.service [req-f9563617-dad2-4d00-b1ca-122ed6e7f268 - - - - -] Service 14002070-370e-47ff-9b30-0d9ebafdfffd is started service_manage_report /usr/lib/python2.7/site-packages/heat/engine/service.py:2390
2017-06-19 16:36:09.553 2191 DEBUG heat.engine.service [req-dd8f5659-5faa-4859-babf-98dfe86e2e51 - - - - -] Service a96a78a8-a2e1-4312-8f4d-e4db9fc19fcc is started service_manage_report /usr/lib/python2.7/site-packages/heat/engine/service.py:2390
2017-06-19 16:36:09.553 2186 DEBUG heat.engine.service [req-f9563617-dad2-4d00-b1ca-122ed6e7f268 - - - - -] Service 14002070-370e-47ff-9b30-0d9ebafdfffd is updated service_manage_report /usr/lib/python2.7/site-packages/heat/engine/service.py:2397
2017-06-19 16:36:09.557 2189 DEBUG heat.engine.service [req-026e780f-c3d5-4c82-b3fb-2e16d27ea3ca - - - - -] Service ccfb2a35-4c49-4014-8edf-00ff1fd0f189 is started service_manage_report /usr/lib/python2.7/site-packages/heat/engine/service.py:2390
2017-06-19 16:36:09.560 2191 DEBUG heat.engine.service [req-dd8f5659-5faa-4859-babf-98dfe86e2e51 - - - - -] Service a96a78a8-a2e1-4312-8f4d-e4db9fc19fcc is updated service_manage_report /usr/lib/python2.7/site-packages/heat/engine/service.py:2397
2017-06-19 16:36:09.565 2189 DEBUG heat.engine.service [req-026e780f-c3d5-4c82-b3fb-2e16d27ea3ca - - - - -] Service ccfb2a35-4c49-4014-8edf-00ff1fd0f189 is updated service_manage_report /usr/lib/python2.7/site-packages/heat/engine/service.py:2397
2017-06-19 16:36:09.573 2190 DEBUG heat.engine.service [req-a28ade10-9b92-45b7-afeb-fe9793838ff3 - - - - -] Service 2c3ea178-d4f3-451b-be8e-5e5cd46fdc02 is started service_manage_report /usr/lib/python2.7/site-packages/heat/engine/service.py:2390
2017-06-19 16:36:09.576 2192 DEBUG heat.engine.service [req-f7180f1a-a591-4ed5-b4e4-b0c379b476ba - - - - -] Service e1f94d80-99ab-4103-b858-adbaa1a6d5e4 is started service_manage_report /usr/lib/python2.7/site-packages/heat/engine/service.py:2390
2017-06-19 16:36:09.581 2190 DEBUG heat.engine.service [req-a28ade10-9b92-45b7-afeb-fe9793838ff3 - - - - -] Service 2c3ea178-d4f3-451b-be8e-5e5cd46fdc02 is updated service_manage_report /usr/lib/python2.7/site-packages/heat/engine/service.py:2397
2017-06-19 16:36:09.584 2192 DEBUG heat.engine.service [req-f7180f1a-a591-4ed5-b4e4-b0c379b476ba - - - - -] Service e1f94d80-99ab-4103-b858-adbaa1a6d5e4 is updated service_manage_report /usr/lib/python2.7/site-packages/heat/engine/service.py:2397
2017-06-19 16:37:09.474 2185 DEBUG heat.engine.service [req-febc799b-596a-4729-a985-e89dad85bd26 - - - - -] Service 503e51f7-00ca-4dab-b8f4-f7b9dc974b08 is updated service_manage_report /usr/lib/python2.7/site-packages/heat/engine/service.py:2397
2017-06-19 16:37:09.526 2187 DEBUG heat.engine.service [req-6d38ad08-68f8-445c-bbb6-56f37dca538d - - - - -] Service 9548696a-29fe-4eb2-902c-37073c31894e is updated service_manage_report /usr/lib/python2.7/site-packages/heat/engine/service.py:2397
2017-06-19 16:37:09.528 2188 DEBUG heat.engine.service [req-42e53961-0474-40e9-bdb1-67c2425b6275 - - - - -] Service 714e612a-f99f-4a4b-9862-8b55d63f2bb8 is updated service_manage_report /usr/lib/python2.7/site-packages/heat/engine/service.py:2397
2017-06-19 16:37:09.541 2186 DEBUG heat.engine.service [req-a325c688-e2d6-4ae4-af2c-c53ec4daa788 - - - - -] Service 14002070-370e-47ff-9b30-0d9ebafdfffd is updated service_manage_report /usr/lib/python2.7/site-packages/heat/engine/service.py:2397
2017-06-19 16:37:09.547 2191 DEBUG heat.engine.service [req-a47659e6-8ba2-4792-a467-48da3188dd47 - - - - -] Service a96a78a8-a2e1-4312-8f4d-e4db9fc19fcc is updated service_manage_report /usr/lib/python2.7/site-packages/heat/engine/service.py:2397
2017-06-19 16:37:09.552 2189 DEBUG heat.engine.service [req-48666ec6-c3ec-4eae-811e-5eeaa6eb5bcb - - - - -] Service ccfb2a35-4c49-4014-8edf-00ff1fd0f189 is updated service_manage_report /usr/lib/python2.7/site-packages/heat/engine/service.py:2397
2017-06-19 16:37:09.558 2190 DEBUG heat.engine.service [req-6ae5a7f3-b6d1-486f-aedf-89968def0e7b - - - - -] Service 2c3ea178-d4f3-451b-be8e-5e5cd46fdc02 is updated service_manage_report /usr/lib/python2.7/site-packages/heat/engine/service.py:2397
2017-06-19 16:37:09.562 2192 DEBUG heat.engine.service [req-f3a01c51-2880-49e9-9458-6b408074c356 - - - - -] Service e1f94d80-99ab-4103-b858-adbaa1a6d5e4 is updated service_manage_report /usr/lib/python2.7/site-packages/heat/engine/service.py:2397
2017-06-19 16:38:09.472 2185 DEBUG heat.engine.service [req-81171523-8d1e-4134-910b-04c15855de01 - - - - -] Service 503e51f7-00ca-4dab-b8f4-f7b9dc974b08 is updated service_manage_report /usr/lib/python2.7/site-packages/heat/engine/service.py:2397
2017-06-19 16:38:09.523 2187 DEBUG heat.engine.service [req-c60b4d54-3287-41f8-9174-a66d60dc7a3c - - - - -] Service 9548696a-29fe-4eb2-902c-37073c31894e is updated service_manage_report /usr/lib/python2.7/site-packages/heat/engine/service.py:2397
2017-06-19 16:38:09.526 2188 DEBUG heat.engine.service [req-0006246d-9c6c-422b-bc50-faad790eb083 - - - - -] Service 714e612a-f99f-4a4b-9862-8b55d63f2bb8 is updated service_manage_report /usr/lib/python2.7/site-packages/heat/engine/service.py:2397
2017-06-19 16:38:09.538 2186 DEBUG heat.engine.service [req-97adcd31-c934-404f-b942-797a84cfa9fc - - - - -] Service 14002070-370e-47ff-9b30-0d9ebafdfffd is updated service_manage_report /usr/lib/python2.7/site-packages/heat/engine/service.py:2397
2017-06-19 16:38:09.544 2191 DEBUG heat.engine.service [req-3a0d2eb7-0a9d-4ac9-8851-bdabb4aaa2f3 - - - - -] Service a96a78a8-a2e1-4312-8f4d-e4db9fc19fcc is updated service_manage_report /usr/lib/python2.7/site-packages/heat/engine/service.py:2397
2017-06-19 16:38:09.550 2189 DEBUG heat.engine.service [req-0cb6a7bc-db3a-492e-8d50-920c947d7c58 - - - - -] Service ccfb2a35-4c49-4014-8edf-00ff1fd0f189 is updated service_manage_report /usr/lib/python2.7/site-packages/heat/engine/service.py:2397
2017-06-19 16:38:09.555 2190 DEBUG heat.engine.service [req-980bb436-9ab7-4d1b-9077-8d28b41fb81c - - - - -] Service 2c3ea178-d4f3-451b-be8e-5e5cd46fdc02 is updated service_manage_report /usr/lib/python2.7/site-packages/heat/engine/service.py:2397
2017-06-19 16:38:09.559 2192 DEBUG heat.engine.service [req-692a7345-b735-4033-9337-5f5b4832d8a8 - - - - -] Service e1f94d80-99ab-4103-b858-adbaa1a6d5e4 is updated service_manage_report /usr/lib/python2.7/site-packages/heat/engine/service.py:2397
2017-06-19 16:39:09.470 2185 DEBUG heat.engine.service [req-6dfbbc2f-bbaa-4764-99d3-84c9151a9145 - - - - -] Service 503e51f7-00ca-4dab-b8f4-f7b9dc974b08 is updated service_manage_report /usr/lib/python2.7/site-packages/heat/engine/service.py:2397
2017-06-19 16:39:09.520 2187 DEBUG heat.engine.service [req-7809fcf7-b786-4506-84fa-c88c3946c7f9 - - - - -] Service 9548696a-29fe-4eb2-902c-37073c31894e is updated service_manage_report /usr/lib/python2.7/site-packages/heat/engine/service.py:2397
2017-06-19 16:39:09.523 2188 DEBUG heat.engine.service [req-c00c37b0-1333-4b3c-a5d6-b5accdc6997f - - - - -] Service 714e612a-f99f-4a4b-9862-8b55d63f2bb8 is updated service_manage_report /usr/lib/python2.7/site-packages/heat/engine/service.py:2397
2017-06-19 16:39:09.535 2186 DEBUG heat.engine.service [req-a13b78f9-0259-4d9f-b58d-80b38e2c2a65 - - - - -] Service 14002070-370e-47ff-9b30-0d9ebafdfffd is updated service_manage_report /usr/lib/python2.7/site-packages/heat/engine/service.py:2397
2017-06-19 16:39:09.543 2191 DEBUG heat.engine.service [req-70b2bcbb-1ccc-4f70-9581-e64545d9410c - - - - -] Service a96a78a8-a2e1-4312-8f4d-e4db9fc19fcc is updated service_manage_report /usr/lib/python2.7/site-packages/heat/engine/service.py:2397
2017-06-19 16:39:09.547 2189 DEBUG heat.engine.service [req-19327298-7050-4da1-838e-0f648662f902 - - - - -] Service ccfb2a35-4c49-4014-8edf-00ff1fd0f189 is updated service_manage_report /usr/lib/python2.7/site-packages/heat/engine/service.py:2397
2017-06-19 16:39:09.553 2190 DEBUG heat.engine.service [req-f47d5e34-7aed-40f2-9ee2-8f7afd05468a - - - - -] Service 2c3ea178-d4f3-451b-be8e-5e5cd46fdc02 is updated service_manage_report /usr/lib/python2.7/site-packages/heat/engine/service.py:2397
2017-06-19 16:39:09.557 2192 DEBUG heat.engine.service [req-aa8d7706-fbfc-4304-a171-be82b5241a10 - - - - -] Service e1f94d80-99ab-4103-b858-adbaa1a6d5e4 is updated service_manage_report /usr/lib/python2.7/site-packages/heat/engine/service.py:2397
2017-06-19 16:40:09.468 2185 DEBUG heat.engine.service [req-d584f9c7-b74f-4fe9-bc0d-ea2aa77faa91 - - - - -] Service 503e51f7-00ca-4dab-b8f4-f7b9dc974b08 is updated service_manage_report /usr/lib/python2.7/site-packages/heat/engine/service.py:2397
2017-06-19 16:40:09.518 2187 DEBUG heat.engine.service [req-a2e33d9f-dd55-4e46-8a83-8dc1c8f8f5eb - - - - -] Service 9548696a-29fe-4eb2-902c-37073c31894e is updated service_manage_report /usr/lib/python2.7/site-packages/heat/engine/service.py:2397
2017-06-19 16:40:09.520 2188 DEBUG heat.engine.service [req-67edbe38-2d56-48c5-a5c0-bd8bc0034851 - - - - -] Service 714e612a-f99f-4a4b-9862-8b55d63f2bb8 is updated service_manage_report /usr/lib/python2.7/site-packages/heat/engine/service.py:2397
2017-06-19 16:40:09.532 2186 DEBUG heat.engine.service [req-feb8cda3-68a1-48ff-b7d1-d81c57679e39 - - - - -] Service 14002070-370e-47ff-9b30-0d9ebafdfffd is updated service_manage_report /usr/lib/python2.7/site-packages/heat/engine/service.py:2397
2017-06-19 16:40:09.541 2191 DEBUG heat.engine.service [req-4f28dc40-6e78-41b1-aad5-4cae904f58e6 - - - - -] Service a96a78a8-a2e1-4312-8f4d-e4db9fc19fcc is updated service_manage_report /usr/lib/python2.7/site-packages/heat/engine/service.py:2397
2017-06-19 16:40:09.544 2189 DEBUG heat.engine.service [req-b3c28588-fe62-4300-9408-e157926171ae - - - - -] Service ccfb2a35-4c49-4014-8edf-00ff1fd0f189 is updated service_manage_report /usr/lib/python2.7/site-packages/heat/engine/service.py:2397
2017-06-19 16:40:09.550 2190 DEBUG heat.engine.service [req-110a2d9e-2580-441c-9a06-48f370d0de9d - - - - -] Service 2c3ea178-d4f3-451b-be8e-5e5cd46fdc02 is updated service_manage_report /usr/lib/python2.7/site-packages/heat/engine/service.py:2397
2017-06-19 16:40:09.554 2192 DEBUG heat.engine.service [req-39f6e887-4897-4a22-8fe3-ca59ac0e5319 - - - - -] Service e1f94d80-99ab-4103-b858-adbaa1a6d5e4 is updated service_manage_report /usr/lib/python2.7/site-packages/heat/engine/service.py:2397
2017-06-19 16:41:09.466 2185 DEBUG heat.engine.service [req-61ea8a87-1d1d-49a3-bc00-0bc972cc7caa - - - - -] Service 503e51f7-00ca-4dab-b8f4-f7b9dc974b08 is updated service_manage_report /usr/lib/python2.7/site-packages/heat/engine/service.py:2397
2017-06-19 16:41:09.517 2187 DEBUG heat.engine.service [req-05239ca3-3ca3-46ed-b826-195d5729ab48 - - - - -] Service 9548696a-29fe-4eb2-902c-37073c31894e is updated service_manage_report /usr/lib/python2.7/site-packages/heat/engine/service.py:2397
2017-06-19 16:41:09.517 2188 DEBUG heat.engine.service [req-1840baed-fe64-4262-a44e-ca705fb12976 - - - - -] Service 714e612a-f99f-4a4b-9862-8b55d63f2bb8 is updated service_manage_report /usr/lib/python2.7/site-packages/heat/engine/service.py:2397
2017-06-19 16:41:09.530 2186 DEBUG heat.engine.service [req-67870ac1-e693-4f17-8cf9-0dbc276508c2 - - - - -] Service 14002070-370e-47ff-9b30-0d9ebafdfffd is updated service_manage_report /usr/lib/python2.7/site-packages/heat/engine/service.py:2397
2017-06-19 16:41:09.540 2191 DEBUG heat.engine.service [req-75b60d0f-a1d9-4721-9bc0-9ad586d6ee23 - - - - -] Service a96a78a8-a2e1-4312-8f4d-e4db9fc19fcc is updated service_manage_report /usr/lib/python2.7/site-packages/heat/engine/service.py:2397
2017-06-19 16:41:09.544 2189 DEBUG heat.engine.service [req-ef9b20eb-7d91-4235-a6e0-96f5ab093a4c - - - - -] Service ccfb2a35-4c49-4014-8edf-00ff1fd0f189 is updated service_manage_report /usr/lib/python2.7/site-packages/heat/engine/service.py:2397
2017-06-19 16:41:09.549 2190 DEBUG heat.engine.service [req-7a0d32c6-38ba-4977-b7aa-ae3c4da07f84 - - - - -] Service 2c3ea178-d4f3-451b-be8e-5e5cd46fdc02 is updated service_manage_report /usr/lib/python2.7/site-packages/heat/engine/service.py:2397
2017-06-19 16:41:09.554 2192 DEBUG heat.engine.service [req-3a01610a-372e-420e-9542-bf979fb1acd0 - - - - -] Service e1f94d80-99ab-4103-b858-adbaa1a6d5e4 is updated service_manage_report /usr/lib/python2.7/site-packages/heat/engine/service.py:2397
2017-06-19 16:42:09.466 2185 DEBUG heat.engine.service [req-38cb17f1-17a6-4533-8361-8125926437a1 - - - - -] Service 503e51f7-00ca-4dab-b8f4-f7b9dc974b08 is updated service_manage_report /usr/lib/python2.7/site-packages/heat/engine/service.py:2397
2017-06-19 16:42:09.515 2187 DEBUG heat.engine.service [req-12b54751-1b1b-42c0-9ed4-8a424f039e11 - - - - -] Service 9548696a-29fe-4eb2-902c-37073c31894e is updated service_manage_report /usr/lib/python2.7/site-packages/heat/engine/service.py:2397
2017-06-19 16:42:09.517 2188 DEBUG heat.engine.service [req-99ab6297-c0a2-42e9-bef8-057faf8f6012 - - - - -] Service 714e612a-f99f-4a4b-9862-8b55d63f2bb8 is updated service_manage_report /usr/lib/python2.7/site-packages/heat/engine/service.py:2397
2017-06-19 16:42:09.529 2186 DEBUG heat.engine.service [req-d1ca7008-fb2f-4993-a100-539ea11db192 - - - - -] Service 14002070-370e-47ff-9b30-0d9ebafdfffd is updated service_manage_report /usr/lib/python2.7/site-packages/heat/engine/service.py:2397
2017-06-19 16:42:09.538 2191 DEBUG heat.engine.service [req-dc54beb1-4494-453c-9143-c80da70a97fd - - - - -] Service a96a78a8-a2e1-4312-8f4d-e4db9fc19fcc is updated service_manage_report /usr/lib/python2.7/site-packages/heat/engine/service.py:2397
2017-06-19 16:42:09.541 2189 DEBUG heat.engine.service [req-7e9af11d-f8d0-4779-9963-0af0002c2aee - - - - -] Service ccfb2a35-4c49-4014-8edf-00ff1fd0f189 is updated service_manage_report /usr/lib/python2.7/site-packages/heat/engine/service.py:2397
2017-06-19 16:42:09.547 2190 DEBUG heat.engine.service [req-7b8fc51f-246b-4956-9cc5-f7c71b82453f - - - - -] Service 2c3ea178-d4f3-451b-be8e-5e5cd46fdc02 is updated service_manage_report /usr/lib/python2.7/site-packages/heat/engine/service.py:2397
2017-06-19 16:42:09.551 2192 DEBUG heat.engine.service [req-1a3b8bd1-7fc0-436d-b996-4c80c7ec1e82 - - - - -] Service e1f94d80-99ab-4103-b858-adbaa1a6d5e4 is updated service_manage_report /usr/lib/python2.7/site-packages/heat/engine/service.py:2397
2017-06-19 16:43:09.464 2185 DEBUG heat.engine.service [req-4c9b927f-d954-4d8c-88fb-96f7c13e3b3d - - - - -] Service 503e51f7-00ca-4dab-b8f4-f7b9dc974b08 is updated service_manage_report /usr/lib/python2.7/site-packages/heat/engine/service.py:2397
2017-06-19 16:43:09.512 2187 DEBUG heat.engine.service [req-b6b64253-c3ad-4c86-ba95-abf5fe486a97 - - - - -] Service 9548696a-29fe-4eb2-902c-37073c31894e is updated service_manage_report /usr/lib/python2.7/site-packages/heat/engine/service.py:2397
2017-06-19 16:43:09.514 2188 DEBUG heat.engine.service [req-3e6ad155-bf38-4450-b849-3779faac002f - - - - -] Service 714e612a-f99f-4a4b-9862-8b55d63f2bb8 is updated service_manage_report /usr/lib/python2.7/site-packages/heat/engine/service.py:2397
2017-06-19 16:43:09.526 2186 DEBUG heat.engine.service [req-422a6fcf-b263-460c-8657-6ec2a0065119 - - - - -] Service 14002070-370e-47ff-9b30-0d9ebafdfffd is updated service_manage_report /usr/lib/python2.7/site-packages/heat/engine/service.py:2397
2017-06-19 16:43:09.535 2191 DEBUG heat.engine.service [req-491b5ae3-cc48-40b0-9b93-8e9f06e4acf5 - - - - -] Service a96a78a8-a2e1-4312-8f4d-e4db9fc19fcc is updated service_manage_report /usr/lib/python2.7/site-packages/heat/engine/service.py:2397
2017-06-19 16:43:09.538 2189 DEBUG heat.engine.service [req-462f09c3-a299-4904-b2d8-4e4a6bc66c1e - - - - -] Service ccfb2a35-4c49-4014-8edf-00ff1fd0f189 is updated service_manage_report /usr/lib/python2.7/site-packages/heat/engine/service.py:2397
2017-06-19 16:43:09.544 2190 DEBUG heat.engine.service [req-dc47714c-5151-4991-98a9-05d08a22e7c9 - - - - -] Service 2c3ea178-d4f3-451b-be8e-5e5cd46fdc02 is updated service_manage_report /usr/lib/python2.7/site-packages/heat/engine/service.py:2397
2017-06-19 16:43:09.548 2192 DEBUG heat.engine.service [req-71932e05-12ba-4467-8e8f-9011984fb519 - - - - -] Service e1f94d80-99ab-4103-b858-adbaa1a6d5e4 is updated service_manage_report /usr/lib/python2.7/site-packages/heat/engine/service.py:2397
2017-06-19 16:44:09.461 2185 DEBUG heat.engine.service [req-e38e9d32-78a2-4a96-98b0-29f4621c0229 - - - - -] Service 503e51f7-00ca-4dab-b8f4-f7b9dc974b08 is updated service_manage_report /usr/lib/python2.7/site-packages/heat/engine/service.py:2397
2017-06-19 16:44:09.511 2188 DEBUG heat.engine.service [req-114027c7-44f9-4bf7-acfd-1b6c3528c01a - - - - -] Service 714e612a-f99f-4a4b-9862-8b55d63f2bb8 is updated service_manage_report /usr/lib/python2.7/site-packages/heat/engine/service.py:2397
2017-06-19 16:44:09.512 2187 DEBUG heat.engine.service [req-29684079-df8a-4d95-918b-67a897ca0666 - - - - -] Service 9548696a-29fe-4eb2-902c-37073c31894e is updated service_manage_report /usr/lib/python2.7/site-packages/heat/engine/service.py:2397
2017-06-19 16:44:09.523 2186 DEBUG heat.engine.service [req-bf2ed36a-ac62-41de-aa77-dbcd4208dcc4 - - - - -] Service 14002070-370e-47ff-9b30-0d9ebafdfffd is updated service_manage_report /usr/lib/python2.7/site-packages/heat/engine/service.py:2397
2017-06-19 16:44:09.532 2191 DEBUG heat.engine.service [req-675edeb2-b784-49f3-b729-dfa335ffced9 - - - - -] Service a96a78a8-a2e1-4312-8f4d-e4db9fc19fcc is updated service_manage_report /usr/lib/python2.7/site-packages/heat/engine/service.py:2397
2017-06-19 16:44:09.536 2189 DEBUG heat.engine.service [req-532b2306-c6eb-4468-80b3-2f83374d59b2 - - - - -] Service ccfb2a35-4c49-4014-8edf-00ff1fd0f189 is updated service_manage_report /usr/lib/python2.7/site-packages/heat/engine/service.py:2397
2017-06-19 16:44:09.541 2190 DEBUG heat.engine.service [req-f540d8a1-e1a2-463f-9f36-1f7e99f0058b - - - - -] Service 2c3ea178-d4f3-451b-be8e-5e5cd46fdc02 is updated service_manage_report /usr/lib/python2.7/site-packages/heat/engine/service.py:2397
2017-06-19 16:44:09.545 2192 DEBUG heat.engine.service [req-0ecd2f4d-1b3e-4ba2-b75f-418d961b0215 - - - - -] Service e1f94d80-99ab-4103-b858-adbaa1a6d5e4 is updated service_manage_report /usr/lib/python2.7/site-packages/heat/engine/service.py:2397
2017-06-19 16:45:09.459 2185 DEBUG heat.engine.service [req-ea3d94c0-16e6-4ee4-a367-d3ddcbc1edfc - - - - -] Service 503e51f7-00ca-4dab-b8f4-f7b9dc974b08 is updated service_manage_report /usr/lib/python2.7/site-packages/heat/engine/service.py:2397
2017-06-19 16:45:09.508 2188 DEBUG heat.engine.service [req-787ca9bd-686d-43df-965b-7f5a6b7d76f5 - - - - -] Service 714e612a-f99f-4a4b-9862-8b55d63f2bb8 is updated service_manage_report /usr/lib/python2.7/site-packages/heat/engine/service.py:2397
2017-06-19 16:45:09.508 2187 DEBUG heat.engine.service [req-3ad43f1d-15fa-4a76-9c33-3ef2efff91bc - - - - -] Service 9548696a-29fe-4eb2-902c-37073c31894e is updated service_manage_report /usr/lib/python2.7/site-packages/heat/engine/service.py:2397
2017-06-19 16:45:09.520 2186 DEBUG heat.engine.service [req-f461f0c4-c1fa-42a8-8d11-74d60c8c0cb1 - - - - -] Service 14002070-370e-47ff-9b30-0d9ebafdfffd is updated service_manage_report /usr/lib/python2.7/site-packages/heat/engine/service.py:2397
2017-06-19 16:45:09.528 2191 DEBUG heat.engine.service [req-2d1e39de-447e-4553-b2df-fa3e34bcd96b - - - - -] Service a96a78a8-a2e1-4312-8f4d-e4db9fc19fcc is updated service_manage_report /usr/lib/python2.7/site-packages/heat/engine/service.py:2397
2017-06-19 16:45:09.532 2189 DEBUG heat.engine.service [req-9c2e25d5-152f-4d73-981a-8d7a9bdbdc0d - - - - -] Service ccfb2a35-4c49-4014-8edf-00ff1fd0f189 is updated service_manage_report /usr/lib/python2.7/site-packages/heat/engine/service.py:2397
2017-06-19 16:45:09.538 2190 DEBUG heat.engine.service [req-1c5f4105-de22-4903-9963-4edd286f1207 - - - - -] Service 2c3ea178-d4f3-451b-be8e-5e5cd46fdc02 is updated service_manage_report /usr/lib/python2.7/site-packages/heat/engine/service.py:2397
2017-06-19 16:45:09.542 2192 DEBUG heat.engine.service [req-2faae94d-eb02-4a42-a877-50cc1c298051 - - - - -] Service e1f94d80-99ab-4103-b858-adbaa1a6d5e4 is updated service_manage_report /usr/lib/python2.7/site-packages/heat/engine/service.py:2397
2017-06-19 16:46:09.456 2185 DEBUG heat.engine.service [req-349f0acf-451d-4027-bddb-c6da595c78a6 - - - - -] Service 503e51f7-00ca-4dab-b8f4-f7b9dc974b08 is updated service_manage_report /usr/lib/python2.7/site-packages/heat/engine/service.py:2397
2017-06-19 16:46:09.505 2188 DEBUG heat.engine.service [req-6a6c71ae-8568-48be-84a8-e30e3e29d8d2 - - - - -] Service 714e612a-f99f-4a4b-9862-8b55d63f2bb8 is updated service_manage_report /usr/lib/python2.7/site-packages/heat/engine/service.py:2397
2017-06-19 16:46:09.506 2187 DEBUG heat.engine.service [req-d1803756-d20c-45d3-8da1-dd21d60cb69f - - - - -] Service 9548696a-29fe-4eb2-902c-37073c31894e is updated service_manage_report /usr/lib/python2.7/site-packages/heat/engine/service.py:2397
2017-06-19 16:46:09.516 2186 DEBUG heat.engine.service [req-ec4e99f3-0f50-4aa4-a663-972588f000fa - - - - -] Service 14002070-370e-47ff-9b30-0d9ebafdfffd is updated service_manage_report /usr/lib/python2.7/site-packages/heat/engine/service.py:2397
2017-06-19 16:46:09.525 2191 DEBUG heat.engine.service [req-14b636e4-0fcc-4400-86a0-9400f318efc7 - - - - -] Service a96a78a8-a2e1-4312-8f4d-e4db9fc19fcc is updated service_manage_report /usr/lib/python2.7/site-packages/heat/engine/service.py:2397
2017-06-19 16:46:09.529 2189 DEBUG heat.engine.service [req-f8abcbed-36bd-4cf1-a187-88ee176502b9 - - - - -] Service ccfb2a35-4c49-4014-8edf-00ff1fd0f189 is updated service_manage_report /usr/lib/python2.7/site-packages/heat/engine/service.py:2397
2017-06-19 16:46:09.537 2190 DEBUG heat.engine.service [req-0a3c590b-8697-4129-a1af-992043f716af - - - - -] Service 2c3ea178-d4f3-451b-be8e-5e5cd46fdc02 is updated service_manage_report /usr/lib/python2.7/site-packages/heat/engine/service.py:2397
2017-06-19 16:46:09.539 2192 DEBUG heat.engine.service [req-e3310609-4926-4f3c-80e4-314784698f14 - - - - -] Service e1f94d80-99ab-4103-b858-adbaa1a6d5e4 is updated service_manage_report /usr/lib/python2.7/site-packages/heat/engine/service.py:2397
2017-06-19 16:47:09.453 2185 DEBUG heat.engine.service [req-aad157e7-5968-43a1-b5fe-d58e4583b028 - - - - -] Service 503e51f7-00ca-4dab-b8f4-f7b9dc974b08 is updated service_manage_report /usr/lib/python2.7/site-packages/heat/engine/service.py:2397
2017-06-19 16:47:09.503 2188 DEBUG heat.engine.service [req-e338f8fc-c994-45c8-820b-d6212d40ee88 - - - - -] Service 714e612a-f99f-4a4b-9862-8b55d63f2bb8 is updated service_manage_report /usr/lib/python2.7/site-packages/heat/engine/service.py:2397
2017-06-19 16:47:09.505 2187 DEBUG heat.engine.service [req-9eadaa78-0d5f-4f53-894e-fd2773d0dd1e - - - - -] Service 9548696a-29fe-4eb2-902c-37073c31894e is updated service_manage_report /usr/lib/python2.7/site-packages/heat/engine/service.py:2397
2017-06-19 16:47:09.513 2186 DEBUG heat.engine.service [req-63cc8b28-91f6-4fd5-afce-fb4a777640e6 - - - - -] Service 14002070-370e-47ff-9b30-0d9ebafdfffd is updated service_manage_report /usr/lib/python2.7/site-packages/heat/engine/service.py:2397
2017-06-19 16:47:09.522 2191 DEBUG heat.engine.service [req-45c7b706-6a2a-4b42-9387-589744e520e5 - - - - -] Service a96a78a8-a2e1-4312-8f4d-e4db9fc19fcc is updated service_manage_report /usr/lib/python2.7/site-packages/heat/engine/service.py:2397
2017-06-19 16:47:09.527 2189 DEBUG heat.engine.service [req-64ea9f78-78e4-470f-ae3a-4b07eebe5a8f - - - - -] Service ccfb2a35-4c49-4014-8edf-00ff1fd0f189 is updated service_manage_report /usr/lib/python2.7/site-packages/heat/engine/service.py:2397
2017-06-19 16:47:09.534 2190 DEBUG heat.engine.service [req-079ed9ab-1969-418b-a279-13997010f854 - - - - -] Service 2c3ea178-d4f3-451b-be8e-5e5cd46fdc02 is updated service_manage_report /usr/lib/python2.7/site-packages/heat/engine/service.py:2397
2017-06-19 16:47:09.537 2192 DEBUG heat.engine.service [req-60cbb889-36dd-49b9-8201-4fcbadb15496 - - - - -] Service e1f94d80-99ab-4103-b858-adbaa1a6d5e4 is updated service_manage_report /usr/lib/python2.7/site-packages/heat/engine/service.py:2397
2017-06-19 16:48:09.450 2185 DEBUG heat.engine.service [req-52069e7d-1566-418d-8017-0e9a909bf5c5 - - - - -] Service 503e51f7-00ca-4dab-b8f4-f7b9dc974b08 is updated service_manage_report /usr/lib/python2.7/site-packages/heat/engine/service.py:2397
2017-06-19 16:48:09.501 2188 DEBUG heat.engine.service [req-b41813b8-1c5e-499c-8d50-6307a7d8110d - - - - -] Service 714e612a-f99f-4a4b-9862-8b55d63f2bb8 is updated service_manage_report /usr/lib/python2.7/site-packages/heat/engine/service.py:2397
2017-06-19 16:48:09.501 2187 DEBUG heat.engine.service [req-ac8d6bfc-14a5-4277-8eee-5b074c527bd3 - - - - -] Service 9548696a-29fe-4eb2-902c-37073c31894e is updated service_manage_report /usr/lib/python2.7/site-packages/heat/engine/service.py:2397
2017-06-19 16:48:09.510 2186 DEBUG heat.engine.service [req-76f546e9-0489-46e0-9edf-5139950845f5 - - - - -] Service 14002070-370e-47ff-9b30-0d9ebafdfffd is updated service_manage_report /usr/lib/python2.7/site-packages/heat/engine/service.py:2397
2017-06-19 16:48:09.519 2191 DEBUG heat.engine.service [req-91ef1613-c30d-48cb-a5b0-c7f1c7435d7d - - - - -] Service a96a78a8-a2e1-4312-8f4d-e4db9fc19fcc is updated service_manage_report /usr/lib/python2.7/site-packages/heat/engine/service.py:2397
2017-06-19 16:48:09.526 2189 DEBUG heat.engine.service [req-1362070a-738e-4efb-bbb9-99cb8789e869 - - - - -] Service ccfb2a35-4c49-4014-8edf-00ff1fd0f189 is updated service_manage_report /usr/lib/python2.7/site-packages/heat/engine/service.py:2397
2017-06-19 16:48:09.532 2190 DEBUG heat.engine.service [req-9610b485-a8e7-4505-8df9-5e3ea97eac97 - - - - -] Service 2c3ea178-d4f3-451b-be8e-5e5cd46fdc02 is updated service_manage_report /usr/lib/python2.7/site-packages/heat/engine/service.py:2397
2017-06-19 16:48:09.534 2192 DEBUG heat.engine.service [req-362ea0f8-1fbd-4d09-88d5-cb0bc611a7be - - - - -] Service e1f94d80-99ab-4103-b858-adbaa1a6d5e4 is updated service_manage_report /usr/lib/python2.7/site-packages/heat/engine/service.py:2397
2017-06-19 16:49:09.448 2185 DEBUG heat.engine.service [req-daf82380-c323-42e4-8680-8dd34d75586a - - - - -] Service 503e51f7-00ca-4dab-b8f4-f7b9dc974b08 is updated service_manage_report /usr/lib/python2.7/site-packages/heat/engine/service.py:2397
2017-06-19 16:49:09.498 2188 DEBUG heat.engine.service [req-ec64b582-bb49-4dc9-af1f-dfa7ad257d1e - - - - -] Service 714e612a-f99f-4a4b-9862-8b55d63f2bb8 is updated service_manage_report /usr/lib/python2.7/site-packages/heat/engine/service.py:2397
2017-06-19 16:49:09.499 2187 DEBUG heat.engine.service [req-6f967d9b-8ed4-4098-9fda-307500fe95ba - - - - -] Service 9548696a-29fe-4eb2-902c-37073c31894e is updated service_manage_report /usr/lib/python2.7/site-packages/heat/engine/service.py:2397
2017-06-19 16:49:09.508 2186 DEBUG heat.engine.service [req-1ae59f19-0749-4d4a-b671-a835d414db53 - - - - -] Service 14002070-370e-47ff-9b30-0d9ebafdfffd is updated service_manage_report /usr/lib/python2.7/site-packages/heat/engine/service.py:2397
2017-06-19 16:49:09.516 2191 DEBUG heat.engine.service [req-f3daec76-2703-4c06-842e-39ac4bf3b5e3 - - - - -] Service a96a78a8-a2e1-4312-8f4d-e4db9fc19fcc is updated service_manage_report /usr/lib/python2.7/site-packages/heat/engine/service.py:2397
2017-06-19 16:49:09.523 2189 DEBUG heat.engine.service [req-75bc9bc5-acc1-4f5a-aadb-7e1bfb779761 - - - - -] Service ccfb2a35-4c49-4014-8edf-00ff1fd0f189 is updated service_manage_report /usr/lib/python2.7/site-packages/heat/engine/service.py:2397
