D/alsa_ucm( 1612): Set mixer controls for Capture Music enable 0
D/ALSAModule( 1612): use case is HiFi Lowlatency
D/ALSAModule( 1612): use case is Play Voice
D/ALSAStreamOps( 1612): setParameters(): keyRouting with device 0x40000
D/ALSAModule( 1612): s_route: devices 0x40000 in mode 2
D/ALSAModule( 1612): switchDevice: device 262144 mode:2
D/ALSAModule( 1612): switchDevice,rxDev:Voice Earpiece, txDev:DMIC Endfire, curRxDev:Voice Earpiece, curTxDev:DMIC Endfire
D/alsa_ucm( 1612): snd_use_case_set(): uc_mgr 0x96afc0 identifier _enadev value Voice Earpiece
D/alsa_ucm( 1612): Set mixer controls for HiFi Lowlatency enable 1
D/alsa_ucm( 1612): Set mixer controls for Play Voice enable 1
D/alsa_ucm( 1612): snd_use_case_set(): uc_mgr 0x96afc0 identifier _enadev value DMIC Endfire
D/alsa_ucm( 1612): Set mixer controls for Play Voice enable 1
D/ALSAModule( 1612): switchDevice: curTxUCMDevivce DMIC Endfire curRxDevDevice Voice Earpiece
D/ALSAControl( 1612): ALSAControl: ctor device /dev/snd/controlC0
D/ALSAControl( 1612): set:: name Voice Rx Volume value 0 index 0
D/ ( 1612): csd_client_async_cb: msg_id 0x36 result 0 error 0
D/ ( 1612): csd_client_volume: volume 5, state 2, rc 0
I/ ( 2427): UStatus ua_sensors_proximity_enable(UASensorsProximity*)():161
D/ALSAControl( 1612): ALSAControl: ctor device /dev/snd/controlC0
D/ALSAControl( 1612): set:: name Voice Rx Volume value 0 index 0
D/ ( 1612): csd_client_async_cb: msg_id 0x36 result 0 error 0
D/ ( 1612): csd_client_volume: volume 5, state 2, rc 0
D/ALSAControl( 1612): ALSAControl: ctor device /dev/snd/controlC0
D/ALSAControl( 1612): set:: name Voice Rx Volume value 0 index 0
D/ ( 1612): csd_client_async_cb: msg_id 0x36 result 0 error 0
D/ ( 1612): csd_client_volume: volume 5, state 2, rc 0
D/ALSAControl( 1612): ALSAControl: ctor device /dev/snd/controlC0
D/ALSAControl( 1612): set:: name Voice Rx Volume value 0 index 0
D/ ( 1612): csd_client_async_cb: msg_id 0x36 result 0 error 0
D/ ( 1612): csd_client_volume: volume 5, state 2, rc 0
D/ALSAControl( 1612): ALSAControl: ctor device /dev/snd/controlC0
D/ALSAControl( 1612): set:: name Voice Rx Volume value 0 index 0
D/ ( 1612): csd_client_async_cb: msg_id 0x36 result 0 error 0
D/ ( 1612): csd_client_volume: volume 5, state 2, rc 0
D/ALSAControl( 1612): ALSAControl: ctor device /dev/snd/controlC0
D/ALSAControl( 1612): set:: name Voice Rx Volume value 0 index 0
D/ ( 1612): csd_client_async_cb: msg_id 0x36 result 0 error 0
D/ ( 1612): csd_client_volume: volume 5, state 2, rc 0
D/ALSAControl( 1612): ALSAControl: ctor device /dev/snd/controlC0
D/ALSAControl( 1612): set:: name Voice Rx Volume value 0 index 0
D/ ( 1612): csd_client_async_cb: msg_id 0x36 result 0 error 0
D/ ( 1612): csd_client_volume: volume 5, state 2, rc 0
D/ALSAControl( 1612): ALSAControl: ctor device /dev/snd/controlC0
D/ALSAControl( 1612): set:: name Voice Rx Volume value 0 index 0
D/ ( 1612): csd_client_async_cb: msg_id 0x36 result 0 error 0
D/ ( 1612): csd_client_volume: volume 5, state 2, rc 0
D/ALSAControl( 1612): ALSAControl: ctor device /dev/snd/controlC0
D/ALSAControl( 1612): set:: name Voice Rx Volume value 0 index 0
D/ ( 1612): csd_client_async_cb: msg_id 0x36 result 0 error 0
D/ ( 1612): csd_client_volume: volume 5, state 2, rc 0
D/ALSAControl( 1612): ALSAControl: ctor device /dev/snd/controlC0
D/ALSAControl( 1612): set:: name Voice Rx Volume value 0 index 0
D/ ( 1612): csd_client_async_cb: msg_id 0x36 result 0 error 0
D/ ( 1612): csd_client_volume: volume 5, state 2, rc 0
D/ALSAControl( 1612): ALSAControl: ctor device /dev/snd/controlC0
D/ALSAControl( 1612): set:: name Voice Rx Volume value 0 index 0
D/ ( 1612): csd_client_async_cb: msg_id 0x36 result 0 error 0
D/ ( 1612): csd_client_volume: volume 5, state 2, rc 0
D/ALSAControl( 1612): ALSAControl: ctor device /dev/snd/controlC0
D/ALSAControl( 1612): set:: name Voice Rx Volume value 0 index 0
D/ ( 1612): csd_client_async_cb: msg_id 0x36 result 0 error 0
D/ ( 1612): csd_client_volume: volume 5, state 2, rc 0
D/ALSAControl( 1612): ALSAControl: ctor device /dev/snd/controlC0
D/ALSAControl( 1612): set:: name Voice Rx Volume value 0 index 0
D/ ( 1612): csd_client_async_cb: msg_id 0x36 result 0 error 0
D/ ( 1612): csd_client_volume: volume 5, state 2, rc 0
D/ALSAControl( 1612): ALSAControl: ctor device /dev/snd/controlC0
D/ALSAControl( 1612): set:: name Voice Rx Volume value 0 index 0
D/ ( 1612): csd_client_async_cb: msg_id 0x36 result 0 error 0
D/ ( 1612): csd_client_volume: volume 5, state 2, rc 0
D/ALSAControl( 1612): ALSAControl: ctor device /dev/snd/controlC0
D/ALSAControl( 1612): set:: name Voice Rx Volume value 6 index 0
D/ ( 1612): csd_client_async_cb: msg_id 0x36 result 0 error 0
D/ ( 1612): csd_client_volume: volume 5, state 2, rc 0
D/ALSAControl( 1612): ALSAControl: ctor device /dev/snd/controlC0
D/ALSAControl( 1612): set:: name Voice Rx Volume value 12 index 0
D/ ( 1612): csd_client_async_cb: msg_id 0x36 result 0 error 0
D/ ( 1612): csd_client_volume: volume 4, state 2, rc 0
D/ALSAControl( 1612): ALSAControl: ctor device /dev/snd/controlC0
D/ALSAControl( 1612): set:: name Voice Rx Volume value 18 index 0
D/ ( 1612): csd_client_async_cb: msg_id 0x36 result 0 error 0
D/ ( 1612): csd_client_volume: volume 4, state 2, rc 0
D/ALSAControl( 1612): ALSAControl: ctor device /dev/snd/controlC0
D/ALSAControl( 1612): set:: name Voice Rx Volume value 24 index 0
D/ ( 1612): csd_client_async_cb: msg_id 0x36 result 0 error 0
D/ ( 1612): csd_client_volume: volume 4, state 2, rc 0
D/ALSAControl( 1612): ALSAControl: ctor device /dev/snd/controlC0
D/ALSAControl( 1612): set:: name Voice Rx Volume value 30 index 0
D/ ( 1612): csd_client_async_cb: msg_id 0x36 result 0 error 0
D/ ( 1612): csd_client_volume: volume 4, state 2, rc 0
D/ALSAControl( 1612): ALSAControl: ctor device /dev/snd/controlC0
D/ALSAControl( 1612): set:: name Voice Rx Volume value 24 index 0
D/ ( 1612): csd_client_async_cb: msg_id 0x36 result 0 error 0
D/ ( 1612): csd_client_volume: volume 4, state 2, rc 0
D/ALSAControl( 1612): ALSAControl: ctor device /dev/snd/controlC0
D/ALSAControl( 1612): set:: name Voice Rx Volume value 18 index 0
D/ ( 1612): csd_client_async_cb: msg_id 0x36 result 0 error 0
D/ ( 1612): csd_client_volume: volume 4, state 2, rc 0
D/ALSAControl( 1612): ALSAControl: ctor device /dev/snd/controlC0
D/ALSAControl( 1612): set:: name Voice Rx Volume value 12 index 0
D/ ( 1612): csd_client_async_cb: msg_id 0x36 result 0 error 0
D/ ( 1612): csd_client_volume: volume 4, state 2, rc 0
D/hwcomposer( 1752): hwc_blank: Doing Dpy=0, blank=1
D/hwcomposer( 1752): hwc_blank: Done Dpy=0, blank=1
D/hwcomposer( 1752): hwc_blank: Doing Dpy=0, blank=0
D/hwcomposer( 1752): hwc_blank: Done Dpy=0, blank=0
D/ALSAStreamOps( 1612): close
I/ ( 2427): UStatus ua_sensors_proximity_disable(UASensorsProximity*)():179
D/alsa_ucm( 1612): snd_use_case_set(): uc_mgr 0x96afc0 identifier _verb value Inactive
D/alsa_ucm( 1612): Set mixer controls for HiFi Lowlatency enable 0
D/ALSAModule( 1612): use case is Play Voice
D/ALSAStreamOps( 1612): close
D/AudioStreamInALSA( 1612): close
D/AudioStreamInALSA( 1612): close
D/ALSAStreamOps( 1612): close
D/ALSAStreamOps( 1612): close
D/AudioHardwareALSA( 1612): doRouting: Disabling voice call
D/ ( 1612): csd_client_stop_voice: State 2
D/ ( 1612): csd_client_async_cb: msg_id 0x58 result 0 error 0
D/ ( 1612): csd_client_async_cb: msg_id 0x56 result 0 error 0
D/ ( 1612): csd_client_async_cb: msg_id 0x35 result 0 error 0
D/alsa_ucm( 1612): snd_use_case_set(): uc_mgr 0x96afc0 identifier _dismod value Play Voice
D/alsa_ucm( 1612): Set mixer controls for Play Voice enable 0
D/alsa_ucm( 1612): snd_use_case_set(): uc_mgr 0x96afc0 identifier _disdev value DMIC Endfire
D/alsa_ucm( 1612): Set mixer controls for DMIC Endfire enable 0
D/alsa_ucm( 1612): snd_use_case_set(): uc_mgr 0x96afc0 identifier _disdev value Voice Earpiece
D/alsa_ucm( 1612): Set mixer controls for Voice Earpiece enable 0
D/ALSAModule( 1612): s_route: devices 0x40000 in mode 2
D/ALSAModule( 1612): switchDevice: device 262144 mode:2
D/ALSAModule( 1612): switchDevice,rxDev:Voice Earpiece, txDev:DMIC Endfire, curRxDev:Voice Earpiece, curTxDev:DMIC Endfire
D/alsa_ucm( 1612): snd_use_case_set(): uc_mgr 0x96afc0 identifier _enadev value Voice Earpiece
D/alsa_ucm( 1612): snd_use_case_set(): uc_mgr 0x96afc0 identifier _enadev value DMIC Endfire
D/ALSAModule( 1612): switchDevice: curTxUCMDevivce DMIC Endfire curRxDevDevice Voice Earpiece
D/AudioHardwareInterface( 1612): setMode(NORMAL)
W/Adreno200-ES20( 1752): : GL_INVALID_OPERATION
W/Adreno200-EGLSUB( 1752): : PMEM_INV_CACHES undefined
W/Adreno200-ES20( 1752): : GL_INVALID_OPERATION
W/Adreno200-EGLSUB( 1752): : PMEM_INV_CACHES undefined
W/Adreno200-ES20( 1752): : GL_INVALID_OPERATION
W/Adreno200-EGLSUB( 1752): : PMEM_INV_CACHES undefined
W/Adreno200-ES20( 1752): : GL_INVALID_OPERATION
W/Adreno200-EGLSUB( 1752): : PMEM_INV_CACHES undefined
W/Adreno200-ES20( 1752): : GL_INVALID_OPERATION
W/Adreno200-EGLSUB( 1752): : PMEM_INV_CACHES undefined
W/Adreno200-ES20( 1752): : GL_INVALID_OPERATION
W/Adreno200-EGLSUB( 1752): : PMEM_INV_CACHES undefined
D/hwcomposer( 1752): hwc_blank: Doing Dpy=0, blank=1
D/hwcomposer( 1752): hwc_blank: Done Dpy=0, blank=1
I/UpstartPropertyWatcher( 743): Property changed: net.change=net.rmnet_usb0.dns1
I/UpstartPropertyWatcher( 743): Property changed: net.rmnet_usb0.dns1=
I/UpstartPropertyWatcher( 743): Property changed: net.change=net.rmnet_usb0.dns2
I/UpstartPropertyWatcher( 743): Property changed: net.rmnet_usb0.dns2=
I/UpstartPropertyWatcher( 743): Property changed: net.change=net.rmnet_usb0.gw
I/UpstartPropertyWatcher( 743): Property changed: net.rmnet_usb0.gw=
D/DHCP ( 756): ===== DHCP message:
D/DHCP ( 756): op = BOOTREQUEST (1), htype = 1, hlen = 6, hops = 0
D/DHCP ( 756): xid = 0x065cc301 secs = 0, flags = 0x8000 optlen = 14
D/DHCP ( 756): ciaddr = 0.0.0.0
D/DHCP ( 756): yiaddr = 0.0.0.0
D/DHCP ( 756): siaddr = 0.0.0.0
D/DHCP ( 756): giaddr = 0.0.0.0
D/DHCP ( 756): chaddr = { 00 00 00 00 00 00 }
D/DHCP ( 756): sname = ''
D/DHCP ( 756): file = ''
D/DHCP ( 756): op 53 len 1 { 01 } discover
D/DHCP ( 756): op 55 len 4 { 01 03 06 1c }
D/DHCP ( 756): ===== DHCP message:
D/DHCP ( 756): op = BOOTREPLY (2), htype = 1, hlen = 6, hops = 0
D/DHCP ( 756): xid = 0x065cc301 secs = 0, flags = 0x8000 optlen = 42
D/DHCP ( 756): ciaddr = 0.0.0.0
D/DHCP ( 756): yiaddr = 10.181.146.205
D/DHCP ( 756): siaddr = 10.181.146.206
D/DHCP ( 756): giaddr = 0.0.0.0
D/DHCP ( 756): chaddr = { 00 00 00 00 00 00 }
D/DHCP ( 756): sname = ''
D/DHCP ( 756): file = ''
D/DHCP ( 756): op 53 len 1 { 02 } offer
D/DHCP ( 756): op 1 len 4 { ff ff ff fc }
D/DHCP ( 756): op 3 len 4 { 0a b5 92 ce }
D/DHCP ( 756): op 6 len 8 { ac 10 91 67 ac 10 91 67 }
D/DHCP ( 756): op 51 len 4 { 00 00 1c 20 }
D/DHCP ( 756): op 54 len 4 { 0a b5 92 ce }
D/DHCP ( 756): --- dhcp offer (2) ---
D/DHCP ( 756): ip 10.181.146.205 gw 10.181.146.206 prefixLength 30
D/DHCP ( 756): dns1: 172.16.145.103
D/DHCP ( 756): dns2: 172.16.145.103
D/DHCP ( 756): server 10.181.146.206, lease 7200 seconds
D/DHCP ( 756): ===== DHCP message:
D/DHCP ( 756): op = BOOTREQUEST (1), htype = 1, hlen = 6, hops = 0
D/DHCP ( 756): xid = 0x075cc301 secs = 0, flags = 0x8000 optlen = 26
D/DHCP ( 756): ciaddr = 0.0.0.0
D/DHCP ( 756): yiaddr = 0.0.0.0
D/DHCP ( 756): siaddr = 0.0.0.0
D/DHCP ( 756): giaddr = 0.0.0.0
D/DHCP ( 756): chaddr = { 00 00 00 00 00 00 }
D/DHCP ( 756): sname = ''
D/DHCP ( 756): file = ''
D/DHCP ( 756): op 53 len 1 { 03 } request
D/DHCP ( 756): op 55 len 4 { 01 03 06 1c }
D/DHCP ( 756): op 50 len 4 { 0a b5 92 cd }
D/DHCP ( 756): op 54 len 4 { 0a b5 92 ce }
D/DHCP ( 756): ===== DHCP message:
D/DHCP ( 756): op = BOOTREPLY (2), htype = 1, hlen = 6, hops = 0
D/DHCP ( 756): xid = 0x075cc301 secs = 0, flags = 0x8000 optlen = 42
D/DHCP ( 756): ciaddr = 0.0.0.0
D/DHCP ( 756): yiaddr = 10.181.146.205
D/DHCP ( 756): siaddr = 10.181.146.206
D/DHCP ( 756): giaddr = 0.0.0.0
D/DHCP ( 756): chaddr = { 00 00 00 00 00 00 }
D/DHCP ( 756): sname = ''
D/DHCP ( 756): file = ''
D/DHCP ( 756): op 53 len 1 { 05 } ack
D/DHCP ( 756): op 1 len 4 { ff ff ff fc }
D/DHCP ( 756): op 3 len 4 { 0a b5 92 ce }
D/DHCP ( 756): op 6 len 8 { ac 10 91 67 ac 10 91 67 }
D/DHCP ( 756): op 54 len 4 { 0a b5 92 ce }
D/DHCP ( 756): op 51 len 4 { 00 00 1c 20 }
D/DHCP ( 756): --- dhcp ack (5) ---
D/DHCP ( 756): ip 10.181.146.205 gw 10.181.146.206 prefixLength 30
D/DHCP ( 756): dns1: 172.16.145.103
D/DHCP ( 756): dns2: 172.16.145.103
D/DHCP ( 756): server 10.181.146.206, lease 7200 seconds
D/DHCP ( 756): configuring rmnet_usb0
I/UpstartPropertyWatcher( 743): Property changed: net.change=net.rmnet_usb0.dns1
I/UpstartPropertyWatcher( 743): Property changed: net.rmnet_usb0.dns1=172.16.145.103
I/UpstartPropertyWatcher( 743): Property changed: net.rmnet_usb0.dns2=172.16.145.103
I/UpstartPropertyWatcher( 743): Property changed: net.change=net.rmnet_usb0.gw
I/UpstartPropertyWatcher( 743): Property changed: net.rmnet_usb0.gw=10.181.146.206
I/UpstartPropertyWatcher( 743): Property changed: net.change=net.rmnet_usb0.dns1
I/UpstartPropertyWatcher( 743): Property changed: net.rmnet_usb0.dns1=172.16.145.103
I/UpstartPropertyWatcher( 743): Property changed: net.change=net.rmnet_usb0.dns2
I/UpstartPropertyWatcher( 743): Property changed: net.rmnet_usb0.dns2=172.16.145.103
I/UpstartPropertyWatcher( 743): Property changed: net.change=net.rmnet_usb0.gw
I/UpstartPropertyWatcher( 743): Property changed: net.rmnet_usb0.gw=10.181.146.206
I/UpstartPropertyWatcher( 743): Property changed: net.change=net.rmnet_usb0.dns1
I/UpstartPropertyWatcher( 743): Property changed: net.rmnet_usb0.dns1=
I/UpstartPropertyWatcher( 743): Property changed: net.rmnet_usb0.dns2=
I/UpstartPropertyWatcher( 743): Property changed: net.rmnet_usb0.gw=
D/DHCP ( 756): ===== DHCP message:
D/DHCP ( 756): op = BOOTREQUEST (1), htype = 1, hlen = 6, hops = 0
D/DHCP ( 756): xid = 0xab3be201 secs = 0, flags = 0x8000 optlen = 14
D/DHCP ( 756): ciaddr = 0.0.0.0
D/DHCP ( 756): yiaddr = 0.0.0.0
D/DHCP ( 756): siaddr = 0.0.0.0
D/DHCP ( 756): giaddr = 0.0.0.0
D/DHCP ( 756): chaddr = { 00 00 00 00 00 00 }
D/DHCP ( 756): sname = ''
D/DHCP ( 756): file = ''
D/DHCP ( 756): op 53 len 1 { 01 } discover
D/DHCP ( 756): op 55 len 4 { 01 03 06 1c }
D/DHCP ( 756): ===== DHCP message:
D/DHCP ( 756): op = BOOTREPLY (2), htype = 1, hlen = 6, hops = 0
D/DHCP ( 756): xid = 0xab3be201 secs = 0, flags = 0x8000 optlen = 42
D/DHCP ( 756): ciaddr = 0.0.0.0
D/DHCP ( 756): yiaddr = 10.212.46.71
D/DHCP ( 756): siaddr = 10.212.46.65
D/DHCP ( 756): giaddr = 0.0.0.0
D/DHCP ( 756): chaddr = { 00 00 00 00 00 00 }
D/DHCP ( 756): sname = ''
D/DHCP ( 756): file = ''
D/DHCP ( 756): op 53 len 1 { 02 } offer
D/DHCP ( 756): op 1 len 4 { ff ff ff f0 }
D/DHCP ( 756): op 3 len 4 { 0a d4 2e 41 }
D/DHCP ( 756): op 6 len 8 { ac 10 91 67 ac 10 91 67 }
D/DHCP ( 756): op 51 len 4 { 00 00 1c 20 }
D/DHCP ( 756): op 54 len 4 { 0a d4 2e 41 }
D/DHCP ( 756): --- dhcp offer (2) ---
D/DHCP ( 756): ip 10.212.46.71 gw 10.212.46.65 prefixLength 28
D/DHCP ( 756): dns1: 172.16.145.103
D/DHCP ( 756): dns2: 172.16.145.103
D/DHCP ( 756): server 10.212.46.65, lease 7200 seconds
D/DHCP ( 756): ===== DHCP message:
D/DHCP ( 756): op = BOOTREQUEST (1), htype = 1, hlen = 6, hops = 0
D/DHCP ( 756): xid = 0xac3be201 secs = 0, flags = 0x8000 optlen = 26
D/DHCP ( 756): ciaddr = 0.0.0.0
D/DHCP ( 756): yiaddr = 0.0.0.0
D/DHCP ( 756): siaddr = 0.0.0.0
D/DHCP ( 756): giaddr = 0.0.0.0
D/DHCP ( 756): chaddr = { 00 00 00 00 00 00 }
D/DHCP ( 756): sname = ''
D/DHCP ( 756): file = ''
D/DHCP ( 756): op 53 len 1 { 03 } request
D/DHCP ( 756): op 55 len 4 { 01 03 06 1c }
D/DHCP ( 756): op 50 len 4 { 0a d4 2e 47 }
D/DHCP ( 756): op 54 len 4 { 0a d4 2e 41 }
D/DHCP ( 756): ===== DHCP message:
D/DHCP ( 756): op = BOOTREPLY (2), htype = 1, hlen = 6, hops = 0
D/DHCP ( 756): xid = 0xac3be201 secs = 0, flags = 0x8000 optlen = 42
D/DHCP ( 756): ciaddr = 0.0.0.0
D/DHCP ( 756): yiaddr = 10.212.46.71
D/DHCP ( 756): siaddr = 10.212.46.65
D/DHCP ( 756): giaddr = 0.0.0.0
D/DHCP ( 756): chaddr = { 00 00 00 00 00 00 }
D/DHCP ( 756): sname = ''
D/DHCP ( 756): file = ''
D/DHCP ( 756): op 53 len 1 { 05 } ack
D/DHCP ( 756): op 1 len 4 { ff ff ff f0 }
D/DHCP ( 756): op 3 len 4 { 0a d4 2e 41 }
D/DHCP ( 756): op 6 len 8 { ac 10 91 67 ac 10 91 67 }
D/DHCP ( 756): op 54 len 4 { 0a d4 2e 41 }
D/DHCP ( 756): op 51 len 4 { 00 00 1c 20 }
D/DHCP ( 756): --- dhcp ack (5) ---
D/DHCP ( 756): ip 10.212.46.71 gw 10.212.46.65 prefixLength 28
D/DHCP ( 756): dns1: 172.16.145.103
D/DHCP ( 756): dns2: 172.16.145.103
D/DHCP ( 756): server 10.212.46.65, lease 7200 seconds
D/DHCP ( 756): configuring rmnet_usb0
I/UpstartPropertyWatcher( 743): Property changed: net.change=net.rmnet_usb0.dns1
I/UpstartPropertyWatcher( 743): Property changed: net.rmnet_usb0.dns1=172.16.145.103
I/UpstartPropertyWatcher( 743): Property changed: net.rmnet_usb0.dns2=172.16.145.103
I/UpstartPropertyWatcher( 743): Property changed: net.rmnet_usb0.gw=10.212.46.65
I/UpstartPropertyWatcher( 743): Property changed: net.change=net.rmnet_usb0.dns1
I/UpstartPropertyWatcher( 743): Property changed: net.rmnet_usb0.dns1=172.16.145.103
I/UpstartPropertyWatcher( 743): Property changed: net.change=net.rmnet_usb0.dns2
I/UpstartPropertyWatcher( 743): Property changed: net.rmnet_usb0.dns2=172.16.145.103
I/UpstartPropertyWatcher( 743): Property changed: net.change=net.rmnet_usb0.gw
I/UpstartPropertyWatcher( 743): Property changed: net.rmnet_usb0.gw=10.212.46.65
D/hwcomposer( 1752): hwc_blank: Doing Dpy=0, blank=0
D/hwcomposer( 1752): hwc_blank: Done Dpy=0, blank=0
W/Adreno200-ES20( 1752): : GL_INVALID_OPERATION
W/Adreno200-EGLSUB( 1752): : PMEM_INV_CACHES undefined
W/Adreno200-ES20( 1752): : GL_INVALID_OPERATION
W/Adreno200-EGLSUB( 1752): : PMEM_INV_CACHES undefined
W/Adreno200-ES20( 1752): : GL_INVALID_OPERATION
W/Adreno200-EGLSUB( 1752): : PMEM_INV_CACHES undefined
W/Adreno200-ES20( 1752): : GL_INVALID_OPERATION
W/Adreno200-EGLSUB( 1752): : PMEM_INV_CACHES undefined
W/Adreno200-ES20( 1752): : GL_INVALID_OPERATION
W/Adreno200-EGLSUB( 1752): : PMEM_INV_CACHES undefined
W/Adreno200-ES20( 1752): : GL_INVALID_OPERATION
W/Adreno200-EGLSUB( 1752): : PMEM_INV_CACHES undefined
W/Adreno200-ES20( 1752): : GL_INVALID_OPERATION
W/Adreno200-EGLSUB( 1752): : PMEM_INV_CACHES undefined
W/Adreno200-ES20( 1752): : GL_INVALID_OPERATION
W/Adreno200-EGLSUB( 1752): : PMEM_INV_CACHES undefined
W/Adreno200-ES20( 1752): : GL_INVALID_OPERATION
W/Adreno200-EGLSUB( 1752): : PMEM_INV_CACHES undefined
W/Adreno200-ES20( 1752): : GL_INVALID_OPERATION
W/Adreno200-EGLSUB( 1752): : PMEM_INV_CACHES undefined
W/Adreno200-ES20( 1752): : GL_INVALID_OPERATION
W/Adreno200-EGLSUB( 1752): : PMEM_INV_CACHES undefined
W/Adreno200-ES20( 1752): : GL_INVALID_OPERATION
W/Adreno200-EGLSUB( 1752): : PMEM_INV_CACHES undefined
W/Adreno200-ES20( 1752): : GL_INVALID_OPERATION
W/Adreno200-EGLSUB( 1752): : PMEM_INV_CACHES undefined
W/Adreno200-ES20( 1752): : GL_INVALID_OPERATION
W/Adreno200-EGLSUB( 1752): : PMEM_INV_CACHES undefined
D/hwcomposer( 1752): hwc_blank: Doing Dpy=0, blank=1
D/hwcomposer( 1752): hwc_blank: Done Dpy=0, blank=1
D/hwcomposer( 1752): hwc_blank: Doing Dpy=0, blank=0
D/hwcomposer( 1752): hwc_blank: Done Dpy=0, blank=0
D/hwcomposer( 1752): hwc_blank: Doing Dpy=0, blank=1
D/hwcomposer( 1752): hwc_blank: Done Dpy=0, blank=1
I/UpstartPropertyWatcher( 743): Property changed: net.change=net.rmnet_usb0.dns1
I/UpstartPropertyWatcher( 743): Property changed: net.rmnet_usb0.dns1=
I/UpstartPropertyWatcher( 743): Property changed: net.change=net.rmnet_usb0.dns2
I/UpstartPropertyWatcher( 743): Property changed: net.rmnet_usb0.dns2=
I/UpstartPropertyWatcher( 743): Property changed: net.change=net.rmnet_usb0.gw
I/UpstartPropertyWatcher( 743): Property changed: net.rmnet_usb0.gw=
D/DHCP ( 756): ===== DHCP message:
D/DHCP ( 756): op = BOOTREQUEST (1), htype = 1, hlen = 6, hops = 0
D/DHCP ( 756): xid = 0x4115be02 secs = 0, flags = 0x8000 optlen = 14
D/DHCP ( 756): ciaddr = 0.0.0.0
D/DHCP ( 756): yiaddr = 0.0.0.0
D/DHCP ( 756): siaddr = 0.0.0.0
D/DHCP ( 756): giaddr = 0.0.0.0
D/DHCP ( 756): chaddr = { 00 00 00 00 00 00 }
D/DHCP ( 756): sname = ''
D/DHCP ( 756): file = ''
D/DHCP ( 756): op 53 len 1 { 01 } discover
D/DHCP ( 756): op 55 len 4 { 01 03 06 1c }
D/DHCP ( 756): ===== DHCP message:
D/DHCP ( 756): op = BOOTREPLY (2), htype = 1, hlen = 6, hops = 0
D/DHCP ( 756): xid = 0x4115be02 secs = 0, flags = 0x8000 optlen = 42
D/DHCP ( 756): ciaddr = 0.0.0.0
D/DHCP ( 756): yiaddr = 10.145.234.62
D/DHCP ( 756): siaddr = 10.145.234.61
D/DHCP ( 756): giaddr = 0.0.0.0
D/DHCP ( 756): chaddr = { 00 00 00 00 00 00 }
D/DHCP ( 756): sname = ''
D/DHCP ( 756): file = ''
D/DHCP ( 756): op 53 len 1 { 02 } offer
D/DHCP ( 756): op 1 len 4 { ff ff ff fc }
D/DHCP ( 756): op 3 len 4 { 0a 91 ea 3d }
D/DHCP ( 756): op 6 len 8 { ac 10 91 67 ac 10 91 67 }
D/DHCP ( 756): op 51 len 4 { 00 00 1c 20 }
D/DHCP ( 756): op 54 len 4 { 0a 91 ea 3d }
D/DHCP ( 756): --- dhcp offer (2) ---
D/DHCP ( 756): ip 10.145.234.62 gw 10.145.234.61 prefixLength 30
D/DHCP ( 756): dns1: 172.16.145.103
D/DHCP ( 756): dns2: 172.16.145.103
D/DHCP ( 756): server 10.145.234.61, lease 7200 seconds
D/DHCP ( 756): ===== DHCP message:
D/DHCP ( 756): op = BOOTREQUEST (1), htype = 1, hlen = 6, hops = 0
D/DHCP ( 756): xid = 0x4215be02 secs = 0, flags = 0x8000 optlen = 26
D/DHCP ( 756): ciaddr = 0.0.0.0
D/DHCP ( 756): yiaddr = 0.0.0.0
D/DHCP ( 756): siaddr = 0.0.0.0
D/DHCP ( 756): giaddr = 0.0.0.0
D/DHCP ( 756): chaddr = { 00 00 00 00 00 00 }
D/DHCP ( 756): sname = ''
D/DHCP ( 756): file = ''
D/DHCP ( 756): op 53 len 1 { 03 } request
D/DHCP ( 756): op 55 len 4 { 01 03 06 1c }
D/DHCP ( 756): op 50 len 4 { 0a 91 ea 3e }
D/DHCP ( 756): op 54 len 4 { 0a 91 ea 3d }
D/DHCP ( 756): ===== DHCP message:
D/DHCP ( 756): op = BOOTREPLY (2), htype = 1, hlen = 6, hops = 0
D/DHCP ( 756): xid = 0x4215be02 secs = 0, flags = 0x8000 optlen = 42
D/DHCP ( 756): ciaddr = 0.0.0.0
D/DHCP ( 756): yiaddr = 10.145.234.62
D/DHCP ( 756): siaddr = 10.145.234.61
D/DHCP ( 756): giaddr = 0.0.0.0
D/DHCP ( 756): chaddr = { 00 00 00 00 00 00 }
D/DHCP ( 756): sname = ''
D/DHCP ( 756): file = ''
D/DHCP ( 756): op 53 len 1 { 05 } ack
D/DHCP ( 756): op 1 len 4 { ff ff ff fc }
D/DHCP ( 756): op 3 len 4 { 0a 91 ea 3d }
D/DHCP ( 756): op 6 len 8 { ac 10 91 67 ac 10 91 67 }
D/DHCP ( 756): op 54 len 4 { 0a 91 ea 3d }
D/DHCP ( 756): op 51 len 4 { 00 00 1c 20 }
D/DHCP ( 756): --- dhcp ack (5) ---
D/DHCP ( 756): ip 10.145.234.62 gw 10.145.234.61 prefixLength 30
D/DHCP ( 756): dns1: 172.16.145.103
D/DHCP ( 756): dns2: 172.16.145.103
D/DHCP ( 756): server 10.145.234.61, lease 7200 seconds
D/DHCP ( 756): configuring rmnet_usb0
I/UpstartPropertyWatcher( 743): Property changed: net.change=net.rmnet_usb0.dns1
I/UpstartPropertyWatcher( 743): Property changed: net.rmnet_usb0.dns1=172.16.145.103
I/UpstartPropertyWatcher( 743): Property changed: net.change=net.rmnet_usb0.dns2
I/UpstartPropertyWatcher( 743): Property changed: net.rmnet_usb0.dns2=172.16.145.103
I/UpstartPropertyWatcher( 743): Property changed: net.change=net.rmnet_usb0.gw
I/UpstartPropertyWatcher( 743): Property changed: net.rmnet_usb0.gw=10.145.234.61
I/UpstartPropertyWatcher( 743): Property changed: net.change=net.rmnet_usb0.dns1
I/UpstartPropertyWatcher( 743): Property changed: net.rmnet_usb0.dns1=172.16.145.103
I/UpstartPropertyWatcher( 743): Property changed: net.change=net.rmnet_usb0.dns2
I/UpstartPropertyWatcher( 743): Property changed: net.rmnet_usb0.dns2=172.16.145.103
I/UpstartPropertyWatcher( 743): Property changed: net.change=net.rmnet_usb0.gw
I/UpstartPropertyWatcher( 743): Property changed: net.rmnet_usb0.gw=10.145.234.61
I/UpstartPropertyWatcher( 743): Property changed: net.change=net.rmnet_usb0.dns1
I/UpstartPropertyWatcher( 743): Property changed: net.rmnet_usb0.dns1=
I/UpstartPropertyWatcher( 743): Property changed: net.change=net.rmnet_usb0.dns2
I/UpstartPropertyWatcher( 743): Property changed: net.rmnet_usb0.dns2=
I/UpstartPropertyWatcher( 743): Property changed: net.change=net.rmnet_usb0.gw
I/UpstartPropertyWatcher( 743): Property changed: net.rmnet_usb0.gw=
D/DHCP ( 756): ===== DHCP message:
D/DHCP ( 756): op = BOOTREQUEST (1), htype = 1, hlen = 6, hops = 0
D/DHCP ( 756): xid = 0x92f29903 secs = 0, flags = 0x8000 optlen = 14
D/DHCP ( 756): ciaddr = 0.0.0.0
D/DHCP ( 756): yiaddr = 0.0.0.0
D/DHCP ( 756): siaddr = 0.0.0.0
D/DHCP ( 756): giaddr = 0.0.0.0
D/DHCP ( 756): chaddr = { 00 00 00 00 00 00 }
D/DHCP ( 756): sname = ''
D/DHCP ( 756): file = ''
D/DHCP ( 756): op 53 len 1 { 01 } discover
D/DHCP ( 756): op 55 len 4 { 01 03 06 1c }
D/DHCP ( 756): ===== DHCP message:
D/DHCP ( 756): op = BOOTREPLY (2), htype = 1, hlen = 6, hops = 0
D/DHCP ( 756): xid = 0x92f29903 secs = 0, flags = 0x8000 optlen = 42
D/DHCP ( 756): ciaddr = 0.0.0.0
D/DHCP ( 756): yiaddr = 10.187.43.238
D/DHCP ( 756): siaddr = 10.187.43.237
D/DHCP ( 756): giaddr = 0.0.0.0
D/DHCP ( 756): chaddr = { 00 00 00 00 00 00 }
D/DHCP ( 756): sname = ''
D/DHCP ( 756): file = ''
D/DHCP ( 756): op 53 len 1 { 02 } offer
D/DHCP ( 756): op 1 len 4 { ff ff ff fc }
D/DHCP ( 756): op 3 len 4 { 0a bb 2b ed }
D/DHCP ( 756): op 6 len 8 { ac 10 91 67 ac 10 91 67 }
D/DHCP ( 756): op 51 len 4 { 00 00 1c 20 }
D/DHCP ( 756): op 54 len 4 { 0a bb 2b ed }
D/DHCP ( 756): --- dhcp offer (2) ---
D/DHCP ( 756): ip 10.187.43.238 gw 10.187.43.237 prefixLength 30
D/DHCP ( 756): dns1: 172.16.145.103
D/DHCP ( 756): dns2: 172.16.145.103
D/DHCP ( 756): server 10.187.43.237, lease 7200 seconds
D/DHCP ( 756): ===== DHCP message:
D/DHCP ( 756): op = BOOTREQUEST (1), htype = 1, hlen = 6, hops = 0
D/DHCP ( 756): xid = 0x93f29903 secs = 0, flags = 0x8000 optlen = 26
D/DHCP ( 756): ciaddr = 0.0.0.0
D/DHCP ( 756): yiaddr = 0.0.0.0
D/DHCP ( 756): siaddr = 0.0.0.0
D/DHCP ( 756): giaddr = 0.0.0.0
D/DHCP ( 756): chaddr = { 00 00 00 00 00 00 }
D/DHCP ( 756): sname = ''
D/DHCP ( 756): file = ''
D/DHCP ( 756): op 53 len 1 { 03 } request
D/DHCP ( 756): op 55 len 4 { 01 03 06 1c }
D/DHCP ( 756): op 50 len 4 { 0a bb 2b ee }
D/DHCP ( 756): op 54 len 4 { 0a bb 2b ed }
D/DHCP ( 756): ===== DHCP message:
D/DHCP ( 756): op = BOOTREPLY (2), htype = 1, hlen = 6, hops = 0
D/DHCP ( 756): xid = 0x93f29903 secs = 0, flags = 0x8000 optlen = 42
D/DHCP ( 756): ciaddr = 0.0.0.0
D/DHCP ( 756): yiaddr = 10.187.43.238
D/DHCP ( 756): siaddr = 10.187.43.237
D/DHCP ( 756): giaddr = 0.0.0.0
D/DHCP ( 756): chaddr = { 00 00 00 00 00 00 }
D/DHCP ( 756): sname = ''
D/DHCP ( 756): file = ''
D/DHCP ( 756): op 53 len 1 { 05 } ack
D/DHCP ( 756): op 1 len 4 { ff ff ff fc }
D/DHCP ( 756): op 3 len 4 { 0a bb 2b ed }
D/DHCP ( 756): op 6 len 8 { ac 10 91 67 ac 10 91 67 }
D/DHCP ( 756): op 54 len 4 { 0a bb 2b ed }
D/DHCP ( 756): op 51 len 4 { 00 00 1c 20 }
D/DHCP ( 756): --- dhcp ack (5) ---
D/DHCP ( 756): ip 10.187.43.238 gw 10.187.43.237 prefixLength 30
D/DHCP ( 756): dns1: 172.16.145.103
D/DHCP ( 756): dns2: 172.16.145.103
D/DHCP ( 756): server 10.187.43.237, lease 7200 seconds
D/DHCP ( 756): configuring rmnet_usb0
I/UpstartPropertyWatcher( 743): Property changed: net.change=net.rmnet_usb0.dns1
I/UpstartPropertyWatcher( 743): Property changed: net.rmnet_usb0.dns1=172.16.145.103
I/UpstartPropertyWatcher( 743): Property changed: net.rmnet_usb0.dns2=172.16.145.103
I/UpstartPropertyWatcher( 743): Property changed: net.change=net.rmnet_usb0.dns2
I/UpstartPropertyWatcher( 743): Property changed: net.change=net.rmnet_usb0.gw
I/UpstartPropertyWatcher( 743): Property changed: net.rmnet_usb0.gw=10.187.43.237
I/UpstartPropertyWatcher( 743): Property changed: net.change=net.rmnet_usb0.dns1
I/UpstartPropertyWatcher( 743): Property changed: net.rmnet_usb0.dns1=172.16.145.103
I/UpstartPropertyWatcher( 743): Property changed: net.change=net.rmnet_usb0.dns2
I/UpstartPropertyWatcher( 743): Property changed: net.rmnet_usb0.dns2=172.16.145.103
I/UpstartPropertyWatcher( 743): Property changed: net.change=net.rmnet_usb0.gw
I/UpstartPropertyWatcher( 743): Property changed: net.rmnet_usb0.gw=10.187.43.237
I/UpstartPropertyWatcher( 743): Property changed: net.change=net.rmnet_usb0.dns1
I/UpstartPropertyWatcher( 743): Property changed: net.rmnet_usb0.dns1=
I/UpstartPropertyWatcher( 743): Property changed: net.change=net.rmnet_usb0.dns2
I/UpstartPropertyWatcher( 743): Property changed: net.rmnet_usb0.dns2=
I/UpstartPropertyWatcher( 743): Property changed: net.change=net.rmnet_usb0.gw
I/UpstartPropertyWatcher( 743): Property changed: net.rmnet_usb0.gw=
D/DHCP ( 756): ===== DHCP message:
D/DHCP ( 756): op = BOOTREQUEST (1), htype = 1, hlen = 6, hops = 0
D/DHCP ( 756): xid = 0x12d57504 secs = 0, flags = 0x8000 optlen = 14
D/DHCP ( 756): ciaddr = 0.0.0.0
D/DHCP ( 756): yiaddr = 0.0.0.0
D/DHCP ( 756): siaddr = 0.0.0.0
D/DHCP ( 756): giaddr = 0.0.0.0
D/DHCP ( 756): chaddr = { 00 00 00 00 00 00 }
D/DHCP ( 756): sname = ''
D/DHCP ( 756): file = ''
D/DHCP ( 756): op 53 len 1 { 01 } discover
D/DHCP ( 756): op 55 len 4 { 01 03 06 1c }
D/DHCP ( 756): ===== DHCP message:
D/DHCP ( 756): op = BOOTREPLY (2), htype = 1, hlen = 6, hops = 0
D/DHCP ( 756): xid = 0x12d57504 secs = 0, flags = 0x8000 optlen = 42
D/DHCP ( 756): ciaddr = 0.0.0.0
D/DHCP ( 756): yiaddr = 10.183.48.0
D/DHCP ( 756): siaddr = 10.183.48.1
D/DHCP ( 756): giaddr = 0.0.0.0
D/DHCP ( 756): chaddr = { 00 00 00 00 00 00 }
D/DHCP ( 756): sname = ''
D/DHCP ( 756): file = ''
D/DHCP ( 756): op 53 len 1 { 02 } offer
D/DHCP ( 756): op 1 len 4 { ff ff ff fc }
D/DHCP ( 756): op 3 len 4 { 0a b7 30 01 }
D/DHCP ( 756): op 6 len 8 { ac 10 91 67 ac 10 91 67 }
D/DHCP ( 756): op 51 len 4 { 00 00 1c 20 }
D/DHCP ( 756): op 54 len 4 { 0a b7 30 01 }
D/DHCP ( 756): --- dhcp offer (2) ---
D/DHCP ( 756): ip 10.183.48.0 gw 10.183.48.1 prefixLength 30
D/DHCP ( 756): dns1: 172.16.145.103
D/DHCP ( 756): dns2: 172.16.145.103
D/DHCP ( 756): server 10.183.48.1, lease 7200 seconds
D/DHCP ( 756): ===== DHCP message:
D/DHCP ( 756): op = BOOTREQUEST (1), htype = 1, hlen = 6, hops = 0
D/DHCP ( 756): xid = 0x13d57504 secs = 0, flags = 0x8000 optlen = 26
D/DHCP ( 756): ciaddr = 0.0.0.0
D/DHCP ( 756): yiaddr = 0.0.0.0
D/DHCP ( 756): siaddr = 0.0.0.0
D/DHCP ( 756): giaddr = 0.0.0.0
D/DHCP ( 756): chaddr = { 00 00 00 00 00 00 }
D/DHCP ( 756): sname = ''
D/DHCP ( 756): file = ''
D/DHCP ( 756): op 53 len 1 { 03 } request
D/DHCP ( 756): op 55 len 4 { 01 03 06 1c }
D/DHCP ( 756): op 50 len 4 { 0a b7 30 00 }
D/DHCP ( 756): op 54 len 4 { 0a b7 30 01 }
D/DHCP ( 756): ===== DHCP message:
D/DHCP ( 756): op = BOOTREPLY (2), htype = 1, hlen = 6, hops = 0
D/DHCP ( 756): xid = 0x13d57504 secs = 0, flags = 0x8000 optlen = 42
D/DHCP ( 756): ciaddr = 0.0.0.0
D/DHCP ( 756): yiaddr = 10.183.48.0
D/DHCP ( 756): siaddr = 10.183.48.1
D/DHCP ( 756): giaddr = 0.0.0.0
D/DHCP ( 756): chaddr = { 00 00 00 00 00 00 }
D/DHCP ( 756): sname = ''
D/DHCP ( 756): file = ''
D/DHCP ( 756): op 53 len 1 { 05 } ack
D/DHCP ( 756): op 1 len 4 { ff ff ff fc }
D/DHCP ( 756): op 3 len 4 { 0a b7 30 01 }
D/DHCP ( 756): op 6 len 8 { ac 10 91 67 ac 10 91 67 }
D/DHCP ( 756): op 54 len 4 { 0a b7 30 01 }
D/DHCP ( 756): op 51 len 4 { 00 00 1c 20 }
D/DHCP ( 756): --- dhcp ack (5) ---
D/DHCP ( 756): ip 10.183.48.0 gw 10.183.48.1 prefixLength 30
D/DHCP ( 756): dns1: 172.16.145.103
D/DHCP ( 756): dns2: 172.16.145.103
D/DHCP ( 756): server 10.183.48.1, lease 7200 seconds
D/DHCP ( 756): configuring rmnet_usb0
I/UpstartPropertyWatcher( 743): Property changed: net.change=net.rmnet_usb0.dns1
I/UpstartPropertyWatcher( 743): Property changed: net.rmnet_usb0.dns1=172.16.145.103
I/UpstartPropertyWatcher( 743): Property changed: net.change=net.rmnet_usb0.dns2
I/UpstartPropertyWatcher( 743): Property changed: net.rmnet_usb0.dns2=172.16.145.103
I/UpstartPropertyWatcher( 743): Property changed: net.change=net.rmnet_usb0.gw
I/UpstartPropertyWatcher( 743): Property changed: net.rmnet_usb0.gw=10.183.48.1
I/UpstartPropertyWatcher( 743): Property changed: net.change=net.rmnet_usb0.dns1
I/UpstartPropertyWatcher( 743): Property changed: net.rmnet_usb0.dns1=172.16.145.103
I/UpstartPropertyWatcher( 743): Property changed: net.change=net.rmnet_usb0.dns2
I/UpstartPropertyWatcher( 743): Property changed: net.rmnet_usb0.dns2=172.16.145.103
I/UpstartPropertyWatcher( 743): Property changed: net.change=net.rmnet_usb0.gw
I/UpstartPropertyWatcher( 743): Property changed: net.rmnet_usb0.gw=10.183.48.1
I/UpstartPropertyWatcher( 743): Property changed: net.change=net.rmnet_usb0.dns1
I/UpstartPropertyWatcher( 743): Property changed: net.rmnet_usb0.dns1=
I/UpstartPropertyWatcher( 743): Property changed: net.change=net.rmnet_usb0.dns2
I/UpstartPropertyWatcher( 743): Property changed: net.rmnet_usb0.dns2=
I/UpstartPropertyWatcher( 743): Property changed: net.change=net.rmnet_usb0.gw
I/UpstartPropertyWatcher( 743): Property changed: net.rmnet_usb0.gw=
D/DHCP ( 756): ===== DHCP message:
D/DHCP ( 756): op = BOOTREQUEST (1), htype = 1, hlen = 6, hops = 0
D/DHCP ( 756): xid = 0x23b05105 secs = 0, flags = 0x8000 optlen = 14
D/DHCP ( 756): ciaddr = 0.0.0.0
D/DHCP ( 756): yiaddr = 0.0.0.0
D/DHCP ( 756): siaddr = 0.0.0.0
D/DHCP ( 756): giaddr = 0.0.0.0
D/DHCP ( 756): chaddr = { 00 00 00 00 00 00 }
D/DHCP ( 756): sname = ''
D/DHCP ( 756): file = ''
D/DHCP ( 756): op 53 len 1 { 01 } discover
D/DHCP ( 756): op 55 len 4 { 01 03 06 1c }
D/DHCP ( 756): ===== DHCP message:
D/DHCP ( 756): op = BOOTREPLY (2), htype = 1, hlen = 6, hops = 0
D/DHCP ( 756): xid = 0x23b05105 secs = 0, flags = 0x8000 optlen = 42
D/DHCP ( 756): ciaddr = 0.0.0.0
D/DHCP ( 756): yiaddr = 10.183.81.14
D/DHCP ( 756): siaddr = 10.183.81.13
D/DHCP ( 756): giaddr = 0.0.0.0
D/DHCP ( 756): chaddr = { 00 00 00 00 00 00 }
D/DHCP ( 756): sname = ''
D/DHCP ( 756): file = ''
D/DHCP ( 756): op 53 len 1 { 02 } offer
D/DHCP ( 756): op 1 len 4 { ff ff ff fc }
D/DHCP ( 756): op 3 len 4 { 0a b7 51 0d }
D/DHCP ( 756): op 6 len 8 { ac 10 91 67 ac 10 91 67 }
D/DHCP ( 756): op 51 len 4 { 00 00 1c 20 }
D/DHCP ( 756): op 54 len 4 { 0a b7 51 0d }
D/DHCP ( 756): --- dhcp offer (2) ---
D/DHCP ( 756): ip 10.183.81.14 gw 10.183.81.13 prefixLength 30
D/DHCP ( 756): dns1: 172.16.145.103
D/DHCP ( 756): dns2: 172.16.145.103
D/DHCP ( 756): server 10.183.81.13, lease 7200 seconds
D/DHCP ( 756): ===== DHCP message:
D/DHCP ( 756): op = BOOTREQUEST (1), htype = 1, hlen = 6, hops = 0
D/DHCP ( 756): xid = 0x24b05105 secs = 0, flags = 0x8000 optlen = 26
D/DHCP ( 756): ciaddr = 0.0.0.0
D/DHCP ( 756): yiaddr = 0.0.0.0
D/DHCP ( 756): siaddr = 0.0.0.0
D/DHCP ( 756): giaddr = 0.0.0.0
D/DHCP ( 756): chaddr = { 00 00 00 00 00 00 }
D/DHCP ( 756): sname = ''
D/DHCP ( 756): file = ''
D/DHCP ( 756): op 53 len 1 { 03 } request
D/DHCP ( 756): op 55 len 4 { 01 03 06 1c }
D/DHCP ( 756): op 50 len 4 { 0a b7 51 0e }
D/DHCP ( 756): op 54 len 4 { 0a b7 51 0d }
D/DHCP ( 756): ===== DHCP message:
D/DHCP ( 756): op = BOOTREPLY (2), htype = 1, hlen = 6, hops = 0
D/DHCP ( 756): xid = 0x24b05105 secs = 0, flags = 0x8000 optlen = 42
D/DHCP ( 756): ciaddr = 0.0.0.0
D/DHCP ( 756): yiaddr = 10.183.81.14
D/DHCP ( 756): siaddr = 10.183.81.13
D/DHCP ( 756): giaddr = 0.0.0.0
D/DHCP ( 756): chaddr = { 00 00 00 00 00 00 }
D/DHCP ( 756): sname = ''
D/DHCP ( 756): file = ''
D/DHCP ( 756): op 53 len 1 { 05 } ack
D/DHCP ( 756): op 1 len 4 { ff ff ff fc }
D/DHCP ( 756): op 3 len 4 { 0a b7 51 0d }
D/DHCP ( 756): op 6 len 8 { ac 10 91 67 ac 10 91 67 }
D/DHCP ( 756): op 54 len 4 { 0a b7 51 0d }
D/DHCP ( 756): op 51 len 4 { 00 00 1c 20 }
D/DHCP ( 756): --- dhcp ack (5) ---
D/DHCP ( 756): ip 10.183.81.14 gw 10.183.81.13 prefixLength 30
D/DHCP ( 756): dns1: 172.16.145.103
D/DHCP ( 756): dns2: 172.16.145.103
D/DHCP ( 756): server 10.183.81.13, lease 7200 seconds
D/DHCP ( 756): configuring rmnet_usb0
I/UpstartPropertyWatcher( 743): Property changed: net.change=net.rmnet_usb0.gw
I/UpstartPropertyWatcher( 743): Property changed: net.rmnet_usb0.dns1=172.16.145.103
I/UpstartPropertyWatcher( 743): Property changed: net.rmnet_usb0.dns2=172.16.145.103
I/UpstartPropertyWatcher( 743): Property changed: net.rmnet_usb0.gw=10.183.81.13
I/UpstartPropertyWatcher( 743): Property changed: net.change=net.rmnet_usb0.dns2
I/UpstartPropertyWatcher( 743): Property changed: net.rmnet_usb0.dns1=172.16.145.103
I/UpstartPropertyWatcher( 743): Property changed: net.rmnet_usb0.dns2=172.16.145.103
I/UpstartPropertyWatcher( 743): Property changed: net.change=net.rmnet_usb0.gw
I/UpstartPropertyWatcher( 743): Property changed: net.rmnet_usb0.gw=10.183.81.13
I/UpstartPropertyWatcher( 743): Property changed: persist.radio.nitz_lons_0_0=AT&T
I/UpstartPropertyWatcher( 743): Property changed: persist.radio.nitz_lons_1_0=
I/UpstartPropertyWatcher( 743): Property changed: persist.radio.nitz_lons_2_0=
I/UpstartPropertyWatcher( 743): Property changed: persist.radio.nitz_lons_3_0=
I/UpstartPropertyWatcher( 743): Property changed: persist.radio.nitz_sons_0_0=AT&T
I/UpstartPropertyWatcher( 743): Property changed: persist.radio.nitz_sons_1_0=
I/UpstartPropertyWatcher( 743): Property changed: persist.radio.nitz_sons_2_0=
I/UpstartPropertyWatcher( 743): Property changed: persist.radio.nitz_sons_3_0=
I/UpstartPropertyWatcher( 743): Property changed: persist.radio.nitz_plmn_0=310 410
I/UpstartPropertyWatcher( 743): Property changed: persist.radio.nitz_lons_0_0=AT&T
I/UpstartPropertyWatcher( 743): Property changed: persist.radio.nitz_lons_1_0=
I/UpstartPropertyWatcher( 743): Property changed: persist.radio.nitz_lons_2_0=
I/UpstartPropertyWatcher( 743): Property changed: persist.radio.nitz_lons_3_0=
I/UpstartPropertyWatcher( 743): Property changed: persist.radio.nitz_sons_0_0=AT&T
I/UpstartPropertyWatcher( 743): Property changed: persist.radio.nitz_sons_1_0=
I/UpstartPropertyWatcher( 743): Property changed: persist.radio.nitz_sons_2_0=
I/UpstartPropertyWatcher( 743): Property changed: persist.radio.nitz_sons_3_0=
I/UpstartPropertyWatcher( 743): Property changed: persist.radio.nitz_plmn_0=310 410
I/UpstartPropertyWatcher( 743): Property changed: net.change=net.rmnet_usb0.dns1
I/UpstartPropertyWatcher( 743): Property changed: net.rmnet_usb0.dns1=
I/UpstartPropertyWatcher( 743): Property changed: net.change=net.rmnet_usb0.dns2
I/UpstartPropertyWatcher( 743): Property changed: net.rmnet_usb0.dns2=
I/UpstartPropertyWatcher( 743): Property changed: net.change=net.rmnet_usb0.gw
I/UpstartPropertyWatcher( 743): Property changed: net.rmnet_usb0.gw=
I/UpstartPropertyWatcher( 743): Property changed: persist.radio.nitz_lons_0_0=AT&T
I/UpstartPropertyWatcher( 743): Property changed: persist.radio.nitz_lons_1_0=
I/UpstartPropertyWatcher( 743): Property changed: persist.radio.nitz_lons_2_0=
I/UpstartPropertyWatcher( 743): Property changed: persist.radio.nitz_lons_3_0=
I/UpstartPropertyWatcher( 743): Property changed: persist.radio.nitz_sons_0_0=AT&T
I/UpstartPropertyWatcher( 743): Property changed: persist.radio.nitz_sons_1_0=
I/UpstartPropertyWatcher( 743): Property changed: persist.radio.nitz_sons_2_0=
I/UpstartPropertyWatcher( 743): Property changed: persist.radio.nitz_sons_3_0=
I/UpstartPropertyWatcher( 743): Property changed: persist.radio.nitz_plmn_0=310 410
D/DHCP ( 756): ===== DHCP message:
D/DHCP ( 756): op = BOOTREQUEST (1), htype = 1, hlen = 6, hops = 0
D/DHCP ( 756): xid = 0x5ceb6405 secs = 0, flags = 0x8000 optlen = 14
D/DHCP ( 756): ciaddr = 0.0.0.0
D/DHCP ( 756): yiaddr = 0.0.0.0
D/DHCP ( 756): siaddr = 0.0.0.0
D/DHCP ( 756): giaddr = 0.0.0.0
D/DHCP ( 756): chaddr = { 00 00 00 00 00 00 }
D/DHCP ( 756): sname = ''
D/DHCP ( 756): file = ''
D/DHCP ( 756): op 53 len 1 { 01 } discover
D/DHCP ( 756): op 55 len 4 { 01 03 06 1c }
D/DHCP ( 756): ===== DHCP message:
D/DHCP ( 756): op = BOOTREPLY (2), htype = 1, hlen = 6, hops = 0
D/DHCP ( 756): xid = 0x5ceb6405 secs = 0, flags = 0x8000 optlen = 42
D/DHCP ( 756): ciaddr = 0.0.0.0
D/DHCP ( 756): yiaddr = 10.183.81.14
D/DHCP ( 756): siaddr = 10.183.81.13
D/DHCP ( 756): giaddr = 0.0.0.0
D/DHCP ( 756): chaddr = { 00 00 00 00 00 00 }
D/DHCP ( 756): sname = ''
D/DHCP ( 756): file = ''
D/DHCP ( 756): op 53 len 1 { 02 } offer
D/DHCP ( 756): op 1 len 4 { ff ff ff fc }
D/DHCP ( 756): op 3 len 4 { 0a b7 51 0d }
D/DHCP ( 756): op 6 len 8 { ac 10 91 67 ac 10 91 67 }
D/DHCP ( 756): op 51 len 4 { 00 00 1c 20 }
D/DHCP ( 756): op 54 len 4 { 0a b7 51 0d }
D/DHCP ( 756): --- dhcp offer (2) ---
D/DHCP ( 756): ip 10.183.81.14 gw 10.183.81.13 prefixLength 30
D/DHCP ( 756): dns1: 172.16.145.103
D/DHCP ( 756): dns2: 172.16.145.103
D/DHCP ( 756): server 10.183.81.13, lease 7200 seconds
D/DHCP ( 756): ===== DHCP message:
D/DHCP ( 756): op = BOOTREQUEST (1), htype = 1, hlen = 6, hops = 0
D/DHCP ( 756): xid = 0x5deb6405 secs = 0, flags = 0x8000 optlen = 26
D/DHCP ( 756): ciaddr = 0.0.0.0
D/DHCP ( 756): yiaddr = 0.0.0.0
D/DHCP ( 756): siaddr = 0.0.0.0
D/DHCP ( 756): giaddr = 0.0.0.0
D/DHCP ( 756): chaddr = { 00 00 00 00 00 00 }
D/DHCP ( 756): sname = ''
D/DHCP ( 756): file = ''
D/DHCP ( 756): op 53 len 1 { 03 } request
D/DHCP ( 756): op 55 len 4 { 01 03 06 1c }
D/DHCP ( 756): op 50 len 4 { 0a b7 51 0e }
D/DHCP ( 756): op 54 len 4 { 0a b7 51 0d }
D/DHCP ( 756): ===== DHCP message:
D/DHCP ( 756): op = BOOTREPLY (2), htype = 1, hlen = 6, hops = 0
D/DHCP ( 756): xid = 0x5deb6405 secs = 0, flags = 0x8000 optlen = 42
D/DHCP ( 756): ciaddr = 0.0.0.0
D/DHCP ( 756): yiaddr = 10.183.81.14
D/DHCP ( 756): siaddr = 10.183.81.13
D/DHCP ( 756): giaddr = 0.0.0.0
D/DHCP ( 756): chaddr = { 00 00 00 00 00 00 }
D/DHCP ( 756): sname = ''
D/DHCP ( 756): file = ''
D/DHCP ( 756): op 53 len 1 { 05 } ack
D/DHCP ( 756): op 1 len 4 { ff ff ff fc }
D/DHCP ( 756): op 3 len 4 { 0a b7 51 0d }
D/DHCP ( 756): op 6 len 8 { ac 10 91 67 ac 10 91 67 }
D/DHCP ( 756): op 54 len 4 { 0a b7 51 0d }
D/DHCP ( 756): op 51 len 4 { 00 00 1c 20 }
D/DHCP ( 756): --- dhcp ack (5) ---
D/DHCP ( 756): ip 10.183.81.14 gw 10.183.81.13 prefixLength 30
D/DHCP ( 756): dns1: 172.16.145.103
D/DHCP ( 756): dns2: 172.16.145.103
D/DHCP ( 756): server 10.183.81.13, lease 7200 seconds
D/DHCP ( 756): configuring rmnet_usb0
I/UpstartPropertyWatcher( 743): Property changed: net.change=net.rmnet_usb0.dns1
I/UpstartPropertyWatcher( 743): Property changed: net.rmnet_usb0.dns1=172.16.145.103
I/UpstartPropertyWatcher( 743): Property changed: net.change=net.rmnet_usb0.dns2
I/UpstartPropertyWatcher( 743): Property changed: net.rmnet_usb0.dns2=172.16.145.103
I/UpstartPropertyWatcher( 743): Property changed: net.change=net.rmnet_usb0.gw
I/UpstartPropertyWatcher( 743): Property changed: net.rmnet_usb0.gw=10.183.81.13
I/UpstartPropertyWatcher( 743): Property changed: net.change=net.rmnet_usb0.dns1
I/UpstartPropertyWatcher( 743): Property changed: net.rmnet_usb0.dns1=172.16.145.103
I/UpstartPropertyWatcher( 743): Property changed: net.change=net.rmnet_usb0.dns2
I/UpstartPropertyWatcher( 743): Property changed: net.rmnet_usb0.dns2=172.16.145.103
I/UpstartPropertyWatcher( 743): Property changed: net.change=net.rmnet_usb0.gw
I/UpstartPropertyWatcher( 743): Property changed: net.rmnet_usb0.gw=10.183.81.13
I/UpstartPropertyWatcher( 743): Property changed: persist.radio.nitz_lons_0_0=AT&T
I/UpstartPropertyWatcher( 743): Property changed: persist.radio.nitz_lons_1_0=
I/UpstartPropertyWatcher( 743): Property changed: persist.radio.nitz_lons_2_0=
I/UpstartPropertyWatcher( 743): Property changed: persist.radio.nitz_lons_3_0=
I/UpstartPropertyWatcher( 743): Property changed: persist.radio.nitz_sons_0_0=AT&T
I/UpstartPropertyWatcher( 743): Property changed: persist.radio.nitz_sons_1_0=
I/UpstartPropertyWatcher( 743): Property changed: persist.radio.nitz_sons_2_0=
I/UpstartPropertyWatcher( 743): Property changed: persist.radio.nitz_sons_3_0=
I/UpstartPropertyWatcher( 743): Property changed: persist.radio.nitz_plmn_0=310 410
I/UpstartPropertyWatcher( 743): Property changed: net.change=net.rmnet_usb0.dns1
I/UpstartPropertyWatcher( 743): Property changed: net.rmnet_usb0.dns1=
I/UpstartPropertyWatcher( 743): Property changed: net.change=net.rmnet_usb0.dns2
I/UpstartPropertyWatcher( 743): Property changed: net.rmnet_usb0.dns2=
I/UpstartPropertyWatcher( 743): Property changed: net.change=net.rmnet_usb0.gw
I/UpstartPropertyWatcher( 743): Property changed: net.rmnet_usb0.gw=
I/UpstartPropertyWatcher( 743): Property changed: persist.radio.nitz_lons_0_0=AT&T
I/UpstartPropertyWatcher( 743): Property changed: persist.radio.nitz_lons_1_0=
I/UpstartPropertyWatcher( 743): Property changed: persist.radio.nitz_lons_2_0=
I/UpstartPropertyWatcher( 743): Property changed: persist.radio.nitz_lons_3_0=
I/UpstartPropertyWatcher( 743): Property changed: persist.radio.nitz_sons_0_0=AT&T
I/UpstartPropertyWatcher( 743): Property changed: persist.radio.nitz_sons_1_0=
I/UpstartPropertyWatcher( 743): Property changed: persist.radio.nitz_sons_2_0=
I/UpstartPropertyWatcher( 743): Property changed: persist.radio.nitz_sons_3_0=
I/UpstartPropertyWatcher( 743): Property changed: persist.radio.nitz_plmn_0=310 410
D/DHCP ( 756): ===== DHCP message:
D/DHCP ( 756): op = BOOTREQUEST (1), htype = 1, hlen = 6, hops = 0
D/DHCP ( 756): xid = 0x1e4e6e05 secs = 0, flags = 0x8000 optlen = 14
D/DHCP ( 756): ciaddr = 0.0.0.0
D/DHCP ( 756): yiaddr = 0.0.0.0
D/DHCP ( 756): siaddr = 0.0.0.0
D/DHCP ( 756): giaddr = 0.0.0.0
D/DHCP ( 756): chaddr = { 00 00 00 00 00 00 }
D/DHCP ( 756): sname = ''
D/DHCP ( 756): file = ''
D/DHCP ( 756): op 53 len 1 { 01 } discover
D/DHCP ( 756): op 55 len 4 { 01 03 06 1c }
D/DHCP ( 756): ===== DHCP message:
D/DHCP ( 756): op = BOOTREPLY (2), htype = 1, hlen = 6, hops = 0
D/DHCP ( 756): xid = 0x1e4e6e05 secs = 0, flags = 0x8000 optlen = 42
D/DHCP ( 756): ciaddr = 0.0.0.0
D/DHCP ( 756): yiaddr = 10.214.11.179
D/DHCP ( 756): siaddr = 10.214.11.177
D/DHCP ( 756): giaddr = 0.0.0.0
D/DHCP ( 756): chaddr = { 00 00 00 00 00 00 }
D/DHCP ( 756): sname = ''
D/DHCP ( 756): file = ''
D/DHCP ( 756): op 53 len 1 { 02 } offer
D/DHCP ( 756): op 1 len 4 { ff ff ff f8 }
D/DHCP ( 756): op 3 len 4 { 0a d6 0b b1 }
D/DHCP ( 756): op 6 len 8 { ac 10 91 67 ac 10 91 67 }
D/DHCP ( 756): op 51 len 4 { 00 00 1c 20 }
D/DHCP ( 756): op 54 len 4 { 0a d6 0b b1 }
D/DHCP ( 756): --- dhcp offer (2) ---
D/DHCP ( 756): ip 10.214.11.179 gw 10.214.11.177 prefixLength 29
D/DHCP ( 756): dns1: 172.16.145.103
D/DHCP ( 756): dns2: 172.16.145.103
D/DHCP ( 756): server 10.214.11.177, lease 7200 seconds
D/DHCP ( 756): ===== DHCP message:
D/DHCP ( 756): op = BOOTREQUEST (1), htype = 1, hlen = 6, hops = 0
D/DHCP ( 756): xid = 0x1f4e6e05 secs = 0, flags = 0x8000 optlen = 26
D/DHCP ( 756): ciaddr = 0.0.0.0
D/DHCP ( 756): yiaddr = 0.0.0.0
D/DHCP ( 756): siaddr = 0.0.0.0
D/DHCP ( 756): giaddr = 0.0.0.0
D/DHCP ( 756): chaddr = { 00 00 00 00 00 00 }
D/DHCP ( 756): sname = ''
D/DHCP ( 756): file = ''
D/DHCP ( 756): op 53 len 1 { 03 } request
D/DHCP ( 756): op 55 len 4 { 01 03 06 1c }
D/DHCP ( 756): op 50 len 4 { 0a d6 0b b3 }
D/DHCP ( 756): op 54 len 4 { 0a d6 0b b1 }
D/DHCP ( 756): ===== DHCP message:
D/DHCP ( 756): op = BOOTREPLY (2), htype = 1, hlen = 6, hops = 0
D/DHCP ( 756): xid = 0x1f4e6e05 secs = 0, flags = 0x8000 optlen = 42
D/DHCP ( 756): ciaddr = 0.0.0.0
D/DHCP ( 756): yiaddr = 10.214.11.179
D/DHCP ( 756): siaddr = 10.214.11.177
D/DHCP ( 756): giaddr = 0.0.0.0
D/DHCP ( 756): chaddr = { 00 00 00 00 00 00 }
D/DHCP ( 756): sname = ''
D/DHCP ( 756): file = ''
D/DHCP ( 756): op 53 len 1 { 05 } ack
D/DHCP ( 756): op 1 len 4 { ff ff ff f8 }
D/DHCP ( 756): op 3 len 4 { 0a d6 0b b1 }
D/DHCP ( 756): op 6 len 8 { ac 10 91 67 ac 10 91 67 }
D/DHCP ( 756): op 54 len 4 { 0a d6 0b b1 }
D/DHCP ( 756): op 51 len 4 { 00 00 1c 20 }
D/DHCP ( 756): --- dhcp ack (5) ---
D/DHCP ( 756): ip 10.214.11.179 gw 10.214.11.177 prefixLength 29
D/DHCP ( 756): dns1: 172.16.145.103
D/DHCP ( 756): dns2: 172.16.145.103
D/DHCP ( 756): server 10.214.11.177, lease 7200 seconds
D/DHCP ( 756): configuring rmnet_usb0
I/UpstartPropertyWatcher( 743): Property changed: net.change=net.rmnet_usb0.dns1
I/UpstartPropertyWatcher( 743): Property changed: net.rmnet_usb0.dns1=172.16.145.103
I/UpstartPropertyWatcher( 743): Property changed: net.change=net.rmnet_usb0.dns2
I/UpstartPropertyWatcher( 743): Property changed: net.rmnet_usb0.dns2=172.16.145.103
I/UpstartPropertyWatcher( 743): Property changed: net.change=net.rmnet_usb0.gw
I/UpstartPropertyWatcher( 743): Property changed: net.rmnet_usb0.gw=10.214.11.177
I/UpstartPropertyWatcher( 743): Property changed: net.change=net.rmnet_usb0.dns1
I/UpstartPropertyWatcher( 743): Property changed: net.rmnet_usb0.dns1=172.16.145.103
I/UpstartPropertyWatcher( 743): Property changed: net.change=net.rmnet_usb0.dns2
I/UpstartPropertyWatcher( 743): Property changed: net.rmnet_usb0.dns2=172.16.145.103
I/UpstartPropertyWatcher( 743): Property changed: net.change=net.rmnet_usb0.gw
I/UpstartPropertyWatcher( 743): Property changed: net.rmnet_usb0.gw=10.214.11.177
D/hwcomposer( 1752): hwc_blank: Doing Dpy=0, blank=0
D/hwcomposer( 1752): hwc_blank: Done Dpy=0, blank=0