I/UpstartPropertyWatcher( 743): Property changed: persist.radio.nitz_plmn_0=310 410
I/UpstartPropertyWatcher( 743): Property changed: persist.radio.nitz_lons_0_0=AT&T
I/UpstartPropertyWatcher( 743): Property changed: persist.radio.nitz_lons_1_0=
I/UpstartPropertyWatcher( 743): Property changed: persist.radio.nitz_lons_2_0=
I/UpstartPropertyWatcher( 743): Property changed: persist.radio.nitz_lons_3_0=
I/UpstartPropertyWatcher( 743): Property changed: persist.radio.nitz_sons_0_0=AT&T
I/UpstartPropertyWatcher( 743): Property changed: persist.radio.nitz_sons_1_0=
I/UpstartPropertyWatcher( 743): Property changed: persist.radio.nitz_sons_2_0=
I/UpstartPropertyWatcher( 743): Property changed: persist.radio.nitz_sons_3_0=
I/UpstartPropertyWatcher( 743): Property changed: persist.radio.nitz_plmn_0=310 410
I/UpstartPropertyWatcher( 743): Property changed: net.change=net.rmnet_usb0.dns1
I/UpstartPropertyWatcher( 743): Property changed: net.rmnet_usb0.dns1=
I/UpstartPropertyWatcher( 743): Property changed: net.change=net.rmnet_usb0.dns2
I/UpstartPropertyWatcher( 743): Property changed: net.rmnet_usb0.dns2=
I/UpstartPropertyWatcher( 743): Property changed: net.change=net.rmnet_usb0.gw
I/UpstartPropertyWatcher( 743): Property changed: net.rmnet_usb0.gw=
D/DHCP ( 756): ===== DHCP message:
D/DHCP ( 756): op = BOOTREQUEST (1), htype = 1, hlen = 6, hops = 0
D/DHCP ( 756): xid = 0xae466300 secs = 0, flags = 0x8000 optlen = 14
D/DHCP ( 756): ciaddr = 0.0.0.0
D/DHCP ( 756): yiaddr = 0.0.0.0
D/DHCP ( 756): siaddr = 0.0.0.0
D/DHCP ( 756): giaddr = 0.0.0.0
D/DHCP ( 756): chaddr = { 00 00 00 00 00 00 }
D/DHCP ( 756): sname = ''
D/DHCP ( 756): file = ''
D/DHCP ( 756): op 53 len 1 { 01 } discover
D/DHCP ( 756): op 55 len 4 { 01 03 06 1c }
D/DHCP ( 756): ===== DHCP message:
D/DHCP ( 756): op = BOOTREPLY (2), htype = 1, hlen = 6, hops = 0
D/DHCP ( 756): xid = 0xae466300 secs = 0, flags = 0x8000 optlen = 42
D/DHCP ( 756): ciaddr = 0.0.0.0
D/DHCP ( 756): yiaddr = 10.157.165.217
D/DHCP ( 756): siaddr = 10.157.165.218
D/DHCP ( 756): giaddr = 0.0.0.0
D/DHCP ( 756): chaddr = { 00 00 00 00 00 00 }
D/DHCP ( 756): sname = ''
D/DHCP ( 756): file = ''
D/DHCP ( 756): op 53 len 1 { 02 } offer
D/DHCP ( 756): op 1 len 4 { ff ff ff fc }
D/DHCP ( 756): op 3 len 4 { 0a 9d a5 da }
D/DHCP ( 756): op 6 len 8 { ac 10 91 67 ac 10 91 67 }
D/DHCP ( 756): op 51 len 4 { 00 00 1c 20 }
D/DHCP ( 756): op 54 len 4 { 0a 9d a5 da }
D/DHCP ( 756): --- dhcp offer (2) ---
D/DHCP ( 756): ip 10.157.165.217 gw 10.157.165.218 prefixLength 30
D/DHCP ( 756): dns1: 172.16.145.103
D/DHCP ( 756): dns2: 172.16.145.103
D/DHCP ( 756): server 10.157.165.218, lease 7200 seconds
D/DHCP ( 756): ===== DHCP message:
D/DHCP ( 756): op = BOOTREQUEST (1), htype = 1, hlen = 6, hops = 0
D/DHCP ( 756): xid = 0xaf466300 secs = 0, flags = 0x8000 optlen = 26
D/DHCP ( 756): ciaddr = 0.0.0.0
D/DHCP ( 756): yiaddr = 0.0.0.0
D/DHCP ( 756): siaddr = 0.0.0.0
D/DHCP ( 756): giaddr = 0.0.0.0
D/DHCP ( 756): chaddr = { 00 00 00 00 00 00 }
D/DHCP ( 756): sname = ''
D/DHCP ( 756): file = ''
D/DHCP ( 756): op 53 len 1 { 03 } request
D/DHCP ( 756): op 55 len 4 { 01 03 06 1c }
D/DHCP ( 756): op 50 len 4 { 0a 9d a5 d9 }
D/DHCP ( 756): op 54 len 4 { 0a 9d a5 da }
D/DHCP ( 756): ===== DHCP message:
D/DHCP ( 756): op = BOOTREPLY (2), htype = 1, hlen = 6, hops = 0
D/DHCP ( 756): xid = 0xaf466300 secs = 0, flags = 0x8000 optlen = 42
D/DHCP ( 756): ciaddr = 0.0.0.0
D/DHCP ( 756): yiaddr = 10.157.165.217
D/DHCP ( 756): siaddr = 10.157.165.218
D/DHCP ( 756): giaddr = 0.0.0.0
D/DHCP ( 756): chaddr = { 00 00 00 00 00 00 }
D/DHCP ( 756): sname = ''
D/DHCP ( 756): file = ''
D/DHCP ( 756): op 53 len 1 { 05 } ack
D/DHCP ( 756): op 1 len 4 { ff ff ff fc }
D/DHCP ( 756): op 3 len 4 { 0a 9d a5 da }
D/DHCP ( 756): op 6 len 8 { ac 10 91 67 ac 10 91 67 }
D/DHCP ( 756): op 54 len 4 { 0a 9d a5 da }
D/DHCP ( 756): op 51 len 4 { 00 00 1c 20 }
D/DHCP ( 756): --- dhcp ack (5) ---
D/DHCP ( 756): ip 10.157.165.217 gw 10.157.165.218 prefixLength 30
D/DHCP ( 756): dns1: 172.16.145.103
D/DHCP ( 756): dns2: 172.16.145.103
D/DHCP ( 756): server 10.157.165.218, lease 7200 seconds
D/DHCP ( 756): configuring rmnet_usb0
I/UpstartPropertyWatcher( 743): Property changed: net.change=net.rmnet_usb0.dns1
I/UpstartPropertyWatcher( 743): Property changed: net.rmnet_usb0.dns1=172.16.145.103
I/UpstartPropertyWatcher( 743): Property changed: net.change=net.rmnet_usb0.dns2
I/UpstartPropertyWatcher( 743): Property changed: net.rmnet_usb0.dns2=172.16.145.103
I/UpstartPropertyWatcher( 743): Property changed: net.change=net.rmnet_usb0.gw
I/UpstartPropertyWatcher( 743): Property changed: net.rmnet_usb0.gw=10.157.165.218
I/UpstartPropertyWatcher( 743): Property changed: net.change=net.rmnet_usb0.dns1
I/UpstartPropertyWatcher( 743): Property changed: net.rmnet_usb0.dns1=172.16.145.103
I/UpstartPropertyWatcher( 743): Property changed: net.change=net.rmnet_usb0.dns2
I/UpstartPropertyWatcher( 743): Property changed: net.rmnet_usb0.dns2=172.16.145.103
I/UpstartPropertyWatcher( 743): Property changed: net.change=net.rmnet_usb0.gw
I/UpstartPropertyWatcher( 743): Property changed: net.rmnet_usb0.gw=10.157.165.218
I/UpstartPropertyWatcher( 743): Property changed: net.change=net.rmnet_usb0.dns1
I/UpstartPropertyWatcher( 743): Property changed: net.rmnet_usb0.dns1=
I/UpstartPropertyWatcher( 743): Property changed: net.change=net.rmnet_usb0.dns2
I/UpstartPropertyWatcher( 743): Property changed: net.rmnet_usb0.dns2=
I/UpstartPropertyWatcher( 743): Property changed: net.change=net.rmnet_usb0.gw
I/UpstartPropertyWatcher( 743): Property changed: net.rmnet_usb0.gw=
D/DHCP ( 756): ===== DHCP message:
D/DHCP ( 756): op = BOOTREQUEST (1), htype = 1, hlen = 6, hops = 0
D/DHCP ( 756): xid = 0xc6d96700 secs = 0, flags = 0x8000 optlen = 14
D/DHCP ( 756): ciaddr = 0.0.0.0
D/DHCP ( 756): yiaddr = 0.0.0.0
D/DHCP ( 756): siaddr = 0.0.0.0
D/DHCP ( 756): giaddr = 0.0.0.0
D/DHCP ( 756): chaddr = { 00 00 00 00 00 00 }
D/DHCP ( 756): sname = ''
D/DHCP ( 756): file = ''
D/DHCP ( 756): op 53 len 1 { 01 } discover
D/DHCP ( 756): op 55 len 4 { 01 03 06 1c }
D/DHCP ( 756): ===== DHCP message:
D/DHCP ( 756): op = BOOTREPLY (2), htype = 1, hlen = 6, hops = 0
D/DHCP ( 756): xid = 0xc6d96700 secs = 0, flags = 0x8000 optlen = 42
D/DHCP ( 756): ciaddr = 0.0.0.0
D/DHCP ( 756): yiaddr = 10.181.201.46
D/DHCP ( 756): siaddr = 10.181.201.45
D/DHCP ( 756): giaddr = 0.0.0.0
D/DHCP ( 756): chaddr = { 00 00 00 00 00 00 }
D/DHCP ( 756): sname = ''
D/DHCP ( 756): file = ''
D/DHCP ( 756): op 53 len 1 { 02 } offer
D/DHCP ( 756): op 1 len 4 { ff ff ff fc }
D/DHCP ( 756): op 3 len 4 { 0a b5 c9 2d }
D/DHCP ( 756): op 6 len 8 { ac 10 91 67 ac 10 91 67 }
D/DHCP ( 756): op 51 len 4 { 00 00 1c 20 }
D/DHCP ( 756): op 54 len 4 { 0a b5 c9 2d }
D/DHCP ( 756): --- dhcp offer (2) ---
D/DHCP ( 756): ip 10.181.201.46 gw 10.181.201.45 prefixLength 30
D/DHCP ( 756): dns1: 172.16.145.103
D/DHCP ( 756): dns2: 172.16.145.103
D/DHCP ( 756): server 10.181.201.45, lease 7200 seconds
D/DHCP ( 756): ===== DHCP message:
D/DHCP ( 756): op = BOOTREQUEST (1), htype = 1, hlen = 6, hops = 0
D/DHCP ( 756): xid = 0xc7d96700 secs = 0, flags = 0x8000 optlen = 26
D/DHCP ( 756): ciaddr = 0.0.0.0
D/DHCP ( 756): yiaddr = 0.0.0.0
D/DHCP ( 756): siaddr = 0.0.0.0
D/DHCP ( 756): giaddr = 0.0.0.0
D/DHCP ( 756): chaddr = { 00 00 00 00 00 00 }
D/DHCP ( 756): sname = ''
D/DHCP ( 756): file = ''
D/DHCP ( 756): op 53 len 1 { 03 } request
D/DHCP ( 756): op 55 len 4 { 01 03 06 1c }
D/DHCP ( 756): op 50 len 4 { 0a b5 c9 2e }
D/DHCP ( 756): op 54 len 4 { 0a b5 c9 2d }
D/DHCP ( 756): ===== DHCP message:
D/DHCP ( 756): op = BOOTREPLY (2), htype = 1, hlen = 6, hops = 0
D/DHCP ( 756): xid = 0xc7d96700 secs = 0, flags = 0x8000 optlen = 42
D/DHCP ( 756): ciaddr = 0.0.0.0
D/DHCP ( 756): yiaddr = 10.181.201.46
D/DHCP ( 756): siaddr = 10.181.201.45
D/DHCP ( 756): giaddr = 0.0.0.0
D/DHCP ( 756): chaddr = { 00 00 00 00 00 00 }
D/DHCP ( 756): sname = ''
D/DHCP ( 756): file = ''
D/DHCP ( 756): op 53 len 1 { 05 } ack
D/DHCP ( 756): op 1 len 4 { ff ff ff fc }
D/DHCP ( 756): op 3 len 4 { 0a b5 c9 2d }
D/DHCP ( 756): op 6 len 8 { ac 10 91 67 ac 10 91 67 }
D/DHCP ( 756): op 54 len 4 { 0a b5 c9 2d }
D/DHCP ( 756): op 51 len 4 { 00 00 1c 20 }
D/DHCP ( 756): --- dhcp ack (5) ---
D/DHCP ( 756): ip 10.181.201.46 gw 10.181.201.45 prefixLength 30
D/DHCP ( 756): dns1: 172.16.145.103
D/DHCP ( 756): dns2: 172.16.145.103
D/DHCP ( 756): server 10.181.201.45, lease 7200 seconds
D/DHCP ( 756): configuring rmnet_usb0
I/UpstartPropertyWatcher( 743): Property changed: net.change=net.rmnet_usb0.dns1
I/UpstartPropertyWatcher( 743): Property changed: net.rmnet_usb0.dns1=172.16.145.103
I/UpstartPropertyWatcher( 743): Property changed: net.change=net.rmnet_usb0.dns2
I/UpstartPropertyWatcher( 743): Property changed: net.rmnet_usb0.dns2=172.16.145.103
I/UpstartPropertyWatcher( 743): Property changed: net.change=net.rmnet_usb0.gw
I/UpstartPropertyWatcher( 743): Property changed: net.rmnet_usb0.gw=10.181.201.45
I/UpstartPropertyWatcher( 743): Property changed: net.change=net.rmnet_usb0.dns1
I/UpstartPropertyWatcher( 743): Property changed: net.rmnet_usb0.dns1=172.16.145.103
I/UpstartPropertyWatcher( 743): Property changed: net.change=net.rmnet_usb0.dns2
I/UpstartPropertyWatcher( 743): Property changed: net.rmnet_usb0.dns2=172.16.145.103
I/UpstartPropertyWatcher( 743): Property changed: net.change=net.rmnet_usb0.gw
I/UpstartPropertyWatcher( 743): Property changed: net.rmnet_usb0.gw=10.181.201.45
I/UpstartPropertyWatcher( 743): Property changed: net.change=net.rmnet_usb0.dns1
I/UpstartPropertyWatcher( 743): Property changed: net.rmnet_usb0.dns1=
I/UpstartPropertyWatcher( 743): Property changed: net.change=net.rmnet_usb0.dns2
I/UpstartPropertyWatcher( 743): Property changed: net.rmnet_usb0.dns2=
I/UpstartPropertyWatcher( 743): Property changed: net.rmnet_usb0.gw=
D/DHCP ( 756): ===== DHCP message:
D/DHCP ( 756): op = BOOTREQUEST (1), htype = 1, hlen = 6, hops = 0
D/DHCP ( 756): xid = 0xc7e66e00 secs = 0, flags = 0x8000 optlen = 14
D/DHCP ( 756): ciaddr = 0.0.0.0
D/DHCP ( 756): yiaddr = 0.0.0.0
D/DHCP ( 756): siaddr = 0.0.0.0
D/DHCP ( 756): giaddr = 0.0.0.0
D/DHCP ( 756): chaddr = { 00 00 00 00 00 00 }
D/DHCP ( 756): sname = ''
D/DHCP ( 756): file = ''
D/DHCP ( 756): op 53 len 1 { 01 } discover
D/DHCP ( 756): op 55 len 4 { 01 03 06 1c }
D/DHCP ( 756): ===== DHCP message:
D/DHCP ( 756): op = BOOTREPLY (2), htype = 1, hlen = 6, hops = 0
D/DHCP ( 756): xid = 0xc7e66e00 secs = 0, flags = 0x8000 optlen = 42
D/DHCP ( 756): ciaddr = 0.0.0.0
D/DHCP ( 756): yiaddr = 10.184.89.98
D/DHCP ( 756): siaddr = 10.184.89.97
D/DHCP ( 756): giaddr = 0.0.0.0
D/DHCP ( 756): chaddr = { 00 00 00 00 00 00 }
D/DHCP ( 756): sname = ''
D/DHCP ( 756): file = ''
D/DHCP ( 756): op 53 len 1 { 02 } offer
D/DHCP ( 756): op 1 len 4 { ff ff ff fc }
D/DHCP ( 756): op 3 len 4 { 0a b8 59 61 }
D/DHCP ( 756): op 6 len 8 { ac 10 91 67 ac 10 91 67 }
D/DHCP ( 756): op 51 len 4 { 00 00 1c 20 }
D/DHCP ( 756): op 54 len 4 { 0a b8 59 61 }
D/DHCP ( 756): --- dhcp offer (2) ---
D/DHCP ( 756): ip 10.184.89.98 gw 10.184.89.97 prefixLength 30
D/DHCP ( 756): dns1: 172.16.145.103
D/DHCP ( 756): dns2: 172.16.145.103
D/DHCP ( 756): server 10.184.89.97, lease 7200 seconds
D/DHCP ( 756): ===== DHCP message:
D/DHCP ( 756): op = BOOTREQUEST (1), htype = 1, hlen = 6, hops = 0
D/DHCP ( 756): xid = 0xc8e66e00 secs = 0, flags = 0x8000 optlen = 26
D/DHCP ( 756): ciaddr = 0.0.0.0
D/DHCP ( 756): yiaddr = 0.0.0.0
D/DHCP ( 756): siaddr = 0.0.0.0
D/DHCP ( 756): giaddr = 0.0.0.0
D/DHCP ( 756): chaddr = { 00 00 00 00 00 00 }
D/DHCP ( 756): sname = ''
D/DHCP ( 756): file = ''
D/DHCP ( 756): op 53 len 1 { 03 } request
D/DHCP ( 756): op 55 len 4 { 01 03 06 1c }
D/DHCP ( 756): op 50 len 4 { 0a b8 59 62 }
D/DHCP ( 756): op 54 len 4 { 0a b8 59 61 }
D/DHCP ( 756): ===== DHCP message:
D/DHCP ( 756): op = BOOTREPLY (2), htype = 1, hlen = 6, hops = 0
D/DHCP ( 756): xid = 0xc8e66e00 secs = 0, flags = 0x8000 optlen = 42
D/DHCP ( 756): ciaddr = 0.0.0.0
D/DHCP ( 756): yiaddr = 10.184.89.98
D/DHCP ( 756): siaddr = 10.184.89.97
D/DHCP ( 756): giaddr = 0.0.0.0
D/DHCP ( 756): chaddr = { 00 00 00 00 00 00 }
D/DHCP ( 756): sname = ''
D/DHCP ( 756): file = ''
D/DHCP ( 756): op 53 len 1 { 05 } ack
D/DHCP ( 756): op 1 len 4 { ff ff ff fc }
D/DHCP ( 756): op 3 len 4 { 0a b8 59 61 }
D/DHCP ( 756): op 6 len 8 { ac 10 91 67 ac 10 91 67 }
D/DHCP ( 756): op 54 len 4 { 0a b8 59 61 }
D/DHCP ( 756): op 51 len 4 { 00 00 1c 20 }
D/DHCP ( 756): --- dhcp ack (5) ---
D/DHCP ( 756): ip 10.184.89.98 gw 10.184.89.97 prefixLength 30
D/DHCP ( 756): dns1: 172.16.145.103
D/DHCP ( 756): dns2: 172.16.145.103
D/DHCP ( 756): server 10.184.89.97, lease 7200 seconds
D/DHCP ( 756): configuring rmnet_usb0
I/UpstartPropertyWatcher( 743): Property changed: net.change=net.rmnet_usb0.dns1
I/UpstartPropertyWatcher( 743): Property changed: net.rmnet_usb0.dns1=172.16.145.103
I/UpstartPropertyWatcher( 743): Property changed: net.change=net.rmnet_usb0.dns2
I/UpstartPropertyWatcher( 743): Property changed: net.rmnet_usb0.dns2=172.16.145.103
I/UpstartPropertyWatcher( 743): Property changed: net.change=net.rmnet_usb0.gw
I/UpstartPropertyWatcher( 743): Property changed: net.rmnet_usb0.gw=10.184.89.97
I/UpstartPropertyWatcher( 743): Property changed: net.change=net.rmnet_usb0.dns1
I/UpstartPropertyWatcher( 743): Property changed: net.rmnet_usb0.dns1=172.16.145.103
I/UpstartPropertyWatcher( 743): Property changed: net.change=net.rmnet_usb0.dns2
I/UpstartPropertyWatcher( 743): Property changed: net.rmnet_usb0.dns2=172.16.145.103
I/UpstartPropertyWatcher( 743): Property changed: net.change=net.rmnet_usb0.gw
I/UpstartPropertyWatcher( 743): Property changed: net.rmnet_usb0.gw=10.184.89.97
D/hwcomposer( 1752): hwc_blank: Doing Dpy=0, blank=0
D/hwcomposer( 1752): hwc_blank: Done Dpy=0, blank=0
D/libEGL (11760): loaded /system/lib/egl/libEGL_adreno200.so
D/libEGL (11760): loaded /system/lib/egl/libGLESv1_CM_adreno200.so
D/libEGL (11760): loaded /system/lib/egl/libGLESv2_adreno200.so
I/Adreno200-EGL(11760): : EGL 1.4 QUALCOMM build: Nondeterministic AU_full_mako_PARTNER-ANDROID/JB-MR1-DEV_CL2961380_release_AU (CL2961380)
I/Adreno200-EGL(11760): Build Date: 12/10/12 Mon I/Adreno200-EGL(11760): Local Branch:
I/Adreno200-EGL(11760): Remote Branch: m/partner-android/jb-mr1-dev
I/Adreno200-EGL(11760): Local Patches: NONE
I/Adreno200-EGL(11760): Reconstruct Branch: NOTHING
W/Adreno200-EGL(11760): : EGL_BAD_CONTEXT
I/ (11760): UASensorsAccelerometer* ua_sensors_accelerometer_new()():418
W/Adreno200-ES20( 1752): : GL_INVALID_OPERATION
W/Adreno200-EGLSUB( 1752): : PMEM_INV_CACHES undefined
W/Adreno200-ES20( 1752): : GL_INVALID_OPERATION
W/Adreno200-EGLSUB( 1752): : PMEM_INV_CACHES undefined
W/Adreno200-ES20( 1752): : GL_INVALID_OPERATION
W/Adreno200-EGLSUB( 1752): : PMEM_INV_CACHES undefined
D/libEGL (12126): loaded /system/lib/egl/libEGL_adreno200.so
D/libEGL (12126): loaded /system/lib/egl/libGLESv1_CM_adreno200.so
D/libEGL (12126): loaded /system/lib/egl/libGLESv2_adreno200.so
I/Adreno200-EGL(12126): : EGL 1.4 QUALCOMM build: Nondeterministic AU_full_mako_PARTNER-ANDROID/JB-MR1-DEV_CL2961380_release_AU (CL2961380)
I/Adreno200-EGL(12126): Build Date: 12/10/12 Mon I/Adreno200-EGL(12126): Local Branch:
I/Adreno200-EGL(12126): Remote Branch: m/partner-android/jb-mr1-dev
I/Adreno200-EGL(12126): Local Patches: NONE
I/Adreno200-EGL(12126): Reconstruct Branch: NOTHING
W/Adreno200-EGL(12126): : EGL_BAD_CONTEXT
I/ (12126): UASensorsAccelerometer* ua_sensors_accelerometer_new()():418
W/Adreno200-ES20( 1752): : GL_INVALID_OPERATION
W/Adreno200-EGLSUB( 1752): : PMEM_INV_CACHES undefined
W/Adreno200-ES20( 1752): : GL_INVALID_OPERATION
W/Adreno200-EGLSUB( 1752): : PMEM_INV_CACHES undefined
W/Adreno200-ES20( 1752): : GL_INVALID_OPERATION
W/Adreno200-EGLSUB( 1752): : PMEM_INV_CACHES undefined
W/Adreno200-ES20( 1752): : GL_INVALID_OPERATION
W/Adreno200-EGLSUB( 1752): : PMEM_INV_CACHES undefined
W/Adreno200-ES20( 1752): : GL_INVALID_OPERATION
W/Adreno200-EGLSUB( 1752): : PMEM_INV_CACHES undefined
W/Adreno200-ES20( 1752): : GL_INVALID_OPERATION
W/Adreno200-EGLSUB( 1752): : PMEM_INV_CACHES undefined
W/Adreno200-ES20( 1752): : GL_INVALID_OPERATION
W/Adreno200-EGLSUB( 1752): : PMEM_INV_CACHES undefined
D/libEGL (12539): loaded /system/lib/egl/libEGL_adreno200.so
D/libEGL (12539): loaded /system/lib/egl/libGLESv1_CM_adreno200.so
D/libEGL (12539): loaded /system/lib/egl/libGLESv2_adreno200.so
I/Adreno200-EGL(12539): : EGL 1.4 QUALCOMM build: Nondeterministic AU_full_mako_PARTNER-ANDROID/JB-MR1-DEV_CL2961380_release_AU (CL2961380)
I/Adreno200-EGL(12539): Build Date: 12/10/12 Mon I/Adreno200-EGL(12539): Local Branch:
I/Adreno200-EGL(12539): Remote Branch: m/partner-android/jb-mr1-dev
I/Adreno200-EGL(12539): Local Patches: NONE
I/Adreno200-EGL(12539): Reconstruct Branch: NOTHING
W/Adreno200-EGL(12539): : EGL_BAD_CONTEXT
I/ (12539): UASensorsAccelerometer* ua_sensors_accelerometer_new()():418
W/Adreno200-ES20( 1752): : GL_INVALID_OPERATION
W/Adreno200-EGLSUB( 1752): : PMEM_INV_CACHES undefined
W/Adreno200-ES20( 1752): : GL_INVALID_OPERATION
W/Adreno200-EGLSUB( 1752): : PMEM_INV_CACHES undefined
W/Adreno200-ES20( 1752): : GL_INVALID_OPERATION
W/Adreno200-EGLSUB( 1752): : PMEM_INV_CACHES undefined
W/Adreno200-ES20( 1752): : GL_INVALID_OPERATION
W/Adreno200-EGLSUB( 1752): : PMEM_INV_CACHES undefined
W/Adreno200-ES20( 1752): : GL_INVALID_OPERATION
W/Adreno200-EGLSUB( 1752): : PMEM_INV_CACHES undefined
W/Adreno200-ES20( 1752): : GL_INVALID_OPERATION
W/Adreno200-EGLSUB( 1752): : PMEM_INV_CACHES undefined
W/Adreno200-ES20( 1752): : GL_INVALID_OPERATION
W/Adreno200-EGLSUB( 1752): : PMEM_INV_CACHES undefined
W/Adreno200-ES20( 1752): : GL_INVALID_OPERATION
W/Adreno200-EGLSUB( 1752): : PMEM_INV_CACHES undefined
W/Adreno200-ES20( 1752): : GL_INVALID_OPERATION
W/Adreno200-EGLSUB( 1752): : PMEM_INV_CACHES undefined
W/Adreno200-ES20( 1752): : GL_INVALID_OPERATION
W/Adreno200-EGLSUB( 1752): : PMEM_INV_CACHES undefined
W/Adreno200-ES20( 1752): : GL_INVALID_OPERATION
W/Adreno200-EGLSUB( 1752): : PMEM_INV_CACHES undefined
W/Adreno200-ES20( 1752): : GL_INVALID_OPERATION
W/Adreno200-EGLSUB( 1752): : PMEM_INV_CACHES undefined
W/Adreno200-ES20( 1752): : GL_INVALID_OPERATION
W/Adreno200-EGLSUB( 1752): : PMEM_INV_CACHES undefined
W/Adreno200-ES20( 1752): : GL_INVALID_OPERATION
W/Adreno200-EGLSUB( 1752): : PMEM_INV_CACHES undefined
W/Adreno200-ES20( 1752): : GL_INVALID_OPERATION
W/Adreno200-EGLSUB( 1752): : PMEM_INV_CACHES undefined
W/Adreno200-ES20( 1752): : GL_INVALID_OPERATION
W/Adreno200-EGLSUB( 1752): : PMEM_INV_CACHES undefined
W/Adreno200-ES20( 1752): : GL_INVALID_OPERATION
W/Adreno200-EGLSUB( 1752): : PMEM_INV_CACHES undefined
W/Adreno200-ES20( 1752): : GL_INVALID_OPERATION
W/Adreno200-EGLSUB( 1752): : PMEM_INV_CACHES undefined
W/Adreno200-ES20( 1752): : GL_INVALID_OPERATION
W/Adreno200-EGLSUB( 1752): : PMEM_INV_CACHES undefined
W/Adreno200-ES20( 1752): : GL_INVALID_OPERATION
W/Adreno200-EGLSUB( 1752): : PMEM_INV_CACHES undefined
W/Adreno200-ES20( 1752): : GL_INVALID_OPERATION
W/Adreno200-EGLSUB( 1752): : PMEM_INV_CACHES undefined
W/Adreno200-ES20( 1752): : GL_INVALID_OPERATION
W/Adreno200-EGLSUB( 1752): : PMEM_INV_CACHES undefined
W/Adreno200-ES20( 1752): : GL_INVALID_OPERATION
W/Adreno200-EGLSUB( 1752): : PMEM_INV_CACHES undefined
W/Adreno200-ES20( 1752): : GL_INVALID_OPERATION
W/Adreno200-EGLSUB( 1752): : PMEM_INV_CACHES undefined
W/Adreno200-ES20( 1752): : GL_INVALID_OPERATION
W/Adreno200-EGLSUB( 1752): : PMEM_INV_CACHES undefined
W/Adreno200-ES20( 1752): : GL_INVALID_OPERATION
W/Adreno200-EGLSUB( 1752): : PMEM_INV_CACHES undefined
W/Adreno200-ES20( 1752): : GL_INVALID_OPERATION
W/Adreno200-EGLSUB( 1752): : PMEM_INV_CACHES undefined
W/Adreno200-ES20( 1752): : GL_INVALID_OPERATION
W/Adreno200-EGLSUB( 1752): : PMEM_INV_CACHES undefined
D/libEGL (12677): loaded /system/lib/egl/libEGL_adreno200.so
D/libEGL (12677): loaded /system/lib/egl/libGLESv1_CM_adreno200.so
D/libEGL (12677): loaded /system/lib/egl/libGLESv2_adreno200.so
I/Adreno200-EGL(12677): : EGL 1.4 QUALCOMM build: Nondeterministic AU_full_mako_PARTNER-ANDROID/JB-MR1-DEV_CL2961380_release_AU (CL2961380)
I/Adreno200-EGL(12677): Build Date: 12/10/12 Mon I/Adreno200-EGL(12677): Local Branch:
I/Adreno200-EGL(12677): Remote Branch: m/partner-android/jb-mr1-dev
I/Adreno200-EGL(12677): Local Patches: NONE
I/Adreno200-EGL(12677): Reconstruct Branch: NOTHING
W/Adreno200-EGL(12677): : EGL_BAD_CONTEXT
I/ (12677): UASensorsAccelerometer* ua_sensors_accelerometer_new()():418
W/Adreno200-ES20( 1752): : GL_INVALID_OPERATION
W/Adreno200-EGLSUB( 1752): : PMEM_INV_CACHES undefined
W/Adreno200-ES20( 1752): : GL_INVALID_OPERATION
W/Adreno200-EGLSUB( 1752): : PMEM_INV_CACHES undefined
W/Adreno200-ES20( 1752): : GL_INVALID_OPERATION
W/Adreno200-EGLSUB( 1752): : PMEM_INV_CACHES undefined
W/Adreno200-ES20( 1752): : GL_INVALID_OPERATION
W/Adreno200-EGLSUB( 1752): : PMEM_INV_CACHES undefined
W/Adreno200-ES20( 1752): : GL_INVALID_OPERATION
W/Adreno200-EGLSUB( 1752): : PMEM_INV_CACHES undefined
W/Adreno200-ES20( 1752): : GL_INVALID_OPERATION
W/Adreno200-EGLSUB( 1752): : PMEM_INV_CACHES undefined
W/Adreno200-ES20( 1752): : GL_INVALID_OPERATION
W/Adreno200-EGLSUB( 1752): : PMEM_INV_CACHES undefined
W/Adreno200-ES20( 1752): : GL_INVALID_OPERATION
W/Adreno200-EGLSUB( 1752): : PMEM_INV_CACHES undefined
W/Adreno200-ES20( 1752): : GL_INVALID_OPERATION
W/Adreno200-EGLSUB( 1752): : PMEM_INV_CACHES undefined
D/hwcomposer( 1752): hwc_blank: Doing Dpy=0, blank=1
D/hwcomposer( 1752): hwc_blank: Done Dpy=0, blank=1
I/UpstartPropertyWatcher( 743): Property changed: net.change=net.rmnet_usb0.dns1
I/UpstartPropertyWatcher( 743): Property changed: net.rmnet_usb0.dns1=
I/UpstartPropertyWatcher( 743): Property changed: net.rmnet_usb0.dns2=
I/UpstartPropertyWatcher( 743): Property changed: net.rmnet_usb0.gw=
D/DHCP ( 756): ===== DHCP message:
D/DHCP ( 756): op = BOOTREQUEST (1), htype = 1, hlen = 6, hops = 0
D/DHCP ( 756): xid = 0x8882e700 secs = 0, flags = 0x8000 optlen = 14
D/DHCP ( 756): ciaddr = 0.0.0.0
D/DHCP ( 756): yiaddr = 0.0.0.0
D/DHCP ( 756): siaddr = 0.0.0.0
D/DHCP ( 756): giaddr = 0.0.0.0
D/DHCP ( 756): chaddr = { 00 00 00 00 00 00 }
D/DHCP ( 756): sname = ''
D/DHCP ( 756): file = ''
D/DHCP ( 756): op 53 len 1 { 01 } discover
D/DHCP ( 756): op 55 len 4 { 01 03 06 1c }
D/DHCP ( 756): ===== DHCP message:
D/DHCP ( 756): op = BOOTREPLY (2), htype = 1, hlen = 6, hops = 0
D/DHCP ( 756): xid = 0x8882e700 secs = 0, flags = 0x8000 optlen = 42
D/DHCP ( 756): ciaddr = 0.0.0.0
D/DHCP ( 756): yiaddr = 10.209.99.39
D/DHCP ( 756): siaddr = 10.209.99.33
D/DHCP ( 756): giaddr = 0.0.0.0
D/DHCP ( 756): chaddr = { 00 00 00 00 00 00 }
D/DHCP ( 756): sname = ''
D/DHCP ( 756): file = ''
D/DHCP ( 756): op 53 len 1 { 02 } offer
D/DHCP ( 756): op 1 len 4 { ff ff ff f0 }
D/DHCP ( 756): op 3 len 4 { 0a d1 63 21 }
D/DHCP ( 756): op 6 len 8 { ac 10 91 67 ac 10 91 67 }
D/DHCP ( 756): op 51 len 4 { 00 00 1c 20 }
D/DHCP ( 756): op 54 len 4 { 0a d1 63 21 }
D/DHCP ( 756): --- dhcp offer (2) ---
D/DHCP ( 756): ip 10.209.99.39 gw 10.209.99.33 prefixLength 28
D/DHCP ( 756): dns1: 172.16.145.103
D/DHCP ( 756): dns2: 172.16.145.103
D/DHCP ( 756): server 10.209.99.33, lease 7200 seconds
D/DHCP ( 756): ===== DHCP message:
D/DHCP ( 756): op = BOOTREQUEST (1), htype = 1, hlen = 6, hops = 0
D/DHCP ( 756): xid = 0x8982e700 secs = 0, flags = 0x8000 optlen = 26
D/DHCP ( 756): ciaddr = 0.0.0.0
D/DHCP ( 756): yiaddr = 0.0.0.0
D/DHCP ( 756): siaddr = 0.0.0.0
D/DHCP ( 756): giaddr = 0.0.0.0
D/DHCP ( 756): chaddr = { 00 00 00 00 00 00 }
D/DHCP ( 756): sname = ''
D/DHCP ( 756): file = ''
D/DHCP ( 756): op 53 len 1 { 03 } request
D/DHCP ( 756): op 55 len 4 { 01 03 06 1c }
D/DHCP ( 756): op 50 len 4 { 0a d1 63 27 }
D/DHCP ( 756): op 54 len 4 { 0a d1 63 21 }
D/DHCP ( 756): ===== DHCP message:
D/DHCP ( 756): op = BOOTREPLY (2), htype = 1, hlen = 6, hops = 0
D/DHCP ( 756): xid = 0x8982e700 secs = 0, flags = 0x8000 optlen = 42
D/DHCP ( 756): ciaddr = 0.0.0.0
D/DHCP ( 756): yiaddr = 10.209.99.39
D/DHCP ( 756): siaddr = 10.209.99.33
D/DHCP ( 756): giaddr = 0.0.0.0
D/DHCP ( 756): chaddr = { 00 00 00 00 00 00 }
D/DHCP ( 756): sname = ''
D/DHCP ( 756): file = ''
D/DHCP ( 756): op 53 len 1 { 05 } ack
D/DHCP ( 756): op 1 len 4 { ff ff ff f0 }
D/DHCP ( 756): op 3 len 4 { 0a d1 63 21 }
D/DHCP ( 756): op 6 len 8 { ac 10 91 67 ac 10 91 67 }
D/DHCP ( 756): op 54 len 4 { 0a d1 63 21 }
D/DHCP ( 756): op 51 len 4 { 00 00 1c 20 }
D/DHCP ( 756): --- dhcp ack (5) ---
D/DHCP ( 756): ip 10.209.99.39 gw 10.209.99.33 prefixLength 28
D/DHCP ( 756): dns1: 172.16.145.103
D/DHCP ( 756): dns2: 172.16.145.103
D/DHCP ( 756): server 10.209.99.33, lease 7200 seconds
D/DHCP ( 756): configuring rmnet_usb0
I/UpstartPropertyWatcher( 743): Property changed: net.change=net.rmnet_usb0.dns1
I/UpstartPropertyWatcher( 743): Property changed: net.rmnet_usb0.dns1=172.16.145.103
I/UpstartPropertyWatcher( 743): Property changed: net.change=net.rmnet_usb0.dns2
I/UpstartPropertyWatcher( 743): Property changed: net.rmnet_usb0.dns2=172.16.145.103
I/UpstartPropertyWatcher( 743): Property changed: net.change=net.rmnet_usb0.gw
I/UpstartPropertyWatcher( 743): Property changed: net.rmnet_usb0.gw=10.209.99.33
I/UpstartPropertyWatcher( 743): Property changed: net.change=net.rmnet_usb0.dns1
I/UpstartPropertyWatcher( 743): Property changed: net.rmnet_usb0.dns1=172.16.145.103
I/UpstartPropertyWatcher( 743): Property changed: net.change=net.rmnet_usb0.dns2
I/UpstartPropertyWatcher( 743): Property changed: net.rmnet_usb0.dns2=172.16.145.103
I/UpstartPropertyWatcher( 743): Property changed: net.change=net.rmnet_usb0.gw
I/UpstartPropertyWatcher( 743): Property changed: net.rmnet_usb0.gw=10.209.99.33
D/hwcomposer( 1752): hwc_blank: Doing Dpy=0, blank=0
D/hwcomposer( 1752): hwc_blank: Done Dpy=0, blank=0
W/Adreno200-ES20( 1752): : GL_INVALID_OPERATION
W/Adreno200-EGLSUB( 1752): : PMEM_INV_CACHES undefined
W/Adreno200-ES20( 1752): : GL_INVALID_OPERATION
W/Adreno200-EGLSUB( 1752): : PMEM_INV_CACHES undefined
W/Adreno200-ES20( 1752): : GL_INVALID_OPERATION
W/Adreno200-EGLSUB( 1752): : PMEM_INV_CACHES undefined
W/Adreno200-ES20( 1752): : GL_INVALID_OPERATION
W/Adreno200-EGLSUB( 1752): : PMEM_INV_CACHES undefined
W/Adreno200-ES20( 1752): : GL_INVALID_OPERATION
W/Adreno200-EGLSUB( 1752): : PMEM_INV_CACHES undefined
W/Adreno200-ES20( 1752): : GL_INVALID_OPERATION
W/Adreno200-EGLSUB( 1752): : PMEM_INV_CACHES undefined
W/Adreno200-ES20( 1752): : GL_INVALID_OPERATION
W/Adreno200-EGLSUB( 1752): : PMEM_INV_CACHES undefined
W/Adreno200-ES20( 1752): : GL_INVALID_OPERATION
W/Adreno200-EGLSUB( 1752): : PMEM_INV_CACHES undefined
W/Adreno200-ES20( 1752): : GL_INVALID_OPERATION
W/Adreno200-EGLSUB( 1752): : PMEM_INV_CACHES undefined
W/Adreno200-ES20( 1752): : GL_INVALID_OPERATION
W/Adreno200-EGLSUB( 1752): : PMEM_INV_CACHES undefined
W/Adreno200-ES20( 1752): : GL_INVALID_OPERATION
W/Adreno200-EGLSUB( 1752): : PMEM_INV_CACHES undefined
W/Adreno200-ES20( 1752): : GL_INVALID_OPERATION
W/Adreno200-EGLSUB( 1752): : PMEM_INV_CACHES undefined
D/hwcomposer( 1752): hwc_blank: Doing Dpy=0, blank=1
D/hwcomposer( 1752): hwc_blank: Done Dpy=0, blank=1
D/hwcomposer( 1752): hwc_blank: Doing Dpy=0, blank=0
D/hwcomposer( 1752): hwc_blank: Done Dpy=0, blank=0
D/hwcomposer( 1752): hwc_blank: Doing Dpy=0, blank=1
D/hwcomposer( 1752): hwc_blank: Done Dpy=0, blank=1
D/hwcomposer( 1752): hwc_blank: Doing Dpy=0, blank=0
D/hwcomposer( 1752): hwc_blank: Done Dpy=0, blank=0
I/ ( 2427): UStatus ua_sensors_proximity_enable(UASensorsProximity*)():161
D/AudioHardwareALSA( 1612): hw_get_module(ALSA_HARDWARE_MODULE_ID) returned err 0
D/AudioHardwareALSA( 1612): AudioHardware: DLOPEN successful for ACDBLOADER
D/ACDB-LOADER( 1612): ACDB -> ACDB_CMD_INITIALIZE
E/ ( 1612): [ACDB RTC]->rtc init done!->result [0]
E/ ( 1612): [ACDB ACPH]->actp diag init done!
D/ACDB-LOADER( 1612): No existing ION info in ACDB driver
D/ACDB-LOADER( 1612): ACDB -> ION_IOC_ALLOC
D/ACDB-LOADER( 1612): ACDB -> ION_IOC_SHARE
D/ACDB-LOADER( 1612): ACDB -> MMAP ADDR
D/ACDB-LOADER( 1612): ACDB -> register MEM to ACDB driver: 0x40b10000
D/ACDB-LOADER( 1612): ACDB -> send_asm_topology
D/ACDB-LOADER( 1612): ACDB -> ACDB_CMD_GET_AUDPROC_STREAM_TOPOLOGY_ID
D/ACDB-LOADER( 1612): send mbhc data
D/ACDB-LOADER( 1612): send tabla anc data
D/ACDB-LOADER( 1612): ACDB -> ACDB_CMD_GET_ANC_SETTING
D/ACDB-LOADER( 1612): done with conversion, anc config size is 148
D/ACDB-LOADER( 1612): ACDB -> ACDB_CMD_GET_ANC_SETTING
D/ACDB-LOADER( 1612): done with conversion, anc config size is 148
D/ACDB-LOADER( 1612): ACDB -> ACDB_CMD_GET_ANC_SETTING
D/ACDB-LOADER( 1612): done with conversion, anc config size is 148
D/ACDB-LOADER( 1612): ACDB -> ACDB_CMD_GET_ANC_SETTING
D/ACDB-LOADER( 1612): done with conversion, anc config size is 148
D/ACDB-LOADER( 1612): ACDB -> ACDB_CMD_GET_ANC_SETTING
D/ACDB-LOADER( 1612): done with conversion, anc config size is 74
D/ACDB-LOADER( 1612): ACDB -> ACDB_CMD_GET_ANC_SETTING
D/ACDB-LOADER( 1612): done with conversion, anc config size is 74
D/ACDB-LOADER( 1612): ACDB -> init done!
D/AudioHardwareALSA( 1612): AudioHardware: DLOPEN successful for CSD CLIENT
I/ALSAModule( 1612): void android_audio_legacy::s_set_csd_handle(void*) csd_handle: 0x402ddc58
D/alsa_ucm( 1612): Single config file format detected
I/AudioHardwareALSA( 1612): ucm instance opened: 9875392
D/AudioHardwareInterface( 1612): setMode(IN_CALL)
D/AudioHardwareALSA( 1612): openOutputStream: Lowlatency Output
D/ALSAModule( 1612): s_route: devices 0x1 in mode 2
D/ALSAModule( 1612): switchDevice: device 1 mode:2
D/ ( 1612): csd_client_disable_device: rx 0, tx 0, client_state=0
E/ ( 1612): csd_client_disable_device: Disable received in invalid state:0
D/ALSAModule( 1612): switchDevice,rxDev:Voice Earpiece, txDev:DMIC Endfire, curRxDev:None, curTxDev:None
D/alsa_ucm( 1612): snd_use_case_set(): uc_mgr 0x96afc0 identifier _enadev value Voice Earpiece
E/alsa_ucm( 1612): Invalid current verb value: Inactive - -1
D/alsa_ucm( 1612): snd_use_case_set(): uc_mgr 0x96afc0 identifier _enadev value DMIC Endfire
E/alsa_ucm( 1612): Invalid current verb value: Inactive - -1
D/ALSAModule( 1612): switchDevice: curTxUCMDevivce DMIC Endfire curRxDevDevice Voice Earpiece
D/ACDB-LOADER( 1612): ACDB -> acdb_loader_get_remote_acdb_id, acdb_id = 7
D/ACDB-LOADER( 1612): ACDB -> acdb_loader_get_remote_acdb_id, acdb_id = 6
D/ ( 1612): csd_client_enable_device: APQ rx 7, tx 6, ec 43, tty 0x12 state 0
D/ ( 1612): csd_client_enable_device: Remote rx 7, tx 6
E/ ( 1612): csd_client_enable_device: Enable received in invalid state 0
D/alsa_ucm( 1612): snd_use_case_set(): uc_mgr 0x96afc0 identifier _verb value HiFi Lowlatency
D/alsa_ucm( 1612): Set mixer controls for Voice Earpiece enable 1
D/alsa_ucm( 1612): Set mixer controls for HiFi Lowlatency enable 1
D/ALSAModule( 1612): Device value returned is hw:0,14
D/ALSAModule( 1612): setHardwareParams: reqBuffSize 1024 channels 2 sampleRate 48000
D/ALSAModule( 1612): setHardwareParams: buffer_size 2048, period_size 1024, period_cnt 2
D/ALSAStreamOps( 1612): setParameters(): keyRouting with device 0x1
D/AudioHardwareALSA( 1612): doRouting: Enabling CS voice call
D/ALSAModule( 1612): s_route: devices 0x1 in mode 2
D/ALSAModule( 1612): switchDevice: device 1 mode:2
D/ALSAModule( 1612): switchDevice,rxDev:Voice Earpiece, txDev:DMIC Endfire, curRxDev:Voice Earpiece, curTxDev:DMIC Endfire
D/alsa_ucm( 1612): snd_use_case_set(): uc_mgr 0x96afc0 identifier _enadev value Voice Earpiece
D/alsa_ucm( 1612): Set mixer controls for HiFi Lowlatency enable 1
D/alsa_ucm( 1612): snd_use_case_set(): uc_mgr 0x96afc0 identifier _enadev value DMIC Endfire
D/ALSAModule( 1612): switchDevice: curTxUCMDevivce DMIC Endfire curRxDevDevice Voice Earpiece
D/alsa_ucm( 1612): snd_use_case_set(): uc_mgr 0x96afc0 identifier _enamod value Play Voice
D/alsa_ucm( 1612): Voice acdb: rx id 7 tx id 6
D/ACDB-LOADER( 1612): ACDB -> send_voice_cal, acdb_rx = 7, acdb_tx = 6
D/ACDB-LOADER( 1612): ACDB -> send_voice_rx_topology
D/ACDB-LOADER( 1612): ACDB -> ACDB_CMD_GET_VOCPROC_COMMON_TOPOLOGY_ID
D/ACDB-LOADER( 1612): ACDB -> send_voice_tx_topology
D/ACDB-LOADER( 1612): ACDB -> ACDB_CMD_GET_VOCPROC_COMMON_TOPOLOGY_ID
D/ACDB-LOADER( 1612): ACDB -> ACDB_CMD_GET_AFE_DATA
D/ACDB-LOADER( 1612): ACDB -> AUDIO_SET_SIDETONE_CAL
D/ACDB-LOADER( 1612): ACDB -> ACDB_CMD_GET_VOCPROC_COMMON_TABLE
D/ACDB-LOADER( 1612): ACDB -> ACDB_CMD_GET_VOCPROC_COMMON_TABLE
D/ACDB-LOADER( 1612): ACDB -> ACDB_CMD_GET_VOCPROC_COMMON_TABLE
D/ACDB-LOADER( 1612): ACDB -> ACDB_CMD_GET_VOCPROC_COMMON_TABLE
D/ACDB-LOADER( 1612): ACDB -> ACDB_CMD_GET_VOCPROC_COMMON_TABLE
D/ACDB-LOADER( 1612): ACDB -> ACDB_CMD_GET_VOCPROC_COMMON_TABLE
D/ACDB-LOADER( 1612): ACDB -> ACDB_CMD_GET_VOCPROC_COMMON_TABLE
D/ACDB-LOADER( 1612): ACDB -> ACDB_CMD_GET_VOCPROC_COMMON_TABLE
D/ACDB-LOADER( 1612): ACDB -> ACDB_CMD_GET_VOCPROC_COMMON_TABLE
D/ACDB-LOADER( 1612): ACDB -> ACDB_CMD_GET_VOCPROC_COMMON_TABLE
D/ACDB-LOADER( 1612): ACDB -> ACDB_CMD_GET_VOCPROC_COMMON_TABLE
D/ACDB-LOADER( 1612): ACDB -> ACDB_CMD_GET_VOCPROC_COMMON_TABLE
D/ACDB-LOADER( 1612): ACDB -> AUDIO_SET_VOCPROC_CAL
D/ACDB-LOADER( 1612): ACDB -> ACDB_CMD_GET_VOCPROC_GAIN_DEP_VOLTBL
D/ACDB-LOADER( 1612): ACDB -> ACDB_CMD_GET_VOCPROC_GAIN_DEP_VOLTBL
D/ACDB-LOADER( 1612): ACDB -> ACDB_CMD_GET_VOCPROC_GAIN_DEP_VOLTBL
D/ACDB-LOADER( 1612): ACDB -> ACDB_CMD_GET_VOCPROC_GAIN_DEP_VOLTBL
D/ACDB-LOADER( 1612): ACDB -> ACDB_CMD_GET_VOCPROC_GAIN_DEP_VOLTBL
D/ACDB-LOADER( 1612): ACDB -> ACDB_CMD_GET_VOCPROC_GAIN_DEP_VOLTBL
D/ACDB-LOADER( 1612): ACDB -> ACDB_CMD_GET_VOCPROC_GAIN_DEP_VOLTBL
D/ACDB-LOADER( 1612): ACDB -> ACDB_CMD_GET_VOCPROC_GAIN_DEP_VOLTBL
D/ACDB-LOADER( 1612): ACDB -> ACDB_CMD_GET_VOCPROC_GAIN_DEP_VOLTBL
D/ACDB-LOADER( 1612): ACDB -> ACDB_CMD_GET_VOCPROC_GAIN_DEP_VOLTBL
D/ACDB-LOADER( 1612): ACDB -> ACDB_CMD_GET_VOCPROC_GAIN_DEP_VOLTBL
D/ACDB-LOADER( 1612): ACDB -> ACDB_CMD_GET_VOCPROC_GAIN_DEP_VOLTBL
D/ACDB-LOADER( 1612): ACDB -> AUDIO_SET_VOCPROC_VOL_CAL
D/ACDB-LOADER( 1612): ACDB -> ACDB_CMD_GET_VOCPROC_STREAM_TABLE
D/ACDB-LOADER( 1612): ACDB -> ACDB_CMD_GET_VOCPROC_STREAM_TABLE
D/ACDB-LOADER( 1612): ACDB -> ACDB_CMD_GET_VOCPROC_STREAM_TABLE
D/ACDB-LOADER( 1612): ACDB -> ACDB_CMD_GET_VOCPROC_STREAM_TABLE
D/ACDB-LOADER( 1612): ACDB -> ACDB_CMD_GET_VOCPROC_STREAM_TABLE
D/ACDB-LOADER( 1612): ACDB -> ACDB_CMD_GET_VOCPROC_STREAM_TABLE
D/ACDB-LOADER( 1612): ACDB -> ACDB_CMD_GET_VOCPROC_STREAM_TABLE
D/ACDB-LOADER( 1612): ACDB -> ACDB_CMD_GET_VOCPROC_STREAM_TABLE
D/ACDB-LOADER( 1612): ACDB -> ACDB_CMD_GET_VOCPROC_STREAM_TABLE
D/ACDB-LOADER( 1612): ACDB -> ACDB_CMD_GET_VOCPROC_STREAM_TABLE
D/ACDB-LOADER( 1612): ACDB -> ACDB_CMD_GET_VOCPROC_STREAM_TABLE
D/ACDB-LOADER( 1612): ACDB -> ACDB_CMD_GET_VOCPROC_STREAM_TABLE
D/ACDB-LOADER( 1612): ACDB -> AUDIO_SET_VOCPROC_STREAM_CAL
D/ACDB-LOADER( 1612): ACDB -> Sent VocProc Cal!
D/alsa_ucm( 1612): Set mixer controls for DMIC Endfire enable 1
D/alsa_ucm( 1612): Set mixer controls for Play Voice enable 1
D/ALSAModule( 1612): Device value returned is hw:0,12
D/ALSAModule( 1612): setHardwareParams: reqBuffSize 2048 channels 1 sampleRate 8000
D/ALSAModule( 1612): setHardwareParams: buffer_size 4096, period_size 2048, period_cnt 2
D/ALSAModule( 1612): Device value returned is hw:0,12
D/ALSAModule( 1612): setHardwareParams: reqBuffSize 2048 channels 1 sampleRate 8000
D/ALSAModule( 1612): setHardwareParams: buffer_size 4096, period_size 2048, period_cnt 2
D/ ( 1612): csd_client_start_voice: State 0
E/QMI_FW ( 1612): QMUXD: Service_id=20 not found over conn_id=0
E/QMI_FW ( 1612): QMUXD: Service_id=20 not found over conn_id=0
E/QMI_FW ( 1612): QMUXD: Service_id=20 not found over conn_id=0
E/QMI_FW ( 1612): QMUXD: Service_id=20 not found over conn_id=0
E/QMI_FW ( 1612): QMUXD: Service_id=20 not found over conn_id=0
D/ ( 1612): get_sample_rate: Rate 48000
D/ ( 1612): get_sample_rate: Rate 48000
D/ ( 1612): get_sample_rate: Rate 48000
D/ ( 1612): get_sample_rate: Rate 48000
D/ ( 1612): get_sample_rate: Rate 48000
D/ ( 1612): csd_client_async_cb: msg_id 0x33 result 0 error 0
D/ ( 1612): csd_client_async_cb: msg_id 0x34 result 0 error 0
D/ ( 1612): csd_client_async_cb: msg_id 0x55 result 0 error 0
D/ ( 1612): csd_client_async_cb: msg_id 0x57 result 0 error 0
D/ ( 1612): csd_client_async_cb: msg_id 0x36 result 0 error 0
D/ ( 1612): csd_client_async_cb: msg_id 0x3e result 0 error 0
D/AudioHardwareALSA( 1612): openInputStream: devices 0x40000 channels 16 sampleRate 8000
D/ALSAModule( 1612): s_route: devices 0x40000 in mode 2
D/ALSAModule( 1612): switchDevice: device 262144 mode:2
D/ALSAModule( 1612): switchDevice,rxDev:Voice Earpiece, txDev:DMIC Endfire, curRxDev:Voice Earpiece, curTxDev:DMIC Endfire
D/alsa_ucm( 1612): snd_use_case_set(): uc_mgr 0x96afc0 identifier _enadev value Voice Earpiece
D/alsa_ucm( 1612): Set mixer controls for HiFi Lowlatency enable 1
D/alsa_ucm( 1612): Set mixer controls for Play Voice enable 1
D/alsa_ucm( 1612): snd_use_case_set(): uc_mgr 0x96afc0 identifier _enadev value DMIC Endfire
D/alsa_ucm( 1612): Set mixer controls for Play Voice enable 1
D/ALSAModule( 1612): switchDevice: curTxUCMDevivce DMIC Endfire curRxDevDevice Voice Earpiece
D/alsa_ucm( 1612): snd_use_case_set(): uc_mgr 0x96afc0 identifier _enamod value Capture Music
D/alsa_ucm( 1612): Set mixer controls for Capture Music enable 1
D/ALSAModule( 1612): Device value returned is hw:0,0
E/alsa_pcm( 1612): cannot open device '/dev/snd/pcmC0D0c', errno 16
D/ALSAModule( 1612): setHardwareParams: reqBuffSize 320 channels 1 sampleRate 8000
E/alsa_pcm( 1612): SNDRV_PCM_IOCTL_HW_REFINE failed
E/ALSAModule( 1612): cannot set hw params
E/ALSAModule( 1612): Set HW/SW params failed: Closing the pcm stream
D/alsa_ucm( 1612): snd_use_case_set(): uc_mgr 0x96afc0 identifier _dismod value Capture Music
D/alsa_ucm( 1612): Set mixer controls for Capture Music enable 0
D/ALSAModule( 1612): use case is HiFi Lowlatency
D/ALSAModule( 1612): use case is Play Voice
D/ALSAStreamOps( 1612): setParameters(): keyRouting with device 0x40000
D/ALSAModule( 1612): s_route: devices 0x40000 in mode 2
D/ALSAModule( 1612): switchDevice: device 262144 mode:2
D/ALSAModule( 1612): switchDevice,rxDev:Voice Earpiece, txDev:DMIC Endfire, curRxDev:Voice Earpiece, curTxDev:DMIC Endfire
D/alsa_ucm( 1612): snd_use_case_set(): uc_mgr 0x96afc0 identifier _enadev value Voice Earpiece
D/alsa_ucm( 1612): Set mixer controls for HiFi Lowlatency enable 1
D/alsa_ucm( 1612): Set mixer controls for Play Voice enable 1
D/alsa_ucm( 1612): snd_use_case_set(): uc_mgr 0x96afc0 identifier _enadev value DMIC Endfire
D/alsa_ucm( 1612): Set mixer controls for Play Voice enable 1
D/ALSAModule( 1612): switchDevice: curTxUCMDevivce DMIC Endfire curRxDevDevice Voice Earpiece
D/ALSAControl( 1612): ALSAControl: ctor device /dev/snd/controlC0
D/ALSAControl( 1612): set:: name Voice Rx Volume value 0 index 0
D/ ( 1612): csd_client_async_cb: msg_id 0x36 result 0 error 0
D/ ( 1612): csd_client_volume: volume 5, state 2, rc 0
D/libEGL (16301): loaded /system/lib/egl/libEGL_adreno200.so
D/libEGL (16301): loaded /system/lib/egl/libGLESv1_CM_adreno200.so
D/libEGL (16301): loaded /system/lib/egl/libGLESv2_adreno200.so
I/Adreno200-EGL(16301): : EGL 1.4 QUALCOMM build: Nondeterministic AU_full_mako_PARTNER-ANDROID/JB-MR1-DEV_CL2961380_release_AU (CL2961380)
I/Adreno200-EGL(16301): Build Date: 12/10/12 Mon I/Adreno200-EGL(16301): Local Branch:
I/Adreno200-EGL(16301): Remote Branch: m/partner-android/jb-mr1-dev
I/Adreno200-EGL(16301): Local Patches: NONE
I/Adreno200-EGL(16301): Reconstruct Branch: NOTHING
W/Adreno200-EGL(16301): : EGL_BAD_CONTEXT
I/ (16301): UASensorsAccelerometer* ua_sensors_accelerometer_new()():418
W/Adreno200-ES20( 1752): : GL_INVALID_OPERATION
W/Adreno200-EGLSUB( 1752): : PMEM_INV_CACHES undefined
I/ ( 2427): UStatus ua_sensors_proximity_disable(UASensorsProximity*)():179
D/ALSAStreamOps( 1612): close
D/alsa_ucm( 1612): snd_use_case_set(): uc_mgr 0x96afc0 identifier _verb value Inactive
D/alsa_ucm( 1612): Set mixer controls for HiFi Lowlatency enable 0
D/ALSAModule( 1612): use case is Play Voice
D/ALSAStreamOps( 1612): close
D/AudioStreamInALSA( 1612): close
D/AudioStreamInALSA( 1612): close
D/ALSAStreamOps( 1612): close
D/ALSAStreamOps( 1612): close
D/AudioHardwareALSA( 1612): doRouting: Disabling voice call
D/ ( 1612): csd_client_stop_voice: State 2
D/ ( 1612): csd_client_async_cb: msg_id 0x58 result 0 error 0
D/ ( 1612): csd_client_async_cb: msg_id 0x56 result 0 error 0
D/ ( 1612): csd_client_async_cb: msg_id 0x35 result 0 error 0
D/alsa_ucm( 1612): snd_use_case_set(): uc_mgr 0x96afc0 identifier _dismod value Play Voice
D/alsa_ucm( 1612): Set mixer controls for Play Voice enable 0
D/alsa_ucm( 1612): snd_use_case_set(): uc_mgr 0x96afc0 identifier _disdev value DMIC Endfire
D/alsa_ucm( 1612): Set mixer controls for DMIC Endfire enable 0
D/alsa_ucm( 1612): snd_use_case_set(): uc_mgr 0x96afc0 identifier _disdev value Voice Earpiece
D/alsa_ucm( 1612): Set mixer controls for Voice Earpiece enable 0
D/ALSAModule( 1612): s_route: devices 0x40000 in mode 2
D/ALSAModule( 1612): switchDevice: device 262144 mode:2
D/ALSAModule( 1612): switchDevice,rxDev:Voice Earpiece, txDev:DMIC Endfire, curRxDev:Voice Earpiece, curTxDev:DMIC Endfire
D/alsa_ucm( 1612): snd_use_case_set(): uc_mgr 0x96afc0 identifier _enadev value Voice Earpiece
D/alsa_ucm( 1612): snd_use_case_set(): uc_mgr 0x96afc0 identifier _enadev value DMIC Endfire
D/ALSAModule( 1612): switchDevice: curTxUCMDevivce DMIC Endfire curRxDevDevice Voice Earpiece
D/AudioHardwareInterface( 1612): setMode(NORMAL)
D/hwcomposer( 1752): hwc_blank: Doing Dpy=0, blank=1
D/hwcomposer( 1752): hwc_blank: Done Dpy=0, blank=1
D/hwcomposer( 1752): hwc_blank: Doing Dpy=0, blank=0
D/hwcomposer( 1752): hwc_blank: Done Dpy=0, blank=0
W/Adreno200-ES20( 1752): : GL_INVALID_OPERATION
W/Adreno200-EGLSUB( 1752): : PMEM_INV_CACHES undefined
W/Adreno200-ES20( 1752): : GL_INVALID_OPERATION
W/Adreno200-EGLSUB( 1752): : PMEM_INV_CACHES undefined
W/Adreno200-ES20( 1752): : GL_INVALID_OPERATION
W/Adreno200-EGLSUB( 1752): : PMEM_INV_CACHES undefined
W/Adreno200-ES20( 1752): : GL_INVALID_OPERATION
W/Adreno200-EGLSUB( 1752): : PMEM_INV_CACHES undefined
W/Adreno200-ES20( 1752): : GL_INVALID_OPERATION
W/Adreno200-EGLSUB( 1752): : PMEM_INV_CACHES undefined
D/hwcomposer( 1752): hwc_blank: Doing Dpy=0, blank=1
D/hwcomposer( 1752): hwc_blank: Done Dpy=0, blank=1
D/hwcomposer( 1752): hwc_blank: Doing Dpy=0, blank=0
D/hwcomposer( 1752): hwc_blank: Done Dpy=0, blank=0
D/AudioHardwareInterface( 1612): setMode(IN_CALL)
D/AudioHardwareALSA( 1612): openOutputStream: Lowlatency Output
D/ALSAModule( 1612): s_route: devices 0x1 in mode 2
D/ALSAModule( 1612): switchDevice: device 1 mode:2
D/ALSAModule( 1612): switchDevice,rxDev:Voice Earpiece, txDev:DMIC Endfire, curRxDev:Voice Earpiece, curTxDev:DMIC Endfire
D/alsa_ucm( 1612): snd_use_case_set(): uc_mgr 0x96afc0 identifier _enadev value Voice Earpiece
D/alsa_ucm( 1612): snd_use_case_set(): uc_mgr 0x96afc0 identifier _enadev value DMIC Endfire
D/ALSAModule( 1612): switchDevice: curTxUCMDevivce DMIC Endfire curRxDevDevice Voice Earpiece
D/alsa_ucm( 1612): snd_use_case_set(): uc_mgr 0x96afc0 identifier _verb value HiFi Lowlatency
D/alsa_ucm( 1612): Set mixer controls for Voice Earpiece enable 1
D/alsa_ucm( 1612): Set mixer controls for HiFi Lowlatency enable 1
D/ALSAModule( 1612): Device value returned is hw:0,14
D/ALSAModule( 1612): setHardwareParams: reqBuffSize 1024 channels 2 sampleRate 48000
D/ALSAModule( 1612): setHardwareParams: buffer_size 2048, period_size 1024, period_cnt 2
D/ALSAStreamOps( 1612): setParameters(): keyRouting with device 0x1
D/AudioHardwareALSA( 1612): doRouting: Enabling CS voice call
D/ALSAModule( 1612): s_route: devices 0x1 in mode 2
D/ALSAModule( 1612): switchDevice: device 1 mode:2
D/ALSAModule( 1612): switchDevice,rxDev:Voice Earpiece, txDev:DMIC Endfire, curRxDev:Voice Earpiece, curTxDev:DMIC Endfire
D/alsa_ucm( 1612): snd_use_case_set(): uc_mgr 0x96afc0 identifier _enadev value Voice Earpiece
D/alsa_ucm( 1612): Set mixer controls for HiFi Lowlatency enable 1
D/alsa_ucm( 1612): snd_use_case_set(): uc_mgr 0x96afc0 identifier _enadev value DMIC Endfire
D/ALSAModule( 1612): switchDevice: curTxUCMDevivce DMIC Endfire curRxDevDevice Voice Earpiece
D/alsa_ucm( 1612): snd_use_case_set(): uc_mgr 0x96afc0 identifier _enamod value Play Voice
D/alsa_ucm( 1612): Voice acdb: rx id 7 tx id 6
D/ACDB-LOADER( 1612): ACDB -> send_voice_cal, acdb_rx = 7, acdb_tx = 6
D/ACDB-LOADER( 1612): ACDB -> send_voice_rx_topology
D/ACDB-LOADER( 1612): ACDB -> ACDB_CMD_GET_VOCPROC_COMMON_TOPOLOGY_ID
D/ACDB-LOADER( 1612): ACDB -> send_voice_tx_topology
D/ACDB-LOADER( 1612): ACDB -> ACDB_CMD_GET_VOCPROC_COMMON_TOPOLOGY_ID
D/ACDB-LOADER( 1612): ACDB -> ACDB_CMD_GET_AFE_DATA
D/ACDB-LOADER( 1612): ACDB -> AUDIO_SET_SIDETONE_CAL
D/ACDB-LOADER( 1612): ACDB -> ACDB_CMD_GET_VOCPROC_COMMON_TABLE
D/ACDB-LOADER( 1612): ACDB -> ACDB_CMD_GET_VOCPROC_COMMON_TABLE
D/ACDB-LOADER( 1612): ACDB -> ACDB_CMD_GET_VOCPROC_COMMON_TABLE
D/ACDB-LOADER( 1612): ACDB -> ACDB_CMD_GET_VOCPROC_COMMON_TABLE
D/ACDB-LOADER( 1612): ACDB -> ACDB_CMD_GET_VOCPROC_COMMON_TABLE
D/ACDB-LOADER( 1612): ACDB -> ACDB_CMD_GET_VOCPROC_COMMON_TABLE
D/ACDB-LOADER( 1612): ACDB -> ACDB_CMD_GET_VOCPROC_COMMON_TABLE
D/ACDB-LOADER( 1612): ACDB -> ACDB_CMD_GET_VOCPROC_COMMON_TABLE
D/ACDB-LOADER( 1612): ACDB -> ACDB_CMD_GET_VOCPROC_COMMON_TABLE
D/ACDB-LOADER( 1612): ACDB -> ACDB_CMD_GET_VOCPROC_COMMON_TABLE
D/ACDB-LOADER( 1612): ACDB -> ACDB_CMD_GET_VOCPROC_COMMON_TABLE
D/ACDB-LOADER( 1612): ACDB -> ACDB_CMD_GET_VOCPROC_COMMON_TABLE
D/ACDB-LOADER( 1612): ACDB -> AUDIO_SET_VOCPROC_CAL
D/ACDB-LOADER( 1612): ACDB -> ACDB_CMD_GET_VOCPROC_GAIN_DEP_VOLTBL
D/ACDB-LOADER( 1612): ACDB -> ACDB_CMD_GET_VOCPROC_GAIN_DEP_VOLTBL
D/ACDB-LOADER( 1612): ACDB -> ACDB_CMD_GET_VOCPROC_GAIN_DEP_VOLTBL
D/ACDB-LOADER( 1612): ACDB -> ACDB_CMD_GET_VOCPROC_GAIN_DEP_VOLTBL
D/ACDB-LOADER( 1612): ACDB -> ACDB_CMD_GET_VOCPROC_GAIN_DEP_VOLTBL
D/ACDB-LOADER( 1612): ACDB -> ACDB_CMD_GET_VOCPROC_GAIN_DEP_VOLTBL
D/ACDB-LOADER( 1612): ACDB -> ACDB_CMD_GET_VOCPROC_GAIN_DEP_VOLTBL
D/ACDB-LOADER( 1612): ACDB -> ACDB_CMD_GET_VOCPROC_GAIN_DEP_VOLTBL
D/ACDB-LOADER( 1612): ACDB -> ACDB_CMD_GET_VOCPROC_GAIN_DEP_VOLTBL
D/ACDB-LOADER( 1612): ACDB -> ACDB_CMD_GET_VOCPROC_GAIN_DEP_VOLTBL
D/ACDB-LOADER( 1612): ACDB -> ACDB_CMD_GET_VOCPROC_GAIN_DEP_VOLTBL
D/ACDB-LOADER( 1612): ACDB -> ACDB_CMD_GET_VOCPROC_GAIN_DEP_VOLTBL
D/ACDB-LOADER( 1612): ACDB -> AUDIO_SET_VOCPROC_VOL_CAL
D/ACDB-LOADER( 1612): ACDB -> ACDB_CMD_GET_VOCPROC_STREAM_TABLE
D/ACDB-LOADER( 1612): ACDB -> ACDB_CMD_GET_VOCPROC_STREAM_TABLE
D/ACDB-LOADER( 1612): ACDB -> ACDB_CMD_GET_VOCPROC_STREAM_TABLE
D/ACDB-LOADER( 1612): ACDB -> ACDB_CMD_GET_VOCPROC_STREAM_TABLE
D/ACDB-LOADER( 1612): ACDB -> ACDB_CMD_GET_VOCPROC_STREAM_TABLE
D/ACDB-LOADER( 1612): ACDB -> ACDB_CMD_GET_VOCPROC_STREAM_TABLE
D/ACDB-LOADER( 1612): ACDB -> ACDB_CMD_GET_VOCPROC_STREAM_TABLE
D/ACDB-LOADER( 1612): ACDB -> ACDB_CMD_GET_VOCPROC_STREAM_TABLE
D/ACDB-LOADER( 1612): ACDB -> ACDB_CMD_GET_VOCPROC_STREAM_TABLE
D/ACDB-LOADER( 1612): ACDB -> ACDB_CMD_GET_VOCPROC_STREAM_TABLE
D/ACDB-LOADER( 1612): ACDB -> ACDB_CMD_GET_VOCPROC_STREAM_TABLE
D/ACDB-LOADER( 1612): ACDB -> ACDB_CMD_GET_VOCPROC_STREAM_TABLE
D/ACDB-LOADER( 1612): ACDB -> AUDIO_SET_VOCPROC_STREAM_CAL
D/ACDB-LOADER( 1612): ACDB -> Sent VocProc Cal!
D/alsa_ucm( 1612): Set mixer controls for DMIC Endfire enable 1
D/alsa_ucm( 1612): Set mixer controls for Play Voice enable 1
D/ALSAModule( 1612): Device value returned is hw:0,12
D/ALSAModule( 1612): setHardwareParams: reqBuffSize 2048 channels 1 sampleRate 8000
D/ALSAModule( 1612): setHardwareParams: buffer_size 4096, period_size 2048, period_cnt 2
D/ALSAModule( 1612): Device value returned is hw:0,12
D/ALSAModule( 1612): setHardwareParams: reqBuffSize 2048 channels 1 sampleRate 8000
D/ALSAModule( 1612): setHardwareParams: buffer_size 4096, period_size 2048, period_cnt 2
D/ ( 1612): csd_client_start_voice: State 1
D/ ( 1612): get_sample_rate: Rate 48000
D/ ( 1612): get_sample_rate: Rate 48000
D/ ( 1612): get_sample_rate: Rate 48000
D/ ( 1612): get_sample_rate: Rate 48000
D/ ( 1612): get_sample_rate: Rate 48000
D/ ( 1612): csd_client_async_cb: msg_id 0x33 result 0 error 0
D/ ( 1612): csd_client_async_cb: msg_id 0x34 result 0 error 0
D/ ( 1612): csd_client_async_cb: msg_id 0x55 result 0 error 0
D/ ( 1612): csd_client_async_cb: msg_id 0x57 result 0 error 0
D/ ( 1612): csd_client_async_cb: msg_id 0x36 result 0 error 0
D/ ( 1612): csd_client_async_cb: msg_id 0x3e result 0 error 0
D/AudioHardwareALSA( 1612): openInputStream: devices 0x40000 channels 16 sampleRate 8000
D/ALSAModule( 1612): s_route: devices 0x40000 in mode 2
D/ALSAModule( 1612): switchDevice: device 262144 mode:2
D/ALSAModule( 1612): switchDevice,rxDev:Voice Earpiece, txDev:DMIC Endfire, curRxDev:Voice Earpiece, curTxDev:DMIC Endfire
D/alsa_ucm( 1612): snd_use_case_set(): uc_mgr 0x96afc0 identifier _enadev value Voice Earpiece
D/alsa_ucm( 1612): Set mixer controls for HiFi Lowlatency enable 1
D/alsa_ucm( 1612): Set mixer controls for Play Voice enable 1
D/alsa_ucm( 1612): snd_use_case_set(): uc_mgr 0x96afc0 identifier _enadev value DMIC Endfire
D/alsa_ucm( 1612): Set mixer controls for Play Voice enable 1
D/ALSAModule( 1612): switchDevice: curTxUCMDevivce DMIC Endfire curRxDevDevice Voice Earpiece
D/alsa_ucm( 1612): snd_use_case_set(): uc_mgr 0x96afc0 identifier _enamod value Capture Music
D/alsa_ucm( 1612): Set mixer controls for Capture Music enable 1
D/ALSAModule( 1612): Device value returned is hw:0,0
E/alsa_pcm( 1612): cannot open device '/dev/snd/pcmC0D0c', errno 16
D/ALSAModule( 1612): setHardwareParams: reqBuffSize 320 channels 1 sampleRate 8000
E/alsa_pcm( 1612): SNDRV_PCM_IOCTL_HW_REFINE failed
E/ALSAModule( 1612): cannot set hw params
E/ALSAModule( 1612): Set HW/SW params failed: Closing the pcm stream
D/alsa_ucm( 1612): snd_use_case_set(): uc_mgr 0x96afc0 identifier _dismod value Capture Music
