--------- beginning of /dev/alog/main
I/UpstartPropertyWatcher( 743): Starting upstart property watcher
I/UpstartPropertyWatcher( 743): Property count 113
I/UpstartPropertyWatcher( 743): Upstart property watcher connected to socket '/dev/socket/upstart-text-bridge'
I/UpstartPropertyWatcher( 743): Notifying the entire property list
I/UpstartPropertyWatcher( 743): Property changed: ro.boot.hardware=mako
I/UpstartPropertyWatcher( 743): Property changed: ro.boot.emmc=true
I/UpstartPropertyWatcher( 743): Property changed: ro.boot.serialno=01acb3051a9f6b24
I/UpstartPropertyWatcher( 743): Property changed: ro.boot.bootloader=MAKOZ10o
I/UpstartPropertyWatcher( 743): Property changed: ro.boot.baseband=mdm
I/UpstartPropertyWatcher( 743): Property changed: ro.serialno=01acb3051a9f6b24
I/UpstartPropertyWatcher( 743): Property changed: ro.bootmode=unknown
I/UpstartPropertyWatcher( 743): Property changed: ro.baseband=mdm
I/UpstartPropertyWatcher( 743): Property changed: ro.bootloader=MAKOZ10o
I/UpstartPropertyWatcher( 743): Property changed: ro.hardware=mako
I/UpstartPropertyWatcher( 743): Property changed: ro.revision=11
I/UpstartPropertyWatcher( 743): Property changed: ro.emmc=0
I/UpstartPropertyWatcher( 743): Property changed: ro.factorytest=0
I/UpstartPropertyWatcher( 743): Property changed: ro.secure=1
I/UpstartPropertyWatcher( 743): Property changed: ro.allow.mock.location=0
I/UpstartPropertyWatcher( 743): Property changed: ro.debuggable=1
I/UpstartPropertyWatcher( 743): Property changed: rild.libpath=/system/lib/libril-qc-qmi-1.so
I/UpstartPropertyWatcher( 743): Property changed: persist.sys.usb.config=adb
I/UpstartPropertyWatcher( 743): Property changed: init.svc.ueventd=running
I/UpstartPropertyWatcher( 743): Property changed: persist.radio.custom_ecc=1
I/UpstartPropertyWatcher( 743): Property changed: persist.radio.custom_ecc_mcc={234,235,424,426,427,430,431:999},{334:060,066},{422:9999},{730:133}
I/UpstartPropertyWatcher( 743): Property changed: persist.radio.custom_ecc_mcc_ex={450:111,112,113,119,122,125,127},{724:190}
I/UpstartPropertyWatcher( 743): Property changed: persist.radio.custom_ecc_voice={515:117},{452:113,114,115}
I/UpstartPropertyWatcher( 743): Property changed: persist.radio.custom_ecc_hard=911,*911,#911,112,999,000,08,118,120,122,110,119,995,111,113,125,127,133
I/UpstartPropertyWatcher( 743): Property changed: ro.crypto.fuse_sdcard=true
I/UpstartPropertyWatcher( 743): Property changed: vold.post_fs_data_done=1
I/UpstartPropertyWatcher( 743): Property changed: init.svc.sysinit=running
I/UpstartPropertyWatcher( 743): Property changed: ro.build.id=JDQ39E
I/UpstartPropertyWatcher( 743): Property changed: ro.build.display.id=cm_mako-userdebug 4.2.2 JDQ39E 20131031-1310-0ubuntu1 test-keys
I/UpstartPropertyWatcher( 743): Property changed: ro.build.version.incremental=20131031-1310-0ubuntu1
I/UpstartPropertyWatcher( 743): Property changed: ro.build.version.sdk=17
I/UpstartPropertyWatcher( 743): Property changed: ro.build.version.codename=REL
I/UpstartPropertyWatcher( 743): Property changed: ro.build.version.release=4.2.2
I/UpstartPropertyWatcher( 743): Property changed: ro.build.date=Thu Oct 31 15:02:15 UTC 2013
I/UpstartPropertyWatcher( 743): Property changed: ro.build.date.utc=1383231735
I/UpstartPropertyWatcher( 743): Property changed: ro.build.type=userdebug
I/UpstartPropertyWatcher( 743): Property changed: ro.build.user=buildd
I/UpstartPropertyWatcher( 743): Property changed: ro.build.host=akateko
I/UpstartPropertyWatcher( 743): Property changed: ro.build.tags=test-keys
I/UpstartPropertyWatcher( 743): Property changed: ro.product.model=Nexus 4
I/UpstartPropertyWatcher( 743): Property changed: ro.product.brand=google
I/UpstartPropertyWatcher( 743): Property changed: ro.product.name=occam
I/UpstartPropertyWatcher( 743): Property changed: ro.product.device=mako
I/UpstartPropertyWatcher( 743): Property changed: ro.product.board=MAKO
I/UpstartPropertyWatcher( 743): Property changed: ro.product.cpu.abi=armeabi-v7a
I/UpstartPropertyWatcher( 743): Property changed: ro.product.cpu.abi2=armeabi
I/UpstartPropertyWatcher( 743): Property changed: ro.product.manufacturer=LGE
I/UpstartPropertyWatcher( 743): Property changed: ro.product.locale.language=en
I/UpstartPropertyWatcher( 743): Property changed: ro.product.locale.region=US
I/UpstartPropertyWatcher( 743): Property changed: ro.wifi.channels=
I/UpstartPropertyWatcher( 743): Property changed: ro.board.platform=msm8960
I/UpstartPropertyWatcher( 743): Property changed: ro.build.product=mako
I/UpstartPropertyWatcher( 743): Property changed: ro.build.description=occam-user 4.2.2 JDQ39 573038 release-keys
I/UpstartPropertyWatcher( 743): Property changed: ro.build.fingerprint=google/occam/mako:4.2.2/JDQ39/573038:user/release-keys
I/UpstartPropertyWatcher( 743): Property changed: ro.build.characteristics=nosdcard
I/UpstartPropertyWatcher( 743): Property changed: ro.cm.device=mako
I/UpstartPropertyWatcher( 743): Property changed: ro.rommanager.developerid=cyanogenmod
I/UpstartPropertyWatcher( 743): Property changed: keyguard.no_require_sim=true
I/UpstartPropertyWatcher( 743): Property changed: ro.url.legal=http://www.google.com/intl/%s/mobile/android/basic/phone-legal.html
I/UpstartPropertyWatcher( 743): Property changed: ro.url.legal.android_privacy=http://www.google.com/intl/%s/mobile/android/basic/privacy.html
I/UpstartPropertyWatcher( 743): Property changed: ro.com.google.clientidbase=android-google
I/UpstartPropertyWatcher( 743): Property changed: ro.com.android.wifi-watchlist=GoogleGuest
I/UpstartPropertyWatcher( 743): Property changed: ro.setupwizard.enterprise_mode=1
I/UpstartPropertyWatcher( 743): Property changed: ro.com.android.dateformat=MM-dd-yyyy
I/UpstartPropertyWatcher( 743): Property changed: ro.com.android.dataroaming=false
I/UpstartPropertyWatcher( 743): Property changed: ro.cm.version=10.1-20131031-UNOFFICIAL-mako
I/UpstartPropertyWatcher( 743): Property changed: ro.modversion=10.1-20131031-UNOFFICIAL-mako
I/UpstartPropertyWatcher( 743): Property changed: persist.camera.shutter.disable=1
I/UpstartPropertyWatcher( 743): Property changed: ro.config.ringtone=Orion.ogg
I/UpstartPropertyWatcher( 743): Property changed: ro.config.notification_sound=Argon.ogg
I/UpstartPropertyWatcher( 743): Property changed: ro.config.alarm_alert=Hassium.ogg
I/UpstartPropertyWatcher( 743): Property changed: ro.carrier=unknown
I/UpstartPropertyWatcher( 743): Property changed: ro.opengles.version=131072
I/UpstartPropertyWatcher( 743): Property changed: ro.sf.lcd_density=320
I/UpstartPropertyWatcher( 743): Property changed: persist.audio.handset.mic=dmic
I/UpstartPropertyWatcher( 743): Property changed: persist.audio.fluence.mode=endfire
I/UpstartPropertyWatcher( 743): Property changed: persist.audio.lowlatency.rec=false
I/UpstartPropertyWatcher( 743): Property changed: af.resampler.quality=4
I/UpstartPropertyWatcher( 743): Property changed: persist.radio.apm_sim_not_pwdn=1
I/UpstartPropertyWatcher( 743): Property changed: ro.telephony.call_ring.multiple=0
I/UpstartPropertyWatcher( 743): Property changed: persist.hwc.mdpcomp.enable=true
I/UpstartPropertyWatcher( 743): Property changed: ro.qualcomm.bt.hci_transport=smd
I/UpstartPropertyWatcher( 743): Property changed: ro.qc.sensors.wl_dis=true
I/UpstartPropertyWatcher( 743): Property changed: telephony.lteOnCdmaDevice=0
I/UpstartPropertyWatcher( 743): Property changed: drm.service.enabled=true
I/UpstartPropertyWatcher( 743): Property changed: wifi.interface=wlan0
I/UpstartPropertyWatcher( 743): Property changed: wifi.supplicant_scan_interval=15
I/UpstartPropertyWatcher( 743): Property changed: media.aac_51_output_enabled=true
I/UpstartPropertyWatcher( 743): Property changed: debug.egl.recordable.rgba8888=1
I/UpstartPropertyWatcher( 743): Property changed: dalvik.vm.heapstartsize=8m
I/UpstartPropertyWatcher( 743): Property changed: dalvik.vm.heapgrowthlimit=192m
I/UpstartPropertyWatcher( 743): Property changed: dalvik.vm.heapsize=512m
I/UpstartPropertyWatcher( 743): Property changed: dalvik.vm.heaptargetutilization=0.75
I/UpstartPropertyWatcher( 743): Property changed: dalvik.vm.heapminfree=2m
I/UpstartPropertyWatcher( 743): Property changed: dalvik.vm.heapmaxfree=8m
I/UpstartPropertyWatcher( 743): Property changed: dalvik.vm.lockprof.threshold=500
I/UpstartPropertyWatcher( 743): Property changed: dalvik.vm.dexopt-flags=m=y
I/UpstartPropertyWatcher( 743): Property changed: net.bt.name=Android
I/UpstartPropertyWatcher( 743): Property changed: net.change=net.bt.name
I/UpstartPropertyWatcher( 743): Property changed: dalvik.vm.stack-trace-file=/data/anr/traces.txt
I/UpstartPropertyWatcher( 743): Property changed: persist.service.bdroid.bdaddr=98:D6:F7:31:C6:A6
I/UpstartPropertyWatcher( 743): Property changed: persist.radio.kickstart=on
I/UpstartPropertyWatcher( 743): Property changed: persist.radio.adb_log_on=0
I/UpstartPropertyWatcher( 743): Property changed: persist.radio.nitz_lons_0_0=AT&T
I/UpstartPropertyWatcher( 743): Property changed: persist.radio.nitz_lons_1_0=
I/UpstartPropertyWatcher( 743): Property changed: persist.radio.nitz_lons_2_0=
I/UpstartPropertyWatcher( 743): Property changed: persist.radio.nitz_lons_3_0=
I/UpstartPropertyWatcher( 743): Property changed: persist.radio.nitz_sons_0_0=AT&T
I/UpstartPropertyWatcher( 743): Property changed: persist.radio.nitz_sons_1_0=
I/UpstartPropertyWatcher( 743): Property changed: persist.radio.nitz_sons_2_0=
I/UpstartPropertyWatcher( 743): Property changed: persist.radio.nitz_sons_3_0=
I/UpstartPropertyWatcher( 743): Property changed: persist.radio.nitz_plmn_0=310 410
I/UpstartPropertyWatcher( 743): Property changed: init.svc.upstart-watcher=running
I/UpstartPropertyWatcher( 743): Notifying changes only
I/UpstartPropertyWatcher( 743): Property changed: net.tcp.buffersize.default=4096,87380,704512,4096,16384,110208
I/UpstartPropertyWatcher( 743): Property changed: net.tcp.buffersize.wifi=524288,1048576,2097152,262144,524288,1048576
I/UpstartPropertyWatcher( 743): Property changed: net.tcp.buffersize.lte=4096,87380,1220608,4096,16384,563200
I/UpstartPropertyWatcher( 743): Property changed: net.tcp.buffersize.umts=4096,87380,563200,4096,16384,110208
I/UpstartPropertyWatcher( 743): Property changed: net.tcp.buffersize.hspa=4096,87380,704512,4096,16384,110208
I/UpstartPropertyWatcher( 743): Property changed: net.tcp.buffersize.hsupa=4096,87380,704512,4096,16384,262144
I/UpstartPropertyWatcher( 743): Property changed: net.tcp.buffersize.hsdpa=4096,87380,704512,4096,16384,262144
I/UpstartPropertyWatcher( 743): Property changed: net.tcp.buffersize.hspap=4096,87380,1220608,4096,16384,393216
I/UpstartPropertyWatcher( 743): Property changed: net.tcp.buffersize.edge=4096,26280,35040,4096,16384,35040
I/UpstartPropertyWatcher( 743): Property changed: net.tcp.buffersize.gprs=4096,8760,11680,4096,8760,11680
I/UpstartPropertyWatcher( 743): Property changed: net.tcp.buffersize.evdo=4096,87380,563200,4096,16384,262144
I/UpstartPropertyWatcher( 743): Property changed: net.tcp.buffersize.evdo_b=4096,87380,704512,4096,16384,262144
I/UpstartPropertyWatcher( 743): Property changed: persist.sys.usb.config=adb
I/UpstartPropertyWatcher( 743): Property changed: net.change=net.tcp.buffersize.evdo_b
I/UpstartPropertyWatcher( 743): Property changed: net.tcp.buffersize.wifi=524288,1048576,2097152,262144,524288,1048576
I/UpstartPropertyWatcher( 743): Property changed: net.tcp.buffersize.lte=4096,87380,1220608,4096,16384,563200
I/UpstartPropertyWatcher( 743): Property changed: net.tcp.buffersize.hspap=4096,87380,1220608,4096,16384,393216
I/UpstartPropertyWatcher( 743): Property changed: net.tcp.buffersize.edge=4096,26280,35040,4096,16384,35040
I/UpstartPropertyWatcher( 743): Property changed: net.tcp.buffersize.gprs=4096,8760,11680,4096,8760,11680
I/UpstartPropertyWatcher( 743): Property changed: system_init.startsurfaceflinger=0
I/UpstartPropertyWatcher( 743): Property changed: init.svc.servicemanager=running
I/UpstartPropertyWatcher( 743): Property changed: init.svc.ks_checker=running
I/UpstartPropertyWatcher( 743): Property changed: init.svc.debuggerd=running
I/UpstartPropertyWatcher( 743): Property changed: init.svc.ril-daemon=running
I/UpstartPropertyWatcher( 743): Property changed: init.svc.drm=running
I/UpstartPropertyWatcher( 743): Property changed: init.svc.media=running
I/UpstartPropertyWatcher( 743): Property changed: init.svc.installd=running
I/UpstartPropertyWatcher( 743): Property changed: init.svc.rmt_storage=running
I/UpstartPropertyWatcher( 743): Property changed: init.svc.bridgemgrd=running
I/UpstartPropertyWatcher( 743): Property changed: init.svc.qmuxd=running
I/UpstartPropertyWatcher( 743): Property changed: init.svc.netmgrd=running
I/UpstartPropertyWatcher( 743): Property changed: init.svc.servicemanager=running
I/UpstartPropertyWatcher( 743): Property changed: init.svc.ks_checker=running
I/UpstartPropertyWatcher( 743): Property changed: init.svc.debuggerd=running
I/UpstartPropertyWatcher( 743): Property changed: init.svc.ril-daemon=running
I/UpstartPropertyWatcher( 743): Property changed: init.svc.drm=running
I/UpstartPropertyWatcher( 743): Property changed: init.svc.media=running
I/UpstartPropertyWatcher( 743): Property changed: init.svc.installd=running
I/UpstartPropertyWatcher( 743): Property changed: init.svc.rmt_storage=running
I/UpstartPropertyWatcher( 743): Property changed: init.svc.bridgemgrd=running
I/UpstartPropertyWatcher( 743): Property changed: init.svc.qmuxd=running
I/UpstartPropertyWatcher( 743): Property changed: init.svc.netmgrd=running
I/DEBUG ( 748): debuggerd: Oct 31 2013 15:03:45
I/UpstartPropertyWatcher( 743): Property changed: init.svc.sensors=running
I/UpstartPropertyWatcher( 743): Property changed: init.svc.thermald=running
I/UpstartPropertyWatcher( 743): Property changed: init.svc.mpdecision=running
I/UpstartPropertyWatcher( 743): Property changed: init.svc.bdAddrLoader=running
I/UpstartPropertyWatcher( 743): Property changed: init.svc.compcache=running
I/installd( 752): installd firing up
I/UpstartPropertyWatcher( 743): Property changed: init.svc.ueventd=restarting
I/ANDR-PERF-LOCK( 761): Listener starting
D/MP-Decision( 761): MPDecision server starting
I/rmt_storage( 753): Target is APQ8064: 1073864171
D/ThermalDaemon( 760): Thermal daemon started
I/rmt_storage( 753): No EBR found
I/rmt_storage( 753): Error (-1) parsing MBR partitions
I/rmt_storage( 753): 0 GPT partitions found
I/cm ( 762): ____ _ _ ____ _ _ ____ ____ ____ _ _ _ _ ____ ___
I/UpstartPropertyWatcher( 743): Property changed: init.svc.sensorservice=running
D/ThermalDaemon( 760): Number of gpus :1
I/UpstartPropertyWatcher( 743): Property changed: init.svc.sdcard=running
D/ThermalDaemon( 760): Sensor 'tsens_tz_sensor0' - alarm raised 1 at 39.0 degC
E/QMI_FW ( 760): QMUXD: WARNING qmi_qmux_if_pwr_up_init failed! rc=-1
E/QMI_FW ( 760): QMUXD: WARNING qmi_qmux_if_pwr_up_init failed! rc=-1
D/ThermalDaemon( 760): qmi: Instance id 25 for fusion TS
E/QMI_FW ( 760): QMUXD: WARNING qmi_qmux_if_pwr_up_init failed! rc=-1
E/QMI_FW ( 760): QMUXD: WARNING qmi_qmux_if_pwr_up_init failed! rc=-1
E/QMI_FW ( 760): QMUXD: WARNING qmi_qmux_if_pwr_up_init failed! rc=-1
E/QMI_FW ( 760): QMUXD: WARNING qmi_qmux_if_pwr_up_init failed! rc=-1
D/ThermalDaemon( 760): qmi: Instance id 25 for fusion TMD
E/QMI_FW ( 760): QMUXD: WARNING qmi_qmux_if_pwr_up_init failed! rc=-1
E/QMI_FW ( 760): QMUXD: WARNING qmi_qmux_if_pwr_up_init failed! rc=-1
E/QMI_FW ( 760): QMUXD: WARNING qmi_qmux_if_pwr_up_init failed! rc=-1
E/QMI_FW ( 760): QMUXD: WARNING qmi_qmux_if_pwr_up_init failed! rc=-1
E/QMI_FW ( 760): QMUXD: WARNING qmi_qmux_if_pwr_up_init failed! rc=-1
E/QMI_FW ( 760): QMUXD: WARNING qmi_qmux_if_pwr_up_init failed! rc=-1
I/cm ( 773): | \_/ |__| |\ | | | | __ |___ |\ | |\/| | | | \
I/bdAddrLoader( 764): option : f=/persist/bluetooth/.bdaddr
I/bdAddrLoader( 764): option : h
I/bdAddrLoader( 764): option : x
I/bdAddrLoader( 764): Read From /persist/bluetooth/.bdaddr by Path type(0x11), Data type (0x21)
I/bdAddrLoader( 764): Output Data type(0x22), bPrintout(1), bPath((null))
I/bdAddrLoader( 764): Loaded Data type(0x21)
I/bdAddrLoader( 764): hex_to_ascii() - converted Data (98D6F731C6A6)
I/cm ( 807): |___ | | | | \| |__| |__] |___ | \| | | |__| |__/
E/mm-camera( 810): qcamsvr_start: old_mode = 3f
I/UpstartPropertyWatcher( 743): Property changed: init.svc.qcamerasvr=running
I/UpstartPropertyWatcher( 743): Property changed: init.svc.conn_init=running
I/UpstartPropertyWatcher( 743): Property changed: init.svc.qseecomd=running
I/UpstartPropertyWatcher( 743): Property changed: init.svc.ueventd=running
I/UpstartPropertyWatcher( 743): Property changed: persist.radio.kickstart=off
I/UpstartPropertyWatcher( 743): Property changed: persist.service.bdroid.bdaddr=98:D6:F7:31:C6:A6
I/UpstartPropertyWatcher( 743): Property changed: persist.radio.adb_log_on=0
I/UpstartPropertyWatcher( 743): Property changed: init.svc.bdAddrLoader=stopped
E/Sensors ( 759): sns_fsa_la.c(355):fsa: fflush failed, 9
E/Sensors ( 759): sns_fsa_la.c(355):fsa: fflush failed, 9
I/cm ( 820): Welcome to Android 4.2.2 / CyanogenMod-10.1-20131031-UNOFFICIAL-mako
D/MP-Decision( 761): Decision parameters CPU 0: Nw=0.000000, Tw=0, Ns=0.000000, Ts=0
D/MP-Decision( 761): util_h_and=0, util_h_or=0, util_low=0
D/MP-Decision( 761): Decision parameters CPU 1: Nw=1.900000, Tw=140, Ns=1.100000, Ts=190
D/MP-Decision( 761): util_h_and=35, util_h_or=75, util_low=20
D/MP-Decision( 761): Decision parameters CPU 2: Nw=2.700000, Tw=90, Ns=2.100000, Ts=240
D/MP-Decision( 761): util_h_and=0, util_h_or=400, util_low=0
D/MP-Decision( 761): Decision parameters CPU 3: Nw=3.500000, Tw=90, Ns=3.100000, Ts=240
D/MP-Decision( 761): util_h_and=0, util_h_or=400, util_low=0
D/MP-Decision( 761): Decision parameters: poll_ms: 9 decision_ms: 50
E/mm-camera( 810): qcamsvr_load_gesture_lib Error opening gesture library
E/mm-camera( 810): Cannot init Gesture library
D/QSEECOMD: ( 817): qseecom listener services process entry PPID = 1
D/QSEECOMD: ( 817): Parent qseecom daemon process paused!!
D/QSEECOMD: ( 849): QSEECOM DAEMON RUNNING
D/QSEECOMD: ( 849): qseecom listener service threads starting!!!
D/QSEECOMD: ( 849): Total listener services to start = 2
D/QSEECOMD: ( 849): Init dlopen(libdrmtime.so, RTLD_NOW) succeeds
D/QSEECOMD: ( 849): Init::Init dlsym(g_FSHandle atime_start) succeeds
D/QSEECOMAPI: ( 849): QSEECom_register_listener 11 sb_length = 0x5000
I/WifiUtil( 847): Intf0MacAddress=000AF58989FF
E/WifiUtil( 847): Change Intf0MacAddress=10683F876C13
D/DrmLibTime( 849): registering fs service to QSEECom is done!
D/DrmLibTime( 849): begin to create a thread!
D/DrmLibTime( 849): Creating a pthread in atime_start is done! return 0
D/QSEECOMD: ( 849): Init atime_start ret = 0
D/QSEECOMD: ( 849): time services: Started
D/QSEECOMD: ( 849): Init dlopen(libdrmfs.so, RTLD_NOW) succeeds
D/QSEECOMD: ( 849): Init::Init dlsym(g_FSHandle fs_start) succeeds
D/QSEECOMAPI: ( 849): QSEECom_register_listener 10 sb_length = 0x5000
D/QSEECOMD: ( 849): Init fs_start ret = 0
D/QSEECOMD: ( 849): file system services: Started
I/UpstartPropertyWatcher( 743): Property changed: init.svc.console=running
I/UpstartPropertyWatcher( 743): Property changed: sys.usb.config=adb
I/UpstartPropertyWatcher( 743): Property changed: init.svc.unblock_wakelock=running
I/WifiUtil( 847): We don't need to write the default value for NvFilelds
D/DrmLibTime( 849): Dispatch starts!
D/DrmLibTime( 849): before calling ioctl to read the next time_cmd
I/UpstartPropertyWatcher( 743): Property changed: init.svc.conn_init=stopped
I/UpstartPropertyWatcher( 743): Property changed: sys.usb.state=adb
I/UpstartPropertyWatcher( 743): Property changed: init.svc.init_wlan=running
I/UpstartPropertyWatcher( 743): Property changed: init.svc.sysinit=stopped
D/SensorService( 775): nuSensorService starting...
E/qcom_sensors_hal( 775): hal_load_oem_lib: ERROR: Could not open OEM HAL library
E/qcom_sensors_hal( 775): hal_init: No native sensors linux driver found in /system/lib/hw/sensors.oem.so
E/libsensor1( 775): sensor1_open: Error in connect() errno=111 Connection refused
E/sensor_reg( 775): sensor_reg_sensor1_open: sensor1_open returned 11
E/qcom_sensors_hal( 775): hal_init: Error in sensor_reg_open(): -1
I/UpstartPropertyWatcher( 743): Property changed: init.svc.compcache=stopped
E/libsensor1( 775): sensor1_open: Error in connect() errno=111 Connection refused
E/qcom_sensors_hal( 775): _hal_sensors_get_sensors_list: sensor1 init failed
I/UpstartPropertyWatcher( 743): Property changed: init.svc.hciattach=running
W/Sensors ( 759): sns_smr_la.c(446):smr_la: smr_apps_la_thread_main is starting, fd=15, sns_smr.en_rx_msg_ptr=401108b8
I/UpstartPropertyWatcher( 743): Property changed: init.svc.init_wlan=stopped
I/UpstartPropertyWatcher( 743): Property changed: sys.usb.config=mtp,adb
E/libsensor1( 775): sensor1_open: Error in connect() errno=111 Connection refused
E/qcom_sensors_hal( 775): _hal_sensors_get_sensors_list: sensor1 init failed
I/UpstartPropertyWatcher( 743): Property changed: sys.usb.state=mtp,adb
E/Sensors ( 759): Mag cal opened lib /system/lib/libAKM.so
E/Sensors ( 759): Mag cal init success
W/Sensors ( 759): sns_sam_app.c(6394):sns_sam_reg_algo: Registering algo service 16, err 0
E/Sensors ( 759): sns_debug_main.c(565):Debug Config File missing in EFS!
W/sensor_reg( 775): sensor_reg_rcv_msg: received RETRY_OPEN
W/qcom_sensors_hal( 775): hal_sensor1_data_cb: SENSOR1_MSG_TYPE_RETRY_OPEN
W/qcom_sensors_hal( 775): hal_sensor1_data_cb: SENSOR1_MSG_TYPE_RETRY_OPEN
W/qcom_sensors_hal( 775): hal_acquire_resources, no active sensors!
I/mako-bluetooth( 1352): /system/etc/init.mako.bt.sh: Transport : smd
I/mako-bluetooth( 1380): /system/etc/init.mako.bt.sh: DUTADDR :
I/bdAddrLoader( 1395): option : f=/persist/bluetooth/.bdaddr
I/bdAddrLoader( 1395): option : h
I/bdAddrLoader( 1395): option : x
I/bdAddrLoader( 1395): Read From /persist/bluetooth/.bdaddr by Path type(0x11), Data type (0x21)
I/bdAddrLoader( 1395): Output Data type(0x22), bPrintout(1), bPath((null))
I/bdAddrLoader( 1395): Loaded Data type(0x21)
I/bdAddrLoader( 1395): hex_to_ascii() - converted Data (98D6F731C6A6)
I/UpstartPropertyWatcher( 743): Property changed: persist.service.bdroid.bdaddr=98:D6:F7:31:C6:A6
I/UpstartPropertyWatcher( 743): Property changed: persist.radio.kickstart=on
I/UpstartPropertyWatcher( 743): Property changed: init.svc.kickstart=running
I/UpstartPropertyWatcher( 743): Property changed: init.svc.unblock_wakelock=stopped
I/UpstartPropertyWatcher( 743): Property changed: init.svc.ks_checker=stopped
I/mako-bluetooth( 1446): /system/etc/init.mako.bt.sh: BDADDR: 98:D6:F7:31:C6:A6
I/mako-bluetooth( 1460): /system/etc/init.mako.bt.sh: Power Class: Ignored. Default(1) used (1-CLASS1/2-CLASS2/3-CUSTOM)
I/kickstart-qcks( 1440): PARAMETER VALUES
I/kickstart-qcks( 1440): COMPORT_DLOAD=/dev/ttyHSL1
I/kickstart-qcks( 1440): COMPORT_SAHARA=/dev/ttyUSB0
I/kickstart-qcks( 1440): PATHTOIMAGES=/firmware/image/
I/kickstart-qcks( 1440): PATHFORRAMDUMP=/data/tombstones/mdm/
I/kickstart-qcks( 1440): EFSRAW1=/dev/block/platform/msm_sdcc.1/by-name/m9kefs1
I/kickstart-qcks( 1440): EFSRAW2=/dev/block/platform/msm_sdcc.1/by-name/m9kefs2
I/kickstart-qcks( 1440): EFSRAW3=/dev/block/platform/msm_sdcc.1/by-name/m9kefs3
I/kickstart-qcks( 1440): Header1=efs1.mbn
I/kickstart-qcks( 1440): Header2=efs2.mbn
I/kickstart-qcks( 1440): Header3=efs3.mbn
I/kickstart-qcks( 1440): Testing if port "/dev/mdm" exists
I/kickstart-qcks( 1440): Trying to bring MDM9K out of reset
I/mako-bluetooth( 1468): /system/etc/init.mako.bt.sh: Power Class: To override, Before turning BT ON; setprop qcom.bt.dev_power_class <1 or 2 or 3>
I/hci_qcomm_init( 1472): /system/bin/hci_qcomm_init -d /dev/ttyHS0 -s 3000000 -i 115200 -r 32000000 -p 0 -P 1 -b 98:D6:F7:31:C6:A6
I/hci_qcomm_init( 1472): ro.qualcomm.bt.hci_transport: smd
I/mediaserver( 751): ServiceManager: 0x40b19e88
I/CameraService( 751): CameraService started (pid=17)
I/UpstartPropertyWatcher( 743): Property changed: bluetooth.hciattach=true
I/QCameraHAL( 751): Handle base =0x0x40dfe064
I/QCameraHAL( 751): getCameraInfo: numOfCameras = 2
I/QCameraHAL( 751): Handle [0]=0x0x40dfe064
I/QCameraHAL( 751): Camera sensor 0 info:
I/QCameraHAL( 751): camera_id: 0
I/QCameraHAL( 751): modes_supported: 1
I/QCameraHAL( 751): position: 0
I/QCameraHAL( 751): sensor_mount_angle: 90
I/QCameraHAL( 751): Handle [1]=0x0x40dfe0a8
I/QCameraHAL( 751): Camera sensor 1 info:
I/QCameraHAL( 751): camera_id: 1
I/QCameraHAL( 751): modes_supported: 1
I/QCameraHAL( 751): position: 1
I/QCameraHAL( 751): sensor_mount_angle: 270
I/hci_qcomm_init( 1472): Done intiailizing UART
I/hci_qcomm_init( 1472): bt_hci_qcomm_init : Started
I/hci_qcomm_init( 1472): bt_hci_qcomm_init: Detecting BT SOC firmware at baud rate 115200
I/hci_qcomm_init( 1472): bt_hci_qcomm_vs_getappversion : Succeeded
I/hci_qcomm_init( 1472): bt_hci_qcomm_init : Found QSoC type 18.
I/hci_qcomm_init( 1472): bt_hci_qcomm_init - Clock=32Mhz ClockSharing=No Logging=No SOC=BT2.1 xo_support=No
I/hci_qcomm_init( 1472): bt_hci_qcomm_init - Opened NVM module.
I/hci_qcomm_init( 1472): bt_hci_qcomm_download_nvm - Sending NVM tag #2 (size 9)
I/hci_qcomm_init( 1472): bt_hci_qcomm_download_nvm - Sending NVM tag #83 (size 6)
I/hci_qcomm_init( 1472): bt_hci_qcomm_download_nvm - Sending NVM tag #36 (size 15)
I/hci_qcomm_init( 1472): bt_hci_qcomm_download_nvm - Finished sending NVM data.
I/hci_qcomm_init( 1472): bt_hci_qcomm_init - NVM download completed, doing HCI Reset...
I/hci_qcomm_init( 1472): bt_hci_qcomm_init - Successful
I/hci_qcomm_init( 1472): BTS402x initialized successfully
I/hci_qcomm_init( 1472): BTS_DEVICE=/dev/ttyHS0;
I/hci_qcomm_init( 1472): BTS_BAUD=3000000;
I/hci_qcomm_init( 1472): BTS_TYPE=qualcomm;
I/hci_qcomm_init( 1472): BTS_ADDRESS=98:d6:f7:31:c6:a6;
I/hci_qcomm_init( 1472): export BTS_DEVICE BTS_BAUD BTS_TYPE BTS_ADDRESS;
I/hci_qcomm_init( 1472): Binary file: 5.01.0_2003
I/mako-bluetooth( 1626): /system/etc/init.mako.bt.sh: Bluetooth QSoC firmware download succeeded, 98:D6:F7:31:C6:A6 smd
I/kickstart-qcks( 1440): EFS Prepend
I/kickstart-qcks( 1440): File:'/firmware/image/efs1.mbn' is available for reading
I/kickstart-qcks( 1440): File:'/firmware/image/efs2.mbn' is available for reading
I/kickstart-qcks( 1440): File:'/dev/block/platform/msm_sdcc.1/by-name/m9kefs1' is available for reading
I/kickstart-qcks( 1440): File:'/dev/block/platform/msm_sdcc.1/by-name/m9kefs2' is available for reading
I/kickstart-qcks( 1440): File:'/firmware/image/acdb.mbn' is available for reading
I/kickstart-qcks( 1440): File:'/firmware/image/mdm_acdb.img' is available for reading
I/kickstart-qcks( 1440): Reading RAW EFS1 partition
I/kickstart-qcks( 1440): Running dd if=/dev/block/platform/msm_sdcc.1/by-name/m9kefs1 of=/data/qcks/temp.dump bs=1024 count=3072
I/mako-bluetooth( 1686): /system/etc/init.mako.bt.sh: start bluetooth smd transport
I/UpstartPropertyWatcher( 743): Property changed: init.svc.hciattach=stopped
I/kickstart-qcks( 1440): Combining Header1 with RAW EFS1 partition
I/kickstart-qcks( 1440): Running cat /firmware/image/efs1.mbn /data/qcks/temp.dump > /data/qcks/efs1.bin
I/kickstart-qcks( 1440): Reading RAW EFS2 partition
I/kickstart-qcks( 1440): Running dd if=/dev/block/platform/msm_sdcc.1/by-name/m9kefs2 of=/data/qcks/temp.dump bs=1024 count=3072
I/kickstart-qcks( 1440): Combining Header2 with RAW EFS2 partition
I/kickstart-qcks( 1440): Running cat /firmware/image/efs2.mbn /data/qcks/temp.dump > /data/qcks/efs2.bin
I/kickstart-qcks( 1440): Reading RAW EFS3 partition
I/kickstart-qcks( 1440): Running dd if=/dev/block/platform/msm_sdcc.1/by-name/m9kefs3 of=/data/qcks/temp.dump bs=1024 count=3072
I/kickstart-qcks( 1440): Combining Header3 with RAW EFS3 partition
I/kickstart-qcks( 1440): Running cat /firmware/image/efs3.mbn /data/qcks/temp.dump > /data/qcks/efs3.bin
I/kickstart-qcks( 1440): Combining ACDB Header with ACDB binary
I/kickstart-qcks( 1440): Running cat /firmware/image/acdb.mbn /firmware/image/mdm_acdb.img > /data/qcks/acdb.bin
I/kickstart-qcks( 1440): Loading Sahara images
I/kickstart-qcks( 1440): Testing if port "/dev/ttyUSB0" exists
D/kickstart-qcks( 1440): RUNNING: /system/bin/ks -w /data/tombstones/mdm/ -p /dev/ttyUSB0 -r 21 -s 2:/firmware/image/amss.mbn -s 6:/firmware/image/apps.mbn -s 8:/firmware/image/dsp1.mbn -s 11:/firmware/image/osbl.mbn -s 12:/firmware/image/dsp2.mbn -s 21:/firmware/image/sbl1.mbn -s 22:/firmware/image/sbl2.mbn -s 23:/firmware/image/rpm.mbn -s 28:/firmware/image/dsp3.mbn -s 16:/data/qcks/efs1.bin -s 17:/data/qcks/efs2.bin -s 20:/data/qcks/efs3.bin -s 29:/data/qcks/acdb.bin
D/libEGL ( 1752): loaded /system/lib/egl/libEGL_adreno200.so
D/libEGL ( 1752): loaded /system/lib/egl/libGLESv1_CM_adreno200.so
D/libEGL ( 1752): loaded /system/lib/egl/libGLESv2_adreno200.so
I/gralloc ( 1752): using (fd=12)
I/gralloc ( 1752): id = msmfb44_80601
I/gralloc ( 1752): xres = 768 px
I/gralloc ( 1752): yres = 1280 px
I/gralloc ( 1752): xres_virtual = 768 px
I/gralloc ( 1752): yres_virtual = 3840 px
I/gralloc ( 1752): bpp = 32
I/gralloc ( 1752): r = 24:8
I/gralloc ( 1752): g = 16:8
I/gralloc ( 1752): b = 8:8
I/gralloc ( 1752): width = 61 mm (319.790161 dpi)
I/gralloc ( 1752): height = 102 mm (318.745087 dpi)
I/gralloc ( 1752): refresh rate = 60.00 Hz
D/CALCFPS ( 1752): DEBUG_CALC_FPS: 0
D/CALCFPS ( 1752): period: 10
D/CALCFPS ( 1752): ignorethresh_us: 10
D/CALCFPS ( 1752): DEBUG_CALC_FPS: 0
D/CALCFPS ( 1752): period: 10
D/CALCFPS ( 1752): ignorethresh_us: 10
D/overlay ( 1752): initoverlay:: opening the device:: /dev/graphics/fb0
D/overlay ( 1752): initoverlay:: opening the device:: /dev/graphics/fb1
D/overlay ( 1752): ndx=1 num=2 z_order=-1
D/overlay ( 1752): initoverlay:: opening the device:: /dev/graphics/fb2
E/overlay ( 1752): cannot open framebuffer(2)
E/overlay ( 1752): utils::initOverlay() ERROR!!
E/external( 1752): writeHPDOption: state file '/sys/devices/virtual/graphics/fb1/hpd' not found : ret-1err str: Permission denied
I/hwcomposer( 1752): Initializing Qualcomm Hardware Composer
I/hwcomposer( 1752): MDP version: 440
I/hwcomposer( 1752): hwc_registerProcs
I/hwcomposer( 1752): Initializing UEVENT Thread
I/hwcomposer( 1752): Initializing VSYNC Thread
D/hwcomposer( 1752): hwc_blank: Doing Dpy=0, blank=0
D/hwcomposer( 1752): hwc_blank: Done Dpy=0, blank=0
I/Adreno200-EGL( 1752): : EGL 1.4 QUALCOMM build: Nondeterministic AU_full_mako_PARTNER-ANDROID/JB-MR1-DEV_CL2961380_release_AU (CL2961380)
I/Adreno200-EGL( 1752): Build Date: 12/10/12 Mon I/Adreno200-EGL( 1752): Local Branch:
I/Adreno200-EGL( 1752): Remote Branch: m/partner-android/jb-mr1-dev
I/Adreno200-EGL( 1752): Local Patches: NONE
I/Adreno200-EGL( 1752): Reconstruct Branch: NOTHING
W/Adreno200-EGL( 1752): : EGL_BAD_CONTEXT
I/ ( 1752): UASensorsAccelerometer* ua_sensors_accelerometer_new()():418
D/libEGL ( 1827): loaded /system/lib/egl/libEGL_adreno200.so
D/libEGL ( 1827): loaded /system/lib/egl/libGLESv1_CM_adreno200.so
D/libEGL ( 1827): loaded /system/lib/egl/libGLESv2_adreno200.so
I/Adreno200-EGL( 1827): : EGL 1.4 QUALCOMM build: Nondeterministic AU_full_mako_PARTNER-ANDROID/JB-MR1-DEV_CL2961380_release_AU (CL2961380)
I/Adreno200-EGL( 1827): Build Date: 12/10/12 Mon I/Adreno200-EGL( 1827): Local Branch:
I/Adreno200-EGL( 1827): Remote Branch: m/partner-android/jb-mr1-dev
I/Adreno200-EGL( 1827): Local Patches: NONE
I/Adreno200-EGL( 1827): Reconstruct Branch: NOTHING
W/Adreno200-EGL( 1827): : EGL_BAD_CONTEXT
I/ ( 1827): UASensorsAccelerometer* ua_sensors_accelerometer_new()():418
I/kickstart-qcks( 1440): RetCode = 0
D/kickstart-qcks( 1440): Sahara transfer completed successfully
D/kickstart-qcks( 1440): Spawning efsks
I/kickstart-efsks( 2007): EFS_TTY='/dev/ttyUSB0'
I/kickstart-efsks( 2007): Parsing 'where to save memorydump' options
I/kickstart-efsks( 2007): PathToSaveFiles='/dev/block/platform/msm_sdcc.1/by-name/'
I/kickstart-efsks( 2007): EFSKS parameters
I/kickstart-efsks( 2007): EFS_TTY='/dev/ttyUSB0'
I/kickstart-efsks( 2007): ks_path='/system/bin/ks'
I/kickstart-efsks( 2007): PathToSaveFiles='/dev/block/platform/msm_sdcc.1/by-name/'
I/kickstart-efsks( 2007): RX_Timeout=-1
D/kickstart-efsks( 2007): RUNNING: '/system/bin/ks -m -w /dev/block/platform/msm_sdcc.1/by-name/ -p /dev/ttyUSB0 -t -1 -l'
E/kickstart( 2012): ERROR: function: rx_data:517 Zero length packet received or hardware connection went off
E/kickstart( 2012): ERROR: function: main:293 Uploading Image using Sahara protocol failed
I/kickstart-efsks( 2007): retval = 256
E/kickstart-efsks( 2007): ERROR: ks return code was 256, something failed
E/kickstart-efsks( 2007): Back from KS call, something went wrong, trying again
E/kickstart-efsks( 2007):
E/kickstart-efsks( 2007): File '/dev/ttyUSB0' was not found
E/kickstart-efsks( 2007): /dev/ttyUSB0 does not exist.
D/kickstart-efsks( 2007): RUNNING: '/system/bin/ks -m -w /dev/block/platform/msm_sdcc.1/by-name/ -p /dev/ttyUSB0 -t -1 -l'
I/UpstartPropertyWatcher( 743): Property changed: ril.ecclist=911,112
I/UpstartPropertyWatcher( 743): Property changed: ril.ecclist=911,112,*911,#911,999,000,08,118,120,122,110,119,995,111,113,125,127,133
I/UpstartPropertyWatcher( 743): Property changed: ril.ecclist=911,112
I/UpstartPropertyWatcher( 743): Property changed: gsm.version.ril-impl=Qualcomm RIL 1.0
I/UpstartPropertyWatcher( 743): Property changed: ril.ecclist=911,112
I/UpstartPropertyWatcher( 743): Property changed: persist.radio.nitz_lons_0_0=AT&T
I/UpstartPropertyWatcher( 743): Property changed: persist.radio.nitz_lons_1_0=
I/UpstartPropertyWatcher( 743): Property changed: persist.radio.nitz_lons_2_0=
I/UpstartPropertyWatcher( 743): Property changed: persist.radio.nitz_lons_3_0=
I/UpstartPropertyWatcher( 743): Property changed: persist.radio.nitz_sons_0_0=AT&T
I/UpstartPropertyWatcher( 743): Property changed: persist.radio.nitz_sons_1_0=
I/UpstartPropertyWatcher( 743): Property changed: persist.radio.nitz_sons_2_0=
I/UpstartPropertyWatcher( 743): Property changed: persist.radio.nitz_sons_3_0=
I/UpstartPropertyWatcher( 743): Property changed: persist.radio.nitz_plmn_0=310 410
D/DHCP ( 756): ===== DHCP message:
D/DHCP ( 756): op = BOOTREQUEST (1), htype = 1, hlen = 6, hops = 0
D/DHCP ( 756): xid = 0x4f190100 secs = 0, flags = 0x8000 optlen = 14
D/DHCP ( 756): ciaddr = 0.0.0.0
D/DHCP ( 756): yiaddr = 0.0.0.0
D/DHCP ( 756): siaddr = 0.0.0.0
D/DHCP ( 756): giaddr = 0.0.0.0
D/DHCP ( 756): chaddr = { 00 00 00 00 00 00 }
D/DHCP ( 756): sname = ''
D/DHCP ( 756): file = ''
D/DHCP ( 756): op 53 len 1 { 01 } discover
D/DHCP ( 756): op 55 len 4 { 01 03 06 1c }
D/DHCP ( 756): ===== DHCP message:
D/DHCP ( 756): op = BOOTREPLY (2), htype = 1, hlen = 6, hops = 0
D/DHCP ( 756): xid = 0x4f190100 secs = 0, flags = 0x8000 optlen = 42
D/DHCP ( 756): ciaddr = 0.0.0.0
D/DHCP ( 756): yiaddr = 10.185.209.41
D/DHCP ( 756): siaddr = 10.185.209.42
D/DHCP ( 756): giaddr = 0.0.0.0
D/DHCP ( 756): chaddr = { 00 00 00 00 00 00 }
D/DHCP ( 756): sname = ''
D/DHCP ( 756): file = ''
D/DHCP ( 756): op 53 len 1 { 02 } offer
D/DHCP ( 756): op 1 len 4 { ff ff ff fc }
D/DHCP ( 756): op 3 len 4 { 0a b9 d1 2a }
D/DHCP ( 756): op 6 len 8 { ac 10 91 67 ac 10 91 67 }
D/DHCP ( 756): op 51 len 4 { 00 00 1c 20 }
D/DHCP ( 756): op 54 len 4 { 0a b9 d1 2a }
D/DHCP ( 756): --- dhcp offer (2) ---
D/DHCP ( 756): ip 10.185.209.41 gw 10.185.209.42 prefixLength 30
D/DHCP ( 756): dns1: 172.16.145.103
D/DHCP ( 756): dns2: 172.16.145.103
D/DHCP ( 756): server 10.185.209.42, lease 7200 seconds
D/DHCP ( 756): ===== DHCP message:
D/DHCP ( 756): op = BOOTREQUEST (1), htype = 1, hlen = 6, hops = 0
D/DHCP ( 756): xid = 0x50190100 secs = 0, flags = 0x8000 optlen = 26
D/DHCP ( 756): ciaddr = 0.0.0.0
D/DHCP ( 756): yiaddr = 0.0.0.0
D/DHCP ( 756): siaddr = 0.0.0.0
D/DHCP ( 756): giaddr = 0.0.0.0
D/DHCP ( 756): chaddr = { 00 00 00 00 00 00 }
D/DHCP ( 756): sname = ''
D/DHCP ( 756): file = ''
D/DHCP ( 756): op 53 len 1 { 03 } request
D/DHCP ( 756): op 55 len 4 { 01 03 06 1c }
D/DHCP ( 756): op 50 len 4 { 0a b9 d1 29 }
D/DHCP ( 756): op 54 len 4 { 0a b9 d1 2a }
D/DHCP ( 756): ===== DHCP message:
D/DHCP ( 756): op = BOOTREPLY (2), htype = 1, hlen = 6, hops = 0
D/DHCP ( 756): xid = 0x50190100 secs = 0, flags = 0x8000 optlen = 42
D/DHCP ( 756): ciaddr = 0.0.0.0
D/DHCP ( 756): yiaddr = 10.185.209.41
D/DHCP ( 756): siaddr = 10.185.209.42
D/DHCP ( 756): giaddr = 0.0.0.0
D/DHCP ( 756): chaddr = { 00 00 00 00 00 00 }
D/DHCP ( 756): sname = ''
D/DHCP ( 756): file = ''
D/DHCP ( 756): op 53 len 1 { 05 } ack
D/DHCP ( 756): op 1 len 4 { ff ff ff fc }
D/DHCP ( 756): op 3 len 4 { 0a b9 d1 2a }
D/DHCP ( 756): op 6 len 8 { ac 10 91 67 ac 10 91 67 }
D/DHCP ( 756): op 54 len 4 { 0a b9 d1 2a }
D/DHCP ( 756): op 51 len 4 { 00 00 1c 20 }
D/DHCP ( 756): --- dhcp ack (5) ---
D/DHCP ( 756): ip 10.185.209.41 gw 10.185.209.42 prefixLength 30
D/DHCP ( 756): dns1: 172.16.145.103
D/DHCP ( 756): dns2: 172.16.145.103
D/DHCP ( 756): server 10.185.209.42, lease 7200 seconds
D/DHCP ( 756): configuring rmnet_usb0
I/UpstartPropertyWatcher( 743): Property changed: net.rmnet_usb0.dns1=172.16.145.103
I/UpstartPropertyWatcher( 743): Property changed: net.change=net.rmnet_usb0.dns1
I/UpstartPropertyWatcher( 743): Property changed: net.rmnet_usb0.dns2=172.16.145.103
I/UpstartPropertyWatcher( 743): Property changed: net.change=net.rmnet_usb0.dns2
I/UpstartPropertyWatcher( 743): Property changed: net.rmnet_usb0.gw=10.185.209.42
I/UpstartPropertyWatcher( 743): Property changed: net.change=net.rmnet_usb0.gw
I/UpstartPropertyWatcher( 743): Property changed: net.rmnet_usb0.dns1=172.16.145.103
I/UpstartPropertyWatcher( 743): Property changed: net.change=net.rmnet_usb0.dns1
I/UpstartPropertyWatcher( 743): Property changed: net.rmnet_usb0.dns2=172.16.145.103
I/UpstartPropertyWatcher( 743): Property changed: net.change=net.rmnet_usb0.dns2
I/UpstartPropertyWatcher( 743): Property changed: net.rmnet_usb0.gw=10.185.209.42
I/UpstartPropertyWatcher( 743): Property changed: net.change=net.rmnet_usb0.gw
I/ ( 2427): UASensorsProximity* ua_sensors_proximity_new()():148
I/ ( 2427): UASensorsLight* ua_sensors_light_new()():288
I/PowerHAL( 2427): power_init
E/EventHub( 2427): could not open /dev/input/by-path, Is a directory
D/EventHub( 2427): No input device configuration file found for device 'hs_detect'.
I/EventHub( 2427): New device: id=1, fd=29, path='/dev/input/event5', name='hs_detect', classes=0x81, configuration='', keyLayout='/system/usr/keylayout/hs_detect.kl', keyCharacterMap='/system/usr/keychars/hs_detect.kcm', builtinKeyboard=false, usingSuspendBlockIoctl=true, usingClockIoctl=true
D/EventHub( 2427): No input device configuration file found for device 'apq8064-tabla-snd-card Headset Jack'.
I/EventHub( 2427): New device: id=2, fd=30, path='/dev/input/event4', name='apq8064-tabla-snd-card Headset Jack', classes=0x80, configuration='', keyLayout='', keyCharacterMap='', builtinKeyboard=false, usingSuspendBlockIoctl=true, usingClockIoctl=true
D/EventHub( 2427): No input device configuration file found for device 'apq8064-tabla-snd-card Button Jack'.
I/EventHub( 2427): New device: id=3, fd=31, path='/dev/input/event3', name='apq8064-tabla-snd-card Button Jack', classes=0x1, configuration='', keyLayout='/system/usr/keylayout/apq8064-tabla-snd-card_Button_Jack.kl', keyCharacterMap='/system/usr/keychars/apq8064-tabla-snd-card_Button_Jack.kcm', builtinKeyboard=false, usingSuspendBlockIoctl=true, usingClockIoctl=true
I/EventHub( 2427): New device: id=4, fd=32, path='/dev/input/event2', name='touch_dev', classes=0x14, configuration='/system/usr/idc/touch_dev.idc', keyLayout='', keyCharacterMap='', builtinKeyboard=false, usingSuspendBlockIoctl=true, usingClockIoctl=true
D/EventHub( 2427): No input device configuration file found for device 'keypad_8064'.
I/EventHub( 2427): New device: id=5, fd=33, path='/dev/input/event1', name='keypad_8064', classes=0x1, configuration='', keyLayout='/system/usr/keylayout/keypad_8064.kl', keyCharacterMap='/system/usr/keychars/keypad_8064.kcm', builtinKeyboard=false, usingSuspendBlockIoctl=true, usingClockIoctl=true
D/EventHub( 2427): No input device configuration file found for device 'pmic8xxx_pwrkey'.
I/EventHub( 2427): New device: id=6, fd=27, path='/dev/input/event0', name='pmic8xxx_pwrkey', classes=0x1, configuration='', keyLayout='/system/usr/keylayout/pmic8xxx_pwrkey.kl', keyCharacterMap='/system/usr/keychars/pmic8xxx_pwrkey.kcm', builtinKeyboard=false, usingSuspendBlockIoctl=true, usingClockIoctl=true
I/InputReader( 2427): Device added: id=-1, name='Virtual', sources=0x00000301
I/InputReader( 2427): Device added: id=6, name='pmic8xxx_pwrkey', sources=0x00000101
I/InputReader( 2427): Device added: id=5, name='keypad_8064', sources=0x00000101
I/InputReader( 2427): Device reconfigured: id=4, name='touch_dev', size 2048x2048, orientation 0, mode 1, display id 0
I/InputReader( 2427): Device added: id=4, name='touch_dev', sources=0x00001002
I/InputReader( 2427): Device added: id=3, name='apq8064-tabla-snd-card Button Jack', sources=0x00000101
I/InputReader( 2427): Device added: id=2, name='apq8064-tabla-snd-card Headset Jack', sources=0x80000000
I/InputReader( 2427): Device added: id=1, name='hs_detect', sources=0x80000101
D/hwcomposer( 1752): hwc_blank: Doing Dpy=0, blank=1
D/hwcomposer( 1752): hwc_blank: Done Dpy=0, blank=1
D/hwcomposer( 1752): hwc_blank: Doing Dpy=0, blank=0
D/hwcomposer( 1752): hwc_blank: Done Dpy=0, blank=0
D/hwcomposer( 1752): hwc_blank: Doing Dpy=0, blank=1
D/hwcomposer( 1752): hwc_blank: Done Dpy=0, blank=1
I/UpstartPropertyWatcher( 743): Property changed: net.change=net.rmnet_usb0.dns1
I/UpstartPropertyWatcher( 743): Property changed: net.rmnet_usb0.dns1=
I/UpstartPropertyWatcher( 743): Property changed: net.change=net.rmnet_usb0.dns2
I/UpstartPropertyWatcher( 743): Property changed: net.rmnet_usb0.dns2=
I/UpstartPropertyWatcher( 743): Property changed: net.rmnet_usb0.gw=
D/DHCP ( 756): ===== DHCP message:
D/DHCP ( 756): op = BOOTREQUEST (1), htype = 1, hlen = 6, hops = 0
D/DHCP ( 756): xid = 0x49603200 secs = 0, flags = 0x8000 optlen = 14
D/DHCP ( 756): ciaddr = 0.0.0.0
D/DHCP ( 756): yiaddr = 0.0.0.0
D/DHCP ( 756): siaddr = 0.0.0.0
D/DHCP ( 756): giaddr = 0.0.0.0
D/DHCP ( 756): chaddr = { 00 00 00 00 00 00 }
D/DHCP ( 756): sname = ''
D/DHCP ( 756): file = ''
D/DHCP ( 756): op 53 len 1 { 01 } discover
D/DHCP ( 756): op 55 len 4 { 01 03 06 1c }
D/DHCP ( 756): ===== DHCP message:
D/DHCP ( 756): op = BOOTREPLY (2), htype = 1, hlen = 6, hops = 0
D/DHCP ( 756): xid = 0x49603200 secs = 0, flags = 0x8000 optlen = 42
D/DHCP ( 756): ciaddr = 0.0.0.0
D/DHCP ( 756): yiaddr = 10.210.123.210
D/DHCP ( 756): siaddr = 10.210.123.209
D/DHCP ( 756): giaddr = 0.0.0.0
D/DHCP ( 756): chaddr = { 00 00 00 00 00 00 }
D/DHCP ( 756): sname = ''
D/DHCP ( 756): file = ''
D/DHCP ( 756): op 53 len 1 { 02 } offer
D/DHCP ( 756): op 1 len 4 { ff ff ff fc }
D/DHCP ( 756): op 3 len 4 { 0a d2 7b d1 }
D/DHCP ( 756): op 6 len 8 { ac 10 91 67 ac 10 91 67 }
D/DHCP ( 756): op 51 len 4 { 00 00 1c 20 }
D/DHCP ( 756): op 54 len 4 { 0a d2 7b d1 }
D/DHCP ( 756): --- dhcp offer (2) ---
D/DHCP ( 756): ip 10.210.123.210 gw 10.210.123.209 prefixLength 30
D/DHCP ( 756): dns1: 172.16.145.103
D/DHCP ( 756): dns2: 172.16.145.103
D/DHCP ( 756): server 10.210.123.209, lease 7200 seconds
D/DHCP ( 756): ===== DHCP message:
D/DHCP ( 756): op = BOOTREQUEST (1), htype = 1, hlen = 6, hops = 0
D/DHCP ( 756): xid = 0x4a603200 secs = 0, flags = 0x8000 optlen = 26
D/DHCP ( 756): ciaddr = 0.0.0.0
D/DHCP ( 756): yiaddr = 0.0.0.0
D/DHCP ( 756): siaddr = 0.0.0.0
D/DHCP ( 756): giaddr = 0.0.0.0
D/DHCP ( 756): chaddr = { 00 00 00 00 00 00 }
D/DHCP ( 756): sname = ''
D/DHCP ( 756): file = ''
D/DHCP ( 756): op 53 len 1 { 03 } request
D/DHCP ( 756): op 55 len 4 { 01 03 06 1c }
D/DHCP ( 756): op 50 len 4 { 0a d2 7b d2 }
D/DHCP ( 756): op 54 len 4 { 0a d2 7b d1 }
D/DHCP ( 756): ===== DHCP message:
D/DHCP ( 756): op = BOOTREPLY (2), htype = 1, hlen = 6, hops = 0
D/DHCP ( 756): xid = 0x4a603200 secs = 0, flags = 0x8000 optlen = 42
D/DHCP ( 756): ciaddr = 0.0.0.0
D/DHCP ( 756): yiaddr = 10.210.123.210
D/DHCP ( 756): siaddr = 10.210.123.209
D/DHCP ( 756): giaddr = 0.0.0.0
D/DHCP ( 756): chaddr = { 00 00 00 00 00 00 }
D/DHCP ( 756): sname = ''
D/DHCP ( 756): file = ''
D/DHCP ( 756): op 53 len 1 { 05 } ack
D/DHCP ( 756): op 1 len 4 { ff ff ff fc }
D/DHCP ( 756): op 3 len 4 { 0a d2 7b d1 }
D/DHCP ( 756): op 6 len 8 { ac 10 91 67 ac 10 91 67 }
D/DHCP ( 756): op 54 len 4 { 0a d2 7b d1 }
D/DHCP ( 756): op 51 len 4 { 00 00 1c 20 }
D/DHCP ( 756): --- dhcp ack (5) ---
D/DHCP ( 756): ip 10.210.123.210 gw 10.210.123.209 prefixLength 30
D/DHCP ( 756): dns1: 172.16.145.103
D/DHCP ( 756): dns2: 172.16.145.103
D/DHCP ( 756): server 10.210.123.209, lease 7200 seconds
D/DHCP ( 756): configuring rmnet_usb0
I/UpstartPropertyWatcher( 743): Property changed: net.change=net.rmnet_usb0.dns1
I/UpstartPropertyWatcher( 743): Property changed: net.rmnet_usb0.dns1=172.16.145.103
I/UpstartPropertyWatcher( 743): Property changed: net.change=net.rmnet_usb0.dns2
I/UpstartPropertyWatcher( 743): Property changed: net.rmnet_usb0.dns2=172.16.145.103
I/UpstartPropertyWatcher( 743): Property changed: net.change=net.rmnet_usb0.gw
I/UpstartPropertyWatcher( 743): Property changed: net.rmnet_usb0.gw=10.210.123.209
I/UpstartPropertyWatcher( 743): Property changed: net.change=net.rmnet_usb0.dns1
I/UpstartPropertyWatcher( 743): Property changed: net.rmnet_usb0.dns1=172.16.145.103
I/UpstartPropertyWatcher( 743): Property changed: net.change=net.rmnet_usb0.dns2
I/UpstartPropertyWatcher( 743): Property changed: net.rmnet_usb0.dns2=172.16.145.103
I/UpstartPropertyWatcher( 743): Property changed: net.change=net.rmnet_usb0.gw
I/UpstartPropertyWatcher( 743): Property changed: net.rmnet_usb0.gw=10.210.123.209
I/UpstartPropertyWatcher( 743): Property changed: persist.radio.nitz_lons_0_0=AT&T
I/UpstartPropertyWatcher( 743): Property changed: persist.radio.nitz_lons_1_0=
I/UpstartPropertyWatcher( 743): Property changed: persist.radio.nitz_lons_2_0=
I/UpstartPropertyWatcher( 743): Property changed: persist.radio.nitz_lons_3_0=
I/UpstartPropertyWatcher( 743): Property changed: persist.radio.nitz_sons_0_0=AT&T
I/UpstartPropertyWatcher( 743): Property changed: persist.radio.nitz_sons_1_0=
I/UpstartPropertyWatcher( 743): Property changed: persist.radio.nitz_sons_2_0=
I/UpstartPropertyWatcher( 743): Property changed: persist.radio.nitz_sons_3_0=
I/UpstartPropertyWatcher( 743): Property changed: persist.radio.nitz_plmn_0=310 410
I/UpstartPropertyWatcher( 743): Property changed: persist.radio.nitz_lons_0_0=AT&T
I/UpstartPropertyWatcher( 743): Property changed: persist.radio.nitz_lons_1_0=
I/UpstartPropertyWatcher( 743): Property changed: persist.radio.nitz_lons_2_0=
I/UpstartPropertyWatcher( 743): Property changed: persist.radio.nitz_lons_3_0=
I/UpstartPropertyWatcher( 743): Property changed: persist.radio.nitz_sons_0_0=AT&T
I/UpstartPropertyWatcher( 743): Property changed: persist.radio.nitz_sons_1_0=
I/UpstartPropertyWatcher( 743): Property changed: persist.radio.nitz_sons_2_0=
I/UpstartPropertyWatcher( 743): Property changed: persist.radio.nitz_sons_3_0=
I/UpstartPropertyWatcher( 743): Property changed: persist.radio.nitz_plmn_0=310 410
I/UpstartPropertyWatcher( 743): Property changed: persist.radio.nitz_lons_0_0=AT&T
I/UpstartPropertyWatcher( 743): Property changed: persist.radio.nitz_lons_1_0=
I/UpstartPropertyWatcher( 743): Property changed: persist.radio.nitz_lons_2_0=
I/UpstartPropertyWatcher( 743): Property changed: persist.radio.nitz_lons_3_0=
I/UpstartPropertyWatcher( 743): Property changed: persist.radio.nitz_sons_0_0=AT&T
I/UpstartPropertyWatcher( 743): Property changed: persist.radio.nitz_sons_1_0=
I/UpstartPropertyWatcher( 743): Property changed: persist.radio.nitz_sons_2_0=
I/UpstartPropertyWatcher( 743): Property changed: persist.radio.nitz_sons_3_0=
I/UpstartPropertyWatcher( 743): Property changed: persist.radio.nitz_plmn_0=310 410
I/UpstartPropertyWatcher( 743): Property changed: persist.radio.nitz_lons_0_0=AT&T
I/UpstartPropertyWatcher( 743): Property changed: persist.radio.nitz_lons_1_0=
I/UpstartPropertyWatcher( 743): Property changed: persist.radio.nitz_lons_2_0=
I/UpstartPropertyWatcher( 743): Property changed: persist.radio.nitz_lons_3_0=
I/UpstartPropertyWatcher( 743): Property changed: persist.radio.nitz_sons_0_0=AT&T
I/UpstartPropertyWatcher( 743): Property changed: persist.radio.nitz_sons_1_0=
I/UpstartPropertyWatcher( 743): Property changed: persist.radio.nitz_sons_2_0=
I/UpstartPropertyWatcher( 743): Property changed: persist.radio.nitz_sons_3_0=
I/UpstartPropertyWatcher( 743): Property changed: persist.radio.nitz_plmn_0=310 410
I/UpstartPropertyWatcher( 743): Property changed: persist.radio.nitz_lons_0_0=AT&T
I/UpstartPropertyWatcher( 743): Property changed: persist.radio.nitz_lons_1_0=
I/UpstartPropertyWatcher( 743): Property changed: persist.radio.nitz_lons_2_0=
I/UpstartPropertyWatcher( 743): Property changed: persist.radio.nitz_lons_3_0=
I/UpstartPropertyWatcher( 743): Property changed: persist.radio.nitz_sons_0_0=AT&T
I/UpstartPropertyWatcher( 743): Property changed: persist.radio.nitz_sons_1_0=
I/UpstartPropertyWatcher( 743): Property changed: persist.radio.nitz_sons_2_0=
I/UpstartPropertyWatcher( 743): Property changed: persist.radio.nitz_sons_3_0=
I/UpstartPropertyWatcher( 743): Property changed: persist.radio.nitz_plmn_0=310 410
I/UpstartPropertyWatcher( 743): Property changed: persist.radio.nitz_lons_0_0=AT&T
I/UpstartPropertyWatcher( 743): Property changed: persist.radio.nitz_lons_1_0=
I/UpstartPropertyWatcher( 743): Property changed: persist.radio.nitz_lons_2_0=
I/UpstartPropertyWatcher( 743): Property changed: persist.radio.nitz_lons_3_0=
I/UpstartPropertyWatcher( 743): Property changed: persist.radio.nitz_sons_0_0=AT&T
I/UpstartPropertyWatcher( 743): Property changed: persist.radio.nitz_sons_1_0=
I/UpstartPropertyWatcher( 743): Property changed: persist.radio.nitz_sons_2_0=
I/UpstartPropertyWatcher( 743): Property changed: persist.radio.nitz_sons_3_0=
