2017-02-28 03:42:35.953 335967 INFO tempest.common.dynamic_creds [-] Acquired dynamic creds: credentials: Credentials: {'tenant_name': 'tempest-RoutersTest-701245241', 'user_id': '59295ab088cd4243b14d97ddcf629fac', 'username': 'tempest-RoutersTest-701245241', 'project_id': '805edbc08b3c4449a258961b9e647048', 'project_name': 'tempest-RoutersTest-701245241', 'tenant_id': '805edbc08b3c4449a258961b9e647048'}, Network: None, Subnet: None, Router: None
2017-02-28 03:42:35.953 335967 INFO tempest.common.dynamic_creds [-] Created isolated network resources for : credentials: Credentials: {'tenant_name': 'tempest-RoutersTest-701245241', 'user_id': '59295ab088cd4243b14d97ddcf629fac', 'username': 'tempest-RoutersTest-701245241', 'project_id': '805edbc08b3c4449a258961b9e647048', 'project_name': 'tempest-RoutersTest-701245241', 'tenant_id': '805edbc08b3c4449a258961b9e647048'}, Network: None, Subnet: None, Router: None
2017-02-28 03:42:36.196 335967 INFO tempest.lib.common.rest_client [req-12fc226c-2cfc-4c20-97f0-4eaadaaedc15 ] Request (RoutersTest:setUpClass): 200 POST http://10.244.200.252:5000/v2.0/tokens
2017-02-28 03:42:36.329 335967 INFO tempest.lib.common.rest_client [req-9a2b1a08-ec2c-4374-a583-3167ada47f73 ] Request (RoutersTest:setUpClass): 200 POST http://10.244.200.252:35357/v2.0/tenants 0.132s
2017-02-28 03:42:36.554 335967 INFO tempest.lib.common.rest_client [req-c78bb71b-4b18-4b34-8217-84b36f94815f ] Request (RoutersTest:setUpClass): 200 POST http://10.244.200.252:35357/v2.0/users 0.224s
2017-02-28 03:42:36.607 335967 INFO tempest.lib.common.rest_client [req-6f97d46d-12fe-4e8a-b5ea-19321e14bc05 ] Request (RoutersTest:setUpClass): 200 GET http://10.244.200.252:35357/v2.0/OS-KSADM/roles 0.052s
2017-02-28 03:42:36.737 335967 INFO tempest.lib.common.rest_client [req-89125f39-f4f4-47d1-8b0b-f67cbb6eacc6 ] Request (RoutersTest:setUpClass): 200 PUT http://10.244.200.252:35357/v2.0/tenants/d7aa7b4720b64aa083ff3b9396ef5935/users/737475e2e4ff4772914f45d05ff0c924/roles/OS-KSADM/3b6fdf6781254e6db42987b2af6508a4 0.129s
2017-02-28 03:42:36.738 335967 INFO tempest.common.dynamic_creds [-] Acquired dynamic creds: credentials: Credentials: {'tenant_name': 'tempest-RoutersTest-501600101', 'user_id': '737475e2e4ff4772914f45d05ff0c924', 'username': 'tempest-RoutersTest-501600101', 'project_id': 'd7aa7b4720b64aa083ff3b9396ef5935', 'project_name': 'tempest-RoutersTest-501600101', 'tenant_id': 'd7aa7b4720b64aa083ff3b9396ef5935'}, Network: None, Subnet: None, Router: None
2017-02-28 03:42:36.738 335967 INFO tempest.common.dynamic_creds [-] Created isolated network resources for : credentials: Credentials: {'tenant_name': 'tempest-RoutersTest-501600101', 'user_id': '737475e2e4ff4772914f45d05ff0c924', 'username': 'tempest-RoutersTest-501600101', 'project_id': 'd7aa7b4720b64aa083ff3b9396ef5935', 'project_name': 'tempest-RoutersTest-501600101', 'tenant_id': 'd7aa7b4720b64aa083ff3b9396ef5935'}, Network: None, Subnet: None, Router: None
2017-02-28 03:42:36.997 335967 INFO tempest.lib.common.rest_client [req-0271fe2b-2f16-469f-90eb-0bc10ee59dcf ] Request (RoutersTest:setUpClass): 200 POST http://10.244.200.252:5000/v2.0/tokens
2017-02-28 03:42:37.766 335967 INFO tempest.lib.common.rest_client [req-60b702db-e47d-403d-b9fe-ab9901f41aea ] Request (RoutersTest:test_add_multiple_router_interfaces): 201 POST http://10.244.202.89:9696/v2.0/networks 0.767s
2017-02-28 03:42:38.201 335967 INFO tempest.lib.common.rest_client [req-187daac5-f7c1-4588-9d8d-30ac9a78d8e9 ] Request (RoutersTest:test_add_multiple_router_interfaces): 201 POST http://10.244.202.89:9696/v2.0/networks 0.434s
2017-02-28 03:42:39.061 335967 INFO tempest.lib.common.rest_client [req-5220b5e4-22e5-4941-9f5c-91d4ccb36056 ] Request (RoutersTest:test_add_multiple_router_interfaces): 201 POST http://10.244.202.89:9696/v2.0/subnets 0.859s
2017-02-28 03:42:39.880 335967 INFO tempest.lib.common.rest_client [req-26f62288-deeb-4317-bcc9-95688b80ba28 ] Request (RoutersTest:test_add_multiple_router_interfaces): 201 POST http://10.244.202.89:9696/v2.0/subnets 0.818s
2017-02-28 03:42:40.469 335967 INFO tempest.lib.common.rest_client [req-e35a4d47-e567-40eb-a6c9-dc8ec5457f0e ] Request (RoutersTest:test_add_multiple_router_interfaces): 201 POST http://10.244.202.89:9696/v2.0/routers 0.588s
2017-02-28 03:42:42.459 335967 INFO tempest.lib.common.rest_client [req-b6f956cd-bd9a-4269-bc36-e0474d923c57 ] Request (RoutersTest:test_add_multiple_router_interfaces): 200 PUT http://10.244.202.89:9696/v2.0/routers/ade37222-85fb-4479-b60e-ade45dc15b80/add_router_interface 1.989s
2017-02-28 03:42:42.519 335967 INFO tempest.lib.common.rest_client [req-90b0eb54-4f99-4acb-8200-511876b2454d ] Request (RoutersTest:test_add_multiple_router_interfaces): 200 GET http://10.244.202.89:9696/v2.0/ports/e09fd497-f4a6-4511-aeb8-3a9454d9bcaf 0.059s
2017-02-28 03:42:44.265 335967 INFO tempest.lib.common.rest_client [req-01cb37cd-c24f-4e6f-b711-ba5237322c63 ] Request (RoutersTest:test_add_multiple_router_interfaces): 200 PUT http://10.244.202.89:9696/v2.0/routers/ade37222-85fb-4479-b60e-ade45dc15b80/add_router_interface 1.745s
2017-02-28 03:42:44.335 335967 INFO tempest.lib.common.rest_client [req-7f72e6b2-57d0-489d-9abb-a1196ad71f3d ] Request (RoutersTest:test_add_multiple_router_interfaces): 200 GET http://10.244.202.89:9696/v2.0/ports/cdd33b22-9360-4b2a-ae4b-880e3fdb7052 0.070s
2017-02-28 03:42:45.710 335967 INFO tempest.lib.common.rest_client [req-39bc0cc5-25ce-48ea-94ad-21affe77f14f ] Request (RoutersTest:_run_cleanups): 200 PUT http://10.244.202.89:9696/v2.0/routers/ade37222-85fb-4479-b60e-ade45dc15b80/remove_router_interface 1.374s
2017-02-28 03:42:47.098 335967 INFO tempest.lib.common.rest_client [req-63065929-b058-4333-9169-c8979ee66b95 ] Request (RoutersTest:_run_cleanups): 200 PUT http://10.244.202.89:9696/v2.0/routers/ade37222-85fb-4479-b60e-ade45dc15b80/remove_router_interface 1.386s
2017-02-28 03:42:47.245 335967 INFO tempest.lib.common.rest_client [req-bc66dffd-c928-451b-b648-6e2a4a63b4b1 ] Request (RoutersTest:_run_cleanups): 200 GET http://10.244.202.89:9696/v2.0/ports?device_id=ade37222-85fb-4479-b60e-ade45dc15b80 0.147s
2017-02-28 03:42:47.735 335967 INFO tempest.lib.common.rest_client [req-09d68edf-5866-4165-b969-4ebaf31a36b0 ] Request (RoutersTest:_run_cleanups): 204 DELETE http://10.244.202.89:9696/v2.0/routers/ade37222-85fb-4479-b60e-ade45dc15b80 0.489s {3} tempest.api.network.test_routers.RoutersTest.test_add_multiple_router_interfaces [10.738403s] ... ok
2017-02-28 03:42:48.107 335967 INFO tempest.lib.common.rest_client [req-d6d2373a-1dc1-41cf-b849-fcfceebb4d07 ] Request (RoutersTest:test_add_remove_router_interface_with_port_id): 201 POST http://10.244.202.89:9696/v2.0/networks 0.370s
2017-02-28 03:42:48.902 335967 INFO tempest.lib.common.rest_client [req-7e3eeace-7b96-4a7b-a545-26ec6cf1247c ] Request (RoutersTest:test_add_remove_router_interface_with_port_id): 201 POST http://10.244.202.89:9696/v2.0/subnets 0.793s
2017-02-28 03:42:49.168 335967 INFO tempest.lib.common.rest_client [req-1fd8eaf6-4347-4c1f-bd08-fa2ad9f412ea ] Request (RoutersTest:test_add_remove_router_interface_with_port_id): 201 POST http://10.244.202.89:9696/v2.0/routers 0.265s
2017-02-28 03:42:50.251 335967 INFO tempest.lib.common.rest_client [req-cfcbef22-f053-418c-a254-a380b93b6c8c ] Request (RoutersTest:test_add_remove_router_interface_with_port_id): 201 POST http://10.244.202.89:9696/v2.0/ports 1.082s
2017-02-28 03:42:51.958 335967 INFO tempest.lib.common.rest_client [req-1059a4e7-1437-4667-bb27-b25d29474d2e ] Request (RoutersTest:test_add_remove_router_interface_with_port_id): 200 PUT http://10.244.202.89:9696/v2.0/routers/c613d9b9-ac54-4aa4-95a7-17a07111ad03/add_router_interface 1.706s
2017-02-28 03:42:52.018 335967 INFO tempest.lib.common.rest_client [req-66be4791-d8d6-4eae-a873-7589773e35f8 ] Request (RoutersTest:test_add_remove_router_interface_with_port_id): 200 GET http://10.244.202.89:9696/v2.0/ports/0f98461f-ed9e-47d4-9dff-c2b7e07290d1 0.059s
2017-02-28 03:42:53.404 335967 INFO tempest.lib.common.rest_client [req-49a4feb9-3261-4578-845f-027241c43c9d ] Request (RoutersTest:_run_cleanups): 200 PUT http://10.244.202.89:9696/v2.0/routers/c613d9b9-ac54-4aa4-95a7-17a07111ad03/remove_router_interface 1.385s
2017-02-28 03:42:53.539 335967 INFO tempest.lib.common.rest_client [req-9e85771e-bb9c-43b6-bd75-0928e7f4fcbe ] Request (RoutersTest:_run_cleanups): 200 GET http://10.244.202.89:9696/v2.0/ports?device_id=c613d9b9-ac54-4aa4-95a7-17a07111ad03 0.134s
2017-02-28 03:42:54.021 335967 INFO tempest.lib.common.rest_client [req-aac67f9d-a4c3-43be-9082-79eaca83851f ] Request (RoutersTest:_run_cleanups): 204 DELETE http://10.244.202.89:9696/v2.0/routers/c613d9b9-ac54-4aa4-95a7-17a07111ad03 0.481s {3} tempest.api.network.test_routers.RoutersTest.test_add_remove_router_interface_with_port_id [6.285268s] ... ok
2017-02-28 03:42:54.485 335967 INFO tempest.lib.common.rest_client [req-09b7f179-c5a2-4c51-9508-2fbbe83a9eab ] Request (RoutersTest:test_add_remove_router_interface_with_subnet_id): 201 POST http://10.244.202.89:9696/v2.0/networks 0.462s
2017-02-28 03:42:55.371 335967 INFO tempest.lib.common.rest_client [req-8bd6afec-cb82-4a3a-b58e-2d2b079d7f1b ] Request (RoutersTest:test_add_remove_router_interface_with_subnet_id): 201 POST http://10.244.202.89:9696/v2.0/subnets 0.885s
2017-02-28 03:42:55.736 335967 INFO tempest.lib.common.rest_client [req-f64984f6-c1c3-43a1-a0be-0db65b87e836 ] Request (RoutersTest:test_add_remove_router_interface_with_subnet_id): 201 POST http://10.244.202.89:9696/v2.0/routers 0.364s
2017-02-28 03:42:57.532 335967 INFO tempest.lib.common.rest_client [req-f124b47b-7227-4118-b0a1-08d979d55e00 ] Request (RoutersTest:test_add_remove_router_interface_with_subnet_id): 200 PUT http://10.244.202.89:9696/v2.0/routers/b4c07db5-13aa-44c6-b456-6dd0e29d3db9/add_router_interface 1.795s
2017-02-28 03:42:57.595 335967 INFO tempest.lib.common.rest_client [req-71d29ade-bd61-42cf-a879-34f0d20bf5e3 ] Request (RoutersTest:test_add_remove_router_interface_with_subnet_id): 200 GET http://10.244.202.89:9696/v2.0/ports/99191959-a1ff-4ebc-9c26-ac18d90d2361 0.062s {7} tempest.api.image.v2.test_images.BasicOperationsImagesTest.test_update_image [30.005477s] ... FAILED
2017-02-28 03:42:58.031 335975 INFO tempest.lib.common.rest_client [req-98df4b87-6bc3-40db-be2c-4d10d99daa72 ] Request (BasicOperationsImagesTest:tearDownClass): 204 DELETE http://10.244.200.252:35357/v2.0/users/4c5bb52eb067482d861b8e20071dd8c1 0.379s
2017-02-28 03:42:58.900 335975 INFO tempest.lib.common.rest_client [req-e98c3fde-b403-4ee9-907c-78cffbf3219b ] Request (BasicOperationsImagesTest:tearDownClass): 200 GET http://10.244.202.89:9696/v2.0/security-groups?name=default&tenant_id=2b53a89a4bd741a1866203096de4185e 0.868s
2017-02-28 03:42:59.038 335967 INFO tempest.lib.common.rest_client [req-8aee0c10-9745-4bfe-af58-ccedf18c654e ] Request (RoutersTest:_run_cleanups): 200 PUT http://10.244.202.89:9696/v2.0/routers/b4c07db5-13aa-44c6-b456-6dd0e29d3db9/remove_router_interface 1.442s
2017-02-28 03:42:59.266 335967 INFO tempest.lib.common.rest_client [req-5fe0e35e-c96e-4da5-a85f-430f2c35a8d5 ] Request (RoutersTest:_run_cleanups): 200
2017-02-28 03:42:59.282 335975 INFO tempest.lib.common.rest_client [req-427ee759-2c04-411a-9b17-6ddc04e0d269 ] Request (BasicOperationsImagesTest:tearDownClGaEsTs )h:t t2p0:4/ /D1E0L.E2T4E4 .h2t0t2p.:8/9/:1906.9264/4v.22.002/.p8o9r:t9s6?9d6e/vvi2c.e0_/isde=cbu4rci0t7yd-bg5r-o1u3pasa/-a4047c261-0b9405-6b-b6ad0d-04e92d92d-3adab99c -0d.82d2471sa ecbc7e 0.381s
2017-02-28 03:42:59.539 335975 INFO tempest.lib.common.rest_client [req-5b5b72b3-beba-4d0e-8a72-09d0a13248e7 ] Request (BasicOperationsImagesTest:tearDownClass): 204 DELETE http://10.244.200.252:35357/v2.0/tenants/2b53a89a4bd741a1866203096de4185e 0.257s
2017-02-28 03:42:59.741 335967 INFO tempest.lib.common.rest_client [req-b6b82527-15d7-45d8-974e-9d95796d7d3e ] Request (RoutersTest:_run_cleanups): 204 DELETE http://10.244.202.89:9696/v2.0/routers/b4c07db5-13aa-44c6-b456-6dd0e29d3db9 0.474s {3} tempest.api.network.test_routers.RoutersTest.test_add_remove_router_interface_with_subnet_id [5.719431s] ... ok
2017-02-28 03:42:59.778 335975 INFO tempest.lib.common.rest_client [req-a6934891-c28d-4608-8688-02e939d40d45 ] Request (BulkNetworkOpsTest:setUpClass): 200 POST http://10.244.200.252:5000/v2.0/tokens
2017-02-28 03:43:00.130 335975 INFO tempest.lib.common.rest_client [req-7f042e61-aff3-4f4b-8f77-83de95c1025f ] Request (BulkNetworkOpsTest:setUpClass): 200 POST http://10.244.200.252:5000/v2.0/tokens
2017-02-28 03:43:00.339 335975 INFO tempest.lib.common.rest_client [req-78fa08df-aee8-4862-9cce-41c2d4b18771 ] Request (BulkNetworkOpsTest:setUpClass): 200 POST http://10.244.200.252:35357/v2.0/tenants 0.208s
2017-02-28 03:43:00.623 335975 INFO tempest.lib.common.rest_client [req-4a21518f-52e3-4c6d-b754-0506d1a826cc ] Request (BulkNetworkOpsTest:setUpClass): 200 POST http://10.244.200.252:35357/v2.0/users 0.283s
2017-02-28 03:43:00.623 335975 INFO tempest.common.dynamic_creds [-] Acquired dynamic creds: credentials: Credentials: {'tenant_name': 'tempest-BulkNetworkOpsTest-643853048', 'user_id': '7ba88de74b92492d9e475e5168eefaa5', 'username': 'tempest-BulkNetworkOpsTest-643853048', 'project_id': 'd682a1c242eb4caba99b8c178d1d991f', 'project_name': 'tempest-BulkNetworkOpsTest-643853048', 'tenant_id': 'd682a1c242eb4caba99b8c178d1d991f'}, Network: None, Subnet: None, Router: None
2017-02-28 03:43:00.623 335975 INFO tempest.common.dynamic_creds [-] Created isolated network resources for : credentials: Credentials: {'tenant_name': 'tempest-BulkNetworkOpsTest-643853048', 'user_id': '7ba88de74b92492d9e475e5168eefaa5', 'username': 'tempest-BulkNetworkOpsTest-643853048', 'project_id': 'd682a1c242eb4caba99b8c178d1d991f', 'project_name': 'tempest-BulkNetworkOpsTest-643853048', 'tenant_id': 'd682a1c242eb4caba99b8c178d1d991f'}, Network: None, Subnet: None, Router: None
2017-02-28 03:43:00.866 335971 WARNING urllib3.connectionpool [-] Retrying (Retry(total=7, connect=None, read=None, redirect=5)) after connection broken by 'ProtocolError('Connection aborted.', RemoteDisconnected('Remote end closed connection without response',))': /v2/e3b18742950d425a97649485c6112efc/image2017-02-28 03:43:00.882 335975 INFO tempest.lib.common.rest_client [req-f73bs/890da670-992e-426a-b8f9-6fe8191265cd 36ec-1fe9-439b-be45-bc6dcba73b69 ] Request (BulkNetworkOpsTest:setUpClass): 200 POST http://10.244.200.252:5000/v2.0/tokens
2017-02-28 03:43:01.707 335967 INFO tempest.lib.common.rest_client [req-ace94fd3-cac1-4cea-820e-49a28f70dfbe ] Request (RoutersTest:test_create_show_list_update_delete_router): 201 POST http://10.244.202.89:9696/v2.0/routers 1.964s
2017-02-28 03:43:01.803 335967 INFO tempest.lib.common.rest_client [req-4c28cff4-f0c8-4080-ad7e-5ec18c277cc6 ] Request (RoutersTest:test_create_show_list_update_delete_router): 200 GET http://10.244.202.89:9696/v2.0/routers/2d699cbd-725c-463b-aa21-5e05d6e36b84 0.094s
2017-02-28 03:43:01.908 335967 INFO tempest.lib.common.rest_client [req-34f2435f-0e2d-43c5-982c-30cc4b608d1a ] Request (RoutersTest:test_create_show_lis2017-02-28 03:43:01.917 335975 INFO tempest.lib.common.rest_client [req-t_update_delete_router): 200 GET http://10.244.202.89:5536aa2c-1c58-47b7-a8af-51ffe7758885 ] Request (BulkNetworkOpsTest:test_bul9696/v2.0/routers 0.105s k_create_delete_network): 201 POST http://10.244.202.89:9696/v2.0/networks 1.033s
2017-02-28 03:43:02.013 335975 INFO tempest.lib.common.rest_client [req-47726360-d967-4eb2-bbb6-415a9b63b798 ] Request (BulkNetworkOpsTest:test_bulk_create_delete_network): 200 GET http://10.244.202.89:9696/v2.0/networks 0.095s
2017-02-28 03:43:02.497 335967 INFO tempest.lib.common.rest_client [req-b8982668-09e0-442a-a8db-7e42dc7860d0 ] Request (RoutersTest:test_create_show_list_update_delete_router): 200 PUT http://10.244.202.89:9696/v2.0/routers/2d699cbd-725c-463b-aa21-5e05d6e36b84 0.588s
2017-02-28 03:43:02.592 335967 INFO tempest.lib.common.rest_client [req-29ad282a-f210-4a5b-a4dd-6de71c952f2d ] Request (RoutersTest:test_create_show_list_update_delete_router): 200 GET http://10.244.202.89:9696/v2.0/routers/2d699cbd-725c-463b-aa21-5e05d6e36b84 0.094s
2017-02-28 03:43:02.697 335975 INFO tempest.lib.common.rest_client [req-105cdaf7-9672-4d45-a53b-b137cc580333 ] Request (BulkNetworkOpsTest:_run_cleanups): 204 DELETE http://10.244.202.89:9696/v2.0/networks/455de2e1-bad3-4d56-9d81-ff5574b3aea9 0.683s
2017-02-28 03:43:02.933 335967 INFO tempest.lib.common.rest_client [req-ddd4b2a5-a381-4318-9033-3fbf445ba8a8 ] Request (RoutersTest:_run_cleanups): 200 GET http://10.244.202.89:9696/v2.0/ports?device_id=2d699cbd-725c-463b-aa21-5e05d6e36b84 0.340s
2017-02-28 03:43:03.681 335975 INFO tempest.lib.common.rest_client [req-84e0e1d0-22d7-4392-8a4b-a93cc0bf62c7 ] Request (BulkNetworkOpsTest:_run_cleanups): 204 DELETE http://10.244.202.89:9696/v2.0/networks/a6b9500d-d0ab-49ae-a6b3-71e7e37ce07a 0.983s
2017-02-28 03:43:03.775 335975 INFO tempest.lib.common.rest_client [req-b2f07a81-5070-4daa-8410-4cb780574c60 ] Request (BulkNetworkOpsTest:_run_cleanups): 200 GET http://10.244.202.89:9696/v2.0/networks 0.093s {7} tempest.api.network.test_networks.BulkNetworkOpsTest.test_bulk_create_delete_network [2.893261s] ... ok
2017-02-28 03:43:04.226 335967 INFO tempest.lib.common.rest_client [req-25108ac6-de97-49e4-871a-a24c758b22ae ] Request (RoutersTest:_run_cleanups): 204 DELETE http://10.244.202.89:9696/v2.0/routers/2d699cbd-725c-463b-aa21-5e05d6e36b84 1.292s {3} tempest.api.network.test_routers.RoutersTest.test_create_show_list_update_delete_router [4.483779s] ... ok
2017-02-28 03:43:04.390 335975 INFO tempest.lib.common.rest_client [req-68d81058-c5f8-4d5b-a4b1-33359e0ca291 ] Request (BulkNetworkOpsTest:test_bulk_create_delete_port): 201 POST http://10.244.202.89:9696/v2.0/networks 0.612s
2017-02-28 03:43:04.726 335975 INFO tempest.lib.common.rest_client [req-46446f5e-c00d-4387-a0a9-f9e175d30c5d ] Request (BulkNetworkOpsTest:test_bulk_create_delete_port): 201 POST http://10.244.202.89:9696/v2.0/networks 0.335s
2017-02-28 03:43:05.564 335967 INFO tempest.lib.common.rest_client [req-a92249f7-983c-4a5e-960b-dd5aff21fb73 ] Request (RoutersTest:tearDownClass): 204 DELETE http://10.244.202.89:9696/v2.0/subnets/acb53d2f-d170-46bf-b261-599e306b7ea2 1.336s
2017-02-28 03:43:05.707 335974 WARNING urllib3.connectionpool [-] Retrying (Retry(total=7, connect=None, read=None, redirect=5)) after connection broken by 'ProtocolError('Connection aborted.', RemoteDisconnected('Remote end closed connection without response',))': /v2/96ae5faa550e492098b49ee54b95ac19/images/890da670-992e-426a-b8f9-6fe8191265cd
2017-02-28 03:43:06.874 335975 INFO tempest.lib.common.rest_client [req-f7b32944-1f9c-437a-a2bf-cbf3d5f33814 ] Request (BulkNetworkOpsTest:test_bulk_create_delete_port): 201 POST http://10.244.202.89:9696/v2.0/ports 2.147s
2017-02-28 03:43:07.098 335975 INFO tempest.lib.common.rest_client [req-16738695-4acc-4ca6-b6f2-4981358641e2 ] Request (BulkNetworkOpsTest:test_bulk_create_delete_port): 200 GET http://10.244.202.89:9696/v2.0/ports 0.223s
2017-02-28 03:43:07.260 335967 INFO tempest.lib.common.rest_client [req-1cfb6fc2-215e-470f-8fa9-6500f49003a7 ] Request (RoutersTest:tearDownClass): 204 DELETE http://10.244.202.89:9696/v2.0/subnets/5a540653-d0ca-494d-ac19-c6da67795b6b 1.695s
2017-02-28 03:43:07.759 335975 INFO tempest.lib.common.rest_client [req-ceb85a6f-5819-4fb5-8208-5e0b9224f3f1 ] Request (BulkNetworkOpsTest:_run_cleanups): 204 DELETE http://10.244.202.89:9696/v2.0/ports/3dab9ec3-ac52-46bf-880f-afa45fad2edf 0.660s
2017-02-28 03:43:07.805 335967 INFO tempest.lib.common.rest_client [req-71e5b53f-1ad5-45f0-9692-d538bb06c6a6 ] Request (RoutersTest:tearDownClass): 204 DELETE http://10.244.202.89:9696/v2.0/subnets/b48cc6f2-35eb-4b1f-889b-3734eea0c12e 0.544s
2017-02-28 03:43:08.323 335967 INFO tempest.lib.common.rest_client [req-8ba8be3e-1f41-4d54-add8-dcd91b013460 ] Request (RoutersTest:tearDownClass): 204 DELETE http://10.244.202.89:9696/v2.0/subnets/9e2fa80d-44bd-4170-b090-f8c628ae140e 0.517s
2017-02-28 03:43:08.374 335975 INFO tempest.lib.common.rest_client [req-2f3b55fc-6149-4da0-8483-c48ec927f370 ] Request (BulkNetworkOpsTest:_run_cleanups): 204 DELETE http://10.244.202.89:9696/v2.0/ports/894be4b6-3f2c-49ad-87c5-f54d4440100b 0.615s
2017-02-28 03:43:08.434 335975 INFO tempest.lib.common.rest_client [req-8e1a0f73-e85c-4491-9488-8453a176c997 ] Request (BulkNetworkOpsTest:_run_cleanups): 200 GET http://10.244.202.89:9696/v2.0/ports 0.059s {7} tempest.api.network.test_networks.BulkNetworkOpsTest.test_bulk_create_delete_port [4.657707s] ... ok
2017-02-28 03:43:08.784 335975 INFO tempest.lib.common.rest_client [req-b63d525f-f99c-449b-ad38-564f281ebb1e ] Request (BulkNetworkOpsTest:test_bulk_create_delete_subnet): 201 POST http://10.244.202.89:9696/v2.0/networks 0.348s
2017-02-28 03:43:09.212 335975 INFO tempest.lib.common.rest_client [req-eda65d16-6213-4671-bcfc-07bccf25fc04 ] Request (BulkNetworkOpsTest:test_bulk_create_delete_subnet): 201 POST http://10.244.202.89:9696/v2.0/networks 0.427s
2017-02-28 03:43:09.758 335967 INFO tempest.lib.common.rest_client [req-f8fe1aaf-8bd4-4f68-837e-336527ef9da7 ] Request (RoutersTest:tearDownClass): 204 DELETE http://10.244.202.89:9696/v2.0/networks/16b60a00-2adc-4b77-84a3-a41a93220b3d 1.434s
2017-02-28 03:43:10.869 335975 INFO tempest.lib.common.rest_client [req-62bc6c79-20fd-460e-a3ca-7b9a3f7a2292 ] Request (BulkNetworkOpsTest:test_bulk_create_delete_subnet): 201 POST http://10.244.202.89:9696/v2.0/subnets 1.655s
2017-02-28 03:43:10.958 335975 INFO tempest.lib.common.rest_client [req-f4b734cc-6081-48ac-93cf-7bb51c719d57 ] Request (BulkNetworkOpsTest:test_bulk_create_delete_subnet): 200 GET http://10.244.202.89:9696/v2.0/subnets 0.088s
2017-02-28 03:43:10.992 335967 INFO tempest.lib.common.rest_client [req-43424bea-a1aa-4e9e-9d13-be6738044354 ] Request (RoutersTest:tearDownClass): 204 DELETE http://10.244.202.89:9696/v2.0/networks/ed332915-a98a-4013-89d1-3b8ab6fa5420 1.234s
2017-02-28 03:43:11.646 335975 INFO tempest.lib.common.rest_client [req-9be1c122-200d-462a-a3f2-7b127788a3ba ] Request (BulkNetworkOpsTest:_run_cleanups): 204 DELETE http://10.244.202.89:9696/v2.0/subnets/8d47aea9-2c2e-425c-8a1c-96cb14adf7c9 0.686s
2017-02-28 03:43:12.013 335967 INFO tempest.lib.common.rest_client [req-7fbb6fd9-8074-4787-af55-0b3efe2c1da1 ] Request (RoutersTest:tearDownClass): 204 DELETE http://10.244.202.89:9696/v2.0/networks/b849bf5b-253d-4dcf-976c-a0a41882e23e 1.020s
2017-02-28 03:43:12.349 335975 INFO tempest.lib.common.rest_client [req-867142ba-161a-4295-b90a-6be633f0038c ] Request (BulkNetworkOpsTest:_run_cleanups): 204 DELETE http://10.244.202.89:9696/v2.0/subnets/5f71e0a4-2b69-41a3-aa75-5e0c384a0a48 0.702s
2017-02-28 03:43:12.518 335975 INFO tempest.lib.common.rest_client [req-383e4094-a584-479a-bfc9-63280fcdbcdf ] Request (BulkNetworkOpsTest:_run_cleanups): 200 GET http://10.244.202.89:9696/v2.0/subnets 0.168s {7} tempest.api.network.test_networks.BulkNetworkOpsTest.test_bulk_create_delete_subnet [4.083761s] ... ok
2017-02-28 03:43:12.669 335967 INFO tempest.lib.common.rest_client [req-d294c3e8-a6d0-4a45-b737-729f9e32714f ] Request (RoutersTest:tearDownClass): 204 DELETE http://10.244.202.89:9696/v2.0/networks/fff7fda8-40e0-4dc2-8e11-8b79ef326f1c 0.655s
2017-02-28 03:43:13.247 335975 INFO tempest.lib.common.rest_client [req-2a6934a6-0bef-4e51-9029-b003fa9f8c1b ] Request (BulkNetworkOpsTest:tearDownClass): 204 DELETE http://10.244.202.89:9696/v2.0/networks/1d0f24c3-2df7-49ee-a79b-686ce3ab45f0 0.726s
2017-02-28 03:43:13.338 335967 INFO tempest.lib.common.rest_client [req-a80824fd-aac3-4e7b-ab9e-ad1a59807ddb ] Request (RoutersTest:tearDownClass): 204 DELETE http://10.244.200.252:35357/v2.0/users/59295ab088cd4243b14d97ddcf629fac 0.668s
2017-02-28 03:43:13.658 335967 INFO tempest.lib.common.rest_client [req-14af0eef-c53d-4f8d-bc5f-e9fecbd47228 ] Request (RoutersTest:tearDownClass): 200 GET http://10.244.202.89:9696/v2.0/security-groups?name=default&tenant_id=805edbc08b3c4449a258961b9e647048 0.320s
2017-02-28 03:43:13.946 335967 INFO tempest.lib.common.rest_client [req-e465a04d-384a-4603-ac90-467e72f79538 ] Request (RoutersTest:tearDownClass): 204 DELETE http://10.244.202.89:9696/v2.0/security-groups/c5191e47-98ea-49cc-8f3e-602d7489793a 0.287s
2017-02-28 03:43:14.131 335975 INFO tempest.lib.common.rest_client [req-89ce5fb1-76be-4408-8237-2d472b8338f2 ] Request (BulkNetworkOpsTest:tearDownClass): 204 DELETE http://10.244.202.89:9696/v2.0/networks/4d6256ad-3203-467f-8a9d-191ad4b79d9c 0.884s
2017-02-28 03:43:14.261 335967 INFO tempest.lib.common.rest_client [req-2649ecc3-d093-4fe2-a00b-9b0f31e4b44c ] Request (RoutersTest:tearDownClass): 204 DELETE http://10.244.200.252:35357/v2.0/tenants/805edbc08b3c4449a258961b9e647048 0.314s
2017-02-28 03:43:14.641 335967 INFO tempest.lib.common.rest_client [req-195c6290-e331-4691-921c-8aabaf2f84da ] Request (RoutersTest:tearDownClass): 204 DELETE http://10.244.200.252:35357/v2.0/users/737475e2e4ff4772914f45d05ff0c924 0.379s
2017-02-28 03:43:14.776 335975 INFO tempest.lib.common.rest_client [req-9abc53d8-ee8b-46fb-892c-d7c9647a6c9b ] Request (BulkNetworkOpsTest:tearDownClass): 204 DELETE http://10.244.202.89:9696/v2.0/networks/083611f2-38f7-4d7c-acda-b3363d99b9a4 0.644s
2017-02-28 03:43:15.081 335967 INFO tempest.lib.common.rest_client [req-ac8cf14d-7dbf-4393-a4b3-2a67987a9459 ] Request (RoutersTest:tearDownClass): 200 GET http://10.244.202.89:9696/v2.0/security-groups?name=default&tenant_id=d7aa7b4720b64aa083ff3b9396ef5935 0.439s
2017-02-28 03:43:15.258 335967 INFO tempest.lib.common.rest_client [req-d6c491ac-14ab-476a-bc70-4be8351dd8b3 ] Request (RoutersTest:tearDownClass): 204 DELETE http://10.244.202.89:9696/v2.0/security-groups/90746cc2-b5be-43cd-ab3a-734aaf2862d5 0.176s
2017-02-28 03:43:15.410 335975 INFO tempest.lib.common.rest_client [req-9a147542-0038-4118-946e-c8564afafd35 ] Request (BulkNetworkOpsTest:tearDownClass): 204 DELETE http://10.244.202.89:9696/v2.0/networks/697dfecf-819e-4181-b34b-9dbdeb5390f7 0.633s
2017-02-28 03:43:15.540 335967 INFO tempest.lib.common.rest_client [req-1bf2e8a2-0da9-4998-8253-a4c323e7bdcd ] Request (RoutersTest:tearDownClass): 204 DELETE http://10.244.200.252:35357/v2.0/tenants/d7aa7b4720b64aa083ff3b9396ef5935 0.281s
2017-02-28 03:43:15.813 335967 INFO tempest.lib.common.rest_client [req-7f0c0d75-b161-4442-bd62-8efb76bdc19b ] Request (NetworksApiDiscovery:setUpClass): 200 POST http://10.244.200.252:5000/v2.0/tokens
2017-02-28 03:43:15.904 335975 INFO tempest.lib.common.rest_client [req-ea22ca5d-d638-4f01-990f-bda85ea8de72 ] Request (BulkNetworkOpsTest:tearDownClass): 204 DELETE http://10.244.200.252:35357/v2.0/users/7ba88de74b92492d9e475e5168eefaa5 0.493s
2017-02-28 03:43:16.155 335967 INFO tempest.lib.common.rest_client [req-26f6a16d-562c-4af4-b1dd-b1dc4afea0c2 ] Request (NetworksApiDiscovery:setUpClass): 200 POST http://10.244.200.252:5000/v2.0/tokens
2017-02-28 03:43:16.246 335975 INFO tempest.lib.common.rest_client [req-368a6859-ffc2-4a91-a976-ebccbb2ad991 ] Request (BulkNetworkOpsTest:tearDownClass): 200 GET http://10.244.202.89:9696/v2.0/security-groups?name=default&tenant_id=d682a1c242eb4caba99b8c178d1d991f 0.341s
2017-02-28 03:43:16.288 335967 INFO tempest.lib.common.rest_client [req-c24fcd4f-ca84-408e-b16e-3b020a507fc6 ] Request (NetworksApiDiscovery:setUpClass): 200 POST http://10.244.200.252:35357/v2.0/tenants 0.132s
2017-02-28 03:43:16.420 335975 INFO tempest.lib.common.rest_client [req-4bdbc3d9-6d88-4c5d-974e-2a7bb0ff1588 ] Request (BulkNetworkOpsTest:tearDownClass): 204 DELETE http://10.244.202.89:9696/v2.0/security-groups/288143ba-9470-43c9-abe9-65fc379ee00f 0.173s
2017-02-28 03:43:16.566 335967 INFO tempest.lib.common.rest_client [req-18316d36-f168-4a4b-b9dc-d068f4e9b896 ] Request (NetworksApiDiscovery:setUpClass): 200 POST http://10.244.200.252:35357/v2.0/users 0.277s
2017-02-28 03:43:16.567 335967 INFO tempest.common.dynamic_creds [-] Acquired dynamic creds: credentials: Credentials: {'tenant_name': 'tempest-NetworksApiDiscovery-1945803471', 'user_id': '01beed75afa044ad89658613507ed229', 'username': 'tempest-NetworksApiDiscovery-1945803471', 'project_id': '1463d74cef894f2c93304267ce65776b', 'project_name': 'tempest-NetworksApiDiscovery-1945803471', 'tenant_id': '1463d74cef894f2c93304267ce65776b'}, Network: None, Subnet: None, Router: None
2017-02-28 03:43:16.567 335967 INFO tempest.common.dynamic_creds [-] Created isolated network resources for : credentials: Credentials: {'tenant_name': 'tempest-NetworksApiDiscovery-1945803471', 'user_id': '01beed75afa044ad89658613507ed229', 'username': 'tempest-NetworksApiDiscovery-1945803471', 'project_id': '1463d74cef2809147f-20c29-32380 40236:74c3e:61567.7764b4' ,3 3'5p9r7o5j eIcNtF_On atmeem'p:e s'tt.elmipbe.scto-mNmeotnw.orreksstA_pcilDiiesncto v[erreyq--16974e518a0f384f7-13'0,7 8'-t4ean8aen-t9_2ibd7'-:f 2'71e416333da714fc1e1f 8]9 4Rfe2qcu9e3s3t0 4(2B6u7lckeN6e5t7w7o6rbk'O}p,s TNeesttw:otreka:r DNoownneC,l aSsusb)n:e t2:0 4N oDnEeL,E TREo uhttetrp:: /N/o1n0e. 224041.72-0002.-22582 :0335:34537:/1v62..802/3t e3n3a5n9t6s7/ dI6N8F2Oa 1tce2m4p2eesbt4.claibba.9c9obm8mco1n7.8rde1sdt9_9c1lfi e0n.t3 2[4rse q-{7} setUpClass (tempest.api.network.test_ports.PortsIpV6TestJSON) ... SKIPPED: IPv6 Tests are disabled. 45d58f4f-f92e-4bcb-a464-22ee76863713 ] Request (NetworksApiDiscovery:setUpClass): 200 POST http://10.244.200.252:5000/v2.0/tokens
2017-02-28 03:43:16.829 335967 INFO tempest.lib.common.rest_client [-] Request (NetworksApiDiscovery:test_api_version_resources): 200 GET http://10.244.202.89:9696/ 0.004s {3} tempest.api.network.test_versions.NetworksApiDiscovery.test_api_version_resources [0.005326s] ... ok
2017-02-28 03:43:17.066 335975 INFO tempest.lib.common.rest_client [req-b469bf17-f4ee-4408-b934-24072280ee5e ] Request (TestVolumeBootPattern:setUpClass): 200 POST http://10.244.200.252:5000/v2.0/tokens
2017-02-28 03:43:17.282 335967 INFO tempest.lib.common.rest_client [req-9b80a56e-1206-496d-b794-bcdc6c7bfd50 ] Request (NetworksApiDiscovery:tearDownClass): 204 DELETE http://10.244.200.252:35357/v2.0/users/01beed75afa044ad89658613507ed229 0.452s
2017-02-28 03:43:17.350 335975 INFO tempest.lib.common.rest_client [req-698dbc8e-7fff-4ebe-b11d-371b707d527b ] Request (TestVolumeBootPattern:setUpClass): 200 POST http://10.244.200.252:5000/v2.0/tokens
2017-02-28 03:43:17.492 335975 INFO tempest.lib.common.rest_client [req-cbaed077-61b8-41be-8cfe-ec8fea321b1c ] Request (TestVolumeBootPattern:setUpClass): 200 POST http://10.244.200.252:35357/v2.0/tenants 0.141s
2017-02-28 03:43:17.783 335967 INFO tempest.lib.common.rest_client [req-36603026-c8f8-4493-ad91-00448f7499b8 ] Request (NetworksApiDiscovery:tearDownClass): 200 GET http://10.244.202.89:9696/v2.0/security-groups?name=default&tenant_id=1463d74cef894f2c93304267ce65776b 0.500s
2017-02-28 03:43:17.826 335975 INFO tempest.lib.common.rest_client [req-399d3aaa-5d28-49b9-90c5-5aa5c732a6bc ] Request (TestVolumeBootPattern:setUpClass): 200 POST http://10.244.200.252:35357/v2.0/users 0.333s
2017-02-28 03:43:17.826 335975 INFO tempest.common.dynamic_creds [-] Acquired dynamic creds: credentials: Credentials: {'tenant_name': 'tempest-TestVolumeBootPattern-723957919', 'user_id': '68e9676cc0ff492bac1277c50a6e18b8', 'username': 'tempest-TestVolumeBootPattern-723957919', 'project_id': '755832374af94e8788973b14b1bdf8ac', 'project_name': 'tempest-TestVolumeBootPattern-723957919', 'tenant_id': '755832374af94e87889732017-02-28 03:43:17.958 335967 INFO tempest.lib.common.rest_client [req-01e40db14b1bdf8ac'}, Network: None, Subnet: None, Router: None 2f-b8bd-4fe6-bb78-9ba702647991 ] Request (NetworksApiDiscovery:tearDownClass): 204 DELETE http://10.244.202.89:9696/v2.0/security-groups/7f4c71fa-8154-4343-9d2a-063170fc856e 0.174s
2017-02-28 03:43:18.248 335967 INFO tempest.lib.common.rest_client [req-8455f315-2491-4b96-8714-deb42281661d ] Request (NetworksApiDiscovery:tearDownClass): 204 DELETE http://10.244.200.252:35357/v2.0/tenants/1463d74cef894f2c93304267ce65776b 0.289s {3} setUpClass (tempest.api.object_storage.test_account_services.AccountTest) ... SKIPPED: AccountTest skipped as swift is not available {3} setUpClass (tempest.api.object_storage.test_object_services.ObjectTest) ... SKIPPED: ObjectTest skipped as swift is not available
2017-02-28 03:43:18.522 335975 INFO tempest.lib.common.rest_client [req-3fc619d1-f936-43ab-96c9-b57938869d29 ] Request (TestVolumeBootPattern:setUpClass): 201 POST http://10.244.202.89:9696/v2.0/networks 0.695s
2017-02-28 03:43:19.266 335975 INFO tempest.lib.common.rest_client [req-be3a680c-0dd6-4bd5-ae45-292eba7485ea ] Request (TestVolumeBootPattern:setUpClass): 201 POST http://10.244.202.89:9696/v2.0/subnets 0.744s
2017-02-28 03:43:20.983 335975 INFO tempest.lib.common.rest_client [req-ce51eebb-e2fc-401f-80b8-9f756fa54a41 ] Request (TestVolumeBootPattern:setUpClass): 201 POST http://10.244.202.89:9696/v2.0/routers 1.716s
2017-02-28 03:43:22.830 335975 INFO tempest.lib.common.rest_client [req-fbd57150-64b0-4f09-b556-35fb01271cf9 ] Request (TestVolumeBootPattern:setUpClass): 200 PUT http://10.244.202.89:9696/v2.0/routers/551b7065-9ee1-4713-a2f9-99e8f469b78b/add_router_interface 1.846s
2017-02-28 03:43:22.830 335975 INFO tempest.common.dynamic_creds [-] Created isolated network resources for : credentials: Credentials: {'tenant_name': 'tempest-TestVolumeBootPattern-723957919', 'user_id': '68e9676cc0ff492bac1277c50a6e18b8', 'username': 'tempest-TestVolumeBootPattern-723957919', 'project_id': '755832374af94e8788973b14b1bdf8ac', 'project_name': 'tempest-TestVolumeBootPattern-723957919', 'tenant_id': '755832374af94e8788973b14b1bdf8ac'}, Network: {'description': '', 'tags': [], 'availability_zone_hints': [], 'id': 'f657ef57-9830-431f-8cae-71184023e323', 'name': 'tempest-TestVolumeBootPattern-1498348184-network', 'subnets': [], 'ipv6_address_scope': None, 'mtu': 1458, 'provider:segmentation_id': 95, 'tenant_id': '755832374af94e8788973b14b1bdf8ac', 'shared': False, 'updated_at': '2017-02-28T03:43:18Z', 'revision_number': 2, 'ipv4_address_scope': None, 'created_at': '2017-02-28T03:43:18Z', 'project_id': '755832374af94e8788973b14b1bdf8ac', 'status': 'ACTIVE', 'admin_state_up': True, 'provider:physical_network': None, 'router:external': False, 'provider:network_type': 'gre', 'availability_zones': []}, Subnet: {'host_routes': [], 'description': '', 'subnetpool_id': None, 'allocation_pools': [{'start': '192.168.21.2', 'end': '192.168.21.14'}], 'id': 'a254ef60-2e2d-4d1b-9233-7c4c923febdd', 'enable_dhcp': True, 'name': 'tempest-TestVolumeBootPattern-1498348184-subnet', 'network_id': 'f657ef57-9830-431f-8cae-71184023e323', 'created_at': '2017-02-28T03:43:18Z', 'dns_nameservers': [], 'revision_number': 2, 'service_types': [], 'updated_at': '2017-02-28T03:43:18Z', 'gateway_ip': '192.168.21.1', 'ipv6_address_mode': None, 'project_id': '755832374af94e8788973b14b1bdf8ac', 'cidr': '192.168.21.0/28', 'tenant_id': '755832374af94e8788973b14b1bdf8ac', 'ipv6_ra_mode': None, 'ip_version': 4}, Router: {'availability_zone_hints': [], 'availability_zones': [], 'description': '', 'id': '551b7065-9ee1-4713-a2f9-99e8f469b78b', 'updated_at': '2017-02-28T03:43:20Z', 'name': 'tempest-TestVolumeBootPattern-1498348184-router', 'routes': [], 'flavor_id': None, 'created_at': '2017-02-28T03:43:19Z', 'ha': False, 'revision_number': 5, 'admin_state_up': True, 'status': 'ACTIVE', 'project_id': '755832374af94e8788973b14b1bdf8ac', 'distributed': False, 'tenant_id': '755832374af94e8788973b14b1bdf8ac', 'external_gateway_info': {'external_fixed_ips': [{'ip_address': '10.244.251.9', 'subnet_id': '05dbafad-8543-4ccb-8c31-f48fa376abba'}], 'network_id': 'e167d855-cd8b-46d5-8f6f-563daaff57c9', 'enable_snat': True}}
2017-02-28 03:43:23.106 335975 INFO tempest.lib.common.rest_client [req-3a5cf84c-1d3b-46b9-af5a-5196a088349d ] Request (TestVolumeBootPattern:setUpClass): 200 POST http://10.244.200.252:5000/v2.0/tokens
2017-02-28 03:43:23.107 335975 INFO tempest.scenario.test_volume_boot_pattern [-] Creating keypair and security group
2017-02-28 03:43:23.657 335975 INFO tempest.lib.common.rest_client [req-4aa745c5-83a0-4b8f-a013-b8c4918fc972 ] Request (TestVolumeBootPattern:test_volume_boot_pattern): 200 POST http://10.244.201.152:8774/v2/755832374af94e8788973b14b1bdf8ac/os-keypairs 0.550s
2017-02-28 03:43:24.226 335975 INFO tempest.lib.common.rest_client [req-f79415e5-93d6-408a-aec1-8a96a8ff7109 ] Request (TestVolumeBootPattern:test_volume_boot_pattern): 200 POST http://10.244.201.152:8774/v2/755832374af94e8788973b14b1bdf8ac/os-security-groups 0.566s
2017-02-28 03:43:24.606 335975 INFO tempest.lib.common.rest_client [req-b8e72ea4-2c77-4994-a988-59f53dbee0ae ] Request (TestVolumeBootPattern:test_volume_boot_pattern): 200 POST http://10.244.201.152:8774/v2/755832374af94e8788973b14b1bdf8ac/os-security-group-rules 0.376s
2017-02-28 03:43:25.015 335975 INFO tempest.lib.common.rest_client [req-18d215a5-fd9a-436d-a960-96062d2aaa78 ] Request (TestVolumeBootPattern:test_volume_boot_pattern): 200 POST http://10.244.201.152:8774/v2/755832374af94e8788973b14b1bdf8ac/os-security-group-rules 0.406s
2017-02-28 03:43:25.018 335975 INFO tempest.scenario.test_volume_boot_pattern [-] Booting instance 1 from volume
2017-02-28 03:43:30.869 335971 WARNING urllib3.connectionpool [-] Retrying (Retry(total=6, connect=None, read=None, redirect=5)) after connection broken by 'ProtocolError('Connection aborted.', RemoteDisconnected('Remote end closed connection without response',))': /v2/e3b18742950d425a97649485c6112efc/images/890da670-992e-426a-b8f9-6fe8191265cd
2017-02-28 03:43:35.709 335974 WARNING urllib3.connectionpool [-] Retrying (Retry(total=6, connect=None, read=None, redirect=5)) after connection broken by 'ProtocolError('Connection aborted.', RemoteDisconnected('Remote end closed connection without response',))': /v2/96ae5faa550e492098b49ee54b95ac19/images/890da670-992e-426a-b8f9-6fe8191265cd
2017-02-28 03:43:55.021 335975 WARNING urllib3.connectionpool [-] Retrying (Retry(total=9, connect=None, read=None, redirect=5)) after connection broken by 'ProtocolError('Connection aborted.', RemoteDisconnected('Remote end closed connection without response',))': /v2/755832374af94e8788973b14b1bdf8ac/images/890da670-992e-426a-b8f9-6fe8191265cd
2017-02-28 03:44:00.872 335971 WARNING urllib3.connectionpool [-] Retrying (Retry(total=5, connect=None, read=None, redirect=5)) after connection broken by 'ProtocolError('Connection aborted.', RemoteDisconnected('Remote end closed connection without response',))': /v2/e3b18742950d425a97649485c6112efc/images/890da670-992e-426a-b8f9-6fe8191265cd
2017-02-28 03:44:05.712 335974 WARNING urllib3.connectionpool [-] Retrying (Retry(total=5, connect=None, read=None, redirect=5)) after connection broken by 'ProtocolError('Connection aborted.', RemoteDisconnected('Remote end closed connection without response',))': /v2/96ae5faa550e492098b49ee54b95ac19/images/890da670-992e-426a-b8f9-6fe8191265cd
2017-02-28 03:44:25.024 335975 WARNING urllib3.connectionpool [-] Retrying (Retry(total=8, connect=None, read=None, redirect=5)) after connection broken by 'ProtocolError('Connection aborted.', RemoteDisconnected('Remote end closed connection without response',))': /v2/755832374af94e8788973b14b1bdf8ac/images/890da670-992e-426a-b8f9-6fe8191265cd
2017-02-28 03:44:30.875 335971 WARNING urllib3.connectionpool [-] Retrying (Retry(total=4, connect=None, read=None, redirect=5)) after connection broken by 'ProtocolError('Connection aborted.', RemoteDisconnected('Remote end closed connection without response',))': /v2/e3b18742950d425a97649485c6112efc/images/890da670-992e-426a-b8f9-6fe8191265cd
2017-02-28 03:44:35.714 335974 WARNING urllib3.connectionpool [-] Retrying (Retry(total=4, connect=None, read=None, redirect=5)) after connection broken by 'ProtocolError('Connection aborted.', RemoteDisconnected('Remote end closed connection without response',))': /v2/96ae5faa550e492098b49ee54b95ac19/images/890da670-992e-426a-b8f9-6fe8191265cd
2017-02-28 03:44:55.028 335975 WARNING urllib3.connectionpool [-] Retrying (Retry(total=7, connect=None, read=None, redirect=5)) after connection broken by 'ProtocolError('Connection aborted.', RemoteDisconnected('Remote end closed connection without response',))': /v2/755832374af94e8788973b14b1bdf8ac/images/890da670-992e-426a-b8f9-6fe8191265cd
2017-02-28 03:45:00.878 335971 WARNING urllib3.connectionpool [-] Retrying (Retry(total=3, connect=None, read=None, redirect=5)) after connection broken by 'ProtocolError('Connection aborted.', RemoteDisconnected('Remote end closed connection without response',))': /v2/e3b18742950d425a97649485c6112efc/images/890da670-992e-426a-b8f9-6fe8191265cd
2017-02-28 03:45:05.716 335974 WARNING urllib3.connectionpool [-] Retrying (Retry(total=3, connect=None, read=None, redirect=5)) after connection broken by 'ProtocolError('Connection aborted.', RemoteDisconnected('Remote end closed connection without response',))': /v2/96ae5faa550e492098b49ee54b95ac19/images/890da670-992e-426a-b8f9-6fe8191265cd
2017-02-28 03:45:25.030 335975 WARNING urllib3.connectionpool [-] Retrying (Retry(total=6, connect=None, read=None, redirect=5)) after connection broken by 'ProtocolError('Connection aborted.', RemoteDisconnected('Remote end closed connection without response',))': /v2/755832374af94e8788973b14b1bdf8ac/images/890da670-992e-426a-b8f9-6fe8191265cd
2017-02-28 03:45:30.881 335971 WARNING urllib3.connectionpool [-] Retrying (Retry(total=2, connect=None, read=None, redirect=5)) after connection broken by 'ProtocolError('Connection aborted.', RemoteDisconnected('Remote end closed connection without response',))': /v2/e3b18742950d425a97649485c6112efc/images/890da670-992e-426a-b8f9-6fe8191265cd
2017-02-28 03:45:35.719 335974 WARNING urllib3.connectionpool [-] Retrying (Retry(total=2, connect=None, read=None, redirect=5)) after connection broken by 'ProtocolError('Connection aborted.', RemoteDisconnected('Remote end closed connection without response',))': /v2/96ae5faa550e492098b49ee54b95ac19/images/890da670-992e-426a-b8f9-6fe8191265cd
2017-02-28 03:45:55.033 335975 WARNING urllib3.connectionpool [-] Retrying (Retry(total=5, connect=None, read=None, redirect=5)) after connection broken by 'ProtocolError('Connection aborted.', RemoteDisconnected('Remote end closed connection without response',))': /v2/755832374af94e8788973b14b1bdf8ac/images/890da670-992e-426a-b8f9-6fe8191265cd
2017-02-28 03:46:00.883 335971 WARNING urllib3.connectionpool [-] Retrying (Retry(total=1, connect=None, read=None, redirect=5)) after connection broken by 'ProtocolError('Connection aborted.', RemoteDisconnected('Remote end closed connection without response',))': /v2/e3b18742950d425a97649485c6112efc/images/890da670-992e-426a-b8f9-6fe8191265cd
2017-02-28 03:46:05.722 335974 WARNING urllib3.connectionpool [-] Retrying (Retry(total=1, connect=None, read=None, redirect=5)) after connection broken by 'ProtocolError('Connection aborted.', RemoteDisconnected('Remote end closed connection without response',))': /v2/96ae5faa550e492098b49ee54b95ac19/images/890da670-992e-426a-b8f9-6fe8191265cd
2017-02-28 03:46:25.036 335975 WARNING urllib3.connectionpool [-] Retrying (Retry(total=4, connect=None, read=None, redirect=5)) after connection broken by 'ProtocolError('Connection aborted.', RemoteDisconnected('Remote end closed connection without response',))': /v2/755832374af94e8788973b14b1bdf8ac/images/890da670-992e-426a-b8f9-6fe8191265cd
2017-02-28 03:46:30.886 335971 WARNING urllib3.connectionpool [-] Retrying (Retry(total=0, connect=None, read=None, redirect=5)) after connection broken by 'ProtocolError('Connection aborted.', RemoteDisconnected('Remote end closed connection without response',))': /v2/e3b18742950d425a97649485c6112efc/images/890da670-992e-426a-b8f9-6fe8191265cd
2017-02-28 03:46:35.725 335974 WARNING urllib3.connectionpool [-] Retrying (Retry(total=0, connect=None, read=None, redirect=5)) after connection broken by 'ProtocolError('Connection aborted.', RemoteDisconnected('Remote end closed connection without response',))': /v2/96ae5faa550e492098b49ee54b95ac19/images/890da670-992e-426a-b8f9-6fe8191265cd
2017-02-28 03:46:55.038 335975 WARNING urllib3.connectionpool [-] Retrying (Retry(total=3, connect=None, read=None, redirect=5)) after connection broken by 'ProtocolError('Connection aborted.', RemoteDisconnected('Remote end closed connection without response',))': /v2/755832374af94e8788973b14b1bdf8ac/images/890da670-992e-426a-b8f9-6fe8191265cd {5} tempest.api.volume.test_volumes_get.VolumesV1GetTest.test_volume_create_get_update_delete_from_image [330.032829s] ... FAILED
2017-02-28 03:47:01.298 335971 INFO tempest.lib.common.rest_client [req-c014aa0a-8d8a-409a-abf7-4f67ea1782a5 ] Request (VolumesV1GetTest:tearDownClass): 204 DELETE http://10.244.200.252:35357/v2.0/users/06e202e4a5d044e296ad98cb509f4f68 0.404s
2017-02-28 03:47:01.763 335971 INFO tempest.lib.common.rest_client [req-75d9dc2f-12ca-4bbf-bfa4-56cdd2db6d7e ] Request (VolumesV1GetTest:tearDownClass): 200 GET http://10.244.202.89:9696/v2.0/security-groups?name=default&tenant_id=e3b18742950d425a97649485c6112efc 0.464s
2017-02-28 03:47:02.140 335971 INFO tempest.lib.common.rest_client [req-c9df2ca2-c17c-4daf-9572-d57ac47dcfbf ] Request (VolumesV1GetTest:tearDownClass): 204 DELETE http://10.244.202.89:9696/v2.0/security-groups/0fe74b1a-e9d1-42a9-8304-7a2505453caa 0.376s
2017-02-28 03:47:02.431 335971 INFO tempest.lib.common.rest_client [req-ae32b9be-0867-4ddf-b0e1-f1c9d6612bed ] Request (VolumesV1GetTest:tearDownClass): 204 DELETE http://10.244.200.252:35357/v2.0/tenants/e3b18742950d425a97649485c6112efc 0.290s
2017-02-28 03:47:02.669 335971 INFO tempest.lib.common.rest_client [req-60a8a7c7-88e6-42d3-8f31-c7ff42a34613 ] Request (VolumesV2GetTest:setUpClass): 200 POST http://10.244.200.252:5000/v2.0/tokens
2017-02-28 03:47:02.935 335971 INFO tempest.lib.common.rest_client [req-295555e6-5b0e-4c52-9c22-ddec0573dc5b ] Request (VolumesV2GetTest:setUpClass): 200 POST http://10.244.200.252:5000/v2.0/tokens
2017-02-28 03:47:03.111 335971 INFO tempest.lib.common.rest_client [req-9c43eb9b-a120-4105-a42e-a6ff5aa8fb25 ] Request (VolumesV2GetTest:setUpClass): 200 POST http://10.244.200.252:35357/v2.0/tenants 0.174s
2017-02-28 03:47:03.474 335971 INFO tempest.lib.common.rest_client [req-f7241fd4-2f32-4215-bc38-30b5f6d058f7 ] Request (VolumesV2GetTest:setUpClass): 200 POST http://10.244.200.252:35357/v2.0/users 0.363s
2017-02-28 03:47:03.475 335971 INFO tempest.common.dynamic_creds [-] Acquired dynamic creds: credentials: Credentials: {'tenant_name': 'tempest-VolumesV2GetTest-412913264', 'user_id': 'f8f0476225c84c008814b04c84efa820', 'username': 'tempest-VolumesV2GetTest-412913264', 'project_id': '25d15afd3b0144f781cc1578688bd97d', 'project_name': 'tempest-VolumesV2GetTest-412913264', 'tenant_id': '25d15afd3b0144f781cc1578688bd97d'}, Network: None, Subnet: None, Router: None
2017-02-28 03:47:03.475 335971 INFO tempest.common.dynamic_creds [-] Created isolated network resources for : credentials: Credentials: {'tenant_name': 'tempest-VolumesV2GetTest-412913264', 'user_id': 'f8f0476225c84c008814b04c84efa820', 'username': 'tempest-VolumesV2GetTest-412913264', 'project_id': '25d15afd3b0144f781cc1578688bd97d', 'project_name': 'tempest-VolumesV2GetTest-412913264', 'tenant_id': '25d15afd3b0144f781cc1578688bd97d'}, Network: None, Subnet: None, Router: None
2017-02-28 03:47:03.746 335971 INFO tempest.lib.common.rest_client [req-24ca9890-730e-473b-bb5a-b678c98502ac ] Request (VolumesV2GetTest:setUpClass): 200 POST http://10.244.200.252:5000/v2.0/tokens
2017-02-28 03:47:04.417 335971 INFO tempest.lib.common.rest_client [req-60b84521-51d7-4d52-96af-2b9906692a63 ] Request (VolumesV2GetTest:test_volume_create_get_update_delete): 202 POST http://10.244.250.197:8776/v2/25d15afd3b0144f781cc1578688bd97d/volumes 0.669s
2017-02-28 03:47:04.510 335971 INFO tempest.lib.common.rest_client [req-a38189e5-ff05-4548-b529-f98424658375 ] Request (VolumesV2GetTest:test_volume_create_get_update_delete): 200 GET http://10.244.250.197:8776/v2/25d15afd3b0144f781cc1578688bd97d/volumes/9824210b-642d-41d6-b75f-4111767eee48 0.092s
2017-02-28 03:47:05.607 335971 INFO tempest.lib.common.rest_client [req-a4f5d65b-54da-4bbe-9b68-b692506a0cd1 ] Request (VolumesV2GetTest:test_volume_create_get_update_delete): 200 GET http://10.244.250.197:8776/v2/25d15afd3b0144f781cc1578688bd97d/volumes/9824210b-642d-41d6-b75f-4111767eee48 0.095s
2017-02-28 03:47:05.985 335971 INFO tempest.lib.common.rest_client [req-a83fd1a0-acaf-4cbf-93e3-f5ef10f1aceb ] Request (VolumesV2GetTest:_run_cleanups): 202 DELETE http://10.244.250.197:8776/v2/25d15afd3b0144f781cc1578688bd97d/volumes/9824210b-642d-41d6-b75f-4111767eee48 0.376s
2017-02-28 03:47:06.061 335971 INFO tempest.lib.common.rest_client [req-bb2a5bf0-79e9-4967-a60c-575959e6ba32 ] Request (VolumesV2GetTest:_run_cleanups): 404 GET http://10.244.250.197:8776/v2/25d15afd3b0144f781cc1578688bd97d/volumes/9824210b-642d-41d6-b75f-4111767eee48 0.075s {5} tempest.api.volume.test_volumes_get.VolumesV2GetTest.test_volume_create_get_update_delete [2.314760s] ... FAILED
2017-02-28 03:47:06.350 335974 INFO tempest.lib.common.rest_client [req-4751d965-ebbc-48a5-8621-9e7a1f5e1f76 ] Request (TestVolumeBootPatternV2:_run_cleanups): 202 DELETE http://10.244.201.152:8774/v2/96ae5faa550e492098b49ee54b95ac19/os-security-groups/4d169a92-8ddd-491b-8b4b-069e2ca6a803 0.619s
2017-02-28 03:47:06.482 335974 INFO tempest.lib.common.rest_client [req-8a1ae9db-4cf0-4916-b958-35e15b77a3e9 ] Request (TestVolumeBootPatternV2:_run_cleanups): 202 DELETE http://10.244.201.152:8774/v2/96ae5faa550e492098b49ee54b95ac19/os-keypairs/tempest-TestVolumeBootPatternV2-276656160 0.132s {6} tempest.scenario.test_volume_boot_pattern.TestVolumeBootPatternV2.test_volume_boot_pattern [333.792384s] ... FAILED
