2020-10-20 04:17:36.058 127267 INFO sysinv.conductor.kube_app [-] PluginHelper: Enabled plugin directory /opt/platform/helm/20.12/cert-manager/1.0-6/plugins: created /usr/lib64/python2.7/site-packages/stx_app-cert-manager-1.0-6.pth sysinv
2020-10-20 04:17:36.061 127267 INFO sysinv.conductor.kube_app [-] Generating application overrides to discover required images. sysinv
2020-10-20 04:17:36.191 127267 INFO sysinv.conductor.kube_app [-] PluginHelper: Disabled plugin directory /opt/platform/helm/20.12/cert-manager/1.0-6/plugins: removed /usr/lib64/python2.7/site-packages/stx_app-cert-manager-1.0-6.pth sysinv
2020-10-20 04:17:36.191 127267 INFO sysinv.conductor.kube_app [-] PluginHelper: Disabling distributions: [u'k8sapp-cert-manager'] sysinv
2020-10-20 04:17:36.196 127267 INFO sysinv.helm.helm [-] Couldn't find endpoint distribution located at /opt/platform/helm/20.12/cert-manager/1.0-6/plugins for sysinv 1.0 sysinv
2020-10-20 04:17:36.196 127267 INFO sysinv.helm.helm [-] Removed stevedore namespace: systemconfig.helm_plugins.cert_manager sysinv
2020-10-20 04:17:36.256 127267 INFO sysinv.conductor.kube_app [-] Manifest file /opt/platform/armada/20.12/cert-manager/1.0-6/cert-manager-certmanager-manifest.yaml updated with new image tags sysinv
2020-10-20 04:17:36.272 127267 INFO sysinv.conductor.kube_app [-] Application cert-manager (1.0-6) upload completed. sysinv
2020-10-20 04:17:44.171 127267 INFO sysinv.conductor.manager [-] app_lifecycle_actions for app cert-manager, opp apply pre uploaded sysinv
2020-10-20 04:17:44.172 127267 INFO sysinv.conductor.kube_app [-] PluginHelper: Enabled plugin directory /opt/platform/helm/20.12/cert-manager/1.0-6/plugins: created /usr/lib64/python2.7/site-packages/stx_app-cert-manager-1.0-6.pth sysinv
2020-10-20 04:17:44.175 127267 INFO sysinv.conductor.kube_app [-] kube_app.py lifecycle action for application cert-manager (1.0-6) operation apply (pre) started. sysinv
2020-10-20 04:17:44.175 127267 INFO sysinv.conductor.kube_app [-] PluginHelper: Disabled plugin directory /opt/platform/helm/20.12/cert-manager/1.0-6/plugins: removed /usr/lib64/python2.7/site-packages/stx_app-cert-manager-1.0-6.pth sysinv
2020-10-20 04:17:44.175 127267 INFO sysinv.conductor.kube_app [-] PluginHelper: Disabling distributions: [u'k8sapp-cert-manager'] sysinv
2020-10-20 04:17:44.180 127267 INFO sysinv.helm.helm [-] Couldn't find endpoint distribution located at /opt/platform/helm/20.12/cert-manager/1.0-6/plugins for sysinv 1.0 sysinv
2020-10-20 04:17:44.180 127267 INFO sysinv.helm.helm [-] Removed stevedore namespace: systemconfig.helm_plugins.cert_manager sysinv
2020-10-20 04:17:44.191 127267 INFO sysinv.conductor.kube_app [-] Register the initial abort status of app cert-manager sysinv
2020-10-20 04:17:44.492 127267 INFO sysinv.conductor.kube_app [-] Application cert-manager (1.0-6) apply started. sysinv
2020-10-20 04:17:44.542 127267 INFO sysinv.conductor.kube_app [-] Secret default-registry-key created under Namespace cert-manager. sysinv
2020-10-20 04:17:44.543 127267 INFO sysinv.conductor.kube_app [-] PluginHelper: Enabled plugin directory /opt/platform/helm/20.12/cert-manager/1.0-6/plugins: created /usr/lib64/python2.7/site-packages/stx_app-cert-manager-1.0-6.pth sysinv
2020-10-20 04:17:44.552 127267 INFO sysinv.conductor.kube_app [-] Generating application overrides... sysinv
2020-10-20 04:17:44.734 127267 INFO sysinv.conductor.kube_app [-] Application overrides generated. sysinv
2020-10-20 04:17:44.777 127267 INFO sysinv.conductor.kube_app [-] Image registry.local:9001/quay.io/jetstack/cert-manager-webhook:v0.15.0 download started from local registry sysinv
2020-10-20 04:17:44.802 127267 INFO sysinv.conductor.kube_app [-] Image registry.local:9001/quay.io/jetstack/cert-manager-acmesolver:v0.15.0 download started from local registry sysinv
2020-10-20 04:17:44.842 127267 INFO sysinv.conductor.kube_app [-] Image registry.local:9001/quay.io/jetstack/cert-manager-cainjector:v0.15.0 download started from local registry sysinv
2020-10-20 04:17:44.960 127267 INFO sysinv.conductor.kube_app [-] Image registry.local:9001/quay.io/jetstack/cert-manager-controller:v0.15.0 download started from local registry sysinv
2020-10-20 04:17:45.187 127267 INFO sysinv.conductor.kube_app [-] Image registry.local:9001/quay.io/jetstack/cert-manager-webhook:v0.15.0 is not available in local registry, download started from public/private registry sysinv
2020-10-20 04:17:45.397 127267 INFO sysinv.conductor.kube_app [-] Image registry.local:9001/quay.io/jetstack/cert-manager-cainjector:v0.15.0 is not available in local registry, download started from public/private registry sysinv
2020-10-20 04:17:45.477 127267 INFO sysinv.conductor.kube_app [-] Image registry.local:9001/quay.io/jetstack/cert-manager-acmesolver:v0.15.0 is not available in local registry, download started from public/private registry sysinv
2020-10-20 04:17:45.563 127267 INFO sysinv.conductor.kube_app [-] Image registry.local:9001/quay.io/jetstack/cert-manager-controller:v0.15.0 is not available in local registry, download started from public/private registry sysinv
2020-10-20 04:17:49.521 127267 INFO sysinv.conductor.kube_app [-] Remove image kasstxj.ka.intel.com:5000/jetstack/cert-manager-acmesolver:v0.15.0 after push to local registry. sysinv
2020-10-20 04:17:49.536 127267 INFO sysinv.conductor.kube_app [-] Image registry.local:9001/quay.io/jetstack/cert-manager-acmesolver:v0.15.0 download succeeded in 4 seconds sysinv
2020-10-20 04:17:50.207 127267 INFO sysinv.conductor.kube_app [-] Remove image kasstxj.ka.intel.com:5000/jetstack/cert-manager-webhook:v0.15.0 after push to local registry. sysinv
2020-10-20 04:17:50.221 127267 INFO sysinv.conductor.kube_app [-] Image registry.local:9001/quay.io/jetstack/cert-manager-webhook:v0.15.0 download succeeded in 5 seconds sysinv
2020-10-20 04:17:51.408 127267 INFO sysinv.conductor.kube_app [-] Remove image kasstxj.ka.intel.com:5000/jetstack/cert-manager-cainjector:v0.15.0 after push to local registry. sysinv
2020-10-20 04:17:51.420 127267 INFO sysinv.conductor.kube_app [-] Image registry.local:9001/quay.io/jetstack/cert-manager-cainjector:v0.15.0 download succeeded in 6 seconds sysinv
2020-10-20 04:17:52.377 127267 INFO sysinv.conductor.kube_app [-] Remove image kasstxj.ka.intel.com:5000/jetstack/cert-manager-controller:v0.15.0 after push to local registry. sysinv
2020-10-20 04:17:52.414 127267 INFO sysinv.conductor.kube_app [-] Image registry.local:9001/quay.io/jetstack/cert-manager-controller:v0.15.0 download succeeded in 7 seconds sysinv
2020-10-20 04:17:52.415 127267 INFO sysinv.conductor.kube_app [-] All docker images for application cert-manager were successfully downloaded in 7 seconds sysinv
2020-10-20 04:17:52.792 127267 INFO sysinv.conductor.kube_app [-] Copy /opt/platform/armada/20.12/cert-manager to armada-api-ff8895c46-sx8c2:/tmp/manifests . sysinv
2020-10-20 04:17:52.986 127267 INFO sysinv.conductor.kube_app [-] Copy /opt/platform/helm/20.12/cert-manager to armada-api-ff8895c46-sx8c2:/tmp/overrides . sysinv
2020-10-20 04:17:53.171 127267 INFO sysinv.conductor.kube_app [-] Armada apply command: 'armada apply --debug --enable-chart-cleanup /tmp/manifests/cert-manager/1.0-6/cert-manager-certmanager-manifest.yaml --values /tmp/overrides/cert-manager/1.0-6/cert-manager-cert-manager.yaml --values /tmp/overrides/cert-manager/1.0-6/cert-manager-psp-rolebinding.yaml ' sysinv
2020-10-20 04:17:53.420 127267 INFO sysinv.conductor.kube_app [-] Starting progress monitoring thread for app cert-manager sysinv
2020-10-20 04:17:54.446 127267 INFO sysinv.conductor.kube_app [-] processing chart: cm-cert-manager, overall completion: 100.0% sysinv
2020-10-20 04:18:05.596 127267 INFO sysinv.conductor.kube_app [-] processing chart: cm-cert-manager-psp-rolebinding, overall completion: 200.0% sysinv
2020-10-20 04:18:07.958 127267 INFO sysinv.conductor.kube_app [-] Application manifest /manifests/cert-manager/1.0-6/cert-manager-certmanager-manifest.yaml was successfully applied/re-applied. sysinv
2020-10-20 04:18:07.960 127267 INFO sysinv.conductor.kube_app [-] Exiting progress monitoring thread for app cert-manager sysinv
2020-10-20 04:18:08.624 127267 INFO sysinv.conductor.kube_app [-] Application cert-manager (1.0-6) apply completed. sysinv
2020-10-20 04:18:08.624 127267 INFO sysinv.conductor.manager [-] app_lifecycle_actions for app cert-manager, opp apply post applied sysinv
2020-10-20 04:18:08.625 127267 INFO sysinv.conductor.kube_app [-] kube_app.py lifecycle action for application cert-manager (1.0-6) operation apply (post) started. sysinv
2020-10-20 04:22:16.312 87485 WARNING sysinv.api.controllers.v1.ntp [-] ntp {'uuid': u'7ddaae84-30b8-4a8b-a80b-256bbaf70d84', 'created_at': datetime.datetime(2020, 10, 20, 4, 4, 11, 911948, tzinfo=), 'updated_at': None, 'ntpservers': u'0.pool.ntp.org,1.pool.ntp.org', 'action': None, 'isystem_uuid': u'c743a346-f508-4abd-9ab8-09fca79d3071', 'id': 1, 'forisystemid': 1} sysinv
2020-10-20 04:22:16.334 127267 INFO sysinv.conductor.manager [-] Setting config target of host 'controller-0' to 'e310c0dc-1554-48a1-922d-3a696afd4180'. sysinv
2020-10-20 04:22:16.344 127267 INFO sysinv.conductor.manager [-] _config_update_hosts config_uuid=e310c0dc-1554-48a1-922d-3a696afd4180 sysinv
2020-10-20 04:22:18.771 87485 INFO sysinv.api.controllers.v1.system [-] update vswitch_type to {u'https_enabled': False, u'vswitch_type': 'ovs-dpdk', u'region_config': False, u'sdn_enabled': False, u'shared_services': u'[]'} sysinv
2020-10-20 04:22:18.775 127267 INFO sysinv.conductor.manager [-] update_vswitch_type sysinv
2020-10-20 04:22:18.783 127267 INFO sysinv.conductor.manager [-] Setting config target of host 'controller-0' to 'b509c59a-2b36-4cb3-bfdf-731eeb053afa'. sysinv
2020-10-20 04:22:18.793 127267 INFO sysinv.conductor.manager [-] _config_update_hosts config_uuid=3509c59a-2b36-4cb3-bfdf-731eeb053afa sysinv
2020-10-20 04:22:18.793 127267 INFO sysinv.conductor.manager [-] applying runtime manifest config_uuid=3509c59a-2b36-4cb3-bfdf-731eeb053afa, classes: ['platform::sysctl::controller::runtime', 'platform::nfv::runtime'] sysinv
2020-10-20 04:22:18.800 127267 INFO sysinv.puppet.puppet [-] Updating hiera for host: controller-0 with config_uuid: 3509c59a-2b36-4cb3-bfdf-731eeb053afa sysinv
2020-10-20 04:22:21.142 127267 INFO sysinv.conductor.manager [-] Evaluating app reapply of cert-manager sysinv
2020-10-20 04:22:21.323 127267 INFO sysinv.conductor.manager [-] No override change after configuration action, skipping re-apply of cert-manager sysinv
2020-10-20 04:22:21.327 127267 INFO sysinv.agent.rpcapi [-] config_apply_runtime_manifest: fanout_cast: sending config 3509c59a-2b36-4cb3-bfdf-731eeb053afa {'classes': ['platform::sysctl::controller::runtime', 'platform::nfv::runtime'], 'force': False, 'personalities': ['controller']} to agent sysinv
2020-10-20 04:22:21.336 127267 INFO sysinv.conductor.manager [-] Setting config target of host 'controller-0' to 'ca180b2d-b4ea-4584-88c3-d7cbfcc2e86c'. sysinv
2020-10-20 04:22:21.346 127267 INFO sysinv.conductor.manager [-] _config_update_hosts config_uuid=ca180b2d-b4ea-4584-88c3-d7cbfcc2e86c sysinv
2020-10-20 04:22:23.732 87484 INFO sysinv.api.controllers.v1.host [-] host_cpus_modify host_uuid=448a679f-bf8a-4819-8602-c0123f481cdb capabilities=[{'function': 'vswitch', 'sockets': [{'0': 1}]}] sysinv
2020-10-20 04:22:24.228 87484 INFO sysinv.api.controllers.v1.host [-] icpu_update uuid=2d728152-9a64-4843-849e-e15162e15741 value={'allocated_function': 'Vswitch'} sysinv
2020-10-20 04:22:24.238 87484 INFO sysinv.api.controllers.v1.host [-] icpu_update uuid=7a374c40-906b-450e-988c-c95067c0e8bd value={'allocated_function': 'Vswitch'} sysinv
2020-10-20 04:22:24.258 127267 INFO sysinv.conductor.manager [-] update_grub_config, host uuid: (448a679f-bf8a-4819-8602-c0123f481cdb), force: (False) sysinv
2020-10-20 04:22:24.265 127267 INFO sysinv.conductor.manager [-] Setting config target of host 'controller-0' to 'd80b0216-d3e4-42c1-bf8e-f5b2b3ee7cdd'. sysinv
2020-10-20 04:22:24.274 127267 INFO sysinv.conductor.manager [-] _config_update_hosts config_uuid=580b0216-d3e4-42c1-bf8e-f5b2b3ee7cdd sysinv
2020-10-20 04:22:24.274 127267 INFO sysinv.conductor.manager [-] applying runtime manifest config_uuid=580b0216-d3e4-42c1-bf8e-f5b2b3ee7cdd, classes: ['platform::compute::grub::runtime', 'platform::compute::config::runtime'] sysinv
2020-10-20 04:22:24.282 127267 INFO sysinv.puppet.puppet [-] Updating hiera for host: controller-0 with config_uuid: 580b0216-d3e4-42c1-bf8e-f5b2b3ee7cdd sysinv
2020-10-20 04:22:26.133 127267 INFO sysinv.conductor.manager [-] Evaluating app reapply of cert-manager sysinv
2020-10-20 04:22:26.290 127267 INFO sysinv.conductor.manager [-] No override change after configuration action, skipping re-apply of cert-manager sysinv
2020-10-20 04:22:26.293 127267 INFO sysinv.agent.rpcapi [-] config_apply_runtime_manifest: fanout_cast: sending config 580b0216-d3e4-42c1-bf8e-f5b2b3ee7cdd {'classes': ['platform::compute::grub::runtime', 'platform::compute::config::runtime'], 'force': False, 'personalities': ['controller', 'worker'], 'host_uuids': [u'448a679f-bf8a-4819-8602-c0123f481cdb']} to agent sysinv
2020-10-20 04:22:29.049 87485 INFO sysinv.api.controllers.v1.storage_ceph [-] Create new ceph cluster record sysinv
2020-10-20 04:22:29.064 87485 INFO sysinv.api.controllers.v1.storage_ceph [-] Create primary ceph tier record. sysinv
2020-10-20 04:22:31.695 87485 INFO sysinv.api.controllers.v1.host [-] controller-0 ihost_patch_start_2020-10-20-04-22-31 patch sysinv
2020-10-20 04:22:31.696 87485 INFO sysinv.api.controllers.v1.host [-] controller-0 ihost_patch_end. No changes from mtce/1.0. sysinv
2020-10-20 04:22:59.111 87484 INFO sysinv.api.controllers.v1.label [-] patch_data: {'openstack-control-plane': 'enabled'} sysinv
2020-10-20 04:22:59.131 127267 INFO sysinv.conductor.manager [-] update_kubernetes_label: label_dict={u'openstack-control-plane': u'enabled'} sysinv
2020-10-20 04:22:59.180 87484 INFO sysinv.api.controllers.v1.rest_api [-] PATCH cmd:http://localhost:30001/nfvi-plugins/v1/hosts hdr:{'Content-type': 'application/json', 'User-Agent': 'sysinv/1.0'} payload:{"hostname": "controller-0", "uuid": "448a679f-bf8a-4819-8602-c0123f481cdb"} sysinv
2020-10-20 04:22:59.181 87484 WARNING sysinv.api.controllers.v1.rest_api [-] URLError Error e=: URLError: sysinv
2020-10-20 04:23:02.011 87484 INFO sysinv.api.controllers.v1.label [-] patch_data: {'openstack-compute-node': 'enabled'} sysinv
2020-10-20 04:23:02.029 127267 INFO sysinv.conductor.manager [-] update_kubernetes_label: label_dict={u'openstack-compute-node': u'enabled'} sysinv
2020-10-20 04:23:02.067 87484 INFO sysinv.api.controllers.v1.rest_api [-] PATCH cmd:http://localhost:30001/nfvi-plugins/v1/hosts hdr:{'Content-type': 'application/json', 'User-Agent': 'sysinv/1.0'} payload:{"hostname": "controller-0", "uuid": "448a679f-bf8a-4819-8602-c0123f481cdb"} sysinv
2020-10-20 04:23:02.068 87484 WARNING sysinv.api.controllers.v1.rest_api [-] URLError Error e=: URLError: sysinv
2020-10-20 04:23:05.061 87484 INFO sysinv.api.controllers.v1.label [-] patch_data: {'openvswitch': 'enabled'} sysinv
2020-10-20 04:23:05.088 127267 INFO sysinv.conductor.manager [-] update_kubernetes_label: label_dict={u'openvswitch': u'enabled'} sysinv
2020-10-20 04:23:05.129 87484 INFO sysinv.api.controllers.v1.rest_api [-] PATCH cmd:http://localhost:30001/nfvi-plugins/v1/hosts hdr:{'Content-type': 'application/json', 'User-Agent': 'sysinv/1.0'} payload:{"hostname": "controller-0", "uuid": "448a679f-bf8a-4819-8602-c0123f481cdb"} sysinv
2020-10-20 04:23:05.129 87484 WARNING sysinv.api.controllers.v1.rest_api [-] URLError Error e=: URLError: sysinv
2020-10-20 04:23:07.453 87485 INFO sysinv.api.controllers.v1.label [-] patch_data: {'sriov': 'enabled'} sysinv
2020-10-20 04:23:07.475 127267 INFO sysinv.conductor.manager [-] update_kubernetes_label: label_dict={u'sriov': u'enabled'} sysinv
2020-10-20 04:23:07.513 87485 INFO sysinv.api.controllers.v1.rest_api [-] PATCH cmd:http://localhost:30001/nfvi-plugins/v1/hosts hdr:{'Content-type': 'application/json', 'User-Agent': 'sysinv/1.0'} payload:{"hostname": "controller-0", "uuid": "448a679f-bf8a-4819-8602-c0123f481cdb"} sysinv
2020-10-20 04:23:07.514 87485 WARNING sysinv.api.controllers.v1.rest_api [-] URLError Error e=: URLError: sysinv
2020-10-20 04:23:18.596 127267 INFO sysinv.conductor.manager [-] Setting config target of host 'controller-0' to '9db035f6-9c61-4929-997d-5389ac851f6c'. sysinv
2020-10-20 04:23:18.611 127267 INFO sysinv.conductor.manager [-] _config_update_hosts config_uuid=1db035f6-9c61-4929-997d-5389ac851f6c sysinv
2020-10-20 04:23:18.612 127267 INFO sysinv.conductor.manager [-] applying runtime manifest config_uuid=1db035f6-9c61-4929-997d-5389ac851f6c, classes: ['platform::partitions::runtime'] sysinv
2020-10-20 04:23:18.622 127267 INFO sysinv.puppet.puppet [-] Updating hiera for host: controller-0 with config_uuid: 1db035f6-9c61-4929-997d-5389ac851f6c sysinv
2020-10-20 04:23:20.578 127267 INFO sysinv.conductor.manager [-] Evaluating app reapply of cert-manager sysinv
2020-10-20 04:23:20.766 127267 INFO sysinv.conductor.manager [-] No override change after configuration action, skipping re-apply of cert-manager sysinv
2020-10-20 04:23:20.771 127267 INFO sysinv.agent.rpcapi [-] config_apply_runtime_manifest: fanout_cast: sending config 1db035f6-9c61-4929-997d-5389ac851f6c {'force': True, 'host_uuids': [u'448a679f-bf8a-4819-8602-c0123f481cdb'], 'partition_uuid': u'dcb7dc96-6629-48c4-b996-29eea3e9188b', 'report_status': 'manage_disk_partitions', 'classes': ['platform::partitions::runtime'], 'idisk_uuid': u'48d87919-58e7-4b5a-a6d4-0c61b3952240', 'personalities': [u'controller']} to agent sysinv
2020-10-20 04:23:20.783 76443 INFO sysinv.agent.manager [-] config_apply_runtime_manifest: 1db035f6-9c61-4929-997d-5389ac851f6c {u'force': True, u'host_uuids': [u'448a679f-bf8a-4819-8602-c0123f481cdb'], u'partition_uuid': u'dcb7dc96-6629-48c4-b996-29eea3e9188b', u'idisk_uuid': u'48d87919-58e7-4b5a-a6d4-0c61b3952240', u'classes': [u'platform::partitions::runtime'], u'report_status': u'manage_disk_partitions', u'personalities': [u'controller']} controller sysinv
2020-10-20 04:23:20.784 76443 INFO sysinv.agent.manager [-] controller-active sysinv
2020-10-20 04:23:20.784 76443 INFO sysinv.agent.manager [-] _apply_runtime_manifest with hieradata_path = '/opt/platform/puppet/20.12/hieradata' sysinv
2020-10-20 04:23:30.430 127267 INFO sysinv.conductor.manager [-] PART updating information for partition dcb7dc96-6629-48c4-b996-29eea3e9188b on host 448a679f-bf8a-4819-8602-c0123f481cdb was successful: {u'status': 0, u'device_path': u'/dev/disk/by-path/pci-0000:00:11.5-ata-2.0-part6', u'start_mib': 198737.0, u'uuid': u'dcb7dc96-6629-48c4-b996-29eea3e9188b', u'ihost_uuid': u'448a679f-bf8a-4819-8602-c0123f481cdb', u'type_name': u'LVM Physical Volume', u'available_mib': 187248, u'end_mib': 301137.0, u'type_guid': u'ba5eba11-0000-1111-2222-000000000001', u'size_mib': 102400.0} sysinv
2020-10-20 04:23:30.832 76443 INFO sysinv.agent.manager [-] Runtime manifest apply completed for classes [u'platform::partitions::runtime']. sysinv
2020-10-20 04:23:30.861 127267 INFO sysinv.conductor.manager [-] PART manifest application for partition dcb7dc96-6629-48c4-b996-29eea3e9188b on host 448a679f-bf8a-4819-8602-c0123f481cdb was successful sysinv
2020-10-20 04:23:30.867 127267 INFO sysinv.api.controllers.v1.rest_api [-] GET cmd:http://localhost:30001/nfvi-plugins/v1/sw-update hdr:{'Content-type': 'application/json', 'User-Agent': 'sysinv/1.0'} payload:None sysinv
2020-10-20 04:23:30.868 127267 WARNING sysinv.api.controllers.v1.rest_api [-] URLError Error e=: URLError: sysinv
2020-10-20 04:23:30.869 127267 INFO sysinv.conductor.manager [-] vim_api get_sw_update_strategy timed out sysinv
2020-10-20 04:23:31.383 76443 INFO sysinv.agent.manager [-] Agent config applied 1db035f6-9c61-4929-997d-5389ac851f6c sysinv
2020-10-20 04:23:31.395 127267 INFO sysinv.conductor.manager [-] _remove_config_from_reboot_config_list host: 448a679f-bf8a-4819-8602-c0123f481cdb,config_uuid: 1db035f6-9c61-4929-997d-5389ac851f6c sysinv
2020-10-20 04:23:31.396 127267 INFO sysinv.conductor.manager [-] _remove_config_from_reboot_config_list fail host:448a679f-bf8a-4819-8602-c0123f481cdb sysinv
2020-10-20 04:23:41.786 87485 WARNING wsme.api [-] Client-side error: No disk with id dcb7dc96-6629-48c4-b996-29eea3e9188b: DiskNotFound: No disk with id dcb7dc96-6629-48c4-b996-29eea3e9188b sysinv
2020-10-20 04:23:44.479 127267 INFO sysinv.conductor.manager [-] Setting config target of host 'controller-0' to 'a99562a0-8158-435e-a07e-81490457f770'. sysinv
2020-10-20 04:23:44.490 127267 INFO sysinv.conductor.manager [-] _config_update_hosts config_uuid=299562a0-8158-435e-a07e-81490457f770 sysinv
2020-10-20 04:23:44.491 127267 INFO sysinv.conductor.manager [-] applying runtime manifest config_uuid=299562a0-8158-435e-a07e-81490457f770, classes: ['platform::partitions::runtime'] sysinv
2020-10-20 04:23:44.501 127267 INFO sysinv.puppet.puppet [-] Updating hiera for host: controller-0 with config_uuid: 299562a0-8158-435e-a07e-81490457f770 sysinv
2020-10-20 04:23:46.445 127267 INFO sysinv.conductor.manager [-] Evaluating app reapply of cert-manager sysinv
2020-10-20 04:23:46.606 127267 INFO sysinv.conductor.manager [-] No override change after configuration action, skipping re-apply of cert-manager sysinv
2020-10-20 04:23:46.609 127267 INFO sysinv.agent.rpcapi [-] config_apply_runtime_manifest: fanout_cast: sending config 299562a0-8158-435e-a07e-81490457f770 {'force': True, 'host_uuids': [u'448a679f-bf8a-4819-8602-c0123f481cdb'], 'partition_uuid': u'cb857d4b-10a0-46a0-a327-1ca6a1ed0b9c', 'report_status': 'manage_disk_partitions', 'classes': ['platform::partitions::runtime'], 'idisk_uuid': u'48d87919-58e7-4b5a-a6d4-0c61b3952240', 'personalities': [u'controller']} to agent sysinv
2020-10-20 04:23:46.612 76443 INFO sysinv.agent.manager [-] config_apply_runtime_manifest: 299562a0-8158-435e-a07e-81490457f770 {u'force': True, u'host_uuids': [u'448a679f-bf8a-4819-8602-c0123f481cdb'], u'partition_uuid': u'cb857d4b-10a0-46a0-a327-1ca6a1ed0b9c', u'idisk_uuid': u'48d87919-58e7-4b5a-a6d4-0c61b3952240', u'classes': [u'platform::partitions::runtime'], u'report_status': u'manage_disk_partitions', u'personalities': [u'controller']} controller sysinv
2020-10-20 04:23:46.612 76443 INFO sysinv.agent.manager [-] controller-active sysinv
2020-10-20 04:23:46.612 76443 INFO sysinv.agent.manager [-] _apply_runtime_manifest with hieradata_path = '/opt/platform/puppet/20.12/hieradata' sysinv
2020-10-20 04:23:54.810 127267 INFO sysinv.conductor.manager [-] Sending agent update request for host 1 to update (audit_lvg, audit_partition, audit_pv) sysinv
2020-10-20 04:23:54.819 127267 INFO sysinv.agent.rpcapi [-] AgentApi.agent_update: fanout_cast: sending update request to agent for: (audit_lvg, audit_partition, audit_pv) sysinv
2020-10-20 04:23:56.742 127267 INFO sysinv.conductor.manager [-] PART updating information for partition cb857d4b-10a0-46a0-a327-1ca6a1ed0b9c on host 448a679f-bf8a-4819-8602-c0123f481cdb was successful: {u'status': 0, u'device_path': u'/dev/disk/by-path/pci-0000:00:11.5-ata-2.0-part7', u'start_mib': 301137.0, u'uuid': u'cb857d4b-10a0-46a0-a327-1ca6a1ed0b9c', u'ihost_uuid': u'448a679f-bf8a-4819-8602-c0123f481cdb', u'type_name': u'LVM Physical Volume', u'available_mib': 166768, u'end_mib': 321617.0, u'type_guid': u'ba5eba11-0000-1111-2222-000000000001', u'size_mib': 20480.0} sysinv
2020-10-20 04:23:57.117 76443 INFO sysinv.agent.manager [-] Runtime manifest apply completed for classes [u'platform::partitions::runtime']. sysinv
2020-10-20 04:23:57.134 127267 INFO sysinv.conductor.manager [-] PART manifest application for partition cb857d4b-10a0-46a0-a327-1ca6a1ed0b9c on host 448a679f-bf8a-4819-8602-c0123f481cdb was successful sysinv
2020-10-20 04:23:57.138 127267 INFO sysinv.api.controllers.v1.rest_api [-] GET cmd:http://localhost:30001/nfvi-plugins/v1/sw-update hdr:{'Content-type': 'application/json', 'User-Agent': 'sysinv/1.0'} payload:None sysinv
2020-10-20 04:23:57.139 127267 WARNING sysinv.api.controllers.v1.rest_api [-] URLError Error e=: URLError: sysinv
2020-10-20 04:23:57.139 127267 INFO sysinv.conductor.manager [-] vim_api get_sw_update_strategy timed out sysinv
2020-10-20 04:23:57.606 76443 INFO sysinv.agent.manager [-] Agent config applied 299562a0-8158-435e-a07e-81490457f770 sysinv
2020-10-20 04:23:57.619 127267 INFO sysinv.conductor.manager [-] _remove_config_from_reboot_config_list host: 448a679f-bf8a-4819-8602-c0123f481cdb,config_uuid: 299562a0-8158-435e-a07e-81490457f770 sysinv
2020-10-20 04:23:57.619 127267 INFO sysinv.conductor.manager [-] _remove_config_from_reboot_config_list fail host:448a679f-bf8a-4819-8602-c0123f481cdb sysinv
2020-10-20 04:23:57.651 76443 INFO sysinv.agent.manager [-] SysInv Agent Audit force updates: (audit_lvg, audit_partition, audit_pv) sysinv
2020-10-20 04:23:59.187 127267 INFO sysinv.conductor.manager [-] PV not found in Agent. uuid: 0a59633e-2b57-4509-85ff-8afb531ccbee current state: adding sysinv
2020-10-20 04:24:05.272 87484 WARNING wsme.api [-] Client-side error: No disk with id cb857d4b-10a0-46a0-a327-1ca6a1ed0b9c: DiskNotFound: No disk with id cb857d4b-10a0-46a0-a327-1ca6a1ed0b9c sysinv
2020-10-20 04:24:10.883 127267 INFO sysinv.conductor.manager [-] Setting config target of host 'controller-0' to 'ba8f872a-f451-4218-8605-023ca9f8e164'. sysinv
2020-10-20 04:24:10.893 127267 INFO sysinv.conductor.manager [-] _config_update_hosts config_uuid=ba8f872a-f451-4218-8605-023ca9f8e164 sysinv
2020-10-20 04:24:13.858 127267 INFO sysinv.conductor.manager [-] update_grub_config, host uuid: (448a679f-bf8a-4819-8602-c0123f481cdb), force: (True) sysinv
2020-10-20 04:24:13.867 127267 INFO sysinv.conductor.manager [-] Setting config target of host 'controller-0' to 'e2c66df4-6f43-4f9e-ad32-7529d0a54198'. sysinv
2020-10-20 04:24:13.877 127267 INFO sysinv.conductor.manager [-] _config_update_hosts config_uuid=62c66df4-6f43-4f9e-ad32-7529d0a54198 sysinv
2020-10-20 04:24:13.877 127267 INFO sysinv.conductor.manager [-] applying runtime manifest config_uuid=62c66df4-6f43-4f9e-ad32-7529d0a54198, classes: ['platform::compute::grub::runtime', 'platform::compute::config::runtime'] sysinv
2020-10-20 04:24:13.884 127267 INFO sysinv.puppet.puppet [-] Updating hiera for host: controller-0 with config_uuid: 62c66df4-6f43-4f9e-ad32-7529d0a54198 sysinv
2020-10-20 04:24:15.820 127267 INFO sysinv.conductor.manager [-] Evaluating app reapply of cert-manager sysinv
2020-10-20 04:24:15.995 127267 INFO sysinv.conductor.manager [-] No override change after configuration action, skipping re-apply of cert-manager sysinv
2020-10-20 04:24:15.998 127267 INFO sysinv.agent.rpcapi [-] config_apply_runtime_manifest: fanout_cast: sending config 62c66df4-6f43-4f9e-ad32-7529d0a54198 {'classes': ['platform::compute::grub::runtime', 'platform::compute::config::runtime'], 'force': True, 'personalities': ['controller', 'worker'], 'host_uuids': [u'448a679f-bf8a-4819-8602-c0123f481cdb']} to agent sysinv
2020-10-20 04:24:16.001 76443 INFO sysinv.agent.manager [-] config_apply_runtime_manifest: 62c66df4-6f43-4f9e-ad32-7529d0a54198 {u'classes': [u'platform::compute::grub::runtime', u'platform::compute::config::runtime'], u'force': True, u'personalities': [u'controller', u'worker'], u'host_uuids': [u'448a679f-bf8a-4819-8602-c0123f481cdb']} controller sysinv
2020-10-20 04:24:16.002 76443 INFO sysinv.agent.manager [-] controller-active sysinv
2020-10-20 04:24:16.002 76443 INFO sysinv.agent.manager [-] _apply_runtime_manifest with hieradata_path = '/opt/platform/puppet/20.12/hieradata' sysinv
2020-10-20 04:24:18.702 127267 INFO sysinv.conductor.manager [-] update_grub_config, host uuid: (448a679f-bf8a-4819-8602-c0123f481cdb), force: (True) sysinv
2020-10-20 04:24:18.712 127267 INFO sysinv.conductor.manager [-] Setting config target of host 'controller-0' to 'ed01a9a0-cf83-4394-81aa-097fba0a4ec4'. sysinv
2020-10-20 04:24:18.724 127267 INFO sysinv.conductor.manager [-] _config_update_hosts config_uuid=6d01a9a0-cf83-4394-81aa-097fba0a4ec4 sysinv
2020-10-20 04:24:18.724 127267 INFO sysinv.conductor.manager [-] applying runtime manifest config_uuid=6d01a9a0-cf83-4394-81aa-097fba0a4ec4, classes: ['platform::compute::grub::runtime', 'platform::compute::config::runtime'] sysinv
2020-10-20 04:24:18.732 127267 INFO sysinv.puppet.puppet [-] Updating hiera for host: controller-0 with config_uuid: 6d01a9a0-cf83-4394-81aa-097fba0a4ec4 sysinv
2020-10-20 04:24:21.440 127267 INFO sysinv.conductor.manager [-] Evaluating app reapply of cert-manager sysinv
2020-10-20 04:24:21.722 127267 INFO sysinv.conductor.manager [-] No override change after configuration action, skipping re-apply of cert-manager sysinv
2020-10-20 04:24:21.727 127267 INFO sysinv.agent.rpcapi [-] config_apply_runtime_manifest: fanout_cast: sending config 6d01a9a0-cf83-4394-81aa-097fba0a4ec4 {'classes': ['platform::compute::grub::runtime', 'platform::compute::config::runtime'], 'force': True, 'personalities': ['controller', 'worker'], 'host_uuids': [u'448a679f-bf8a-4819-8602-c0123f481cdb']} to agent sysinv
2020-10-20 04:24:23.109 76443 INFO sysinv.agent.manager [-] Runtime manifest apply completed for classes [u'platform::compute::grub::runtime', u'platform::compute::config::runtime']. sysinv
2020-10-20 04:24:23.110 76443 INFO sysinv.agent.manager [-] Agent config applied 62c66df4-6f43-4f9e-ad32-7529d0a54198 sysinv
2020-10-20 04:24:23.124 127267 INFO sysinv.conductor.manager [-] _remove_config_from_reboot_config_list host: 448a679f-bf8a-4819-8602-c0123f481cdb,config_uuid: 62c66df4-6f43-4f9e-ad32-7529d0a54198 sysinv
2020-10-20 04:24:23.125 127267 INFO sysinv.conductor.manager [-] _remove_config_from_reboot_config_list fail host:448a679f-bf8a-4819-8602-c0123f481cdb sysinv
2020-10-20 04:24:23.144 76443 INFO sysinv.agent.manager [-] config_apply_runtime_manifest: 6d01a9a0-cf83-4394-81aa-097fba0a4ec4 {u'classes': [u'platform::compute::grub::runtime', u'platform::compute::config::runtime'], u'force': True, u'personalities': [u'controller', u'worker'], u'host_uuids': [u'448a679f-bf8a-4819-8602-c0123f481cdb']} controller sysinv
2020-10-20 04:24:23.144 76443 INFO sysinv.agent.manager [-] controller-active sysinv
2020-10-20 04:24:23.145 76443 INFO sysinv.agent.manager [-] _apply_runtime_manifest with hieradata_path = '/opt/platform/puppet/20.12/hieradata' sysinv
2020-10-20 04:24:24.641 127267 INFO sysinv.conductor.manager [-] update_grub_config, host uuid: (448a679f-bf8a-4819-8602-c0123f481cdb), force: (True) sysinv
2020-10-20 04:24:24.650 127267 INFO sysinv.conductor.manager [-] Setting config target of host 'controller-0' to 'dc44ae7c-696e-45e2-8976-3f157d5615a4'. sysinv
2020-10-20 04:24:24.662 127267 INFO sysinv.conductor.manager [-] _config_update_hosts config_uuid=5c44ae7c-696e-45e2-8976-3f157d5615a4 sysinv
2020-10-20 04:24:24.662 127267 INFO sysinv.conductor.manager [-] applying runtime manifest config_uuid=5c44ae7c-696e-45e2-8976-3f157d5615a4, classes: ['platform::compute::grub::runtime', 'platform::compute::config::runtime'] sysinv
2020-10-20 04:24:24.670 127267 INFO sysinv.puppet.puppet [-] Updating hiera for host: controller-0 with config_uuid: 5c44ae7c-696e-45e2-8976-3f157d5615a4 sysinv
2020-10-20 04:24:27.066 127267 INFO sysinv.conductor.manager [-] Evaluating app reapply of cert-manager sysinv
2020-10-20 04:24:27.276 127267 INFO sysinv.conductor.manager [-] No override change after configuration action, skipping re-apply of cert-manager sysinv
2020-10-20 04:24:27.280 127267 INFO sysinv.agent.rpcapi [-] config_apply_runtime_manifest: fanout_cast: sending config 5c44ae7c-696e-45e2-8976-3f157d5615a4 {'classes': ['platform::compute::grub::runtime', 'platform::compute::config::runtime'], 'force': True, 'personalities': ['controller', 'worker'], 'host_uuids': [u'448a679f-bf8a-4819-8602-c0123f481cdb']} to agent sysinv
2020-10-20 04:24:28.954 76443 INFO sysinv.agent.manager [-] Runtime manifest apply completed for classes [u'platform::compute::grub::runtime', u'platform::compute::config::runtime']. sysinv
2020-10-20 04:24:28.955 76443 INFO sysinv.agent.manager [-] Agent config applied 6d01a9a0-cf83-4394-81aa-097fba0a4ec4 sysinv
2020-10-20 04:24:28.972 127267 INFO sysinv.conductor.manager [-] _remove_config_from_reboot_config_list host: 448a679f-bf8a-4819-8602-c0123f481cdb,config_uuid: 6d01a9a0-cf83-4394-81aa-097fba0a4ec4 sysinv
2020-10-20 04:24:28.973 127267 INFO sysinv.conductor.manager [-] _remove_config_from_reboot_config_list fail host:448a679f-bf8a-4819-8602-c0123f481cdb sysinv
2020-10-20 04:24:28.993 76443 INFO sysinv.agent.manager [-] config_apply_runtime_manifest: 5c44ae7c-696e-45e2-8976-3f157d5615a4 {u'classes': [u'platform::compute::grub::runtime', u'platform::compute::config::runtime'], u'force': True, u'personalities': [u'controller', u'worker'], u'host_uuids': [u'448a679f-bf8a-4819-8602-c0123f481cdb']} controller sysinv
2020-10-20 04:24:28.993 76443 INFO sysinv.agent.manager [-] controller-active sysinv
2020-10-20 04:24:28.993 76443 INFO sysinv.agent.manager [-] _apply_runtime_manifest with hieradata_path = '/opt/platform/puppet/20.12/hieradata' sysinv
2020-10-20 04:24:29.770 127267 INFO sysinv.conductor.manager [-] update_grub_config, host uuid: (448a679f-bf8a-4819-8602-c0123f481cdb), force: (True) sysinv
2020-10-20 04:24:29.778 127267 INFO sysinv.conductor.manager [-] Setting config target of host 'controller-0' to 'ce5523c0-dcaf-49bd-8fce-45b894e5983f'. sysinv
2020-10-20 04:24:29.788 127267 INFO sysinv.conductor.manager [-] _config_update_hosts config_uuid=4e5523c0-dcaf-49bd-8fce-45b894e5983f sysinv
2020-10-20 04:24:29.789 127267 INFO sysinv.conductor.manager [-] applying runtime manifest config_uuid=4e5523c0-dcaf-49bd-8fce-45b894e5983f, classes: ['platform::compute::grub::runtime', 'platform::compute::config::runtime'] sysinv
2020-10-20 04:24:29.798 127267 INFO sysinv.puppet.puppet [-] Updating hiera for host: controller-0 with config_uuid: 4e5523c0-dcaf-49bd-8fce-45b894e5983f sysinv
2020-10-20 04:24:32.250 127267 INFO sysinv.conductor.manager [-] Evaluating app reapply of cert-manager sysinv
2020-10-20 04:24:32.454 127267 INFO sysinv.conductor.manager [-] No override change after configuration action, skipping re-apply of cert-manager sysinv
2020-10-20 04:24:32.460 127267 INFO sysinv.agent.rpcapi [-] config_apply_runtime_manifest: fanout_cast: sending config 4e5523c0-dcaf-49bd-8fce-45b894e5983f {'classes': ['platform::compute::grub::runtime', 'platform::compute::config::runtime'], 'force': True, 'personalities': ['controller', 'worker'], 'host_uuids': [u'448a679f-bf8a-4819-8602-c0123f481cdb']} to agent sysinv
2020-10-20 04:24:34.957 76443 INFO sysinv.agent.manager [-] Runtime manifest apply completed for classes [u'platform::compute::grub::runtime', u'platform::compute::config::runtime']. sysinv
2020-10-20 04:24:34.958 76443 INFO sysinv.agent.manager [-] Agent config applied 5c44ae7c-696e-45e2-8976-3f157d5615a4 sysinv
2020-10-20 04:24:34.971 127267 INFO sysinv.conductor.manager [-] _remove_config_from_reboot_config_list host: 448a679f-bf8a-4819-8602-c0123f481cdb,config_uuid: 5c44ae7c-696e-45e2-8976-3f157d5615a4 sysinv
2020-10-20 04:24:34.972 127267 INFO sysinv.conductor.manager [-] _remove_config_from_reboot_config_list fail host:448a679f-bf8a-4819-8602-c0123f481cdb sysinv
2020-10-20 04:24:34.989 76443 INFO sysinv.agent.manager [-] config_apply_runtime_manifest: 4e5523c0-dcaf-49bd-8fce-45b894e5983f {u'classes': [u'platform::compute::grub::runtime', u'platform::compute::config::runtime'], u'force': True, u'personalities': [u'controller', u'worker'], u'host_uuids': [u'448a679f-bf8a-4819-8602-c0123f481cdb']} controller sysinv
2020-10-20 04:24:34.990 76443 INFO sysinv.agent.manager [-] controller-active sysinv
2020-10-20 04:24:34.990 76443 INFO sysinv.agent.manager [-] _apply_runtime_manifest with hieradata_path = '/opt/platform/puppet/20.12/hieradata' sysinv
2020-10-20 04:24:37.647 87484 INFO sysinv.api.controllers.v1.host [-] controller-0 ihost_patch_start_2020-10-20-04-24-37 patch sysinv
2020-10-20 04:24:37.647 87484 INFO sysinv.api.controllers.v1.host [-] controller-0 1. delta_handle ['action'] sysinv
2020-10-20 04:24:37.671 87484 INFO sysinv.api.controllers.v1.host [-] controller-0 ihost check_unlock_application sysinv
2020-10-20 04:24:37.674 87484 INFO sysinv.api.controllers.v1.host [-] controller-0 ihost check_unlock_controller sysinv
2020-10-20 04:24:37.847 87484 INFO sysinv.api.controllers.v1.host [-] controller-0 ihost check_unlock_worker sysinv
2020-10-20 04:24:38.413 87484 INFO sysinv.api.controllers.v1.host [-] Memory: Total=95196 MiB, Allocated=18264 MiB, 2M: 40348 pages None pages pending, 1G: 78 pages 10 pages pending sysinv
2020-10-20 04:24:38.413 87484 INFO sysinv.api.controllers.v1.host [-] pending 1G memory node=b9ca39f7-18a8-43f8-bb31-3358723089b4 mib_reserved=7000 sysinv
2020-10-20 04:24:38.466 87484 INFO sysinv.api.controllers.v1.host [-] Memory: Total=96735 MiB, Allocated=12264 MiB, 2M: 47367 pages None pages pending, 1G: 92 pages 10 pages pending sysinv
2020-10-20 04:24:38.466 87484 INFO sysinv.api.controllers.v1.host [-] pending 1G memory node=7e58b1fb-0a5a-400d-ae83-b503bbb97709 mib_reserved=8000 sysinv
2020-10-20 04:24:38.508 87484 INFO sysinv.api.controllers.v1.host [-] host(controller-0) node(1): vm_mem_mib=88196, sysinv
2020-10-20 04:24:38.509 87484 INFO sysinv.api.controllers.v1.host [-] Updating mem values of host(controller-0) node(1): {'vm_hugepages_nr_4K': 19956736} sysinv
2020-10-20 04:24:38.527 87484 INFO sysinv.api.controllers.v1.host [-] host(controller-0) node(2): vm_mem_mib=95735, sysinv
2020-10-20 04:24:38.528 87484 INFO sysinv.api.controllers.v1.host [-] Updating mem values of host(controller-0) node(2): {'vm_hugepages_nr_4K': 21886720} sysinv
2020-10-20 04:24:39.403 87484 INFO sysinv.api.controllers.v1.rest_api [-] GET cmd:http://192.168.204.1:5491/v1/query_hosts/ hdr:None payload:None sysinv
2020-10-20 04:24:39.403 87484 WARNING sysinv.api.controllers.v1.rest_api [-] URLError Error e=: URLError: sysinv
2020-10-20 04:24:39.404 87484 WARNING sysinv.api.controllers.v1.host [-] No response from patch api controller-0 e='NoneType' object has no attribute '__getitem__' sysinv
2020-10-20 04:24:39.404 87484 INFO sysinv.api.controllers.v1.host [-] controller-0 _semantic_mtc_check_action unlock sysinv
2020-10-20 04:24:39.404 87484 INFO sysinv.api.controllers.v1.host [-] controller-0 action=unlock ihost_val_prenotify: {'ihost_action': 'unlock'} ihost_val: {'ihost_action': 'unlock', 'task': u'Unlocking'} sysinv
2020-10-20 04:24:39.405 87484 INFO sysinv.api.controllers.v1.host [-] controller-0 host.update.ihost_val_prenotify {'ihost_action': 'unlock'} sysinv
2020-10-20 04:24:39.405 87484 INFO sysinv.api.controllers.v1.host [-] controller-0 action_check action=unlock, notify_vim=False notify_mtce=True rc=True sysinv
2020-10-20 04:24:39.405 87484 INFO sysinv.api.controllers.v1.host [-] controller-0 post action_check hostupdate action=unlock notify_vim=False notify_mtc=True skip_notify_mtce=False sysinv
2020-10-20 04:24:39.405 87484 INFO sysinv.api.controllers.v1.host [-] controller-0 stage_action unlock sysinv
2020-10-20 04:24:39.405 87484 INFO sysinv.api.controllers.v1.host [-] controller-0 _handle_unlock_action sysinv
2020-10-20 04:24:39.406 87484 INFO sysinv.api.controllers.v1.host [-] controller-0 Action staged: unlock sysinv
2020-10-20 04:24:39.406 87484 INFO sysinv.api.controllers.v1.host [-] controller-0 post action_stage hostupdate action=unlock notify_vim=False notify_mtc=True skip_notify_mtce=False sysinv
2020-10-20 04:24:39.406 87484 INFO sysinv.api.controllers.v1.host [-] controller-0 2. delta_handle ['action'] sysinv
2020-10-20 04:24:39.406 87484 INFO sysinv.api.controllers.v1.host [-] controller-0 post delta_handle hostupdate action=unlock notify_vim=False notify_mtc=True skip_notify_mtce=False sysinv
2020-10-20 04:24:39.407 87484 INFO sysinv.api.controllers.v1.host [-] update ihost_val_prenotify: {'ihost_action': 'unlock'} sysinv
2020-10-20 04:24:39.427 87484 INFO sysinv.api.controllers.v1.host [-] controller-0 apply ihost_val {'ihost_action': 'unlock', 'task': u'Unlocking'} sysinv
2020-10-20 04:24:39.427 87484 INFO sysinv.api.controllers.v1.host [-] controller-0 Perform configure_ihost. sysinv
2020-10-20 04:24:39.433 127267 INFO sysinv.conductor.manager [-] configure_ihost controller-0 sysinv
2020-10-20 04:24:40.379 127267 INFO sysinv.puppet.puppet [-] Updating hiera for host: controller-0 with config_uuid: None sysinv
2020-10-20 04:24:40.906 76443 INFO sysinv.agent.manager [-] Runtime manifest apply completed for classes [u'platform::compute::grub::runtime', u'platform::compute::config::runtime']. sysinv
2020-10-20 04:24:40.907 76443 INFO sysinv.agent.manager [-] Agent config applied 4e5523c0-dcaf-49bd-8fce-45b894e5983f sysinv
2020-10-20 04:24:40.974 127267 INFO sysinv.conductor.manager [-] _remove_config_from_reboot_config_list host: 448a679f-bf8a-4819-8602-c0123f481cdb,config_uuid: 4e5523c0-dcaf-49bd-8fce-45b894e5983f sysinv
2020-10-20 04:24:40.974 127267 INFO sysinv.conductor.manager [-] _remove_config_from_reboot_config_list fail host:448a679f-bf8a-4819-8602-c0123f481cdb sysinv
2020-10-20 04:24:42.176 127267 INFO sysinv.conductor.manager [-] creating ceph_mon for host controller-0 with ceph_mon_gib=20. sysinv
2020-10-20 04:24:42.192 127267 INFO sysinv.conductor.manager [-] Setting config target of host 'controller-0' to 'ba503315-588d-4352-9d42-9ffc318f12d7'. sysinv
2020-10-20 04:24:42.201 127267 INFO sysinv.conductor.manager [-] _config_update_hosts config_uuid=3a503315-588d-4352-9d42-9ffc318f12d7 sysinv
2020-10-20 04:24:42.201 127267 INFO sysinv.conductor.manager [-] applying runtime manifest config_uuid=ba503315-588d-4352-9d42-9ffc318f12d7, classes: ['platform::compute::grub::runtime', 'platform::compute::config::runtime'] sysinv
2020-10-20 04:24:42.208 127267 INFO sysinv.puppet.puppet [-] Updating hiera for host: controller-0 with config_uuid: ba503315-588d-4352-9d42-9ffc318f12d7 sysinv
2020-10-20 04:24:44.191 127267 INFO sysinv.conductor.manager [-] Evaluating app reapply of cert-manager sysinv
2020-10-20 04:24:44.355 127267 INFO sysinv.conductor.manager [-] No override change after configuration action, skipping re-apply of cert-manager sysinv
2020-10-20 04:24:44.358 127267 INFO sysinv.agent.rpcapi [-] config_apply_runtime_manifest: fanout_cast: sending config 3a503315-588d-4352-9d42-9ffc318f12d7 {'classes': ['platform::compute::grub::runtime', 'platform::compute::config::runtime'], 'force': True, 'personalities': ['controller'], 'host_uuids': [u'448a679f-bf8a-4819-8602-c0123f481cdb']} to agent sysinv
2020-10-20 04:24:44.361 76443 INFO sysinv.agent.manager [-] config_apply_runtime_manifest: 3a503315-588d-4352-9d42-9ffc318f12d7 {u'classes': [u'platform::compute::grub::runtime', u'platform::compute::config::runtime'], u'force': True, u'personalities': [u'controller'], u'host_uuids': [u'448a679f-bf8a-4819-8602-c0123f481cdb']} controller sysinv
2020-10-20 04:24:44.361 76443 INFO sysinv.agent.manager [-] controller-active sysinv
2020-10-20 04:24:44.362 76443 INFO sysinv.agent.manager [-] _apply_runtime_manifest with hieradata_path = '/opt/platform/puppet/20.12/hieradata' sysinv
2020-10-20 04:24:44.367 127267 INFO sysinv.conductor.manager [-] Setting config target of host 'controller-0' to '9cf90f10-432f-4016-adbd-48c28c847fb2'. sysinv
2020-10-20 04:24:44.377 127267 INFO sysinv.conductor.manager [-] _config_update_hosts config_uuid=1cf90f10-432f-4016-adbd-48c28c847fb2 sysinv
2020-10-20 04:24:44.378 127267 INFO sysinv.puppet.puppet [-] Updating hiera for host: controller-0 with config_uuid: 9cf90f10-432f-4016-adbd-48c28c847fb2 sysinv
2020-10-20 04:24:45.846 87484 INFO sysinv.api.controllers.v1.host [-] controller-0 Action unlock perform notify_mtce sysinv
2020-10-20 04:24:45.847 87484 INFO sysinv.api.controllers.v1.mtce_api [-] host_add for controller-0 cmd=http://localhost:2112/v1/hosts/ hdr={'Content-type': 'application/json', 'User-Agent': 'sysinv/1.0'} payload={'tboot': u'false', 'ttys_dcd': None, 'subfunctions': u'controller,worker', 'bm_ip': None, 'install_state': None, 'rootfs_device': u'/dev/disk/by-path/pci-0000:00:11.5-ata-2.0', 'bm_username': None, 'clock_synchronization': u'ntp', 'operation': 'add', 'serialid': None, 'id': 1, 'vim_progress_status': None, 'console': u'ttyS0,115200', 'uuid': u'448a679f-bf8a-4819-8602-c0123f481cdb', 'mgmt_ip': u'192.168.204.2', 'software_load': u'20.12', 'config_status': None, 'hostname': u'controller-0', 'iscsi_initiator_name': None, 'capabilities': {u'stor_function': u'monitor'}, 'install_output': u'text', 'device_image_update': None, 'location': {}, 'availability': u'online', 'invprovision': u'provisioning', 'peer_id': None, 'administrative': u'locked', 'personality': u'controller', 'recordtype': u'standard', 'reboot_needed': False, 'bm_mac': None, 'inv_state': u'inventoried', 'mtce_info': None, 'isystem_uuid': u'c743a346-f508-4abd-9ab8-09fca79d3071', 'boot_device': u'/dev/disk/by-path/pci-0000:00:11.5-ata-2.0', 'install_state_info': None, 'mgmt_mac': u'00:00:00:00:00:00', 'subfunction_oper': u'disabled', 'target_load': u'20.12', 'vsc_controllers': None, 'operational': u'disabled', 'subfunction_avail': u'online', 'action': u'unlock', 'bm_type': u'none'} sysinv
2020-10-20 04:24:45.847 87484 INFO sysinv.api.controllers.v1.rest_api [-] POST cmd:http://localhost:2112/v1/hosts/ hdr:{'Content-type': 'application/json', 'User-Agent': 'sysinv/1.0'} payload:{"tboot": "false", "ttys_dcd": null, "subfunctions": "controller,worker", "bm_ip": null, "install_state": null, "rootfs_device": "/dev/disk/by-path/pci-0000:00:11.5-ata-2.0", "bm_username": null, "clock_synchronization": "ntp", "operation": "add", "serialid": null, "id": 1, "vim_progress_status": null, "console": "ttyS0,115200", "uuid": "448a679f-bf8a-4819-8602-c0123f481cdb", "mgmt_ip": "192.168.204.2", "software_load": "20.12", "config_status": null, "hostname": "controller-0", "iscsi_initiator_name": null, "capabilities": {"stor_function": "monitor"}, "install_output": "text", "device_image_update": null, "location": {}, "availability": "online", "invprovision": "provisioning", "peer_id": null, "administrative": "locked", "personality": "controller", "recordtype": "standard", "reboot_needed": false, "bm_mac": null, "inv_state": "inventoried", "mtce_info": null, "isystem_uuid": "c743a346-f508-4abd-9ab8-09fca79d3071", "boot_device": "/dev/disk/by-path/pci-0000:00:11.5-ata-2.0", "install_state_info": null, "mgmt_mac": "00:00:00:00:00:00", "subfunction_oper": "disabled", "target_load": "20.12", "vsc_controllers": null, "operational": "disabled", "subfunction_avail": "online", "action": "unlock", "bm_type": "none"} sysinv
2020-10-20 04:24:45.858 87484 INFO sysinv.api.controllers.v1.rest_api [-] Response={u'status': u'pass'} sysinv
2020-10-20 04:24:45.873 87484 INFO sysinv.api.controllers.v1.host [-] host controller-0 ihost_patch_end_2020-10-20-04-24-45 patch sysinv
2020-10-20 04:24:45.889 87485 INFO sysinv.api.controllers.v1.host [-] controller-0 ihost_patch_start_2020-10-20-04-24-45 patch sysinv
2020-10-20 04:24:45.889 87485 INFO sysinv.api.controllers.v1.host [-] controller-0 1. delta_handle ['subfunction_avail', 'administrative', 'availability'] sysinv
2020-10-20 04:24:45.890 87485 INFO sysinv.api.controllers.v1.host [-] controller-0 2. delta_handle ['administrative'] sysinv
2020-10-20 04:24:45.890 87485 INFO sysinv.api.controllers.v1.host [-] controller-0 post delta_handle hostupdate action=None notify_vim=False notify_mtc=False skip_notify_mtce=False sysinv
2020-10-20 04:24:45.921 87485 INFO sysinv.api.controllers.v1.host [-] host controller-0 ihost_patch_end_2020-10-20-04-24-45 patch sysinv
2020-10-20 04:24:45.966 87484 INFO sysinv.api.controllers.v1.host [-] controller-0 1. delta_handle ['uptime', 'task'] sysinv
2020-10-20 04:24:49.927 76443 INFO sysinv.agent.manager [-] Runtime manifest apply completed for classes [u'platform::compute::grub::runtime', u'platform::compute::config::runtime']. sysinv
2020-10-20 04:24:49.928 76443 INFO sysinv.agent.manager [-] Agent config applied ba503315-588d-4352-9d42-9ffc318f12d7 sysinv
2020-10-20 04:24:49.942 127267 INFO sysinv.conductor.manager [-] _remove_config_from_reboot_config_list host: 448a679f-bf8a-4819-8602-c0123f481cdb,config_uuid: ba503315-588d-4352-9d42-9ffc318f12d7 sysinv
2020-10-20 04:24:49.942 127267 INFO sysinv.conductor.manager [-] _remove_config_from_reboot_config_list fail host:448a679f-bf8a-4819-8602-c0123f481cdb sysinv
2020-10-20 04:24:54.765 127267 INFO sysinv.conductor.manager [-] Sending agent update request for host 1 to update (audit_lvg, audit_pv) sysinv
2020-10-20 04:24:54.772 127267 INFO sysinv.agent.rpcapi [-] AgentApi.agent_update: fanout_cast: sending update request to agent for: (audit_lvg, audit_pv) sysinv
2020-10-20 04:24:54.869 76443 INFO sysinv.agent.manager [-] SysInv Agent Audit force updates: (audit_lvg, audit_pv) sysinv
2020-10-20 04:24:56.309 127267 INFO sysinv.conductor.manager [-] PV not found in Agent. uuid: 0a59633e-2b57-4509-85ff-8afb531ccbee current state: adding sysinv
2020-10-20 04:24:56.309 127267 INFO sysinv.conductor.manager [-] PV not found in Agent. uuid: 451b955c-80bd-43fb-a154-39e56c58409d current state: adding sysinv
2020-10-20 04:25:18.452 77572 INFO sysinv.openstack.common.service [-] Caught SIGTERM, exiting sysinv
2020-10-20 04:25:18.516 87380 INFO oslo_service.service [-] Caught SIGTERM, stopping children sysinv
2020-10-20 04:25:18.518 87380 INFO oslo.service.wsgi [-] Stopping WSGI server. sysinv
2020-10-20 04:25:18.518 87380 INFO oslo_service.service [-] Waiting on 2 children to exit sysinv
2020-10-20 04:25:18.519 87485 INFO oslo.service.wsgi [-] Stopping WSGI server. sysinv
2020-10-20 04:25:18.518 87484 INFO oslo.service.wsgi [-] Stopping WSGI server. sysinv
