2019-05-24 14:29:07.942 77301 INFO sysinv.conductor.manager [req-ce2cc075-d2aa-45e5-80c2-0331f940ed4e None None] thread_id : 0 0 0 0 0 0
2019-05-24 14:29:07.955 77301 INFO sysinv.conductor.manager [req-ce2cc075-d2aa-45e5-80c2-0331f940ed4e None None] update_cpu_config, host uuid: (555dd65c-2edd-40fa-8dfd-af34fb4172a0), force: (False)
2019-05-24 14:29:07.985 77301 INFO sysinv.conductor.manager [req-ce2cc075-d2aa-45e5-80c2-0331f940ed4e None None] _config_update_hosts config_uuid=08896fc7-937b-416f-aa6f-c4cd86ddd713
2019-05-24 14:29:07.986 77301 INFO sysinv.conductor.manager [req-ce2cc075-d2aa-45e5-80c2-0331f940ed4e None None] applying runtime manifest config_uuid=08896fc7-937b-416f-aa6f-c4cd86ddd713, classes: ['platform::compute::grub::runtime', 'platform::compute::config::runtime']
2019-05-24 14:29:10.660 77301 INFO sysinv.agent.rpcapi [req-ce2cc075-d2aa-45e5-80c2-0331f940ed4e None None] config_apply_runtime_manifest: fanout_cast: sending config 08896fc7-937b-416f-aa6f-c4cd86ddd713 {'classes': ['platform::compute::grub::runtime', 'platform::compute::config::runtime'], 'force': False, 'personalities': ['controller', 'worker'], 'host_uuids': [u'555dd65c-2edd-40fa-8dfd-af34fb4172a0']} to agent
2019-05-24 14:29:12.853 77301 INFO sysinv.conductor.manager [req-ce2cc075-d2aa-45e5-80c2-0331f940ed4e None None] platform_interfaces host_id=1 info_list=[]
2019-05-24 14:29:13.962 109089 WARNING keystonemiddleware.auth_token [-] Using the in-process token cache is deprecated as of the 4.2.0 release and may be removed in the 5.0.0 release or the 'O' development cycle. The in-process cache causes inconsistent results and high memory usage. When the feature is removed the auth_token middleware will not cache tokens by default which may result in performance issues. It is recommended to use memcache for the auth_token token cache by setting the memcached_servers option.
2019-05-24 14:29:14.832 108806 INFO sysinv.agent.manager [-] Agent config applied 42c5f43f-7347-46c5-b810-442d72295cd6
2019-05-24 14:29:15.203 109090 WARNING keystonemiddleware.auth_token [-] Using the in-process token cache is deprecated as of the 4.2.0 release and may be removed in the 5.0.0 release or the 'O' development cycle. The in-process cache causes inconsistent results and high memory usage. When the feature is removed the auth_token middleware will not cache tokens by default which may result in performance issues. It is recommended to use memcache for the auth_token token cache by setting the memcached_servers option.
2019-05-24 14:29:16.443 109090 INFO sysinv.api.controllers.v1.host [-] controller-0 1. delta_handle ['uptime', 'task']
2019-05-24 14:29:23.287 109089 INFO sysinv.api.controllers.v1.host [-] controller-0 ihost_patch_start_2019-05-24-14-29-23 patch
2019-05-24 14:29:23.287 109089 INFO sysinv.api.controllers.v1.host [-] controller-0 1. delta_handle ['availability']
2019-05-24 14:29:23.310 109089 INFO sysinv.api.controllers.v1.host [-] host controller-0 ihost_patch_end_2019-05-24-14-29-23 patch
2019-05-24 14:29:23.358 109090 INFO sysinv.api.controllers.v1.host [-] controller-0 ihost_patch_start_2019-05-24-14-29-23 patch
2019-05-24 14:29:23.358 109090 INFO sysinv.api.controllers.v1.host [-] controller-0 1. delta_handle ['subfunction_avail']
2019-05-24 14:29:23.379 109090 INFO sysinv.api.controllers.v1.host [-] host controller-0 ihost_patch_end_2019-05-24-14-29-23 patch
2019-05-24 14:30:20.502 109089 WARNING wsme.api [-] Client-side error: The loopback interface cannot be changed for an all-in-one simplex system
2019-05-24 14:30:24.005 109090 WARNING sysinv.api.controllers.v1.ntp [-] ntp {'uuid': u'915d5ea0-f343-4344-a026-3a6072d2e2e3', 'created_at': datetime.datetime(2019, 5, 24, 14, 22, 19, 50343, tzinfo=), 'enabled': True, 'updated_at': None, 'ntpservers': u'0.pool.ntp.org,1.pool.ntp.org', 'action': None, 'isystem_uuid': u'4ea30041-b636-4189-89af-e6d74ac0c05d', 'id': 1, 'forisystemid': 1}
2019-05-24 14:30:24.056 109090 INFO sysinv.openstack.common.rpc.common [-] Connected to AMQP server on localhost:5672
2019-05-24 14:30:24.077 77301 INFO sysinv.conductor.manager [req-4c42ac6c-1786-48c8-948a-fc9ddc67f95e admin admin] _config_update_hosts config_uuid=e3708635-b359-4ad6-9d15-f097de2a7f3f
2019-05-24 14:30:34.139 109089 INFO sysinv.api.controllers.v1.interface [-] _update_interface_datanetworks interface={'ifcapabilities': {}, 'ipv4_mode': 'disabled', 'sriov_numvfs': 0, 'used_by': [], 'schedpolicy': None, 'updated_at': None, 'txhashpolicy': None, 'ihost_uuid': u'555dd65c-2edd-40fa-8dfd-af34fb4172a0', 'imtu': 1500, 'uses': [], 'imac': u'52:54:00:52:79:52', 'ipv6_pool': None, 'ipv6_mode': 'disabled', 'id': 3, 'vlan_id': None, 'forihostid': 1, 'iftype': u'ethernet', 'uuid': u'19aa8ac3-4943-4b26-9019-4ee0e2d8b452', 'ipv4_pool': None, 'created_at': datetime.datetime(2019, 5, 24, 14, 23, 38, 479510, tzinfo=), 'vlan_type': None, 'ifclass': u'data', 'networks': [], 'datanetworks': [], 'networktype': u'data', 'ifname': u'data0', 'ports': None, 'aemode': 'active_standby'} datanetworks=[u'physnet0'] pns=[u'physnet0']
2019-05-24 14:30:36.360 109089 INFO sysinv.api.controllers.v1.interface [-] _update_interface_datanetworks interface={'ifcapabilities': {}, 'ipv4_mode': 'disabled', 'sriov_numvfs': 0, 'used_by': [], 'schedpolicy': None, 'updated_at': None, 'txhashpolicy': None, 'ihost_uuid': u'555dd65c-2edd-40fa-8dfd-af34fb4172a0', 'imtu': 1500, 'uses': [], 'imac': u'52:54:00:58:9d:84', 'ipv6_pool': None, 'ipv6_mode': 'disabled', 'id': 4, 'vlan_id': None, 'forihostid': 1, 'iftype': u'ethernet', 'uuid': u'29bafa4d-b40d-4051-beb9-ef4cd7d54ad6', 'ipv4_pool': None, 'created_at': datetime.datetime(2019, 5, 24, 14, 23, 38, 593610, tzinfo=), 'vlan_type': None, 'ifclass': u'data', 'networks': [], 'datanetworks': [], 'networktype': u'data', 'ifname': u'data1', 'ports': None, 'aemode': 'active_standby'} datanetworks=[u'physnet1'] pns=[u'physnet1']
2019-05-24 14:30:37.995 109090 INFO sysinv.api.controllers.v1.label [-] patch_data: {'openstack-control-plane': 'enabled'}
2019-05-24 14:30:38.005 77301 INFO sysinv.conductor.manager [req-570b3bb5-9fee-4a00-8107-560219fa4607 admin admin] update_kubernetes_label: label_dict={u'openstack-control-plane': u'enabled'}
2019-05-24 14:30:38.066 109090 INFO sysinv.api.controllers.v1.rest_api [-] PATCH cmd:http://localhost:30001/nfvi-plugins/v1/hosts hdr:{'Content-type': 'application/json', 'User-Agent': 'sysinv/1.0'} payload:{"hostname": "controller-0", "uuid": "555dd65c-2edd-40fa-8dfd-af34fb4172a0"}
2019-05-24 14:30:38.067 109090 WARNING sysinv.api.controllers.v1.rest_api [-] URLError Error e=
2019-05-24 14:30:39.399 109089 INFO sysinv.api.controllers.v1.label [-] patch_data: {'openstack-compute-node': 'enabled'}
2019-05-24 14:30:39.437 109089 INFO sysinv.openstack.common.rpc.common [-] Connected to AMQP server on localhost:5672
2019-05-24 14:30:39.441 77301 INFO sysinv.conductor.manager [req-8b019e72-c306-4a42-a222-3cfc653bfaec admin admin] update_kubernetes_label: label_dict={u'openstack-compute-node': u'enabled'}
2019-05-24 14:30:39.476 109089 INFO sysinv.api.controllers.v1.rest_api [-] PATCH cmd:http://localhost:30001/nfvi-plugins/v1/hosts hdr:{'Content-type': 'application/json', 'User-Agent': 'sysinv/1.0'} payload:{"hostname": "controller-0", "uuid": "555dd65c-2edd-40fa-8dfd-af34fb4172a0"}
2019-05-24 14:30:39.477 109089 WARNING sysinv.api.controllers.v1.rest_api [-] URLError Error e=
2019-05-24 14:30:40.726 109090 INFO sysinv.api.controllers.v1.label [-] patch_data: {'openvswitch': 'enabled'}
2019-05-24 14:30:40.736 77301 INFO sysinv.conductor.manager [req-9aca58a4-d1da-4088-ac51-f9130a12d80b admin admin] update_kubernetes_label: label_dict={u'openvswitch': u'enabled'}
2019-05-24 14:30:40.769 109090 INFO sysinv.api.controllers.v1.rest_api [-] PATCH cmd:http://localhost:30001/nfvi-plugins/v1/hosts hdr:{'Content-type': 'application/json', 'User-Agent': 'sysinv/1.0'} payload:{"hostname": "controller-0", "uuid": "555dd65c-2edd-40fa-8dfd-af34fb4172a0"}
2019-05-24 14:30:40.769 109090 WARNING sysinv.api.controllers.v1.rest_api [-] URLError Error e=
2019-05-24 14:30:42.029 109090 INFO sysinv.api.controllers.v1.label [-] patch_data: {'sriov': 'enabled'}
2019-05-24 14:30:42.039 77301 INFO sysinv.conductor.manager [req-cf92a9a6-b50a-41ac-ba8a-c17351312a65 admin admin] update_kubernetes_label: label_dict={u'sriov': u'enabled'}
2019-05-24 14:30:42.075 109090 INFO sysinv.api.controllers.v1.rest_api [-] PATCH cmd:http://localhost:30001/nfvi-plugins/v1/hosts hdr:{'Content-type': 'application/json', 'User-Agent': 'sysinv/1.0'} payload:{"hostname": "controller-0", "uuid": "555dd65c-2edd-40fa-8dfd-af34fb4172a0"}
2019-05-24 14:30:42.076 109090 WARNING sysinv.api.controllers.v1.rest_api [-] URLError Error e=
2019-05-24 14:30:47.208 77301 INFO sysinv.conductor.manager [req-0d53bde4-b976-4f83-b137-95e6c7c4719c admin admin] _config_update_hosts config_uuid=4594d522-106e-43c1-8899-84ace4b1b64c
2019-05-24 14:30:47.208 77301 INFO sysinv.conductor.manager [req-0d53bde4-b976-4f83-b137-95e6c7c4719c admin admin] applying runtime manifest config_uuid=4594d522-106e-43c1-8899-84ace4b1b64c, classes: ['platform::partitions::runtime']
2019-05-24 14:30:49.164 77301 INFO sysinv.agent.rpcapi [req-0d53bde4-b976-4f83-b137-95e6c7c4719c admin admin] config_apply_runtime_manifest: fanout_cast: sending config 4594d522-106e-43c1-8899-84ace4b1b64c {'force': True, 'host_uuids': u'555dd65c-2edd-40fa-8dfd-af34fb4172a0', 'partition_uuid': u'df9d3a32-04ec-4666-acb6-ba1df5f5c6b0', 'report_status': 'manage_disk_partitions', 'classes': ['platform::partitions::runtime'], 'idisk_uuid': u'a70ac55d-ebf4-4385-8659-bee35e9bdf97', 'personalities': [u'controller']} to agent
2019-05-24 14:30:49.167 108806 INFO sysinv.agent.manager [req-0d53bde4-b976-4f83-b137-95e6c7c4719c admin admin] config_apply_runtime_manifest: 4594d522-106e-43c1-8899-84ace4b1b64c {u'force': True, u'host_uuids': u'555dd65c-2edd-40fa-8dfd-af34fb4172a0', u'partition_uuid': u'df9d3a32-04ec-4666-acb6-ba1df5f5c6b0', u'idisk_uuid': u'a70ac55d-ebf4-4385-8659-bee35e9bdf97', u'classes': [u'platform::partitions::runtime'], u'report_status': u'manage_disk_partitions', u'personalities': [u'controller']} controller
2019-05-24 14:30:49.167 108806 INFO sysinv.agent.manager [req-0d53bde4-b976-4f83-b137-95e6c7c4719c admin admin] controller-active
2019-05-24 14:30:49.167 108806 INFO sysinv.agent.manager [req-0d53bde4-b976-4f83-b137-95e6c7c4719c admin admin] _apply_runtime_manifest with hieradata_path = '/opt/platform/puppet/19.01/hieradata'
2019-05-24 14:30:55.556 115132 INFO manage-partitions [-] Called partition 'check' with 'None' 'None' and '[{"device_path": "/dev/disk/by-path/pci-0000:00:08.0-ata-1.0-part1", "start_mib": 1, "uuid": "2a3c080a-28a0-4251-a916-f958646c1625", "device_node": "/dev/sda1", "disk_device_path": "/dev/disk/by-path/pci-0000:00:08.0-ata-1.0", "type_guid": "21686148-6449-6e6f-744e-656564454649", "size_mib": 1}, {"device_path": "/dev/disk/by-path/pci-0000:00:08.0-ata-1.0-part2", "start_mib": 2, "uuid": "1eab4df2-55c3-44d8-afac-49269240c971", "device_node": "/dev/sda2", "disk_device_path": "/dev/disk/by-path/pci-0000:00:08.0-ata-1.0", "type_guid": "ebd0a0a2-b9e5-4433-87c0-68b6b72699c7", "size_mib": 500}, {"device_path": "/dev/disk/by-path/pci-0000:00:08.0-ata-1.0-part3", "start_mib": 502, "uuid": "ae388e11-a8b1-4e12-9802-2c5791c69d35", "device_node": "/dev/sda3", "disk_device_path": "/dev/disk/by-path/pci-0000:00:08.0-ata-1.0", "type_guid": "ebd0a0a2-b9e5-4433-87c0-68b6b72699c7", "size_mib": 20000}, {"device_path": "/dev/disk/by-path/pci-0000:00:08.0-ata-1.0-part4", "start_mib": 20502, "uuid": "fd2f0f55-98b3-4283-bedd-f2b7b0df0072", "device_node": "/dev/sda4", "disk_device_path": "/dev/disk/by-path/pci-0000:00:08.0-ata-1.0", "type_guid": "e6d6d379-f507-44c2-a23c-238f2a3df928", "size_mib": 224256}]'
2019-05-24 14:30:55.557 115132 INFO manage-partitions [-] Executing command: 'udevadm settle -E /dev/disk/by-path/pci-0000:00:08.0-ata-1.0'
2019-05-24 14:30:55.561 115132 INFO manage-partitions [-] Executing command: 'parted -s /dev/disk/by-path/pci-0000:00:08.0-ata-1.0 print'
2019-05-24 14:30:55.784 115132 INFO manage-partitions [-] Executing command: 'udevadm settle -E /dev/disk/by-path/pci-0000:00:08.0-ata-1.0'
2019-05-24 14:30:55.788 115132 INFO manage-partitions [-] Executing command: 'parted -s /dev/disk/by-path/pci-0000:00:08.0-ata-1.0 print'
2019-05-24 14:30:56.010 115132 INFO manage-partitions [-] Executing command: 'udevadm settle -E /dev/disk/by-path/pci-0000:00:08.0-ata-1.0'
2019-05-24 14:30:56.014 115132 INFO manage-partitions [-] Executing command: 'parted -s /dev/disk/by-path/pci-0000:00:08.0-ata-1.0 print'
2019-05-24 14:30:56.234 115132 INFO manage-partitions [-] Executing command: 'udevadm settle -E /dev/disk/by-path/pci-0000:00:08.0-ata-1.0'
2019-05-24 14:30:56.242 115132 INFO manage-partitions [-] Executing command: 'parted -s /dev/disk/by-path/pci-0000:00:08.0-ata-1.0 print'
2019-05-24 14:30:56.486 115132 INFO manage-partitions [-] Executing command: 'sgdisk -i 1 /dev/disk/by-path/pci-0000:00:08.0-ata-1.0'
2019-05-24 14:30:56.495 115132 INFO manage-partitions [-] Executing command: 'sgdisk -i 2 /dev/disk/by-path/pci-0000:00:08.0-ata-1.0'
2019-05-24 14:30:56.505 115132 INFO manage-partitions [-] Executing command: 'sgdisk -i 3 /dev/disk/by-path/pci-0000:00:08.0-ata-1.0'
2019-05-24 14:30:56.523 115132 INFO manage-partitions [-] Executing command: 'sgdisk -i 4 /dev/disk/by-path/pci-0000:00:08.0-ata-1.0'
2019-05-24 14:30:57.081 116258 INFO manage-partitions [-] Called partition 'create' with 'None' 'None' and '[{"ihost_uuid": "555dd65c-2edd-40fa-8dfd-af34fb4172a0", "disk_device_path": "/dev/disk/by-path/pci-0000:00:08.0-ata-1.0", "req_size_mib": 102400, "part_device_path": "/dev/disk/by-path/pci-0000:00:08.0-ata-1.0-part5", "req_guid": "ba5eba11-0000-1111-2222-000000000001", "req_uuid": "df9d3a32-04ec-4666-acb6-ba1df5f5c6b0"}]'
2019-05-24 14:30:57.082 116258 INFO manage-partitions [-] Executing command: 'udevadm settle -E /dev/disk/by-path/pci-0000:00:08.0-ata-1.0'
2019-05-24 14:30:57.085 116258 INFO manage-partitions [-] Executing command: 'parted -s /dev/disk/by-path/pci-0000:00:08.0-ata-1.0 print'
2019-05-24 14:30:57.303 116258 INFO manage-partitions [-] Executing command: 'sgdisk -i 5 /dev/disk/by-path/pci-0000:00:08.0-ata-1.0'
2019-05-24 14:30:57.314 116258 INFO manage-partitions [-] Executing pipe command: 'parted -s /dev/disk/by-path/pci-0000:00:08.0-ata-1.0 unit mib print free'
2019-05-24 14:30:57.547 116258 INFO manage-partitions [-] Executing pipe command: 'sgdisk -p /dev/disk/by-path/pci-0000:00:08.0-ata-1.0'
2019-05-24 14:30:57.662 116258 INFO manage-partitions [-] Executing command: 'blockdev --getss /dev/disk/by-path/pci-0000:00:08.0-ata-1.0'
2019-05-24 14:30:57.669 116258 INFO manage-partitions [-] Executing command: 'dd bs=512 if=/dev/zero of=/dev/disk/by-path/pci-0000:00:08.0-ata-1.0 oflag=direct count=34 seek=501264384'
2019-05-24 14:30:57.684 116258 INFO manage-partitions [-] Zero-out beginning of partition. Output: 34+0 records in 34+0 records out 17408 bytes (17 kB) copied, 0.0102987 s, 1.7 MB/s
2019-05-24 14:30:57.685 116258 INFO manage-partitions [-] Executing command: 'dd bs=512 if=/dev/zero of=/dev/disk/by-path/pci-0000:00:08.0-ata-1.0 oflag=direct count=34 seek=710979550'
2019-05-24 14:30:57.717 116258 INFO manage-partitions [-] Zero-out end of partition. Output: 34+0 records in 34+0 records out 17408 bytes (17 kB) copied, 0.0270311 s, 644 kB/s
2019-05-24 14:30:57.718 116258 INFO manage-partitions [-] Partition details: {'sector_size': 512, 'start_in_sectors': 501264384, 'size_in_sectors': 209715200, 'part_end': 710979550, 'disk_node': u'/dev/disk/by-path/pci-0000:00:08.0-ata-1.0'}
2019-05-24 14:30:57.718 116258 INFO manage-partitions [-] Executing command: 'udevadm settle -E /dev/disk/by-path/pci-0000:00:08.0-ata-1.0'
2019-05-24 14:30:57.727 116258 INFO manage-partitions [-] Executing command: 'parted -s /dev/disk/by-path/pci-0000:00:08.0-ata-1.0 unit mib mkpart primary 244758 347158'
2019-05-24 14:30:57.855 116258 INFO manage-partitions [-] Executing command: 'sgdisk --typecode=5:ba5eba11-0000-1111-2222-000000000001 --change-name=5:LVM Physical Volume /dev/disk/by-path/pci-0000:00:08.0-ata-1.0'
2019-05-24 14:30:58.995 116258 INFO manage-partitions [-] Executing command: 'ls /dev/disk/by-path/pci-0000:00:08.0-ata-1.0-part5'
2019-05-24 14:30:59.302 116258 INFO manage-partitions [-] Executing command: 'ls /dev/disk/by-path/pci-0000:00:08.0-ata-1.0-part5'
2019-05-24 14:30:59.605 116258 INFO manage-partitions [-] Executing command: 'ls /dev/disk/by-path/pci-0000:00:08.0-ata-1.0-part5'
2019-05-24 14:30:59.609 116258 INFO manage-partitions [-] Executing command: 'sgdisk -i 5 /dev/disk/by-path/pci-0000:00:08.0-ata-1.0'
2019-05-24 14:30:59.713 116258 INFO manage-partitions [-] Executing command: 'udevadm settle -E /dev/disk/by-path/pci-0000:00:08.0-ata-1.0'
2019-05-24 14:30:59.717 116258 INFO manage-partitions [-] Executing pipe command: 'sgdisk -p /dev/disk/by-path/pci-0000:00:08.0-ata-1.0'
2019-05-24 14:30:59.825 116258 INFO manage-partitions [-] Executing command: 'blockdev --getss /dev/disk/by-path/pci-0000:00:08.0-ata-1.0'
2019-05-24 14:30:59.942 116258 INFO sysinv.openstack.common.rpc.common [-] Connected to AMQP server on localhost:5672
2019-05-24 14:30:59.947 77301 INFO sysinv.conductor.manager [req-20d82642-8f4d-4ebf-a16a-8bc4aceae156 None None] PART updating information for partition df9d3a32-04ec-4666-acb6-ba1df5f5c6b0 on host 555dd65c-2edd-40fa-8dfd-af34fb4172a0 was successful: {u'status': 0, u'device_path': u'/dev/disk/by-path/pci-0000:00:08.0-ata-1.0-part5', u'start_mib': 244758.0, u'uuid': u'df9d3a32-04ec-4666-acb6-ba1df5f5c6b0', u'ihost_uuid': u'555dd65c-2edd-40fa-8dfd-af34fb4172a0', u'type_name': u'LVM Physical Volume', u'available_mib': 267240, u'end_mib': 347158.0, u'type_guid': u'ba5eba11-0000-1111-2222-000000000001', u'size_mib': 102400.0}
2019-05-24 14:31:00.287 108806 INFO sysinv.agent.manager [req-0d53bde4-b976-4f83-b137-95e6c7c4719c admin admin] Runtime manifest apply completed for classes [u'platform::partitions::runtime'].
2019-05-24 14:31:00.300 77301 INFO sysinv.conductor.manager [req-0d53bde4-b976-4f83-b137-95e6c7c4719c admin admin] PART manifest application for partition df9d3a32-04ec-4666-acb6-ba1df5f5c6b0 on host 555dd65c-2edd-40fa-8dfd-af34fb4172a0 was successful
2019-05-24 14:31:00.305 108806 INFO sysinv.agent.manager [req-0d53bde4-b976-4f83-b137-95e6c7c4719c admin admin] Agent config applied 4594d522-106e-43c1-8899-84ace4b1b64c
2019-05-24 14:31:12.436 109089 INFO sysinv.api.controllers.v1.lvg [-] Updated lvg capabilities={'concurrent_disk_operations': 2, 'instance_backing': 'image'}
2019-05-24 14:31:13.917 109089 WARNING wsme.api [-] Client-side error: No disk with id df9d3a32-04ec-4666-acb6-ba1df5f5c6b0
2019-05-24 14:31:15.507 77301 INFO sysinv.conductor.manager [req-d54c7ea2-3fa4-47de-ac66-5c4f05cd3786 admin admin] _config_update_hosts config_uuid=772641d7-a16e-4cc2-bbf1-ccf9981d8dca
2019-05-24 14:31:15.508 77301 INFO sysinv.conductor.manager [req-d54c7ea2-3fa4-47de-ac66-5c4f05cd3786 admin admin] applying runtime manifest config_uuid=772641d7-a16e-4cc2-bbf1-ccf9981d8dca, classes: ['platform::partitions::runtime']
2019-05-24 14:31:17.422 77301 INFO sysinv.agent.rpcapi [req-d54c7ea2-3fa4-47de-ac66-5c4f05cd3786 admin admin] config_apply_runtime_manifest: fanout_cast: sending config 772641d7-a16e-4cc2-bbf1-ccf9981d8dca {'force': True, 'host_uuids': u'555dd65c-2edd-40fa-8dfd-af34fb4172a0', 'partition_uuid': u'152a2f28-7356-415d-b7cc-efca09ac3513', 'report_status': 'manage_disk_partitions', 'classes': ['platform::partitions::runtime'], 'idisk_uuid': u'a70ac55d-ebf4-4385-8659-bee35e9bdf97', 'personalities': [u'controller']} to agent
2019-05-24 14:31:17.425 108806 INFO sysinv.agent.manager [req-d54c7ea2-3fa4-47de-ac66-5c4f05cd3786 admin admin] config_apply_runtime_manifest: 772641d7-a16e-4cc2-bbf1-ccf9981d8dca {u'force': True, u'host_uuids': u'555dd65c-2edd-40fa-8dfd-af34fb4172a0', u'partition_uuid': u'152a2f28-7356-415d-b7cc-efca09ac3513', u'idisk_uuid': u'a70ac55d-ebf4-4385-8659-bee35e9bdf97', u'classes': [u'platform::partitions::runtime'], u'report_status': u'manage_disk_partitions', u'personalities': [u'controller']} controller
2019-05-24 14:31:17.426 108806 INFO sysinv.agent.manager [req-d54c7ea2-3fa4-47de-ac66-5c4f05cd3786 admin admin] controller-active
2019-05-24 14:31:17.426 108806 INFO sysinv.agent.manager [req-d54c7ea2-3fa4-47de-ac66-5c4f05cd3786 admin admin] _apply_runtime_manifest with hieradata_path = '/opt/platform/puppet/19.01/hieradata'
2019-05-24 14:31:20.027 77301 INFO sysinv.conductor.manager [-] Sending agent update request for host 1 to update (audit_lvg, audit_partition, audit_pv)
2019-05-24 14:31:20.036 77301 INFO sysinv.agent.rpcapi [-] AgentApi.agent_update: fanout_cast: sending update request to agent for: (audit_lvg, audit_partition, audit_pv)
2019-05-24 14:31:23.864 119814 INFO manage-partitions [-] Called partition 'check' with 'None' 'None' and '[{"device_path": "/dev/disk/by-path/pci-0000:00:08.0-ata-1.0-part1", "start_mib": 1, "uuid": "2a3c080a-28a0-4251-a916-f958646c1625", "device_node": "/dev/sda1", "disk_device_path": "/dev/disk/by-path/pci-0000:00:08.0-ata-1.0", "type_guid": "21686148-6449-6e6f-744e-656564454649", "size_mib": 1}, {"device_path": "/dev/disk/by-path/pci-0000:00:08.0-ata-1.0-part2", "start_mib": 2, "uuid": "1eab4df2-55c3-44d8-afac-49269240c971", "device_node": "/dev/sda2", "disk_device_path": "/dev/disk/by-path/pci-0000:00:08.0-ata-1.0", "type_guid": "ebd0a0a2-b9e5-4433-87c0-68b6b72699c7", "size_mib": 500}, {"device_path": "/dev/disk/by-path/pci-0000:00:08.0-ata-1.0-part3", "start_mib": 502, "uuid": "ae388e11-a8b1-4e12-9802-2c5791c69d35", "device_node": "/dev/sda3", "disk_device_path": "/dev/disk/by-path/pci-0000:00:08.0-ata-1.0", "type_guid": "ebd0a0a2-b9e5-4433-87c0-68b6b72699c7", "size_mib": 20000}, {"device_path": "/dev/disk/by-path/pci-0000:00:08.0-ata-1.0-part4", "start_mib": 20502, "uuid": "fd2f0f55-98b3-4283-bedd-f2b7b0df0072", "device_node": "/dev/sda4", "disk_device_path": "/dev/disk/by-path/pci-0000:00:08.0-ata-1.0", "type_guid": "e6d6d379-f507-44c2-a23c-238f2a3df928", "size_mib": 224256}, {"device_path": "/dev/disk/by-path/pci-0000:00:08.0-ata-1.0-part5", "start_mib": 244758, "uuid": "df9d3a32-04ec-4666-acb6-ba1df5f5c6b0", "device_node": "/dev/sda5", "disk_device_path": "/dev/disk/by-path/pci-0000:00:08.0-ata-1.0", "type_guid": "ba5eba11-0000-1111-2222-000000000001", "size_mib": 102400}]'
2019-05-24 14:31:23.865 119814 INFO manage-partitions [-] Executing command: 'udevadm settle -E /dev/disk/by-path/pci-0000:00:08.0-ata-1.0'
2019-05-24 14:31:23.869 119814 INFO manage-partitions [-] Executing command: 'parted -s /dev/disk/by-path/pci-0000:00:08.0-ata-1.0 print'
2019-05-24 14:31:24.107 119814 INFO manage-partitions [-] Executing command: 'udevadm settle -E /dev/disk/by-path/pci-0000:00:08.0-ata-1.0'
2019-05-24 14:31:24.110 119814 INFO manage-partitions [-] Executing command: 'parted -s /dev/disk/by-path/pci-0000:00:08.0-ata-1.0 print'
2019-05-24 14:31:24.347 119814 INFO manage-partitions [-] Executing command: 'udevadm settle -E /dev/disk/by-path/pci-0000:00:08.0-ata-1.0'
2019-05-24 14:31:24.351 119814 INFO manage-partitions [-] Executing command: 'parted -s /dev/disk/by-path/pci-0000:00:08.0-ata-1.0 print'
2019-05-24 14:31:24.583 119814 INFO manage-partitions [-] Executing command: 'udevadm settle -E /dev/disk/by-path/pci-0000:00:08.0-ata-1.0'
2019-05-24 14:31:24.591 119814 INFO manage-partitions [-] Executing command: 'parted -s /dev/disk/by-path/pci-0000:00:08.0-ata-1.0 print'
2019-05-24 14:31:24.844 119814 INFO manage-partitions [-] Executing command: 'udevadm settle -E /dev/disk/by-path/pci-0000:00:08.0-ata-1.0'
2019-05-24 14:31:24.852 119814 INFO manage-partitions [-] Executing command: 'parted -s /dev/disk/by-path/pci-0000:00:08.0-ata-1.0 print'
2019-05-24 14:31:25.099 119814 INFO manage-partitions [-] Executing command: 'sgdisk -i 1 /dev/disk/by-path/pci-0000:00:08.0-ata-1.0'
2019-05-24 14:31:25.109 119814 INFO manage-partitions [-] Executing command: 'sgdisk -i 2 /dev/disk/by-path/pci-0000:00:08.0-ata-1.0'
2019-05-24 14:31:25.118 119814 INFO manage-partitions [-] Executing command: 'sgdisk -i 3 /dev/disk/by-path/pci-0000:00:08.0-ata-1.0'
2019-05-24 14:31:25.131 119814 INFO manage-partitions [-] Executing command: 'sgdisk -i 4 /dev/disk/by-path/pci-0000:00:08.0-ata-1.0'
2019-05-24 14:31:25.141 119814 INFO manage-partitions [-] Executing command: 'sgdisk -i 5 /dev/disk/by-path/pci-0000:00:08.0-ata-1.0'
2019-05-24 14:31:25.721 120969 INFO manage-partitions [-] Called partition 'create' with 'None' 'None' and '[{"ihost_uuid": "555dd65c-2edd-40fa-8dfd-af34fb4172a0", "disk_device_path": "/dev/disk/by-path/pci-0000:00:08.0-ata-1.0", "req_size_mib": 20480, "part_device_path": "/dev/disk/by-path/pci-0000:00:08.0-ata-1.0-part6", "req_guid": "ba5eba11-0000-1111-2222-000000000001", "req_uuid": "152a2f28-7356-415d-b7cc-efca09ac3513"}]'
2019-05-24 14:31:25.722 120969 INFO manage-partitions [-] Executing command: 'udevadm settle -E /dev/disk/by-path/pci-0000:00:08.0-ata-1.0'
2019-05-24 14:31:25.725 120969 INFO manage-partitions [-] Executing command: 'parted -s /dev/disk/by-path/pci-0000:00:08.0-ata-1.0 print'
2019-05-24 14:31:25.951 120969 INFO manage-partitions [-] Executing command: 'sgdisk -i 6 /dev/disk/by-path/pci-0000:00:08.0-ata-1.0'
2019-05-24 14:31:25.963 120969 INFO manage-partitions [-] Executing pipe command: 'parted -s /dev/disk/by-path/pci-0000:00:08.0-ata-1.0 unit mib print free'
2019-05-24 14:31:26.219 120969 INFO manage-partitions [-] Executing pipe command: 'sgdisk -p /dev/disk/by-path/pci-0000:00:08.0-ata-1.0'
2019-05-24 14:31:26.338 120969 INFO manage-partitions [-] Executing command: 'blockdev --getss /dev/disk/by-path/pci-0000:00:08.0-ata-1.0'
2019-05-24 14:31:26.344 120969 INFO manage-partitions [-] Executing command: 'dd bs=512 if=/dev/zero of=/dev/disk/by-path/pci-0000:00:08.0-ata-1.0 oflag=direct count=34 seek=710979584'
2019-05-24 14:31:26.366 120969 INFO manage-partitions [-] Zero-out beginning of partition. Output: 34+0 records in 34+0 records out 17408 bytes (17 kB) copied, 0.0132276 s, 1.3 MB/s
2019-05-24 14:31:26.367 120969 INFO manage-partitions [-] Executing command: 'dd bs=512 if=/dev/zero of=/dev/disk/by-path/pci-0000:00:08.0-ata-1.0 oflag=direct count=34 seek=752922590'
2019-05-24 14:31:26.392 120969 INFO manage-partitions [-] Zero-out end of partition. Output: 34+0 records in 34+0 records out 17408 bytes (17 kB) copied, 0.0184719 s, 942 kB/s
2019-05-24 14:31:26.392 120969 INFO manage-partitions [-] Partition details: {'sector_size': 512, 'start_in_sectors': 710979584, 'size_in_sectors': 41943040, 'part_end': 752922590, 'disk_node': u'/dev/disk/by-path/pci-0000:00:08.0-ata-1.0'}
2019-05-24 14:31:26.392 120969 INFO manage-partitions [-] Executing command: 'udevadm settle -E /dev/disk/by-path/pci-0000:00:08.0-ata-1.0'
2019-05-24 14:31:26.398 120969 INFO manage-partitions [-] Executing command: 'parted -s /dev/disk/by-path/pci-0000:00:08.0-ata-1.0 unit mib mkpart primary 347158 367638'
2019-05-24 14:31:26.529 120969 INFO manage-partitions [-] Executing command: 'sgdisk --typecode=6:ba5eba11-0000-1111-2222-000000000001 --change-name=6:LVM Physical Volume /dev/disk/by-path/pci-0000:00:08.0-ata-1.0'
2019-05-24 14:31:27.675 120969 INFO manage-partitions [-] Executing command: 'ls /dev/disk/by-path/pci-0000:00:08.0-ata-1.0-part6'
2019-05-24 14:31:27.979 120969 INFO manage-partitions [-] Executing command: 'ls /dev/disk/by-path/pci-0000:00:08.0-ata-1.0-part6'
2019-05-24 14:31:28.285 120969 INFO manage-partitions [-] Executing command: 'ls /dev/disk/by-path/pci-0000:00:08.0-ata-1.0-part6'
2019-05-24 14:31:28.289 120969 INFO manage-partitions [-] Executing command: 'sgdisk -i 6 /dev/disk/by-path/pci-0000:00:08.0-ata-1.0'
2019-05-24 14:31:28.393 120969 INFO manage-partitions [-] Executing command: 'udevadm settle -E /dev/disk/by-path/pci-0000:00:08.0-ata-1.0'
2019-05-24 14:31:28.403 120969 INFO manage-partitions [-] Executing pipe command: 'sgdisk -p /dev/disk/by-path/pci-0000:00:08.0-ata-1.0'
2019-05-24 14:31:28.510 120969 INFO manage-partitions [-] Executing command: 'blockdev --getss /dev/disk/by-path/pci-0000:00:08.0-ata-1.0'
2019-05-24 14:31:28.602 120969 INFO sysinv.openstack.common.rpc.common [-] Connected to AMQP server on localhost:5672
2019-05-24 14:31:28.606 77301 INFO sysinv.conductor.manager [req-9e3f02d8-bc2c-4fdd-a21c-c790729b5569 None None] PART updating information for partition 152a2f28-7356-415d-b7cc-efca09ac3513 on host 555dd65c-2edd-40fa-8dfd-af34fb4172a0 was successful: {u'status': 0, u'device_path': u'/dev/disk/by-path/pci-0000:00:08.0-ata-1.0-part6', u'start_mib': 347158.0, u'uuid': u'152a2f28-7356-415d-b7cc-efca09ac3513', u'ihost_uuid': u'555dd65c-2edd-40fa-8dfd-af34fb4172a0', u'type_name': u'LVM Physical Volume', u'available_mib': 246760, u'end_mib': 367638.0, u'type_guid': u'ba5eba11-0000-1111-2222-000000000001', u'size_mib': 20480.0}
2019-05-24 14:31:28.973 108806 INFO sysinv.agent.manager [req-d54c7ea2-3fa4-47de-ac66-5c4f05cd3786 admin admin] Runtime manifest apply completed for classes [u'platform::partitions::runtime'].
2019-05-24 14:31:28.987 77301 INFO sysinv.conductor.manager [req-d54c7ea2-3fa4-47de-ac66-5c4f05cd3786 admin admin] PART manifest application for partition 152a2f28-7356-415d-b7cc-efca09ac3513 on host 555dd65c-2edd-40fa-8dfd-af34fb4172a0 was successful
2019-05-24 14:31:28.993 108806 INFO sysinv.agent.manager [req-d54c7ea2-3fa4-47de-ac66-5c4f05cd3786 admin admin] Agent config applied 772641d7-a16e-4cc2-bbf1-ccf9981d8dca
2019-05-24 14:31:30.816 77301 INFO sysinv.conductor.manager [req-4fe609d6-7d62-47f6-9a8c-6d86c4324950 None None] PV not found in Agent. uuid: 4ba88c51-5f2c-4279-b36d-24e6288e0211 current state: adding
2019-05-24 14:31:41.081 109090 WARNING wsme.api [-] Client-side error: No disk with id 152a2f28-7356-415d-b7cc-efca09ac3513
2019-05-24 14:31:44.043 77301 INFO sysinv.conductor.manager [req-b7e331a2-e9c6-453e-a6c3-bf44fd4a9f52 admin admin] _config_update_hosts config_uuid=901f3567-6088-4b28-a7bc-35a91a393ff5
2019-05-24 14:31:46.541 109089 INFO sysinv.api.controllers.v1.host [-] controller-0 ihost_patch_start_2019-05-24-14-31-46 patch
2019-05-24 14:31:46.541 109089 INFO sysinv.api.controllers.v1.host [-] controller-0 1. delta_handle ['action']
2019-05-24 14:31:46.554 109089 INFO sysinv.api.controllers.v1.host [-] controller-0 ihost check_unlock_controller
2019-05-24 14:31:46.657 109089 INFO sysinv.api.controllers.v1.host [-] controller-0 ihost check_unlock_worker
2019-05-24 14:31:47.727 109089 INFO sysinv.api.controllers.v1.host [-] Updating mem values of host(controller-0) node(1): {'vm_hugepages_nr_4K': 4394496}
2019-05-24 14:31:48.380 109089 INFO sysinv.api.controllers.v1.rest_api [-] GET cmd:http://192.168.204.2:5491/v1/query_hosts/ hdr:None payload:None
2019-05-24 14:31:48.381 109089 WARNING sysinv.api.controllers.v1.rest_api [-] URLError Error e=
2019-05-24 14:31:48.381 109089 WARNING sysinv.api.controllers.v1.host [-] No response from patch api controller-0 e='NoneType' object has no attribute '__getitem__'
2019-05-24 14:31:48.381 109089 INFO sysinv.api.controllers.v1.host [-] controller-0 _semantic_mtc_check_action unlock
2019-05-24 14:31:48.381 109089 INFO sysinv.api.controllers.v1.host [-] controller-0 action=unlock ihost_val_prenotify: {'ihost_action': 'unlock'} ihost_val: {'ihost_action': 'unlock', 'task': u'Unlocking'}
2019-05-24 14:31:48.381 109089 INFO sysinv.api.controllers.v1.host [-] controller-0 host.update.ihost_val_prenotify {'ihost_action': 'unlock'}
2019-05-24 14:31:48.381 109089 INFO sysinv.api.controllers.v1.host [-] controller-0 action_check action=unlock, notify_vim=False notify_mtce=True rc=True
2019-05-24 14:31:48.381 109089 INFO sysinv.api.controllers.v1.host [-] controller-0 post action_check hostupdate action=unlock notify_vim=False notify_mtc=True skip_notify_mtce=False
2019-05-24 14:31:48.382 109089 INFO sysinv.api.controllers.v1.host [-] controller-0 stage_action unlock
2019-05-24 14:31:48.382 109089 INFO sysinv.api.controllers.v1.host [-] controller-0 _handle_unlock_action
2019-05-24 14:31:48.382 109089 INFO sysinv.api.controllers.v1.host [-] controller-0 Action staged: unlock
2019-05-24 14:31:48.382 109089 INFO sysinv.api.controllers.v1.host [-] controller-0 post action_stage hostupdate action=unlock notify_vim=False notify_mtc=True skip_notify_mtce=False
2019-05-24 14:31:48.382 109089 INFO sysinv.api.controllers.v1.host [-] controller-0 2. delta_handle ['action']
2019-05-24 14:31:48.382 109089 INFO sysinv.api.controllers.v1.host [-] controller-0 post delta_handle hostupdate action=unlock notify_vim=False notify_mtc=True skip_notify_mtce=False
2019-05-24 14:31:48.382 109089 INFO sysinv.api.controllers.v1.host [-] update ihost_val_prenotify: {'ihost_action': 'unlock'}
2019-05-24 14:31:48.399 109089 INFO sysinv.api.controllers.v1.host [-] controller-0 apply ihost_val {'ihost_action': 'unlock', 'task': u'Unlocking'}
2019-05-24 14:31:48.399 109089 INFO sysinv.api.controllers.v1.host [-] controller-0 Perform configure_ihost.
2019-05-24 14:31:50.717 77301 INFO sysinv.conductor.manager [req-24f78d2f-3a7e-4e02-9ef8-c63451e11c68 admin admin] _config_update_hosts config_uuid=4f82f7a4-bda7-4a97-b8bc-0ad20d24a125
2019-05-24 14:31:50.717 77301 INFO sysinv.conductor.manager [req-24f78d2f-3a7e-4e02-9ef8-c63451e11c68 admin admin] applying runtime manifest config_uuid=cf82f7a4-bda7-4a97-b8bc-0ad20d24a125, classes: ['platform::compute::grub::runtime', 'platform::compute::config::runtime']
2019-05-24 14:31:52.634 77301 INFO sysinv.agent.rpcapi [req-24f78d2f-3a7e-4e02-9ef8-c63451e11c68 admin admin] config_apply_runtime_manifest: fanout_cast: sending config cf82f7a4-bda7-4a97-b8bc-0ad20d24a125 {'classes': ['platform::compute::grub::runtime', 'platform::compute::config::runtime'], 'force': True, 'personalities': ['controller'], 'host_uuids': [u'555dd65c-2edd-40fa-8dfd-af34fb4172a0']} to agent
2019-05-24 14:31:52.637 108806 INFO sysinv.agent.manager [req-24f78d2f-3a7e-4e02-9ef8-c63451e11c68 admin admin] config_apply_runtime_manifest: cf82f7a4-bda7-4a97-b8bc-0ad20d24a125 {u'classes': [u'platform::compute::grub::runtime', u'platform::compute::config::runtime'], u'force': True, u'personalities': [u'controller'], u'host_uuids': [u'555dd65c-2edd-40fa-8dfd-af34fb4172a0']} controller
2019-05-24 14:31:52.637 108806 INFO sysinv.agent.manager [req-24f78d2f-3a7e-4e02-9ef8-c63451e11c68 admin admin] controller-active
2019-05-24 14:31:52.637 108806 INFO sysinv.agent.manager [req-24f78d2f-3a7e-4e02-9ef8-c63451e11c68 admin admin] _apply_runtime_manifest with hieradata_path = '/opt/platform/puppet/19.01/hieradata'
2019-05-24 14:31:52.659 77301 INFO sysinv.conductor.manager [req-24f78d2f-3a7e-4e02-9ef8-c63451e11c68 admin admin] _config_update_hosts config_uuid=2b13195a-418c-4d7a-9344-ed8058e33f76
2019-05-24 14:31:53.572 109089 INFO sysinv.api.controllers.v1.host [-] controller-0 Action unlock perform notify_mtce
2019-05-24 14:31:53.572 109089 INFO sysinv.api.controllers.v1.mtce_api [-] host_add for controller-0 cmd=http://localhost:2112/v1/hosts/ hdr={'Content-type': 'application/json', 'User-Agent': 'sysinv/1.0'} payload={'tboot': u'false', 'ttys_dcd': None, 'subfunctions': u'controller,worker', 'bm_ip': None, 'install_state': None, 'rootfs_device': u'/dev/disk/by-path/pci-0000:00:08.0-ata-1.0', 'bm_username': None, 'operation': 'add', 'serialid': None, 'id': 1, 'vim_progress_status': None, 'console': u'ttyS0,115200', 'uuid': u'555dd65c-2edd-40fa-8dfd-af34fb4172a0', 'mgmt_ip': u'192.168.204.3', 'software_load': u'19.01', 'config_status': None, 'hostname': u'controller-0', 'iscsi_initiator_name': None, 'capabilities': {u'stor_function': u'monitor'}, 'install_output': u'text', 'location': {}, 'availability': u'online', 'invprovision': u'provisioning', 'peer_id': None, 'administrative': u'locked', 'personality': u'controller', 'recordtype': u'standard', 'bm_mac': None, 'mtce_info': None, 'isystem_uuid': u'4ea30041-b636-4189-89af-e6d74ac0c05d', 'boot_device': u'/dev/disk/by-path/pci-0000:00:08.0-ata-1.0', 'install_state_info': None, 'mgmt_mac': u'00:00:00:00:00:00', 'subfunction_oper': u'disabled', 'target_load': u'19.01', 'vsc_controllers': None, 'operational': u'disabled', 'subfunction_avail': u'online', 'action': u'unlock', 'bm_type': None}
2019-05-24 14:31:53.572 109089 INFO sysinv.api.controllers.v1.rest_api [-] POST cmd:http://localhost:2112/v1/hosts/ hdr:{'Content-type': 'application/json', 'User-Agent': 'sysinv/1.0'} payload:{"tboot": "false", "ttys_dcd": null, "subfunctions": "controller,worker", "bm_ip": null, "install_state": null, "rootfs_device": "/dev/disk/by-path/pci-0000:00:08.0-ata-1.0", "bm_username": null, "operation": "add", "serialid": null, "id": 1, "vim_progress_status": null, "console": "ttyS0,115200", "uuid": "555dd65c-2edd-40fa-8dfd-af34fb4172a0", "mgmt_ip": "192.168.204.3", "software_load": "19.01", "config_status": null, "hostname": "controller-0", "iscsi_initiator_name": null, "capabilities": {"stor_function": "monitor"}, "install_output": "text", "location": {}, "availability": "online", "invprovision": "provisioning", "peer_id": null, "administrative": "locked", "personality": "controller", "recordtype": "standard", "bm_mac": null, "mtce_info": null, "isystem_uuid": "4ea30041-b636-4189-89af-e6d74ac0c05d", "boot_device": "/dev/disk/by-path/pci-0000:00:08.0-ata-1.0", "install_state_info": null, "mgmt_mac": "00:00:00:00:00:00", "subfunction_oper": "disabled", "target_load": "19.01", "vsc_controllers": null, "operational": "disabled", "subfunction_avail": "online", "action": "unlock", "bm_type": null}
2019-05-24 14:31:53.579 109089 INFO sysinv.api.controllers.v1.rest_api [-] Response={u'status': u'pass'}
2019-05-24 14:31:53.610 109090 INFO sysinv.api.controllers.v1.host [-] controller-0 1. delta_handle ['uptime', 'task']
2019-05-24 14:31:53.635 109089 INFO sysinv.api.controllers.v1.host [-] stx-openstack system app not present, skipping re-apply
2019-05-24 14:31:53.635 109089 INFO sysinv.api.controllers.v1.host [-] host controller-0 ihost_patch_end_2019-05-24-14-31-53 patch
2019-05-24 14:31:59.804 108806 INFO sysinv.agent.manager [req-24f78d2f-3a7e-4e02-9ef8-c63451e11c68 admin admin] Runtime manifest apply completed for classes [u'platform::compute::grub::runtime', u'platform::compute::config::runtime'].
2019-05-24 14:31:59.805 108806 INFO sysinv.agent.manager [req-24f78d2f-3a7e-4e02-9ef8-c63451e11c68 admin admin] Agent config applied cf82f7a4-bda7-4a97-b8bc-0ad20d24a125
2019-05-24 14:31:59.843 109089 INFO sysinv.api.controllers.v1.host [-] controller-0 ihost_patch_start_2019-05-24-14-31-59 patch
2019-05-24 14:31:59.844 109089 INFO sysinv.api.controllers.v1.host [-] controller-0 1. delta_handle ['subfunction_avail', 'administrative', 'availability']
2019-05-24 14:31:59.844 109089 INFO sysinv.api.controllers.v1.host [-] controller-0 2. delta_handle ['administrative']
2019-05-24 14:31:59.844 109089 INFO sysinv.api.controllers.v1.host [-] controller-0 post delta_handle hostupdate action=None notify_vim=False notify_mtc=False skip_notify_mtce=False
2019-05-24 14:31:59.875 109089 INFO sysinv.api.controllers.v1.host [-] host controller-0 ihost_patch_end_2019-05-24-14-31-59 patch
2019-05-24 14:31:59.898 109089 INFO sysinv.api.controllers.v1.host [-] controller-0 1. delta_handle ['uptime', 'task']
2019-05-24 14:32:20.005 77301 INFO sysinv.conductor.manager [-] Sending agent update request for host 1 to update (audit_lvg, audit_pv)
2019-05-24 14:32:20.011 77301 INFO sysinv.agent.rpcapi [-] AgentApi.agent_update: fanout_cast: sending update request to agent for: (audit_lvg, audit_pv)
2019-05-24 14:32:21.841 77301 INFO sysinv.conductor.manager [req-68d4d036-53b0-4f4e-95a1-5f123dc04706 None None] PV not found in Agent. uuid: 4ba88c51-5f2c-4279-b36d-24e6288e0211 current state: adding
2019-05-24 14:32:21.841 77301 INFO sysinv.conductor.manager [req-68d4d036-53b0-4f4e-95a1-5f123dc04706 None None] PV not found in Agent. uuid: e4b502f5-2a22-403e-84b3-55aa736fe773 current state: adding
2019-05-24 14:32:30.727 109089 INFO oslo_service.service [-] Child caught SIGHUP, exiting
2019-05-24 14:32:30.729 109090 INFO oslo_service.service [-] Child caught SIGHUP, exiting
2019-05-24 14:32:30.731 109090 INFO oslo.service.wsgi [-] Stopping WSGI server.
2019-05-24 14:32:30.745 109089 INFO oslo.service.wsgi [-] Stopping WSGI server.
2019-05-24 14:32:30.758 108936 INFO oslo_service.service [-] Caught SIGTERM, stopping children
2019-05-24 14:32:30.759 108936 INFO oslo.service.wsgi [-] Stopping WSGI server.
2019-05-24 14:32:30.759 108936 INFO oslo_service.service [-] Waiting on 2 children to exit
2019-05-24 14:32:30.763 109090 INFO oslo.service.wsgi [-] Stopping WSGI server.
2019-05-24 14:32:30.767 109089 INFO oslo.service.wsgi [-] Stopping WSGI server.
2019-05-24 14:32:30.807 108936 INFO oslo_service.service [-] Child 109089 exited with status 0
2019-05-24 14:32:30.807 108936 INFO oslo_service.service [-] Child 109090 exited with status 0
2019-05-24 14:32:32.503 77301 INFO sysinv.openstack.common.service [-] Caught SIGTERM, exiting
2019-05-24 14:32:34.569 108806 ERROR sysinv.openstack.common.rpc.common [-] Failed to consume message from queue: Socket closed
2019-05-24 14:32:34.569 108806 TRACE sysinv.openstack.common.rpc.common
Traceback (most recent call last):
2019-05-24 14:32:34.569 108806 TRACE sysinv.openstack.common.rpc.common
File "/usr/lib64/python2.7/site-packages/sysinv/openstack/common/rpc/impl_kombu.py", line 564, in ensure
2019-05-24 14:32:34.569 108806 TRACE sysinv.openstack.common.rpc.common return method(*args, **kwargs)
2019-05-24 14:32:34.569 108806 TRACE sysinv.openstack.common.rpc.common
File "/usr/lib64/python2.7/site-packages/sysinv/openstack/common/rpc/impl_kombu.py", line 644, in _consume
2019-05-24 14:32:34.569 108806 TRACE sysinv.openstack.common.rpc.common return self.connection.drain_events(timeout=timeout)
2019-05-24 14:32:34.569 108806 TRACE sysinv.openstack.common.rpc.common
File "/usr/lib/python2.7/site-packages/kombu/connection.py", line 301, in drain_events
2019-05-24 14:32:34.569 108806 TRACE sysinv.openstack.common.rpc.common return self.transport.drain_events(self.connection, **kwargs)
2019-05-24 14:32:34.569 108806 TRACE sysinv.openstack.common.rpc.common
File "/usr/lib/python2.7/site-packages/kombu/transport/pyamqp.py", line 103, in drain_events
2019-05-24 14:32:34.569 108806 TRACE sysinv.openstack.common.rpc.common return connection.drain_events(**kwargs)
2019-05-24 14:32:34.569 108806 TRACE sysinv.openstack.common.rpc.common
File "/usr/lib/python2.7/site-packages/amqp/connection.py", line 464, in drain_events
2019-05-24 14:32:34.569 108806 TRACE sysinv.openstack.common.rpc.common return self.blocking_read(timeout)
2019-05-24 14:32:34.569 108806 TRACE sysinv.openstack.common.rpc.common
File "/usr/lib/python2.7/site-packages/amqp/connection.py", line 468, in blocking_read
2019-05-24 14:32:34.569 108806 TRACE sysinv.openstack.common.rpc.common frame = self.transport.read_frame()
2019-05-24 14:32:34.569 108806 TRACE sysinv.openstack.common.rpc.common
File "/usr/lib/python2.7/site-packages/amqp/transport.py", line 269, in read_frame
2019-05-24 14:32:34.569 108806 TRACE sysinv.openstack.common.rpc.common frame_header = read(7, True)
2019-05-24 14:32:34.569 108806 TRACE sysinv.openstack.common.rpc.common
File "/usr/lib/python2.7/site-packages/amqp/transport.py", line 417, in _read
2019-05-24 14:32:34.569 108806 TRACE sysinv.openstack.common.rpc.common raise IOError('Socket closed')
2019-05-24 14:32:34.569 108806 TRACE sysinv.openstack.common.rpc.common IOError: Socket closed
2019-05-24 14:32:34.569 108806 TRACE sysinv.openstack.common.rpc.common
2019-05-24 14:32:34.571 108806 INFO sysinv.openstack.common.rpc.common [-] Reconnecting to AMQP server on localhost:5672
2019-05-24 14:32:34.577 108806 ERROR sysinv.openstack.common.rpc.common [-] AMQP server on localhost:5672 is unreachable: [Errno 111] ECONNREFUSED. Trying again in 1 seconds.
2019-05-24 14:32:35.578 108806 INFO sysinv.openstack.common.rpc.common [-] Reconnecting to AMQP server on localhost:5672
2019-05-24 14:32:35.586 108806 ERROR sysinv.openstack.common.rpc.common [-] AMQP server on localhost:5672 is unreachable: [Errno 111] ECONNREFUSED. Trying again in 3 seconds.
2019-05-24 14:32:38.330 108806 INFO sysinv.openstack.common.service [-] Caught SIGTERM, exiting
2019-05-24 14:36:13.420 11486 INFO sysinv.agent.lldp.manager [-] Configured sysinv LLDP agent drivers: []
2019-05-24 14:36:13.443 11486 INFO sysinv.agent.lldp.manager [-] Loaded sysinv LLDP agent drivers: []
2019-05-24 14:36:13.443 11486 INFO sysinv.agent.lldp.manager [-] Registered sysinv LLDP agent drivers: []
2019-05-24 14:36:13.571 11486 ERROR sysinv.openstack.common.rpc.common [-] AMQP server on localhost:5672 is unreachable: [Errno 111] ECONNREFUSED. Trying again in 1 seconds.
2019-05-24 14:36:14.572 11486 INFO sysinv.openstack.common.rpc.common [-] Reconnecting to AMQP server on localhost:5672
2019-05-24 14:36:14.577 11486 ERROR sysinv.openstack.common.rpc.common [-] AMQP server on localhost:5672 is unreachable: [Errno 111] ECONNREFUSED. Trying again in 3 seconds.
2019-05-24 14:36:17.580 11486 INFO sysinv.openstack.common.rpc.common [-] Reconnecting to AMQP server on localhost:5672
2019-05-24 14:36:17.584 11486 ERROR sysinv.openstack.common.rpc.common [-] AMQP server on localhost:5672 is unreachable: [Errno 111] ECONNREFUSED. Trying again in 5 seconds.
2019-05-24 14:36:22.587 11486 INFO sysinv.openstack.common.rpc.common [-] Reconnecting to AMQP server on localhost:5672
2019-05-24 14:36:22.591 11486 ERROR sysinv.openstack.common.rpc.common [-] AMQP server on localhost:5672 is unreachable: [Errno 111] ECONNREFUSED. Trying again in 7 seconds.
2019-05-24 14:36:29.593 11486 INFO sysinv.openstack.common.rpc.common [-] Reconnecting to AMQP server on localhost:5672
2019-05-24 14:36:29.597 11486 ERROR sysinv.openstack.common.rpc.common [-] AMQP server on localhost:5672 is unreachable: [Errno 111] ECONNREFUSED. Trying again in 9 seconds.
2019-05-24 14:36:38.601 11486 INFO sysinv.openstack.common.rpc.common [-] Reconnecting to AMQP server on localhost:5672
2019-05-24 14:36:38.606 11486 ERROR sysinv.openstack.common.rpc.common [-] AMQP server on localhost:5672 is unreachable: [Errno 111] ECONNREFUSED. Trying again in 11 seconds.
2019-05-24 14:36:49.613 11486 INFO sysinv.openstack.common.rpc.common [-] Reconnecting to AMQP server on localhost:5672
2019-05-24 14:36:49.617 11486 ERROR sysinv.openstack.common.rpc.common [-] AMQP server on localhost:5672 is unreachable: [Errno 111] ECONNREFUSED. Trying again in 13 seconds.
2019-05-24 14:37:02.626 11486 INFO sysinv.openstack.common.rpc.common [-] Reconnecting to AMQP server on localhost:5672
2019-05-24 14:37:02.649 11486 ERROR sysinv.openstack.common.rpc.common [-] AMQP server on localhost:5672 is unreachable: [Errno 111] ECONNREFUSED. Trying again in 15 seconds.
2019-05-24 14:37:13.958 80396 INFO manage-partitions [-] Called partition 'check' with 'None' 'None' and '[{"device_path": "/dev/disk/by-path/pci-0000:00:08.0-ata-1.0-part1", "start_mib": 1, "uuid": "2a3c080a-28a0-4251-a916-f958646c1625", "device_node": "/dev/sda1", "disk_device_path": "/dev/disk/by-path/pci-0000:00:08.0-ata-1.0", "type_guid": "21686148-6449-6e6f-744e-656564454649", "size_mib": 1}, {"device_path": "/dev/disk/by-path/pci-0000:00:08.0-ata-1.0-part2", "start_mib": 2, "uuid": "1eab4df2-55c3-44d8-afac-49269240c971", "device_node": "/dev/sda2", "disk_device_path": "/dev/disk/by-path/pci-0000:00:08.0-ata-1.0", "type_guid": "ebd0a0a2-b9e5-4433-87c0-68b6b72699c7", "size_mib": 500}, {"device_path": "/dev/disk/by-path/pci-0000:00:08.0-ata-1.0-part3", "start_mib": 502, "uuid": "ae388e11-a8b1-4e12-9802-2c5791c69d35", "device_node": "/dev/sda3", "disk_device_path": "/dev/disk/by-path/pci-0000:00:08.0-ata-1.0", "type_guid": "ebd0a0a2-b9e5-4433-87c0-68b6b72699c7", "size_mib": 20000}, {"device_path": "/dev/disk/by-path/pci-0000:00:08.0-ata-1.0-part4", "start_mib": 20502, "uuid": "fd2f0f55-98b3-4283-bedd-f2b7b0df0072", "device_node": "/dev/sda4", "disk_device_path": "/dev/disk/by-path/pci-0000:00:08.0-ata-1.0", "type_guid": "e6d6d379-f507-44c2-a23c-238f2a3df928", "size_mib": 224256}, {"device_path": "/dev/disk/by-path/pci-0000:00:08.0-ata-1.0-part5", "start_mib": 244758, "uuid": "df9d3a32-04ec-4666-acb6-ba1df5f5c6b0", "device_node": "/dev/sda5", "disk_device_path": "/dev/disk/by-path/pci-0000:00:08.0-ata-1.0", "type_guid": "ba5eba11-0000-1111-2222-000000000001", "size_mib": 102400}, {"device_path": "/dev/disk/by-path/pci-0000:00:08.0-ata-1.0-part6", "start_mib": 347158, "uuid": "152a2f28-7356-415d-b7cc-efca09ac3513", "device_node": "/dev/sda6", "disk_device_path": "/dev/disk/by-path/pci-0000:00:08.0-ata-1.0", "type_guid": "ba5eba11-0000-1111-2222-000000000001", "size_mib": 20480}]'
2019-05-24 14:37:13.958 80396 INFO manage-partitions [-] Executing command: 'udevadm settle -E /dev/disk/by-path/pci-0000:00:08.0-ata-1.0'
2019-05-24 14:37:13.961 80396 INFO manage-partitions [-] Executing command: 'parted -s /dev/disk/by-path/pci-0000:00:08.0-ata-1.0 print'
2019-05-24 14:37:14.181 80396 INFO manage-partitions [-] Executing command: 'udevadm settle -E /dev/disk/by-path/pci-0000:00:08.0-ata-1.0'
2019-05-24 14:37:14.187 80396 INFO manage-partitions [-] Executing command: 'parted -s /dev/disk/by-path/pci-0000:00:08.0-ata-1.0 print'
2019-05-24 14:37:14.427 80396 INFO manage-partitions [-] Executing command: 'udevadm settle -E /dev/disk/by-path/pci-0000:00:08.0-ata-1.0'
2019-05-24 14:37:14.433 80396 INFO manage-partitions [-] Executing command: 'parted -s /dev/disk/by-path/pci-0000:00:08.0-ata-1.0 print'
2019-05-24 14:37:14.681 80396 INFO manage-partitions [-] Executing command: 'udevadm settle -E /dev/disk/by-path/pci-0000:00:08.0-ata-1.0'
