2019-01-28 17:07:17.810 20749 INFO sysinv.conductor.manager [req-fba0810d-c2d0-4e56-adbd-b76ee4bb9170 None None] attr: {'sriov_numvfs': 0, 'driver': None, 'psvendor': u'QEMU Virtual Machine', 'pdevice_id': u'00b8', 'pclass': u'VGA compatible controller', 'psdevice': u'QEMU Virtual Machine', 'sriov_vfs_pci_address': u'', 'pvendor': u'Cirrus Logic', 'pvendor_id': u'1013', 'pclass_id': u'030000', 'sriov_totalvfs': None}
2019-01-28 17:07:17.823 20749 INFO sysinv.conductor.manager [req-fba0810d-c2d0-4e56-adbd-b76ee4bb9170 None None] attr: {'sriov_numvfs': 0, 'driver': u'ahci', 'psvendor': u'-p01', 'pdevice_id': u'2922', 'pclass': u'SATA controller', 'psdevice': u'Red Hat, Inc.', 'sriov_vfs_pci_address': u'', 'pvendor': u'Intel Corporation', 'pvendor_id': u'8086', 'pclass_id': u'010601', 'sriov_totalvfs': None}
2019-01-28 17:07:17.836 20749 INFO sysinv.conductor.manager [req-fba0810d-c2d0-4e56-adbd-b76ee4bb9170 None None] attr: {'sriov_numvfs': 0, 'driver': u'virtio-pci', 'psvendor': u'Red Hat, Inc.', 'pdevice_id': u'1002', 'pclass': u'Unclassified device [00ff]', 'psdevice': u'Device 0005', 'sriov_vfs_pci_address': u'', 'pvendor': u'Red Hat, Inc.', 'pvendor_id': u'1af4', 'pclass_id': u'00ff00', 'sriov_totalvfs': None}
2019-01-28 17:07:17.883 20749 INFO sysinv.conductor.manager [req-fba0810d-c2d0-4e56-adbd-b76ee4bb9170 None None] Already in db numa_node=0 mynuma_nodes=[0]
2019-01-28 17:07:17.915 20749 INFO sysinv.conductor.manager [req-fba0810d-c2d0-4e56-adbd-b76ee4bb9170 None None] Logical CPU topology: host:controller-0 (controller,worker), sockets:1, cores/socket=6, threads/core=1, reference:current (unchanged)
2019-01-28 17:07:17.915 20749 INFO sysinv.conductor.manager [req-fba0810d-c2d0-4e56-adbd-b76ee4bb9170 None None] cpu_id : 0 1 2 3 4 5
2019-01-28 17:07:17.915 20749 INFO sysinv.conductor.manager [req-fba0810d-c2d0-4e56-adbd-b76ee4bb9170 None None] socket_id : 0 0 0 0 0 0
2019-01-28 17:07:17.915 20749 INFO sysinv.conductor.manager [req-fba0810d-c2d0-4e56-adbd-b76ee4bb9170 None None] core_id : 0 1 2 3 4 5
2019-01-28 17:07:17.915 20749 INFO sysinv.conductor.manager [req-fba0810d-c2d0-4e56-adbd-b76ee4bb9170 None None] thread_id : 0 0 0 0 0 0
2019-01-28 17:07:17.921 20749 INFO sysinv.conductor.manager [req-fba0810d-c2d0-4e56-adbd-b76ee4bb9170 None None] update_cpu_config, host uuid: (3a53c151-5f31-42c5-9224-b754ff15d44c), force: (False)
2019-01-28 17:07:17.937 20749 WARNING sysinv.conductor.manager [req-fba0810d-c2d0-4e56-adbd-b76ee4bb9170 None None] controller-0: iconfig out of date: target 7bf94fa8-a869-4138-8416-2f8fe90b5b9f, applied 580a423d-c5dc-4f7f-a45c-2cbee5587aff
2019-01-28 17:07:17.937 20749 WARNING sysinv.conductor.manager [req-fba0810d-c2d0-4e56-adbd-b76ee4bb9170 None None] SYS_I Raise system config alarm: host controller-0 config applied: 580a423d-c5dc-4f7f-a45c-2cbee5587aff vs. target: 7bf94fa8-a869-4138-8416-2f8fe90b5b9f.
2019-01-28 17:07:17.948 20749 INFO sysinv.conductor.manager [req-fba0810d-c2d0-4e56-adbd-b76ee4bb9170 None None] _config_update_hosts config_uuid=7bf94fa8-a869-4138-8416-2f8fe90b5b9f
2019-01-28 17:07:22.144 20749 INFO sysinv.conductor.manager [req-fba0810d-c2d0-4e56-adbd-b76ee4bb9170 None None] platform_interfaces host_id=1 info_list=[]
2019-01-28 17:07:22.186 32701 INFO sysinv.agent.manager [-] iscsi initiator name = iqn.1994-05.com.redhat:80988ace3499
2019-01-28 17:07:22.196 20749 INFO sysinv.conductor.manager [req-fba0810d-c2d0-4e56-adbd-b76ee4bb9170 None None] controller-0 updating iscsi initiator=iqn.1994-05.com.redhat:80988ace3499
2019-01-28 17:07:22.248 20749 WARNING sysinv.conductor.manager [req-fba0810d-c2d0-4e56-adbd-b76ee4bb9170 None None] controller-0: iconfig out of date: target 7bf94fa8-a869-4138-8416-2f8fe90b5b9f, applied install
2019-01-28 17:07:22.248 20749 WARNING sysinv.conductor.manager [req-fba0810d-c2d0-4e56-adbd-b76ee4bb9170 None None] SYS_I Raise system config alarm: host controller-0 config applied: install vs. target: 7bf94fa8-a869-4138-8416-2f8fe90b5b9f.
2019-01-28 17:07:22.254 32701 INFO sysinv.agent.manager [-] Sysinv Agent platform update by host: {'config_applied': 'install', 'availability': 'available', 'iscsi_initiator_name': 'iqn.1994-05.com.redhat:80988ace3499'}
2019-01-28 17:07:24.839 32701 INFO sysinv.agent.manager [req-fba0810d-c2d0-4e56-adbd-b76ee4bb9170 None None] config_apply_runtime_manifest: 7bf94fa8-a869-4138-8416-2f8fe90b5b9f {u'classes': [u'platform::compute::grub::runtime'], u'force': False, u'personalities': [u'controller', u'worker'], u'host_uuids': [u'3a53c151-5f31-42c5-9224-b754ff15d44c']} controller
2019-01-28 17:07:24.840 32701 INFO sysinv.agent.manager [req-fba0810d-c2d0-4e56-adbd-b76ee4bb9170 None None] controller-active
2019-01-28 17:07:24.840 32701 INFO sysinv.agent.manager [req-fba0810d-c2d0-4e56-adbd-b76ee4bb9170 None None] _apply_runtime_manifest with hieradata_path = '/opt/platform/puppet/19.01/hieradata'
2019-01-28 17:07:32.946 32701 INFO sysinv.agent.manager [req-fba0810d-c2d0-4e56-adbd-b76ee4bb9170 None None] Agent config applied 7bf94fa8-a869-4138-8416-2f8fe90b5b9f
2019-01-28 17:07:32.979 20749 INFO sysinv.conductor.manager [req-fba0810d-c2d0-4e56-adbd-b76ee4bb9170 None None] SYS_I Clear system config alarm: controller-0
2019-01-28 17:08:11.351 21006 WARNING sysinv.api.controllers.v1.dns [-] dns {'uuid': u'd9b17baa-0ac2-41cf-8524-9184aa1cf8cf', 'nameservers': u'10.248.2.1', 'created_at': datetime.datetime(2019, 1, 28, 16, 48, 14, 690469, tzinfo=), 'updated_at': datetime.datetime(2019, 1, 28, 16, 49, 2, 67578, tzinfo=), 'action': None, 'isystem_uuid': u'f1ccce70-4b53-4a09-a9fb-803d187a8318', 'id': 1, 'forisystemid': 1}
2019-01-28 17:08:11.398 21006 INFO sysinv.openstack.common.rpc.common [-] Connected to AMQP server on 192.168.204.2:5672
2019-01-28 17:08:11.524 20749 WARNING sysinv.conductor.manager [req-96f2a91f-be40-4a9f-855b-cbf1f89a87f1 admin admin] controller-0: iconfig out of date: target 37d06ca9-fd44-4fb6-97ec-15341ac1bc49, applied 7bf94fa8-a869-4138-8416-2f8fe90b5b9f
2019-01-28 17:08:11.524 20749 WARNING sysinv.conductor.manager [req-96f2a91f-be40-4a9f-855b-cbf1f89a87f1 admin admin] SYS_I Raise system config alarm: host controller-0 config applied: 7bf94fa8-a869-4138-8416-2f8fe90b5b9f vs. target: 37d06ca9-fd44-4fb6-97ec-15341ac1bc49.
2019-01-28 17:08:11.545 20749 INFO sysinv.conductor.manager [req-96f2a91f-be40-4a9f-855b-cbf1f89a87f1 admin admin] _config_update_hosts config_uuid=37d06ca9-fd44-4fb6-97ec-15341ac1bc49
2019-01-28 17:08:12.379 32701 INFO sysinv.agent.manager [req-93f21ffe-b3de-49d9-bf2a-39df193d60dd admin None] config_apply_runtime_manifest: 7bf94fa8-a869-4138-8416-2f8fe90b5b9f {u'classes': [u'openstack::keystone::endpoint::runtime'], u'force': False, u'personalities': [u'controller'], u'host_uuids': u'3a53c151-5f31-42c5-9224-b754ff15d44c'} controller
2019-01-28 17:08:12.380 32701 INFO sysinv.agent.manager [req-93f21ffe-b3de-49d9-bf2a-39df193d60dd admin None] controller-active
2019-01-28 17:08:12.380 32701 INFO sysinv.agent.manager [req-93f21ffe-b3de-49d9-bf2a-39df193d60dd admin None] _apply_runtime_manifest with hieradata_path = '/opt/platform/puppet/19.01/hieradata'
2019-01-28 17:08:12.385 20749 INFO sysinv.conductor.manager [-] _controller_config_active_apply about to resize the filesystem
2019-01-28 17:08:12.385 20749 WARNING sysinv.conductor.manager [-] resizing filesystems
2019-01-28 17:08:12.414 20749 INFO sysinv.conductor.manager [-] Performed drbdadm resize all
2019-01-28 17:08:12.500 20749 INFO sysinv.conductor.manager [-] drbd-overview: pgsql-40.0, cgcs-9.9, extension-0.96875, patch-vault-0, etcd-4.8, dockerdistribution-16.0
2019-01-28 17:08:12.501 20749 INFO sysinv.conductor.manager [-] lvdisplay: pgsql-40.0, cgcs-10.0, extension-1.0, patch-vault-0, etcd-5.0, dockerdistribution-16.0
2019-01-28 17:08:12.723 20749 INFO sysinv.conductor.manager [-] SYS_I Clear system config alarm: controller-0
2019-01-28 17:08:35.484 21006 WARNING sysinv.api.controllers.v1.ntp [-] ntp {'uuid': u'd9b17baa-0ac2-41cf-8524-9184aa1cf8cf', 'created_at': datetime.datetime(2019, 1, 28, 16, 48, 14, 697432, tzinfo=), 'enabled': True, 'updated_at': None, 'ntpservers': u'0.pool.ntp.org,1.pool.ntp.org', 'action': None, 'isystem_uuid': u'f1ccce70-4b53-4a09-a9fb-803d187a8318', 'id': 1, 'forisystemid': 1}
2019-01-28 17:08:35.536 20749 WARNING sysinv.conductor.manager [req-6da54d72-cf40-4590-a588-1b7e9615d938 admin admin] controller-0: iconfig out of date: target d10ed7b0-b60e-4217-9be8-85b3b1b16ac4, applied 7bf94fa8-a869-4138-8416-2f8fe90b5b9f
2019-01-28 17:08:35.536 20749 WARNING sysinv.conductor.manager [req-6da54d72-cf40-4590-a588-1b7e9615d938 admin admin] SYS_I Raise system config alarm: host controller-0 config applied: 7bf94fa8-a869-4138-8416-2f8fe90b5b9f vs. target: d10ed7b0-b60e-4217-9be8-85b3b1b16ac4.
2019-01-28 17:08:35.549 20749 INFO sysinv.conductor.manager [req-6da54d72-cf40-4590-a588-1b7e9615d938 admin admin] _config_update_hosts config_uuid=d10ed7b0-b60e-4217-9be8-85b3b1b16ac4
2019-01-28 17:08:53.642 20749 WARNING sysinv.conductor.manager [req-fe27a0c2-b3ad-4c10-beaf-7488194d3a24 admin admin] controller-0: iconfig out of date: target a53c42e2-0486-40a5-a91a-38795ec80200, applied 7bf94fa8-a869-4138-8416-2f8fe90b5b9f
2019-01-28 17:08:53.643 20749 WARNING sysinv.conductor.manager [req-fe27a0c2-b3ad-4c10-beaf-7488194d3a24 admin admin] SYS_I Raise system config alarm: host controller-0 config applied: 7bf94fa8-a869-4138-8416-2f8fe90b5b9f vs. target: a53c42e2-0486-40a5-a91a-38795ec80200.
2019-01-28 17:08:53.645 20749 INFO sysinv.conductor.manager [req-fe27a0c2-b3ad-4c10-beaf-7488194d3a24 admin admin] _config_update_hosts config_uuid=253c42e2-0486-40a5-a91a-38795ec80200
2019-01-28 17:09:10.649 20749 INFO sysinv.conductor.manager [-] Sending agent update request for host 1 to update (audit_partition)
2019-01-28 17:09:10.655 20749 INFO sysinv.agent.rpcapi [-] AgentApi.agent_update: fanout_cast: sending update request to agent for: (audit_partition)
2019-01-28 17:10:10.723 20749 INFO sysinv.conductor.manager [-] Sending agent update request for host 1 to update (audit_partition)
2019-01-28 17:10:10.729 20749 INFO sysinv.agent.rpcapi [-] AgentApi.agent_update: fanout_cast: sending update request to agent for: (audit_partition)
2019-01-28 17:10:20.954 32701 INFO sysinv.agent.manager [req-96f2a91f-be40-4a9f-855b-cbf1f89a87f1 admin admin] Agent config applied 37d06ca9-fd44-4fb6-97ec-15341ac1bc49
2019-01-28 17:10:20.979 20749 WARNING sysinv.conductor.manager [req-96f2a91f-be40-4a9f-855b-cbf1f89a87f1 admin admin] controller-0: iconfig out of date: target a53c42e2-0486-40a5-a91a-38795ec80200, applied 37d06ca9-fd44-4fb6-97ec-15341ac1bc49
2019-01-28 17:10:20.979 20749 WARNING sysinv.conductor.manager [req-96f2a91f-be40-4a9f-855b-cbf1f89a87f1 admin admin] SYS_I Raise system config alarm: host controller-0 config applied: 37d06ca9-fd44-4fb6-97ec-15341ac1bc49 vs. target: a53c42e2-0486-40a5-a91a-38795ec80200.
2019-01-28 17:10:20.992 32701 INFO sysinv.agent.manager [req-fe27a0c2-b3ad-4c10-beaf-7488194d3a24 admin admin] config_apply_runtime_manifest: 253c42e2-0486-40a5-a91a-38795ec80200 {u'force': False, u'host_uuids': u'3a53c151-5f31-42c5-9224-b754ff15d44c', u'partition_uuid': u'c0c46c7d-bae2-44c7-95d5-fd832c229500', u'idisk_uuid': u'18101309-ae81-4916-867f-d33f45943f28', u'classes': [u'platform::partitions::runtime'], u'report_status': u'manage_disk_partitions', u'personalities': [u'controller']} controller
2019-01-28 17:10:20.993 32701 INFO sysinv.agent.manager [req-fe27a0c2-b3ad-4c10-beaf-7488194d3a24 admin admin] controller-active
2019-01-28 17:10:20.993 32701 INFO sysinv.agent.manager [req-fe27a0c2-b3ad-4c10-beaf-7488194d3a24 admin admin] _apply_runtime_manifest with hieradata_path = '/opt/platform/puppet/19.01/hieradata'
2019-01-28 17:10:29.304 29542 INFO manage-partitions [-] Called partition 'check' with 'None' 'None' and '[{"device_path": "/dev/disk/by-path/pci-0000:00:07.0-ata-1.0-part1", "start_mib": 1, "uuid": "491211cd-f682-41ca-bc32-67f019b7b95b", "device_node": "/dev/sda1", "disk_device_path": "/dev/disk/by-path/pci-0000:00:07.0-ata-1.0", "type_guid": "21686148-6449-6e6f-744e-656564454649", "size_mib": 1}, {"device_path": "/dev/disk/by-path/pci-0000:00:07.0-ata-1.0-part2", "start_mib": 2, "uuid": "24932520-86e1-4917-a18f-f5b26d88040c", "device_node": "/dev/sda2", "disk_device_path": "/dev/disk/by-path/pci-0000:00:07.0-ata-1.0", "type_guid": "ebd0a0a2-b9e5-4433-87c0-68b6b72699c7", "size_mib": 500}, {"device_path": "/dev/disk/by-path/pci-0000:00:07.0-ata-1.0-part3", "start_mib": 502, "uuid": "e88cae09-e541-4edb-8bed-235d73800070", "device_node": "/dev/sda3", "disk_device_path": "/dev/disk/by-path/pci-0000:00:07.0-ata-1.0", "type_guid": "ebd0a0a2-b9e5-4433-87c0-68b6b72699c7", "size_mib": 20000}, {"device_path": "/dev/disk/by-path/pci-0000:00:07.0-ata-1.0-part4", "start_mib": 20502, "uuid": "40be4c0d-7110-434b-819d-cbb92db19b04", "device_node": "/dev/sda4", "disk_device_path": "/dev/disk/by-path/pci-0000:00:07.0-ata-1.0", "type_guid": "e6d6d379-f507-44c2-a23c-238f2a3df928", "size_mib": 224256}]'
2019-01-28 17:10:29.304 29542 INFO manage-partitions [-] Executing command: 'udevadm settle -E /dev/disk/by-path/pci-0000:00:07.0-ata-1.0'
2019-01-28 17:10:29.310 29542 INFO manage-partitions [-] Executing command: 'parted -s /dev/disk/by-path/pci-0000:00:07.0-ata-1.0 print'
2019-01-28 17:10:29.542 29542 INFO manage-partitions [-] Executing command: 'udevadm settle -E /dev/disk/by-path/pci-0000:00:07.0-ata-1.0'
2019-01-28 17:10:29.546 29542 INFO manage-partitions [-] Executing command: 'parted -s /dev/disk/by-path/pci-0000:00:07.0-ata-1.0 print'
2019-01-28 17:10:29.773 29542 INFO manage-partitions [-] Executing command: 'udevadm settle -E /dev/disk/by-path/pci-0000:00:07.0-ata-1.0'
2019-01-28 17:10:29.776 29542 INFO manage-partitions [-] Executing command: 'parted -s /dev/disk/by-path/pci-0000:00:07.0-ata-1.0 print'
2019-01-28 17:10:29.992 29542 INFO manage-partitions [-] Executing command: 'udevadm settle -E /dev/disk/by-path/pci-0000:00:07.0-ata-1.0'
2019-01-28 17:10:29.996 29542 INFO manage-partitions [-] Executing command: 'parted -s /dev/disk/by-path/pci-0000:00:07.0-ata-1.0 print'
2019-01-28 17:10:30.220 29542 INFO manage-partitions [-] Executing command: 'sgdisk -i 1 /dev/disk/by-path/pci-0000:00:07.0-ata-1.0'
2019-01-28 17:10:30.240 29542 INFO manage-partitions [-] Executing command: 'sgdisk -i 2 /dev/disk/by-path/pci-0000:00:07.0-ata-1.0'
2019-01-28 17:10:30.250 29542 INFO manage-partitions [-] Executing command: 'sgdisk -i 3 /dev/disk/by-path/pci-0000:00:07.0-ata-1.0'
2019-01-28 17:10:30.259 29542 INFO manage-partitions [-] Executing command: 'sgdisk -i 4 /dev/disk/by-path/pci-0000:00:07.0-ata-1.0'
2019-01-28 17:10:30.837 29686 INFO manage-partitions [-] Called partition 'create' with 'None' 'None' and '[{"ihost_uuid": "3a53c151-5f31-42c5-9224-b754ff15d44c", "disk_device_path": "/dev/disk/by-path/pci-0000:00:07.0-ata-1.0", "req_size_mib": 6144, "part_device_path": "/dev/disk/by-path/pci-0000:00:07.0-ata-1.0-part5", "req_guid": "ba5eba11-0000-1111-2222-000000000001", "req_uuid": "c0c46c7d-bae2-44c7-95d5-fd832c229500"}]'
2019-01-28 17:10:30.838 29686 INFO manage-partitions [-] Executing command: 'udevadm settle -E /dev/disk/by-path/pci-0000:00:07.0-ata-1.0'
2019-01-28 17:10:30.841 29686 INFO manage-partitions [-] Executing command: 'parted -s /dev/disk/by-path/pci-0000:00:07.0-ata-1.0 print'
2019-01-28 17:10:31.058 29686 INFO manage-partitions [-] Executing command: 'sgdisk -i 5 /dev/disk/by-path/pci-0000:00:07.0-ata-1.0'
2019-01-28 17:10:31.083 29686 INFO manage-partitions [-] Executing pipe command: 'parted -s /dev/disk/by-path/pci-0000:00:07.0-ata-1.0 unit mib print free'
2019-01-28 17:10:31.336 29686 INFO manage-partitions [-] Executing pipe command: 'sgdisk -p /dev/disk/by-path/pci-0000:00:07.0-ata-1.0'
2019-01-28 17:10:31.442 29686 INFO manage-partitions [-] Executing command: 'blockdev --getss /dev/disk/by-path/pci-0000:00:07.0-ata-1.0'
2019-01-28 17:10:31.445 29686 INFO manage-partitions [-] Executing command: 'dd bs=512 if=/dev/zero of=/dev/disk/by-path/pci-0000:00:07.0-ata-1.0 oflag=direct count=34 seek=501264384'
2019-01-28 17:10:31.469 29686 INFO manage-partitions [-] Zero-out beginning of partition. Output: 34+0 records in 34+0 records out 17408 bytes (17 kB) copied, 0.0215843 s, 807 kB/s
2019-01-28 17:10:31.469 29686 INFO manage-partitions [-] Executing command: 'dd bs=512 if=/dev/zero of=/dev/disk/by-path/pci-0000:00:07.0-ata-1.0 oflag=direct count=34 seek=513847262'
2019-01-28 17:10:31.497 29686 INFO manage-partitions [-] Zero-out end of partition. Output: 34+0 records in 34+0 records out 17408 bytes (17 kB) copied, 0.0251758 s, 691 kB/s
2019-01-28 17:10:31.497 29686 INFO manage-partitions [-] Partition details: {'sector_size': 512, 'start_in_sectors': 501264384, 'size_in_sectors': 12582912, 'part_end': 513847262, 'disk_node': u'/dev/disk/by-path/pci-0000:00:07.0-ata-1.0'}
2019-01-28 17:10:31.498 29686 INFO manage-partitions [-] Executing command: 'udevadm settle -E /dev/disk/by-path/pci-0000:00:07.0-ata-1.0'
2019-01-28 17:10:31.503 29686 INFO manage-partitions [-] Executing command: 'parted -s /dev/disk/by-path/pci-0000:00:07.0-ata-1.0 unit mib mkpart primary 244758 250902'
2019-01-28 17:10:31.647 29686 INFO manage-partitions [-] Executing command: 'sgdisk --typecode=5:ba5eba11-0000-1111-2222-000000000001 --change-name=5:LVM Physical Volume /dev/disk/by-path/pci-0000:00:07.0-ata-1.0'
2019-01-28 17:10:32.776 29686 INFO manage-partitions [-] Executing command: 'ls /dev/disk/by-path/pci-0000:00:07.0-ata-1.0-part5'
2019-01-28 17:10:33.082 29686 INFO manage-partitions [-] Executing command: 'ls /dev/disk/by-path/pci-0000:00:07.0-ata-1.0-part5'
2019-01-28 17:10:33.393 29686 INFO manage-partitions [-] Executing command: 'ls /dev/disk/by-path/pci-0000:00:07.0-ata-1.0-part5'
2019-01-28 17:10:33.396 29686 INFO manage-partitions [-] Executing command: 'sgdisk -i 5 /dev/disk/by-path/pci-0000:00:07.0-ata-1.0'
2019-01-28 17:10:33.502 29686 INFO manage-partitions [-] Executing command: 'udevadm settle -E /dev/disk/by-path/pci-0000:00:07.0-ata-1.0'
2019-01-28 17:10:33.506 29686 INFO manage-partitions [-] Executing pipe command: 'sgdisk -p /dev/disk/by-path/pci-0000:00:07.0-ata-1.0'
2019-01-28 17:10:33.611 29686 INFO manage-partitions [-] Executing command: 'blockdev --getss /dev/disk/by-path/pci-0000:00:07.0-ata-1.0'
2019-01-28 17:10:33.691 29686 INFO sysinv.openstack.common.rpc.common [-] Connected to AMQP server on 192.168.204.2:5672
2019-01-28 17:10:33.695 20749 INFO sysinv.conductor.manager [req-c05ab95d-1f8c-4bc2-8e00-cf7f5eb82093 None None] PART updating information for partition c0c46c7d-bae2-44c7-95d5-fd832c229500 on host 3a53c151-5f31-42c5-9224-b754ff15d44c was successful: {u'status': 0, u'device_path': u'/dev/disk/by-path/pci-0000:00:07.0-ata-1.0-part5', u'start_mib': 244758.0, u'uuid': u'c0c46c7d-bae2-44c7-95d5-fd832c229500', u'ihost_uuid': u'3a53c151-5f31-42c5-9224-b754ff15d44c', u'type_name': u'LVM Physical Volume', u'available_mib': 363496, u'end_mib': 250902.0, u'type_guid': u'ba5eba11-0000-1111-2222-000000000001', u'size_mib': 6144.0}
2019-01-28 17:10:34.248 20749 INFO sysinv.conductor.manager [req-fe27a0c2-b3ad-4c10-beaf-7488194d3a24 admin admin] PART manifest application for partition c0c46c7d-bae2-44c7-95d5-fd832c229500 on host 3a53c151-5f31-42c5-9224-b754ff15d44c was successful
2019-01-28 17:10:34.253 32701 INFO sysinv.agent.manager [req-fe27a0c2-b3ad-4c10-beaf-7488194d3a24 admin admin] Agent config applied 253c42e2-0486-40a5-a91a-38795ec80200
2019-01-28 17:10:34.274 20749 WARNING sysinv.conductor.manager [req-fe27a0c2-b3ad-4c10-beaf-7488194d3a24 admin admin] controller-0: iconfig out of date: target a53c42e2-0486-40a5-a91a-38795ec80200, applied 253c42e2-0486-40a5-a91a-38795ec80200
2019-01-28 17:10:34.275 20749 WARNING sysinv.conductor.manager [req-fe27a0c2-b3ad-4c10-beaf-7488194d3a24 admin admin] SYS_I Raise system config alarm: host controller-0 config applied: 253c42e2-0486-40a5-a91a-38795ec80200 vs. target: a53c42e2-0486-40a5-a91a-38795ec80200.
2019-01-28 17:10:45.452 20749 WARNING sysinv.conductor.manager [req-4fbfd933-ddba-4f9e-8ab9-e96bc3139c94 admin admin] controller-0: iconfig out of date: target 8a03f8bd-0eb7-47f0-8f9a-db0cebcfdc50, applied 253c42e2-0486-40a5-a91a-38795ec80200
2019-01-28 17:10:45.453 20749 WARNING sysinv.conductor.manager [req-4fbfd933-ddba-4f9e-8ab9-e96bc3139c94 admin admin] SYS_I Raise system config alarm: host controller-0 config applied: 253c42e2-0486-40a5-a91a-38795ec80200 vs. target: 8a03f8bd-0eb7-47f0-8f9a-db0cebcfdc50.
2019-01-28 17:10:45.455 20749 INFO sysinv.conductor.manager [req-4fbfd933-ddba-4f9e-8ab9-e96bc3139c94 admin admin] _config_update_hosts config_uuid=0a03f8bd-0eb7-47f0-8f9a-db0cebcfdc50
2019-01-28 17:10:46.913 32701 INFO sysinv.agent.manager [req-4fbfd933-ddba-4f9e-8ab9-e96bc3139c94 admin admin] config_apply_runtime_manifest: 0a03f8bd-0eb7-47f0-8f9a-db0cebcfdc50 {u'force': False, u'host_uuids': u'3a53c151-5f31-42c5-9224-b754ff15d44c', u'partition_uuid': u'd9826c60-d26c-4e3e-9b58-7dc31af211dd', u'idisk_uuid': u'18101309-ae81-4916-867f-d33f45943f28', u'classes': [u'platform::partitions::runtime'], u'report_status': u'manage_disk_partitions', u'personalities': [u'controller']} controller
2019-01-28 17:10:46.913 32701 INFO sysinv.agent.manager [req-4fbfd933-ddba-4f9e-8ab9-e96bc3139c94 admin admin] controller-active
2019-01-28 17:10:46.913 32701 INFO sysinv.agent.manager [req-4fbfd933-ddba-4f9e-8ab9-e96bc3139c94 admin admin] _apply_runtime_manifest with hieradata_path = '/opt/platform/puppet/19.01/hieradata'
2019-01-28 17:10:55.097 3500 INFO manage-partitions [-] Called partition 'check' with 'None' 'None' and '[{"device_path": "/dev/disk/by-path/pci-0000:00:07.0-ata-1.0-part1", "start_mib": 1, "uuid": "491211cd-f682-41ca-bc32-67f019b7b95b", "device_node": "/dev/sda1", "disk_device_path": "/dev/disk/by-path/pci-0000:00:07.0-ata-1.0", "type_guid": "21686148-6449-6e6f-744e-656564454649", "size_mib": 1}, {"device_path": "/dev/disk/by-path/pci-0000:00:07.0-ata-1.0-part2", "start_mib": 2, "uuid": "24932520-86e1-4917-a18f-f5b26d88040c", "device_node": "/dev/sda2", "disk_device_path": "/dev/disk/by-path/pci-0000:00:07.0-ata-1.0", "type_guid": "ebd0a0a2-b9e5-4433-87c0-68b6b72699c7", "size_mib": 500}, {"device_path": "/dev/disk/by-path/pci-0000:00:07.0-ata-1.0-part3", "start_mib": 502, "uuid": "e88cae09-e541-4edb-8bed-235d73800070", "device_node": "/dev/sda3", "disk_device_path": "/dev/disk/by-path/pci-0000:00:07.0-ata-1.0", "type_guid": "ebd0a0a2-b9e5-4433-87c0-68b6b72699c7", "size_mib": 20000}, {"device_path": "/dev/disk/by-path/pci-0000:00:07.0-ata-1.0-part4", "start_mib": 20502, "uuid": "40be4c0d-7110-434b-819d-cbb92db19b04", "device_node": "/dev/sda4", "disk_device_path": "/dev/disk/by-path/pci-0000:00:07.0-ata-1.0", "type_guid": "e6d6d379-f507-44c2-a23c-238f2a3df928", "size_mib": 224256}, {"device_path": "/dev/disk/by-path/pci-0000:00:07.0-ata-1.0-part5", "start_mib": 244758, "uuid": "c0c46c7d-bae2-44c7-95d5-fd832c229500", "device_node": "/dev/sda5", "disk_device_path": "/dev/disk/by-path/pci-0000:00:07.0-ata-1.0", "type_guid": "ba5eba11-0000-1111-2222-000000000001", "size_mib": 6144}]'
2019-01-28 17:10:55.098 3500 INFO manage-partitions [-] Executing command: 'udevadm settle -E /dev/disk/by-path/pci-0000:00:07.0-ata-1.0'
2019-01-28 17:10:55.101 3500 INFO manage-partitions [-] Executing command: 'parted -s /dev/disk/by-path/pci-0000:00:07.0-ata-1.0 print'
2019-01-28 17:10:55.324 3500 INFO manage-partitions [-] Executing command: 'udevadm settle -E /dev/disk/by-path/pci-0000:00:07.0-ata-1.0'
2019-01-28 17:10:55.328 3500 INFO manage-partitions [-] Executing command: 'parted -s /dev/disk/by-path/pci-0000:00:07.0-ata-1.0 print'
2019-01-28 17:10:55.547 3500 INFO manage-partitions [-] Executing command: 'udevadm settle -E /dev/disk/by-path/pci-0000:00:07.0-ata-1.0'
2019-01-28 17:10:55.558 3500 INFO manage-partitions [-] Executing command: 'parted -s /dev/disk/by-path/pci-0000:00:07.0-ata-1.0 print'
2019-01-28 17:10:55.810 3500 INFO manage-partitions [-] Executing command: 'udevadm settle -E /dev/disk/by-path/pci-0000:00:07.0-ata-1.0'
2019-01-28 17:10:55.823 3500 INFO manage-partitions [-] Executing command: 'parted -s /dev/disk/by-path/pci-0000:00:07.0-ata-1.0 print'
2019-01-28 17:10:56.075 3500 INFO manage-partitions [-] Executing command: 'udevadm settle -E /dev/disk/by-path/pci-0000:00:07.0-ata-1.0'
2019-01-28 17:10:56.089 3500 INFO manage-partitions [-] Executing command: 'parted -s /dev/disk/by-path/pci-0000:00:07.0-ata-1.0 print'
2019-01-28 17:10:56.332 3500 INFO manage-partitions [-] Executing command: 'sgdisk -i 1 /dev/disk/by-path/pci-0000:00:07.0-ata-1.0'
2019-01-28 17:10:56.339 3500 INFO manage-partitions [-] Executing command: 'sgdisk -i 2 /dev/disk/by-path/pci-0000:00:07.0-ata-1.0'
2019-01-28 17:10:56.348 3500 INFO manage-partitions [-] Executing command: 'sgdisk -i 3 /dev/disk/by-path/pci-0000:00:07.0-ata-1.0'
2019-01-28 17:10:56.358 3500 INFO manage-partitions [-] Executing command: 'sgdisk -i 4 /dev/disk/by-path/pci-0000:00:07.0-ata-1.0'
2019-01-28 17:10:56.367 3500 INFO manage-partitions [-] Executing command: 'sgdisk -i 5 /dev/disk/by-path/pci-0000:00:07.0-ata-1.0'
2019-01-28 17:10:56.968 3691 INFO manage-partitions [-] Called partition 'create' with 'None' 'None' and '[{"ihost_uuid": "3a53c151-5f31-42c5-9224-b754ff15d44c", "disk_device_path": "/dev/disk/by-path/pci-0000:00:07.0-ata-1.0", "req_size_mib": 34816, "part_device_path": "/dev/disk/by-path/pci-0000:00:07.0-ata-1.0-part6", "req_guid": "ba5eba11-0000-1111-2222-000000000001", "req_uuid": "d9826c60-d26c-4e3e-9b58-7dc31af211dd"}]'
2019-01-28 17:10:56.968 3691 INFO manage-partitions [-] Executing command: 'udevadm settle -E /dev/disk/by-path/pci-0000:00:07.0-ata-1.0'
2019-01-28 17:10:56.972 3691 INFO manage-partitions [-] Executing command: 'parted -s /dev/disk/by-path/pci-0000:00:07.0-ata-1.0 print'
2019-01-28 17:10:57.196 3691 INFO manage-partitions [-] Executing command: 'sgdisk -i 6 /dev/disk/by-path/pci-0000:00:07.0-ata-1.0'
2019-01-28 17:10:57.201 3691 INFO manage-partitions [-] Executing pipe command: 'parted -s /dev/disk/by-path/pci-0000:00:07.0-ata-1.0 unit mib print free'
2019-01-28 17:10:57.431 3691 INFO manage-partitions [-] Executing pipe command: 'sgdisk -p /dev/disk/by-path/pci-0000:00:07.0-ata-1.0'
2019-01-28 17:10:57.537 3691 INFO manage-partitions [-] Executing command: 'blockdev --getss /dev/disk/by-path/pci-0000:00:07.0-ata-1.0'
2019-01-28 17:10:57.540 3691 INFO manage-partitions [-] Executing command: 'dd bs=512 if=/dev/zero of=/dev/disk/by-path/pci-0000:00:07.0-ata-1.0 oflag=direct count=34 seek=513847296'
2019-01-28 17:10:57.546 3691 INFO manage-partitions [-] Zero-out beginning of partition. Output: 34+0 records in 34+0 records out 17408 bytes (17 kB) copied, 0.00314294 s, 5.5 MB/s
2019-01-28 17:10:57.546 3691 INFO manage-partitions [-] Executing command: 'dd bs=512 if=/dev/zero of=/dev/disk/by-path/pci-0000:00:07.0-ata-1.0 oflag=direct count=34 seek=585150430'
2019-01-28 17:10:57.570 3691 INFO manage-partitions [-] Zero-out end of partition. Output: 34+0 records in 34+0 records out 17408 bytes (17 kB) copied, 0.0200552 s, 868 kB/s
2019-01-28 17:10:57.570 3691 INFO manage-partitions [-] Partition details: {'sector_size': 512, 'start_in_sectors': 513847296, 'size_in_sectors': 71303168, 'part_end': 585150430, 'disk_node': u'/dev/disk/by-path/pci-0000:00:07.0-ata-1.0'}
2019-01-28 17:10:57.571 3691 INFO manage-partitions [-] Executing command: 'udevadm settle -E /dev/disk/by-path/pci-0000:00:07.0-ata-1.0'
2019-01-28 17:10:57.577 3691 INFO manage-partitions [-] Executing command: 'parted -s /dev/disk/by-path/pci-0000:00:07.0-ata-1.0 unit mib mkpart primary 250902 285718'
2019-01-28 17:10:57.714 3691 INFO manage-partitions [-] Executing command: 'sgdisk --typecode=6:ba5eba11-0000-1111-2222-000000000001 --change-name=6:LVM Physical Volume /dev/disk/by-path/pci-0000:00:07.0-ata-1.0'
2019-01-28 17:10:58.845 3691 INFO manage-partitions [-] Executing command: 'ls /dev/disk/by-path/pci-0000:00:07.0-ata-1.0-part6'
2019-01-28 17:10:59.148 3691 INFO manage-partitions [-] Executing command: 'ls /dev/disk/by-path/pci-0000:00:07.0-ata-1.0-part6'
2019-01-28 17:10:59.451 3691 INFO manage-partitions [-] Executing command: 'ls /dev/disk/by-path/pci-0000:00:07.0-ata-1.0-part6'
2019-01-28 17:10:59.454 3691 INFO manage-partitions [-] Executing command: 'sgdisk -i 6 /dev/disk/by-path/pci-0000:00:07.0-ata-1.0'
2019-01-28 17:10:59.559 3691 INFO manage-partitions [-] Executing command: 'udevadm settle -E /dev/disk/by-path/pci-0000:00:07.0-ata-1.0'
2019-01-28 17:10:59.563 3691 INFO manage-partitions [-] Executing pipe command: 'sgdisk -p /dev/disk/by-path/pci-0000:00:07.0-ata-1.0'
2019-01-28 17:10:59.669 3691 INFO manage-partitions [-] Executing command: 'blockdev --getss /dev/disk/by-path/pci-0000:00:07.0-ata-1.0'
2019-01-28 17:10:59.753 3691 INFO sysinv.openstack.common.rpc.common [-] Connected to AMQP server on 192.168.204.2:5672
2019-01-28 17:10:59.757 20749 INFO sysinv.conductor.manager [req-24cc9136-6c89-4282-8f6c-517b4a23688d None None] PART updating information for partition d9826c60-d26c-4e3e-9b58-7dc31af211dd on host 3a53c151-5f31-42c5-9224-b754ff15d44c was successful: {u'status': 0, u'device_path': u'/dev/disk/by-path/pci-0000:00:07.0-ata-1.0-part6', u'start_mib': 250902.0, u'uuid': u'd9826c60-d26c-4e3e-9b58-7dc31af211dd', u'ihost_uuid': u'3a53c151-5f31-42c5-9224-b754ff15d44c', u'type_name': u'LVM Physical Volume', u'available_mib': 328680, u'end_mib': 285718.0, u'type_guid': u'ba5eba11-0000-1111-2222-000000000001', u'size_mib': 34816.0}
2019-01-28 17:11:00.334 20749 INFO sysinv.conductor.manager [req-4fbfd933-ddba-4f9e-8ab9-e96bc3139c94 admin admin] PART manifest application for partition d9826c60-d26c-4e3e-9b58-7dc31af211dd on host 3a53c151-5f31-42c5-9224-b754ff15d44c was successful
2019-01-28 17:11:00.340 32701 INFO sysinv.agent.manager [req-4fbfd933-ddba-4f9e-8ab9-e96bc3139c94 admin admin] Agent config applied 0a03f8bd-0eb7-47f0-8f9a-db0cebcfdc50
2019-01-28 17:11:00.359 20749 WARNING sysinv.conductor.manager [req-4fbfd933-ddba-4f9e-8ab9-e96bc3139c94 admin admin] controller-0: iconfig out of date: target 8a03f8bd-0eb7-47f0-8f9a-db0cebcfdc50, applied 0a03f8bd-0eb7-47f0-8f9a-db0cebcfdc50
2019-01-28 17:11:00.359 20749 WARNING sysinv.conductor.manager [req-4fbfd933-ddba-4f9e-8ab9-e96bc3139c94 admin admin] SYS_I Raise system config alarm: host controller-0 config applied: 0a03f8bd-0eb7-47f0-8f9a-db0cebcfdc50 vs. target: 8a03f8bd-0eb7-47f0-8f9a-db0cebcfdc50.
2019-01-28 17:11:40.676 21006 INFO sysinv.api.controllers.v1.lvg [-] Updated lvg capabilities={'concurrent_disk_operations': 2, 'instance_backing': 'image'}
2019-01-28 17:12:10.796 20749 INFO sysinv.conductor.manager [-] Sending agent update request for host 1 to update (audit_lvg)
2019-01-28 17:12:10.802 20749 INFO sysinv.agent.rpcapi [-] AgentApi.agent_update: fanout_cast: sending update request to agent for: (audit_lvg)
2019-01-28 17:12:19.900 32701 INFO sysinv.agent.manager [-] interface ens4 enabled to receive LLDP PDUs
2019-01-28 17:12:19.904 32701 INFO sysinv.agent.manager [-] interface eth1000 enabled to receive LLDP PDUs
2019-01-28 17:12:19.909 32701 INFO sysinv.agent.manager [-] interface eth1001 enabled to receive LLDP PDUs
2019-01-28 17:12:50.109 32701 ERROR sysinv.agent.lldp.drivers.ovs.driver [-] Failed to run command ovs-vsctl --timeout 10 --format json --columns name,ports list Bridge: error: ovs-vsctl: unix:/var/run/openvswitch/db.sock: database connection failed (No such file or directory)
2019-01-28 17:12:50.155 32701 ERROR sysinv.agent.lldp.drivers.ovs.driver [-] Failed to run command ovs-vsctl --timeout 10 --format json --columns name,ports list Bridge: error: ovs-vsctl: unix:/var/run/openvswitch/db.sock: database connection failed (No such file or directory)
2019-01-28 17:12:50.226 20749 INFO sysinv.conductor.manager [req-28fac56c-8615-4b35-8d63-0b60caae0409 None None] Attempting to create new LLDP agent {'status': u'rx=enabled,tx=enabled', 'host_id': 1, 'port_id': 2} on host 1
2019-01-28 17:12:50.471 32701 INFO sysinv.agent.manager [-] interface ens4 disabled after querying LLDP neighbors
2019-01-28 17:12:50.477 32701 INFO sysinv.agent.manager [-] interface eth1000 disabled after querying LLDP neighbors
2019-01-28 17:12:50.483 32701 INFO sysinv.agent.manager [-] interface eth1001 disabled after querying LLDP neighbors
2019-01-28 17:13:10.829 20749 INFO sysinv.conductor.manager [-] Sending agent update request for host 1 to update (audit_lvg)
2019-01-28 17:13:10.835 20749 INFO sysinv.agent.rpcapi [-] AgentApi.agent_update: fanout_cast: sending update request to agent for: (audit_lvg)
2019-01-28 17:13:23.898 21006 WARNING wsme.api [-] Client-side error: No disk with id c0c46c7d-bae2-44c7-95d5-fd832c229500
2019-01-28 17:13:24.034 20749 WARNING sysinv.conductor.manager [req-9dd3e8dc-9fd2-4e30-bfcc-b65c4e76e213 admin admin] controller-0: iconfig out of date: target f09f4cec-8968-47d2-a7a1-5f238daa05b2, applied 0a03f8bd-0eb7-47f0-8f9a-db0cebcfdc50
2019-01-28 17:13:24.034 20749 WARNING sysinv.conductor.manager [req-9dd3e8dc-9fd2-4e30-bfcc-b65c4e76e213 admin admin] SYS_I Raise system config alarm: host controller-0 config applied: 0a03f8bd-0eb7-47f0-8f9a-db0cebcfdc50 vs. target: f09f4cec-8968-47d2-a7a1-5f238daa05b2.
2019-01-28 17:13:24.036 20749 INFO sysinv.conductor.manager [req-9dd3e8dc-9fd2-4e30-bfcc-b65c4e76e213 admin admin] _config_update_hosts config_uuid=709f4cec-8968-47d2-a7a1-5f238daa05b2
2019-01-28 17:13:25.568 32701 INFO sysinv.agent.manager [req-9dd3e8dc-9fd2-4e30-bfcc-b65c4e76e213 admin admin] config_apply_runtime_manifest: 709f4cec-8968-47d2-a7a1-5f238daa05b2 {u'classes': [u'platform::lvm::controller::runtime'], u'force': False, u'personalities': [u'controller']} controller
2019-01-28 17:13:25.569 32701 INFO sysinv.agent.manager [req-9dd3e8dc-9fd2-4e30-bfcc-b65c4e76e213 admin admin] controller-active
2019-01-28 17:13:25.569 32701 INFO sysinv.agent.manager [req-9dd3e8dc-9fd2-4e30-bfcc-b65c4e76e213 admin admin] _apply_runtime_manifest with hieradata_path = '/opt/platform/puppet/19.01/hieradata'
2019-01-28 17:13:33.971 32701 INFO sysinv.agent.manager [req-9dd3e8dc-9fd2-4e30-bfcc-b65c4e76e213 admin admin] Agent config applied 709f4cec-8968-47d2-a7a1-5f238daa05b2
2019-01-28 17:13:34.031 20749 WARNING sysinv.conductor.manager [req-9dd3e8dc-9fd2-4e30-bfcc-b65c4e76e213 admin admin] controller-0: iconfig out of date: target f09f4cec-8968-47d2-a7a1-5f238daa05b2, applied 709f4cec-8968-47d2-a7a1-5f238daa05b2
2019-01-28 17:13:34.032 20749 WARNING sysinv.conductor.manager [req-9dd3e8dc-9fd2-4e30-bfcc-b65c4e76e213 admin admin] SYS_I Raise system config alarm: host controller-0 config applied: 709f4cec-8968-47d2-a7a1-5f238daa05b2 vs. target: f09f4cec-8968-47d2-a7a1-5f238daa05b2.
2019-01-28 17:13:34.254 21006 WARNING wsme.api [-] Client-side error: No disk with id d9826c60-d26c-4e3e-9b58-7dc31af211dd
2019-01-28 17:14:10.819 20749 INFO sysinv.conductor.manager [-] Sending agent update request for host 1 to update (audit_lvg, audit_pv)
2019-01-28 17:14:10.825 20749 INFO sysinv.agent.rpcapi [-] AgentApi.agent_update: fanout_cast: sending update request to agent for: (audit_lvg, audit_pv)
2019-01-28 17:14:12.405 20749 INFO sysinv.conductor.manager [req-0867de79-5ee6-429a-9b51-a6c1cc9e91bd None None] PV uuid: d94a0552-907b-42eb-83e9-1ced97f2c8cd changed UUID from None to YZMvyt-rw6G-6nkh-59JI-liOC-54Yb-926FfH
2019-01-28 17:14:12.429 20749 INFO sysinv.conductor.manager [req-0867de79-5ee6-429a-9b51-a6c1cc9e91bd None None] PV not found in Agent. uuid: ebb29181-52b4-42aa-bef2-054c61c22c6f current state: adding
2019-01-28 17:15:10.874 20749 INFO sysinv.conductor.manager [-] Sending agent update request for host 1 to update (audit_lvg, audit_pv)
2019-01-28 17:15:10.880 20749 INFO sysinv.agent.rpcapi [-] AgentApi.agent_update: fanout_cast: sending update request to agent for: (audit_lvg, audit_pv)
2019-01-28 17:15:12.562 20749 INFO sysinv.conductor.manager [req-ca04c658-fa0e-48e6-8437-e6073376d3ae None None] PV not found in Agent. uuid: ebb29181-52b4-42aa-bef2-054c61c22c6f current state: adding
2019-01-28 17:15:19.905 32701 INFO sysinv.agent.manager [-] interface ens4 enabled to receive LLDP PDUs
2019-01-28 17:15:19.911 32701 INFO sysinv.agent.manager [-] interface eth1000 enabled to receive LLDP PDUs
2019-01-28 17:15:19.915 32701 INFO sysinv.agent.manager [-] interface eth1001 enabled to receive LLDP PDUs
2019-01-28 17:15:35.164 21006 INFO sysinv.api.controllers.v1.controller_fs [-] _get_controller_cgtsvg_limit cgtsvg0_free_mib=28800, cgtsvg1_free_mib=0
2019-01-28 17:15:35.164 21006 INFO sysinv.api.controllers.v1.controller_fs [-] SYS_I filesystem limits cgtsvg0_free_mib=28800, cgtsvg1_free_mib=0, cgtsvg_max_free_GiB=28
2019-01-28 17:15:35.164 21006 INFO sysinv.api.controllers.v1.controller_fs [-] _check_controller_fs ceph_mon_gib_new = 20
2019-01-28 17:15:35.164 21006 INFO sysinv.api.controllers.v1.controller_fs [-] _check_controller_fs cgtsvg_growth_gib = 20
2019-01-28 17:15:35.164 21006 INFO sysinv.api.controllers.v1.controller_fs [-] _check_controller_fs cgtsvg_max_free_GiB = 28
2019-01-28 17:15:36.009 21006 INFO sysinv.api.controllers.v1.controller_fs [-] _total_size_controller_fs total filesysem size 185
2019-01-28 17:15:36.010 21006 INFO sysinv.api.controllers.v1.controller_fs [-] _check_controller_fs rootfs_configured_size_GiB = 205
2019-01-28 17:15:36.227 21006 INFO sysinv.api.controllers.v1.ceph_mon [-] Creating ceph-mon DB entry for host uuid 3a53c151-5f31-42c5-9224-b754ff15d44c: {'forihostid': 1, 'device_path': None, 'uuid': '94f371ce-6ba8-4dfa-82bc-0b73fd9c2813', 'ceph_mon_gib': 20, 'created_at': None, 'hostname': None, 'updated_at': None, 'ihost_uuid': u'3a53c151-5f31-42c5-9224-b754ff15d44c', 'state': u'configured', 'task': None, 'ceph_mon_dev': None, 'id': None}
2019-01-28 17:15:36.480 20749 WARNING sysinv.conductor.manager [req-6da85cbe-37c2-4c8a-8722-889b8422271a admin admin] controller-0: iconfig out of date: target daeec83f-c5a4-4c66-b919-b01ee23c6bcb, applied 709f4cec-8968-47d2-a7a1-5f238daa05b2
2019-01-28 17:15:36.480 20749 WARNING sysinv.conductor.manager [req-6da85cbe-37c2-4c8a-8722-889b8422271a admin admin] SYS_I Raise system config alarm: host controller-0 config applied: 709f4cec-8968-47d2-a7a1-5f238daa05b2 vs. target: daeec83f-c5a4-4c66-b919-b01ee23c6bcb.
2019-01-28 17:15:36.482 20749 INFO sysinv.conductor.manager [req-6da85cbe-37c2-4c8a-8722-889b8422271a admin admin] _config_update_hosts config_uuid=5aeec83f-c5a4-4c66-b919-b01ee23c6bcb
2019-01-28 17:15:50.069 32701 ERROR sysinv.agent.lldp.drivers.ovs.driver [-] Failed to run command ovs-vsctl --timeout 10 --format json --columns name,ports list Bridge: error: ovs-vsctl: unix:/var/run/openvswitch/db.sock: database connection failed (No such file or directory)
2019-01-28 17:15:50.120 32701 ERROR sysinv.agent.lldp.drivers.ovs.driver [-] Failed to run command ovs-vsctl --timeout 10 --format json --columns name,ports list Bridge: error: ovs-vsctl: unix:/var/run/openvswitch/db.sock: database connection failed (No such file or directory)
2019-01-28 17:15:50.292 32701 INFO sysinv.agent.manager [-] interface ens4 disabled after querying LLDP neighbors
2019-01-28 17:15:50.301 32701 INFO sysinv.agent.manager [-] interface eth1000 disabled after querying LLDP neighbors
2019-01-28 17:15:50.309 32701 INFO sysinv.agent.manager [-] interface eth1001 disabled after querying LLDP neighbors
2019-01-28 17:15:51.617 32701 INFO sysinv.agent.manager [req-6da85cbe-37c2-4c8a-8722-889b8422271a admin admin] config_apply_runtime_manifest: 5aeec83f-c5a4-4c66-b919-b01ee23c6bcb {u'classes': [u'platform::partitions::runtime', u'platform::lvm::controller::runtime', u'platform::haproxy::runtime', u'openstack::keystone::endpoint::runtime', u'platform::filesystem::img_conversions::runtime', u'platform::ceph::runtime', u'platform::sm::norestart::runtime'], u'force': False, u'personalities': [u'controller'], u'report_status': u'ceph_config', u'host_uuids': []} controller
2019-01-28 17:15:51.617 32701 INFO sysinv.agent.manager [req-6da85cbe-37c2-4c8a-8722-889b8422271a admin admin] controller-active
2019-01-28 17:15:51.617 32701 INFO sysinv.agent.manager [req-6da85cbe-37c2-4c8a-8722-889b8422271a admin admin] _apply_runtime_manifest with hieradata_path = '/opt/platform/puppet/19.01/hieradata'
2019-01-28 17:16:10.899 20749 INFO sysinv.conductor.manager [-] Sending agent update request for host 1 to update (audit_lvg, audit_pv)
2019-01-28 17:16:10.908 20749 INFO sysinv.agent.rpcapi [-] AgentApi.agent_update: fanout_cast: sending update request to agent for: (audit_lvg, audit_pv)
2019-01-28 17:16:11.958 21006 INFO sysinv.api.controllers.v1.host [-] controller-0 ihost_patch_start_2019-01-28-17-16-11 patch
2019-01-28 17:16:11.958 21006 INFO sysinv.api.controllers.v1.host [-] controller-0 ihost_patch_end. No changes from mtce/1.0.
2019-01-28 17:17:10.948 20749 INFO sysinv.conductor.manager [-] Sending agent update request for host 1 to update (audit_lvg, audit_pv)
2019-01-28 17:17:10.955 20749 INFO sysinv.agent.rpcapi [-] AgentApi.agent_update: fanout_cast: sending update request to agent for: (audit_lvg, audit_pv)
2019-01-28 17:18:11.010 20749 INFO sysinv.conductor.manager [-] Sending agent update request for host 1 to update (audit_lvg, audit_pv)
2019-01-28 17:18:11.016 20749 INFO sysinv.agent.rpcapi [-] AgentApi.agent_update: fanout_cast: sending update request to agent for: (audit_lvg, audit_pv)
2019-01-28 17:18:51.446 3306 INFO manage-partitions [-] Called partition 'check' with 'None' 'None' and '[{"device_path": "/dev/disk/by-path/pci-0000:00:07.0-ata-1.0-part1", "start_mib": 1, "uuid": "491211cd-f682-41ca-bc32-67f019b7b95b", "device_node": "/dev/sda1", "disk_device_path": "/dev/disk/by-path/pci-0000:00:07.0-ata-1.0", "type_guid": "21686148-6449-6e6f-744e-656564454649", "size_mib": 1}, {"device_path": "/dev/disk/by-path/pci-0000:00:07.0-ata-1.0-part2", "start_mib": 2, "uuid": "24932520-86e1-4917-a18f-f5b26d88040c", "device_node": "/dev/sda2", "disk_device_path": "/dev/disk/by-path/pci-0000:00:07.0-ata-1.0", "type_guid": "ebd0a0a2-b9e5-4433-87c0-68b6b72699c7", "size_mib": 500}, {"device_path": "/dev/disk/by-path/pci-0000:00:07.0-ata-1.0-part3", "start_mib": 502, "uuid": "e88cae09-e541-4edb-8bed-235d73800070", "device_node": "/dev/sda3", "disk_device_path": "/dev/disk/by-path/pci-0000:00:07.0-ata-1.0", "type_guid": "ebd0a0a2-b9e5-4433-87c0-68b6b72699c7", "size_mib": 20000}, {"device_path": "/dev/disk/by-path/pci-0000:00:07.0-ata-1.0-part4", "start_mib": 20502, "uuid": "40be4c0d-7110-434b-819d-cbb92db19b04", "device_node": "/dev/sda4", "disk_device_path": "/dev/disk/by-path/pci-0000:00:07.0-ata-1.0", "type_guid": "e6d6d379-f507-44c2-a23c-238f2a3df928", "size_mib": 224256}, {"device_path": "/dev/disk/by-path/pci-0000:00:07.0-ata-1.0-part5", "start_mib": 244758, "uuid": "c0c46c7d-bae2-44c7-95d5-fd832c229500", "device_node": "/dev/sda5", "disk_device_path": "/dev/disk/by-path/pci-0000:00:07.0-ata-1.0", "type_guid": "ba5eba11-0000-1111-2222-000000000001", "size_mib": 6144}, {"device_path": "/dev/disk/by-path/pci-0000:00:07.0-ata-1.0-part6", "start_mib": 250902, "uuid": "d9826c60-d26c-4e3e-9b58-7dc31af211dd", "device_node": "/dev/sda6", "disk_device_path": "/dev/disk/by-path/pci-0000:00:07.0-ata-1.0", "type_guid": "ba5eba11-0000-1111-2222-000000000001", "size_mib": 34816}]'
2019-01-28 17:18:51.447 3306 INFO manage-partitions [-] Executing command: 'udevadm settle -E /dev/disk/by-path/pci-0000:00:07.0-ata-1.0'
2019-01-28 17:18:51.450 3306 INFO manage-partitions [-] Executing command: 'parted -s /dev/disk/by-path/pci-0000:00:07.0-ata-1.0 print'
2019-01-28 17:18:51.672 3306 INFO manage-partitions [-] Executing command: 'udevadm settle -E /dev/disk/by-path/pci-0000:00:07.0-ata-1.0'
2019-01-28 17:18:51.677 3306 INFO manage-partitions [-] Executing command: 'parted -s /dev/disk/by-path/pci-0000:00:07.0-ata-1.0 print'
2019-01-28 17:18:51.913 3306 INFO manage-partitions [-] Executing command: 'udevadm settle -E /dev/disk/by-path/pci-0000:00:07.0-ata-1.0'
2019-01-28 17:18:51.923 3306 INFO manage-partitions [-] Executing command: 'parted -s /dev/disk/by-path/pci-0000:00:07.0-ata-1.0 print'
2019-01-28 17:18:52.176 3306 INFO manage-partitions [-] Executing command: 'udevadm settle -E /dev/disk/by-path/pci-0000:00:07.0-ata-1.0'
2019-01-28 17:18:52.187 3306 INFO manage-partitions [-] Executing command: 'parted -s /dev/disk/by-path/pci-0000:00:07.0-ata-1.0 print'
2019-01-28 17:18:52.441 3306 INFO manage-partitions [-] Executing command: 'udevadm settle -E /dev/disk/by-path/pci-0000:00:07.0-ata-1.0'
2019-01-28 17:18:52.453 3306 INFO manage-partitions [-] Executing command: 'parted -s /dev/disk/by-path/pci-0000:00:07.0-ata-1.0 print'
2019-01-28 17:18:52.703 3306 INFO manage-partitions [-] Executing command: 'udevadm settle -E /dev/disk/by-path/pci-0000:00:07.0-ata-1.0'
2019-01-28 17:18:52.718 3306 INFO manage-partitions [-] Executing command: 'parted -s /dev/disk/by-path/pci-0000:00:07.0-ata-1.0 print'
2019-01-28 17:18:52.957 3306 INFO manage-partitions [-] Executing command: 'sgdisk -i 1 /dev/disk/by-path/pci-0000:00:07.0-ata-1.0'
2019-01-28 17:18:52.977 3306 INFO manage-partitions [-] Executing command: 'sgdisk -i 2 /dev/disk/by-path/pci-0000:00:07.0-ata-1.0'
2019-01-28 17:18:52.992 3306 INFO manage-partitions [-] Executing command: 'sgdisk -i 3 /dev/disk/by-path/pci-0000:00:07.0-ata-1.0'
2019-01-28 17:18:53.002 3306 INFO manage-partitions [-] Executing command: 'sgdisk -i 4 /dev/disk/by-path/pci-0000:00:07.0-ata-1.0'
2019-01-28 17:18:53.008 3306 INFO manage-partitions [-] Executing command: 'sgdisk -i 5 /dev/disk/by-path/pci-0000:00:07.0-ata-1.0'
2019-01-28 17:18:53.014 3306 INFO manage-partitions [-] Executing command: 'sgdisk -i 6 /dev/disk/by-path/pci-0000:00:07.0-ata-1.0'
2019-01-28 17:19:10.996 32701 WARNING sysinv.openstack.common.loopingcall [-] task run outlasted interval by 171.289478 sec
2019-01-28 17:19:11.008 20749 INFO sysinv.conductor.manager [req-6da85cbe-37c2-4c8a-8722-889b8422271a admin admin] Ceph manifests success on host: 3a53c151-5f31-42c5-9224-b754ff15d44c
2019-01-28 17:19:11.054 20749 INFO sysinv.common.ceph [req-6da85cbe-37c2-4c8a-8722-889b8422271a admin admin] Updating crushmap with: /etc/sysinv/crushmap-aio-sx.txt
2019-01-28 17:19:11.535 20749 INFO sysinv.conductor.manager [-] Sending agent update request for host 1 to update (audit_lvg, audit_pv)
2019-01-28 17:19:11.541 32701 INFO sysinv.agent.manager [req-6da85cbe-37c2-4c8a-8722-889b8422271a admin admin] Agent config applied 5aeec83f-c5a4-4c66-b919-b01ee23c6bcb
2019-01-28 17:19:11.543 20749 INFO sysinv.agent.rpcapi [-] AgentApi.agent_update: fanout_cast: sending update request to agent for: (audit_lvg, audit_pv)
2019-01-28 17:19:11.565 20749 WARNING sysinv.conductor.manager [req-6da85cbe-37c2-4c8a-8722-889b8422271a admin admin] controller-0: iconfig out of date: target daeec83f-c5a4-4c66-b919-b01ee23c6bcb, applied 5aeec83f-c5a4-4c66-b919-b01ee23c6bcb
2019-01-28 17:19:11.566 20749 WARNING sysinv.conductor.manager [req-6da85cbe-37c2-4c8a-8722-889b8422271a admin admin] SYS_I Raise system config alarm: host controller-0 config applied: 5aeec83f-c5a4-4c66-b919-b01ee23c6bcb vs. target: daeec83f-c5a4-4c66-b919-b01ee23c6bcb.
2019-01-28 17:19:13.298 20749 INFO sysinv.conductor.manager [req-825481e8-7dc2-446b-880a-0c542dac4fcb None None] PV not found in Agent. uuid: ebb29181-52b4-42aa-bef2-054c61c22c6f current state: adding
2019-01-28 17:19:14.972 20749 INFO sysinv.conductor.manager [req-cceab1b9-1033-4686-aac9-bc80961c7572 None None] PV not found in Agent. uuid: ebb29181-52b4-42aa-bef2-054c61c22c6f current state: adding
2019-01-28 17:19:16.503 20749 INFO sysinv.conductor.manager [req-63d614ff-5b00-4ac7-b221-31978fec9ba9 None None] PV not found in Agent. uuid: ebb29181-52b4-42aa-bef2-054c61c22c6f current state: adding
2019-01-28 17:19:18.233 20749 INFO sysinv.conductor.manager [req-d0e6db4b-7280-40a3-ba45-5c607bc0375e None None] PV not found in Agent. uuid: ebb29181-52b4-42aa-bef2-054c61c22c6f current state: adding
2019-01-28 17:19:19.918 20749 INFO sysinv.conductor.manager [req-6de8dd33-df49-47e0-b050-6ed30bfa3978 None None] PV not found in Agent. uuid: ebb29181-52b4-42aa-bef2-054c61c22c6f current state: adding
2019-01-28 17:20:11.145 20749 INFO sysinv.conductor.manager [-] Sending agent update request for host 1 to update (audit_lvg, audit_pv)
2019-01-28 17:20:11.153 20749 INFO sysinv.agent.rpcapi [-] AgentApi.agent_update: fanout_cast: sending update request to agent for: (audit_lvg, audit_pv)
2019-01-28 17:20:11.305 32701 INFO sysinv.agent.manager [-] interface ens4 enabled to receive LLDP PDUs
2019-01-28 17:20:11.313 32701 INFO sysinv.agent.manager [-] interface eth1000 enabled to receive LLDP PDUs
2019-01-28 17:20:11.318 32701 INFO sysinv.agent.manager [-] interface eth1001 enabled to receive LLDP PDUs
2019-01-28 17:20:39.882 21006 INFO sysinv.api.controllers.v1.interface [-] _update_interface_datanetworks interface={'ifcapabilities': {}, 'ipv4_mode': 'disabled', 'sriov_numvfs': 0, 'used_by': [], 'schedpolicy': None, 'updated_at': None, 'txhashpolicy': None, 'ihost_uuid': u'3a53c151-5f31-42c5-9224-b754ff15d44c', 'imtu': 1500, 'uses': [], 'imac': u'52:54:00:3b:b7:9c', 'ipv6_pool': None, 'ipv6_mode': 'disabled', 'id': 3, 'vlan_id': None, 'forihostid': 1, 'iftype': u'ethernet', 'uuid': u'51fb4d6d-8304-4975-8bb4-d482379605c2', 'ipv4_pool': None, 'created_at': datetime.datetime(2019, 1, 28, 16, 49, 5, 827524, tzinfo=), 'vlan_type': None, 'ifclass': u'data', 'networks': [], 'datanetworks': [], 'networktype': u'data', 'ifname': u'data0', 'ports': None, 'aemode': 'active_standby'} datanetworks=[u'physnet0'] pns=[u'physnet0']
