2021-11-09 20:23:23.485 43862 INFO nova.api.openstack.requestlog [req-2cdd4fc9-6c94-4d40-9dcb-72ebd3d2dc13 4a1b790b1ad8416996d1e8f5f206f34c 78d0093b66f547d2be2b78e496f9d795 - default default] 10.0.3.17 "GET /v2.1/limits" status: 200 len: 511 microversion: 2.1 time: 0.255825 [pid: 43862|app: 0|req: 10/148] 10.0.3.17 () {30 vars in 594 bytes} [Tue Nov 9 20:23:23 2021] GET /v2.1/limits?reserved=1 => generated 511 bytes in 257 msecs (HTTP/1.1 200) 7 headers in 317 bytes (1 switches on core 0) SIGINT/SIGQUIT received...killing workers... worker 1 buried after 2 seconds worker 2 buried after 2 seconds worker 4 buried after 2 seconds worker 8 buried after 2 seconds worker 11 buried after 2 seconds worker 3 buried after 3 seconds worker 5 buried after 3 seconds worker 6 buried after 3 seconds worker 7 buried after 3 seconds worker 9 buried after 3 seconds worker 10 buried after 3 seconds worker 12 buried after 3 seconds worker 13 buried after 3 seconds worker 14 buried after 3 seconds worker 15 buried after 3 seconds worker 16 buried after 3 seconds goodbye to uWSGI. *** Starting uWSGI 2.0.19.1-debian (64bit) on [Tue Nov 9 20:59:14 2021] *** compiled with version: 10.2.1 20210110 on 11 June 2021 09:08:33 os: Linux-5.10.0-9-amd64 #1 SMP Debian 5.10.70-1 (2021-09-30) nodename: nova machine: x86_64 clock source: unix pcre jit disabled detected number of CPU cores: 8 current working directory: /var/lib/nova detected binary path: /usr/bin/uwsgi-core chdir() to /var/lib/nova your processes number limit is 63814 your memory page size is 4096 bytes detected max file descriptor number: 65535 lock engine: pthread robust mutexes thunder lock: enabled uwsgi socket 0 bound to TCP address :8774 fd 3 Python version: 3.9.2 (default, Feb 28 2021, 17:03:44) [GCC 10.2.1 20210110] Python main interpreter initialized at 0x55b6859a5770 python threads support enabled your server socket listen backlog is limited to 100 connections your mercy for graceful operations on workers is 60 seconds mapped 2284375 bytes (2230 KB) for 16 cores *** Operational MODE: preforking *** *** uWSGI is running in multiple interpreter mode *** spawned uWSGI master process (pid: 112) spawned uWSGI worker 1 (pid: 141, cores: 1) spawned uWSGI worker 2 (pid: 142, cores: 1) spawned uWSGI worker 3 (pid: 143, cores: 1) spawned uWSGI worker 4 (pid: 144, cores: 1) spawned uWSGI worker 5 (pid: 145, cores: 1) spawned uWSGI worker 6 (pid: 146, cores: 1) spawned uWSGI worker 7 (pid: 147, cores: 1) spawned uWSGI worker 8 (pid: 148, cores: 1) spawned uWSGI worker 9 (pid: 149, cores: 1) spawned uWSGI worker 10 (pid: 150, cores: 1) spawned uWSGI worker 11 (pid: 151, cores: 1) spawned uWSGI worker 12 (pid: 152, cores: 1) spawned uWSGI worker 13 (pid: 153, cores: 1) spawned uWSGI worker 14 (pid: 154, cores: 1) spawned uWSGI worker 15 (pid: 155, cores: 1) spawned uWSGI worker 16 (pid: 156, cores: 1)
2021-11-09 20:59:32.437 144 WARNING oslo_config.cfg [-] Deprecated: Option "auth_strategy" from group "api" is deprecated for removal ( The only non-default choice, ``noauth2``, is for internal development and testing purposes only and should not be used in deployments. This option and its middleware, NoAuthMiddleware[V2_18], will be removed in a future release. ). Its value may be silently ignored in the future.
2021-11-09 20:59:32.451 144 WARNING oslo_config.cfg [-] Deprecated: Option "api_servers" from group "glance" is deprecated for removal ( Support for image service configuration via standard keystoneauth1 Adapter options was added in the 17.0.0 Queens release. The api_servers option was retained temporarily to allow consumers time to cut over to a real load balancing solution. ). Its value may be silently ignored in the future.
2021-11-09 20:59:34.028 151 WARNING oslo_config.cfg [-] Deprecated: Option "auth_strategy" from group "api" is deprecated for removal ( The only non-default choice, ``noauth2``, is for internal development and testing purposes only and should not be used in deployments. This option and its middleware, NoAuthMiddleware[V2_18], will be removed in a future release. ). Its value may be silently ignored in the future.
2021-11-09 20:59:34.042 151 WARNING oslo_config.cfg [-] Deprecated: Option "api_servers" from group "glance" is deprecated for removal ( Support for image service configuration via standard keystoneauth1 Adapter options was added in the 17.0.0 Queens release. The api_servers option was retained temporarily to allow consumers time to cut over to a real load balancing solution. ). Its value may be silently ignored in the future.
2021-11-09 20:59:35.081 142 WARNING oslo_config.cfg [-] Deprecated: Option "auth_strategy" from group "api" is deprecated for removal ( The only non-default choice, ``noauth2``, is for internal development and testing purposes only and should not be used in deployments. This option and its middleware, NoAuthMiddleware[V2_18], will be removed in a future release. ). Its value may be silently ignored in the future.
2021-11-09 20:59:35.105 154 WARNING oslo_config.cfg [-] Deprecated: Option "auth_strategy" from group "api" is deprecated for removal ( The only non-default choice, ``noauth2``, is for internal development and testing purposes only and should not be used in deployments. This option and its middleware, NoAuthMiddleware[V2_18], will be removed in a future release. ). Its value may be silently ignored in the future.
2021-11-09 20:59:35.112 148 WARNING oslo_config.cfg [-] Deprecated: Option "auth_strategy" from group "api" is deprecated for removal ( The only non-default choice, ``noauth2``, is for internal development and testing purposes only and should not be used in deployments. This option and its middleware, NoAuthMiddleware[V2_18], will be removed in a future release. ). Its value may be silently ignored in the future.
2021-11-09 20:59:35.124 142 WARNING oslo_config.cfg [-] Deprecated: Option "api_servers" from group "glance" is deprecated for removal ( Support for image service configuration via standard keystoneauth1 Adapter options was added in the 17.0.0 Queens release. The api_servers option was retained temporarily to allow consumers time to cut over to a real load balancing solution. ). Its value may be silently ignored in the future.
2021-11-09 20:59:35.170 154 WARNING oslo_config.cfg [-] Deprecated: Option "api_servers" from group "glance" is deprecated for removal ( Support for image service configuration via standard keystoneauth1 Adapter options was added in the 17.0.0 Queens release. The api_servers option was retained temporarily to allow consumers time to cut over to a real load balancing solution. ). Its value may be silently ignored in the future.
2021-11-09 20:59:35.177 148 WARNING oslo_config.cfg [-] Deprecated: Option "api_servers" from group "glance" is deprecated for removal ( Support for image service configuration via standard keystoneauth1 Adapter options was added in the 17.0.0 Queens release. The api_servers option was retained temporarily to allow consumers time to cut over to a real load balancing solution. ). Its value may be silently ignored in the future.
2021-11-09 20:59:35.544 150 WARNING oslo_config.cfg [-] Deprecated: Option "auth_strategy" from group "api" is deprecated for removal ( The only non-default choice, ``noauth2``, is for internal development and testing purposes only and should not be used in deployments. This option and its middleware, NoAuthMiddleware[V2_18], will be removed in a future release. ). Its value may be silently ignored in the future.
2021-11-09 20:59:35.557 150 WARNING oslo_config.cfg [-] Deprecated: Option "api_servers" from group "glance" is deprecated for removal ( Support for image service configuration via standard keystoneauth1 Adapter options was added in the 17.0.0 Queens release. The api_servers option was retained temporarily to allow consumers time to cut over to a real load balancing solution. ). Its value may be silently ignored in the future.
2021-11-09 20:59:35.577 146 WARNING oslo_config.cfg [-] Deprecated: Option "auth_strategy" from group "api" is deprecated for removal ( The only non-default choice, ``noauth2``, is for internal development and testing purposes only and should not be used in deployments. This option and its middleware, NoAuthMiddleware[V2_18], will be removed in a future release. ). Its value may be silently ignored in the future.
2021-11-09 20:59:35.588 146 WARNING oslo_config.cfg [-] Deprecated: Option "api_servers" from group "glance" is deprecated for removal ( Support for image service configuration via standard keystoneauth1 Adapter options was added in the 17.0.0 Queens release. The api_servers option was retained temporarily to allow consumers time to cut over to a real load balancing solution. ). Its value may be silently ignored in the future.
2021-11-09 20:59:35.726 145 WARNING oslo_config.cfg [-] Deprecated: Option "auth_strategy" from group "api" is deprecated for removal ( The only non-default choice, ``noauth2``, is for internal development and testing purposes only and should not be used in deployments. This option and its middleware, NoAuthMiddleware[V2_18], will be removed in a future release. ). Its value may be silently ignored in the future.
2021-11-09 20:59:35.746 145 WARNING oslo_config.cfg [-] Deprecated: Option "api_servers" from group "glance" is deprecated for removal ( Support for image service configuration via standard keystoneauth1 Adapter options was added in the 17.0.0 Queens release. The api_servers option was retained temporarily to allow consumers time to cut over to a real load balancing solution. ). Its value may be silently ignored in the future.
2021-11-09 20:59:36.085 149 WARNING oslo_config.cfg [-] Deprecated: Option "auth_strategy" from group "api" is deprecated for removal ( The only non-default choice, ``noauth2``, is for internal development and testing purposes only and should not be used in deployments. This option and its middleware, NoAuthMiddleware[V2_18], will be removed in a future release. ). Its value may be silently ignored in the future.
2021-11-09 20:59:36.108 149 WARNING oslo_config.cfg [-] Deprecated: Option "api_servers" from group "glance" is deprecated for removal ( Support for image service configuration via standard keystoneauth1 Adapter options was added in the 17.0.0 Queens release. The api_servers option was retained temporarily to allow consumers time to cut over to a real load balancing solution. ). Its value may be silently ignored in the future.
2021-11-09 20:59:36.234 144 WARNING keystonemiddleware.auth_token [req-f887f00b-d706-44ae-ae5b-a901a203b3fe - - - - -] AuthToken middleware is set with keystone_authtoken.service_token_roles_required set to False. This is backwards compatible but deprecated behaviour. Please set this to True.
2021-11-09 20:59:36.250 143 WARNING oslo_config.cfg [-] Deprecated: Option "auth_strategy" from group "api" is deprecated for removal ( The only non-default choice, ``noauth2``, is for internal development and testing purposes only and should not be used in deployments. This option and its middleware, NoAuthMiddleware[V2_18], will be removed in a future release. ). Its value may be silently ignored in the future.
2021-11-09 20:59:36.279 143 WARNING oslo_config.cfg [-] Deprecated: Option "api_servers" from group "glance" is deprecated for removal ( Support for image service configuration via standard keystoneauth1 Adapter options was added in the 17.0.0 Queens release. The api_servers option was retained temporarily to allow consumers time to cut over to a real load balancing solution. ). Its value may be silently ignored in the future.
2021-11-09 20:59:36.562 152 WARNING oslo_config.cfg [-] Deprecated: Option "auth_strategy" from group "api" is deprecated for removal ( The only non-default choice, ``noauth2``, is for internal development and testing purposes only and should not be used in deployments. This option and its middleware, NoAuthMiddleware[V2_18], will be removed in a future release. ). Its value may be silently ignored in the future.
2021-11-09 20:59:36.587 152 WARNING oslo_config.cfg [-] Deprecated: Option "api_servers" from group "glance" is deprecated for removal ( Support for image service configuration via standard keystoneauth1 Adapter options was added in the 17.0.0 Queens release. The api_servers option was retained temporarily to allow consumers time to cut over to a real load balancing solution. ). Its value may be silently ignored in the future.
2021-11-09 20:59:36.646 153 WARNING oslo_config.cfg [-] Deprecated: Option "auth_strategy" from group "api" is deprecated for removal ( The only non-default choice, ``noauth2``, is for internal development and testing purposes only and should not be used in deployments. This option and its middleware, NoAuthMiddleware[V2_18], will be removed in a future release. ). Its value may be silently ignored in the future.
2021-11-09 20:59:36.659 153 WARNING oslo_config.cfg [-] Deprecated: Option "api_servers" from group "glance" is deprecated for removal ( Support for image service configuration via standard keystoneauth1 Adapter options was added in the 17.0.0 Queens release. The api_servers option was retained temporarily to allow consumers time to cut over to a real load balancing solution. ). Its value may be silently ignored in the future.
2021-11-09 20:59:36.671 156 WARNING oslo_config.cfg [-] Deprecated: Option "auth_strategy" from group "api" is deprecated for removal ( The only non-default choice, ``noauth2``, is for internal development and testing purposes only and should not be used in deployments. This option and its middleware, NoAuthMiddleware[V2_18], will be removed in a future release. ). Its value may be silently ignored in the future.
2021-11-09 20:59:36.674 147 WARNING oslo_config.cfg [-] Deprecated: Option "auth_strategy" from group "api" is deprecated for removal ( The only non-default choice, ``noauth2``, is for internal development and testing purposes only and should not be used in deployments. This option and its middleware, NoAuthMiddleware[V2_18], will be removed in a future release. ). Its value may be silently ignored in the future.
2021-11-09 20:59:36.709 156 WARNING oslo_config.cfg [-] Deprecated: Option "api_servers" from group "glance" is deprecated for removal ( Support for image service configuration via standard keystoneauth1 Adapter options was added in the 17.0.0 Queens release. The api_servers option was retained temporarily to allow consumers time to cut over to a real load balancing solution. ). Its value may be silently ignored in the future.
2021-11-09 20:59:36.718 147 WARNING oslo_config.cfg [-] Deprecated: Option "api_servers" from group "glance" is deprecated for removal ( Support for image service configuration via standard keystoneauth1 Adapter options was added in the 17.0.0 Queens release. The api_servers option was retained temporarily to allow consumers time to cut over to a real load balancing solution. ). Its value may be silently ignored in the future.
2021-11-09 20:59:37.060 144 WARNING keystonemiddleware.auth_token [req-f887f00b-d706-44ae-ae5b-a901a203b3fe - - - - -] AuthToken middleware is set with keystone_authtoken.service_token_roles_required set to False. This is backwards compatible but deprecated behaviour. Please set this to True. WSGI app 0 (mountpoint='') ready in 23 seconds on interpreter 0x55b6859a5770 pid: 144 (default app)
2021-11-09 20:59:37.358 154 WARNING keystonemiddleware.auth_token [req-3c65eae4-4130-45a9-a7dc-3aa94460488d - - - - -] AuthToken middleware is set with keystone_authtoken.service_token_roles_required set to False. This is backwards compatible but deprecated behaviour. Please set this to True.
2021-11-09 20:59:37.360 150 WARNING keystonemiddleware.auth_token [req-70ff2d04-a61a-453f-8eb1-4bc59f02970a - - - - -] AuthToken middleware is set with keystone_authtoken.service_token_roles_required set to False. This is backwards compatible but deprecated behaviour. Please set this to True.
2021-11-09 20:59:37.692 155 WARNING oslo_config.cfg [-] Deprecated: Option "auth_strategy" from group "api" is deprecated for removal ( The only non-default choice, ``noauth2``, is for internal development and testing purposes only and should not be used in deployments. This option and its middleware, NoAuthMiddleware[V2_18], will be removed in a future release. ). Its value may be silently ignored in the future.
2021-11-09 20:59:37.741 155 WARNING oslo_config.cfg [-] Deprecated: Option "api_servers" from group "glance" is deprecated for removal ( Support for image service configuration via standard keystoneauth1 Adapter options was added in the 17.0.0 Queens release. The api_servers option was retained temporarily to allow consumers time to cut over to a real load balancing solution. ). Its value may be silently ignored in the future.
2021-11-09 20:59:37.767 151 WARNING keystonemiddleware.auth_token [req-53830471-7731-40b4-8cea-760a28e080f5 - - - - -] AuthToken middleware is set with keystone_authtoken.service_token_roles_required set to False. This is backwards compatible but deprecated behaviour. Please set this to True.
2021-11-09 20:59:37.920 148 WARNING keystonemiddleware.auth_token [req-187a3f66-5023-4dbe-bb2c-45333d0803bc - - - - -] AuthToken middleware is set with keystone_authtoken.service_token_roles_required set to False. This is backwards compatible but deprecated behaviour. Please set this to True.
2021-11-09 20:59:37.925 154 WARNING keystonemiddleware.auth_token [req-3c65eae4-4130-45a9-a7dc-3aa94460488d - - - - -] AuthToken middleware is set with keystone_authtoken.service_token_roles_required set to False. This is backwards compatible but deprecated behaviour. Please set this to True. WSGI app 0 (mountpoint='') ready in 23 seconds on interpreter 0x55b6859a5770 pid: 154 (default app)
2021-11-09 20:59:38.095 145 WARNING keystonemiddleware.auth_token [req-eab6435b-4d95-4e13-879b-0e2bdca0411a - - - - -] AuthToken middleware is set with keystone_authtoken.service_token_roles_required set to False. This is backwards compatible but deprecated behaviour. Please set this to True.
2021-11-09 20:59:38.161 141 WARNING oslo_config.cfg [-] Deprecated: Option "auth_strategy" from group "api" is deprecated for removal ( The only non-default choice, ``noauth2``, is for internal development and testing purposes only and should not be used in deployments. This option and its middleware, NoAuthMiddleware[V2_18], will be removed in a future release. ). Its value may be silently ignored in the future.
2021-11-09 20:59:38.163 150 WARNING keystonemiddleware.auth_token [req-70ff2d04-a61a-453f-8eb1-4bc59f02970a - - - - -] AuthToken middleware is set with keystone_authtoken.service_token_roles_required set to False. This is backwards compatible but deprecated behaviour. Please set this to True.
2021-11-09 20:59:38.175 141 WARNING oslo_config.cfg [-] Deprecated: Option "api_servers" from group "glance" is deprecated for removal ( Support for image service configuration via standard keystoneauth1 Adapter options was added in the 17.0.0 Queens release. The api_servers option was retained temporarily to allow consumers time to cut over to a real load balancing solution. ). Its value may be silently ignored in the future. WSGI app 0 (mountpoint='') ready in 24 seconds on interpreter 0x55b6859a5770 pid: 150 (default app)
2021-11-09 20:59:38.212 142 WARNING keystonemiddleware.auth_token [req-41009aac-24c5-4ab4-8d15-1f2d90d29159 - - - - -] AuthToken middleware is set with keystone_authtoken.service_token_roles_required set to False. This is backwards compatible but deprecated behaviour. Please set this to True.
2021-11-09 20:59:38.501 146 WARNING keystonemiddleware.auth_token [req-c45d68a4-73d2-4201-b797-205ebdf72f34 - - - - -] AuthToken middleware is set with keystone_authtoken.service_token_roles_required set to False. This is backwards compatible but deprecated behaviour. Please set this to True.
2021-11-09 20:59:38.558 152 WARNING keystonemiddleware.auth_token [req-23ffc76d-6a67-49ba-bdca-72c2ff713e03 - - - - -] AuthToken middleware is set with keystone_authtoken.service_token_roles_required set to False. This is backwards compatible but deprecated behaviour. Please set this to True.
2021-11-09 20:59:38.666 143 WARNING keystonemiddleware.auth_token [req-cbb7e3fc-c44e-40db-946f-25052fcdd6b8 - - - - -] AuthToken middleware is set with keystone_authtoken.service_token_roles_required set to False. This is backwards compatible but deprecated behaviour. Please set this to True.
2021-11-09 20:59:38.851 149 WARNING keystonemiddleware.auth_token [req-7d61400b-76bb-47ec-ac7b-3a1110bd9b77 - - - - -] AuthToken middleware is set with keystone_authtoken.service_token_roles_required set to False. This is backwards compatible but deprecated behaviour. Please set this to True.
2021-11-09 20:59:38.960 153 WARNING keystonemiddleware.auth_token [req-2745e282-3931-4646-bca4-d7e141449872 - - - - -] AuthToken middleware is set with keystone_authtoken.service_token_roles_required set to False. This is backwards compatible but deprecated behaviour. Please set this to True.
2021-11-09 20:59:39.032 151 WARNING keystonemiddleware.auth_token [req-53830471-7731-40b4-8cea-760a28e080f5 - - - - -] AuthToken middleware is set with keystone_authtoken.service_token_roles_required set to False. This is backwards compatible but deprecated behaviour. Please set this to True.
2021-11-09 20:59:39.057 148 WARNING keystonemiddleware.auth_token [req-187a3f66-5023-4dbe-bb2c-45333d0803bc - - - - -] AuthToken middleware is set with keystone_authtoken.service_token_roles_required set to False. This is backwards compatible but deprecated behaviour. Please set this to True.
2021-11-09 20:59:39.070 142 WARNING keystonemiddleware.auth_token [req-41009aac-24c5-4ab4-8d15-1f2d90d29159 - - - - -] AuthToken middleware is set with keystone_authtoken.service_token_roles_required set to False. This is backwards compatible but deprecated behaviour. Please set this to True. WSGI app 0 (mountpoint='') ready in 25 seconds on interpreter 0x55b6859a5770 pid: 142 (default app) WSGI app 0 (mountpoint='') ready in 25 seconds on interpreter 0x55b6859a5770 pid: 151 (default app) WSGI app 0 (mountpoint='') ready in 25 seconds on interpreter 0x55b6859a5770 pid: 148 (default app)
2021-11-09 20:59:39.162 146 WARNING keystonemiddleware.auth_token [req-c45d68a4-73d2-4201-b797-205ebdf72f34 - - - - -] AuthToken middleware is set with keystone_authtoken.service_token_roles_required set to False. This is backwards compatible but deprecated behaviour. Please set this to True.
2021-11-09 20:59:39.194 145 WARNING keystonemiddleware.auth_token [req-eab6435b-4d95-4e13-879b-0e2bdca0411a - - - - -] AuthToken middleware is set with keystone_authtoken.service_token_roles_required set to False. This is backwards compatible but deprecated behaviour. Please set this to True. WSGI app 0 (mountpoint='') ready in 25 seconds on interpreter 0x55b6859a5770 pid: 146 (default app)
2021-11-09 20:59:39.249 156 WARNING keystonemiddleware.auth_token [req-2c1b8228-d751-4802-acf6-a6434d214600 - - - - -] AuthToken middleware is set with keystone_authtoken.service_token_roles_required set to False. This is backwards compatible but deprecated behaviour. Please set this to True.
2021-11-09 20:59:39.253 147 WARNING keystonemiddleware.auth_token [req-e8fd80d7-f65b-4a7a-93e9-0059337dc309 - - - - -] AuthToken middleware is set with keystone_authtoken.service_token_roles_required set to False. This is backwards compatible but deprecated behaviour. Please set this to True. WSGI app 0 (mountpoint='') ready in 25 seconds on interpreter 0x55b6859a5770 pid: 145 (default app)
2021-11-09 20:59:39.322 152 WARNING keystonemiddleware.auth_token [req-23ffc76d-6a67-49ba-bdca-72c2ff713e03 - - - - -] AuthToken middleware is set with keystone_authtoken.service_token_roles_required set to False. This is backwards compatible but deprecated behaviour. Please set this to True.
2021-11-09 20:59:39.340 143 WARNING keystonemiddleware.auth_token [req-cbb7e3fc-c44e-40db-946f-25052fcdd6b8 - - - - -] AuthToken middleware is set with keystone_authtoken.service_token_roles_required set to False. This is backwards compatible but deprecated behaviour. Please set this to True. WSGI app 0 (mountpoint='') ready in 25 seconds on interpreter 0x55b6859a5770 pid: 152 (default app) WSGI app 0 (mountpoint='') ready in 25 seconds on interpreter 0x55b6859a5770 pid: 143 (default app)
2021-11-09 20:59:39.469 153 WARNING keystonemiddleware.auth_token [req-2745e282-3931-4646-bca4-d7e141449872 - - - - -] AuthToken middleware is set with keystone_authtoken.service_token_roles_required set to False. This is backwards compatible but deprecated behaviour. Please set this to True.
2021-11-09 20:59:39.498 149 WARNING keystonemiddleware.auth_token [req-7d61400b-76bb-47ec-ac7b-3a1110bd9b77 - - - - -] AuthToken middleware is set with keystone_authtoken.service_token_roles_required set to False. This is backwards compatible but deprecated behaviour. Please set this to True.
2021-11-09 20:59:39.506 155 WARNING keystonemiddleware.auth_token [req-d40d2543-08e6-42e9-9dbd-bc98611d062b - - - - -] AuthToken middleware is set with keystone_authtoken.service_token_roles_required set to False. This is backwards compatible but deprecated behaviour. Please set this to True. WSGI app 0 (mountpoint='') ready in 25 seconds on interpreter 0x55b6859a5770 pid: 153 (default app) WSGI app 0 (mountpoint='') ready in 25 seconds on interpreter 0x55b6859a5770 pid: 149 (default app)
2021-11-09 20:59:39.657 141 WARNING keystonemiddleware.auth_token [req-54a18ed9-2c2f-4973-bfc5-ac0e52cd50a4 - - - - -] AuthToken middleware is set with keystone_authtoken.service_token_roles_required set to False. This is backwards compatible but deprecated behaviour. Please set this to True.
2021-11-09 20:59:39.675 147 WARNING keystonemiddleware.auth_token [req-e8fd80d7-f65b-4a7a-93e9-0059337dc309 - - - - -] AuthToken middleware is set with keystone_authtoken.service_token_roles_required set to False. This is backwards compatible but deprecated behaviour. Please set this to True. WSGI app 0 (mountpoint='') ready in 25 seconds on interpreter 0x55b6859a5770 pid: 147 (default app)
2021-11-09 20:59:39.721 156 WARNING keystonemiddleware.auth_token [req-2c1b8228-d751-4802-acf6-a6434d214600 - - - - -] AuthToken middleware is set with keystone_authtoken.service_token_roles_required set to False. This is backwards compatible but deprecated behaviour. Please set this to True. WSGI app 0 (mountpoint='') ready in 25 seconds on interpreter 0x55b6859a5770 pid: 156 (default app)
2021-11-09 20:59:39.876 155 WARNING keystonemiddleware.auth_token [req-d40d2543-08e6-42e9-9dbd-bc98611d062b - - - - -] AuthToken middleware is set with keystone_authtoken.service_token_roles_required set to False. This is backwards compatible but deprecated behaviour. Please set this to True. WSGI app 0 (mountpoint='') ready in 25 seconds on interpreter 0x55b6859a5770 pid: 155 (default app)
2021-11-09 20:59:39.972 141 WARNING keystonemiddleware.auth_token [req-54a18ed9-2c2f-4973-bfc5-ac0e52cd50a4 - - - - -] AuthToken middleware is set with keystone_authtoken.service_token_roles_required set to False. This is backwards compatible but deprecated behaviour. Please set this to True. WSGI app 0 (mountpoint='') ready in 25 seconds on interpreter 0x55b6859a5770 pid: 141 (default app)
2021-11-09 21:05:20.423 144 INFO nova.api.openstack.requestlog [req-f887f00b-d706-44ae-ae5b-a901a203b3fe - - - - -] 10.0.3.17 "GET /v2.1" status: 200 len: 378 microversion: 2.1 time: 0.000849 [pid: 144|app: 0|req: 1/1] 10.0.3.17 () {30 vars in 559 bytes} [Tue Nov 9 21:05:20 2021] GET /v2.1 => generated 378 bytes in 2 msecs (HTTP/1.1 200) 7 headers in 317 bytes (1 switches on core 0)
2021-11-09 21:05:22.218 154 INFO nova.api.openstack.requestlog [req-a75cd50b-872b-401b-b88c-8223f13c422b 4a1b790b1ad8416996d1e8f5f206f34c 78d0093b66f547d2be2b78e496f9d795 - default default] 10.0.3.17 "GET /v2.1/os-simple-tenant-usage/78d0093b66f547d2be2b78e496f9d795?start=2021-11-08T00:00:00&end=2021-11-09T23:59:59" status: 200 len: 20 microversion: 2.40 time: 1.604575 [pid: 154|app: 0|req: 1/2] 10.0.3.17 () {34 vars in 853 bytes} [Tue Nov 9 21:05:20 2021] GET /v2.1/os-simple-tenant-usage/78d0093b66f547d2be2b78e496f9d795?start=2021-11-08T00:00:00&end=2021-11-09T23:59:59 => generated 20 bytes in 1606 msecs (HTTP/1.1 200) 7 headers in 319 bytes (1 switches on core 0)
2021-11-09 21:05:25.253 150 INFO nova.api.openstack.requestlog [req-0cb0bac5-fa74-4b1d-8ec9-339dd85b3861 4a1b790b1ad8416996d1e8f5f206f34c 78d0093b66f547d2be2b78e496f9d795 - default default] 10.0.3.17 "GET /v2.1/limits" status: 200 len: 511 microversion: 2.1 time: 1.382397 [pid: 150|app: 0|req: 1/3] 10.0.3.17 () {30 vars in 594 bytes} [Tue Nov 9 21:05:23 2021] GET /v2.1/limits?reserved=1 => generated 511 bytes in 1384 msecs (HTTP/1.1 200) 7 headers in 317 bytes (1 switches on core 0)
2021-11-09 21:05:46.640 142 INFO nova.api.openstack.requestlog [req-bc7f1bfd-7ff2-491c-a212-1661ff1b51b0 4a1b790b1ad8416996d1e8f5f206f34c 78d0093b66f547d2be2b78e496f9d795 - default default] 10.0.3.17 "GET /v2.1/os-server-groups" status: 200 len: 21 microversion: 2.1 time: 1.295404 [pid: 142|app: 0|req: 1/4] 10.0.3.17 () {30 vars in 593 bytes} [Tue Nov 9 21:05:45 2021] GET /v2.1/os-server-groups => generated 21 bytes in 1297 msecs (HTTP/1.1 200) 7 headers in 317 bytes (1 switches on core 0)
2021-11-09 21:05:46.916 151 INFO nova.api.openstack.requestlog [req-53830471-7731-40b4-8cea-760a28e080f5 - - - - -] 10.0.3.17 "GET /v2.1" status: 200 len: 378 microversion: 2.1 time: 0.000862 [pid: 151|app: 0|req: 1/5] 10.0.3.17 () {30 vars in 559 bytes} [Tue Nov 9 21:05:46 2021] GET /v2.1 => generated 378 bytes in 2 msecs (HTTP/1.1 200) 7 headers in 317 bytes (1 switches on core 0)
2021-11-09 23:59:54.901 148 INFO nova.api.openstack.requestlog [req-187a3f66-5023-4dbe-bb2c-45333d0803bc - - - - -] 10.0.3.17 "GET /v2.1" status: 200 len: 378 microversion: 2.1 time: 0.000979 [pid: 148|app: 0|req: 1/6] 10.0.3.17 () {30 vars in 559 bytes} [Tue Nov 9 23:59:54 2021] GET /v2.1 => generated 378 bytes in 3 msecs (HTTP/1.1 200) 7 headers in 317 bytes (1 switches on core 0)
2021-11-09 23:59:56.449 146 INFO nova.api.openstack.requestlog [req-5fd2ed8b-eb0b-4225-8cef-e31599d76001 4a1b790b1ad8416996d1e8f5f206f34c 78d0093b66f547d2be2b78e496f9d795 - default default] 10.0.3.17 "GET /v2.1/os-simple-tenant-usage/78d0093b66f547d2be2b78e496f9d795?start=2021-11-08T00:00:00&end=2021-11-09T23:59:59" status: 200 len: 20 microversion: 2.40 time: 1.318655 [pid: 146|app: 0|req: 1/7] 10.0.3.17 () {34 vars in 853 bytes} [Tue Nov 9 23:59:55 2021] GET /v2.1/os-simple-tenant-usage/78d0093b66f547d2be2b78e496f9d795?start=2021-11-08T00:00:00&end=2021-11-09T23:59:59 => generated 20 bytes in 1321 msecs (HTTP/1.1 200) 7 headers in 319 bytes (1 switches on core 0)
2021-11-09 23:59:58.022 145 INFO nova.api.openstack.requestlog [req-68102909-8d50-4a5d-b1d6-c607bfcaaa3a 4a1b790b1ad8416996d1e8f5f206f34c 78d0093b66f547d2be2b78e496f9d795 - default default] 10.0.3.17 "GET /v2.1/limits" status: 200 len: 511 microversion: 2.1 time: 1.327201 [pid: 145|app: 0|req: 1/8] 10.0.3.17 () {30 vars in 594 bytes} [Tue Nov 9 23:59:56 2021] GET /v2.1/limits?reserved=1 => generated 511 bytes in 1329 msecs (HTTP/1.1 200) 7 headers in 317 bytes (1 switches on core 0)
2021-11-10 00:00:05.204 152 INFO nova.api.openstack.requestlog [req-5cb77356-8b8d-4e2a-9fc3-4081429c67b0 4a1b790b1ad8416996d1e8f5f206f34c 78d0093b66f547d2be2b78e496f9d795 - default default] 10.0.3.17 "GET /v2.1/limits" status: 200 len: 511 microversion: 2.1 time: 1.296047 [pid: 152|app: 0|req: 1/9] 10.0.3.17 () {30 vars in 594 bytes} [Wed Nov 10 00:00:03 2021] GET /v2.1/limits?reserved=1 => generated 511 bytes in 1298 msecs (HTTP/1.1 200) 7 headers in 317 bytes (1 switches on core 0)
2021-11-10 00:00:06.167 143 INFO nova.api.openstack.requestlog [req-cbb7e3fc-c44e-40db-946f-25052fcdd6b8 - - - - -] 10.0.3.17 "GET /v2.1" status: 200 len: 378 microversion: 2.1 time: 0.000963 [pid: 143|app: 0|req: 1/10] 10.0.3.17 () {30 vars in 559 bytes} [Wed Nov 10 00:00:06 2021] GET /v2.1 => generated 378 bytes in 3 msecs (HTTP/1.1 200) 7 headers in 317 bytes (1 switches on core 0)
2021-11-10 00:00:07.669 156 INFO nova.api.openstack.requestlog [req-2c1b8228-d751-4802-acf6-a6434d214600 - - - - -] 10.0.3.17 "GET /v2.1" status: 200 len: 378 microversion: 2.1 time: 0.001552 [pid: 156|app: 0|req: 1/11] 10.0.3.17 () {30 vars in 559 bytes} [Wed Nov 10 00:00:07 2021] GET /v2.1 => generated 378 bytes in 4 msecs (HTTP/1.1 200) 7 headers in 317 bytes (1 switches on core 0) /usr/lib/python3/dist-packages/oslo_policy/policy.py:1064: UserWarning: Policy os_compute_api:servers:allow_all_filters failed scope check. The token used to make the request was project scoped but the policy requires ['system'] scope. This behavior may change in the future where using the intended scope is required warnings.warn(msg)
2021-11-10 00:00:08.128 153 INFO nova.api.openstack.requestlog [req-f55af8ef-6c84-44d6-9fea-7a979b850a58 4a1b790b1ad8416996d1e8f5f206f34c 78d0093b66f547d2be2b78e496f9d795 - default default] 10.0.3.17 "GET /v2.1/servers/detail?project_id=78d0093b66f547d2be2b78e496f9d795" status: 200 len: 15 microversion: 2.42 time: 1.754679 [pid: 153|app: 0|req: 1/12] 10.0.3.17 () {34 vars in 759 bytes} [Wed Nov 10 00:00:06 2021] GET /v2.1/servers/detail?project_id=78d0093b66f547d2be2b78e496f9d795 => generated 15 bytes in 1757 msecs (HTTP/1.1 200) 7 headers in 319 bytes (1 switches on core 0)
2021-11-10 00:00:08.654 144 INFO nova.api.openstack.requestlog [req-f887f00b-d706-44ae-ae5b-a901a203b3fe - - - - -] 10.0.3.17 "GET /v2.1" status: 200 len: 378 microversion: 2.1 time: 0.000983 [pid: 144|app: 0|req: 2/13] 10.0.3.17 () {30 vars in 559 bytes} [Wed Nov 10 00:00:08 2021] GET /v2.1 => generated 378 bytes in 2 msecs (HTTP/1.1 200) 7 headers in 317 bytes (1 switches on core 0)
2021-11-10 00:00:09.386 147 INFO nova.api.openstack.requestlog [req-a97349bb-96bd-4e2d-9cae-2860ce86be1a 4a1b790b1ad8416996d1e8f5f206f34c 78d0093b66f547d2be2b78e496f9d795 - default default] 10.0.3.17 "GET /v2.1/limits" status: 200 len: 511 microversion: 2.1 time: 1.880315 [pid: 147|app: 0|req: 1/14] 10.0.3.17 () {30 vars in 594 bytes} [Wed Nov 10 00:00:07 2021] GET /v2.1/limits?reserved=1 => generated 511 bytes in 1882 msecs (HTTP/1.1 200) 7 headers in 317 bytes (1 switches on core 0)
2021-11-10 00:00:09.554 149 INFO nova.api.openstack.requestlog [req-2c4d7031-daaa-41e4-996a-52c252e9a02d 4a1b790b1ad8416996d1e8f5f206f34c 78d0093b66f547d2be2b78e496f9d795 - default default] 10.0.3.17 "GET /v2.1/os-availability-zone" status: 200 len: 97 microversion: 2.1 time: 2.073943 [pid: 149|app: 0|req: 1/15] 10.0.3.17 () {30 vars in 601 bytes} [Wed Nov 10 00:00:07 2021] GET /v2.1/os-availability-zone => generated 97 bytes in 2076 msecs (HTTP/1.1 200) 7 headers in 317 bytes (1 switches on core 0)
2021-11-10 00:00:09.677 155 INFO nova.api.openstack.requestlog [req-4ea4860c-07b6-4a78-8619-84746f08b273 4a1b790b1ad8416996d1e8f5f206f34c 78d0093b66f547d2be2b78e496f9d795 - default default] 10.0.3.17 "GET /v2.1/flavors/detail" status: 200 len: 453 microversion: 2.1 time: 1.982411 [pid: 155|app: 0|req: 1/16] 10.0.3.17 () {30 vars in 589 bytes} [Wed Nov 10 00:00:07 2021] GET /v2.1/flavors/detail => generated 453 bytes in 1984 msecs (HTTP/1.1 200) 7 headers in 317 bytes (1 switches on core 0)
2021-11-10 00:00:09.706 154 INFO nova.api.openstack.requestlog [req-4ea054ee-0808-4608-ae5e-e242f4dc39f4 4a1b790b1ad8416996d1e8f5f206f34c 78d0093b66f547d2be2b78e496f9d795 - default default] 10.0.3.17 "GET /v2.1/flavors/cfa68b98-354f-474f-9a09-b299a28f634d/os-extra_specs" status: 200 len: 19 microversion: 2.1 time: 0.021672 [pid: 154|app: 0|req: 2/17] 10.0.3.17 () {30 vars in 679 bytes} [Wed Nov 10 00:00:09 2021] GET /v2.1/flavors/cfa68b98-354f-474f-9a09-b299a28f634d/os-extra_specs => generated 19 bytes in 23 msecs (HTTP/1.1 200) 7 headers in 317 bytes (1 switches on core 0)
2021-11-10 00:00:09.902 141 WARNING oslo_db.sqlalchemy.utils [req-6b5a27c9-5eb9-48b9-95c0-22906131666d 4a1b790b1ad8416996d1e8f5f206f34c 78d0093b66f547d2be2b78e496f9d795 - default default] Unique keys not in sort_keys. The sorting order may be unstable.
2021-11-10 00:00:09.919 141 WARNING oslo_db.sqlalchemy.utils [req-6b5a27c9-5eb9-48b9-95c0-22906131666d 4a1b790b1ad8416996d1e8f5f206f34c 78d0093b66f547d2be2b78e496f9d795 - default default] Unique keys not in sort_keys. The sorting order may be unstable.
2021-11-10 00:00:09.945 141 INFO nova.api.openstack.requestlog [req-6b5a27c9-5eb9-48b9-95c0-22906131666d 4a1b790b1ad8416996d1e8f5f206f34c 78d0093b66f547d2be2b78e496f9d795 - default default] 10.0.3.17 "GET /v2.1/os-keypairs" status: 200 len: 16 microversion: 2.9 time: 1.560851 [pid: 141|app: 0|req: 1/18] 10.0.3.17 () {32 vars in 623 bytes} [Wed Nov 10 00:00:08 2021] GET /v2.1/os-keypairs => generated 16 bytes in 1563 msecs (HTTP/1.1 200) 7 headers in 317 bytes (1 switches on core 0)
2021-11-10 00:00:10.963 150 INFO nova.api.openstack.requestlog [req-96d7f3f4-3347-40d2-a4ad-53f226454b2d 4a1b790b1ad8416996d1e8f5f206f34c 78d0093b66f547d2be2b78e496f9d795 - default default] 10.0.3.17 "GET /v2.1/os-server-groups" status: 200 len: 21 microversion: 2.1 time: 0.736241 [pid: 150|app: 0|req: 2/19] 10.0.3.17 () {30 vars in 593 bytes} [Wed Nov 10 00:00:10 2021] GET /v2.1/os-server-groups => generated 21 bytes in 738 msecs (HTTP/1.1 200) 7 headers in 317 bytes (1 switches on core 0)
2021-11-10 00:00:19.982 142 INFO nova.api.openstack.requestlog [req-bc7f1bfd-7ff2-491c-a212-1661ff1b51b0 4a1b790b1ad8416996d1e8f5f206f34c 78d0093b66f547d2be2b78e496f9d795 - default default] 10.0.3.17 "GET /v2.1" status: 200 len: 378 microversion: 2.1 time: 0.000896 [pid: 142|app: 0|req: 2/20] 10.0.3.17 () {30 vars in 559 bytes} [Wed Nov 10 00:00:19 2021] GET /v2.1 => generated 378 bytes in 2 msecs (HTTP/1.1 200) 7 headers in 317 bytes (1 switches on core 0) /usr/lib/python3/dist-packages/oslo_policy/policy.py:1064: UserWarning: Policy os_compute_api:servers:allow_all_filters failed scope check. The token used to make the request was project scoped but the policy requires ['system'] scope. This behavior may change in the future where using the intended scope is required warnings.warn(msg)
2021-11-10 00:00:22.616 151 INFO nova.api.openstack.requestlog [req-bb48fa0b-24e6-4836-8234-dc36d3481053 4a1b790b1ad8416996d1e8f5f206f34c 78d0093b66f547d2be2b78e496f9d795 - default default] 10.0.3.17 "GET /v2.1/servers/detail?project_id=78d0093b66f547d2be2b78e496f9d795" status: 200 len: 15 microversion: 2.42 time: 2.449305 [pid: 151|app: 0|req: 2/21] 10.0.3.17 () {34 vars in 759 bytes} [Wed Nov 10 00:00:20 2021] GET /v2.1/servers/detail?project_id=78d0093b66f547d2be2b78e496f9d795 => generated 15 bytes in 2451 msecs (HTTP/1.1 200) 7 headers in 319 bytes (1 switches on core 0)
2021-11-10 00:00:28.730 148 INFO nova.api.openstack.requestlog [req-43b7ea54-3103-4311-86c1-3c7e631d05d9 4a1b790b1ad8416996d1e8f5f206f34c 78d0093b66f547d2be2b78e496f9d795 - default default] 10.0.3.17 "GET /v2.1/limits" status: 200 len: 511 microversion: 2.1 time: 1.354501 [pid: 148|app: 0|req: 2/22] 10.0.3.17 () {30 vars in 594 bytes} [Wed Nov 10 00:00:27 2021] GET /v2.1/limits?reserved=1 => generated 511 bytes in 1356 msecs (HTTP/1.1 200) 7 headers in 317 bytes (1 switches on core 0)
2021-11-10 00:00:29.713 146 INFO nova.api.openstack.requestlog [req-5fd2ed8b-eb0b-4225-8cef-e31599d76001 4a1b790b1ad8416996d1e8f5f206f34c 78d0093b66f547d2be2b78e496f9d795 - default default] 10.0.3.17 "GET /v2.1" status: 200 len: 378 microversion: 2.1 time: 0.000786 [pid: 146|app: 0|req: 2/23] 10.0.3.17 () {30 vars in 559 bytes} [Wed Nov 10 00:00:29 2021] GET /v2.1 => generated 378 bytes in 2 msecs (HTTP/1.1 200) 7 headers in 317 bytes (1 switches on core 0) /usr/lib/python3/dist-packages/oslo_policy/policy.py:1064: UserWarning: Policy os_compute_api:servers:allow_all_filters failed scope check. The token used to make the request was project scoped but the policy requires ['system'] scope. This behavior may change in the future where using the intended scope is required warnings.warn(msg)
2021-11-10 00:00:30.301 145 INFO nova.api.openstack.requestlog [req-de442afe-c8d0-46d8-804a-cf3100533375 4a1b790b1ad8416996d1e8f5f206f34c 78d0093b66f547d2be2b78e496f9d795 - default default] 10.0.3.17 "GET /v2.1/servers/detail?project_id=78d0093b66f547d2be2b78e496f9d795" status: 200 len: 15 microversion: 2.42 time: 0.379462 [pid: 145|app: 0|req: 2/24] 10.0.3.17 () {34 vars in 759 bytes} [Wed Nov 10 00:00:29 2021] GET /v2.1/servers/detail?project_id=78d0093b66f547d2be2b78e496f9d795 => generated 15 bytes in 381 msecs (HTTP/1.1 200) 7 headers in 319 bytes (1 switches on core 0)
2021-11-10 00:00:40.736 152 INFO nova.api.openstack.requestlog [req-5cb77356-8b8d-4e2a-9fc3-4081429c67b0 4a1b790b1ad8416996d1e8f5f206f34c 78d0093b66f547d2be2b78e496f9d795 - default default] 10.0.3.17 "GET /v2.1" status: 200 len: 378 microversion: 2.1 time: 0.000786 [pid: 152|app: 0|req: 2/25] 10.0.3.17 () {30 vars in 559 bytes} [Wed Nov 10 00:00:40 2021] GET /v2.1 => generated 378 bytes in 2 msecs (HTTP/1.1 200) 7 headers in 317 bytes (1 switches on core 0) /usr/lib/python3/dist-packages/oslo_policy/policy.py:1064: UserWarning: Policy os_compute_api:servers:allow_all_filters failed scope check. The token used to make the request was project scoped but the policy requires ['system'] scope. This behavior may change in the future where using the intended scope is required warnings.warn(msg)
2021-11-10 00:00:42.326 143 INFO nova.api.openstack.requestlog [req-dbf294f9-6165-4ac8-865b-bc299ac2dfdd 4a1b790b1ad8416996d1e8f5f206f34c 78d0093b66f547d2be2b78e496f9d795 - default default] 10.0.3.17 "GET /v2.1/servers/detail?project_id=78d0093b66f547d2be2b78e496f9d795" status: 200 len: 15 microversion: 2.42 time: 1.402126 [pid: 143|app: 0|req: 2/26] 10.0.3.17 () {34 vars in 759 bytes} [Wed Nov 10 00:00:40 2021] GET /v2.1/servers/detail?project_id=78d0093b66f547d2be2b78e496f9d795 => generated 15 bytes in 1403 msecs (HTTP/1.1 200) 7 headers in 319 bytes (1 switches on core 0)
2021-11-10 00:00:52.767 156 INFO nova.api.openstack.requestlog [req-2c1b8228-d751-4802-acf6-a6434d214600 - - - - -] 10.0.3.17 "GET /v2.1" status: 200 len: 378 microversion: 2.1 time: 0.000652 [pid: 156|app: 0|req: 2/27] 10.0.3.17 () {30 vars in 559 bytes} [Wed Nov 10 00:00:52 2021] GET /v2.1 => generated 378 bytes in 1 msecs (HTTP/1.1 200) 7 headers in 317 bytes (1 switches on core 0)
2021-11-10 00:00:53.240 153 INFO nova.api.openstack.requestlog [req-25fe7253-febb-47e2-bbd9-9a8ebdef0044 4a1b790b1ad8416996d1e8f5f206f34c 78d0093b66f547d2be2b78e496f9d795 - default default] 10.0.3.17 "GET /v2.1/servers/detail?project_id=78d0093b66f547d2be2b78e496f9d795" status: 200 len: 15 microversion: 2.42 time: 0.270609 [pid: 153|app: 0|req: 2/28] 10.0.3.17 () {34 vars in 759 bytes} [Wed Nov 10 00:00:52 2021] GET /v2.1/servers/detail?project_id=78d0093b66f547d2be2b78e496f9d795 => generated 15 bytes in 272 msecs (HTTP/1.1 200) 7 headers in 319 bytes (1 switches on core 0)
2021-11-10 00:01:03.663 144 INFO nova.api.openstack.requestlog [req-f887f00b-d706-44ae-ae5b-a901a203b3fe - - - - -] 10.0.3.17 "GET /v2.1" status: 200 len: 378 microversion: 2.1 time: 0.000686 [pid: 144|app: 0|req: 3/29] 10.0.3.17 () {30 vars in 559 bytes} [Wed Nov 10 00:01:03 2021] GET /v2.1 => generated 378 bytes in 1 msecs (HTTP/1.1 200) 7 headers in 317 bytes (1 switches on core 0) /usr/lib/python3/dist-packages/oslo_policy/policy.py:1064: UserWarning: Policy os_compute_api:servers:allow_all_filters failed scope check. The token used to make the request was project scoped but the policy requires ['system'] scope. This behavior may change in the future where using the intended scope is required warnings.warn(msg)
2021-11-10 00:01:04.218 147 INFO nova.api.openstack.requestlog [req-20e3bfac-3701-43f4-81fc-210cc02bc4f5 4a1b790b1ad8416996d1e8f5f206f34c 78d0093b66f547d2be2b78e496f9d795 - default default] 10.0.3.17 "GET /v2.1/servers/detail?project_id=78d0093b66f547d2be2b78e496f9d795" status: 200 len: 15 microversion: 2.42 time: 0.371494 [pid: 147|app: 0|req: 2/30] 10.0.3.17 () {34 vars in 759 bytes} [Wed Nov 10 00:01:03 2021] GET /v2.1/servers/detail?project_id=78d0093b66f547d2be2b78e496f9d795 => generated 15 bytes in 373 msecs (HTTP/1.1 200) 7 headers in 319 bytes (1 switches on core 0)
2021-11-10 00:01:14.616 149 INFO nova.api.openstack.requestlog [req-2c4d7031-daaa-41e4-996a-52c252e9a02d 4a1b790b1ad8416996d1e8f5f206f34c 78d0093b66f547d2be2b78e496f9d795 - default default] 10.0.3.17 "GET /v2.1" status: 200 len: 378 microversion: 2.1 time: 0.000806 [pid: 149|app: 0|req: 2/31] 10.0.3.17 () {30 vars in 559 bytes} [Wed Nov 10 00:01:14 2021] GET /v2.1 => generated 378 bytes in 2 msecs (HTTP/1.1 200) 7 headers in 317 bytes (1 switches on core 0) /usr/lib/python3/dist-packages/oslo_policy/policy.py:1064: UserWarning: Policy os_compute_api:servers:allow_all_filters failed scope check. The token used to make the request was project scoped but the policy requires ['system'] scope. This behavior may change in the future where using the intended scope is required warnings.warn(msg)
2021-11-10 00:01:15.185 155 INFO nova.api.openstack.requestlog [req-8f0b6103-7283-47f9-99c0-85c9732b296a 4a1b790b1ad8416996d1e8f5f206f34c 78d0093b66f547d2be2b78e496f9d795 - default default] 10.0.3.17 "GET /v2.1/servers/detail?project_id=78d0093b66f547d2be2b78e496f9d795" status: 200 len: 15 microversion: 2.42 time: 0.365466 [pid: 155|app: 0|req: 2/32] 10.0.3.17 () {34 vars in 759 bytes} [Wed Nov 10 00:01:14 2021] GET /v2.1/servers/detail?project_id=78d0093b66f547d2be2b78e496f9d795 => generated 15 bytes in 367 msecs (HTTP/1.1 200) 7 headers in 319 bytes (1 switches on core 0)
2021-11-10 00:01:27.027 154 INFO nova.api.openstack.requestlog [req-4ea054ee-0808-4608-ae5e-e242f4dc39f4 4a1b790b1ad8416996d1e8f5f206f34c 78d0093b66f547d2be2b78e496f9d795 - default default] 10.0.3.17 "GET /v2.1" status: 200 len: 378 microversion: 2.1 time: 0.000771 [pid: 154|app: 0|req: 3/33] 10.0.3.17 () {30 vars in 559 bytes} [Wed Nov 10 00:01:27 2021] GET /v2.1 => generated 378 bytes in 2 msecs (HTTP/1.1 200) 7 headers in 317 bytes (1 switches on core 0) /usr/lib/python3/dist-packages/oslo_policy/policy.py:1064: UserWarning: Policy os_compute_api:servers:allow_all_filters failed scope check. The token used to make the request was project scoped but the policy requires ['system'] scope. This behavior may change in the future where using the intended scope is required warnings.warn(msg)
2021-11-10 00:01:27.680 141 INFO nova.api.openstack.requestlog [req-28b7865c-f58d-439c-807a-d9a35e80a35a 4a1b790b1ad8416996d1e8f5f206f34c 78d0093b66f547d2be2b78e496f9d795 - default default] 10.0.3.17 "GET /v2.1/servers/detail?project_id=78d0093b66f547d2be2b78e496f9d795" status: 200 len: 15 microversion: 2.42 time: 0.383483 [pid: 141|app: 0|req: 2/34] 10.0.3.17 () {34 vars in 759 bytes} [Wed Nov 10 00:01:27 2021] GET /v2.1/servers/detail?project_id=78d0093b66f547d2be2b78e496f9d795 => generated 15 bytes in 385 msecs (HTTP/1.1 200) 7 headers in 319 bytes (1 switches on core 0)
2021-11-10 00:01:38.111 150 INFO nova.api.openstack.requestlog [req-96d7f3f4-3347-40d2-a4ad-53f226454b2d 4a1b790b1ad8416996d1e8f5f206f34c 78d0093b66f547d2be2b78e496f9d795 - default default] 10.0.3.17 "GET /v2.1" status: 200 len: 378 microversion: 2.1 time: 0.000729 [pid: 150|app: 0|req: 3/35] 10.0.3.17 () {30 vars in 559 bytes} [Wed Nov 10 00:01:38 2021] GET /v2.1 => generated 378 bytes in 1 msecs (HTTP/1.1 200) 7 headers in 317 bytes (1 switches on core 0) /usr/lib/python3/dist-packages/oslo_policy/policy.py:1064: UserWarning: Policy os_compute_api:servers:allow_all_filters failed scope check. The token used to make the request was project scoped but the policy requires ['system'] scope. This behavior may change in the future where using the intended scope is required warnings.warn(msg)
2021-11-10 00:01:39.343 142 INFO nova.api.openstack.requestlog [req-72e29548-f6b8-43c1-9873-bcb5b87bf248 4a1b790b1ad8416996d1e8f5f206f34c 78d0093b66f547d2be2b78e496f9d795 - default default] 10.0.3.17 "GET /v2.1/servers/detail?project_id=78d0093b66f547d2be2b78e496f9d795" status: 200 len: 15 microversion: 2.42 time: 0.925450 [pid: 142|app: 0|req: 3/36] 10.0.3.17 () {34 vars in 759 bytes} [Wed Nov 10 00:01:38 2021] GET /v2.1/servers/detail?project_id=78d0093b66f547d2be2b78e496f9d795 => generated 15 bytes in 926 msecs (HTTP/1.1 200) 7 headers in 319 bytes (1 switches on core 0)
2021-11-10 00:01:49.755 151 INFO nova.api.openstack.requestlog [req-bb48fa0b-24e6-4836-8234-dc36d3481053 4a1b790b1ad8416996d1e8f5f206f34c 78d0093b66f547d2be2b78e496f9d795 - default default] 10.0.3.17 "GET /v2.1" status: 200 len: 378 microversion: 2.1 time: 0.000788 [pid: 151|app: 0|req: 3/37] 10.0.3.17 () {30 vars in 559 bytes} [Wed Nov 10 00:01:49 2021] GET /v2.1 => generated 378 bytes in 2 msecs (HTTP/1.1 200) 7 headers in 317 bytes (1 switches on core 0) /usr/lib/python3/dist-packages/oslo_policy/policy.py:1064: UserWarning: Policy os_compute_api:servers:allow_all_filters failed scope check. The token used to make the request was project scoped but the policy requires ['system'] scope. This behavior may change in the future where using the intended scope is required warnings.warn(msg)
2021-11-10 00:01:50.295 148 INFO nova.api.openstack.requestlog [req-2a258860-fbbd-4aca-8037-160576b87182 4a1b790b1ad8416996d1e8f5f206f34c 78d0093b66f547d2be2b78e496f9d795 - default default] 10.0.3.17 "GET /v2.1/servers/detail?project_id=78d0093b66f547d2be2b78e496f9d795" status: 200 len: 15 microversion: 2.42 time: 0.357991 [pid: 148|app: 0|req: 3/38] 10.0.3.17 () {34 vars in 759 bytes} [Wed Nov 10 00:01:49 2021] GET /v2.1/servers/detail?project_id=78d0093b66f547d2be2b78e496f9d795 => generated 15 bytes in 359 msecs (HTTP/1.1 200) 7 headers in 319 bytes (1 switches on core 0)
