2021-11-10 00:28:09.747 143 INFO nova.api.openstack.requestlog [req-eda89317-682b-49ef-8c14-9daf7d49394a 4a1b790b1ad8416996d1e8f5f206f34c 78d0093b66f547d2be2b78e496f9d795 - default default] 10.0.3.17 "GET /v2.1/servers/detail?project_id=78d0093b66f547d2be2b78e496f9d795" status: 200 len: 15 microversion: 2.42 time: 0.264564 [pid: 143|app: 0|req: 21/330] 10.0.3.17 () {34 vars in 759 bytes} [Wed Nov 10 00:28:09 2021] GET /v2.1/servers/detail?project_id=78d0093b66f547d2be2b78e496f9d795 => generated 15 bytes in 266 msecs (HTTP/1.1 200) 7 headers in 319 bytes (1 switches on core 0)
2021-11-10 00:28:20.070 156 INFO nova.api.openstack.requestlog [req-2c1b8228-d751-4802-acf6-a6434d214600 - - - - -] 10.0.3.17 "GET /v2.1" status: 200 len: 378 microversion: 2.1 time: 0.000782 [pid: 156|app: 0|req: 21/331] 10.0.3.17 () {30 vars in 559 bytes} [Wed Nov 10 00:28:20 2021] GET /v2.1 => generated 378 bytes in 2 msecs (HTTP/1.1 200) 7 headers in 317 bytes (1 switches on core 0)
2021-11-10 00:28:20.514 153 INFO nova.api.openstack.requestlog [req-7c53246d-937e-435a-8018-60084c7cc20b 4a1b790b1ad8416996d1e8f5f206f34c 78d0093b66f547d2be2b78e496f9d795 - default default] 10.0.3.17 "GET /v2.1/servers/detail?project_id=78d0093b66f547d2be2b78e496f9d795" status: 200 len: 15 microversion: 2.42 time: 0.304691 [pid: 153|app: 0|req: 21/332] 10.0.3.17 () {34 vars in 759 bytes} [Wed Nov 10 00:28:20 2021] GET /v2.1/servers/detail?project_id=78d0093b66f547d2be2b78e496f9d795 => generated 15 bytes in 306 msecs (HTTP/1.1 200) 7 headers in 319 bytes (1 switches on core 0)
2021-11-10 00:28:30.857 144 INFO nova.api.openstack.requestlog [req-f887f00b-d706-44ae-ae5b-a901a203b3fe - - - - -] 10.0.3.17 "GET /v2.1" status: 200 len: 378 microversion: 2.1 time: 0.000824 [pid: 144|app: 0|req: 22/333] 10.0.3.17 () {30 vars in 559 bytes} [Wed Nov 10 00:28:30 2021] GET /v2.1 => generated 378 bytes in 2 msecs (HTTP/1.1 200) 7 headers in 317 bytes (1 switches on core 0)
2021-11-10 00:28:31.316 147 INFO nova.api.openstack.requestlog [req-b7a2a1b8-1891-4bf8-ab94-e3a88e977d82 4a1b790b1ad8416996d1e8f5f206f34c 78d0093b66f547d2be2b78e496f9d795 - default default] 10.0.3.17 "GET /v2.1/servers/detail?project_id=78d0093b66f547d2be2b78e496f9d795" status: 200 len: 15 microversion: 2.42 time: 0.314432 [pid: 147|app: 0|req: 21/334] 10.0.3.17 () {34 vars in 759 bytes} [Wed Nov 10 00:28:31 2021] GET /v2.1/servers/detail?project_id=78d0093b66f547d2be2b78e496f9d795 => generated 15 bytes in 316 msecs (HTTP/1.1 200) 7 headers in 319 bytes (1 switches on core 0)
2021-11-10 00:28:41.635 149 INFO nova.api.openstack.requestlog [req-2c4d7031-daaa-41e4-996a-52c252e9a02d 4a1b790b1ad8416996d1e8f5f206f34c 78d0093b66f547d2be2b78e496f9d795 - default default] 10.0.3.17 "GET /v2.1" status: 200 len: 378 microversion: 2.1 time: 0.000837 [pid: 149|app: 0|req: 21/335] 10.0.3.17 () {30 vars in 559 bytes} [Wed Nov 10 00:28:41 2021] GET /v2.1 => generated 378 bytes in 2 msecs (HTTP/1.1 200) 7 headers in 317 bytes (1 switches on core 0)
2021-11-10 00:28:42.039 155 INFO nova.api.openstack.requestlog [req-ad10a9c4-0e69-4620-9aa3-db120fd96523 4a1b790b1ad8416996d1e8f5f206f34c 78d0093b66f547d2be2b78e496f9d795 - default default] 10.0.3.17 "GET /v2.1/servers/detail?project_id=78d0093b66f547d2be2b78e496f9d795" status: 200 len: 15 microversion: 2.42 time: 0.272351 [pid: 155|app: 0|req: 21/336] 10.0.3.17 () {34 vars in 759 bytes} [Wed Nov 10 00:28:41 2021] GET /v2.1/servers/detail?project_id=78d0093b66f547d2be2b78e496f9d795 => generated 15 bytes in 273 msecs (HTTP/1.1 200) 7 headers in 319 bytes (1 switches on core 0)
2021-11-10 00:28:52.349 154 INFO nova.api.openstack.requestlog [req-4ea054ee-0808-4608-ae5e-e242f4dc39f4 4a1b790b1ad8416996d1e8f5f206f34c 78d0093b66f547d2be2b78e496f9d795 - default default] 10.0.3.17 "GET /v2.1" status: 200 len: 378 microversion: 2.1 time: 0.000707 [pid: 154|app: 0|req: 22/337] 10.0.3.17 () {30 vars in 559 bytes} [Wed Nov 10 00:28:52 2021] GET /v2.1 => generated 378 bytes in 2 msecs (HTTP/1.1 200) 7 headers in 317 bytes (1 switches on core 0)
2021-11-10 00:28:52.781 141 INFO nova.api.openstack.requestlog [req-e6cbb5ad-7c09-4fa7-a1a7-87a530d8700c 4a1b790b1ad8416996d1e8f5f206f34c 78d0093b66f547d2be2b78e496f9d795 - default default] 10.0.3.17 "GET /v2.1/servers/detail?project_id=78d0093b66f547d2be2b78e496f9d795" status: 200 len: 15 microversion: 2.42 time: 0.240178 [pid: 141|app: 0|req: 21/338] 10.0.3.17 () {34 vars in 759 bytes} [Wed Nov 10 00:28:52 2021] GET /v2.1/servers/detail?project_id=78d0093b66f547d2be2b78e496f9d795 => generated 15 bytes in 241 msecs (HTTP/1.1 200) 7 headers in 319 bytes (1 switches on core 0)
2021-11-10 00:29:03.127 150 INFO nova.api.openstack.requestlog [req-96d7f3f4-3347-40d2-a4ad-53f226454b2d 4a1b790b1ad8416996d1e8f5f206f34c 78d0093b66f547d2be2b78e496f9d795 - default default] 10.0.3.17 "GET /v2.1" status: 200 len: 378 microversion: 2.1 time: 0.000803 [pid: 150|app: 0|req: 22/339] 10.0.3.17 () {30 vars in 559 bytes} [Wed Nov 10 00:29:03 2021] GET /v2.1 => generated 378 bytes in 2 msecs (HTTP/1.1 200) 7 headers in 317 bytes (1 switches on core 0)
2021-11-10 00:29:03.483 142 INFO nova.api.openstack.requestlog [req-8864165b-7b9d-419b-8c82-2bded1bc822f 4a1b790b1ad8416996d1e8f5f206f34c 78d0093b66f547d2be2b78e496f9d795 - default default] 10.0.3.17 "GET /v2.1/servers/detail?project_id=78d0093b66f547d2be2b78e496f9d795" status: 200 len: 15 microversion: 2.42 time: 0.203726 [pid: 142|app: 0|req: 22/340] 10.0.3.17 () {34 vars in 759 bytes} [Wed Nov 10 00:29:03 2021] GET /v2.1/servers/detail?project_id=78d0093b66f547d2be2b78e496f9d795 => generated 15 bytes in 205 msecs (HTTP/1.1 200) 7 headers in 319 bytes (1 switches on core 0)
2021-11-10 00:29:13.989 151 INFO nova.api.openstack.requestlog [req-bb48fa0b-24e6-4836-8234-dc36d3481053 4a1b790b1ad8416996d1e8f5f206f34c 78d0093b66f547d2be2b78e496f9d795 - default default] 10.0.3.17 "GET /v2.1" status: 200 len: 378 microversion: 2.1 time: 0.000764 [pid: 151|app: 0|req: 22/341] 10.0.3.17 () {30 vars in 559 bytes} [Wed Nov 10 00:29:13 2021] GET /v2.1 => generated 378 bytes in 2 msecs (HTTP/1.1 200) 7 headers in 317 bytes (1 switches on core 0)
2021-11-10 00:29:14.315 148 INFO nova.api.openstack.requestlog [req-cfda4ed7-740d-4f73-a4d9-418984eaba7c 4a1b790b1ad8416996d1e8f5f206f34c 78d0093b66f547d2be2b78e496f9d795 - default default] 10.0.3.17 "GET /v2.1/servers/detail?project_id=78d0093b66f547d2be2b78e496f9d795" status: 200 len: 15 microversion: 2.42 time: 0.204375 [pid: 148|app: 0|req: 22/342] 10.0.3.17 () {34 vars in 759 bytes} [Wed Nov 10 00:29:14 2021] GET /v2.1/servers/detail?project_id=78d0093b66f547d2be2b78e496f9d795 => generated 15 bytes in 205 msecs (HTTP/1.1 200) 7 headers in 319 bytes (1 switches on core 0)
2021-11-10 00:29:24.630 146 INFO nova.api.openstack.requestlog [req-5fd2ed8b-eb0b-4225-8cef-e31599d76001 4a1b790b1ad8416996d1e8f5f206f34c 78d0093b66f547d2be2b78e496f9d795 - default default] 10.0.3.17 "GET /v2.1" status: 200 len: 378 microversion: 2.1 time: 0.000774 [pid: 146|app: 0|req: 22/343] 10.0.3.17 () {30 vars in 559 bytes} [Wed Nov 10 00:29:24 2021] GET /v2.1 => generated 378 bytes in 2 msecs (HTTP/1.1 200) 7 headers in 317 bytes (1 switches on core 0)
2021-11-10 00:29:25.001 145 INFO nova.api.openstack.requestlog [req-36822a2c-7618-4e7e-aaec-85ffda8b050f 4a1b790b1ad8416996d1e8f5f206f34c 78d0093b66f547d2be2b78e496f9d795 - default default] 10.0.3.17 "GET /v2.1/servers/detail?project_id=78d0093b66f547d2be2b78e496f9d795" status: 200 len: 15 microversion: 2.42 time: 0.218274 [pid: 145|app: 0|req: 22/344] 10.0.3.17 () {34 vars in 759 bytes} [Wed Nov 10 00:29:24 2021] GET /v2.1/servers/detail?project_id=78d0093b66f547d2be2b78e496f9d795 => generated 15 bytes in 220 msecs (HTTP/1.1 200) 7 headers in 319 bytes (1 switches on core 0)
2021-11-10 00:29:35.335 152 INFO nova.api.openstack.requestlog [req-5cb77356-8b8d-4e2a-9fc3-4081429c67b0 4a1b790b1ad8416996d1e8f5f206f34c 78d0093b66f547d2be2b78e496f9d795 - default default] 10.0.3.17 "GET /v2.1" status: 200 len: 378 microversion: 2.1 time: 0.000826 [pid: 152|app: 0|req: 22/345] 10.0.3.17 () {30 vars in 559 bytes} [Wed Nov 10 00:29:35 2021] GET /v2.1 => generated 378 bytes in 2 msecs (HTTP/1.1 200) 7 headers in 317 bytes (1 switches on core 0)
2021-11-10 00:29:35.676 143 INFO nova.api.openstack.requestlog [req-4a8a07fd-74ed-4f89-8ed8-009f5606b93e 4a1b790b1ad8416996d1e8f5f206f34c 78d0093b66f547d2be2b78e496f9d795 - default default] 10.0.3.17 "GET /v2.1/servers/detail?project_id=78d0093b66f547d2be2b78e496f9d795" status: 200 len: 15 microversion: 2.42 time: 0.205662 [pid: 143|app: 0|req: 22/346] 10.0.3.17 () {34 vars in 759 bytes} [Wed Nov 10 00:29:35 2021] GET /v2.1/servers/detail?project_id=78d0093b66f547d2be2b78e496f9d795 => generated 15 bytes in 207 msecs (HTTP/1.1 200) 7 headers in 319 bytes (1 switches on core 0)
2021-11-10 00:29:45.966 156 INFO nova.api.openstack.requestlog [req-2c1b8228-d751-4802-acf6-a6434d214600 - - - - -] 10.0.3.17 "GET /v2.1" status: 200 len: 378 microversion: 2.1 time: 0.000794 [pid: 156|app: 0|req: 22/347] 10.0.3.17 () {30 vars in 559 bytes} [Wed Nov 10 00:29:45 2021] GET /v2.1 => generated 378 bytes in 2 msecs (HTTP/1.1 200) 7 headers in 317 bytes (1 switches on core 0)
2021-11-10 00:29:46.337 153 INFO nova.api.openstack.requestlog [req-e7b39c8d-24e9-45cc-8b42-ae5afeb48154 4a1b790b1ad8416996d1e8f5f206f34c 78d0093b66f547d2be2b78e496f9d795 - default default] 10.0.3.17 "GET /v2.1/servers/detail?project_id=78d0093b66f547d2be2b78e496f9d795" status: 200 len: 15 microversion: 2.42 time: 0.219126 [pid: 153|app: 0|req: 22/348] 10.0.3.17 () {34 vars in 759 bytes} [Wed Nov 10 00:29:46 2021] GET /v2.1/servers/detail?project_id=78d0093b66f547d2be2b78e496f9d795 => generated 15 bytes in 220 msecs (HTTP/1.1 200) 7 headers in 319 bytes (1 switches on core 0)
2021-11-10 00:29:56.676 144 INFO nova.api.openstack.requestlog [req-f887f00b-d706-44ae-ae5b-a901a203b3fe - - - - -] 10.0.3.17 "GET /v2.1" status: 200 len: 378 microversion: 2.1 time: 0.000839 [pid: 144|app: 0|req: 23/349] 10.0.3.17 () {30 vars in 559 bytes} [Wed Nov 10 00:29:56 2021] GET /v2.1 => generated 378 bytes in 2 msecs (HTTP/1.1 200) 7 headers in 317 bytes (1 switches on core 0)
2021-11-10 00:29:57.035 147 INFO nova.api.openstack.requestlog [req-4ba62d98-e2cd-43e4-b085-62fdbf6f0819 4a1b790b1ad8416996d1e8f5f206f34c 78d0093b66f547d2be2b78e496f9d795 - default default] 10.0.3.17 "GET /v2.1/servers/detail?project_id=78d0093b66f547d2be2b78e496f9d795" status: 200 len: 15 microversion: 2.42 time: 0.222740 [pid: 147|app: 0|req: 22/350] 10.0.3.17 () {34 vars in 759 bytes} [Wed Nov 10 00:29:56 2021] GET /v2.1/servers/detail?project_id=78d0093b66f547d2be2b78e496f9d795 => generated 15 bytes in 224 msecs (HTTP/1.1 200) 7 headers in 319 bytes (1 switches on core 0)
2021-11-10 00:30:07.703 149 INFO nova.api.openstack.requestlog [req-2c4d7031-daaa-41e4-996a-52c252e9a02d 4a1b790b1ad8416996d1e8f5f206f34c 78d0093b66f547d2be2b78e496f9d795 - default default] 10.0.3.17 "GET /v2.1" status: 200 len: 378 microversion: 2.1 time: 0.000672 [pid: 149|app: 0|req: 22/351] 10.0.3.17 () {30 vars in 559 bytes} [Wed Nov 10 00:30:07 2021] GET /v2.1 => generated 378 bytes in 1 msecs (HTTP/1.1 200) 7 headers in 317 bytes (1 switches on core 0)
2021-11-10 00:30:08.086 155 INFO nova.api.openstack.requestlog [req-11b28a02-d0a2-462b-a484-937e7d7d91e2 4a1b790b1ad8416996d1e8f5f206f34c 78d0093b66f547d2be2b78e496f9d795 - default default] 10.0.3.17 "GET /v2.1/servers/detail?project_id=78d0093b66f547d2be2b78e496f9d795" status: 200 len: 15 microversion: 2.42 time: 0.263889 [pid: 155|app: 0|req: 22/352] 10.0.3.17 () {34 vars in 759 bytes} [Wed Nov 10 00:30:07 2021] GET /v2.1/servers/detail?project_id=78d0093b66f547d2be2b78e496f9d795 => generated 15 bytes in 265 msecs (HTTP/1.1 200) 7 headers in 319 bytes (1 switches on core 0)
2021-11-10 00:30:18.503 154 INFO nova.api.openstack.requestlog [req-4ea054ee-0808-4608-ae5e-e242f4dc39f4 4a1b790b1ad8416996d1e8f5f206f34c 78d0093b66f547d2be2b78e496f9d795 - default default] 10.0.3.17 "GET /v2.1" status: 200 len: 378 microversion: 2.1 time: 0.000649 [pid: 154|app: 0|req: 23/353] 10.0.3.17 () {30 vars in 559 bytes} [Wed Nov 10 00:30:18 2021] GET /v2.1 => generated 378 bytes in 1 msecs (HTTP/1.1 200) 7 headers in 317 bytes (1 switches on core 0)
2021-11-10 00:30:18.905 141 INFO nova.api.openstack.requestlog [req-ea14a9d5-989e-4989-afba-80337312dff6 4a1b790b1ad8416996d1e8f5f206f34c 78d0093b66f547d2be2b78e496f9d795 - default default] 10.0.3.17 "GET /v2.1/servers/detail?project_id=78d0093b66f547d2be2b78e496f9d795" status: 200 len: 15 microversion: 2.42 time: 0.283656 [pid: 141|app: 0|req: 22/354] 10.0.3.17 () {34 vars in 759 bytes} [Wed Nov 10 00:30:18 2021] GET /v2.1/servers/detail?project_id=78d0093b66f547d2be2b78e496f9d795 => generated 15 bytes in 285 msecs (HTTP/1.1 200) 7 headers in 319 bytes (1 switches on core 0)
2021-11-10 00:30:29.294 150 INFO nova.api.openstack.requestlog [req-96d7f3f4-3347-40d2-a4ad-53f226454b2d 4a1b790b1ad8416996d1e8f5f206f34c 78d0093b66f547d2be2b78e496f9d795 - default default] 10.0.3.17 "GET /v2.1" status: 200 len: 378 microversion: 2.1 time: 0.000698 [pid: 150|app: 0|req: 23/355] 10.0.3.17 () {30 vars in 559 bytes} [Wed Nov 10 00:30:29 2021] GET /v2.1 => generated 378 bytes in 1 msecs (HTTP/1.1 200) 7 headers in 317 bytes (1 switches on core 0)
2021-11-10 00:30:29.692 142 INFO nova.api.openstack.requestlog [req-16332021-ebad-46e0-a633-2394ddc4fc3f 4a1b790b1ad8416996d1e8f5f206f34c 78d0093b66f547d2be2b78e496f9d795 - default default] 10.0.3.17 "GET /v2.1/servers/detail?project_id=78d0093b66f547d2be2b78e496f9d795" status: 200 len: 15 microversion: 2.42 time: 0.274212 [pid: 142|app: 0|req: 23/356] 10.0.3.17 () {34 vars in 759 bytes} [Wed Nov 10 00:30:29 2021] GET /v2.1/servers/detail?project_id=78d0093b66f547d2be2b78e496f9d795 => generated 15 bytes in 275 msecs (HTTP/1.1 200) 7 headers in 319 bytes (1 switches on core 0)
2021-11-10 00:30:40.128 151 INFO nova.api.openstack.requestlog [req-bb48fa0b-24e6-4836-8234-dc36d3481053 4a1b790b1ad8416996d1e8f5f206f34c 78d0093b66f547d2be2b78e496f9d795 - default default] 10.0.3.17 "GET /v2.1" status: 200 len: 378 microversion: 2.1 time: 0.000649 [pid: 151|app: 0|req: 23/357] 10.0.3.17 () {30 vars in 559 bytes} [Wed Nov 10 00:30:40 2021] GET /v2.1 => generated 378 bytes in 1 msecs (HTTP/1.1 200) 7 headers in 317 bytes (1 switches on core 0)
2021-11-10 00:30:40.532 148 INFO nova.api.openstack.requestlog [req-659e7e5b-dacf-4013-a735-fb0663b33a86 4a1b790b1ad8416996d1e8f5f206f34c 78d0093b66f547d2be2b78e496f9d795 - default default] 10.0.3.17 "GET /v2.1/servers/detail?project_id=78d0093b66f547d2be2b78e496f9d795" status: 200 len: 15 microversion: 2.42 time: 0.270519 [pid: 148|app: 0|req: 23/358] 10.0.3.17 () {34 vars in 759 bytes} [Wed Nov 10 00:30:40 2021] GET /v2.1/servers/detail?project_id=78d0093b66f547d2be2b78e496f9d795 => generated 15 bytes in 272 msecs (HTTP/1.1 200) 7 headers in 319 bytes (1 switches on core 0)
2021-11-10 00:30:50.936 146 INFO nova.api.openstack.requestlog [req-5fd2ed8b-eb0b-4225-8cef-e31599d76001 4a1b790b1ad8416996d1e8f5f206f34c 78d0093b66f547d2be2b78e496f9d795 - default default] 10.0.3.17 "GET /v2.1" status: 200 len: 378 microversion: 2.1 time: 0.000651 [pid: 146|app: 0|req: 23/359] 10.0.3.17 () {30 vars in 559 bytes} [Wed Nov 10 00:30:50 2021] GET /v2.1 => generated 378 bytes in 1 msecs (HTTP/1.1 200) 7 headers in 317 bytes (1 switches on core 0)
2021-11-10 00:30:51.388 145 INFO nova.api.openstack.requestlog [req-1be88f2e-0714-4628-8827-bb8759b921a4 4a1b790b1ad8416996d1e8f5f206f34c 78d0093b66f547d2be2b78e496f9d795 - default default] 10.0.3.17 "GET /v2.1/servers/detail?project_id=78d0093b66f547d2be2b78e496f9d795" status: 200 len: 15 microversion: 2.42 time: 0.242785 [pid: 145|app: 0|req: 23/360] 10.0.3.17 () {34 vars in 759 bytes} [Wed Nov 10 00:30:51 2021] GET /v2.1/servers/detail?project_id=78d0093b66f547d2be2b78e496f9d795 => generated 15 bytes in 244 msecs (HTTP/1.1 200) 7 headers in 319 bytes (1 switches on core 0)
2021-11-10 00:31:01.785 152 INFO nova.api.openstack.requestlog [req-5cb77356-8b8d-4e2a-9fc3-4081429c67b0 4a1b790b1ad8416996d1e8f5f206f34c 78d0093b66f547d2be2b78e496f9d795 - default default] 10.0.3.17 "GET /v2.1" status: 200 len: 378 microversion: 2.1 time: 0.000647 [pid: 152|app: 0|req: 23/361] 10.0.3.17 () {30 vars in 559 bytes} [Wed Nov 10 00:31:01 2021] GET /v2.1 => generated 378 bytes in 1 msecs (HTTP/1.1 200) 7 headers in 317 bytes (1 switches on core 0)
2021-11-10 00:31:02.259 143 INFO nova.api.openstack.requestlog [req-4c84afa9-7974-40d6-af4c-7f9d2868ead9 4a1b790b1ad8416996d1e8f5f206f34c 78d0093b66f547d2be2b78e496f9d795 - default default] 10.0.3.17 "GET /v2.1/servers/detail?project_id=78d0093b66f547d2be2b78e496f9d795" status: 200 len: 15 microversion: 2.42 time: 0.269473 [pid: 143|app: 0|req: 23/362] 10.0.3.17 () {34 vars in 759 bytes} [Wed Nov 10 00:31:01 2021] GET /v2.1/servers/detail?project_id=78d0093b66f547d2be2b78e496f9d795 => generated 15 bytes in 270 msecs (HTTP/1.1 200) 7 headers in 319 bytes (1 switches on core 0)
2021-11-10 00:31:12.646 156 INFO nova.api.openstack.requestlog [req-2c1b8228-d751-4802-acf6-a6434d214600 - - - - -] 10.0.3.17 "GET /v2.1" status: 200 len: 378 microversion: 2.1 time: 0.000666 [pid: 156|app: 0|req: 23/363] 10.0.3.17 () {30 vars in 559 bytes} [Wed Nov 10 00:31:12 2021] GET /v2.1 => generated 378 bytes in 1 msecs (HTTP/1.1 200) 7 headers in 317 bytes (1 switches on core 0)
2021-11-10 00:31:13.091 153 INFO nova.api.openstack.requestlog [req-ccad338e-2010-4774-8f1b-2fa81802c9df 4a1b790b1ad8416996d1e8f5f206f34c 78d0093b66f547d2be2b78e496f9d795 - default default] 10.0.3.17 "GET /v2.1/servers/detail?project_id=78d0093b66f547d2be2b78e496f9d795" status: 200 len: 15 microversion: 2.42 time: 0.260413 [pid: 153|app: 0|req: 23/364] 10.0.3.17 () {34 vars in 759 bytes} [Wed Nov 10 00:31:12 2021] GET /v2.1/servers/detail?project_id=78d0093b66f547d2be2b78e496f9d795 => generated 15 bytes in 262 msecs (HTTP/1.1 200) 7 headers in 319 bytes (1 switches on core 0)
2021-11-10 00:31:23.494 144 INFO nova.api.openstack.requestlog [req-f887f00b-d706-44ae-ae5b-a901a203b3fe - - - - -] 10.0.3.17 "GET /v2.1" status: 200 len: 378 microversion: 2.1 time: 0.000693 [pid: 144|app: 0|req: 24/365] 10.0.3.17 () {30 vars in 559 bytes} [Wed Nov 10 00:31:23 2021] GET /v2.1 => generated 378 bytes in 1 msecs (HTTP/1.1 200) 7 headers in 317 bytes (1 switches on core 0)
2021-11-10 00:31:23.935 147 INFO nova.api.openstack.requestlog [req-57900524-6079-4232-a306-53a01f08d8b9 4a1b790b1ad8416996d1e8f5f206f34c 78d0093b66f547d2be2b78e496f9d795 - default default] 10.0.3.17 "GET /v2.1/servers/detail?project_id=78d0093b66f547d2be2b78e496f9d795" status: 200 len: 15 microversion: 2.42 time: 0.250686 [pid: 147|app: 0|req: 23/366] 10.0.3.17 () {34 vars in 759 bytes} [Wed Nov 10 00:31:23 2021] GET /v2.1/servers/detail?project_id=78d0093b66f547d2be2b78e496f9d795 => generated 15 bytes in 252 msecs (HTTP/1.1 200) 7 headers in 319 bytes (1 switches on core 0)
2021-11-10 00:31:34.290 149 INFO nova.api.openstack.requestlog [req-2c4d7031-daaa-41e4-996a-52c252e9a02d 4a1b790b1ad8416996d1e8f5f206f34c 78d0093b66f547d2be2b78e496f9d795 - default default] 10.0.3.17 "GET /v2.1" status: 200 len: 378 microversion: 2.1 time: 0.000692 [pid: 149|app: 0|req: 23/367] 10.0.3.17 () {30 vars in 559 bytes} [Wed Nov 10 00:31:34 2021] GET /v2.1 => generated 378 bytes in 1 msecs (HTTP/1.1 200) 7 headers in 317 bytes (1 switches on core 0)
2021-11-10 00:31:34.731 155 INFO nova.api.openstack.requestlog [req-f67d9c02-fe77-46bd-b4be-b7de820e7e4e 4a1b790b1ad8416996d1e8f5f206f34c 78d0093b66f547d2be2b78e496f9d795 - default default] 10.0.3.17 "GET /v2.1/servers/detail?project_id=78d0093b66f547d2be2b78e496f9d795" status: 200 len: 15 microversion: 2.42 time: 0.244369 [pid: 155|app: 0|req: 23/368] 10.0.3.17 () {34 vars in 759 bytes} [Wed Nov 10 00:31:34 2021] GET /v2.1/servers/detail?project_id=78d0093b66f547d2be2b78e496f9d795 => generated 15 bytes in 246 msecs (HTTP/1.1 200) 7 headers in 319 bytes (1 switches on core 0)
2021-11-10 00:31:45.119 154 INFO nova.api.openstack.requestlog [req-4ea054ee-0808-4608-ae5e-e242f4dc39f4 4a1b790b1ad8416996d1e8f5f206f34c 78d0093b66f547d2be2b78e496f9d795 - default default] 10.0.3.17 "GET /v2.1" status: 200 len: 378 microversion: 2.1 time: 0.000697 [pid: 154|app: 0|req: 24/369] 10.0.3.17 () {30 vars in 559 bytes} [Wed Nov 10 00:31:45 2021] GET /v2.1 => generated 378 bytes in 1 msecs (HTTP/1.1 200) 7 headers in 317 bytes (1 switches on core 0)
2021-11-10 00:31:45.601 141 INFO nova.api.openstack.requestlog [req-531ac07f-d06b-4b37-b4c7-7d36b463400f 4a1b790b1ad8416996d1e8f5f206f34c 78d0093b66f547d2be2b78e496f9d795 - default default] 10.0.3.17 "GET /v2.1/servers/detail?project_id=78d0093b66f547d2be2b78e496f9d795" status: 200 len: 15 microversion: 2.42 time: 0.254679 [pid: 141|app: 0|req: 23/370] 10.0.3.17 () {34 vars in 759 bytes} [Wed Nov 10 00:31:45 2021] GET /v2.1/servers/detail?project_id=78d0093b66f547d2be2b78e496f9d795 => generated 15 bytes in 256 msecs (HTTP/1.1 200) 7 headers in 319 bytes (1 switches on core 0)
2021-11-10 00:31:56.013 150 INFO nova.api.openstack.requestlog [req-96d7f3f4-3347-40d2-a4ad-53f226454b2d 4a1b790b1ad8416996d1e8f5f206f34c 78d0093b66f547d2be2b78e496f9d795 - default default] 10.0.3.17 "GET /v2.1" status: 200 len: 378 microversion: 2.1 time: 0.000665 [pid: 150|app: 0|req: 24/371] 10.0.3.17 () {30 vars in 559 bytes} [Wed Nov 10 00:31:56 2021] GET /v2.1 => generated 378 bytes in 1 msecs (HTTP/1.1 200) 7 headers in 317 bytes (1 switches on core 0)
2021-11-10 00:31:56.478 142 INFO nova.api.openstack.requestlog [req-eff961e7-4509-47b6-bdad-1052754f422d 4a1b790b1ad8416996d1e8f5f206f34c 78d0093b66f547d2be2b78e496f9d795 - default default] 10.0.3.17 "GET /v2.1/servers/detail?project_id=78d0093b66f547d2be2b78e496f9d795" status: 200 len: 15 microversion: 2.42 time: 0.240358 [pid: 142|app: 0|req: 24/372] 10.0.3.17 () {34 vars in 759 bytes} [Wed Nov 10 00:31:56 2021] GET /v2.1/servers/detail?project_id=78d0093b66f547d2be2b78e496f9d795 => generated 15 bytes in 241 msecs (HTTP/1.1 200) 7 headers in 319 bytes (1 switches on core 0)
2021-11-10 00:32:06.808 151 INFO nova.api.openstack.requestlog [req-bb48fa0b-24e6-4836-8234-dc36d3481053 4a1b790b1ad8416996d1e8f5f206f34c 78d0093b66f547d2be2b78e496f9d795 - default default] 10.0.3.17 "GET /v2.1" status: 200 len: 378 microversion: 2.1 time: 0.000763 [pid: 151|app: 0|req: 24/373] 10.0.3.17 () {30 vars in 559 bytes} [Wed Nov 10 00:32:06 2021] GET /v2.1 => generated 378 bytes in 2 msecs (HTTP/1.1 200) 7 headers in 317 bytes (1 switches on core 0)
2021-11-10 00:32:07.159 148 INFO nova.api.openstack.requestlog [req-c77f6feb-2218-4089-ae28-6eaea4c51a61 4a1b790b1ad8416996d1e8f5f206f34c 78d0093b66f547d2be2b78e496f9d795 - default default] 10.0.3.17 "GET /v2.1/servers/detail?project_id=78d0093b66f547d2be2b78e496f9d795" status: 200 len: 15 microversion: 2.42 time: 0.202790 [pid: 148|app: 0|req: 24/374] 10.0.3.17 () {34 vars in 759 bytes} [Wed Nov 10 00:32:06 2021] GET /v2.1/servers/detail?project_id=78d0093b66f547d2be2b78e496f9d795 => generated 15 bytes in 204 msecs (HTTP/1.1 200) 7 headers in 319 bytes (1 switches on core 0)
2021-11-10 00:32:17.479 146 INFO nova.api.openstack.requestlog [req-5fd2ed8b-eb0b-4225-8cef-e31599d76001 4a1b790b1ad8416996d1e8f5f206f34c 78d0093b66f547d2be2b78e496f9d795 - default default] 10.0.3.17 "GET /v2.1" status: 200 len: 378 microversion: 2.1 time: 0.000828 [pid: 146|app: 0|req: 24/375] 10.0.3.17 () {30 vars in 559 bytes} [Wed Nov 10 00:32:17 2021] GET /v2.1 => generated 378 bytes in 2 msecs (HTTP/1.1 200) 7 headers in 317 bytes (1 switches on core 0)
2021-11-10 00:32:17.809 145 INFO nova.api.openstack.requestlog [req-1ce06bb8-0dfe-4142-9509-6becfdd024d0 4a1b790b1ad8416996d1e8f5f206f34c 78d0093b66f547d2be2b78e496f9d795 - default default] 10.0.3.17 "GET /v2.1/servers/detail?project_id=78d0093b66f547d2be2b78e496f9d795" status: 200 len: 15 microversion: 2.42 time: 0.208463 [pid: 145|app: 0|req: 24/376] 10.0.3.17 () {34 vars in 759 bytes} [Wed Nov 10 00:32:17 2021] GET /v2.1/servers/detail?project_id=78d0093b66f547d2be2b78e496f9d795 => generated 15 bytes in 209 msecs (HTTP/1.1 200) 7 headers in 319 bytes (1 switches on core 0)
2021-11-10 00:32:28.175 152 INFO nova.api.openstack.requestlog [req-5cb77356-8b8d-4e2a-9fc3-4081429c67b0 4a1b790b1ad8416996d1e8f5f206f34c 78d0093b66f547d2be2b78e496f9d795 - default default] 10.0.3.17 "GET /v2.1" status: 200 len: 378 microversion: 2.1 time: 0.000800 [pid: 152|app: 0|req: 24/377] 10.0.3.17 () {30 vars in 559 bytes} [Wed Nov 10 00:32:28 2021] GET /v2.1 => generated 378 bytes in 2 msecs (HTTP/1.1 200) 7 headers in 317 bytes (1 switches on core 0)
2021-11-10 00:32:28.492 143 INFO nova.api.openstack.requestlog [req-9f880d26-931c-4848-b1a6-cd928475fbcc 4a1b790b1ad8416996d1e8f5f206f34c 78d0093b66f547d2be2b78e496f9d795 - default default] 10.0.3.17 "GET /v2.1/servers/detail?project_id=78d0093b66f547d2be2b78e496f9d795" status: 200 len: 15 microversion: 2.42 time: 0.195456 [pid: 143|app: 0|req: 24/378] 10.0.3.17 () {34 vars in 759 bytes} [Wed Nov 10 00:32:28 2021] GET /v2.1/servers/detail?project_id=78d0093b66f547d2be2b78e496f9d795 => generated 15 bytes in 196 msecs (HTTP/1.1 200) 7 headers in 319 bytes (1 switches on core 0)
2021-11-10 00:32:38.831 156 INFO nova.api.openstack.requestlog [req-2c1b8228-d751-4802-acf6-a6434d214600 - - - - -] 10.0.3.17 "GET /v2.1" status: 200 len: 378 microversion: 2.1 time: 0.000828 [pid: 156|app: 0|req: 24/379] 10.0.3.17 () {30 vars in 559 bytes} [Wed Nov 10 00:32:38 2021] GET /v2.1 => generated 378 bytes in 2 msecs (HTTP/1.1 200) 7 headers in 317 bytes (1 switches on core 0)
2021-11-10 00:32:39.198 153 INFO nova.api.openstack.requestlog [req-701eb894-997e-48fb-af4e-b0dcaf3b1348 4a1b790b1ad8416996d1e8f5f206f34c 78d0093b66f547d2be2b78e496f9d795 - default default] 10.0.3.17 "GET /v2.1/servers/detail?project_id=78d0093b66f547d2be2b78e496f9d795" status: 200 len: 15 microversion: 2.42 time: 0.208258 [pid: 153|app: 0|req: 24/380] 10.0.3.17 () {34 vars in 759 bytes} [Wed Nov 10 00:32:38 2021] GET /v2.1/servers/detail?project_id=78d0093b66f547d2be2b78e496f9d795 => generated 15 bytes in 209 msecs (HTTP/1.1 200) 7 headers in 319 bytes (1 switches on core 0)
2021-11-10 00:32:49.525 144 INFO nova.api.openstack.requestlog [req-f887f00b-d706-44ae-ae5b-a901a203b3fe - - - - -] 10.0.3.17 "GET /v2.1" status: 200 len: 378 microversion: 2.1 time: 0.000764 [pid: 144|app: 0|req: 25/381] 10.0.3.17 () {30 vars in 559 bytes} [Wed Nov 10 00:32:49 2021] GET /v2.1 => generated 378 bytes in 2 msecs (HTTP/1.1 200) 7 headers in 317 bytes (1 switches on core 0)
2021-11-10 00:32:49.854 147 INFO nova.api.openstack.requestlog [req-3b404c09-d8d1-4267-8a9c-727313cd312d 4a1b790b1ad8416996d1e8f5f206f34c 78d0093b66f547d2be2b78e496f9d795 - default default] 10.0.3.17 "GET /v2.1/servers/detail?project_id=78d0093b66f547d2be2b78e496f9d795" status: 200 len: 15 microversion: 2.42 time: 0.201082 [pid: 147|app: 0|req: 24/382] 10.0.3.17 () {34 vars in 759 bytes} [Wed Nov 10 00:32:49 2021] GET /v2.1/servers/detail?project_id=78d0093b66f547d2be2b78e496f9d795 => generated 15 bytes in 202 msecs (HTTP/1.1 200) 7 headers in 319 bytes (1 switches on core 0)
2021-11-10 00:33:00.199 149 INFO nova.api.openstack.requestlog [req-2c4d7031-daaa-41e4-996a-52c252e9a02d 4a1b790b1ad8416996d1e8f5f206f34c 78d0093b66f547d2be2b78e496f9d795 - default default] 10.0.3.17 "GET /v2.1" status: 200 len: 378 microversion: 2.1 time: 0.000850 [pid: 149|app: 0|req: 24/383] 10.0.3.17 () {30 vars in 559 bytes} [Wed Nov 10 00:33:00 2021] GET /v2.1 => generated 378 bytes in 2 msecs (HTTP/1.1 200) 7 headers in 317 bytes (1 switches on core 0)
2021-11-10 00:33:00.601 155 INFO nova.api.openstack.requestlog [req-79de2a22-a44d-4384-98f2-28b006d6f9c4 4a1b790b1ad8416996d1e8f5f206f34c 78d0093b66f547d2be2b78e496f9d795 - default default] 10.0.3.17 "GET /v2.1/servers/detail?project_id=78d0093b66f547d2be2b78e496f9d795" status: 200 len: 15 microversion: 2.42 time: 0.246932 [pid: 155|app: 0|req: 24/384] 10.0.3.17 () {34 vars in 759 bytes} [Wed Nov 10 00:33:00 2021] GET /v2.1/servers/detail?project_id=78d0093b66f547d2be2b78e496f9d795 => generated 15 bytes in 248 msecs (HTTP/1.1 200) 7 headers in 319 bytes (1 switches on core 0)
2021-11-10 00:33:10.940 154 INFO nova.api.openstack.requestlog [req-4ea054ee-0808-4608-ae5e-e242f4dc39f4 4a1b790b1ad8416996d1e8f5f206f34c 78d0093b66f547d2be2b78e496f9d795 - default default] 10.0.3.17 "GET /v2.1" status: 200 len: 378 microversion: 2.1 time: 0.000801 [pid: 154|app: 0|req: 25/385] 10.0.3.17 () {30 vars in 559 bytes} [Wed Nov 10 00:33:10 2021] GET /v2.1 => generated 378 bytes in 2 msecs (HTTP/1.1 200) 7 headers in 317 bytes (1 switches on core 0)
2021-11-10 00:33:11.301 141 INFO nova.api.openstack.requestlog [req-e957a5c7-307d-4be8-9e71-0efe8a6b1437 4a1b790b1ad8416996d1e8f5f206f34c 78d0093b66f547d2be2b78e496f9d795 - default default] 10.0.3.17 "GET /v2.1/servers/detail?project_id=78d0093b66f547d2be2b78e496f9d795" status: 200 len: 15 microversion: 2.42 time: 0.233164 [pid: 141|app: 0|req: 24/386] 10.0.3.17 () {34 vars in 759 bytes} [Wed Nov 10 00:33:11 2021] GET /v2.1/servers/detail?project_id=78d0093b66f547d2be2b78e496f9d795 => generated 15 bytes in 234 msecs (HTTP/1.1 200) 7 headers in 319 bytes (1 switches on core 0)
2021-11-10 00:33:21.612 150 INFO nova.api.openstack.requestlog [req-96d7f3f4-3347-40d2-a4ad-53f226454b2d 4a1b790b1ad8416996d1e8f5f206f34c 78d0093b66f547d2be2b78e496f9d795 - default default] 10.0.3.17 "GET /v2.1" status: 200 len: 378 microversion: 2.1 time: 0.000839 [pid: 150|app: 0|req: 25/387] 10.0.3.17 () {30 vars in 559 bytes} [Wed Nov 10 00:33:21 2021] GET /v2.1 => generated 378 bytes in 2 msecs (HTTP/1.1 200) 7 headers in 317 bytes (1 switches on core 0)
2021-11-10 00:33:22.004 142 INFO nova.api.openstack.requestlog [req-595d66a9-a113-4ec3-b5de-cadc807a1cc0 4a1b790b1ad8416996d1e8f5f206f34c 78d0093b66f547d2be2b78e496f9d795 - default default] 10.0.3.17 "GET /v2.1/servers/detail?project_id=78d0093b66f547d2be2b78e496f9d795" status: 200 len: 15 microversion: 2.42 time: 0.237306 [pid: 142|app: 0|req: 25/388] 10.0.3.17 () {34 vars in 759 bytes} [Wed Nov 10 00:33:21 2021] GET /v2.1/servers/detail?project_id=78d0093b66f547d2be2b78e496f9d795 => generated 15 bytes in 238 msecs (HTTP/1.1 200) 7 headers in 319 bytes (1 switches on core 0)
2021-11-10 00:33:32.353 151 INFO nova.api.openstack.requestlog [req-bb48fa0b-24e6-4836-8234-dc36d3481053 4a1b790b1ad8416996d1e8f5f206f34c 78d0093b66f547d2be2b78e496f9d795 - default default] 10.0.3.17 "GET /v2.1" status: 200 len: 378 microversion: 2.1 time: 0.000837 [pid: 151|app: 0|req: 25/389] 10.0.3.17 () {30 vars in 559 bytes} [Wed Nov 10 00:33:32 2021] GET /v2.1 => generated 378 bytes in 2 msecs (HTTP/1.1 200) 7 headers in 317 bytes (1 switches on core 0)
2021-11-10 00:33:32.697 148 INFO nova.api.openstack.requestlog [req-20921998-ec2f-46b5-a89c-c0d6ac64b646 4a1b790b1ad8416996d1e8f5f206f34c 78d0093b66f547d2be2b78e496f9d795 - default default] 10.0.3.17 "GET /v2.1/servers/detail?project_id=78d0093b66f547d2be2b78e496f9d795" status: 200 len: 15 microversion: 2.42 time: 0.217345 [pid: 148|app: 0|req: 25/390] 10.0.3.17 () {34 vars in 759 bytes} [Wed Nov 10 00:33:32 2021] GET /v2.1/servers/detail?project_id=78d0093b66f547d2be2b78e496f9d795 => generated 15 bytes in 218 msecs (HTTP/1.1 200) 7 headers in 319 bytes (1 switches on core 0)
2021-11-10 00:33:43.022 146 INFO nova.api.openstack.requestlog [req-5fd2ed8b-eb0b-4225-8cef-e31599d76001 4a1b790b1ad8416996d1e8f5f206f34c 78d0093b66f547d2be2b78e496f9d795 - default default] 10.0.3.17 "GET /v2.1" status: 200 len: 378 microversion: 2.1 time: 0.000803 [pid: 146|app: 0|req: 25/391] 10.0.3.17 () {30 vars in 559 bytes} [Wed Nov 10 00:33:43 2021] GET /v2.1 => generated 378 bytes in 2 msecs (HTTP/1.1 200) 7 headers in 317 bytes (1 switches on core 0)
2021-11-10 00:33:43.402 145 INFO nova.api.openstack.requestlog [req-108f0009-b72d-46c6-99af-6236fbffb2b6 4a1b790b1ad8416996d1e8f5f206f34c 78d0093b66f547d2be2b78e496f9d795 - default default] 10.0.3.17 "GET /v2.1/servers/detail?project_id=78d0093b66f547d2be2b78e496f9d795" status: 200 len: 15 microversion: 2.42 time: 0.238338 [pid: 145|app: 0|req: 25/392] 10.0.3.17 () {34 vars in 759 bytes} [Wed Nov 10 00:33:43 2021] GET /v2.1/servers/detail?project_id=78d0093b66f547d2be2b78e496f9d795 => generated 15 bytes in 239 msecs (HTTP/1.1 200) 7 headers in 319 bytes (1 switches on core 0)
2021-11-10 00:33:53.735 152 INFO nova.api.openstack.requestlog [req-5cb77356-8b8d-4e2a-9fc3-4081429c67b0 4a1b790b1ad8416996d1e8f5f206f34c 78d0093b66f547d2be2b78e496f9d795 - default default] 10.0.3.17 "GET /v2.1" status: 200 len: 378 microversion: 2.1 time: 0.000866 [pid: 152|app: 0|req: 25/393] 10.0.3.17 () {30 vars in 559 bytes} [Wed Nov 10 00:33:53 2021] GET /v2.1 => generated 378 bytes in 2 msecs (HTTP/1.1 200) 7 headers in 317 bytes (1 switches on core 0)
2021-11-10 00:33:54.109 143 INFO nova.api.openstack.requestlog [req-6c4f2c87-f0f5-4f04-a406-68d77b6360bf 4a1b790b1ad8416996d1e8f5f206f34c 78d0093b66f547d2be2b78e496f9d795 - default default] 10.0.3.17 "GET /v2.1/servers/detail?project_id=78d0093b66f547d2be2b78e496f9d795" status: 200 len: 15 microversion: 2.42 time: 0.226850 [pid: 143|app: 0|req: 25/394] 10.0.3.17 () {34 vars in 759 bytes} [Wed Nov 10 00:33:53 2021] GET /v2.1/servers/detail?project_id=78d0093b66f547d2be2b78e496f9d795 => generated 15 bytes in 228 msecs (HTTP/1.1 200) 7 headers in 319 bytes (1 switches on core 0)
2021-11-10 00:34:04.457 156 INFO nova.api.openstack.requestlog [req-2c1b8228-d751-4802-acf6-a6434d214600 - - - - -] 10.0.3.17 "GET /v2.1" status: 200 len: 378 microversion: 2.1 time: 0.000645 [pid: 156|app: 0|req: 25/395] 10.0.3.17 () {30 vars in 559 bytes} [Wed Nov 10 00:34:04 2021] GET /v2.1 => generated 378 bytes in 1 msecs (HTTP/1.1 200) 7 headers in 317 bytes (1 switches on core 0)
2021-11-10 00:34:04.911 153 INFO nova.api.openstack.requestlog [req-d8f3ea59-7b9b-4ded-afb8-d27b44bd8f3c 4a1b790b1ad8416996d1e8f5f206f34c 78d0093b66f547d2be2b78e496f9d795 - default default] 10.0.3.17 "GET /v2.1/servers/detail?project_id=78d0093b66f547d2be2b78e496f9d795" status: 200 len: 15 microversion: 2.42 time: 0.241448 [pid: 153|app: 0|req: 25/396] 10.0.3.17 () {34 vars in 759 bytes} [Wed Nov 10 00:34:04 2021] GET /v2.1/servers/detail?project_id=78d0093b66f547d2be2b78e496f9d795 => generated 15 bytes in 243 msecs (HTTP/1.1 200) 7 headers in 319 bytes (1 switches on core 0)
2021-11-10 00:34:15.262 144 INFO nova.api.openstack.requestlog [req-f887f00b-d706-44ae-ae5b-a901a203b3fe - - - - -] 10.0.3.17 "GET /v2.1" status: 200 len: 378 microversion: 2.1 time: 0.000765 [pid: 144|app: 0|req: 26/397] 10.0.3.17 () {30 vars in 559 bytes} [Wed Nov 10 00:34:15 2021] GET /v2.1 => generated 378 bytes in 2 msecs (HTTP/1.1 200) 7 headers in 317 bytes (1 switches on core 0)
2021-11-10 00:34:15.752 147 INFO nova.api.openstack.requestlog [req-c7a14f7e-ebc0-4810-a52a-0a330fe18489 4a1b790b1ad8416996d1e8f5f206f34c 78d0093b66f547d2be2b78e496f9d795 - default default] 10.0.3.17 "GET /v2.1/servers/detail?project_id=78d0093b66f547d2be2b78e496f9d795" status: 200 len: 15 microversion: 2.42 time: 0.251279 [pid: 147|app: 0|req: 25/398] 10.0.3.17 () {34 vars in 759 bytes} [Wed Nov 10 00:34:15 2021] GET /v2.1/servers/detail?project_id=78d0093b66f547d2be2b78e496f9d795 => generated 15 bytes in 252 msecs (HTTP/1.1 200) 7 headers in 319 bytes (1 switches on core 0)
2021-11-10 00:34:26.080 149 INFO nova.api.openstack.requestlog [req-2c4d7031-daaa-41e4-996a-52c252e9a02d 4a1b790b1ad8416996d1e8f5f206f34c 78d0093b66f547d2be2b78e496f9d795 - default default] 10.0.3.17 "GET /v2.1" status: 200 len: 378 microversion: 2.1 time: 0.000841 [pid: 149|app: 0|req: 25/399] 10.0.3.17 () {30 vars in 559 bytes} [Wed Nov 10 00:34:26 2021] GET /v2.1 => generated 378 bytes in 2 msecs (HTTP/1.1 200) 7 headers in 317 bytes (1 switches on core 0)
2021-11-10 00:34:26.560 155 INFO nova.api.openstack.requestlog [req-4f6ae2f2-d2e0-4543-b002-b09c8fe8efb2 4a1b790b1ad8416996d1e8f5f206f34c 78d0093b66f547d2be2b78e496f9d795 - default default] 10.0.3.17 "GET /v2.1/servers/detail?project_id=78d0093b66f547d2be2b78e496f9d795" status: 200 len: 15 microversion: 2.42 time: 0.254124 [pid: 155|app: 0|req: 25/400] 10.0.3.17 () {34 vars in 759 bytes} [Wed Nov 10 00:34:26 2021] GET /v2.1/servers/detail?project_id=78d0093b66f547d2be2b78e496f9d795 => generated 15 bytes in 255 msecs (HTTP/1.1 200) 7 headers in 319 bytes (1 switches on core 0)
2021-11-10 00:34:36.906 154 INFO nova.api.openstack.requestlog [req-4ea054ee-0808-4608-ae5e-e242f4dc39f4 4a1b790b1ad8416996d1e8f5f206f34c 78d0093b66f547d2be2b78e496f9d795 - default default] 10.0.3.17 "GET /v2.1" status: 200 len: 378 microversion: 2.1 time: 0.000821 [pid: 154|app: 0|req: 26/401] 10.0.3.17 () {30 vars in 559 bytes} [Wed Nov 10 00:34:36 2021] GET /v2.1 => generated 378 bytes in 2 msecs (HTTP/1.1 200) 7 headers in 317 bytes (1 switches on core 0)
2021-11-10 00:34:37.397 141 INFO nova.api.openstack.requestlog [req-d7601460-5bd9-4ec4-9b54-15e6339a6900 4a1b790b1ad8416996d1e8f5f206f34c 78d0093b66f547d2be2b78e496f9d795 - default default] 10.0.3.17 "GET /v2.1/servers/detail?project_id=78d0093b66f547d2be2b78e496f9d795" status: 200 len: 15 microversion: 2.42 time: 0.241810 [pid: 141|app: 0|req: 25/402] 10.0.3.17 () {34 vars in 759 bytes} [Wed Nov 10 00:34:37 2021] GET /v2.1/servers/detail?project_id=78d0093b66f547d2be2b78e496f9d795 => generated 15 bytes in 243 msecs (HTTP/1.1 200) 7 headers in 319 bytes (1 switches on core 0)
2021-11-10 00:34:47.712 150 INFO nova.api.openstack.requestlog [req-96d7f3f4-3347-40d2-a4ad-53f226454b2d 4a1b790b1ad8416996d1e8f5f206f34c 78d0093b66f547d2be2b78e496f9d795 - default default] 10.0.3.17 "GET /v2.1" status: 200 len: 378 microversion: 2.1 time: 0.000825 [pid: 150|app: 0|req: 26/403] 10.0.3.17 () {30 vars in 559 bytes} [Wed Nov 10 00:34:47 2021] GET /v2.1 => generated 378 bytes in 2 msecs (HTTP/1.1 200) 7 headers in 317 bytes (1 switches on core 0)
2021-11-10 00:34:48.178 142 INFO nova.api.openstack.requestlog [req-b1a24eab-2882-4d47-bcac-fe0e015f5aed 4a1b790b1ad8416996d1e8f5f206f34c 78d0093b66f547d2be2b78e496f9d795 - default default] 10.0.3.17 "GET /v2.1/servers/detail?project_id=78d0093b66f547d2be2b78e496f9d795" status: 200 len: 15 microversion: 2.42 time: 0.247604 [pid: 142|app: 0|req: 26/404] 10.0.3.17 () {34 vars in 759 bytes} [Wed Nov 10 00:34:47 2021] GET /v2.1/servers/detail?project_id=78d0093b66f547d2be2b78e496f9d795 => generated 15 bytes in 249 msecs (HTTP/1.1 200) 7 headers in 319 bytes (1 switches on core 0)
2021-11-10 00:34:58.506 151 INFO nova.api.openstack.requestlog [req-bb48fa0b-24e6-4836-8234-dc36d3481053 4a1b790b1ad8416996d1e8f5f206f34c 78d0093b66f547d2be2b78e496f9d795 - default default] 10.0.3.17 "GET /v2.1" status: 200 len: 378 microversion: 2.1 time: 0.000766 [pid: 151|app: 0|req: 26/405] 10.0.3.17 () {30 vars in 559 bytes} [Wed Nov 10 00:34:58 2021] GET /v2.1 => generated 378 bytes in 2 msecs (HTTP/1.1 200) 7 headers in 317 bytes (1 switches on core 0)
2021-11-10 00:34:58.977 148 INFO nova.api.openstack.requestlog [req-dcf9f1c5-ec81-49a5-a2f8-a730329d0d4e 4a1b790b1ad8416996d1e8f5f206f34c 78d0093b66f547d2be2b78e496f9d795 - default default] 10.0.3.17 "GET /v2.1/servers/detail?project_id=78d0093b66f547d2be2b78e496f9d795" status: 200 len: 15 microversion: 2.42 time: 0.252941 [pid: 148|app: 0|req: 26/406] 10.0.3.17 () {34 vars in 759 bytes} [Wed Nov 10 00:34:58 2021] GET /v2.1/servers/detail?project_id=78d0093b66f547d2be2b78e496f9d795 => generated 15 bytes in 254 msecs (HTTP/1.1 200) 7 headers in 319 bytes (1 switches on core 0)
2021-11-10 00:35:09.527 146 INFO nova.api.openstack.requestlog [req-5fd2ed8b-eb0b-4225-8cef-e31599d76001 4a1b790b1ad8416996d1e8f5f206f34c 78d0093b66f547d2be2b78e496f9d795 - default default] 10.0.3.17 "GET /v2.1" status: 200 len: 378 microversion: 2.1 time: 0.000737 [pid: 146|app: 0|req: 26/407] 10.0.3.17 () {30 vars in 559 bytes} [Wed Nov 10 00:35:09 2021] GET /v2.1 => generated 378 bytes in 2 msecs (HTTP/1.1 200) 7 headers in 317 bytes (1 switches on core 0)
2021-11-10 00:35:09.948 145 INFO nova.api.openstack.requestlog [req-e625a692-41b9-4d9f-aa50-8d3e2298217c 4a1b790b1ad8416996d1e8f5f206f34c 78d0093b66f547d2be2b78e496f9d795 - default default] 10.0.3.17 "GET /v2.1/servers/detail?project_id=78d0093b66f547d2be2b78e496f9d795" status: 200 len: 15 microversion: 2.42 time: 0.271541 [pid: 145|app: 0|req: 26/408] 10.0.3.17 () {34 vars in 759 bytes} [Wed Nov 10 00:35:09 2021] GET /v2.1/servers/detail?project_id=78d0093b66f547d2be2b78e496f9d795 => generated 15 bytes in 273 msecs (HTTP/1.1 200) 7 headers in 319 bytes (1 switches on core 0)
2021-11-10 00:35:20.265 152 INFO nova.api.openstack.requestlog [req-5cb77356-8b8d-4e2a-9fc3-4081429c67b0 4a1b790b1ad8416996d1e8f5f206f34c 78d0093b66f547d2be2b78e496f9d795 - default default] 10.0.3.17 "GET /v2.1" status: 200 len: 378 microversion: 2.1 time: 0.000827 [pid: 152|app: 0|req: 26/409] 10.0.3.17 () {30 vars in 559 bytes} [Wed Nov 10 00:35:20 2021] GET /v2.1 => generated 378 bytes in 2 msecs (HTTP/1.1 200) 7 headers in 317 bytes (1 switches on core 0)
2021-11-10 00:35:20.695 143 INFO nova.api.openstack.requestlog [req-ef3a382a-b8c6-4a12-aecc-724e14c140bc 4a1b790b1ad8416996d1e8f5f206f34c 78d0093b66f547d2be2b78e496f9d795 - default default] 10.0.3.17 "GET /v2.1/servers/detail?project_id=78d0093b66f547d2be2b78e496f9d795" status: 200 len: 15 microversion: 2.42 time: 0.300060 [pid: 143|app: 0|req: 26/410] 10.0.3.17 () {34 vars in 759 bytes} [Wed Nov 10 00:35:20 2021] GET /v2.1/servers/detail?project_id=78d0093b66f547d2be2b78e496f9d795 => generated 15 bytes in 302 msecs (HTTP/1.1 200) 7 headers in 319 bytes (1 switches on core 0)
2021-11-10 00:35:31.013 156 INFO nova.api.openstack.requestlog [req-2c1b8228-d751-4802-acf6-a6434d214600 - - - - -] 10.0.3.17 "GET /v2.1" status: 200 len: 378 microversion: 2.1 time: 0.000766 [pid: 156|app: 0|req: 26/411] 10.0.3.17 () {30 vars in 559 bytes} [Wed Nov 10 00:35:31 2021] GET /v2.1 => generated 378 bytes in 2 msecs (HTTP/1.1 200) 7 headers in 317 bytes (1 switches on core 0)
2021-11-10 00:35:31.445 153 INFO nova.api.openstack.requestlog [req-15b4b624-00f5-41de-b1da-ffaa475d89a8 4a1b790b1ad8416996d1e8f5f206f34c 78d0093b66f547d2be2b78e496f9d795 - default default] 10.0.3.17 "GET /v2.1/servers/detail?project_id=78d0093b66f547d2be2b78e496f9d795" status: 200 len: 15 microversion: 2.42 time: 0.288014 [pid: 153|app: 0|req: 26/412] 10.0.3.17 () {34 vars in 759 bytes} [Wed Nov 10 00:35:31 2021] GET /v2.1/servers/detail?project_id=78d0093b66f547d2be2b78e496f9d795 => generated 15 bytes in 289 msecs (HTTP/1.1 200) 7 headers in 319 bytes (1 switches on core 0)
2021-11-10 00:35:41.745 144 INFO nova.api.openstack.requestlog [req-f887f00b-d706-44ae-ae5b-a901a203b3fe - - - - -] 10.0.3.17 "GET /v2.1" status: 200 len: 378 microversion: 2.1 time: 0.000735 [pid: 144|app: 0|req: 27/413] 10.0.3.17 () {30 vars in 559 bytes} [Wed Nov 10 00:35:41 2021] GET /v2.1 => generated 378 bytes in 2 msecs (HTTP/1.1 200) 7 headers in 317 bytes (1 switches on core 0)
2021-11-10 00:35:42.202 147 INFO nova.api.openstack.requestlog [req-335e7bc9-42c4-428e-8ca4-00661fea0bd4 4a1b790b1ad8416996d1e8f5f206f34c 78d0093b66f547d2be2b78e496f9d795 - default default] 10.0.3.17 "GET /v2.1/servers/detail?project_id=78d0093b66f547d2be2b78e496f9d795" status: 200 len: 15 microversion: 2.42 time: 0.309285 [pid: 147|app: 0|req: 26/414] 10.0.3.17 () {34 vars in 759 bytes} [Wed Nov 10 00:35:41 2021] GET /v2.1/servers/detail?project_id=78d0093b66f547d2be2b78e496f9d795 => generated 15 bytes in 310 msecs (HTTP/1.1 200) 7 headers in 319 bytes (1 switches on core 0)
2021-11-10 00:35:52.498 149 INFO nova.api.openstack.requestlog [req-2c4d7031-daaa-41e4-996a-52c252e9a02d 4a1b790b1ad8416996d1e8f5f206f34c 78d0093b66f547d2be2b78e496f9d795 - default default] 10.0.3.17 "GET /v2.1" status: 200 len: 378 microversion: 2.1 time: 0.000695 [pid: 149|app: 0|req: 26/415] 10.0.3.17 () {30 vars in 559 bytes} [Wed Nov 10 00:35:52 2021] GET /v2.1 => generated 378 bytes in 1 msecs (HTTP/1.1 200) 7 headers in 317 bytes (1 switches on core 0)
2021-11-10 00:35:52.976 155 INFO nova.api.openstack.requestlog [req-83ee9b20-9f35-4055-babe-13daf177c309 4a1b790b1ad8416996d1e8f5f206f34c 78d0093b66f547d2be2b78e496f9d795 - default default] 10.0.3.17 "GET /v2.1/servers/detail?project_id=78d0093b66f547d2be2b78e496f9d795" status: 200 len: 15 microversion: 2.42 time: 0.283520 [pid: 155|app: 0|req: 26/416] 10.0.3.17 () {34 vars in 759 bytes} [Wed Nov 10 00:35:52 2021] GET /v2.1/servers/detail?project_id=78d0093b66f547d2be2b78e496f9d795 => generated 15 bytes in 284 msecs (HTTP/1.1 200) 7 headers in 319 bytes (1 switches on core 0)
2021-11-10 00:36:03.319 154 INFO nova.api.openstack.requestlog [req-4ea054ee-0808-4608-ae5e-e242f4dc39f4 4a1b790b1ad8416996d1e8f5f206f34c 78d0093b66f547d2be2b78e496f9d795 - default default] 10.0.3.17 "GET /v2.1" status: 200 len: 378 microversion: 2.1 time: 0.000744 [pid: 154|app: 0|req: 27/417] 10.0.3.17 () {30 vars in 559 bytes} [Wed Nov 10 00:36:03 2021] GET /v2.1 => generated 378 bytes in 1 msecs (HTTP/1.1 200) 7 headers in 317 bytes (1 switches on core 0)
2021-11-10 00:36:03.761 141 INFO nova.api.openstack.requestlog [req-5a455b8e-df3f-4b34-bb67-f74cca7b19ec 4a1b790b1ad8416996d1e8f5f206f34c 78d0093b66f547d2be2b78e496f9d795 - default default] 10.0.3.17 "GET /v2.1/servers/detail?project_id=78d0093b66f547d2be2b78e496f9d795" status: 200 len: 15 microversion: 2.42 time: 0.239479 [pid: 141|app: 0|req: 26/418] 10.0.3.17 () {34 vars in 759 bytes} [Wed Nov 10 00:36:03 2021] GET /v2.1/servers/detail?project_id=78d0093b66f547d2be2b78e496f9d795 => generated 15 bytes in 241 msecs (HTTP/1.1 200) 7 headers in 319 bytes (1 switches on core 0)
2021-11-10 00:36:14.088 150 INFO nova.api.openstack.requestlog [req-96d7f3f4-3347-40d2-a4ad-53f226454b2d 4a1b790b1ad8416996d1e8f5f206f34c 78d0093b66f547d2be2b78e496f9d795 - default default] 10.0.3.17 "GET /v2.1" status: 200 len: 378 microversion: 2.1 time: 0.000811 [pid: 150|app: 0|req: 27/419] 10.0.3.17 () {30 vars in 559 bytes} [Wed Nov 10 00:36:14 2021] GET /v2.1 => generated 378 bytes in 2 msecs (HTTP/1.1 200) 7 headers in 317 bytes (1 switches on core 0)
2021-11-10 00:36:14.531 142 INFO nova.api.openstack.requestlog [req-3a72f6c3-1bd5-4354-96c6-6000360ddcc4 4a1b790b1ad8416996d1e8f5f206f34c 78d0093b66f547d2be2b78e496f9d795 - default default] 10.0.3.17 "GET /v2.1/servers/detail?project_id=78d0093b66f547d2be2b78e496f9d795" status: 200 len: 15 microversion: 2.42 time: 0.240993 [pid: 142|app: 0|req: 27/420] 10.0.3.17 () {34 vars in 759 bytes} [Wed Nov 10 00:36:14 2021] GET /v2.1/servers/detail?project_id=78d0093b66f547d2be2b78e496f9d795 => generated 15 bytes in 242 msecs (HTTP/1.1 200) 7 headers in 319 bytes (1 switches on core 0)
2021-11-10 00:36:24.848 151 INFO nova.api.openstack.requestlog [req-bb48fa0b-24e6-4836-8234-dc36d3481053 4a1b790b1ad8416996d1e8f5f206f34c 78d0093b66f547d2be2b78e496f9d795 - default default] 10.0.3.17 "GET /v2.1" status: 200 len: 378 microversion: 2.1 time: 0.000710 [pid: 151|app: 0|req: 27/421] 10.0.3.17 () {30 vars in 559 bytes} [Wed Nov 10 00:36:24 2021] GET /v2.1 => generated 378 bytes in 2 msecs (HTTP/1.1 200) 7 headers in 317 bytes (1 switches on core 0)
2021-11-10 00:36:25.321 148 INFO nova.api.openstack.requestlog [req-d2dc233d-808b-476e-8227-b48dc34e6d98 4a1b790b1ad8416996d1e8f5f206f34c 78d0093b66f547d2be2b78e496f9d795 - default default] 10.0.3.17 "GET /v2.1/servers/detail?project_id=78d0093b66f547d2be2b78e496f9d795" status: 200 len: 15 microversion: 2.42 time: 0.274668 [pid: 148|app: 0|req: 27/422] 10.0.3.17 () {34 vars in 759 bytes} [Wed Nov 10 00:36:25 2021] GET /v2.1/servers/detail?project_id=78d0093b66f547d2be2b78e496f9d795 => generated 15 bytes in 276 msecs (HTTP/1.1 200) 7 headers in 319 bytes (1 switches on core 0)
2021-11-10 00:36:35.644 146 INFO nova.api.openstack.requestlog [req-5fd2ed8b-eb0b-4225-8cef-e31599d76001 4a1b790b1ad8416996d1e8f5f206f34c 78d0093b66f547d2be2b78e496f9d795 - default default] 10.0.3.17 "GET /v2.1" status: 200 len: 378 microversion: 2.1 time: 0.000801 [pid: 146|app: 0|req: 27/423] 10.0.3.17 () {30 vars in 559 bytes} [Wed Nov 10 00:36:35 2021] GET /v2.1 => generated 378 bytes in 2 msecs (HTTP/1.1 200) 7 headers in 317 bytes (1 switches on core 0)
2021-11-10 00:36:36.096 145 INFO nova.api.openstack.requestlog [req-c4ebe613-6944-4ff0-b688-6760fef852d9 4a1b790b1ad8416996d1e8f5f206f34c 78d0093b66f547d2be2b78e496f9d795 - default default] 10.0.3.17 "GET /v2.1/servers/detail?project_id=78d0093b66f547d2be2b78e496f9d795" status: 200 len: 15 microversion: 2.42 time: 0.244079 [pid: 145|app: 0|req: 27/424] 10.0.3.17 () {34 vars in 759 bytes} [Wed Nov 10 00:36:35 2021] GET /v2.1/servers/detail?project_id=78d0093b66f547d2be2b78e496f9d795 => generated 15 bytes in 245 msecs (HTTP/1.1 200) 7 headers in 319 bytes (1 switches on core 0)
2021-11-10 00:36:46.435 152 INFO nova.api.openstack.requestlog [req-5cb77356-8b8d-4e2a-9fc3-4081429c67b0 4a1b790b1ad8416996d1e8f5f206f34c 78d0093b66f547d2be2b78e496f9d795 - default default] 10.0.3.17 "GET /v2.1" status: 200 len: 378 microversion: 2.1 time: 0.000762 [pid: 152|app: 0|req: 27/425] 10.0.3.17 () {30 vars in 559 bytes} [Wed Nov 10 00:36:46 2021] GET /v2.1 => generated 378 bytes in 2 msecs (HTTP/1.1 200) 7 headers in 317 bytes (1 switches on core 0)
2021-11-10 00:36:46.899 143 INFO nova.api.openstack.requestlog [req-72d076a5-6d82-4739-bba8-be02e4381d7c 4a1b790b1ad8416996d1e8f5f206f34c 78d0093b66f547d2be2b78e496f9d795 - default default] 10.0.3.17 "GET /v2.1/servers/detail?project_id=78d0093b66f547d2be2b78e496f9d795" status: 200 len: 15 microversion: 2.42 time: 0.249491 [pid: 143|app: 0|req: 27/426] 10.0.3.17 () {34 vars in 759 bytes} [Wed Nov 10 00:36:46 2021] GET /v2.1/servers/detail?project_id=78d0093b66f547d2be2b78e496f9d795 => generated 15 bytes in 251 msecs (HTTP/1.1 200) 7 headers in 319 bytes (1 switches on core 0)
