2019-10-30 18:59:17.300 21496 INFO nova.osapi_compute.wsgi.server [-] (21496) wsgi starting up on http://0.0.0.0:8774/
2019-10-30 18:59:17.300 20134 INFO oslo_service.service [-] Started child 21497
2019-10-30 18:59:17.302 21497 INFO nova.osapi_compute.wsgi.server [-] (21497) wsgi starting up on http://0.0.0.0:8774/
2019-10-30 18:59:17.303 20134 INFO oslo_service.service [-] Started child 21498
2019-10-30 18:59:17.305 21498 INFO nova.osapi_compute.wsgi.server [-] (21498) wsgi starting up on http://0.0.0.0:8774/
2019-10-30 18:59:17.305 20134 INFO oslo_service.service [-] Started child 21499
2019-10-30 18:59:17.308 21499 INFO nova.osapi_compute.wsgi.server [-] (21499) wsgi starting up on http://0.0.0.0:8774/
2019-10-30 18:59:17.308 20134 INFO oslo_service.service [-] Started child 21500
2019-10-30 18:59:17.310 21500 INFO nova.osapi_compute.wsgi.server [-] (21500) wsgi starting up on http://0.0.0.0:8774/
2019-10-30 18:59:17.311 20134 INFO oslo_service.service [-] Started child 21501
2019-10-30 18:59:17.313 21501 INFO nova.osapi_compute.wsgi.server [-] (21501) wsgi starting up on http://0.0.0.0:8774/
2019-10-30 18:59:17.313 20134 INFO oslo_service.service [-] Started child 21502
2019-10-30 18:59:17.316 21502 INFO nova.osapi_compute.wsgi.server [-] (21502) wsgi starting up on http://0.0.0.0:8774/
2019-10-30 18:59:17.316 20134 INFO oslo_service.service [-] Started child 21503
2019-10-30 18:59:17.318 21503 INFO nova.osapi_compute.wsgi.server [-] (21503) wsgi starting up on http://0.0.0.0:8774/
2019-10-30 18:59:17.319 20134 INFO oslo_service.service [-] Started child 21504
2019-10-30 18:59:17.321 21504 INFO nova.osapi_compute.wsgi.server [-] (21504) wsgi starting up on http://0.0.0.0:8774/
2019-10-30 18:59:17.321 20134 INFO oslo_service.service [-] Started child 21505
2019-10-30 18:59:17.324 21505 INFO nova.osapi_compute.wsgi.server [-] (21505) wsgi starting up on http://0.0.0.0:8774/
2019-10-30 18:59:17.324 20134 INFO oslo_service.service [-] Started child 21506
2019-10-30 18:59:17.326 21506 INFO nova.osapi_compute.wsgi.server [-] (21506) wsgi starting up on http://0.0.0.0:8774/
2019-10-30 18:59:17.327 20134 INFO oslo_service.service [-] Started child 21507
2019-10-30 18:59:17.329 21507 INFO nova.osapi_compute.wsgi.server [-] (21507) wsgi starting up on http://0.0.0.0:8774/
2019-10-30 18:59:17.329 20134 INFO oslo_service.service [-] Started child 21508
2019-10-30 18:59:17.332 21508 INFO nova.osapi_compute.wsgi.server [-] (21508) wsgi starting up on http://0.0.0.0:8774/
2019-10-30 18:59:17.332 20134 INFO oslo_service.service [-] Started child 21509
2019-10-30 18:59:17.334 21509 INFO nova.osapi_compute.wsgi.server [-] (21509) wsgi starting up on http://0.0.0.0:8774/
2019-10-30 18:59:17.335 20134 INFO oslo_service.service [-] Started child 21510
2019-10-30 18:59:17.337 21510 INFO nova.osapi_compute.wsgi.server [-] (21510) wsgi starting up on http://0.0.0.0:8774/
2019-10-30 18:59:17.337 20134 INFO oslo_service.service [-] Started child 21511
2019-10-30 18:59:17.340 21511 INFO nova.osapi_compute.wsgi.server [-] (21511) wsgi starting up on http://0.0.0.0:8774/
2019-10-30 18:59:17.340 20134 INFO oslo_service.service [-] Started child 21512
2019-10-30 18:59:17.343 21512 INFO nova.osapi_compute.wsgi.server [-] (21512) wsgi starting up on http://0.0.0.0:8774/
2019-10-30 18:59:17.343 20134 INFO oslo_service.service [-] Started child 21513
2019-10-30 18:59:17.345 21513 INFO nova.osapi_compute.wsgi.server [-] (21513) wsgi starting up on http://0.0.0.0:8774/
2019-10-30 18:59:17.345 20134 INFO oslo_service.service [-] Started child 21514
2019-10-30 18:59:17.348 21514 INFO nova.osapi_compute.wsgi.server [-] (21514) wsgi starting up on http://0.0.0.0:8774/
2019-10-30 18:59:17.348 20134 INFO oslo_service.service [-] Started child 21515
2019-10-30 18:59:17.350 21515 INFO nova.osapi_compute.wsgi.server [-] (21515) wsgi starting up on http://0.0.0.0:8774/
2019-10-30 18:59:17.351 20134 INFO oslo_service.service [-] Started child 21516
2019-10-30 18:59:17.353 21516 INFO nova.osapi_compute.wsgi.server [-] (21516) wsgi starting up on http://0.0.0.0:8774/
2019-10-30 18:59:17.353 20134 INFO oslo_service.service [-] Started child 21517
2019-10-30 18:59:17.356 21517 INFO nova.osapi_compute.wsgi.server [-] (21517) wsgi starting up on http://0.0.0.0:8774/
2019-10-30 18:59:17.356 20134 INFO oslo_service.service [-] Started child 21518
2019-10-30 18:59:17.359 21518 INFO nova.osapi_compute.wsgi.server [-] (21518) wsgi starting up on http://0.0.0.0:8774/
2019-10-30 18:59:17.359 20134 INFO oslo_service.service [-] Started child 21519
2019-10-30 18:59:17.361 21519 INFO nova.osapi_compute.wsgi.server [-] (21519) wsgi starting up on http://0.0.0.0:8774/
2019-10-30 18:59:17.361 20134 INFO oslo_service.service [-] Started child 21520
2019-10-30 18:59:17.364 21520 INFO nova.osapi_compute.wsgi.server [-] (21520) wsgi starting up on http://0.0.0.0:8774/
2019-10-30 18:59:17.364 20134 INFO oslo_service.service [-] Started child 21521
2019-10-30 18:59:17.367 21521 INFO nova.osapi_compute.wsgi.server [-] (21521) wsgi starting up on http://0.0.0.0:8774/
2019-10-30 18:59:17.367 20134 INFO oslo_service.service [-] Started child 21522
2019-10-30 18:59:17.369 21522 INFO nova.osapi_compute.wsgi.server [-] (21522) wsgi starting up on http://0.0.0.0:8774/
2019-10-30 18:59:17.369 20134 INFO oslo_service.service [-] Started child 21523
2019-10-30 18:59:17.372 21523 INFO nova.osapi_compute.wsgi.server [-] (21523) wsgi starting up on http://0.0.0.0:8774/
2019-10-30 18:59:17.372 20134 INFO oslo_service.service [-] Started child 21524
2019-10-30 18:59:17.375 21524 INFO nova.osapi_compute.wsgi.server [-] (21524) wsgi starting up on http://0.0.0.0:8774/
2019-10-30 18:59:17.375 20134 INFO oslo_service.service [-] Started child 21525
2019-10-30 18:59:17.377 21525 INFO nova.osapi_compute.wsgi.server [-] (21525) wsgi starting up on http://0.0.0.0:8774/
2019-10-30 18:59:17.377 20134 INFO oslo_service.service [-] Started child 21526
2019-10-30 18:59:17.380 20134 INFO nova.network.driver [-] Loading network driver 'nova.network.linux_net'
2019-10-30 18:59:17.380 21526 INFO nova.osapi_compute.wsgi.server [-] (21526) wsgi starting up on http://0.0.0.0:8774/
2019-10-30 18:59:17.381 20134 WARNING oslo_config.cfg [-] Option "lock_path" from group "DEFAULT" is deprecated. Use option "lock_path" from group "oslo_concurrency".
2019-10-30 18:59:17.589 20134 INFO nova.wsgi [-] metadata listening on 0.0.0.0:8775
2019-10-30 18:59:17.589 20134 INFO oslo_service.service [-] Starting 56 workers
2019-10-30 18:59:17.592 20134 INFO oslo_service.service [-] Started child 21543
2019-10-30 18:59:17.595 21543 INFO nova.metadata.wsgi.server [-] (21543) wsgi starting up on http://0.0.0.0:8775/
2019-10-30 18:59:17.595 20134 INFO oslo_service.service [-] Started child 21544
2019-10-30 18:59:17.598 21544 INFO nova.metadata.wsgi.server [-] (21544) wsgi starting up on http://0.0.0.0:8775/
2019-10-30 18:59:17.598 20134 INFO oslo_service.service [-] Started child 21545
2019-10-30 18:59:17.600 21545 INFO nova.metadata.wsgi.server [-] (21545) wsgi starting up on http://0.0.0.0:8775/
2019-10-30 18:59:17.600 20134 INFO oslo_service.service [-] Started child 21546
2019-10-30 18:59:17.603 21546 INFO nova.metadata.wsgi.server [-] (21546) wsgi starting up on http://0.0.0.0:8775/
2019-10-30 18:59:17.603 20134 INFO oslo_service.service [-] Started child 21547
2019-10-30 18:59:17.606 21547 INFO nova.metadata.wsgi.server [-] (21547) wsgi starting up on http://0.0.0.0:8775/
2019-10-30 18:59:17.606 20134 INFO oslo_service.service [-] Started child 21548
2019-10-30 18:59:17.608 21548 INFO nova.metadata.wsgi.server [-] (21548) wsgi starting up on http://0.0.0.0:8775/
2019-10-30 18:59:17.608 20134 INFO oslo_service.service [-] Started child 21549
2019-10-30 18:59:17.611 21549 INFO nova.metadata.wsgi.server [-] (21549) wsgi starting up on http://0.0.0.0:8775/
2019-10-30 18:59:17.611 20134 INFO oslo_service.service [-] Started child 21550
2019-10-30 18:59:17.614 21550 INFO nova.metadata.wsgi.server [-] (21550) wsgi starting up on http://0.0.0.0:8775/
2019-10-30 18:59:17.614 20134 INFO oslo_service.service [-] Started child 21551
2019-10-30 18:59:17.617 21551 INFO nova.metadata.wsgi.server [-] (21551) wsgi starting up on http://0.0.0.0:8775/
2019-10-30 18:59:17.617 20134 INFO oslo_service.service [-] Started child 21552
2019-10-30 18:59:17.619 21552 INFO nova.metadata.wsgi.server [-] (21552) wsgi starting up on http://0.0.0.0:8775/
2019-10-30 18:59:17.619 20134 INFO oslo_service.service [-] Started child 21553
2019-10-30 18:59:17.622 21553 INFO nova.metadata.wsgi.server [-] (21553) wsgi starting up on http://0.0.0.0:8775/
2019-10-30 18:59:17.622 20134 INFO oslo_service.service [-] Started child 21554
2019-10-30 18:59:17.625 21554 INFO nova.metadata.wsgi.server [-] (21554) wsgi starting up on http://0.0.0.0:8775/
2019-10-30 18:59:17.625 20134 INFO oslo_service.service [-] Started child 21555
2019-10-30 18:59:17.627 21555 INFO nova.metadata.wsgi.server [-] (21555) wsgi starting up on http://0.0.0.0:8775/
2019-10-30 18:59:17.628 20134 INFO oslo_service.service [-] Started child 21556
2019-10-30 18:59:17.630 21556 INFO nova.metadata.wsgi.server [-] (21556) wsgi starting up on http://0.0.0.0:8775/
2019-10-30 18:59:17.630 20134 INFO oslo_service.service [-] Started child 21557
2019-10-30 18:59:17.633 21557 INFO nova.metadata.wsgi.server [-] (21557) wsgi starting up on http://0.0.0.0:8775/
2019-10-30 18:59:17.633 20134 INFO oslo_service.service [-] Started child 21558
2019-10-30 18:59:17.636 21558 INFO nova.metadata.wsgi.server [-] (21558) wsgi starting up on http://0.0.0.0:8775/
2019-10-30 18:59:17.636 20134 INFO oslo_service.service [-] Started child 21559
2019-10-30 18:59:17.638 21559 INFO nova.metadata.wsgi.server [-] (21559) wsgi starting up on http://0.0.0.0:8775/
2019-10-30 18:59:17.639 20134 INFO oslo_service.service [-] Started child 21560
2019-10-30 18:59:17.641 21560 INFO nova.metadata.wsgi.server [-] (21560) wsgi starting up on http://0.0.0.0:8775/
2019-10-30 18:59:17.641 20134 INFO oslo_service.service [-] Started child 21561
2019-10-30 18:59:17.644 21561 INFO nova.metadata.wsgi.server [-] (21561) wsgi starting up on http://0.0.0.0:8775/
2019-10-30 18:59:17.644 20134 INFO oslo_service.service [-] Started child 21562
2019-10-30 18:59:17.646 21562 INFO nova.metadata.wsgi.server [-] (21562) wsgi starting up on http://0.0.0.0:8775/
2019-10-30 18:59:17.647 20134 INFO oslo_service.service [-] Started child 21563
2019-10-30 18:59:17.649 21563 INFO nova.metadata.wsgi.server [-] (21563) wsgi starting up on http://0.0.0.0:8775/
2019-10-30 18:59:17.649 20134 INFO oslo_service.service [-] Started child 21564
2019-10-30 18:59:17.652 21564 INFO nova.metadata.wsgi.server [-] (21564) wsgi starting up on http://0.0.0.0:8775/
2019-10-30 18:59:17.652 20134 INFO oslo_service.service [-] Started child 21565
2019-10-30 18:59:17.655 21565 INFO nova.metadata.wsgi.server [-] (21565) wsgi starting up on http://0.0.0.0:8775/
2019-10-30 18:59:17.655 20134 INFO oslo_service.service [-] Started child 21566
2019-10-30 18:59:17.657 21566 INFO nova.metadata.wsgi.server [-] (21566) wsgi starting up on http://0.0.0.0:8775/
2019-10-30 18:59:17.657 20134 INFO oslo_service.service [-] Started child 21567
2019-10-30 18:59:17.660 21567 INFO nova.metadata.wsgi.server [-] (21567) wsgi starting up on http://0.0.0.0:8775/
2019-10-30 18:59:17.660 20134 INFO oslo_service.service [-] Started child 21568
2019-10-30 18:59:17.662 21568 INFO nova.metadata.wsgi.server [-] (21568) wsgi starting up on http://0.0.0.0:8775/
2019-10-30 18:59:17.662 20134 INFO oslo_service.service [-] Started child 21569
2019-10-30 18:59:17.665 21569 INFO nova.metadata.wsgi.server [-] (21569) wsgi starting up on http://0.0.0.0:8775/
2019-10-30 18:59:17.665 20134 INFO oslo_service.service [-] Started child 21572
2019-10-30 18:59:17.668 21572 INFO nova.metadata.wsgi.server [-] (21572) wsgi starting up on http://0.0.0.0:8775/
2019-10-30 18:59:17.668 20134 INFO oslo_service.service [-] Started child 21573
2019-10-30 18:59:17.670 21573 INFO nova.metadata.wsgi.server [-] (21573) wsgi starting up on http://0.0.0.0:8775/
2019-10-30 18:59:17.670 20134 INFO oslo_service.service [-] Started child 21578
2019-10-30 18:59:17.673 21578 INFO nova.metadata.wsgi.server [-] (21578) wsgi starting up on http://0.0.0.0:8775/
2019-10-30 18:59:17.673 20134 INFO oslo_service.service [-] Started child 21580
2019-10-30 18:59:17.676 21580 INFO nova.metadata.wsgi.server [-] (21580) wsgi starting up on http://0.0.0.0:8775/
2019-10-30 18:59:17.676 20134 INFO oslo_service.service [-] Started child 21581
2019-10-30 18:59:17.679 21581 INFO nova.metadata.wsgi.server [-] (21581) wsgi starting up on http://0.0.0.0:8775/
2019-10-30 18:59:17.679 20134 INFO oslo_service.service [-] Started child 21582
2019-10-30 18:59:17.682 21582 INFO nova.metadata.wsgi.server [-] (21582) wsgi starting up on http://0.0.0.0:8775/
2019-10-30 18:59:17.682 20134 INFO oslo_service.service [-] Started child 21585
2019-10-30 18:59:17.684 21585 INFO nova.metadata.wsgi.server [-] (21585) wsgi starting up on http://0.0.0.0:8775/
2019-10-30 18:59:17.685 20134 INFO oslo_service.service [-] Started child 21588
2019-10-30 18:59:17.687 21588 INFO nova.metadata.wsgi.server [-] (21588) wsgi starting up on http://0.0.0.0:8775/
2019-10-30 18:59:17.687 20134 INFO oslo_service.service [-] Started child 21591
2019-10-30 18:59:17.690 21591 INFO nova.metadata.wsgi.server [-] (21591) wsgi starting up on http://0.0.0.0:8775/
2019-10-30 18:59:17.690 20134 INFO oslo_service.service [-] Started child 21594
2019-10-30 18:59:17.692 21594 INFO nova.metadata.wsgi.server [-] (21594) wsgi starting up on http://0.0.0.0:8775/
2019-10-30 18:59:17.693 20134 INFO oslo_service.service [-] Started child 21597
2019-10-30 18:59:17.695 21597 INFO nova.metadata.wsgi.server [-] (21597) wsgi starting up on http://0.0.0.0:8775/
2019-10-30 18:59:17.695 20134 INFO oslo_service.service [-] Started child 21600
2019-10-30 18:59:17.698 21600 INFO nova.metadata.wsgi.server [-] (21600) wsgi starting up on http://0.0.0.0:8775/
2019-10-30 18:59:17.698 20134 INFO oslo_service.service [-] Started child 21603
2019-10-30 18:59:17.700 21603 INFO nova.metadata.wsgi.server [-] (21603) wsgi starting up on http://0.0.0.0:8775/
2019-10-30 18:59:17.701 20134 INFO oslo_service.service [-] Started child 21606
2019-10-30 18:59:17.703 21606 INFO nova.metadata.wsgi.server [-] (21606) wsgi starting up on http://0.0.0.0:8775/
2019-10-30 18:59:17.703 20134 INFO oslo_service.service [-] Started child 21607
2019-10-30 18:59:17.706 21607 INFO nova.metadata.wsgi.server [-] (21607) wsgi starting up on http://0.0.0.0:8775/
2019-10-30 18:59:17.706 20134 INFO oslo_service.service [-] Started child 21608
2019-10-30 18:59:17.709 21608 INFO nova.metadata.wsgi.server [-] (21608) wsgi starting up on http://0.0.0.0:8775/
2019-10-30 18:59:17.709 20134 INFO oslo_service.service [-] Started child 21609
2019-10-30 18:59:17.711 21609 INFO nova.metadata.wsgi.server [-] (21609) wsgi starting up on http://0.0.0.0:8775/
2019-10-30 18:59:17.712 20134 INFO oslo_service.service [-] Started child 21610
2019-10-30 18:59:17.714 21610 INFO nova.metadata.wsgi.server [-] (21610) wsgi starting up on http://0.0.0.0:8775/
2019-10-30 18:59:17.714 20134 INFO oslo_service.service [-] Started child 21611
2019-10-30 18:59:17.717 21611 INFO nova.metadata.wsgi.server [-] (21611) wsgi starting up on http://0.0.0.0:8775/
2019-10-30 18:59:17.717 20134 INFO oslo_service.service [-] Started child 21612
2019-10-30 18:59:17.720 21612 INFO nova.metadata.wsgi.server [-] (21612) wsgi starting up on http://0.0.0.0:8775/
2019-10-30 18:59:17.720 20134 INFO oslo_service.service [-] Started child 21613
2019-10-30 18:59:17.722 21613 INFO nova.metadata.wsgi.server [-] (21613) wsgi starting up on http://0.0.0.0:8775/
2019-10-30 18:59:17.722 20134 INFO oslo_service.service [-] Started child 21614
2019-10-30 18:59:17.725 21614 INFO nova.metadata.wsgi.server [-] (21614) wsgi starting up on http://0.0.0.0:8775/
2019-10-30 18:59:17.725 20134 INFO oslo_service.service [-] Started child 21615
2019-10-30 18:59:17.727 21615 INFO nova.metadata.wsgi.server [-] (21615) wsgi starting up on http://0.0.0.0:8775/
2019-10-30 18:59:17.728 20134 INFO oslo_service.service [-] Started child 21616
2019-10-30 18:59:17.730 21616 INFO nova.metadata.wsgi.server [-] (21616) wsgi starting up on http://0.0.0.0:8775/
2019-10-30 18:59:17.730 20134 INFO oslo_service.service [-] Started child 21617
2019-10-30 18:59:17.733 21617 INFO nova.metadata.wsgi.server [-] (21617) wsgi starting up on http://0.0.0.0:8775/
2019-10-30 18:59:17.733 20134 INFO oslo_service.service [-] Started child 21618
2019-10-30 18:59:17.735 21618 INFO nova.metadata.wsgi.server [-] (21618) wsgi starting up on http://0.0.0.0:8775/
2019-10-30 18:59:17.735 20134 INFO oslo_service.service [-] Started child 21619
2019-10-30 18:59:17.738 21619 INFO nova.metadata.wsgi.server [-] (21619) wsgi starting up on http://0.0.0.0:8775/
2019-10-30 18:59:17.738 20134 INFO oslo_service.service [-] Started child 21620
2019-10-30 18:59:17.740 21620 INFO nova.metadata.wsgi.server [-] (21620) wsgi starting up on http://0.0.0.0:8775/
2019-10-30 18:59:17.740 20134 INFO oslo_service.service [-] Started child 21621
2019-10-30 18:59:17.743 21621 INFO nova.metadata.wsgi.server [-] (21621) wsgi starting up on http://0.0.0.0:8775/
2019-10-30 18:59:17.773 20134 WARNING oslo_config.cfg [-] Option "admin_auth_url" from group "neutron" is deprecated for removal. Its value may be silently ignored in the future.
2019-10-30 18:59:17.774 20134 WARNING oslo_config.cfg [-] Option "admin_password" from group "neutron" is deprecated for removal. Its value may be silently ignored in the future.
2019-10-30 18:59:17.774 20134 WARNING oslo_config.cfg [-] Option "admin_tenant_name" from group "neutron" is deprecated for removal. Its value may be silently ignored in the future.
2019-10-30 18:59:17.774 20134 WARNING oslo_config.cfg [-] Option "admin_username" from group "neutron" is deprecated for removal. Its value may be silently ignored in the future.
2019-10-30 18:59:17.775 20134 WARNING oslo_config.cfg [-] Option "auth_strategy" from group "neutron" is deprecated for removal. Its value may be silently ignored in the future.
2019-10-30 18:59:17.780 20134 WARNING oslo_config.cfg [-] Option "vnc_enabled" from group "DEFAULT" is deprecated. Use option "enabled" from group "vnc".
2019-10-30 18:59:17.780 20134 WARNING oslo_config.cfg [-] Option "vnc_keymap" from group "DEFAULT" is deprecated. Use option "keymap" from group "vnc".
2019-10-30 18:59:17.780 20134 WARNING oslo_config.cfg [-] Option "novncproxy_base_url" from group "DEFAULT" is deprecated. Use option "novncproxy_base_url" from group "vnc".
2019-10-30 18:59:17.781 20134 WARNING oslo_config.cfg [-] Option "vncserver_listen" from group "DEFAULT" is deprecated. Use option "vncserver_listen" from group "vnc".
2019-10-30 18:59:17.781 20134 WARNING oslo_config.cfg [-] Option "vncserver_proxyclient_address" from group "DEFAULT" is deprecated. Use option "vncserver_proxyclient_address" from group "vnc".
2019-10-30 18:59:17.791 20134 WARNING oslo_config.cfg [-] Option "sql_connection" from group "DEFAULT" is deprecated. Use option "connection" from group "database".
2019-10-30 19:12:56.632 21502 WARNING oslo_config.cfg [req-31fe6b4b-7fa8-4dc5-b176-9baa4a742d81 a610b75cf7954585ad143e20f886de58 9e2b5c7fd7bc4acfa26cb51dde097d91 - - -] Option "sql_connection" from group "DEFAULT" is deprecated. Use option "connection" from group "database".
2019-10-30 19:12:56.791 21502 INFO nova.osapi_compute.wsgi.server [req-31fe6b4b-7fa8-4dc5-b176-9baa4a742d81 a610b75cf7954585ad143e20f886de58 9e2b5c7fd7bc4acfa26cb51dde097d91 - - -] 10.56.233.135 "GET /v2/9e2b5c7fd7bc4acfa26cb51dde097d91/flavors/detail HTTP/1.1" status: 200 len: 4487 time: 0.7060649
2019-10-30 19:12:56.826 21502 INFO nova.osapi_compute.wsgi.server [req-1ad012ec-97d5-45ec-a4d7-358ca3898816 a610b75cf7954585ad143e20f886de58 9e2b5c7fd7bc4acfa26cb51dde097d91 - - -] 10.56.233.135 "GET /v2/9e2b5c7fd7bc4acfa26cb51dde097d91/os-keypairs/CtrlKey HTTP/1.1" status: 200 len: 869 time: 0.0243752
2019-10-30 19:12:58.524 21516 WARNING oslo_config.cfg [req-8664dba8-758f-4afa-bf3f-74a18f36f213 a610b75cf7954585ad143e20f886de58 9e2b5c7fd7bc4acfa26cb51dde097d91 - - -] Option "sql_connection" from group "DEFAULT" is deprecated. Use option "connection" from group "database".
2019-10-30 19:12:58.639 21516 INFO nova.osapi_compute.wsgi.server [req-8664dba8-758f-4afa-bf3f-74a18f36f213 a610b75cf7954585ad143e20f886de58 9e2b5c7fd7bc4acfa26cb51dde097d91 - - -] 10.56.233.135 "GET /v2/9e2b5c7fd7bc4acfa26cb51dde097d91/flavors/detail HTTP/1.1" status: 200 len: 4487 time: 0.6372380
2019-10-30 19:12:58.655 21516 INFO nova.osapi_compute.wsgi.server [req-1bae8708-99fe-4df2-8988-1e6825056769 a610b75cf7954585ad143e20f886de58 9e2b5c7fd7bc4acfa26cb51dde097d91 - - -] 10.56.233.135 "GET /v2/9e2b5c7fd7bc4acfa26cb51dde097d91/os-keypairs/CtrlKey HTTP/1.1" status: 200 len: 869 time: 0.0063081
2019-10-30 19:13:11.204 21516 INFO nova.osapi_compute.wsgi.server [req-39d5c0e9-031a-40e2-93e9-7a1a15a486f3 a610b75cf7954585ad143e20f886de58 9e2b5c7fd7bc4acfa26cb51dde097d91 - - -] 10.56.233.135 "GET /v2/9e2b5c7fd7bc4acfa26cb51dde097d91/flavors/detail HTTP/1.1" status: 200 len: 4487 time: 0.0313661
2019-10-30 19:13:13.717 21490 WARNING oslo_config.cfg [req-1385c71d-f0d9-462d-9b9c-620916e23bb8 a610b75cf7954585ad143e20f886de58 9e2b5c7fd7bc4acfa26cb51dde097d91 - - -] Option "sql_connection" from group "DEFAULT" is deprecated. Use option "connection" from group "database".
2019-10-30 19:13:13.846 21490 INFO nova.osapi_compute.wsgi.server [req-1385c71d-f0d9-462d-9b9c-620916e23bb8 a610b75cf7954585ad143e20f886de58 9e2b5c7fd7bc4acfa26cb51dde097d91 - - -] 10.56.233.135 "GET /v2/9e2b5c7fd7bc4acfa26cb51dde097d91/flavors/detail HTTP/1.1" status: 200 len: 4487 time: 0.6560538
2019-10-30 19:13:14.508 21494 WARNING oslo_config.cfg [req-407d2ba2-9884-4836-9f47-c84d2363960f a610b75cf7954585ad143e20f886de58 9e2b5c7fd7bc4acfa26cb51dde097d91 - - -] Option "sql_connection" from group "DEFAULT" is deprecated. Use option "connection" from group "database".
2019-10-30 19:13:14.611 21494 INFO nova.osapi_compute.wsgi.server [req-407d2ba2-9884-4836-9f47-c84d2363960f a610b75cf7954585ad143e20f886de58 9e2b5c7fd7bc4acfa26cb51dde097d91 - - -] 10.56.233.135 "GET /v2/9e2b5c7fd7bc4acfa26cb51dde097d91/os-keypairs/CtrlKey HTTP/1.1" status: 200 len: 869 time: 0.6273561
2019-10-30 19:13:15.364 21471 WARNING oslo_config.cfg [req-a458b66e-34c3-45c8-b3c8-ce4b035c88fe a610b75cf7954585ad143e20f886de58 9e2b5c7fd7bc4acfa26cb51dde097d91 - - -] Option "sql_connection" from group "DEFAULT" is deprecated. Use option "connection" from group "database".
2019-10-30 19:13:15.490 21471 INFO nova.osapi_compute.wsgi.server [req-a458b66e-34c3-45c8-b3c8-ce4b035c88fe a610b75cf7954585ad143e20f886de58 9e2b5c7fd7bc4acfa26cb51dde097d91 - - -] 10.56.233.135 "GET /v2/9e2b5c7fd7bc4acfa26cb51dde097d91/flavors/detail HTTP/1.1" status: 200 len: 4487 time: 0.6500230
2019-10-30 19:13:16.368 21510 WARNING oslo_config.cfg [req-31107bae-0348-43b8-9737-ddb3038104fb a610b75cf7954585ad143e20f886de58 9e2b5c7fd7bc4acfa26cb51dde097d91 - - -] Option "sql_connection" from group "DEFAULT" is deprecated. Use option "connection" from group "database".
2019-10-30 19:13:16.476 21510 INFO nova.osapi_compute.wsgi.server [req-31107bae-0348-43b8-9737-ddb3038104fb a610b75cf7954585ad143e20f886de58 9e2b5c7fd7bc4acfa26cb51dde097d91 - - -] 10.56.233.135 "GET /v2/9e2b5c7fd7bc4acfa26cb51dde097d91/os-keypairs/CtrlKey HTTP/1.1" status: 200 len: 869 time: 0.6933892
2019-10-30 19:13:16.769 21510 INFO nova.osapi_compute.wsgi.server [req-3218fc4a-a720-42ae-9e94-dce70eb59f75 a610b75cf7954585ad143e20f886de58 9e2b5c7fd7bc4acfa26cb51dde097d91 - - -] 10.56.233.135 "GET /v2/9e2b5c7fd7bc4acfa26cb51dde097d91/flavors/detail HTTP/1.1" status: 200 len: 4487 time: 0.0201600
2019-10-30 19:13:16.880 21471 WARNING oslo_config.cfg [req-71b0edb0-db1d-4a90-821a-0b4a4c4e6270 a610b75cf7954585ad143e20f886de58 9e2b5c7fd7bc4acfa26cb51dde097d91 - - -] Option "auth_strategy" from group "neutron" is deprecated for removal. Its value may be silently ignored in the future.
2019-10-30 19:13:16.880 21471 WARNING oslo_config.cfg [req-71b0edb0-db1d-4a90-821a-0b4a4c4e6270 a610b75cf7954585ad143e20f886de58 9e2b5c7fd7bc4acfa26cb51dde097d91 - - -] Option "admin_auth_url" from group "neutron" is deprecated for removal. Its value may be silently ignored in the future.
2019-10-30 19:13:16.881 21471 WARNING oslo_config.cfg [req-71b0edb0-db1d-4a90-821a-0b4a4c4e6270 a610b75cf7954585ad143e20f886de58 9e2b5c7fd7bc4acfa26cb51dde097d91 - - -] Option "admin_username" from group "neutron" is deprecated for removal. Its value may be silently ignored in the future.
2019-10-30 19:13:16.881 21471 WARNING oslo_config.cfg [req-71b0edb0-db1d-4a90-821a-0b4a4c4e6270 a610b75cf7954585ad143e20f886de58 9e2b5c7fd7bc4acfa26cb51dde097d91 - - -] Option "admin_password" from group "neutron" is deprecated for removal. Its value may be silently ignored in the future.
2019-10-30 19:13:16.881 21471 WARNING oslo_config.cfg [req-71b0edb0-db1d-4a90-821a-0b4a4c4e6270 a610b75cf7954585ad143e20f886de58 9e2b5c7fd7bc4acfa26cb51dde097d91 - - -] Option "admin_tenant_name" from group "neutron" is deprecated for removal. Its value may be silently ignored in the future.
2019-10-30 19:13:18.662 21471 INFO oslo_messaging._drivers.impl_qpid [req-71b0edb0-db1d-4a90-821a-0b4a4c4e6270 a610b75cf7954585ad143e20f886de58 9e2b5c7fd7bc4acfa26cb51dde097d91 - - -] Connected to AMQP server on 10.56.233.135:5672
2019-10-30 19:13:18.670 21471 INFO nova.osapi_compute.wsgi.server [req-71b0edb0-db1d-4a90-821a-0b4a4c4e6270 a610b75cf7954585ad143e20f886de58 9e2b5c7fd7bc4acfa26cb51dde097d91 - - -] 10.56.233.135 "POST /v2/9e2b5c7fd7bc4acfa26cb51dde097d91/os-volumes_boot HTTP/1.1" status: 202 len: 763 time: 3.1759980
2019-10-30 19:13:18.924 21506 WARNING oslo_config.cfg [req-dcb90173-36fb-41f4-8f32-a890b16e1230 a610b75cf7954585ad143e20f886de58 9e2b5c7fd7bc4acfa26cb51dde097d91 - - -] Option "sql_connection" from group "DEFAULT" is deprecated. Use option "connection" from group "database".
2019-10-30 19:13:19.789 21506 WARNING oslo_config.cfg [req-dcb90173-36fb-41f4-8f32-a890b16e1230 a610b75cf7954585ad143e20f886de58 9e2b5c7fd7bc4acfa26cb51dde097d91 - - -] Option "auth_strategy" from group "neutron" is deprecated for removal. Its value may be silently ignored in the future.
2019-10-30 19:13:19.789 21506 WARNING oslo_config.cfg [req-dcb90173-36fb-41f4-8f32-a890b16e1230 a610b75cf7954585ad143e20f886de58 9e2b5c7fd7bc4acfa26cb51dde097d91 - - -] Option "admin_auth_url" from group "neutron" is deprecated for removal. Its value may be silently ignored in the future.
2019-10-30 19:13:19.790 21506 WARNING oslo_config.cfg [req-dcb90173-36fb-41f4-8f32-a890b16e1230 a610b75cf7954585ad143e20f886de58 9e2b5c7fd7bc4acfa26cb51dde097d91 - - -] Option "admin_username" from group "neutron" is deprecated for removal. Its value may be silently ignored in the future.
2019-10-30 19:13:19.790 21506 WARNING oslo_config.cfg [req-dcb90173-36fb-41f4-8f32-a890b16e1230 a610b75cf7954585ad143e20f886de58 9e2b5c7fd7bc4acfa26cb51dde097d91 - - -] Option "admin_password" from group "neutron" is deprecated for removal. Its value may be silently ignored in the future.
2019-10-30 19:13:19.791 21506 WARNING oslo_config.cfg [req-dcb90173-36fb-41f4-8f32-a890b16e1230 a610b75cf7954585ad143e20f886de58 9e2b5c7fd7bc4acfa26cb51dde097d91 - - -] Option "admin_tenant_name" from group "neutron" is deprecated for removal. Its value may be silently ignored in the future.
2019-10-30 19:13:19.801 21502 INFO nova.osapi_compute.wsgi.server [req-c89ef994-cffe-4356-bae3-0f030160dac2 a610b75cf7954585ad143e20f886de58 9e2b5c7fd7bc4acfa26cb51dde097d91 - - -] 10.56.233.135 "GET /v2/9e2b5c7fd7bc4acfa26cb51dde097d91/servers/9f4c47e3-e5ad-4bf0-8607-7edf23b32972 HTTP/1.1" status: 200 len: 3624 time: 0.0873401
2019-10-30 19:13:20.690 21502 INFO nova.osapi_compute.wsgi.server [req-5d2f9032-18a0-44f9-bc46-adee4f5ad945 a610b75cf7954585ad143e20f886de58 9e2b5c7fd7bc4acfa26cb51dde097d91 - - -] 10.56.233.135 "GET /v2/9e2b5c7fd7bc4acfa26cb51dde097d91/flavors/detail HTTP/1.1" status: 200 len: 4487 time: 0.0172210
2019-10-30 19:13:21.697 21506 INFO oslo_messaging._drivers.impl_qpid [req-dcb90173-36fb-41f4-8f32-a890b16e1230 a610b75cf7954585ad143e20f886de58 9e2b5c7fd7bc4acfa26cb51dde097d91 - - -] Connected to AMQP server on 10.56.233.135:5672
2019-10-30 19:13:21.706 21506 INFO nova.osapi_compute.wsgi.server [req-dcb90173-36fb-41f4-8f32-a890b16e1230 a610b75cf7954585ad143e20f886de58 9e2b5c7fd7bc4acfa26cb51dde097d91 - - -] 10.56.233.135 "POST /v2/9e2b5c7fd7bc4acfa26cb51dde097d91/os-volumes_boot HTTP/1.1" status: 202 len: 763 time: 4.9278851
2019-10-30 19:13:23.029 21498 WARNING oslo_config.cfg [req-ce7546cd-c007-41f9-b019-b3c394b65de8 a610b75cf7954585ad143e20f886de58 9e2b5c7fd7bc4acfa26cb51dde097d91 - - -] Option "sql_connection" from group "DEFAULT" is deprecated. Use option "connection" from group "database".
2019-10-30 19:13:23.136 21498 INFO nova.osapi_compute.wsgi.server [req-ce7546cd-c007-41f9-b019-b3c394b65de8 a610b75cf7954585ad143e20f886de58 9e2b5c7fd7bc4acfa26cb51dde097d91 - - -] 10.56.233.135 "GET /v2/9e2b5c7fd7bc4acfa26cb51dde097d91/os-keypairs/CtrlKey HTTP/1.1" status: 200 len: 869 time: 0.6309569
2019-10-30 19:13:23.310 21511 WARNING oslo_config.cfg [req-8b60c88d-64f9-4272-8010-73ed1f3d6e73 a610b75cf7954585ad143e20f886de58 9e2b5c7fd7bc4acfa26cb51dde097d91 - - -] Option "sql_connection" from group "DEFAULT" is deprecated. Use option "connection" from group "database".
2019-10-30 19:13:23.711 21473 WARNING oslo_config.cfg [req-aab7d402-c785-4137-a124-f32273965fb8 a610b75cf7954585ad143e20f886de58 9e2b5c7fd7bc4acfa26cb51dde097d91 - - -] Option "sql_connection" from group "DEFAULT" is deprecated. Use option "connection" from group "database".
2019-10-30 19:13:23.734 21511 INFO nova.osapi_compute.wsgi.server [req-8b60c88d-64f9-4272-8010-73ed1f3d6e73 a610b75cf7954585ad143e20f886de58 9e2b5c7fd7bc4acfa26cb51dde097d91 - - -] 10.56.233.135 "GET /v2/9e2b5c7fd7bc4acfa26cb51dde097d91/servers/4a19b341-68a9-43c4-9530-60ce2a89fb33 HTTP/1.1" status: 200 len: 3624 time: 0.9858479
2019-10-30 19:13:24.133 21473 INFO nova.osapi_compute.wsgi.server [req-aab7d402-c785-4137-a124-f32273965fb8 a610b75cf7954585ad143e20f886de58 9e2b5c7fd7bc4acfa26cb51dde097d91 - - -] 10.56.233.135 "DELETE /v2/9e2b5c7fd7bc4acfa26cb51dde097d91/servers/9f4c47e3-e5ad-4bf0-8607-7edf23b32972 HTTP/1.1" status: 204 len: 203 time: 0.9858892
2019-10-30 19:13:25.277 21513 WARNING oslo_config.cfg [req-855d1745-5314-4b94-9771-1630ce013b2e a610b75cf7954585ad143e20f886de58 9e2b5c7fd7bc4acfa26cb51dde097d91 - - -] Option "sql_connection" from group "DEFAULT" is deprecated. Use option "connection" from group "database".
2019-10-30 19:13:25.397 21513 INFO nova.osapi_compute.wsgi.server [req-855d1745-5314-4b94-9771-1630ce013b2e a610b75cf7954585ad143e20f886de58 9e2b5c7fd7bc4acfa26cb51dde097d91 - - -] 10.56.233.135 "GET /v2/9e2b5c7fd7bc4acfa26cb51dde097d91/flavors/detail HTTP/1.1" status: 200 len: 4487 time: 0.6970179
2019-10-30 19:13:25.651 21486 WARNING oslo_config.cfg [req-9011675a-12a8-40d7-a203-afab4e25ecf8 a610b75cf7954585ad143e20f886de58 9e2b5c7fd7bc4acfa26cb51dde097d91 - - -] Option "sql_connection" from group "DEFAULT" is deprecated. Use option "connection" from group "database".
2019-10-30 19:13:25.806 21486 INFO nova.api.openstack.wsgi [req-9011675a-12a8-40d7-a203-afab4e25ecf8 a610b75cf7954585ad143e20f886de58 9e2b5c7fd7bc4acfa26cb51dde097d91 - - -] HTTP exception thrown: Instance 9f4c47e3-e5ad-4bf0-8607-7edf23b32972 could not be found.
2019-10-30 19:13:25.807 21486 INFO nova.osapi_compute.wsgi.server [req-9011675a-12a8-40d7-a203-afab4e25ecf8 a610b75cf7954585ad143e20f886de58 9e2b5c7fd7bc4acfa26cb51dde097d91 - - -] 10.56.233.135 "GET /v2/9e2b5c7fd7bc4acfa26cb51dde097d91/servers/9f4c47e3-e5ad-4bf0-8607-7edf23b32972 HTTP/1.1" status: 404 len: 330 time: 0.6709871
2019-10-30 19:13:27.581 21521 WARNING oslo_config.cfg [req-bd0c4172-3df0-4763-bd87-486d39d31455 a610b75cf7954585ad143e20f886de58 9e2b5c7fd7bc4acfa26cb51dde097d91 - - -] Option "sql_connection" from group "DEFAULT" is deprecated. Use option "connection" from group "database".
2019-10-30 19:13:27.700 21521 INFO nova.osapi_compute.wsgi.server [req-bd0c4172-3df0-4763-bd87-486d39d31455 a610b75cf7954585ad143e20f886de58 9e2b5c7fd7bc4acfa26cb51dde097d91 - - -] 10.56.233.135 "GET /v2/9e2b5c7fd7bc4acfa26cb51dde097d91/os-keypairs/CtrlKey HTTP/1.1" status: 200 len: 869 time: 0.6550658
2019-10-30 19:13:28.216 21523 WARNING oslo_config.cfg [req-759414be-ccdd-4d95-ad51-cfaf5fa7b312 a610b75cf7954585ad143e20f886de58 9e2b5c7fd7bc4acfa26cb51dde097d91 - - -] Option "sql_connection" from group "DEFAULT" is deprecated. Use option "connection" from group "database".
2019-10-30 19:13:28.599 21523 INFO nova.osapi_compute.wsgi.server [req-759414be-ccdd-4d95-ad51-cfaf5fa7b312 a610b75cf7954585ad143e20f886de58 9e2b5c7fd7bc4acfa26cb51dde097d91 - - -] 10.56.233.135 "DELETE /v2/9e2b5c7fd7bc4acfa26cb51dde097d91/servers/4a19b341-68a9-43c4-9530-60ce2a89fb33 HTTP/1.1" status: 204 len: 203 time: 0.8879271
2019-10-30 19:13:29.303 21523 INFO nova.osapi_compute.wsgi.server [req-f6fcd8dd-9aa6-4250-8a57-6d3f39246f25 a610b75cf7954585ad143e20f886de58 9e2b5c7fd7bc4acfa26cb51dde097d91 - - -] 10.56.233.135 "GET /v2/9e2b5c7fd7bc4acfa26cb51dde097d91/flavors/detail HTTP/1.1" status: 200 len: 4487 time: 0.0209620
2019-10-30 19:13:30.139 21524 WARNING oslo_config.cfg [req-56b18f51-45f2-4e66-9ce4-df34e9844d05 a610b75cf7954585ad143e20f886de58 9e2b5c7fd7bc4acfa26cb51dde097d91 - - -] Option "sql_connection" from group "DEFAULT" is deprecated. Use option "connection" from group "database".
2019-10-30 19:13:30.293 21524 INFO nova.api.openstack.wsgi [req-56b18f51-45f2-4e66-9ce4-df34e9844d05 a610b75cf7954585ad143e20f886de58 9e2b5c7fd7bc4acfa26cb51dde097d91 - - -] HTTP exception thrown: Instance 4a19b341-68a9-43c4-9530-60ce2a89fb33 could not be found.
2019-10-30 19:13:30.295 21524 INFO nova.osapi_compute.wsgi.server [req-56b18f51-45f2-4e66-9ce4-df34e9844d05 a610b75cf7954585ad143e20f886de58 9e2b5c7fd7bc4acfa26cb51dde097d91 - - -] 10.56.233.135 "GET /v2/9e2b5c7fd7bc4acfa26cb51dde097d91/servers/4a19b341-68a9-43c4-9530-60ce2a89fb33 HTTP/1.1" status: 404 len: 330 time: 0.6910639
2019-10-30 19:13:30.790 21524 INFO nova.osapi_compute.wsgi.server [req-37b1af27-8071-474c-9f7e-e9c15ffb8fd6 a610b75cf7954585ad143e20f886de58 9e2b5c7fd7bc4acfa26cb51dde097d91 - - -] 10.56.233.135 "GET /v2/9e2b5c7fd7bc4acfa26cb51dde097d91/os-keypairs/CtrlKey HTTP/1.1" status: 200 len: 869 time: 0.0071058
2019-10-30 19:13:31.387 21507 WARNING oslo_config.cfg [req-c9c66692-a70d-49f6-a733-5b1a091e67b8 a610b75cf7954585ad143e20f886de58 9e2b5c7fd7bc4acfa26cb51dde097d91 - - -] Option "sql_connection" from group "DEFAULT" is deprecated. Use option "connection" from group "database".
2019-10-30 19:13:31.505 21507 INFO nova.osapi_compute.wsgi.server [req-c9c66692-a70d-49f6-a733-5b1a091e67b8 a610b75cf7954585ad143e20f886de58 9e2b5c7fd7bc4acfa26cb51dde097d91 - - -] 10.56.233.135 "GET /v2/9e2b5c7fd7bc4acfa26cb51dde097d91/flavors/detail HTTP/1.1" status: 200 len: 4487 time: 0.6365080
2019-10-30 19:13:32.599 21508 WARNING oslo_config.cfg [req-951c9105-5463-43ea-aec5-557b687cedcf a610b75cf7954585ad143e20f886de58 9e2b5c7fd7bc4acfa26cb51dde097d91 - - -] Option "sql_connection" from group "DEFAULT" is deprecated. Use option "connection" from group "database".
2019-10-30 19:13:33.146 21508 WARNING oslo_config.cfg [req-951c9105-5463-43ea-aec5-557b687cedcf a610b75cf7954585ad143e20f886de58 9e2b5c7fd7bc4acfa26cb51dde097d91 - - -] Option "auth_strategy" from group "neutron" is deprecated for removal. Its value may be silently ignored in the future.
2019-10-30 19:13:33.148 21508 WARNING oslo_config.cfg [req-951c9105-5463-43ea-aec5-557b687cedcf a610b75cf7954585ad143e20f886de58 9e2b5c7fd7bc4acfa26cb51dde097d91 - - -] Option "admin_auth_url" from group "neutron" is deprecated for removal. Its value may be silently ignored in the future.
2019-10-30 19:13:33.148 21508 WARNING oslo_config.cfg [req-951c9105-5463-43ea-aec5-557b687cedcf a610b75cf7954585ad143e20f886de58 9e2b5c7fd7bc4acfa26cb51dde097d91 - - -] Option "admin_username" from group "neutron" is deprecated for removal. Its value may be silently ignored in the future.
2019-10-30 19:13:33.148 21508 WARNING oslo_config.cfg [req-951c9105-5463-43ea-aec5-557b687cedcf a610b75cf7954585ad143e20f886de58 9e2b5c7fd7bc4acfa26cb51dde097d91 - - -] Option "admin_password" from group "neutron" is deprecated for removal. Its value may be silently ignored in the future.
2019-10-30 19:13:33.149 21508 WARNING oslo_config.cfg [req-951c9105-5463-43ea-aec5-557b687cedcf a610b75cf7954585ad143e20f886de58 9e2b5c7fd7bc4acfa26cb51dde097d91 - - -] Option "admin_tenant_name" from group "neutron" is deprecated for removal. Its value may be silently ignored in the future.
2019-10-30 19:13:34.139 21507 INFO nova.osapi_compute.wsgi.server [req-f571287b-fffb-402d-aa03-76e73b4399c5 a610b75cf7954585ad143e20f886de58 9e2b5c7fd7bc4acfa26cb51dde097d91 - - -] 10.56.233.135 "GET /v2/9e2b5c7fd7bc4acfa26cb51dde097d91/flavors/detail HTTP/1.1" status: 200 len: 4487 time: 0.0180740
2019-10-30 19:13:34.605 21508 INFO oslo_messaging._drivers.impl_qpid [req-951c9105-5463-43ea-aec5-557b687cedcf a610b75cf7954585ad143e20f886de58 9e2b5c7fd7bc4acfa26cb51dde097d91 - - -] Connected to AMQP server on 10.56.233.135:5672
2019-10-30 19:13:34.614 21508 INFO nova.osapi_compute.wsgi.server [req-951c9105-5463-43ea-aec5-557b687cedcf a610b75cf7954585ad143e20f886de58 9e2b5c7fd7bc4acfa26cb51dde097d91 - - -] 10.56.233.135 "POST /v2/9e2b5c7fd7bc4acfa26cb51dde097d91/os-volumes_boot HTTP/1.1" status: 202 len: 763 time: 3.1037350
2019-10-30 19:13:36.033 21523 INFO nova.osapi_compute.wsgi.server [req-d2b9fc41-8ebb-4205-aa63-0ec448ab5273 a610b75cf7954585ad143e20f886de58 9e2b5c7fd7bc4acfa26cb51dde097d91 - - -] 10.56.233.135 "GET /v2/9e2b5c7fd7bc4acfa26cb51dde097d91/servers/379fac88-f060-4ad5-a2fe-428236a6bb65 HTTP/1.1" status: 200 len: 3624 time: 0.3758481
2019-10-30 19:13:36.483 21470 WARNING oslo_config.cfg [req-15d906b9-ba95-4c29-bb52-73b96d477ecf a610b75cf7954585ad143e20f886de58 9e2b5c7fd7bc4acfa26cb51dde097d91 - - -] Option "sql_connection" from group "DEFAULT" is deprecated. Use option "connection" from group "database".
2019-10-30 19:13:36.588 21470 INFO nova.osapi_compute.wsgi.server [req-15d906b9-ba95-4c29-bb52-73b96d477ecf a610b75cf7954585ad143e20f886de58 9e2b5c7fd7bc4acfa26cb51dde097d91 - - -] 10.56.233.135 "GET /v2/9e2b5c7fd7bc4acfa26cb51dde097d91/os-keypairs/CtrlKey HTTP/1.1" status: 200 len: 869 time: 0.6332622
2019-10-30 19:13:36.639 21470 INFO nova.osapi_compute.wsgi.server [req-7e491edb-4071-4090-9920-5a6ceb53f1c7 a610b75cf7954585ad143e20f886de58 9e2b5c7fd7bc4acfa26cb51dde097d91 - - -] 10.56.233.135 "GET /v2/9e2b5c7fd7bc4acfa26cb51dde097d91/flavors/detail HTTP/1.1" status: 200 len: 4487 time: 0.0217941
2019-10-30 19:13:36.900 21470 INFO nova.osapi_compute.wsgi.server [req-1986e9cb-e910-4773-ad18-3c18a6ea3fd6 a610b75cf7954585ad143e20f886de58 9e2b5c7fd7bc4acfa26cb51dde097d91 - - -] 10.56.233.135 "GET /v2/9e2b5c7fd7bc4acfa26cb51dde097d91/flavors/detail HTTP/1.1" status: 200 len: 4487 time: 0.0185211
2019-10-30 19:13:37.706 21498 INFO nova.osapi_compute.wsgi.server [req-a3f4ba2b-3d56-4bfe-b538-1bfe6e4264b4 a610b75cf7954585ad143e20f886de58 9e2b5c7fd7bc4acfa26cb51dde097d91 - - -] 10.56.233.135 "GET /v2/9e2b5c7fd7bc4acfa26cb51dde097d91/os-keypairs/CtrlKey HTTP/1.1" status: 200 len: 869 time: 0.0147221
2019-10-30 19:13:38.025 21498 INFO nova.osapi_compute.wsgi.server [req-f4edec06-ed03-4553-b083-df1e3daae220 a610b75cf7954585ad143e20f886de58 9e2b5c7fd7bc4acfa26cb51dde097d91 - - -] 10.56.233.135 "DELETE /v2/9e2b5c7fd7bc4acfa26cb51dde097d91/servers/379fac88-f060-4ad5-a2fe-428236a6bb65 HTTP/1.1" status: 204 len: 203 time: 0.3098941
2019-10-30 19:13:38.088 21498 WARNING oslo_config.cfg [req-805a41e9-8246-4a97-8e55-a7ac1451cf71 a610b75cf7954585ad143e20f886de58 9e2b5c7fd7bc4acfa26cb51dde097d91 - - -] Option "auth_strategy" from group "neutron" is deprecated for removal. Its value may be silently ignored in the future.
2019-10-30 19:13:38.088 21498 WARNING oslo_config.cfg [req-805a41e9-8246-4a97-8e55-a7ac1451cf71 a610b75cf7954585ad143e20f886de58 9e2b5c7fd7bc4acfa26cb51dde097d91 - - -] Option "admin_auth_url" from group "neutron" is deprecated for removal. Its value may be silently ignored in the future.
2019-10-30 19:13:38.089 21498 WARNING oslo_config.cfg [req-805a41e9-8246-4a97-8e55-a7ac1451cf71 a610b75cf7954585ad143e20f886de58 9e2b5c7fd7bc4acfa26cb51dde097d91 - - -] Option "admin_username" from group "neutron" is deprecated for removal. Its value may be silently ignored in the future.
2019-10-30 19:13:38.089 21498 WARNING oslo_config.cfg [req-805a41e9-8246-4a97-8e55-a7ac1451cf71 a610b75cf7954585ad143e20f886de58 9e2b5c7fd7bc4acfa26cb51dde097d91 - - -] Option "admin_password" from group "neutron" is deprecated for removal. Its value may be silently ignored in the future.
2019-10-30 19:13:38.089 21498 WARNING oslo_config.cfg [req-805a41e9-8246-4a97-8e55-a7ac1451cf71 a610b75cf7954585ad143e20f886de58 9e2b5c7fd7bc4acfa26cb51dde097d91 - - -] Option "admin_tenant_name" from group "neutron" is deprecated for removal. Its value may be silently ignored in the future.
2019-10-30 19:13:39.080 21471 INFO nova.api.openstack.wsgi [req-0a0e77f8-7ae8-4986-949f-a275e693301f a610b75cf7954585ad143e20f886de58 9e2b5c7fd7bc4acfa26cb51dde097d91 - - -] HTTP exception thrown: Instance 379fac88-f060-4ad5-a2fe-428236a6bb65 could not be found.
2019-10-30 19:13:39.081 21471 INFO nova.osapi_compute.wsgi.server [req-0a0e77f8-7ae8-4986-949f-a275e693301f a610b75cf7954585ad143e20f886de58 9e2b5c7fd7bc4acfa26cb51dde097d91 - - -] 10.56.233.135 "GET /v2/9e2b5c7fd7bc4acfa26cb51dde097d91/servers/379fac88-f060-4ad5-a2fe-428236a6bb65 HTTP/1.1" status: 404 len: 330 time: 0.0515640
2019-10-30 19:13:39.714 21498 INFO oslo_messaging._drivers.impl_qpid [req-805a41e9-8246-4a97-8e55-a7ac1451cf71 a610b75cf7954585ad143e20f886de58 9e2b5c7fd7bc4acfa26cb51dde097d91 - - -] Connected to AMQP server on 10.56.233.135:5672
2019-10-30 19:13:39.724 21498 INFO nova.osapi_compute.wsgi.server [req-805a41e9-8246-4a97-8e55-a7ac1451cf71 a610b75cf7954585ad143e20f886de58 9e2b5c7fd7bc4acfa26cb51dde097d91 - - -] 10.56.233.135 "POST /v2/9e2b5c7fd7bc4acfa26cb51dde097d91/os-volumes_boot HTTP/1.1" status: 202 len: 763 time: 2.8193581
2019-10-30 19:13:40.847 21471 INFO nova.osapi_compute.wsgi.server [req-052b4c5b-bf50-4481-910a-22b9598a7cbc a610b75cf7954585ad143e20f886de58 9e2b5c7fd7bc4acfa26cb51dde097d91 - - -] 10.56.233.135 "GET /v2/9e2b5c7fd7bc4acfa26cb51dde097d91/servers/020bc68a-1b0a-4587-9675-a437e9661eb1 HTTP/1.1" status: 200 len: 3624 time: 0.0796919
2019-10-30 19:13:41.615 21490 INFO nova.osapi_compute.wsgi.server [req-94711e97-7401-4740-b869-0cfd3f710286 a610b75cf7954585ad143e20f886de58 9e2b5c7fd7bc4acfa26cb51dde097d91 - - -] 10.56.233.135 "GET /v2/9e2b5c7fd7bc4acfa26cb51dde097d91/flavors/detail HTTP/1.1" status: 200 len: 4487 time: 0.0189888
2019-10-30 19:13:42.800 21513 INFO nova.osapi_compute.wsgi.server [req-439e25ca-9bbf-4fbd-9977-265beb19b47c a610b75cf7954585ad143e20f886de58 9e2b5c7fd7bc4acfa26cb51dde097d91 - - -] 10.56.233.135 "GET /v2/9e2b5c7fd7bc4acfa26cb51dde097d91/os-keypairs/CtrlKey HTTP/1.1" status: 200 len: 869 time: 0.0073640
2019-10-30 19:13:43.330 21476 WARNING oslo_config.cfg [req-b72c0c62-9eca-4933-999d-83d1de7cca4d a610b75cf7954585ad143e20f886de58 9e2b5c7fd7bc4acfa26cb51dde097d91 - - -] Option "sql_connection" from group "DEFAULT" is deprecated. Use option "connection" from group "database".
2019-10-30 19:13:43.768 21476 INFO nova.osapi_compute.wsgi.server [req-b72c0c62-9eca-4933-999d-83d1de7cca4d a610b75cf7954585ad143e20f886de58 9e2b5c7fd7bc4acfa26cb51dde097d91 - - -] 10.56.233.135 "DELETE /v2/9e2b5c7fd7bc4acfa26cb51dde097d91/servers/020bc68a-1b0a-4587-9675-a437e9661eb1 HTTP/1.1" status: 204 len: 203 time: 0.9573350
2019-10-30 19:13:45.318 21469 WARNING oslo_config.cfg [req-ad3125b1-f259-4a2f-925c-fdf6d4ffac7f a610b75cf7954585ad143e20f886de58 9e2b5c7fd7bc4acfa26cb51dde097d91 - - -] Option "sql_connection" from group "DEFAULT" is deprecated. Use option "connection" from group "database".
2019-10-30 19:13:45.475 21469 INFO nova.api.openstack.wsgi [req-ad3125b1-f259-4a2f-925c-fdf6d4ffac7f a610b75cf7954585ad143e20f886de58 9e2b5c7fd7bc4acfa26cb51dde097d91 - - -] HTTP exception thrown: Instance 020bc68a-1b0a-4587-9675-a437e9661eb1 could not be found.
2019-10-30 19:13:45.476 21469 INFO nova.osapi_compute.wsgi.server [req-ad3125b1-f259-4a2f-925c-fdf6d4ffac7f a610b75cf7954585ad143e20f886de58 9e2b5c7fd7bc4acfa26cb51dde097d91 - - -] 10.56.233.135 "GET /v2/9e2b5c7fd7bc4acfa26cb51dde097d91/servers/020bc68a-1b0a-4587-9675-a437e9661eb1 HTTP/1.1" status: 404 len: 330 time: 0.7044618
2019-10-30 19:13:45.488 21469 INFO nova.osapi_compute.wsgi.server [req-1c7c7c0a-caa4-4f50-9180-aa02b1e77f8d a610b75cf7954585ad143e20f886de58 9e2b5c7fd7bc4acfa26cb51dde097d91 - - -] 10.56.233.135 "GET /v2/9e2b5c7fd7bc4acfa26cb51dde097d91/flavors/detail HTTP/1.1" status: 200 len: 4487 time: 0.6685500
2019-10-30 19:13:47.809 21520 WARNING oslo_config.cfg [req-464f005d-023f-4df2-bb90-94e044de8553 a610b75cf7954585ad143e20f886de58 9e2b5c7fd7bc4acfa26cb51dde097d91 - - -] Option "sql_connection" from group "DEFAULT" is deprecated. Use option "connection" from group "database".
2019-10-30 19:13:47.912 21520 INFO nova.osapi_compute.wsgi.server [req-464f005d-023f-4df2-bb90-94e044de8553 a610b75cf7954585ad143e20f886de58 9e2b5c7fd7bc4acfa26cb51dde097d91 - - -] 10.56.233.135 "GET /v2/9e2b5c7fd7bc4acfa26cb51dde097d91/os-keypairs/CtrlKey HTTP/1.1" status: 200 len: 869 time: 0.6069119
2019-10-30 19:13:47.971 21486 INFO nova.osapi_compute.wsgi.server [req-d66227b6-83e7-4da2-b1b9-bf3e8b175aec a610b75cf7954585ad143e20f886de58 9e2b5c7fd7bc4acfa26cb51dde097d91 - - -] 10.56.233.135 "GET /v2/9e2b5c7fd7bc4acfa26cb51dde097d91/flavors/detail HTTP/1.1" status: 200 len: 4487 time: 0.0209460
2019-10-30 19:13:49.124 21484 WARNING oslo_config.cfg [req-ab83fa3b-44c0-49d7-82b3-6d8666eb6fe3 a610b75cf7954585ad143e20f886de58 9e2b5c7fd7bc4acfa26cb51dde097d91 - - -] Option "sql_connection" from group "DEFAULT" is deprecated. Use option "connection" from group "database".
2019-10-30 19:13:49.529 21484 WARNING oslo_config.cfg [req-ab83fa3b-44c0-49d7-82b3-6d8666eb6fe3 a610b75cf7954585ad143e20f886de58 9e2b5c7fd7bc4acfa26cb51dde097d91 - - -] Option "auth_strategy" from group "neutron" is deprecated for removal. Its value may be silently ignored in the future.
2019-10-30 19:13:49.530 21484 WARNING oslo_config.cfg [req-ab83fa3b-44c0-49d7-82b3-6d8666eb6fe3 a610b75cf7954585ad143e20f886de58 9e2b5c7fd7bc4acfa26cb51dde097d91 - - -] Option "admin_auth_url" from group "neutron" is deprecated for removal. Its value may be silently ignored in the future.
2019-10-30 19:13:49.530 21484 WARNING oslo_config.cfg [req-ab83fa3b-44c0-49d7-82b3-6d8666eb6fe3 a610b75cf7954585ad143e20f886de58 9e2b5c7fd7bc4acfa26cb51dde097d91 - - -] Option "admin_username" from group "neutron" is deprecated for removal. Its value may be silently ignored in the future.
2019-10-30 19:13:49.531 21484 WARNING oslo_config.cfg [req-ab83fa3b-44c0-49d7-82b3-6d8666eb6fe3 a610b75cf7954585ad143e20f886de58 9e2b5c7fd7bc4acfa26cb51dde097d91 - - -] Option "admin_password" from group "neutron" is deprecated for removal. Its value may be silently ignored in the future.
2019-10-30 19:13:49.531 21484 WARNING oslo_config.cfg [req-ab83fa3b-44c0-49d7-82b3-6d8666eb6fe3 a610b75cf7954585ad143e20f886de58 9e2b5c7fd7bc4acfa26cb51dde097d91 - - -] Option "admin_tenant_name" from group "neutron" is deprecated for removal. Its value may be silently ignored in the future.
2019-10-30 19:13:51.115 21484 INFO oslo_messaging._drivers.impl_qpid [req-ab83fa3b-44c0-49d7-82b3-6d8666eb6fe3 a610b75cf7954585ad143e20f886de58 9e2b5c7fd7bc4acfa26cb51dde097d91 - - -] Connected to AMQP server on 10.56.233.135:5672
2019-10-30 19:13:51.123 21484 INFO nova.osapi_compute.wsgi.server [req-ab83fa3b-44c0-49d7-82b3-6d8666eb6fe3 a610b75cf7954585ad143e20f886de58 9e2b5c7fd7bc4acfa26cb51dde097d91 - - -] 10.56.233.135 "POST /v2/9e2b5c7fd7bc4acfa26cb51dde097d91/os-volumes_boot HTTP/1.1" status: 202 len: 763 time: 3.1485598
2019-10-30 19:13:52.250 21473 INFO nova.osapi_compute.wsgi.server [req-4d04f849-a153-4820-8438-1d14aa891492 a610b75cf7954585ad143e20f886de58 9e2b5c7fd7bc4acfa26cb51dde097d91 - - -] 10.56.233.135 "GET /v2/9e2b5c7fd7bc4acfa26cb51dde097d91/servers/a2b8dfab-5894-4f51-a038-fc15b914b607 HTTP/1.1" status: 200 len: 3624 time: 0.0818100
2019-10-30 19:13:52.826 21483 WARNING oslo_config.cfg [req-e01d57e3-be4d-4cab-8627-ff45eba76d1c a610b75cf7954585ad143e20f886de58 9e2b5c7fd7bc4acfa26cb51dde097d91 - - -] Option "sql_connection" from group "DEFAULT" is deprecated. Use option "connection" from group "database".
2019-10-30 19:13:52.951 21483 INFO nova.osapi_compute.wsgi.server [req-e01d57e3-be4d-4cab-8627-ff45eba76d1c a610b75cf7954585ad143e20f886de58 9e2b5c7fd7bc4acfa26cb51dde097d91 - - -] 10.56.233.135 "GET /v2/9e2b5c7fd7bc4acfa26cb51dde097d91/flavors/detail HTTP/1.1" status: 200 len: 4487 time: 0.7185559
2019-10-30 19:13:53.327 21517 WARNING oslo_config.cfg [req-b4fbd1b7-5155-4e37-86d3-e88bc9c64e4a a610b75cf7954585ad143e20f886de58 9e2b5c7fd7bc4acfa26cb51dde097d91 - - -] Option "sql_connection" from group "DEFAULT" is deprecated. Use option "connection" from group "database".
2019-10-30 19:13:53.447 21517 INFO nova.osapi_compute.wsgi.server [req-b4fbd1b7-5155-4e37-86d3-e88bc9c64e4a a610b75cf7954585ad143e20f886de58 9e2b5c7fd7bc4acfa26cb51dde097d91 - - -] 10.56.233.135 "GET /v2/9e2b5c7fd7bc4acfa26cb51dde097d91/flavors/detail HTTP/1.1" status: 200 len: 4487 time: 0.6827929
