2019-10-30 19:13:54.450 21517 INFO nova.osapi_compute.wsgi.server [req-6c04fdd7-8cdd-46cf-bcda-e5e4a8b11e00 a610b75cf7954585ad143e20f886de58 9e2b5c7fd7bc4acfa26cb51dde097d91 - - -] 10.56.233.135 "GET /v2/9e2b5c7fd7bc4acfa26cb51dde097d91/os-keypairs/CtrlKey HTTP/1.1" status: 200 len: 869 time: 0.0072160
2019-10-30 19:13:54.989 21479 WARNING oslo_config.cfg [req-f10d9600-80b9-4daa-9ce2-df5ed8e75df8 a610b75cf7954585ad143e20f886de58 9e2b5c7fd7bc4acfa26cb51dde097d91 - - -] Option "sql_connection" from group "DEFAULT" is deprecated. Use option "connection" from group "database".
2019-10-30 19:13:55.319 21518 WARNING oslo_config.cfg [req-3f5d0da3-96a2-4587-b688-7a7083511788 a610b75cf7954585ad143e20f886de58 9e2b5c7fd7bc4acfa26cb51dde097d91 - - -] Option "sql_connection" from group "DEFAULT" is deprecated. Use option "connection" from group "database".
2019-10-30 19:13:55.368 21479 INFO nova.osapi_compute.wsgi.server [req-f10d9600-80b9-4daa-9ce2-df5ed8e75df8 a610b75cf7954585ad143e20f886de58 9e2b5c7fd7bc4acfa26cb51dde097d91 - - -] 10.56.233.135 "DELETE /v2/9e2b5c7fd7bc4acfa26cb51dde097d91/servers/a2b8dfab-5894-4f51-a038-fc15b914b607 HTTP/1.1" status: 204 len: 203 time: 0.9084699
2019-10-30 19:13:55.429 21518 INFO nova.osapi_compute.wsgi.server [req-3f5d0da3-96a2-4587-b688-7a7083511788 a610b75cf7954585ad143e20f886de58 9e2b5c7fd7bc4acfa26cb51dde097d91 - - -] 10.56.233.135 "GET /v2/9e2b5c7fd7bc4acfa26cb51dde097d91/os-keypairs/CtrlKey HTTP/1.1" status: 200 len: 869 time: 0.6509728
2019-10-30 19:13:55.667 21523 INFO nova.osapi_compute.wsgi.server [req-1863f5cd-1936-4d83-9412-0e60e3bd7cfd a610b75cf7954585ad143e20f886de58 9e2b5c7fd7bc4acfa26cb51dde097d91 - - -] 10.56.233.135 "GET /v2/9e2b5c7fd7bc4acfa26cb51dde097d91/flavors/detail HTTP/1.1" status: 200 len: 4487 time: 0.0174630
2019-10-30 19:13:56.422 21484 INFO nova.api.openstack.wsgi [req-b2430eb9-12d7-4c47-ae41-d2e2605b9f1c a610b75cf7954585ad143e20f886de58 9e2b5c7fd7bc4acfa26cb51dde097d91 - - -] HTTP exception thrown: Instance a2b8dfab-5894-4f51-a038-fc15b914b607 could not be found.
2019-10-30 19:13:56.423 21484 INFO nova.osapi_compute.wsgi.server [req-b2430eb9-12d7-4c47-ae41-d2e2605b9f1c a610b75cf7954585ad143e20f886de58 9e2b5c7fd7bc4acfa26cb51dde097d91 - - -] 10.56.233.135 "GET /v2/9e2b5c7fd7bc4acfa26cb51dde097d91/servers/a2b8dfab-5894-4f51-a038-fc15b914b607 HTTP/1.1" status: 404 len: 330 time: 0.0519450
2019-10-30 19:13:57.594 21484 INFO nova.osapi_compute.wsgi.server [req-b60dc440-20ad-4151-a6fb-6949c7539910 a610b75cf7954585ad143e20f886de58 9e2b5c7fd7bc4acfa26cb51dde097d91 - - -] 10.56.233.135 "POST /v2/9e2b5c7fd7bc4acfa26cb51dde097d91/os-volumes_boot HTTP/1.1" status: 202 len: 763 time: 1.9228179
2019-10-30 19:13:59.175 21509 WARNING oslo_config.cfg [req-0f650d6c-8a42-49d4-8b1b-607b52f40444 a610b75cf7954585ad143e20f886de58 9e2b5c7fd7bc4acfa26cb51dde097d91 - - -] Option "sql_connection" from group "DEFAULT" is deprecated. Use option "connection" from group "database".
2019-10-30 19:13:59.359 21509 INFO nova.osapi_compute.wsgi.server [req-0f650d6c-8a42-49d4-8b1b-607b52f40444 a610b75cf7954585ad143e20f886de58 9e2b5c7fd7bc4acfa26cb51dde097d91 - - -] 10.56.233.135 "GET /v2/9e2b5c7fd7bc4acfa26cb51dde097d91/servers/3dd3c1be-cafd-4204-8814-e31d30e8488e HTTP/1.1" status: 200 len: 3624 time: 0.7242961
2019-10-30 19:14:00.398 21522 WARNING oslo_config.cfg [req-a049ac6f-c163-4d15-8879-f1b635f6f31c a610b75cf7954585ad143e20f886de58 9e2b5c7fd7bc4acfa26cb51dde097d91 - - -] Option "sql_connection" from group "DEFAULT" is deprecated. Use option "connection" from group "database".
2019-10-30 19:14:00.514 21522 INFO nova.osapi_compute.wsgi.server [req-a049ac6f-c163-4d15-8879-f1b635f6f31c a610b75cf7954585ad143e20f886de58 9e2b5c7fd7bc4acfa26cb51dde097d91 - - -] 10.56.233.135 "GET /v2/9e2b5c7fd7bc4acfa26cb51dde097d91/flavors/detail HTTP/1.1" status: 200 len: 4487 time: 0.6237571
2019-10-30 19:14:02.029 21508 INFO nova.osapi_compute.wsgi.server [req-4f31b854-ba7e-485c-9d73-9f59ac32bd7d a610b75cf7954585ad143e20f886de58 9e2b5c7fd7bc4acfa26cb51dde097d91 - - -] 10.56.233.135 "GET /v2/9e2b5c7fd7bc4acfa26cb51dde097d91/os-keypairs/CtrlKey HTTP/1.1" status: 200 len: 869 time: 0.0067980
2019-10-30 19:14:02.576 21512 WARNING oslo_config.cfg [req-41be6ad1-e873-40e0-a580-40a26c595541 a610b75cf7954585ad143e20f886de58 9e2b5c7fd7bc4acfa26cb51dde097d91 - - -] Option "sql_connection" from group "DEFAULT" is deprecated. Use option "connection" from group "database".
2019-10-30 19:14:02.978 21512 INFO nova.osapi_compute.wsgi.server [req-41be6ad1-e873-40e0-a580-40a26c595541 a610b75cf7954585ad143e20f886de58 9e2b5c7fd7bc4acfa26cb51dde097d91 - - -] 10.56.233.135 "DELETE /v2/9e2b5c7fd7bc4acfa26cb51dde097d91/servers/3dd3c1be-cafd-4204-8814-e31d30e8488e HTTP/1.1" status: 204 len: 203 time: 0.9384241
2019-10-30 19:14:04.032 21512 INFO nova.api.openstack.wsgi [req-7450849e-534f-4c03-a13d-fd14646e52c4 a610b75cf7954585ad143e20f886de58 9e2b5c7fd7bc4acfa26cb51dde097d91 - - -] HTTP exception thrown: Instance 3dd3c1be-cafd-4204-8814-e31d30e8488e could not be found.
2019-10-30 19:14:04.033 21512 INFO nova.osapi_compute.wsgi.server [req-7450849e-534f-4c03-a13d-fd14646e52c4 a610b75cf7954585ad143e20f886de58 9e2b5c7fd7bc4acfa26cb51dde097d91 - - -] 10.56.233.135 "GET /v2/9e2b5c7fd7bc4acfa26cb51dde097d91/servers/3dd3c1be-cafd-4204-8814-e31d30e8488e HTTP/1.1" status: 404 len: 330 time: 0.0504110
2019-10-30 19:14:06.130 21517 INFO nova.osapi_compute.wsgi.server [req-59e73ce7-815a-4468-b08b-f2e131f193da a610b75cf7954585ad143e20f886de58 9e2b5c7fd7bc4acfa26cb51dde097d91 - - -] 10.56.233.135 "GET /v2/9e2b5c7fd7bc4acfa26cb51dde097d91/flavors/detail HTTP/1.1" status: 200 len: 4487 time: 0.0177460
2019-10-30 19:14:08.270 21477 WARNING oslo_config.cfg [req-80e0ab7b-504c-4ba9-8d4f-f80336dd2d62 a610b75cf7954585ad143e20f886de58 9e2b5c7fd7bc4acfa26cb51dde097d91 - - -] Option "sql_connection" from group "DEFAULT" is deprecated. Use option "connection" from group "database".
2019-10-30 19:14:08.379 21477 INFO nova.osapi_compute.wsgi.server [req-80e0ab7b-504c-4ba9-8d4f-f80336dd2d62 a610b75cf7954585ad143e20f886de58 9e2b5c7fd7bc4acfa26cb51dde097d91 - - -] 10.56.233.135 "GET /v2/9e2b5c7fd7bc4acfa26cb51dde097d91/os-keypairs/CtrlKey HTTP/1.1" status: 200 len: 869 time: 0.6328330
2019-10-30 19:14:08.435 21477 INFO nova.osapi_compute.wsgi.server [req-781bb445-6609-4d07-8166-b9957275648e a610b75cf7954585ad143e20f886de58 9e2b5c7fd7bc4acfa26cb51dde097d91 - - -] 10.56.233.135 "GET /v2/9e2b5c7fd7bc4acfa26cb51dde097d91/flavors/detail HTTP/1.1" status: 200 len: 4487 time: 0.0195892
2019-10-30 19:14:09.550 21491 WARNING oslo_config.cfg [req-4f16a6fe-08ac-407b-a933-280feb6306e8 a610b75cf7954585ad143e20f886de58 9e2b5c7fd7bc4acfa26cb51dde097d91 - - -] Option "sql_connection" from group "DEFAULT" is deprecated. Use option "connection" from group "database".
2019-10-30 19:14:10.122 21491 WARNING oslo_config.cfg [req-4f16a6fe-08ac-407b-a933-280feb6306e8 a610b75cf7954585ad143e20f886de58 9e2b5c7fd7bc4acfa26cb51dde097d91 - - -] Option "auth_strategy" from group "neutron" is deprecated for removal. Its value may be silently ignored in the future.
2019-10-30 19:14:10.122 21491 WARNING oslo_config.cfg [req-4f16a6fe-08ac-407b-a933-280feb6306e8 a610b75cf7954585ad143e20f886de58 9e2b5c7fd7bc4acfa26cb51dde097d91 - - -] Option "admin_auth_url" from group "neutron" is deprecated for removal. Its value may be silently ignored in the future.
2019-10-30 19:14:10.123 21491 WARNING oslo_config.cfg [req-4f16a6fe-08ac-407b-a933-280feb6306e8 a610b75cf7954585ad143e20f886de58 9e2b5c7fd7bc4acfa26cb51dde097d91 - - -] Option "admin_username" from group "neutron" is deprecated for removal. Its value may be silently ignored in the future.
2019-10-30 19:14:10.123 21491 WARNING oslo_config.cfg [req-4f16a6fe-08ac-407b-a933-280feb6306e8 a610b75cf7954585ad143e20f886de58 9e2b5c7fd7bc4acfa26cb51dde097d91 - - -] Option "admin_password" from group "neutron" is deprecated for removal. Its value may be silently ignored in the future.
2019-10-30 19:14:10.124 21491 WARNING oslo_config.cfg [req-4f16a6fe-08ac-407b-a933-280feb6306e8 a610b75cf7954585ad143e20f886de58 9e2b5c7fd7bc4acfa26cb51dde097d91 - - -] Option "admin_tenant_name" from group "neutron" is deprecated for removal. Its value may be silently ignored in the future.
2019-10-30 19:14:11.657 21491 INFO oslo_messaging._drivers.impl_qpid [req-4f16a6fe-08ac-407b-a933-280feb6306e8 a610b75cf7954585ad143e20f886de58 9e2b5c7fd7bc4acfa26cb51dde097d91 - - -] Connected to AMQP server on 10.56.233.135:5672
2019-10-30 19:14:11.666 21491 INFO nova.osapi_compute.wsgi.server [req-4f16a6fe-08ac-407b-a933-280feb6306e8 a610b75cf7954585ad143e20f886de58 9e2b5c7fd7bc4acfa26cb51dde097d91 - - -] 10.56.233.135 "POST /v2/9e2b5c7fd7bc4acfa26cb51dde097d91/os-volumes_boot HTTP/1.1" status: 202 len: 763 time: 3.2265179
2019-10-30 19:14:12.794 21491 INFO nova.osapi_compute.wsgi.server [req-27b446a3-eb09-49af-a1ab-e165b713d2e1 a610b75cf7954585ad143e20f886de58 9e2b5c7fd7bc4acfa26cb51dde097d91 - - -] 10.56.233.135 "GET /v2/9e2b5c7fd7bc4acfa26cb51dde097d91/servers/08dd7cd8-5254-4c25-8672-f139709c27f0 HTTP/1.1" status: 200 len: 3624 time: 0.0833800
2019-10-30 19:14:14.197 21476 INFO nova.osapi_compute.wsgi.server [req-8dcae153-9db5-45a6-b84e-c06d9e6845f5 a610b75cf7954585ad143e20f886de58 9e2b5c7fd7bc4acfa26cb51dde097d91 - - -] 10.56.233.135 "GET /v2/9e2b5c7fd7bc4acfa26cb51dde097d91/flavors/detail HTTP/1.1" status: 200 len: 4487 time: 0.0210681
2019-10-30 19:14:14.496 21485 WARNING oslo_config.cfg [req-a6dbb43d-5662-42f8-8949-c101e3545d52 a610b75cf7954585ad143e20f886de58 9e2b5c7fd7bc4acfa26cb51dde097d91 - - -] Option "sql_connection" from group "DEFAULT" is deprecated. Use option "connection" from group "database".
2019-10-30 19:14:14.614 21485 INFO nova.osapi_compute.wsgi.server [req-a6dbb43d-5662-42f8-8949-c101e3545d52 a610b75cf7954585ad143e20f886de58 9e2b5c7fd7bc4acfa26cb51dde097d91 - - -] 10.56.233.135 "GET /v2/9e2b5c7fd7bc4acfa26cb51dde097d91/flavors/detail HTTP/1.1" status: 200 len: 4487 time: 0.6759150
2019-10-30 19:14:15.555 21488 WARNING oslo_config.cfg [req-44167b8e-294c-4494-a65f-bfb036650f53 a610b75cf7954585ad143e20f886de58 9e2b5c7fd7bc4acfa26cb51dde097d91 - - -] Option "sql_connection" from group "DEFAULT" is deprecated. Use option "connection" from group "database".
2019-10-30 19:14:15.657 21488 INFO nova.osapi_compute.wsgi.server [req-44167b8e-294c-4494-a65f-bfb036650f53 a610b75cf7954585ad143e20f886de58 9e2b5c7fd7bc4acfa26cb51dde097d91 - - -] 10.56.233.135 "GET /v2/9e2b5c7fd7bc4acfa26cb51dde097d91/os-keypairs/CtrlKey HTTP/1.1" status: 200 len: 869 time: 0.6326790
2019-10-30 19:14:15.906 21488 INFO nova.osapi_compute.wsgi.server [req-7d4f9bf7-bc73-40f3-b87b-8235d8d42c0f a610b75cf7954585ad143e20f886de58 9e2b5c7fd7bc4acfa26cb51dde097d91 - - -] 10.56.233.135 "GET /v2/9e2b5c7fd7bc4acfa26cb51dde097d91/flavors/detail HTTP/1.1" status: 200 len: 4487 time: 0.0202789
2019-10-30 19:14:16.612 21472 WARNING oslo_config.cfg [req-4d07cfce-7f99-48dc-9511-f46beb84d6ea a610b75cf7954585ad143e20f886de58 9e2b5c7fd7bc4acfa26cb51dde097d91 - - -] Option "sql_connection" from group "DEFAULT" is deprecated. Use option "connection" from group "database".
2019-10-30 19:14:16.715 21472 INFO nova.osapi_compute.wsgi.server [req-4d07cfce-7f99-48dc-9511-f46beb84d6ea a610b75cf7954585ad143e20f886de58 9e2b5c7fd7bc4acfa26cb51dde097d91 - - -] 10.56.233.135 "GET /v2/9e2b5c7fd7bc4acfa26cb51dde097d91/os-keypairs/CtrlKey HTTP/1.1" status: 200 len: 869 time: 0.6130540
2019-10-30 19:14:17.003 21472 INFO nova.osapi_compute.wsgi.server [req-2fb23023-184f-4de1-a6a2-8ca778876b95 a610b75cf7954585ad143e20f886de58 9e2b5c7fd7bc4acfa26cb51dde097d91 - - -] 10.56.233.135 "DELETE /v2/9e2b5c7fd7bc4acfa26cb51dde097d91/servers/08dd7cd8-5254-4c25-8672-f139709c27f0 HTTP/1.1" status: 204 len: 203 time: 0.2773700
2019-10-30 19:14:17.011 21478 WARNING oslo_config.cfg [req-aba4a1fc-ef52-4add-a038-f1e7c43fe864 a610b75cf7954585ad143e20f886de58 9e2b5c7fd7bc4acfa26cb51dde097d91 - - -] Option "sql_connection" from group "DEFAULT" is deprecated. Use option "connection" from group "database".
2019-10-30 19:14:17.363 21478 WARNING oslo_config.cfg [req-aba4a1fc-ef52-4add-a038-f1e7c43fe864 a610b75cf7954585ad143e20f886de58 9e2b5c7fd7bc4acfa26cb51dde097d91 - - -] Option "auth_strategy" from group "neutron" is deprecated for removal. Its value may be silently ignored in the future.
2019-10-30 19:14:17.364 21478 WARNING oslo_config.cfg [req-aba4a1fc-ef52-4add-a038-f1e7c43fe864 a610b75cf7954585ad143e20f886de58 9e2b5c7fd7bc4acfa26cb51dde097d91 - - -] Option "admin_auth_url" from group "neutron" is deprecated for removal. Its value may be silently ignored in the future.
2019-10-30 19:14:17.365 21478 WARNING oslo_config.cfg [req-aba4a1fc-ef52-4add-a038-f1e7c43fe864 a610b75cf7954585ad143e20f886de58 9e2b5c7fd7bc4acfa26cb51dde097d91 - - -] Option "admin_username" from group "neutron" is deprecated for removal. Its value may be silently ignored in the future.
2019-10-30 19:14:17.365 21478 WARNING oslo_config.cfg [req-aba4a1fc-ef52-4add-a038-f1e7c43fe864 a610b75cf7954585ad143e20f886de58 9e2b5c7fd7bc4acfa26cb51dde097d91 - - -] Option "admin_password" from group "neutron" is deprecated for removal. Its value may be silently ignored in the future.
2019-10-30 19:14:17.365 21478 WARNING oslo_config.cfg [req-aba4a1fc-ef52-4add-a038-f1e7c43fe864 a610b75cf7954585ad143e20f886de58 9e2b5c7fd7bc4acfa26cb51dde097d91 - - -] Option "admin_tenant_name" from group "neutron" is deprecated for removal. Its value may be silently ignored in the future.
2019-10-30 19:14:18.050 21491 INFO nova.api.openstack.wsgi [req-c26a8aac-6c7f-477a-8f4b-380cdc291625 a610b75cf7954585ad143e20f886de58 9e2b5c7fd7bc4acfa26cb51dde097d91 - - -] HTTP exception thrown: Instance 08dd7cd8-5254-4c25-8672-f139709c27f0 could not be found.
2019-10-30 19:14:18.051 21491 INFO nova.osapi_compute.wsgi.server [req-c26a8aac-6c7f-477a-8f4b-380cdc291625 a610b75cf7954585ad143e20f886de58 9e2b5c7fd7bc4acfa26cb51dde097d91 - - -] 10.56.233.135 "GET /v2/9e2b5c7fd7bc4acfa26cb51dde097d91/servers/08dd7cd8-5254-4c25-8672-f139709c27f0 HTTP/1.1" status: 404 len: 330 time: 0.0451629
2019-10-30 19:14:19.369 21478 INFO oslo_messaging._drivers.impl_qpid [req-aba4a1fc-ef52-4add-a038-f1e7c43fe864 a610b75cf7954585ad143e20f886de58 9e2b5c7fd7bc4acfa26cb51dde097d91 - - -] Connected to AMQP server on 10.56.233.135:5672
2019-10-30 19:14:19.378 21478 INFO nova.osapi_compute.wsgi.server [req-aba4a1fc-ef52-4add-a038-f1e7c43fe864 a610b75cf7954585ad143e20f886de58 9e2b5c7fd7bc4acfa26cb51dde097d91 - - -] 10.56.233.135 "POST /v2/9e2b5c7fd7bc4acfa26cb51dde097d91/os-volumes_boot HTTP/1.1" status: 202 len: 763 time: 3.4682519
2019-10-30 19:14:20.905 21489 WARNING oslo_config.cfg [req-baf54da6-d647-4510-82bd-315cc862c25b a610b75cf7954585ad143e20f886de58 9e2b5c7fd7bc4acfa26cb51dde097d91 - - -] Option "sql_connection" from group "DEFAULT" is deprecated. Use option "connection" from group "database".
2019-10-30 19:14:21.088 21489 INFO nova.osapi_compute.wsgi.server [req-baf54da6-d647-4510-82bd-315cc862c25b a610b75cf7954585ad143e20f886de58 9e2b5c7fd7bc4acfa26cb51dde097d91 - - -] 10.56.233.135 "GET /v2/9e2b5c7fd7bc4acfa26cb51dde097d91/servers/a71844e4-ebe8-4d24-bf8f-0baf4df63709 HTTP/1.1" status: 200 len: 3624 time: 0.6766820
2019-10-30 19:14:21.735 21479 INFO nova.osapi_compute.wsgi.server [req-e4ae8a74-be61-43e2-9aac-8c3e8ff81017 a610b75cf7954585ad143e20f886de58 9e2b5c7fd7bc4acfa26cb51dde097d91 - - -] 10.56.233.135 "GET /v2/9e2b5c7fd7bc4acfa26cb51dde097d91/flavors/detail HTTP/1.1" status: 200 len: 4487 time: 0.0206609
2019-10-30 19:14:23.892 21514 WARNING oslo_config.cfg [req-975cc57e-4c70-4836-a6d9-30d2510783e5 a610b75cf7954585ad143e20f886de58 9e2b5c7fd7bc4acfa26cb51dde097d91 - - -] Option "sql_connection" from group "DEFAULT" is deprecated. Use option "connection" from group "database".
2019-10-30 19:14:23.999 21514 INFO nova.osapi_compute.wsgi.server [req-975cc57e-4c70-4836-a6d9-30d2510783e5 a610b75cf7954585ad143e20f886de58 9e2b5c7fd7bc4acfa26cb51dde097d91 - - -] 10.56.233.135 "GET /v2/9e2b5c7fd7bc4acfa26cb51dde097d91/os-keypairs/CtrlKey HTTP/1.1" status: 200 len: 869 time: 0.6383641
2019-10-30 19:14:24.245 21514 INFO nova.osapi_compute.wsgi.server [req-80ea711e-c1c0-4708-85bf-fabbe3cd1585 a610b75cf7954585ad143e20f886de58 9e2b5c7fd7bc4acfa26cb51dde097d91 - - -] 10.56.233.135 "DELETE /v2/9e2b5c7fd7bc4acfa26cb51dde097d91/servers/a71844e4-ebe8-4d24-bf8f-0baf4df63709 HTTP/1.1" status: 204 len: 203 time: 0.2351298
2019-10-30 19:14:25.304 21516 INFO nova.api.openstack.wsgi [req-c8c5845d-902a-4af4-99c0-f321fea52867 a610b75cf7954585ad143e20f886de58 9e2b5c7fd7bc4acfa26cb51dde097d91 - - -] HTTP exception thrown: Instance a71844e4-ebe8-4d24-bf8f-0baf4df63709 could not be found.
2019-10-30 19:14:25.305 21516 INFO nova.osapi_compute.wsgi.server [req-c8c5845d-902a-4af4-99c0-f321fea52867 a610b75cf7954585ad143e20f886de58 9e2b5c7fd7bc4acfa26cb51dde097d91 - - -] 10.56.233.135 "GET /v2/9e2b5c7fd7bc4acfa26cb51dde097d91/servers/a71844e4-ebe8-4d24-bf8f-0baf4df63709 HTTP/1.1" status: 404 len: 330 time: 0.0556469
2019-10-30 19:14:35.806 21513 INFO nova.osapi_compute.wsgi.server [req-38d55525-a960-4755-b3d5-4e9694cfcbd2 a610b75cf7954585ad143e20f886de58 9e2b5c7fd7bc4acfa26cb51dde097d91 - - -] 10.56.233.135 "GET /v2/9e2b5c7fd7bc4acfa26cb51dde097d91/flavors/detail HTTP/1.1" status: 200 len: 4487 time: 0.0185871
2019-10-30 19:14:37.820 21495 WARNING oslo_config.cfg [req-cad74100-08de-447b-95e3-a64db2120364 a610b75cf7954585ad143e20f886de58 9e2b5c7fd7bc4acfa26cb51dde097d91 - - -] Option "sql_connection" from group "DEFAULT" is deprecated. Use option "connection" from group "database".
2019-10-30 19:14:37.926 21495 INFO nova.osapi_compute.wsgi.server [req-cad74100-08de-447b-95e3-a64db2120364 a610b75cf7954585ad143e20f886de58 9e2b5c7fd7bc4acfa26cb51dde097d91 - - -] 10.56.233.135 "GET /v2/9e2b5c7fd7bc4acfa26cb51dde097d91/os-keypairs/CtrlKey HTTP/1.1" status: 200 len: 869 time: 0.6104889
2019-10-30 19:14:37.982 21495 INFO nova.osapi_compute.wsgi.server [req-4ae8aac0-64c4-49d2-97bc-c2e1095df82e a610b75cf7954585ad143e20f886de58 9e2b5c7fd7bc4acfa26cb51dde097d91 - - -] 10.56.233.135 "GET /v2/9e2b5c7fd7bc4acfa26cb51dde097d91/flavors/detail HTTP/1.1" status: 200 len: 4487 time: 0.0195789
2019-10-30 19:14:39.159 21512 WARNING oslo_config.cfg [req-d357565f-aeec-4ffc-91f2-aa77c7398df2 a610b75cf7954585ad143e20f886de58 9e2b5c7fd7bc4acfa26cb51dde097d91 - - -] Option "auth_strategy" from group "neutron" is deprecated for removal. Its value may be silently ignored in the future.
2019-10-30 19:14:39.160 21512 WARNING oslo_config.cfg [req-d357565f-aeec-4ffc-91f2-aa77c7398df2 a610b75cf7954585ad143e20f886de58 9e2b5c7fd7bc4acfa26cb51dde097d91 - - -] Option "admin_auth_url" from group "neutron" is deprecated for removal. Its value may be silently ignored in the future.
2019-10-30 19:14:39.160 21512 WARNING oslo_config.cfg [req-d357565f-aeec-4ffc-91f2-aa77c7398df2 a610b75cf7954585ad143e20f886de58 9e2b5c7fd7bc4acfa26cb51dde097d91 - - -] Option "admin_username" from group "neutron" is deprecated for removal. Its value may be silently ignored in the future.
2019-10-30 19:14:39.161 21512 WARNING oslo_config.cfg [req-d357565f-aeec-4ffc-91f2-aa77c7398df2 a610b75cf7954585ad143e20f886de58 9e2b5c7fd7bc4acfa26cb51dde097d91 - - -] Option "admin_password" from group "neutron" is deprecated for removal. Its value may be silently ignored in the future.
2019-10-30 19:14:39.161 21512 WARNING oslo_config.cfg [req-d357565f-aeec-4ffc-91f2-aa77c7398df2 a610b75cf7954585ad143e20f886de58 9e2b5c7fd7bc4acfa26cb51dde097d91 - - -] Option "admin_tenant_name" from group "neutron" is deprecated for removal. Its value may be silently ignored in the future.
2019-10-30 19:14:40.927 21512 INFO oslo_messaging._drivers.impl_qpid [req-d357565f-aeec-4ffc-91f2-aa77c7398df2 a610b75cf7954585ad143e20f886de58 9e2b5c7fd7bc4acfa26cb51dde097d91 - - -] Connected to AMQP server on 10.56.233.135:5672
2019-10-30 19:14:40.936 21512 INFO nova.osapi_compute.wsgi.server [req-d357565f-aeec-4ffc-91f2-aa77c7398df2 a610b75cf7954585ad143e20f886de58 9e2b5c7fd7bc4acfa26cb51dde097d91 - - -] 10.56.233.135 "POST /v2/9e2b5c7fd7bc4acfa26cb51dde097d91/os-volumes_boot HTTP/1.1" status: 202 len: 763 time: 2.9508910
2019-10-30 19:14:42.050 21491 INFO nova.osapi_compute.wsgi.server [req-fecbe651-a10d-4415-afdb-7ee0cdc64880 a610b75cf7954585ad143e20f886de58 9e2b5c7fd7bc4acfa26cb51dde097d91 - - -] 10.56.233.135 "GET /v2/9e2b5c7fd7bc4acfa26cb51dde097d91/servers/998aee6f-9032-427b-a9c9-b0a0a01e432e HTTP/1.1" status: 200 len: 3624 time: 0.0811410
2019-10-30 19:14:42.348 21488 INFO nova.osapi_compute.wsgi.server [req-e503227b-7702-4f73-9e31-b5a6b6d63f79 a610b75cf7954585ad143e20f886de58 9e2b5c7fd7bc4acfa26cb51dde097d91 - - -] 10.56.233.135 "GET /v2/9e2b5c7fd7bc4acfa26cb51dde097d91/flavors/detail HTTP/1.1" status: 200 len: 4487 time: 0.0180769
2019-10-30 19:14:43.218 21477 INFO nova.osapi_compute.wsgi.server [req-6e605eca-72c9-47ea-9c6e-9014eb159ba0 a610b75cf7954585ad143e20f886de58 9e2b5c7fd7bc4acfa26cb51dde097d91 - - -] 10.56.233.135 "GET /v2/9e2b5c7fd7bc4acfa26cb51dde097d91/os-keypairs/CtrlKey HTTP/1.1" status: 200 len: 869 time: 0.0064270
2019-10-30 19:14:43.562 21477 INFO nova.osapi_compute.wsgi.server [req-b4be041c-4ff5-43f3-beed-2960ddfc64b3 a610b75cf7954585ad143e20f886de58 9e2b5c7fd7bc4acfa26cb51dde097d91 - - -] 10.56.233.135 "DELETE /v2/9e2b5c7fd7bc4acfa26cb51dde097d91/servers/998aee6f-9032-427b-a9c9-b0a0a01e432e HTTP/1.1" status: 204 len: 203 time: 0.3357480
2019-10-30 19:14:43.686 21477 INFO nova.osapi_compute.wsgi.server [req-0efd49a6-27c8-4621-8268-2c994d7705ef a610b75cf7954585ad143e20f886de58 9e2b5c7fd7bc4acfa26cb51dde097d91 - - -] 10.56.233.135 "GET /v2/9e2b5c7fd7bc4acfa26cb51dde097d91/flavors/detail HTTP/1.1" status: 200 len: 4487 time: 0.0162389
2019-10-30 19:14:45.115 21480 WARNING oslo_config.cfg [req-fb9fee59-510e-4935-b106-9eeb2e1d5949 a610b75cf7954585ad143e20f886de58 9e2b5c7fd7bc4acfa26cb51dde097d91 - - -] Option "sql_connection" from group "DEFAULT" is deprecated. Use option "connection" from group "database".
2019-10-30 19:14:45.265 21480 INFO nova.api.openstack.wsgi [req-fb9fee59-510e-4935-b106-9eeb2e1d5949 a610b75cf7954585ad143e20f886de58 9e2b5c7fd7bc4acfa26cb51dde097d91 - - -] HTTP exception thrown: Instance 998aee6f-9032-427b-a9c9-b0a0a01e432e could not be found.
2019-10-30 19:14:45.266 21480 INFO nova.osapi_compute.wsgi.server [req-fb9fee59-510e-4935-b106-9eeb2e1d5949 a610b75cf7954585ad143e20f886de58 9e2b5c7fd7bc4acfa26cb51dde097d91 - - -] 10.56.233.135 "GET /v2/9e2b5c7fd7bc4acfa26cb51dde097d91/servers/998aee6f-9032-427b-a9c9-b0a0a01e432e HTTP/1.1" status: 404 len: 330 time: 0.6999180
2019-10-30 19:14:45.270 21480 INFO nova.osapi_compute.wsgi.server [req-5048cc84-3098-4694-9a18-da53a0873d1c a610b75cf7954585ad143e20f886de58 9e2b5c7fd7bc4acfa26cb51dde097d91 - - -] 10.56.233.135 "GET /v2/9e2b5c7fd7bc4acfa26cb51dde097d91/os-keypairs/CtrlKey HTTP/1.1" status: 200 len: 869 time: 0.0219519
2019-10-30 19:14:45.323 21510 INFO nova.osapi_compute.wsgi.server [req-263bfec1-885e-4ff6-8197-7e78bc891f1f a610b75cf7954585ad143e20f886de58 9e2b5c7fd7bc4acfa26cb51dde097d91 - - -] 10.56.233.135 "GET /v2/9e2b5c7fd7bc4acfa26cb51dde097d91/flavors/detail HTTP/1.1" status: 200 len: 4487 time: 0.0179179
2019-10-30 19:14:46.213 21510 WARNING oslo_config.cfg [req-35790df3-34ff-4dd3-b8a2-bc100ade1ccf a610b75cf7954585ad143e20f886de58 9e2b5c7fd7bc4acfa26cb51dde097d91 - - -] Option "auth_strategy" from group "neutron" is deprecated for removal. Its value may be silently ignored in the future.
2019-10-30 19:14:46.215 21510 WARNING oslo_config.cfg [req-35790df3-34ff-4dd3-b8a2-bc100ade1ccf a610b75cf7954585ad143e20f886de58 9e2b5c7fd7bc4acfa26cb51dde097d91 - - -] Option "admin_auth_url" from group "neutron" is deprecated for removal. Its value may be silently ignored in the future.
2019-10-30 19:14:46.215 21510 WARNING oslo_config.cfg [req-35790df3-34ff-4dd3-b8a2-bc100ade1ccf a610b75cf7954585ad143e20f886de58 9e2b5c7fd7bc4acfa26cb51dde097d91 - - -] Option "admin_username" from group "neutron" is deprecated for removal. Its value may be silently ignored in the future.
2019-10-30 19:14:46.215 21510 WARNING oslo_config.cfg [req-35790df3-34ff-4dd3-b8a2-bc100ade1ccf a610b75cf7954585ad143e20f886de58 9e2b5c7fd7bc4acfa26cb51dde097d91 - - -] Option "admin_password" from group "neutron" is deprecated for removal. Its value may be silently ignored in the future.
2019-10-30 19:14:46.216 21510 WARNING oslo_config.cfg [req-35790df3-34ff-4dd3-b8a2-bc100ade1ccf a610b75cf7954585ad143e20f886de58 9e2b5c7fd7bc4acfa26cb51dde097d91 - - -] Option "admin_tenant_name" from group "neutron" is deprecated for removal. Its value may be silently ignored in the future.
2019-10-30 19:14:47.639 21510 INFO oslo_messaging._drivers.impl_qpid [req-35790df3-34ff-4dd3-b8a2-bc100ade1ccf a610b75cf7954585ad143e20f886de58 9e2b5c7fd7bc4acfa26cb51dde097d91 - - -] Connected to AMQP server on 10.56.233.135:5672
2019-10-30 19:14:47.647 21510 INFO nova.osapi_compute.wsgi.server [req-35790df3-34ff-4dd3-b8a2-bc100ade1ccf a610b75cf7954585ad143e20f886de58 9e2b5c7fd7bc4acfa26cb51dde097d91 - - -] 10.56.233.135 "POST /v2/9e2b5c7fd7bc4acfa26cb51dde097d91/os-volumes_boot HTTP/1.1" status: 202 len: 763 time: 2.3209901
2019-10-30 19:14:49.229 21474 WARNING oslo_config.cfg [req-77feb5fe-ce44-41a5-b57e-688e38a357ea a610b75cf7954585ad143e20f886de58 9e2b5c7fd7bc4acfa26cb51dde097d91 - - -] Option "sql_connection" from group "DEFAULT" is deprecated. Use option "connection" from group "database".
2019-10-30 19:14:49.408 21474 INFO nova.osapi_compute.wsgi.server [req-77feb5fe-ce44-41a5-b57e-688e38a357ea a610b75cf7954585ad143e20f886de58 9e2b5c7fd7bc4acfa26cb51dde097d91 - - -] 10.56.233.135 "GET /v2/9e2b5c7fd7bc4acfa26cb51dde097d91/servers/68dd4ade-0963-46bc-b2f9-654004299bc0 HTTP/1.1" status: 200 len: 3624 time: 0.7208412
2019-10-30 19:14:49.739 21474 INFO nova.osapi_compute.wsgi.server [req-7ca2eb1b-566d-4368-a48b-ab7b283d555c a610b75cf7954585ad143e20f886de58 9e2b5c7fd7bc4acfa26cb51dde097d91 - - -] 10.56.233.135 "GET /v2/9e2b5c7fd7bc4acfa26cb51dde097d91/flavors/detail HTTP/1.1" status: 200 len: 4487 time: 0.0215459
2019-10-30 19:14:51.046 21520 INFO nova.osapi_compute.wsgi.server [req-751b999a-8779-432f-841c-0ebf1b4a1f96 a610b75cf7954585ad143e20f886de58 9e2b5c7fd7bc4acfa26cb51dde097d91 - - -] 10.56.233.135 "GET /v2/9e2b5c7fd7bc4acfa26cb51dde097d91/os-keypairs/CtrlKey HTTP/1.1" status: 200 len: 869 time: 0.0065410
2019-10-30 19:14:51.304 21498 INFO nova.osapi_compute.wsgi.server [req-c8251788-eec7-4119-8bd9-7022714a9090 a610b75cf7954585ad143e20f886de58 9e2b5c7fd7bc4acfa26cb51dde097d91 - - -] 10.56.233.135 "DELETE /v2/9e2b5c7fd7bc4acfa26cb51dde097d91/servers/68dd4ade-0963-46bc-b2f9-654004299bc0 HTTP/1.1" status: 204 len: 203 time: 0.2494240
2019-10-30 19:14:52.824 21475 WARNING oslo_config.cfg [req-a3b54c3a-33ef-42be-85b7-1f31cee1f4a4 a610b75cf7954585ad143e20f886de58 9e2b5c7fd7bc4acfa26cb51dde097d91 - - -] Option "sql_connection" from group "DEFAULT" is deprecated. Use option "connection" from group "database".
2019-10-30 19:14:52.967 21475 INFO nova.api.openstack.wsgi [req-a3b54c3a-33ef-42be-85b7-1f31cee1f4a4 a610b75cf7954585ad143e20f886de58 9e2b5c7fd7bc4acfa26cb51dde097d91 - - -] HTTP exception thrown: Instance 68dd4ade-0963-46bc-b2f9-654004299bc0 could not be found.
2019-10-30 19:14:52.968 21475 INFO nova.osapi_compute.wsgi.server [req-a3b54c3a-33ef-42be-85b7-1f31cee1f4a4 a610b75cf7954585ad143e20f886de58 9e2b5c7fd7bc4acfa26cb51dde097d91 - - -] 10.56.233.135 "GET /v2/9e2b5c7fd7bc4acfa26cb51dde097d91/servers/68dd4ade-0963-46bc-b2f9-654004299bc0 HTTP/1.1" status: 404 len: 330 time: 0.6607311
2019-10-30 19:15:18.795 21479 INFO nova.osapi_compute.wsgi.server [req-5dfce429-0cc7-4435-bd4d-da3fef2e7a67 a610b75cf7954585ad143e20f886de58 9e2b5c7fd7bc4acfa26cb51dde097d91 - - -] 10.56.233.135 "GET /v2/9e2b5c7fd7bc4acfa26cb51dde097d91/flavors/detail HTTP/1.1" status: 200 len: 4487 time: 0.0199730
2019-10-30 19:15:19.987 21479 INFO nova.osapi_compute.wsgi.server [req-ff2ff7c0-5517-4e44-8eaa-97c3f76d9236 a610b75cf7954585ad143e20f886de58 9e2b5c7fd7bc4acfa26cb51dde097d91 - - -] 10.56.233.135 "GET /v2/9e2b5c7fd7bc4acfa26cb51dde097d91/os-keypairs/CtrlKey HTTP/1.1" status: 200 len: 869 time: 0.0379188
2019-10-30 19:15:20.045 21506 INFO nova.osapi_compute.wsgi.server [req-e4cc1ce4-5340-40f1-b049-2f110b0e06f5 a610b75cf7954585ad143e20f886de58 9e2b5c7fd7bc4acfa26cb51dde097d91 - - -] 10.56.233.135 "GET /v2/9e2b5c7fd7bc4acfa26cb51dde097d91/flavors/detail HTTP/1.1" status: 200 len: 4487 time: 0.0207701
2019-10-30 19:15:21.103 21489 WARNING oslo_config.cfg [req-c35930fa-94be-46b9-a49c-9f66b5f1638a a610b75cf7954585ad143e20f886de58 9e2b5c7fd7bc4acfa26cb51dde097d91 - - -] Option "auth_strategy" from group "neutron" is deprecated for removal. Its value may be silently ignored in the future.
2019-10-30 19:15:21.104 21489 WARNING oslo_config.cfg [req-c35930fa-94be-46b9-a49c-9f66b5f1638a a610b75cf7954585ad143e20f886de58 9e2b5c7fd7bc4acfa26cb51dde097d91 - - -] Option "admin_auth_url" from group "neutron" is deprecated for removal. Its value may be silently ignored in the future.
2019-10-30 19:15:21.104 21489 WARNING oslo_config.cfg [req-c35930fa-94be-46b9-a49c-9f66b5f1638a a610b75cf7954585ad143e20f886de58 9e2b5c7fd7bc4acfa26cb51dde097d91 - - -] Option "admin_username" from group "neutron" is deprecated for removal. Its value may be silently ignored in the future.
2019-10-30 19:15:21.105 21489 WARNING oslo_config.cfg [req-c35930fa-94be-46b9-a49c-9f66b5f1638a a610b75cf7954585ad143e20f886de58 9e2b5c7fd7bc4acfa26cb51dde097d91 - - -] Option "admin_password" from group "neutron" is deprecated for removal. Its value may be silently ignored in the future.
2019-10-30 19:15:21.105 21489 WARNING oslo_config.cfg [req-c35930fa-94be-46b9-a49c-9f66b5f1638a a610b75cf7954585ad143e20f886de58 9e2b5c7fd7bc4acfa26cb51dde097d91 - - -] Option "admin_tenant_name" from group "neutron" is deprecated for removal. Its value may be silently ignored in the future.
2019-10-30 19:15:22.944 21489 INFO oslo_messaging._drivers.impl_qpid [req-c35930fa-94be-46b9-a49c-9f66b5f1638a a610b75cf7954585ad143e20f886de58 9e2b5c7fd7bc4acfa26cb51dde097d91 - - -] Connected to AMQP server on 10.56.233.135:5672
2019-10-30 19:15:22.953 21489 INFO nova.osapi_compute.wsgi.server [req-c35930fa-94be-46b9-a49c-9f66b5f1638a a610b75cf7954585ad143e20f886de58 9e2b5c7fd7bc4acfa26cb51dde097d91 - - -] 10.56.233.135 "POST /v2/9e2b5c7fd7bc4acfa26cb51dde097d91/os-volumes_boot HTTP/1.1" status: 202 len: 763 time: 2.9039290
2019-10-30 19:15:24.091 21470 INFO nova.osapi_compute.wsgi.server [req-6987a27e-68ac-42db-b998-4398907d7606 a610b75cf7954585ad143e20f886de58 9e2b5c7fd7bc4acfa26cb51dde097d91 - - -] 10.56.233.135 "GET /v2/9e2b5c7fd7bc4acfa26cb51dde097d91/servers/a4f597f1-bd33-4c1a-9230-163201b70121 HTTP/1.1" status: 200 len: 3624 time: 0.0968189
2019-10-30 19:15:26.485 21489 INFO nova.osapi_compute.wsgi.server [req-5ad89c35-7104-4add-817f-fe1935d2e6b9 a610b75cf7954585ad143e20f886de58 9e2b5c7fd7bc4acfa26cb51dde097d91 - - -] 10.56.233.135 "GET /v2/9e2b5c7fd7bc4acfa26cb51dde097d91/flavors/detail HTTP/1.1" status: 200 len: 4487 time: 0.0222690
2019-10-30 19:15:27.367 21520 INFO nova.osapi_compute.wsgi.server [req-ef729645-7a58-4300-85bd-ad41d6c52ac8 a610b75cf7954585ad143e20f886de58 9e2b5c7fd7bc4acfa26cb51dde097d91 - - -] 10.56.233.135 "GET /v2/9e2b5c7fd7bc4acfa26cb51dde097d91/os-keypairs/CtrlKey HTTP/1.1" status: 200 len: 869 time: 0.0061822
2019-10-30 19:15:27.603 21520 INFO nova.osapi_compute.wsgi.server [req-e35c126e-09f8-4da1-b679-dc48262b9d27 a610b75cf7954585ad143e20f886de58 9e2b5c7fd7bc4acfa26cb51dde097d91 - - -] 10.56.233.135 "GET /v2/9e2b5c7fd7bc4acfa26cb51dde097d91/flavors/detail HTTP/1.1" status: 200 len: 4487 time: 0.0197840
2019-10-30 19:15:28.732 21520 WARNING oslo_config.cfg [req-a24d1dd5-3126-49f6-8f89-2ad8f3324dcf a610b75cf7954585ad143e20f886de58 9e2b5c7fd7bc4acfa26cb51dde097d91 - - -] Option "auth_strategy" from group "neutron" is deprecated for removal. Its value may be silently ignored in the future.
2019-10-30 19:15:28.734 21520 WARNING oslo_config.cfg [req-a24d1dd5-3126-49f6-8f89-2ad8f3324dcf a610b75cf7954585ad143e20f886de58 9e2b5c7fd7bc4acfa26cb51dde097d91 - - -] Option "admin_auth_url" from group "neutron" is deprecated for removal. Its value may be silently ignored in the future.
2019-10-30 19:15:28.735 21520 WARNING oslo_config.cfg [req-a24d1dd5-3126-49f6-8f89-2ad8f3324dcf a610b75cf7954585ad143e20f886de58 9e2b5c7fd7bc4acfa26cb51dde097d91 - - -] Option "admin_username" from group "neutron" is deprecated for removal. Its value may be silently ignored in the future.
2019-10-30 19:15:28.735 21520 WARNING oslo_config.cfg [req-a24d1dd5-3126-49f6-8f89-2ad8f3324dcf a610b75cf7954585ad143e20f886de58 9e2b5c7fd7bc4acfa26cb51dde097d91 - - -] Option "admin_password" from group "neutron" is deprecated for removal. Its value may be silently ignored in the future.
2019-10-30 19:15:28.736 21520 WARNING oslo_config.cfg [req-a24d1dd5-3126-49f6-8f89-2ad8f3324dcf a610b75cf7954585ad143e20f886de58 9e2b5c7fd7bc4acfa26cb51dde097d91 - - -] Option "admin_tenant_name" from group "neutron" is deprecated for removal. Its value may be silently ignored in the future.
2019-10-30 19:15:30.211 21520 INFO oslo_messaging._drivers.impl_qpid [req-a24d1dd5-3126-49f6-8f89-2ad8f3324dcf a610b75cf7954585ad143e20f886de58 9e2b5c7fd7bc4acfa26cb51dde097d91 - - -] Connected to AMQP server on 10.56.233.135:5672
2019-10-30 19:15:30.219 21520 INFO nova.osapi_compute.wsgi.server [req-a24d1dd5-3126-49f6-8f89-2ad8f3324dcf a610b75cf7954585ad143e20f886de58 9e2b5c7fd7bc4acfa26cb51dde097d91 - - -] 10.56.233.135 "POST /v2/9e2b5c7fd7bc4acfa26cb51dde097d91/os-volumes_boot HTTP/1.1" status: 202 len: 763 time: 2.6133440
2019-10-30 19:15:31.804 21496 WARNING oslo_config.cfg [req-65a0a848-9cbc-40ac-8152-daff5a9686c8 a610b75cf7954585ad143e20f886de58 9e2b5c7fd7bc4acfa26cb51dde097d91 - - -] Option "sql_connection" from group "DEFAULT" is deprecated. Use option "connection" from group "database".
2019-10-30 19:15:31.985 21496 INFO nova.osapi_compute.wsgi.server [req-65a0a848-9cbc-40ac-8152-daff5a9686c8 a610b75cf7954585ad143e20f886de58 9e2b5c7fd7bc4acfa26cb51dde097d91 - - -] 10.56.233.135 "GET /v2/9e2b5c7fd7bc4acfa26cb51dde097d91/servers/b15f8874-6dc4-4987-b2e2-28d45b8609a2 HTTP/1.1" status: 200 len: 3624 time: 0.7229769
2019-10-30 19:44:26.513 21477 INFO nova.osapi_compute.wsgi.server [req-c5b5f85c-3875-463b-a928-6926663ef179 a610b75cf7954585ad143e20f886de58 9e2b5c7fd7bc4acfa26cb51dde097d91 - - -] 10.56.233.135 "DELETE /v2/9e2b5c7fd7bc4acfa26cb51dde097d91/servers/a4f597f1-bd33-4c1a-9230-163201b70121 HTTP/1.1" status: 204 len: 203 time: 0.5608540
2019-10-30 19:44:26.563 21473 INFO nova.osapi_compute.wsgi.server [req-da9cff37-5cc6-46ea-bc4f-db055dc77b82 a610b75cf7954585ad143e20f886de58 9e2b5c7fd7bc4acfa26cb51dde097d91 - - -] 10.56.233.135 "DELETE /v2/9e2b5c7fd7bc4acfa26cb51dde097d91/servers/b15f8874-6dc4-4987-b2e2-28d45b8609a2 HTTP/1.1" status: 204 len: 203 time: 0.5476389
2019-10-30 19:44:26.654 21513 INFO nova.api.openstack.wsgi [req-f780c29d-9cc3-437a-94b9-65edb7106268 a610b75cf7954585ad143e20f886de58 9e2b5c7fd7bc4acfa26cb51dde097d91 - - -] HTTP exception thrown: Instance a4f597f1-bd33-4c1a-9230-163201b70121 could not be found.
2019-10-30 19:44:26.655 21513 INFO nova.osapi_compute.wsgi.server [req-f780c29d-9cc3-437a-94b9-65edb7106268 a610b75cf7954585ad143e20f886de58 9e2b5c7fd7bc4acfa26cb51dde097d91 - - -] 10.56.233.135 "GET /v2/9e2b5c7fd7bc4acfa26cb51dde097d91/servers/a4f597f1-bd33-4c1a-9230-163201b70121 HTTP/1.1" status: 404 len: 330 time: 0.1391001
2019-10-30 19:44:26.674 21516 INFO nova.api.openstack.wsgi [req-6d6fcd79-b098-4aff-bc47-5e6c0e5fcb80 a610b75cf7954585ad143e20f886de58 9e2b5c7fd7bc4acfa26cb51dde097d91 - - -] HTTP exception thrown: Instance b15f8874-6dc4-4987-b2e2-28d45b8609a2 could not be found.
2019-10-30 19:44:26.675 21516 INFO nova.osapi_compute.wsgi.server [req-6d6fcd79-b098-4aff-bc47-5e6c0e5fcb80 a610b75cf7954585ad143e20f886de58 9e2b5c7fd7bc4acfa26cb51dde097d91 - - -] 10.56.233.135 "GET /v2/9e2b5c7fd7bc4acfa26cb51dde097d91/servers/b15f8874-6dc4-4987-b2e2-28d45b8609a2 HTTP/1.1" status: 404 len: 330 time: 0.1096251
2019-10-30 19:45:24.647 21496 INFO nova.osapi_compute.wsgi.server [req-c56eb455-bc1f-45a9-857f-c83065e6f9ae a610b75cf7954585ad143e20f886de58 9e2b5c7fd7bc4acfa26cb51dde097d91 - - -] 10.56.233.135 "GET /v2/9e2b5c7fd7bc4acfa26cb51dde097d91/flavors/detail HTTP/1.1" status: 200 len: 4487 time: 0.0719950
2019-10-30 19:45:24.715 21479 INFO nova.osapi_compute.wsgi.server [req-2f4374be-55dd-486b-bfbb-0bd65730d769 a610b75cf7954585ad143e20f886de58 9e2b5c7fd7bc4acfa26cb51dde097d91 - - -] 10.56.233.135 "GET /v2/9e2b5c7fd7bc4acfa26cb51dde097d91/os-keypairs/CtrlKey HTTP/1.1" status: 200 len: 869 time: 0.0577619
2019-10-30 19:45:25.565 21479 INFO nova.osapi_compute.wsgi.server [req-42828fdd-9b7f-4fa5-9c9f-702658824a05 a610b75cf7954585ad143e20f886de58 9e2b5c7fd7bc4acfa26cb51dde097d91 - - -] 10.56.233.135 "GET /v2/9e2b5c7fd7bc4acfa26cb51dde097d91/flavors/detail HTTP/1.1" status: 200 len: 4487 time: 0.0177021
2019-10-30 19:45:26.111 21525 WARNING oslo_config.cfg [req-668a49a5-1478-4c63-8280-e966221999f2 a610b75cf7954585ad143e20f886de58 9e2b5c7fd7bc4acfa26cb51dde097d91 - - -] Option "sql_connection" from group "DEFAULT" is deprecated. Use option "connection" from group "database".
2019-10-30 19:45:26.227 21525 INFO nova.osapi_compute.wsgi.server [req-668a49a5-1478-4c63-8280-e966221999f2 a610b75cf7954585ad143e20f886de58 9e2b5c7fd7bc4acfa26cb51dde097d91 - - -] 10.56.233.135 "GET /v2/9e2b5c7fd7bc4acfa26cb51dde097d91/os-keypairs/CtrlKey HTTP/1.1" status: 200 len: 869 time: 0.6519659
2019-10-30 19:45:33.584 21503 WARNING oslo_config.cfg [req-109a1908-fc68-4799-a7d2-b484404f91c1 a610b75cf7954585ad143e20f886de58 9e2b5c7fd7bc4acfa26cb51dde097d91 - - -] Option "sql_connection" from group "DEFAULT" is deprecated. Use option "connection" from group "database".
2019-10-30 19:45:33.702 21503 INFO nova.osapi_compute.wsgi.server [req-109a1908-fc68-4799-a7d2-b484404f91c1 a610b75cf7954585ad143e20f886de58 9e2b5c7fd7bc4acfa26cb51dde097d91 - - -] 10.56.233.135 "GET /v2/9e2b5c7fd7bc4acfa26cb51dde097d91/flavors/detail HTTP/1.1" status: 200 len: 4487 time: 0.6440940
2019-10-30 19:45:35.110 21522 INFO nova.osapi_compute.wsgi.server [req-2b448ab0-8e50-4f36-a970-54ba68063991 a610b75cf7954585ad143e20f886de58 9e2b5c7fd7bc4acfa26cb51dde097d91 - - -] 10.56.233.135 "GET /v2/9e2b5c7fd7bc4acfa26cb51dde097d91/flavors/detail HTTP/1.1" status: 200 len: 4487 time: 0.1008520
2019-10-30 19:45:35.589 21481 WARNING oslo_config.cfg [req-36c5d93f-80c7-4de0-9f59-a4bf22790c8c a610b75cf7954585ad143e20f886de58 9e2b5c7fd7bc4acfa26cb51dde097d91 - - -] Option "sql_connection" from group "DEFAULT" is deprecated. Use option "connection" from group "database".
2019-10-30 19:45:35.694 21481 INFO nova.osapi_compute.wsgi.server [req-36c5d93f-80c7-4de0-9f59-a4bf22790c8c a610b75cf7954585ad143e20f886de58 9e2b5c7fd7bc4acfa26cb51dde097d91 - - -] 10.56.233.135 "GET /v2/9e2b5c7fd7bc4acfa26cb51dde097d91/os-keypairs/CtrlKey HTTP/1.1" status: 200 len: 869 time: 0.7124231
2019-10-30 19:45:35.805 21481 INFO nova.osapi_compute.wsgi.server [req-29b7954c-18fe-4cfc-9402-8392b35701b6 a610b75cf7954585ad143e20f886de58 9e2b5c7fd7bc4acfa26cb51dde097d91 - - -] 10.56.233.135 "GET /v2/9e2b5c7fd7bc4acfa26cb51dde097d91/flavors/detail HTTP/1.1" status: 200 len: 4487 time: 0.0194368
2019-10-30 19:45:36.931 21507 WARNING oslo_config.cfg [req-d6fc293a-461a-42f5-bd40-4a3bfda1aa8c a610b75cf7954585ad143e20f886de58 9e2b5c7fd7bc4acfa26cb51dde097d91 - - -] Option "auth_strategy" from group "neutron" is deprecated for removal. Its value may be silently ignored in the future.
2019-10-30 19:45:36.932 21507 WARNING oslo_config.cfg [req-d6fc293a-461a-42f5-bd40-4a3bfda1aa8c a610b75cf7954585ad143e20f886de58 9e2b5c7fd7bc4acfa26cb51dde097d91 - - -] Option "admin_auth_url" from group "neutron" is deprecated for removal. Its value may be silently ignored in the future.
2019-10-30 19:45:36.932 21507 WARNING oslo_config.cfg [req-d6fc293a-461a-42f5-bd40-4a3bfda1aa8c a610b75cf7954585ad143e20f886de58 9e2b5c7fd7bc4acfa26cb51dde097d91 - - -] Option "admin_username" from group "neutron" is deprecated for removal. Its value may be silently ignored in the future.
2019-10-30 19:45:36.933 21507 WARNING oslo_config.cfg [req-d6fc293a-461a-42f5-bd40-4a3bfda1aa8c a610b75cf7954585ad143e20f886de58 9e2b5c7fd7bc4acfa26cb51dde097d91 - - -] Option "admin_password" from group "neutron" is deprecated for removal. Its value may be silently ignored in the future.
2019-10-30 19:45:36.933 21507 WARNING oslo_config.cfg [req-d6fc293a-461a-42f5-bd40-4a3bfda1aa8c a610b75cf7954585ad143e20f886de58 9e2b5c7fd7bc4acfa26cb51dde097d91 - - -] Option "admin_tenant_name" from group "neutron" is deprecated for removal. Its value may be silently ignored in the future.
2019-10-30 19:45:37.183 21526 WARNING oslo_config.cfg [req-776d33c4-e37c-4b73-82cf-8cd738733d71 a610b75cf7954585ad143e20f886de58 9e2b5c7fd7bc4acfa26cb51dde097d91 - - -] Option "sql_connection" from group "DEFAULT" is deprecated. Use option "connection" from group "database".
2019-10-30 19:45:37.331 21526 INFO nova.osapi_compute.wsgi.server [req-776d33c4-e37c-4b73-82cf-8cd738733d71 a610b75cf7954585ad143e20f886de58 9e2b5c7fd7bc4acfa26cb51dde097d91 - - -] 10.56.233.135 "GET /v2/9e2b5c7fd7bc4acfa26cb51dde097d91/os-keypairs/CtrlKey HTTP/1.1" status: 200 len: 869 time: 0.7643518
2019-10-30 19:45:37.491 21526 INFO nova.osapi_compute.wsgi.server [req-3e2f0b02-22ab-413b-839c-9a683812044e a610b75cf7954585ad143e20f886de58 9e2b5c7fd7bc4acfa26cb51dde097d91 - - -] 10.56.233.135 "GET /v2/9e2b5c7fd7bc4acfa26cb51dde097d91/flavors/detail HTTP/1.1" status: 200 len: 4487 time: 0.0205059
2019-10-30 19:45:38.537 21479 WARNING oslo_config.cfg [req-39663673-63f7-4d6c-80ed-0b9cc8e5bca6 a610b75cf7954585ad143e20f886de58 9e2b5c7fd7bc4acfa26cb51dde097d91 - - -] Option "auth_strategy" from group "neutron" is deprecated for removal. Its value may be silently ignored in the future.
2019-10-30 19:45:38.538 21479 WARNING oslo_config.cfg [req-39663673-63f7-4d6c-80ed-0b9cc8e5bca6 a610b75cf7954585ad143e20f886de58 9e2b5c7fd7bc4acfa26cb51dde097d91 - - -] Option "admin_auth_url" from group "neutron" is deprecated for removal. Its value may be silently ignored in the future.
2019-10-30 19:45:38.538 21479 WARNING oslo_config.cfg [req-39663673-63f7-4d6c-80ed-0b9cc8e5bca6 a610b75cf7954585ad143e20f886de58 9e2b5c7fd7bc4acfa26cb51dde097d91 - - -] Option "admin_username" from group "neutron" is deprecated for removal. Its value may be silently ignored in the future.
2019-10-30 19:45:38.539 21479 WARNING oslo_config.cfg [req-39663673-63f7-4d6c-80ed-0b9cc8e5bca6 a610b75cf7954585ad143e20f886de58 9e2b5c7fd7bc4acfa26cb51dde097d91 - - -] Option "admin_password" from group "neutron" is deprecated for removal. Its value may be silently ignored in the future.
2019-10-30 19:45:38.539 21479 WARNING oslo_config.cfg [req-39663673-63f7-4d6c-80ed-0b9cc8e5bca6 a610b75cf7954585ad143e20f886de58 9e2b5c7fd7bc4acfa26cb51dde097d91 - - -] Option "admin_tenant_name" from group "neutron" is deprecated for removal. Its value may be silently ignored in the future.
2019-10-30 19:45:38.678 21507 INFO oslo_messaging._drivers.impl_qpid [req-d6fc293a-461a-42f5-bd40-4a3bfda1aa8c a610b75cf7954585ad143e20f886de58 9e2b5c7fd7bc4acfa26cb51dde097d91 - - -] Connected to AMQP server on 10.56.233.135:5672
2019-10-30 19:45:38.687 21507 INFO nova.osapi_compute.wsgi.server [req-d6fc293a-461a-42f5-bd40-4a3bfda1aa8c a610b75cf7954585ad143e20f886de58 9e2b5c7fd7bc4acfa26cb51dde097d91 - - -] 10.56.233.135 "POST /v2/9e2b5c7fd7bc4acfa26cb51dde097d91/os-volumes_boot HTTP/1.1" status: 202 len: 763 time: 2.8781190
2019-10-30 19:45:39.820 21507 INFO nova.osapi_compute.wsgi.server [req-9fddcaa8-d5aa-4845-84f3-a20b4f985eaa a610b75cf7954585ad143e20f886de58 9e2b5c7fd7bc4acfa26cb51dde097d91 - - -] 10.56.233.135 "GET /v2/9e2b5c7fd7bc4acfa26cb51dde097d91/servers/2cdb8831-0553-416f-8480-832dd52fe779 HTTP/1.1" status: 200 len: 3624 time: 0.0924480
2019-10-30 19:45:40.214 21479 INFO oslo_messaging._drivers.impl_qpid [req-39663673-63f7-4d6c-80ed-0b9cc8e5bca6 a610b75cf7954585ad143e20f886de58 9e2b5c7fd7bc4acfa26cb51dde097d91 - - -] Connected to AMQP server on 10.56.233.135:5672
2019-10-30 19:45:40.223 21479 INFO nova.osapi_compute.wsgi.server [req-39663673-63f7-4d6c-80ed-0b9cc8e5bca6 a610b75cf7954585ad143e20f886de58 9e2b5c7fd7bc4acfa26cb51dde097d91 - - -] 10.56.233.135 "POST /v2/9e2b5c7fd7bc4acfa26cb51dde097d91/os-volumes_boot HTTP/1.1" status: 202 len: 763 time: 2.7251251
2019-10-30 19:45:40.403 21491 INFO nova.osapi_compute.wsgi.server [req-d29509f8-2940-456e-a3bb-13df82fe8b54 a610b75cf7954585ad143e20f886de58 9e2b5c7fd7bc4acfa26cb51dde097d91 - - -] 10.56.233.135 "GET /v2/9e2b5c7fd7bc4acfa26cb51dde097d91/flavors/detail HTTP/1.1" status: 200 len: 4487 time: 0.1051600
2019-10-30 19:45:41.453 21475 INFO nova.osapi_compute.wsgi.server [req-7ab3fa6c-5fd6-4163-8cea-e3d178ad6775 a610b75cf7954585ad143e20f886de58 9e2b5c7fd7bc4acfa26cb51dde097d91 - - -] 10.56.233.135 "GET /v2/9e2b5c7fd7bc4acfa26cb51dde097d91/servers/a093a9f0-95f8-49a6-9a02-83b93e002518 HTTP/1.1" status: 200 len: 3624 time: 0.1911142
2019-10-30 19:45:41.602 21475 INFO nova.osapi_compute.wsgi.server [req-f64cdd67-b4ab-46bb-bfa6-46a78218fee7 a610b75cf7954585ad143e20f886de58 9e2b5c7fd7bc4acfa26cb51dde097d91 - - -] 10.56.233.135 "GET /v2/9e2b5c7fd7bc4acfa26cb51dde097d91/os-keypairs/CtrlKey HTTP/1.1" status: 200 len: 869 time: 0.0074542
2019-10-30 19:45:41.955 21483 INFO nova.osapi_compute.wsgi.server [req-0e691516-fd96-46d7-9ff9-6f39a862b05e a610b75cf7954585ad143e20f886de58 9e2b5c7fd7bc4acfa26cb51dde097d91 - - -] 10.56.233.135 "DELETE /v2/9e2b5c7fd7bc4acfa26cb51dde097d91/servers/2cdb8831-0553-416f-8480-832dd52fe779 HTTP/1.1" status: 204 len: 203 time: 0.3426440
2019-10-30 19:45:42.008 21483 INFO nova.osapi_compute.wsgi.server [req-e8aac81b-d76a-4291-8b3d-fb441fffb246 a610b75cf7954585ad143e20f886de58 9e2b5c7fd7bc4acfa26cb51dde097d91 - - -] 10.56.233.135 "GET /v2/9e2b5c7fd7bc4acfa26cb51dde097d91/flavors/detail HTTP/1.1" status: 200 len: 4487 time: 0.0187361
2019-10-30 19:45:43.513 21499 WARNING oslo_config.cfg [req-b6128d88-6d31-438f-86a1-9b6a418bfc42 a610b75cf7954585ad143e20f886de58 9e2b5c7fd7bc4acfa26cb51dde097d91 - - -] Option "sql_connection" from group "DEFAULT" is deprecated. Use option "connection" from group "database".
2019-10-30 19:45:43.644 21499 INFO nova.osapi_compute.wsgi.server [req-b6128d88-6d31-438f-86a1-9b6a418bfc42 a610b75cf7954585ad143e20f886de58 9e2b5c7fd7bc4acfa26cb51dde097d91 - - -] 10.56.233.135 "GET /v2/9e2b5c7fd7bc4acfa26cb51dde097d91/os-keypairs/CtrlKey HTTP/1.1" status: 200 len: 869 time: 0.7065310
2019-10-30 19:45:43.701 21499 INFO nova.api.openstack.wsgi [req-13fc459f-b7f3-4a92-bd83-c7ecc2719076 a610b75cf7954585ad143e20f886de58 9e2b5c7fd7bc4acfa26cb51dde097d91 - - -] HTTP exception thrown: Instance 2cdb8831-0553-416f-8480-832dd52fe779 could not be found.
2019-10-30 19:45:43.702 21499 INFO nova.osapi_compute.wsgi.server [req-13fc459f-b7f3-4a92-bd83-c7ecc2719076 a610b75cf7954585ad143e20f886de58 9e2b5c7fd7bc4acfa26cb51dde097d91 - - -] 10.56.233.135 "GET /v2/9e2b5c7fd7bc4acfa26cb51dde097d91/servers/2cdb8831-0553-416f-8480-832dd52fe779 HTTP/1.1" status: 404 len: 330 time: 0.7425501
2019-10-30 19:45:43.938 21499 INFO nova.osapi_compute.wsgi.server [req-9c6e210f-50a8-4d32-97b9-c530566bfd9c a610b75cf7954585ad143e20f886de58 9e2b5c7fd7bc4acfa26cb51dde097d91 - - -] 10.56.233.135 "DELETE /v2/9e2b5c7fd7bc4acfa26cb51dde097d91/servers/a093a9f0-95f8-49a6-9a02-83b93e002518 HTTP/1.1" status: 204 len: 203 time: 0.2834530
2019-10-30 19:45:45.044 21509 INFO nova.api.openstack.wsgi [req-487db7e3-ed68-4485-abe9-f89053441e2f a610b75cf7954585ad143e20f886de58 9e2b5c7fd7bc4acfa26cb51dde097d91 - - -] HTTP exception thrown: Instance a093a9f0-95f8-49a6-9a02-83b93e002518 could not be found.
2019-10-30 19:45:45.045 21509 INFO nova.osapi_compute.wsgi.server [req-487db7e3-ed68-4485-abe9-f89053441e2f a610b75cf7954585ad143e20f886de58 9e2b5c7fd7bc4acfa26cb51dde097d91 - - -] 10.56.233.135 "GET /v2/9e2b5c7fd7bc4acfa26cb51dde097d91/servers/a093a9f0-95f8-49a6-9a02-83b93e002518 HTTP/1.1" status: 404 len: 330 time: 0.1028769
2019-10-30 19:45:47.313 21469 INFO nova.osapi_compute.wsgi.server [req-313af491-8ed7-4b42-b7ad-7ab4bc86114d a610b75cf7954585ad143e20f886de58 9e2b5c7fd7bc4acfa26cb51dde097d91 - - -] 10.56.233.135 "GET /v2/9e2b5c7fd7bc4acfa26cb51dde097d91/flavors/detail HTTP/1.1" status: 200 len: 4487 time: 0.0661411
2019-10-30 19:45:48.356 21483 INFO nova.osapi_compute.wsgi.server [req-74980776-0c3a-4853-9792-dfbeb1a7797d a610b75cf7954585ad143e20f886de58 9e2b5c7fd7bc4acfa26cb51dde097d91 - - -] 10.56.233.135 "GET /v2/9e2b5c7fd7bc4acfa26cb51dde097d91/os-keypairs/CtrlKey HTTP/1.1" status: 200 len: 869 time: 0.0072138
2019-10-30 19:45:48.521 21478 INFO nova.osapi_compute.wsgi.server [req-79cb81a2-dee9-4830-8e10-c82054923adb a610b75cf7954585ad143e20f886de58 9e2b5c7fd7bc4acfa26cb51dde097d91 - - -] 10.56.233.135 "GET /v2/9e2b5c7fd7bc4acfa26cb51dde097d91/flavors/detail HTTP/1.1" status: 200 len: 4487 time: 0.0741909
2019-10-30 19:45:49.396 21508 INFO nova.osapi_compute.wsgi.server [req-23e1419b-bf10-429d-afc0-4daa00ea7c2a a610b75cf7954585ad143e20f886de58 9e2b5c7fd7bc4acfa26cb51dde097d91 - - -] 10.56.233.135 "GET /v2/9e2b5c7fd7bc4acfa26cb51dde097d91/flavors/detail HTTP/1.1" status: 200 len: 4487 time: 0.0211949
2019-10-30 19:45:50.314 21508 INFO nova.osapi_compute.wsgi.server [req-0aa89224-0369-4e7f-ad53-c8c5d986646a a610b75cf7954585ad143e20f886de58 9e2b5c7fd7bc4acfa26cb51dde097d91 - - -] 10.56.233.135 "POST /v2/9e2b5c7fd7bc4acfa26cb51dde097d91/os-volumes_boot HTTP/1.1" status: 202 len: 763 time: 1.7884369
