2019-10-30 19:45:50.501 21499 INFO nova.osapi_compute.wsgi.server [req-8b78ab79-52aa-4187-bc3f-9d576e4f7132 a610b75cf7954585ad143e20f886de58 9e2b5c7fd7bc4acfa26cb51dde097d91 - - -] 10.56.233.135 "GET /v2/9e2b5c7fd7bc4acfa26cb51dde097d91/os-keypairs/CtrlKey HTTP/1.1" status: 200 len: 869 time: 0.0059812
2019-10-30 19:45:50.661 21473 INFO nova.osapi_compute.wsgi.server [req-6f58e35f-c687-4943-82f1-624d3b2364f7 a610b75cf7954585ad143e20f886de58 9e2b5c7fd7bc4acfa26cb51dde097d91 - - -] 10.56.233.135 "GET /v2/9e2b5c7fd7bc4acfa26cb51dde097d91/flavors/detail HTTP/1.1" status: 200 len: 4487 time: 0.0753491
2019-10-30 19:45:51.515 21514 INFO nova.osapi_compute.wsgi.server [req-43d15add-71c0-4e04-bffe-a9f496078bf6 a610b75cf7954585ad143e20f886de58 9e2b5c7fd7bc4acfa26cb51dde097d91 - - -] 10.56.233.135 "GET /v2/9e2b5c7fd7bc4acfa26cb51dde097d91/servers/eb4da669-9f48-4438-92c3-4712f2c368d5 HTTP/1.1" status: 200 len: 3624 time: 0.1356430
2019-10-30 19:45:51.779 21473 WARNING oslo_config.cfg [req-2d79e22a-d162-4145-a22f-efdbd1cbdfa7 a610b75cf7954585ad143e20f886de58 9e2b5c7fd7bc4acfa26cb51dde097d91 - - -] Option "auth_strategy" from group "neutron" is deprecated for removal. Its value may be silently ignored in the future.
2019-10-30 19:45:51.780 21473 WARNING oslo_config.cfg [req-2d79e22a-d162-4145-a22f-efdbd1cbdfa7 a610b75cf7954585ad143e20f886de58 9e2b5c7fd7bc4acfa26cb51dde097d91 - - -] Option "admin_auth_url" from group "neutron" is deprecated for removal. Its value may be silently ignored in the future.
2019-10-30 19:45:51.781 21473 WARNING oslo_config.cfg [req-2d79e22a-d162-4145-a22f-efdbd1cbdfa7 a610b75cf7954585ad143e20f886de58 9e2b5c7fd7bc4acfa26cb51dde097d91 - - -] Option "admin_username" from group "neutron" is deprecated for removal. Its value may be silently ignored in the future.
2019-10-30 19:45:51.781 21473 WARNING oslo_config.cfg [req-2d79e22a-d162-4145-a22f-efdbd1cbdfa7 a610b75cf7954585ad143e20f886de58 9e2b5c7fd7bc4acfa26cb51dde097d91 - - -] Option "admin_password" from group "neutron" is deprecated for removal. Its value may be silently ignored in the future.
2019-10-30 19:45:51.781 21473 WARNING oslo_config.cfg [req-2d79e22a-d162-4145-a22f-efdbd1cbdfa7 a610b75cf7954585ad143e20f886de58 9e2b5c7fd7bc4acfa26cb51dde097d91 - - -] Option "admin_tenant_name" from group "neutron" is deprecated for removal. Its value may be silently ignored in the future.
2019-10-30 19:45:52.302 21507 INFO nova.osapi_compute.wsgi.server [req-a272388b-ac54-4bdc-8605-099bcad384af a610b75cf7954585ad143e20f886de58 9e2b5c7fd7bc4acfa26cb51dde097d91 - - -] 10.56.233.135 "GET /v2/9e2b5c7fd7bc4acfa26cb51dde097d91/flavors/detail HTTP/1.1" status: 200 len: 4487 time: 0.0203309
2019-10-30 19:45:53.462 21473 INFO oslo_messaging._drivers.impl_qpid [req-2d79e22a-d162-4145-a22f-efdbd1cbdfa7 a610b75cf7954585ad143e20f886de58 9e2b5c7fd7bc4acfa26cb51dde097d91 - - -] Connected to AMQP server on 10.56.233.135:5672
2019-10-30 19:45:53.470 21473 INFO nova.osapi_compute.wsgi.server [req-2d79e22a-d162-4145-a22f-efdbd1cbdfa7 a610b75cf7954585ad143e20f886de58 9e2b5c7fd7bc4acfa26cb51dde097d91 - - -] 10.56.233.135 "POST /v2/9e2b5c7fd7bc4acfa26cb51dde097d91/os-volumes_boot HTTP/1.1" status: 202 len: 763 time: 2.8043389
2019-10-30 19:45:53.738 21497 WARNING oslo_config.cfg [req-ea0d31e0-ffcf-4cda-8c4f-7910b08809dc a610b75cf7954585ad143e20f886de58 9e2b5c7fd7bc4acfa26cb51dde097d91 - - -] Option "sql_connection" from group "DEFAULT" is deprecated. Use option "connection" from group "database".
2019-10-30 19:45:53.845 21497 INFO nova.osapi_compute.wsgi.server [req-ea0d31e0-ffcf-4cda-8c4f-7910b08809dc a610b75cf7954585ad143e20f886de58 9e2b5c7fd7bc4acfa26cb51dde097d91 - - -] 10.56.233.135 "GET /v2/9e2b5c7fd7bc4acfa26cb51dde097d91/os-keypairs/CtrlKey HTTP/1.1" status: 200 len: 869 time: 0.6209409
2019-10-30 19:45:54.123 21497 INFO nova.osapi_compute.wsgi.server [req-bd9af6c0-1a27-4d4d-a653-ae5efe0c0922 a610b75cf7954585ad143e20f886de58 9e2b5c7fd7bc4acfa26cb51dde097d91 - - -] 10.56.233.135 "DELETE /v2/9e2b5c7fd7bc4acfa26cb51dde097d91/servers/eb4da669-9f48-4438-92c3-4712f2c368d5 HTTP/1.1" status: 204 len: 203 time: 0.2671909
2019-10-30 19:45:54.639 21509 INFO nova.osapi_compute.wsgi.server [req-4cd92e6f-8fdc-4784-a45a-f5ed3c61bd1f a610b75cf7954585ad143e20f886de58 9e2b5c7fd7bc4acfa26cb51dde097d91 - - -] 10.56.233.135 "GET /v2/9e2b5c7fd7bc4acfa26cb51dde097d91/servers/b36ccf04-ea16-46a7-8eae-4dd85b8df09f HTTP/1.1" status: 200 len: 3624 time: 0.1260540
2019-10-30 19:45:55.223 21516 INFO nova.api.openstack.wsgi [req-1ea74a65-24ff-41c9-9d50-09031df4f990 a610b75cf7954585ad143e20f886de58 9e2b5c7fd7bc4acfa26cb51dde097d91 - - -] HTTP exception thrown: Instance eb4da669-9f48-4438-92c3-4712f2c368d5 could not be found.
2019-10-30 19:45:55.224 21516 INFO nova.osapi_compute.wsgi.server [req-1ea74a65-24ff-41c9-9d50-09031df4f990 a610b75cf7954585ad143e20f886de58 9e2b5c7fd7bc4acfa26cb51dde097d91 - - -] 10.56.233.135 "GET /v2/9e2b5c7fd7bc4acfa26cb51dde097d91/servers/eb4da669-9f48-4438-92c3-4712f2c368d5 HTTP/1.1" status: 404 len: 330 time: 0.0977290
2019-10-30 19:45:55.699 21504 WARNING oslo_config.cfg [req-6f4f0dd1-d4ee-4bd4-bd30-e8120ae8898c a610b75cf7954585ad143e20f886de58 9e2b5c7fd7bc4acfa26cb51dde097d91 - - -] Option "sql_connection" from group "DEFAULT" is deprecated. Use option "connection" from group "database".
2019-10-30 19:45:55.815 21504 INFO nova.osapi_compute.wsgi.server [req-6f4f0dd1-d4ee-4bd4-bd30-e8120ae8898c a610b75cf7954585ad143e20f886de58 9e2b5c7fd7bc4acfa26cb51dde097d91 - - -] 10.56.233.135 "GET /v2/9e2b5c7fd7bc4acfa26cb51dde097d91/flavors/detail HTTP/1.1" status: 200 len: 4487 time: 0.6317461
2019-10-30 19:45:57.191 21491 INFO nova.osapi_compute.wsgi.server [req-7587e357-7c3a-4459-8186-3371619b565b a610b75cf7954585ad143e20f886de58 9e2b5c7fd7bc4acfa26cb51dde097d91 - - -] 10.56.233.135 "GET /v2/9e2b5c7fd7bc4acfa26cb51dde097d91/os-keypairs/CtrlKey HTTP/1.1" status: 200 len: 869 time: 0.0065930
2019-10-30 19:45:57.448 21499 INFO nova.osapi_compute.wsgi.server [req-f5a06fec-2100-4a9f-8676-b3c6830ab1d5 a610b75cf7954585ad143e20f886de58 9e2b5c7fd7bc4acfa26cb51dde097d91 - - -] 10.56.233.135 "DELETE /v2/9e2b5c7fd7bc4acfa26cb51dde097d91/servers/b36ccf04-ea16-46a7-8eae-4dd85b8df09f HTTP/1.1" status: 204 len: 203 time: 0.2467399
2019-10-30 19:45:58.554 21517 INFO nova.api.openstack.wsgi [req-03d1e9e1-ba41-4284-927b-9aba32be6b89 a610b75cf7954585ad143e20f886de58 9e2b5c7fd7bc4acfa26cb51dde097d91 - - -] HTTP exception thrown: Instance b36ccf04-ea16-46a7-8eae-4dd85b8df09f could not be found.
2019-10-30 19:45:58.555 21517 INFO nova.osapi_compute.wsgi.server [req-03d1e9e1-ba41-4284-927b-9aba32be6b89 a610b75cf7954585ad143e20f886de58 9e2b5c7fd7bc4acfa26cb51dde097d91 - - -] 10.56.233.135 "GET /v2/9e2b5c7fd7bc4acfa26cb51dde097d91/servers/b36ccf04-ea16-46a7-8eae-4dd85b8df09f HTTP/1.1" status: 404 len: 330 time: 0.1035180
2019-10-30 19:46:00.940 21475 INFO nova.osapi_compute.wsgi.server [req-2caa8c25-26f0-4690-af19-58bc6166ba6e a610b75cf7954585ad143e20f886de58 9e2b5c7fd7bc4acfa26cb51dde097d91 - - -] 10.56.233.135 "GET /v2/9e2b5c7fd7bc4acfa26cb51dde097d91/flavors/detail HTTP/1.1" status: 200 len: 4487 time: 0.0202579
2019-10-30 19:46:02.591 21505 WARNING oslo_config.cfg [req-9f2988d5-a1b4-4af3-9f3f-3488dbe631cd a610b75cf7954585ad143e20f886de58 9e2b5c7fd7bc4acfa26cb51dde097d91 - - -] Option "sql_connection" from group "DEFAULT" is deprecated. Use option "connection" from group "database".
2019-10-30 19:46:02.697 21505 INFO nova.osapi_compute.wsgi.server [req-9f2988d5-a1b4-4af3-9f3f-3488dbe631cd a610b75cf7954585ad143e20f886de58 9e2b5c7fd7bc4acfa26cb51dde097d91 - - -] 10.56.233.135 "GET /v2/9e2b5c7fd7bc4acfa26cb51dde097d91/os-keypairs/CtrlKey HTTP/1.1" status: 200 len: 869 time: 0.6225660
2019-10-30 19:46:02.754 21505 INFO nova.osapi_compute.wsgi.server [req-20593be8-0865-43a6-9937-cc65fee9f8b4 a610b75cf7954585ad143e20f886de58 9e2b5c7fd7bc4acfa26cb51dde097d91 - - -] 10.56.233.135 "GET /v2/9e2b5c7fd7bc4acfa26cb51dde097d91/flavors/detail HTTP/1.1" status: 200 len: 4487 time: 0.0193369
2019-10-30 19:46:03.899 21483 WARNING oslo_config.cfg [req-03ec95d3-0639-459f-9ea7-58506462b7d9 a610b75cf7954585ad143e20f886de58 9e2b5c7fd7bc4acfa26cb51dde097d91 - - -] Option "auth_strategy" from group "neutron" is deprecated for removal. Its value may be silently ignored in the future.
2019-10-30 19:46:03.900 21483 WARNING oslo_config.cfg [req-03ec95d3-0639-459f-9ea7-58506462b7d9 a610b75cf7954585ad143e20f886de58 9e2b5c7fd7bc4acfa26cb51dde097d91 - - -] Option "admin_auth_url" from group "neutron" is deprecated for removal. Its value may be silently ignored in the future.
2019-10-30 19:46:03.900 21483 WARNING oslo_config.cfg [req-03ec95d3-0639-459f-9ea7-58506462b7d9 a610b75cf7954585ad143e20f886de58 9e2b5c7fd7bc4acfa26cb51dde097d91 - - -] Option "admin_username" from group "neutron" is deprecated for removal. Its value may be silently ignored in the future.
2019-10-30 19:46:03.901 21483 WARNING oslo_config.cfg [req-03ec95d3-0639-459f-9ea7-58506462b7d9 a610b75cf7954585ad143e20f886de58 9e2b5c7fd7bc4acfa26cb51dde097d91 - - -] Option "admin_password" from group "neutron" is deprecated for removal. Its value may be silently ignored in the future.
2019-10-30 19:46:03.901 21483 WARNING oslo_config.cfg [req-03ec95d3-0639-459f-9ea7-58506462b7d9 a610b75cf7954585ad143e20f886de58 9e2b5c7fd7bc4acfa26cb51dde097d91 - - -] Option "admin_tenant_name" from group "neutron" is deprecated for removal. Its value may be silently ignored in the future.
2019-10-30 19:46:04.985 21483 INFO nova.osapi_compute.wsgi.server [req-d37d3255-ff50-4a58-9c56-d5eda8a999b2 a610b75cf7954585ad143e20f886de58 9e2b5c7fd7bc4acfa26cb51dde097d91 - - -] 10.56.233.135 "GET /v2/9e2b5c7fd7bc4acfa26cb51dde097d91/flavors/detail HTTP/1.1" status: 200 len: 4487 time: 0.0210550
2019-10-30 19:46:05.448 21483 INFO oslo_messaging._drivers.impl_qpid [req-03ec95d3-0639-459f-9ea7-58506462b7d9 a610b75cf7954585ad143e20f886de58 9e2b5c7fd7bc4acfa26cb51dde097d91 - - -] Connected to AMQP server on 10.56.233.135:5672
2019-10-30 19:46:05.456 21483 INFO nova.osapi_compute.wsgi.server [req-03ec95d3-0639-459f-9ea7-58506462b7d9 a610b75cf7954585ad143e20f886de58 9e2b5c7fd7bc4acfa26cb51dde097d91 - - -] 10.56.233.135 "POST /v2/9e2b5c7fd7bc4acfa26cb51dde097d91/os-volumes_boot HTTP/1.1" status: 202 len: 763 time: 2.6984711
2019-10-30 19:46:05.916 21507 INFO nova.osapi_compute.wsgi.server [req-63ac7d5a-9e3d-4966-981e-38990a7154f7 a610b75cf7954585ad143e20f886de58 9e2b5c7fd7bc4acfa26cb51dde097d91 - - -] 10.56.233.135 "GET /v2/9e2b5c7fd7bc4acfa26cb51dde097d91/os-keypairs/CtrlKey HTTP/1.1" status: 200 len: 869 time: 0.0070570
2019-10-30 19:46:06.061 21494 INFO nova.osapi_compute.wsgi.server [req-3f6da6cd-8376-4633-9466-86afd56d72b3 a610b75cf7954585ad143e20f886de58 9e2b5c7fd7bc4acfa26cb51dde097d91 - - -] 10.56.233.135 "GET /v2/9e2b5c7fd7bc4acfa26cb51dde097d91/flavors/detail HTTP/1.1" status: 200 len: 4487 time: 0.0775471
2019-10-30 19:46:06.577 21491 INFO nova.osapi_compute.wsgi.server [req-bc317cd7-81f1-4652-bd14-1ec53c0f3670 a610b75cf7954585ad143e20f886de58 9e2b5c7fd7bc4acfa26cb51dde097d91 - - -] 10.56.233.135 "GET /v2/9e2b5c7fd7bc4acfa26cb51dde097d91/servers/0d199979-fad3-4711-8e01-86475ab69175 HTTP/1.1" status: 200 len: 3624 time: 0.0803699
2019-10-30 19:46:06.928 21471 INFO nova.osapi_compute.wsgi.server [req-81c7a0ba-3114-46fe-843e-bc2f16c33776 a610b75cf7954585ad143e20f886de58 9e2b5c7fd7bc4acfa26cb51dde097d91 - - -] 10.56.233.135 "GET /v2/9e2b5c7fd7bc4acfa26cb51dde097d91/flavors/detail HTTP/1.1" status: 200 len: 4487 time: 0.0706270
2019-10-30 19:46:07.874 21507 INFO nova.osapi_compute.wsgi.server [req-f17391f7-e82e-4d2f-8b14-779738a73573 a610b75cf7954585ad143e20f886de58 9e2b5c7fd7bc4acfa26cb51dde097d91 - - -] 10.56.233.135 "GET /v2/9e2b5c7fd7bc4acfa26cb51dde097d91/os-keypairs/CtrlKey HTTP/1.1" status: 200 len: 869 time: 0.0058749
2019-10-30 19:46:08.108 21491 INFO nova.osapi_compute.wsgi.server [req-2d092140-0cef-42dd-9ba9-eb06c1dade32 a610b75cf7954585ad143e20f886de58 9e2b5c7fd7bc4acfa26cb51dde097d91 - - -] 10.56.233.135 "POST /v2/9e2b5c7fd7bc4acfa26cb51dde097d91/os-volumes_boot HTTP/1.1" status: 202 len: 763 time: 2.0392148
2019-10-30 19:46:08.141 21475 INFO nova.osapi_compute.wsgi.server [req-2055f031-2f8b-4c89-8afb-c3350e762df4 a610b75cf7954585ad143e20f886de58 9e2b5c7fd7bc4acfa26cb51dde097d91 - - -] 10.56.233.135 "DELETE /v2/9e2b5c7fd7bc4acfa26cb51dde097d91/servers/0d199979-fad3-4711-8e01-86475ab69175 HTTP/1.1" status: 204 len: 203 time: 0.2568460
2019-10-30 19:46:09.193 21483 INFO nova.api.openstack.wsgi [req-a2a7187c-7c73-4bb5-b3a3-6d035b83e9bf a610b75cf7954585ad143e20f886de58 9e2b5c7fd7bc4acfa26cb51dde097d91 - - -] HTTP exception thrown: Instance 0d199979-fad3-4711-8e01-86475ab69175 could not be found.
2019-10-30 19:46:09.194 21483 INFO nova.osapi_compute.wsgi.server [req-a2a7187c-7c73-4bb5-b3a3-6d035b83e9bf a610b75cf7954585ad143e20f886de58 9e2b5c7fd7bc4acfa26cb51dde097d91 - - -] 10.56.233.135 "GET /v2/9e2b5c7fd7bc4acfa26cb51dde097d91/servers/0d199979-fad3-4711-8e01-86475ab69175 HTTP/1.1" status: 404 len: 330 time: 0.0496519
2019-10-30 19:46:09.244 21499 INFO nova.osapi_compute.wsgi.server [req-607e7722-fd93-4291-897c-3f156be29841 a610b75cf7954585ad143e20f886de58 9e2b5c7fd7bc4acfa26cb51dde097d91 - - -] 10.56.233.135 "GET /v2/9e2b5c7fd7bc4acfa26cb51dde097d91/servers/8984ad18-056d-4243-81d2-21becdc8fec0 HTTP/1.1" status: 200 len: 3624 time: 0.0789070
2019-10-30 19:46:09.538 21499 INFO nova.osapi_compute.wsgi.server [req-9a669934-7fe2-469d-8db3-e158045bbd61 a610b75cf7954585ad143e20f886de58 9e2b5c7fd7bc4acfa26cb51dde097d91 - - -] 10.56.233.135 "GET /v2/9e2b5c7fd7bc4acfa26cb51dde097d91/flavors/detail HTTP/1.1" status: 200 len: 4487 time: 0.0213270
2019-10-30 19:46:10.409 21525 INFO nova.osapi_compute.wsgi.server [req-4785379f-1c30-4d44-aa5f-e05fda940868 a610b75cf7954585ad143e20f886de58 9e2b5c7fd7bc4acfa26cb51dde097d91 - - -] 10.56.233.135 "GET /v2/9e2b5c7fd7bc4acfa26cb51dde097d91/os-keypairs/CtrlKey HTTP/1.1" status: 200 len: 869 time: 0.0305562
2019-10-30 19:46:10.683 21526 INFO nova.osapi_compute.wsgi.server [req-28540ea7-6d00-4ce1-9179-c189adf9391b a610b75cf7954585ad143e20f886de58 9e2b5c7fd7bc4acfa26cb51dde097d91 - - -] 10.56.233.135 "DELETE /v2/9e2b5c7fd7bc4acfa26cb51dde097d91/servers/8984ad18-056d-4243-81d2-21becdc8fec0 HTTP/1.1" status: 204 len: 203 time: 0.2637892
2019-10-30 19:46:11.806 21510 INFO nova.api.openstack.wsgi [req-a5abe148-849b-4356-a280-bdbde0e5cb5f a610b75cf7954585ad143e20f886de58 9e2b5c7fd7bc4acfa26cb51dde097d91 - - -] HTTP exception thrown: Instance 8984ad18-056d-4243-81d2-21becdc8fec0 could not be found.
2019-10-30 19:46:11.807 21510 INFO nova.osapi_compute.wsgi.server [req-a5abe148-849b-4356-a280-bdbde0e5cb5f a610b75cf7954585ad143e20f886de58 9e2b5c7fd7bc4acfa26cb51dde097d91 - - -] 10.56.233.135 "GET /v2/9e2b5c7fd7bc4acfa26cb51dde097d91/servers/8984ad18-056d-4243-81d2-21becdc8fec0 HTTP/1.1" status: 404 len: 330 time: 0.1205020
2019-10-30 19:46:18.793 21510 INFO nova.osapi_compute.wsgi.server [req-cd4875b2-1d9d-4b97-afb0-1c98f09812b2 a610b75cf7954585ad143e20f886de58 9e2b5c7fd7bc4acfa26cb51dde097d91 - - -] 10.56.233.135 "GET /v2/9e2b5c7fd7bc4acfa26cb51dde097d91/flavors/detail HTTP/1.1" status: 200 len: 4487 time: 0.0212710
2019-10-30 19:46:19.806 21475 INFO nova.osapi_compute.wsgi.server [req-07a97ab9-6992-4388-a79c-7b79b2557ec8 a610b75cf7954585ad143e20f886de58 9e2b5c7fd7bc4acfa26cb51dde097d91 - - -] 10.56.233.135 "GET /v2/9e2b5c7fd7bc4acfa26cb51dde097d91/os-keypairs/CtrlKey HTTP/1.1" status: 200 len: 869 time: 0.0059700
2019-10-30 19:46:20.049 21503 INFO nova.osapi_compute.wsgi.server [req-5ec7629f-a358-49f9-8c32-f3ab718d093a a610b75cf7954585ad143e20f886de58 9e2b5c7fd7bc4acfa26cb51dde097d91 - - -] 10.56.233.135 "GET /v2/9e2b5c7fd7bc4acfa26cb51dde097d91/flavors/detail HTTP/1.1" status: 200 len: 4487 time: 0.0181811
2019-10-30 19:46:21.056 21511 WARNING oslo_config.cfg [req-a3b8ba2e-a8ab-4e10-916b-78bfb3201bfb a610b75cf7954585ad143e20f886de58 9e2b5c7fd7bc4acfa26cb51dde097d91 - - -] Option "auth_strategy" from group "neutron" is deprecated for removal. Its value may be silently ignored in the future.
2019-10-30 19:46:21.057 21511 WARNING oslo_config.cfg [req-a3b8ba2e-a8ab-4e10-916b-78bfb3201bfb a610b75cf7954585ad143e20f886de58 9e2b5c7fd7bc4acfa26cb51dde097d91 - - -] Option "admin_auth_url" from group "neutron" is deprecated for removal. Its value may be silently ignored in the future.
2019-10-30 19:46:21.057 21511 WARNING oslo_config.cfg [req-a3b8ba2e-a8ab-4e10-916b-78bfb3201bfb a610b75cf7954585ad143e20f886de58 9e2b5c7fd7bc4acfa26cb51dde097d91 - - -] Option "admin_username" from group "neutron" is deprecated for removal. Its value may be silently ignored in the future.
2019-10-30 19:46:21.058 21511 WARNING oslo_config.cfg [req-a3b8ba2e-a8ab-4e10-916b-78bfb3201bfb a610b75cf7954585ad143e20f886de58 9e2b5c7fd7bc4acfa26cb51dde097d91 - - -] Option "admin_password" from group "neutron" is deprecated for removal. Its value may be silently ignored in the future.
2019-10-30 19:46:21.058 21511 WARNING oslo_config.cfg [req-a3b8ba2e-a8ab-4e10-916b-78bfb3201bfb a610b75cf7954585ad143e20f886de58 9e2b5c7fd7bc4acfa26cb51dde097d91 - - -] Option "admin_tenant_name" from group "neutron" is deprecated for removal. Its value may be silently ignored in the future.
2019-10-30 19:46:21.202 21498 INFO nova.osapi_compute.wsgi.server [req-bead92a5-75ab-4d87-8ac2-afa536d9bec4 a610b75cf7954585ad143e20f886de58 9e2b5c7fd7bc4acfa26cb51dde097d91 - - -] 10.56.233.135 "GET /v2/9e2b5c7fd7bc4acfa26cb51dde097d91/flavors/detail HTTP/1.1" status: 200 len: 4487 time: 0.0973170
2019-10-30 19:46:22.324 21502 INFO nova.osapi_compute.wsgi.server [req-3cbd642c-44b3-4c29-9ca2-d5fdd31713b8 a610b75cf7954585ad143e20f886de58 9e2b5c7fd7bc4acfa26cb51dde097d91 - - -] 10.56.233.135 "GET /v2/9e2b5c7fd7bc4acfa26cb51dde097d91/os-keypairs/CtrlKey HTTP/1.1" status: 200 len: 869 time: 0.0624611
2019-10-30 19:46:22.383 21502 INFO nova.osapi_compute.wsgi.server [req-2f1b760b-26b7-48da-a2c9-d0b03a9904ab a610b75cf7954585ad143e20f886de58 9e2b5c7fd7bc4acfa26cb51dde097d91 - - -] 10.56.233.135 "GET /v2/9e2b5c7fd7bc4acfa26cb51dde097d91/flavors/detail HTTP/1.1" status: 200 len: 4487 time: 0.0203722
2019-10-30 19:46:22.806 21511 INFO oslo_messaging._drivers.impl_qpid [req-a3b8ba2e-a8ab-4e10-916b-78bfb3201bfb a610b75cf7954585ad143e20f886de58 9e2b5c7fd7bc4acfa26cb51dde097d91 - - -] Connected to AMQP server on 10.56.233.135:5672
2019-10-30 19:46:22.815 21511 INFO nova.osapi_compute.wsgi.server [req-a3b8ba2e-a8ab-4e10-916b-78bfb3201bfb a610b75cf7954585ad143e20f886de58 9e2b5c7fd7bc4acfa26cb51dde097d91 - - -] 10.56.233.135 "POST /v2/9e2b5c7fd7bc4acfa26cb51dde097d91/os-volumes_boot HTTP/1.1" status: 202 len: 763 time: 2.7619202
2019-10-30 19:46:23.464 21481 WARNING oslo_config.cfg [req-01c7179b-7920-4476-973e-6189dda1afc6 a610b75cf7954585ad143e20f886de58 9e2b5c7fd7bc4acfa26cb51dde097d91 - - -] Option "auth_strategy" from group "neutron" is deprecated for removal. Its value may be silently ignored in the future.
2019-10-30 19:46:23.465 21481 WARNING oslo_config.cfg [req-01c7179b-7920-4476-973e-6189dda1afc6 a610b75cf7954585ad143e20f886de58 9e2b5c7fd7bc4acfa26cb51dde097d91 - - -] Option "admin_auth_url" from group "neutron" is deprecated for removal. Its value may be silently ignored in the future.
2019-10-30 19:46:23.465 21481 WARNING oslo_config.cfg [req-01c7179b-7920-4476-973e-6189dda1afc6 a610b75cf7954585ad143e20f886de58 9e2b5c7fd7bc4acfa26cb51dde097d91 - - -] Option "admin_username" from group "neutron" is deprecated for removal. Its value may be silently ignored in the future.
2019-10-30 19:46:23.466 21481 WARNING oslo_config.cfg [req-01c7179b-7920-4476-973e-6189dda1afc6 a610b75cf7954585ad143e20f886de58 9e2b5c7fd7bc4acfa26cb51dde097d91 - - -] Option "admin_password" from group "neutron" is deprecated for removal. Its value may be silently ignored in the future.
2019-10-30 19:46:23.466 21481 WARNING oslo_config.cfg [req-01c7179b-7920-4476-973e-6189dda1afc6 a610b75cf7954585ad143e20f886de58 9e2b5c7fd7bc4acfa26cb51dde097d91 - - -] Option "admin_tenant_name" from group "neutron" is deprecated for removal. Its value may be silently ignored in the future.
2019-10-30 19:46:24.005 21521 INFO nova.osapi_compute.wsgi.server [req-60585f00-b18b-4615-a1a7-b3100dc592db a610b75cf7954585ad143e20f886de58 9e2b5c7fd7bc4acfa26cb51dde097d91 - - -] 10.56.233.135 "GET /v2/9e2b5c7fd7bc4acfa26cb51dde097d91/servers/b51ea5a8-51a2-415f-8774-c03c3e064532 HTTP/1.1" status: 200 len: 3624 time: 0.1483119
2019-10-30 19:46:24.509 21481 INFO nova.osapi_compute.wsgi.server [req-325fadae-c8d9-4f37-9436-392c97df1d4c a610b75cf7954585ad143e20f886de58 9e2b5c7fd7bc4acfa26cb51dde097d91 - - -] 10.56.233.135 "GET /v2/9e2b5c7fd7bc4acfa26cb51dde097d91/flavors/detail HTTP/1.1" status: 200 len: 4487 time: 0.0241780
2019-10-30 19:46:25.150 21481 INFO oslo_messaging._drivers.impl_qpid [req-01c7179b-7920-4476-973e-6189dda1afc6 a610b75cf7954585ad143e20f886de58 9e2b5c7fd7bc4acfa26cb51dde097d91 - - -] Connected to AMQP server on 10.56.233.135:5672
2019-10-30 19:46:25.158 21481 INFO nova.osapi_compute.wsgi.server [req-01c7179b-7920-4476-973e-6189dda1afc6 a610b75cf7954585ad143e20f886de58 9e2b5c7fd7bc4acfa26cb51dde097d91 - - -] 10.56.233.135 "POST /v2/9e2b5c7fd7bc4acfa26cb51dde097d91/os-volumes_boot HTTP/1.1" status: 202 len: 763 time: 2.7714169
2019-10-30 19:46:25.347 21481 INFO nova.osapi_compute.wsgi.server [req-e4476a2a-5830-443b-a97d-67f33835985f a610b75cf7954585ad143e20f886de58 9e2b5c7fd7bc4acfa26cb51dde097d91 - - -] 10.56.233.135 "GET /v2/9e2b5c7fd7bc4acfa26cb51dde097d91/os-keypairs/CtrlKey HTTP/1.1" status: 200 len: 869 time: 0.0067120
2019-10-30 19:46:25.899 21500 WARNING oslo_config.cfg [req-56c5028a-b82d-4219-9c00-b08fd7b15a49 a610b75cf7954585ad143e20f886de58 9e2b5c7fd7bc4acfa26cb51dde097d91 - - -] Option "sql_connection" from group "DEFAULT" is deprecated. Use option "connection" from group "database".
2019-10-30 19:46:26.292 21500 INFO nova.osapi_compute.wsgi.server [req-56c5028a-b82d-4219-9c00-b08fd7b15a49 a610b75cf7954585ad143e20f886de58 9e2b5c7fd7bc4acfa26cb51dde097d91 - - -] 10.56.233.135 "DELETE /v2/9e2b5c7fd7bc4acfa26cb51dde097d91/servers/b51ea5a8-51a2-415f-8774-c03c3e064532 HTTP/1.1" status: 204 len: 203 time: 0.9346180
2019-10-30 19:46:26.362 21520 INFO nova.osapi_compute.wsgi.server [req-8b86c324-4558-4384-a40c-18cb371da71f a610b75cf7954585ad143e20f886de58 9e2b5c7fd7bc4acfa26cb51dde097d91 - - -] 10.56.233.135 "GET /v2/9e2b5c7fd7bc4acfa26cb51dde097d91/servers/137a09cd-df27-4a07-980a-957895ab4a91 HTTP/1.1" status: 200 len: 3624 time: 0.1631951
2019-10-30 19:46:26.971 21522 INFO nova.osapi_compute.wsgi.server [req-9b5d7938-77f8-40a1-8d27-897e9520b190 a610b75cf7954585ad143e20f886de58 9e2b5c7fd7bc4acfa26cb51dde097d91 - - -] 10.56.233.135 "GET /v2/9e2b5c7fd7bc4acfa26cb51dde097d91/flavors/detail HTTP/1.1" status: 200 len: 4487 time: 0.0208259
2019-10-30 19:46:27.834 21482 WARNING oslo_config.cfg [req-23a8c3cd-1f1b-4ffb-b44f-82c6918d27b0 a610b75cf7954585ad143e20f886de58 9e2b5c7fd7bc4acfa26cb51dde097d91 - - -] Option "sql_connection" from group "DEFAULT" is deprecated. Use option "connection" from group "database".
2019-10-30 19:46:27.986 21482 INFO nova.api.openstack.wsgi [req-23a8c3cd-1f1b-4ffb-b44f-82c6918d27b0 a610b75cf7954585ad143e20f886de58 9e2b5c7fd7bc4acfa26cb51dde097d91 - - -] HTTP exception thrown: Instance b51ea5a8-51a2-415f-8774-c03c3e064532 could not be found.
2019-10-30 19:46:27.987 21482 INFO nova.osapi_compute.wsgi.server [req-23a8c3cd-1f1b-4ffb-b44f-82c6918d27b0 a610b75cf7954585ad143e20f886de58 9e2b5c7fd7bc4acfa26cb51dde097d91 - - -] 10.56.233.135 "GET /v2/9e2b5c7fd7bc4acfa26cb51dde097d91/servers/b51ea5a8-51a2-415f-8774-c03c3e064532 HTTP/1.1" status: 404 len: 330 time: 0.6917322
2019-10-30 19:46:28.116 21494 INFO nova.osapi_compute.wsgi.server [req-4b8184da-2fcc-4bd6-a4bb-d88b4adc5794 a610b75cf7954585ad143e20f886de58 9e2b5c7fd7bc4acfa26cb51dde097d91 - - -] 10.56.233.135 "GET /v2/9e2b5c7fd7bc4acfa26cb51dde097d91/os-keypairs/CtrlKey HTTP/1.1" status: 200 len: 869 time: 0.0062351
2019-10-30 19:46:28.458 21476 INFO nova.osapi_compute.wsgi.server [req-5abb4ca5-107e-4c39-9bc1-766fe42e1565 a610b75cf7954585ad143e20f886de58 9e2b5c7fd7bc4acfa26cb51dde097d91 - - -] 10.56.233.135 "DELETE /v2/9e2b5c7fd7bc4acfa26cb51dde097d91/servers/137a09cd-df27-4a07-980a-957895ab4a91 HTTP/1.1" status: 204 len: 203 time: 0.3323810
2019-10-30 19:46:29.513 21476 INFO nova.api.openstack.wsgi [req-6f1712dc-ef4c-4eff-b9ec-ee1fcedd362f a610b75cf7954585ad143e20f886de58 9e2b5c7fd7bc4acfa26cb51dde097d91 - - -] HTTP exception thrown: Instance 137a09cd-df27-4a07-980a-957895ab4a91 could not be found.
2019-10-30 19:46:29.514 21476 INFO nova.osapi_compute.wsgi.server [req-6f1712dc-ef4c-4eff-b9ec-ee1fcedd362f a610b75cf7954585ad143e20f886de58 9e2b5c7fd7bc4acfa26cb51dde097d91 - - -] 10.56.233.135 "GET /v2/9e2b5c7fd7bc4acfa26cb51dde097d91/servers/137a09cd-df27-4a07-980a-957895ab4a91 HTTP/1.1" status: 404 len: 330 time: 0.0516171
2019-10-30 19:46:45.399 21479 INFO nova.osapi_compute.wsgi.server [req-4b261641-4024-473a-bc8f-7b614554e08f a610b75cf7954585ad143e20f886de58 9e2b5c7fd7bc4acfa26cb51dde097d91 - - -] 10.56.233.135 "GET /v2/9e2b5c7fd7bc4acfa26cb51dde097d91/flavors/detail HTTP/1.1" status: 200 len: 4487 time: 0.0221438
2019-10-30 19:46:46.344 21494 INFO nova.osapi_compute.wsgi.server [req-1842bc9a-e6ad-4124-aa67-4033b302e372 a610b75cf7954585ad143e20f886de58 9e2b5c7fd7bc4acfa26cb51dde097d91 - - -] 10.56.233.135 "GET /v2/9e2b5c7fd7bc4acfa26cb51dde097d91/os-keypairs/CtrlKey HTTP/1.1" status: 200 len: 869 time: 0.0057759
2019-10-30 19:46:46.456 21500 INFO nova.osapi_compute.wsgi.server [req-15bd3a65-18e0-4c6b-96bf-6322aa047601 a610b75cf7954585ad143e20f886de58 9e2b5c7fd7bc4acfa26cb51dde097d91 - - -] 10.56.233.135 "GET /v2/9e2b5c7fd7bc4acfa26cb51dde097d91/flavors/detail HTTP/1.1" status: 200 len: 4487 time: 0.0211809
2019-10-30 19:46:47.424 21523 WARNING oslo_config.cfg [req-7ad1a0dd-7128-407c-8353-ff3f54b19192 a610b75cf7954585ad143e20f886de58 9e2b5c7fd7bc4acfa26cb51dde097d91 - - -] Option "auth_strategy" from group "neutron" is deprecated for removal. Its value may be silently ignored in the future.
2019-10-30 19:46:47.425 21523 WARNING oslo_config.cfg [req-7ad1a0dd-7128-407c-8353-ff3f54b19192 a610b75cf7954585ad143e20f886de58 9e2b5c7fd7bc4acfa26cb51dde097d91 - - -] Option "admin_auth_url" from group "neutron" is deprecated for removal. Its value may be silently ignored in the future.
2019-10-30 19:46:47.425 21523 WARNING oslo_config.cfg [req-7ad1a0dd-7128-407c-8353-ff3f54b19192 a610b75cf7954585ad143e20f886de58 9e2b5c7fd7bc4acfa26cb51dde097d91 - - -] Option "admin_username" from group "neutron" is deprecated for removal. Its value may be silently ignored in the future.
2019-10-30 19:46:47.425 21523 WARNING oslo_config.cfg [req-7ad1a0dd-7128-407c-8353-ff3f54b19192 a610b75cf7954585ad143e20f886de58 9e2b5c7fd7bc4acfa26cb51dde097d91 - - -] Option "admin_password" from group "neutron" is deprecated for removal. Its value may be silently ignored in the future.
2019-10-30 19:46:47.426 21523 WARNING oslo_config.cfg [req-7ad1a0dd-7128-407c-8353-ff3f54b19192 a610b75cf7954585ad143e20f886de58 9e2b5c7fd7bc4acfa26cb51dde097d91 - - -] Option "admin_tenant_name" from group "neutron" is deprecated for removal. Its value may be silently ignored in the future.
2019-10-30 19:46:48.024 21476 INFO nova.osapi_compute.wsgi.server [req-6c8b3659-2eaa-48f7-8ed3-9c0ce6e6a832 a610b75cf7954585ad143e20f886de58 9e2b5c7fd7bc4acfa26cb51dde097d91 - - -] 10.56.233.135 "GET /v2/9e2b5c7fd7bc4acfa26cb51dde097d91/flavors/detail HTTP/1.1" status: 200 len: 4487 time: 0.0194240
2019-10-30 19:46:48.821 21523 INFO oslo_messaging._drivers.impl_qpid [req-7ad1a0dd-7128-407c-8353-ff3f54b19192 a610b75cf7954585ad143e20f886de58 9e2b5c7fd7bc4acfa26cb51dde097d91 - - -] Connected to AMQP server on 10.56.233.135:5672
2019-10-30 19:46:48.835 21523 INFO nova.osapi_compute.wsgi.server [req-7ad1a0dd-7128-407c-8353-ff3f54b19192 a610b75cf7954585ad143e20f886de58 9e2b5c7fd7bc4acfa26cb51dde097d91 - - -] 10.56.233.135 "POST /v2/9e2b5c7fd7bc4acfa26cb51dde097d91/os-volumes_boot HTTP/1.1" status: 202 len: 763 time: 2.3752160
2019-10-30 19:46:49.075 21469 INFO nova.osapi_compute.wsgi.server [req-bbe54649-7117-462c-b195-3a3eb5d36cc9 a610b75cf7954585ad143e20f886de58 9e2b5c7fd7bc4acfa26cb51dde097d91 - - -] 10.56.233.135 "GET /v2/9e2b5c7fd7bc4acfa26cb51dde097d91/os-keypairs/CtrlKey HTTP/1.1" status: 200 len: 869 time: 0.0073099
2019-10-30 19:46:49.133 21526 INFO nova.osapi_compute.wsgi.server [req-11c9d36a-8c46-4a8b-8157-12fbb20f0055 a610b75cf7954585ad143e20f886de58 9e2b5c7fd7bc4acfa26cb51dde097d91 - - -] 10.56.233.135 "GET /v2/9e2b5c7fd7bc4acfa26cb51dde097d91/flavors/detail HTTP/1.1" status: 200 len: 4487 time: 0.0191698
2019-10-30 19:46:50.003 21474 INFO nova.osapi_compute.wsgi.server [req-4030f261-44f9-49ac-8485-7c6254624df7 a610b75cf7954585ad143e20f886de58 9e2b5c7fd7bc4acfa26cb51dde097d91 - - -] 10.56.233.135 "GET /v2/9e2b5c7fd7bc4acfa26cb51dde097d91/servers/436e31a7-74e7-4e04-85e0-dec5886ed336 HTTP/1.1" status: 200 len: 3624 time: 0.1292782
2019-10-30 19:46:50.361 21495 WARNING oslo_config.cfg [req-0eb0d9cd-69fb-4887-b9a9-8e3ab1632fed a610b75cf7954585ad143e20f886de58 9e2b5c7fd7bc4acfa26cb51dde097d91 - - -] Option "auth_strategy" from group "neutron" is deprecated for removal. Its value may be silently ignored in the future.
2019-10-30 19:46:50.363 21495 WARNING oslo_config.cfg [req-0eb0d9cd-69fb-4887-b9a9-8e3ab1632fed a610b75cf7954585ad143e20f886de58 9e2b5c7fd7bc4acfa26cb51dde097d91 - - -] Option "admin_auth_url" from group "neutron" is deprecated for removal. Its value may be silently ignored in the future.
2019-10-30 19:46:50.363 21495 WARNING oslo_config.cfg [req-0eb0d9cd-69fb-4887-b9a9-8e3ab1632fed a610b75cf7954585ad143e20f886de58 9e2b5c7fd7bc4acfa26cb51dde097d91 - - -] Option "admin_username" from group "neutron" is deprecated for removal. Its value may be silently ignored in the future.
2019-10-30 19:46:50.364 21495 WARNING oslo_config.cfg [req-0eb0d9cd-69fb-4887-b9a9-8e3ab1632fed a610b75cf7954585ad143e20f886de58 9e2b5c7fd7bc4acfa26cb51dde097d91 - - -] Option "admin_password" from group "neutron" is deprecated for removal. Its value may be silently ignored in the future.
2019-10-30 19:46:50.364 21495 WARNING oslo_config.cfg [req-0eb0d9cd-69fb-4887-b9a9-8e3ab1632fed a610b75cf7954585ad143e20f886de58 9e2b5c7fd7bc4acfa26cb51dde097d91 - - -] Option "admin_tenant_name" from group "neutron" is deprecated for removal. Its value may be silently ignored in the future.
2019-10-30 19:46:50.484 21474 INFO nova.osapi_compute.wsgi.server [req-d4ad3bfb-a256-4de4-9d79-d3fe0092afa3 a610b75cf7954585ad143e20f886de58 9e2b5c7fd7bc4acfa26cb51dde097d91 - - -] 10.56.233.135 "GET /v2/9e2b5c7fd7bc4acfa26cb51dde097d91/flavors/detail HTTP/1.1" status: 200 len: 4487 time: 0.0172250
2019-10-30 19:46:51.815 21495 INFO oslo_messaging._drivers.impl_qpid [req-0eb0d9cd-69fb-4887-b9a9-8e3ab1632fed a610b75cf7954585ad143e20f886de58 9e2b5c7fd7bc4acfa26cb51dde097d91 - - -] Connected to AMQP server on 10.56.233.135:5672
2019-10-30 19:46:51.824 21495 INFO nova.osapi_compute.wsgi.server [req-0eb0d9cd-69fb-4887-b9a9-8e3ab1632fed a610b75cf7954585ad143e20f886de58 9e2b5c7fd7bc4acfa26cb51dde097d91 - - -] 10.56.233.135 "POST /v2/9e2b5c7fd7bc4acfa26cb51dde097d91/os-volumes_boot HTTP/1.1" status: 202 len: 763 time: 2.6865690
2019-10-30 19:46:52.096 21501 WARNING oslo_config.cfg [req-b7400fc7-6f54-45d1-91c7-e649d1a5423c a610b75cf7954585ad143e20f886de58 9e2b5c7fd7bc4acfa26cb51dde097d91 - - -] Option "sql_connection" from group "DEFAULT" is deprecated. Use option "connection" from group "database".
2019-10-30 19:46:52.208 21501 INFO nova.osapi_compute.wsgi.server [req-b7400fc7-6f54-45d1-91c7-e649d1a5423c a610b75cf7954585ad143e20f886de58 9e2b5c7fd7bc4acfa26cb51dde097d91 - - -] 10.56.233.135 "GET /v2/9e2b5c7fd7bc4acfa26cb51dde097d91/os-keypairs/CtrlKey HTTP/1.1" status: 200 len: 869 time: 0.6372499
2019-10-30 19:46:52.475 21501 INFO nova.osapi_compute.wsgi.server [req-7dbd0ad1-1d4a-45d1-a86a-a4bb6cae51ec a610b75cf7954585ad143e20f886de58 9e2b5c7fd7bc4acfa26cb51dde097d91 - - -] 10.56.233.135 "DELETE /v2/9e2b5c7fd7bc4acfa26cb51dde097d91/servers/436e31a7-74e7-4e04-85e0-dec5886ed336 HTTP/1.1" status: 204 len: 203 time: 0.2562392
2019-10-30 19:46:52.957 21504 INFO nova.osapi_compute.wsgi.server [req-0347e602-f988-4af4-95e4-7e581e6d3058 a610b75cf7954585ad143e20f886de58 9e2b5c7fd7bc4acfa26cb51dde097d91 - - -] 10.56.233.135 "GET /v2/9e2b5c7fd7bc4acfa26cb51dde097d91/servers/763c741e-e802-44b5-9024-06fa9b23c967 HTTP/1.1" status: 200 len: 3624 time: 0.0917189
2019-10-30 19:46:53.448 21471 INFO nova.osapi_compute.wsgi.server [req-121728c8-4d1b-4139-bd65-869c74674191 a610b75cf7954585ad143e20f886de58 9e2b5c7fd7bc4acfa26cb51dde097d91 - - -] 10.56.233.135 "GET /v2/9e2b5c7fd7bc4acfa26cb51dde097d91/flavors/detail HTTP/1.1" status: 200 len: 4487 time: 0.0179470
2019-10-30 19:46:53.520 21501 INFO nova.api.openstack.wsgi [req-5112fa0b-6a56-49c6-9272-40acd8b2c12d a610b75cf7954585ad143e20f886de58 9e2b5c7fd7bc4acfa26cb51dde097d91 - - -] HTTP exception thrown: Instance 436e31a7-74e7-4e04-85e0-dec5886ed336 could not be found.
2019-10-30 19:46:53.521 21501 INFO nova.osapi_compute.wsgi.server [req-5112fa0b-6a56-49c6-9272-40acd8b2c12d a610b75cf7954585ad143e20f886de58 9e2b5c7fd7bc4acfa26cb51dde097d91 - - -] 10.56.233.135 "GET /v2/9e2b5c7fd7bc4acfa26cb51dde097d91/servers/436e31a7-74e7-4e04-85e0-dec5886ed336 HTTP/1.1" status: 404 len: 330 time: 0.0428190
2019-10-30 19:46:54.520 21516 INFO nova.osapi_compute.wsgi.server [req-ff9cb3c3-26df-4750-8c64-8f87e5498c27 a610b75cf7954585ad143e20f886de58 9e2b5c7fd7bc4acfa26cb51dde097d91 - - -] 10.56.233.135 "GET /v2/9e2b5c7fd7bc4acfa26cb51dde097d91/os-keypairs/CtrlKey HTTP/1.1" status: 200 len: 869 time: 0.0063729
2019-10-30 19:46:54.867 21513 INFO nova.osapi_compute.wsgi.server [req-20315c13-c250-4474-ad3b-e9fd2f78444b a610b75cf7954585ad143e20f886de58 9e2b5c7fd7bc4acfa26cb51dde097d91 - - -] 10.56.233.135 "DELETE /v2/9e2b5c7fd7bc4acfa26cb51dde097d91/servers/763c741e-e802-44b5-9024-06fa9b23c967 HTTP/1.1" status: 204 len: 203 time: 0.3376110
2019-10-30 19:46:55.917 21516 INFO nova.api.openstack.wsgi [req-52a497e5-393b-4da2-8bfd-700c00903a2d a610b75cf7954585ad143e20f886de58 9e2b5c7fd7bc4acfa26cb51dde097d91 - - -] HTTP exception thrown: Instance 763c741e-e802-44b5-9024-06fa9b23c967 could not be found.
2019-10-30 19:46:55.918 21516 INFO nova.osapi_compute.wsgi.server [req-52a497e5-393b-4da2-8bfd-700c00903a2d a610b75cf7954585ad143e20f886de58 9e2b5c7fd7bc4acfa26cb51dde097d91 - - -] 10.56.233.135 "GET /v2/9e2b5c7fd7bc4acfa26cb51dde097d91/servers/763c741e-e802-44b5-9024-06fa9b23c967 HTTP/1.1" status: 404 len: 330 time: 0.0468450
2019-10-30 19:47:27.038 21488 INFO nova.osapi_compute.wsgi.server [req-445acc3d-eeae-43a5-9c17-3fee26662fba a610b75cf7954585ad143e20f886de58 9e2b5c7fd7bc4acfa26cb51dde097d91 - - -] 10.56.233.135 "GET /v2/9e2b5c7fd7bc4acfa26cb51dde097d91/flavors/detail HTTP/1.1" status: 200 len: 4487 time: 0.0723720
2019-10-30 19:47:27.961 21498 INFO nova.osapi_compute.wsgi.server [req-1ec7447e-eb4e-4677-97c2-2be3f2b64dcf a610b75cf7954585ad143e20f886de58 9e2b5c7fd7bc4acfa26cb51dde097d91 - - -] 10.56.233.135 "GET /v2/9e2b5c7fd7bc4acfa26cb51dde097d91/os-keypairs/CtrlKey HTTP/1.1" status: 200 len: 869 time: 0.0074780
2019-10-30 19:47:28.016 21478 INFO nova.osapi_compute.wsgi.server [req-b2f7b85a-4de0-43b2-8dcb-2acee437e8b2 a610b75cf7954585ad143e20f886de58 9e2b5c7fd7bc4acfa26cb51dde097d91 - - -] 10.56.233.135 "GET /v2/9e2b5c7fd7bc4acfa26cb51dde097d91/flavors/detail HTTP/1.1" status: 200 len: 4487 time: 0.0193348
2019-10-30 19:47:29.154 21472 WARNING oslo_config.cfg [req-5159395f-fcf6-49f4-9638-d394cd794d30 a610b75cf7954585ad143e20f886de58 9e2b5c7fd7bc4acfa26cb51dde097d91 - - -] Option "auth_strategy" from group "neutron" is deprecated for removal. Its value may be silently ignored in the future.
2019-10-30 19:47:29.155 21472 WARNING oslo_config.cfg [req-5159395f-fcf6-49f4-9638-d394cd794d30 a610b75cf7954585ad143e20f886de58 9e2b5c7fd7bc4acfa26cb51dde097d91 - - -] Option "admin_auth_url" from group "neutron" is deprecated for removal. Its value may be silently ignored in the future.
2019-10-30 19:47:29.155 21472 WARNING oslo_config.cfg [req-5159395f-fcf6-49f4-9638-d394cd794d30 a610b75cf7954585ad143e20f886de58 9e2b5c7fd7bc4acfa26cb51dde097d91 - - -] Option "admin_username" from group "neutron" is deprecated for removal. Its value may be silently ignored in the future.
2019-10-30 19:47:29.155 21472 WARNING oslo_config.cfg [req-5159395f-fcf6-49f4-9638-d394cd794d30 a610b75cf7954585ad143e20f886de58 9e2b5c7fd7bc4acfa26cb51dde097d91 - - -] Option "admin_password" from group "neutron" is deprecated for removal. Its value may be silently ignored in the future.
2019-10-30 19:47:29.156 21472 WARNING oslo_config.cfg [req-5159395f-fcf6-49f4-9638-d394cd794d30 a610b75cf7954585ad143e20f886de58 9e2b5c7fd7bc4acfa26cb51dde097d91 - - -] Option "admin_tenant_name" from group "neutron" is deprecated for removal. Its value may be silently ignored in the future.
2019-10-30 19:47:29.372 21518 INFO nova.osapi_compute.wsgi.server [req-e38dd1b6-7f50-4c56-b69d-a9e636e821b3 a610b75cf7954585ad143e20f886de58 9e2b5c7fd7bc4acfa26cb51dde097d91 - - -] 10.56.233.135 "GET /v2/9e2b5c7fd7bc4acfa26cb51dde097d91/flavors/detail HTTP/1.1" status: 200 len: 4487 time: 0.0968888
2019-10-30 19:47:30.594 21472 INFO nova.osapi_compute.wsgi.server [req-d19fceb8-9f7d-4f6b-9de1-aea87d38459f a610b75cf7954585ad143e20f886de58 9e2b5c7fd7bc4acfa26cb51dde097d91 - - -] 10.56.233.135 "GET /v2/9e2b5c7fd7bc4acfa26cb51dde097d91/os-keypairs/CtrlKey HTTP/1.1" status: 200 len: 869 time: 0.0195749
2019-10-30 19:47:30.702 21472 INFO nova.osapi_compute.wsgi.server [req-c9d0b8d9-1c45-4f9b-9434-351cf5df22c6 a610b75cf7954585ad143e20f886de58 9e2b5c7fd7bc4acfa26cb51dde097d91 - - -] 10.56.233.135 "GET /v2/9e2b5c7fd7bc4acfa26cb51dde097d91/flavors/detail HTTP/1.1" status: 200 len: 4487 time: 0.0213389
2019-10-30 19:47:30.848 21472 INFO oslo_messaging._drivers.impl_qpid [req-5159395f-fcf6-49f4-9638-d394cd794d30 a610b75cf7954585ad143e20f886de58 9e2b5c7fd7bc4acfa26cb51dde097d91 - - -] Connected to AMQP server on 10.56.233.135:5672
2019-10-30 19:47:30.858 21472 INFO nova.osapi_compute.wsgi.server [req-5159395f-fcf6-49f4-9638-d394cd794d30 a610b75cf7954585ad143e20f886de58 9e2b5c7fd7bc4acfa26cb51dde097d91 - - -] 10.56.233.135 "POST /v2/9e2b5c7fd7bc4acfa26cb51dde097d91/os-volumes_boot HTTP/1.1" status: 202 len: 763 time: 2.8377960
2019-10-30 19:47:31.852 21487 WARNING oslo_config.cfg [req-16a9da8e-90ca-432e-9a8e-fbf9ae10dafb a610b75cf7954585ad143e20f886de58 9e2b5c7fd7bc4acfa26cb51dde097d91 - - -] Option "sql_connection" from group "DEFAULT" is deprecated. Use option "connection" from group "database".
2019-10-30 19:47:31.981 21469 INFO nova.osapi_compute.wsgi.server [req-47e4f6d3-5516-4ad8-8238-830729dead71 a610b75cf7954585ad143e20f886de58 9e2b5c7fd7bc4acfa26cb51dde097d91 - - -] 10.56.233.135 "GET /v2/9e2b5c7fd7bc4acfa26cb51dde097d91/servers/3d32a1a4-f880-416d-96f4-ecf595849c62 HTTP/1.1" status: 200 len: 3624 time: 0.0828719
2019-10-30 19:47:32.295 21487 WARNING oslo_config.cfg [req-16a9da8e-90ca-432e-9a8e-fbf9ae10dafb a610b75cf7954585ad143e20f886de58 9e2b5c7fd7bc4acfa26cb51dde097d91 - - -] Option "auth_strategy" from group "neutron" is deprecated for removal. Its value may be silently ignored in the future.
2019-10-30 19:47:32.295 21487 WARNING oslo_config.cfg [req-16a9da8e-90ca-432e-9a8e-fbf9ae10dafb a610b75cf7954585ad143e20f886de58 9e2b5c7fd7bc4acfa26cb51dde097d91 - - -] Option "admin_auth_url" from group "neutron" is deprecated for removal. Its value may be silently ignored in the future.
2019-10-30 19:47:32.295 21487 WARNING oslo_config.cfg [req-16a9da8e-90ca-432e-9a8e-fbf9ae10dafb a610b75cf7954585ad143e20f886de58 9e2b5c7fd7bc4acfa26cb51dde097d91 - - -] Option "admin_username" from group "neutron" is deprecated for removal. Its value may be silently ignored in the future.
2019-10-30 19:47:32.296 21487 WARNING oslo_config.cfg [req-16a9da8e-90ca-432e-9a8e-fbf9ae10dafb a610b75cf7954585ad143e20f886de58 9e2b5c7fd7bc4acfa26cb51dde097d91 - - -] Option "admin_password" from group "neutron" is deprecated for removal. Its value may be silently ignored in the future.
2019-10-30 19:47:32.296 21487 WARNING oslo_config.cfg [req-16a9da8e-90ca-432e-9a8e-fbf9ae10dafb a610b75cf7954585ad143e20f886de58 9e2b5c7fd7bc4acfa26cb51dde097d91 - - -] Option "admin_tenant_name" from group "neutron" is deprecated for removal. Its value may be silently ignored in the future.
2019-10-30 19:47:33.738 21487 INFO oslo_messaging._drivers.impl_qpid [req-16a9da8e-90ca-432e-9a8e-fbf9ae10dafb a610b75cf7954585ad143e20f886de58 9e2b5c7fd7bc4acfa26cb51dde097d91 - - -] Connected to AMQP server on 10.56.233.135:5672
2019-10-30 19:47:33.746 21487 INFO nova.osapi_compute.wsgi.server [req-16a9da8e-90ca-432e-9a8e-fbf9ae10dafb a610b75cf7954585ad143e20f886de58 9e2b5c7fd7bc4acfa26cb51dde097d91 - - -] 10.56.233.135 "POST /v2/9e2b5c7fd7bc4acfa26cb51dde097d91/os-volumes_boot HTTP/1.1" status: 202 len: 763 time: 3.0397401
2019-10-30 19:47:34.871 21520 INFO nova.osapi_compute.wsgi.server [req-8a451fd6-58f5-4349-886e-f3c1f63d7b98 a610b75cf7954585ad143e20f886de58 9e2b5c7fd7bc4acfa26cb51dde097d91 - - -] 10.56.233.135 "GET /v2/9e2b5c7fd7bc4acfa26cb51dde097d91/servers/35b03d6f-21e9-4518-b295-31dbc61366c3 HTTP/1.1" status: 200 len: 3624 time: 0.0804789
2019-10-30 19:55:16.667 21471 INFO nova.osapi_compute.wsgi.server [req-33c23f38-6c50-4f1e-b7cc-c2dad1d5cf1c a610b75cf7954585ad143e20f886de58 9e2b5c7fd7bc4acfa26cb51dde097d91 - - -] 10.56.233.135 "GET /v2/9e2b5c7fd7bc4acfa26cb51dde097d91/os-hosts HTTP/1.1" status: 200 len: 557 time: 0.0662589
2019-10-30 22:25:48.999 21523 INFO nova.osapi_compute.wsgi.server [req-7bac5af7-5979-4170-830e-7e3a58d7aa1f a610b75cf7954585ad143e20f886de58 9e2b5c7fd7bc4acfa26cb51dde097d91 - - -] 10.56.233.135 "GET /v2/ HTTP/1.1" status: 200 len: 575 time: 0.1206999
2019-10-30 22:25:49.310 21523 INFO nova.osapi_compute.wsgi.server [req-b4f4fdb0-d4df-4a8e-8be9-70dd1e0e3ba0 a610b75cf7954585ad143e20f886de58 9e2b5c7fd7bc4acfa26cb51dde097d91 - - -] 10.56.233.135 "GET /v2/9e2b5c7fd7bc4acfa26cb51dde097d91/servers/detail HTTP/1.1" status: 200 len: 7043 time: 0.2000659
2019-10-30 22:27:07.575 21490 INFO nova.osapi_compute.wsgi.server [req-e58a0a66-70a6-4d39-aff8-2b7ce8abb873 a610b75cf7954585ad143e20f886de58 9e2b5c7fd7bc4acfa26cb51dde097d91 - - -] 10.56.233.135 "GET /v2/ HTTP/1.1" status: 200 len: 575 time: 0.1457791
2019-10-30 22:27:07.904 21490 INFO nova.osapi_compute.wsgi.server [req-70627bfd-1858-4c82-b3bf-ac9f375e25b9 a610b75cf7954585ad143e20f886de58 9e2b5c7fd7bc4acfa26cb51dde097d91 - - -] 10.56.233.135 "GET /v2/9e2b5c7fd7bc4acfa26cb51dde097d91/servers/detail HTTP/1.1" status: 200 len: 7043 time: 0.2216840
2019-10-30 22:37:36.249 21495 INFO nova.osapi_compute.wsgi.server [req-6e577892-c6cd-4975-acfb-7c46fe62d77e a610b75cf7954585ad143e20f886de58 9e2b5c7fd7bc4acfa26cb51dde097d91 - - -] 10.56.233.135 "GET /v2/9e2b5c7fd7bc4acfa26cb51dde097d91/flavors/detail HTTP/1.1" status: 200 len: 4487 time: 0.1421351
2019-10-30 22:37:56.908 21496 INFO nova.osapi_compute.wsgi.server [req-6b527471-0350-46ee-b3c7-66b03a21f178 a610b75cf7954585ad143e20f886de58 9e2b5c7fd7bc4acfa26cb51dde097d91 - - -] 10.56.233.135 "GET /v2/9e2b5c7fd7bc4acfa26cb51dde097d91/flavors/45abb35d-b939-42c8-ba51-c6aafa5b590b HTTP/1.1" status: 200 len: 755 time: 0.1368120
2019-10-30 22:37:56.922 21496 INFO nova.osapi_compute.wsgi.server [req-af0e80da-339f-4d40-bb2e-05e3f4647603 a610b75cf7954585ad143e20f886de58 9e2b5c7fd7bc4acfa26cb51dde097d91 - - -] 10.56.233.135 "GET /v2/9e2b5c7fd7bc4acfa26cb51dde097d91/flavors/45abb35d-b939-42c8-ba51-c6aafa5b590b/os-extra_specs HTTP/1.1" status: 200 len: 309 time: 0.0115418
2019-10-30 22:58:25.076 21512 INFO nova.osapi_compute.wsgi.server [req-85ade519-0716-43bd-96b9-f6453ee4095b a610b75cf7954585ad143e20f886de58 9e2b5c7fd7bc4acfa26cb51dde097d91 - - -] 10.56.233.135 "GET /v2/ HTTP/1.1" status: 200 len: 575 time: 0.1217320
2019-10-30 22:58:25.225 21512 INFO nova.osapi_compute.wsgi.server [req-bdc114c6-6894-4524-ac40-c6daa4461427 a610b75cf7954585ad143e20f886de58 9e2b5c7fd7bc4acfa26cb51dde097d91 - - -] 10.56.233.135 "GET /v2/9e2b5c7fd7bc4acfa26cb51dde097d91/os-availability-zone/detail HTTP/1.1" status: 200 len: 882 time: 0.0375600
2019-10-30 22:59:00.859 21512 INFO nova.osapi_compute.wsgi.server [req-495ee2a9-2c2a-468a-90b3-88d73ae27544 a610b75cf7954585ad143e20f886de58 9e2b5c7fd7bc4acfa26cb51dde097d91 - - -] 10.56.233.135 "GET /v2/ HTTP/1.1" status: 200 len: 575 time: 0.0582342
2019-10-30 22:59:00.978 21512 INFO nova.osapi_compute.wsgi.server [req-d849d31d-d460-4e49-ac1d-4dff983ec680 a610b75cf7954585ad143e20f886de58 9e2b5c7fd7bc4acfa26cb51dde097d91 - - -] 10.56.233.135 "GET /v2/9e2b5c7fd7bc4acfa26cb51dde097d91/os-hypervisors HTTP/1.1" status: 200 len: 295 time: 0.0130391
2019-10-30 23:34:58.457 21518 INFO nova.osapi_compute.wsgi.server [req-cca3ada4-2098-48b4-b239-c50433a58cae a610b75cf7954585ad143e20f886de58 9e2b5c7fd7bc4acfa26cb51dde097d91 - - -] 10.56.233.135 "GET /v2/9e2b5c7fd7bc4acfa26cb51dde097d91/flavors/detail HTTP/1.1" status: 200 len: 4487 time: 0.1335061
2019-10-30 23:35:08.645 21476 INFO nova.osapi_compute.wsgi.server [req-f06437b8-fb91-4b1c-b346-fb782acf8414 a610b75cf7954585ad143e20f886de58 9e2b5c7fd7bc4acfa26cb51dde097d91 - - -] 10.56.233.135 "GET /v2/9e2b5c7fd7bc4acfa26cb51dde097d91/flavors/45abb35d-b939-42c8-ba51-c6aafa5b590b HTTP/1.1" status: 200 len: 755 time: 0.1223822
2019-10-30 23:35:08.659 21476 INFO nova.osapi_compute.wsgi.server [req-ebf034c2-cc0b-466d-93ed-e53d629602ae a610b75cf7954585ad143e20f886de58 9e2b5c7fd7bc4acfa26cb51dde097d91 - - -] 10.56.233.135 "GET /v2/9e2b5c7fd7bc4acfa26cb51dde097d91/flavors/45abb35d-b939-42c8-ba51-c6aafa5b590b/os-extra_specs HTTP/1.1" status: 200 len: 309 time: 0.0124979
2019-10-30 23:42:41.213 21512 INFO nova.osapi_compute.wsgi.server [req-dbfe0f24-d7fb-4b00-b07d-16c7fcd33fc7 a610b75cf7954585ad143e20f886de58 9e2b5c7fd7bc4acfa26cb51dde097d91 - - -] 10.56.233.135 "GET /v2/ HTTP/1.1" status: 200 len: 575 time: 0.0546570
2019-10-30 23:43:29.570 21514 INFO nova.osapi_compute.wsgi.server [req-e40d15a2-23be-466e-8248-b9e793684610 a610b75cf7954585ad143e20f886de58 9e2b5c7fd7bc4acfa26cb51dde097d91 - - -] 10.56.233.135 "GET /v2/ HTTP/1.1" status: 200 len: 575 time: 0.1084101
2019-10-30 23:44:35.182 21508 INFO nova.osapi_compute.wsgi.server [req-e8cda1e8-ad2a-420f-be01-4ae80cee0e56 a610b75cf7954585ad143e20f886de58 9e2b5c7fd7bc4acfa26cb51dde097d91 - - -] 10.56.233.135 "GET /v2/ HTTP/1.1" status: 200 len: 575 time: 0.1263261
2019-10-30 23:44:35.312 21508 INFO nova.api.openstack.wsgi [req-8e39922f-36f3-44ac-96bf-6bb743059231 a610b75cf7954585ad143e20f886de58 9e2b5c7fd7bc4acfa26cb51dde097d91 - - -] HTTP exception thrown: Flavor flavors-necc_flavor-4hhyibmthroo could not be found.
2019-10-30 23:44:35.315 21508 INFO nova.osapi_compute.wsgi.server [req-8e39922f-36f3-44ac-96bf-6bb743059231 a610b75cf7954585ad143e20f886de58 9e2b5c7fd7bc4acfa26cb51dde097d91 - - -] 10.56.233.135 "GET /v2/9e2b5c7fd7bc4acfa26cb51dde097d91/flavors/flavors-necc_flavor-4hhyibmthroo HTTP/1.1" status: 404 len: 324 time: 0.0227430
2019-10-30 23:44:35.336 21508 INFO nova.osapi_compute.wsgi.server [req-205c34aa-cceb-4cc9-bfda-9937ce1859f9 a610b75cf7954585ad143e20f886de58 9e2b5c7fd7bc4acfa26cb51dde097d91 - - -] 10.56.233.135 "GET /v2/9e2b5c7fd7bc4acfa26cb51dde097d91/flavors?is_public=None HTTP/1.1" status: 200 len: 2932 time: 0.0193288
2019-10-30 23:44:35.350 21508 INFO nova.osapi_compute.wsgi.server [req-9a56a2d0-2971-40b5-96e0-af63f02b16c9 a610b75cf7954585ad143e20f886de58 9e2b5c7fd7bc4acfa26cb51dde097d91 - - -] 10.56.233.135 "GET /v2/9e2b5c7fd7bc4acfa26cb51dde097d91/flavors/45abb35d-b939-42c8-ba51-c6aafa5b590b HTTP/1.1" status: 200 len: 755 time: 0.0120921
2019-10-30 23:44:35.394 21508 INFO nova.osapi_compute.wsgi.server [req-85fefcb3-cedb-47d0-b591-75279f2379e3 a610b75cf7954585ad143e20f886de58 9e2b5c7fd7bc4acfa26cb51dde097d91 - - -] 10.56.233.135 "POST /v2/9e2b5c7fd7bc4acfa26cb51dde097d91/flavors/45abb35d-b939-42c8-ba51-c6aafa5b590b/os-extra_specs HTTP/1.1" status: 200 len: 240 time: 0.0424900
2019-10-30 23:44:44.294 21485 INFO nova.osapi_compute.wsgi.server [req-98d828c8-bc83-4564-9ffb-44482c72dc59 a610b75cf7954585ad143e20f886de58 9e2b5c7fd7bc4acfa26cb51dde097d91 - - -] 10.56.233.135 "GET /v2/9e2b5c7fd7bc4acfa26cb51dde097d91/flavors/45abb35d-b939-42c8-ba51-c6aafa5b590b HTTP/1.1" status: 200 len: 755 time: 0.1309562
2019-10-30 23:44:44.310 21485 INFO nova.osapi_compute.wsgi.server [req-907d339c-90df-472c-b021-ba73a3270ef6 a610b75cf7954585ad143e20f886de58 9e2b5c7fd7bc4acfa26cb51dde097d91 - - -] 10.56.233.135 "GET /v2/9e2b5c7fd7bc4acfa26cb51dde097d91/flavors/45abb35d-b939-42c8-ba51-c6aafa5b590b/os-extra_specs HTTP/1.1" status: 200 len: 306 time: 0.0138590
2019-10-30 23:44:55.456 21512 INFO nova.osapi_compute.wsgi.server [req-380d30ec-5839-418a-8f71-0f4e17190b65 a610b75cf7954585ad143e20f886de58 9e2b5c7fd7bc4acfa26cb51dde097d91 - - -] 10.56.233.135 "GET /v2/9e2b5c7fd7bc4acfa26cb51dde097d91/flavors/detail HTTP/1.1" status: 200 len: 4487 time: 0.0853138
2019-10-30 23:45:31.717 21500 INFO nova.api.openstack.wsgi [req-1d163423-1832-42ff-8620-e36059b41f10 a610b75cf7954585ad143e20f886de58 9e2b5c7fd7bc4acfa26cb51dde097d91 - - -] HTTP exception thrown: Flavor flavors-cpps_flavor-wwc3yrjgpgsh could not be found.
2019-10-30 23:45:31.718 21500 INFO nova.osapi_compute.wsgi.server [req-1d163423-1832-42ff-8620-e36059b41f10 a610b75cf7954585ad143e20f886de58 9e2b5c7fd7bc4acfa26cb51dde097d91 - - -] 10.56.233.135 "GET /v2/9e2b5c7fd7bc4acfa26cb51dde097d91/flavors/flavors-cpps_flavor-wwc3yrjgpgsh HTTP/1.1" status: 404 len: 324 time: 0.1588309
