2019-10-30 23:54:47.892 17811 INFO nova.osapi_compute.wsgi.server [req-5581b63a-6e50-4e54-8f23-ec93db649ce5 a610b75cf7954585ad143e20f886de58 9e2b5c7fd7bc4acfa26cb51dde097d91 - - -] 10.56.233.135 "POST /v2/9e2b5c7fd7bc4acfa26cb51dde097d91/os-volumes_boot HTTP/1.1" status: 202 len: 763 time: 2.7055030
2019-10-30 23:54:49.073 17776 INFO nova.osapi_compute.wsgi.server [req-e858103a-6ef5-4c41-b2b9-d9d8aafa32b6 a610b75cf7954585ad143e20f886de58 9e2b5c7fd7bc4acfa26cb51dde097d91 - - -] 10.56.233.135 "GET /v2/9e2b5c7fd7bc4acfa26cb51dde097d91/servers/905745d6-a5b5-46cd-af80-d076c5e02f58 HTTP/1.1" status: 200 len: 3624 time: 0.1383259
2019-10-30 23:54:49.263 17789 WARNING oslo_config.cfg [req-8a880959-1cca-4416-bb98-6b101ef61c9b a610b75cf7954585ad143e20f886de58 9e2b5c7fd7bc4acfa26cb51dde097d91 - - -] Option "sql_connection" from group "DEFAULT" is deprecated. Use option "connection" from group "database".
2019-10-30 23:54:49.376 17826 INFO nova.osapi_compute.wsgi.server [req-545a4f07-2d5d-49d9-afcd-0cab9dbbfc11 a610b75cf7954585ad143e20f886de58 9e2b5c7fd7bc4acfa26cb51dde097d91 - - -] 10.56.233.135 "GET /v2/9e2b5c7fd7bc4acfa26cb51dde097d91/flavors/detail HTTP/1.1" status: 200 len: 4487 time: 0.0216212
2019-10-30 23:54:49.456 17789 INFO nova.osapi_compute.wsgi.server [req-8a880959-1cca-4416-bb98-6b101ef61c9b a610b75cf7954585ad143e20f886de58 9e2b5c7fd7bc4acfa26cb51dde097d91 - - -] 10.56.233.135 "GET /v2/9e2b5c7fd7bc4acfa26cb51dde097d91/servers/213100f0-af82-4a5d-b3f2-15f2940cb986 HTTP/1.1" status: 200 len: 3624 time: 0.7295759
2019-10-30 23:54:49.856 17780 INFO nova.osapi_compute.wsgi.server [req-8f411f6c-46c6-4e49-8de9-bcf6898911ef a610b75cf7954585ad143e20f886de58 9e2b5c7fd7bc4acfa26cb51dde097d91 - - -] 10.56.233.135 "GET /v2/9e2b5c7fd7bc4acfa26cb51dde097d91/flavors/detail HTTP/1.1" status: 200 len: 4487 time: 0.0208290
2019-10-30 23:54:50.555 17775 INFO nova.osapi_compute.wsgi.server [req-bb15601f-e6b1-4d40-81cd-ec309f0400b0 a610b75cf7954585ad143e20f886de58 9e2b5c7fd7bc4acfa26cb51dde097d91 - - -] 10.56.233.135 "GET /v2/9e2b5c7fd7bc4acfa26cb51dde097d91/os-keypairs/CtrlKey HTTP/1.1" status: 200 len: 869 time: 0.0072880
2019-10-30 23:54:50.870 17791 INFO nova.osapi_compute.wsgi.server [req-b499a8dc-2c36-4de3-ac6a-fb92717affb2 a610b75cf7954585ad143e20f886de58 9e2b5c7fd7bc4acfa26cb51dde097d91 - - -] 10.56.233.135 "DELETE /v2/9e2b5c7fd7bc4acfa26cb51dde097d91/servers/905745d6-a5b5-46cd-af80-d076c5e02f58 HTTP/1.1" status: 204 len: 203 time: 0.3037620
2019-10-30 23:54:50.899 17791 INFO nova.osapi_compute.wsgi.server [req-f88ffe61-d51e-4fe3-b3ae-693d47e2b407 a610b75cf7954585ad143e20f886de58 9e2b5c7fd7bc4acfa26cb51dde097d91 - - -] 10.56.233.135 "GET /v2/9e2b5c7fd7bc4acfa26cb51dde097d91/os-keypairs/CtrlKey HTTP/1.1" status: 200 len: 869 time: 0.0054269
2019-10-30 23:54:51.409 17785 WARNING oslo_config.cfg [req-5ae79e7a-7cb9-467e-953c-f89fa4b3782d a610b75cf7954585ad143e20f886de58 9e2b5c7fd7bc4acfa26cb51dde097d91 - - -] Option "sql_connection" from group "DEFAULT" is deprecated. Use option "connection" from group "database".
2019-10-30 23:54:51.786 17785 INFO nova.osapi_compute.wsgi.server [req-5ae79e7a-7cb9-467e-953c-f89fa4b3782d a610b75cf7954585ad143e20f886de58 9e2b5c7fd7bc4acfa26cb51dde097d91 - - -] 10.56.233.135 "DELETE /v2/9e2b5c7fd7bc4acfa26cb51dde097d91/servers/213100f0-af82-4a5d-b3f2-15f2940cb986 HTTP/1.1" status: 204 len: 203 time: 0.8762581
2019-10-30 23:54:51.913 17785 INFO nova.api.openstack.wsgi [req-afe3a6f8-ec55-4ac3-920b-f11b804f9473 a610b75cf7954585ad143e20f886de58 9e2b5c7fd7bc4acfa26cb51dde097d91 - - -] HTTP exception thrown: Instance 905745d6-a5b5-46cd-af80-d076c5e02f58 could not be found.
2019-10-30 23:54:51.914 17785 INFO nova.osapi_compute.wsgi.server [req-afe3a6f8-ec55-4ac3-920b-f11b804f9473 a610b75cf7954585ad143e20f886de58 9e2b5c7fd7bc4acfa26cb51dde097d91 - - -] 10.56.233.135 "GET /v2/9e2b5c7fd7bc4acfa26cb51dde097d91/servers/905745d6-a5b5-46cd-af80-d076c5e02f58 HTTP/1.1" status: 404 len: 330 time: 0.0411270
2019-10-30 23:54:53.303 17808 WARNING oslo_config.cfg [req-a6f25722-b1d0-4f5a-ac07-dfde1a9ccf50 a610b75cf7954585ad143e20f886de58 9e2b5c7fd7bc4acfa26cb51dde097d91 - - -] Option "sql_connection" from group "DEFAULT" is deprecated. Use option "connection" from group "database".
2019-10-30 23:54:53.449 17808 INFO nova.api.openstack.wsgi [req-a6f25722-b1d0-4f5a-ac07-dfde1a9ccf50 a610b75cf7954585ad143e20f886de58 9e2b5c7fd7bc4acfa26cb51dde097d91 - - -] HTTP exception thrown: Instance 213100f0-af82-4a5d-b3f2-15f2940cb986 could not be found.
2019-10-30 23:54:53.450 17808 INFO nova.osapi_compute.wsgi.server [req-a6f25722-b1d0-4f5a-ac07-dfde1a9ccf50 a610b75cf7954585ad143e20f886de58 9e2b5c7fd7bc4acfa26cb51dde097d91 - - -] 10.56.233.135 "GET /v2/9e2b5c7fd7bc4acfa26cb51dde097d91/servers/213100f0-af82-4a5d-b3f2-15f2940cb986 HTTP/1.1" status: 404 len: 330 time: 0.6604729
2019-10-30 23:55:10.959 17801 WARNING oslo_config.cfg [req-2e2debd8-3c86-4413-8486-34022e8832f9 a610b75cf7954585ad143e20f886de58 9e2b5c7fd7bc4acfa26cb51dde097d91 - - -] Option "sql_connection" from group "DEFAULT" is deprecated. Use option "connection" from group "database".
2019-10-30 23:55:11.111 17801 INFO nova.osapi_compute.wsgi.server [req-2e2debd8-3c86-4413-8486-34022e8832f9 a610b75cf7954585ad143e20f886de58 9e2b5c7fd7bc4acfa26cb51dde097d91 - - -] 10.56.233.135 "GET /v2/9e2b5c7fd7bc4acfa26cb51dde097d91/flavors/detail HTTP/1.1" status: 200 len: 4487 time: 0.6768360
2019-10-30 23:55:11.461 17805 WARNING oslo_config.cfg [req-8fcab09b-bed7-44fa-9c76-83e694edf5ae a610b75cf7954585ad143e20f886de58 9e2b5c7fd7bc4acfa26cb51dde097d91 - - -] Option "sql_connection" from group "DEFAULT" is deprecated. Use option "connection" from group "database".
2019-10-30 23:55:11.581 17805 INFO nova.osapi_compute.wsgi.server [req-8fcab09b-bed7-44fa-9c76-83e694edf5ae a610b75cf7954585ad143e20f886de58 9e2b5c7fd7bc4acfa26cb51dde097d91 - - -] 10.56.233.135 "GET /v2/9e2b5c7fd7bc4acfa26cb51dde097d91/flavors/detail HTTP/1.1" status: 200 len: 4487 time: 0.6951611
2019-10-30 23:55:12.031 17804 INFO nova.osapi_compute.wsgi.server [req-fc319aa9-c13e-4e5a-b4eb-5013529bb3e4 a610b75cf7954585ad143e20f886de58 9e2b5c7fd7bc4acfa26cb51dde097d91 - - -] 10.56.233.135 "GET /v2/9e2b5c7fd7bc4acfa26cb51dde097d91/os-keypairs/CtrlKey HTTP/1.1" status: 200 len: 869 time: 0.0071402
2019-10-30 23:55:12.502 17812 INFO nova.osapi_compute.wsgi.server [req-ca07b8fd-079f-4dba-9f09-1f9e41d593e9 a610b75cf7954585ad143e20f886de58 9e2b5c7fd7bc4acfa26cb51dde097d91 - - -] 10.56.233.135 "GET /v2/9e2b5c7fd7bc4acfa26cb51dde097d91/os-keypairs/CtrlKey HTTP/1.1" status: 200 len: 869 time: 0.0071609
2019-10-30 23:55:12.643 17778 WARNING oslo_config.cfg [req-20e61149-1582-4bb9-9329-38ac9efbd130 a610b75cf7954585ad143e20f886de58 9e2b5c7fd7bc4acfa26cb51dde097d91 - - -] Option "sql_connection" from group "DEFAULT" is deprecated. Use option "connection" from group "database".
2019-10-30 23:55:12.765 17778 INFO nova.osapi_compute.wsgi.server [req-20e61149-1582-4bb9-9329-38ac9efbd130 a610b75cf7954585ad143e20f886de58 9e2b5c7fd7bc4acfa26cb51dde097d91 - - -] 10.56.233.135 "GET /v2/9e2b5c7fd7bc4acfa26cb51dde097d91/flavors/detail HTTP/1.1" status: 200 len: 4487 time: 0.6435549
2019-10-30 23:55:13.040 17796 WARNING oslo_config.cfg [req-12bdbc41-8320-40a0-bedc-5611d2024fc9 a610b75cf7954585ad143e20f886de58 9e2b5c7fd7bc4acfa26cb51dde097d91 - - -] Option "sql_connection" from group "DEFAULT" is deprecated. Use option "connection" from group "database".
2019-10-30 23:55:13.158 17796 INFO nova.osapi_compute.wsgi.server [req-12bdbc41-8320-40a0-bedc-5611d2024fc9 a610b75cf7954585ad143e20f886de58 9e2b5c7fd7bc4acfa26cb51dde097d91 - - -] 10.56.233.135 "GET /v2/9e2b5c7fd7bc4acfa26cb51dde097d91/flavors/detail HTTP/1.1" status: 200 len: 4487 time: 0.6151609
2019-10-30 23:55:13.713 17804 WARNING oslo_config.cfg [req-3626b60d-e7ab-4d7b-b5f5-225d5d93474a a610b75cf7954585ad143e20f886de58 9e2b5c7fd7bc4acfa26cb51dde097d91 - - -] Option "auth_strategy" from group "neutron" is deprecated for removal. Its value may be silently ignored in the future.
2019-10-30 23:55:13.714 17804 WARNING oslo_config.cfg [req-3626b60d-e7ab-4d7b-b5f5-225d5d93474a a610b75cf7954585ad143e20f886de58 9e2b5c7fd7bc4acfa26cb51dde097d91 - - -] Option "admin_auth_url" from group "neutron" is deprecated for removal. Its value may be silently ignored in the future.
2019-10-30 23:55:13.715 17804 WARNING oslo_config.cfg [req-3626b60d-e7ab-4d7b-b5f5-225d5d93474a a610b75cf7954585ad143e20f886de58 9e2b5c7fd7bc4acfa26cb51dde097d91 - - -] Option "admin_username" from group "neutron" is deprecated for removal. Its value may be silently ignored in the future.
2019-10-30 23:55:13.715 17804 WARNING oslo_config.cfg [req-3626b60d-e7ab-4d7b-b5f5-225d5d93474a a610b75cf7954585ad143e20f886de58 9e2b5c7fd7bc4acfa26cb51dde097d91 - - -] Option "admin_password" from group "neutron" is deprecated for removal. Its value may be silently ignored in the future.
2019-10-30 23:55:13.715 17804 WARNING oslo_config.cfg [req-3626b60d-e7ab-4d7b-b5f5-225d5d93474a a610b75cf7954585ad143e20f886de58 9e2b5c7fd7bc4acfa26cb51dde097d91 - - -] Option "admin_tenant_name" from group "neutron" is deprecated for removal. Its value may be silently ignored in the future.
2019-10-30 23:55:14.028 17797 WARNING oslo_config.cfg [req-07c970cf-d372-4bba-8a4b-5791a355f82e a610b75cf7954585ad143e20f886de58 9e2b5c7fd7bc4acfa26cb51dde097d91 - - -] Option "auth_strategy" from group "neutron" is deprecated for removal. Its value may be silently ignored in the future.
2019-10-30 23:55:14.029 17797 WARNING oslo_config.cfg [req-07c970cf-d372-4bba-8a4b-5791a355f82e a610b75cf7954585ad143e20f886de58 9e2b5c7fd7bc4acfa26cb51dde097d91 - - -] Option "admin_auth_url" from group "neutron" is deprecated for removal. Its value may be silently ignored in the future.
2019-10-30 23:55:14.029 17797 WARNING oslo_config.cfg [req-07c970cf-d372-4bba-8a4b-5791a355f82e a610b75cf7954585ad143e20f886de58 9e2b5c7fd7bc4acfa26cb51dde097d91 - - -] Option "admin_username" from group "neutron" is deprecated for removal. Its value may be silently ignored in the future.
2019-10-30 23:55:14.030 17797 WARNING oslo_config.cfg [req-07c970cf-d372-4bba-8a4b-5791a355f82e a610b75cf7954585ad143e20f886de58 9e2b5c7fd7bc4acfa26cb51dde097d91 - - -] Option "admin_password" from group "neutron" is deprecated for removal. Its value may be silently ignored in the future.
2019-10-30 23:55:14.030 17797 WARNING oslo_config.cfg [req-07c970cf-d372-4bba-8a4b-5791a355f82e a610b75cf7954585ad143e20f886de58 9e2b5c7fd7bc4acfa26cb51dde097d91 - - -] Option "admin_tenant_name" from group "neutron" is deprecated for removal. Its value may be silently ignored in the future.
2019-10-30 23:55:15.084 17804 INFO oslo_messaging._drivers.impl_qpid [req-3626b60d-e7ab-4d7b-b5f5-225d5d93474a a610b75cf7954585ad143e20f886de58 9e2b5c7fd7bc4acfa26cb51dde097d91 - - -] Connected to AMQP server on 10.56.233.135:5672
2019-10-30 23:55:15.092 17804 INFO nova.osapi_compute.wsgi.server [req-3626b60d-e7ab-4d7b-b5f5-225d5d93474a a610b75cf7954585ad143e20f886de58 9e2b5c7fd7bc4acfa26cb51dde097d91 - - -] 10.56.233.135 "POST /v2/9e2b5c7fd7bc4acfa26cb51dde097d91/os-volumes_boot HTTP/1.1" status: 202 len: 763 time: 2.3229241
2019-10-30 23:55:15.475 17797 INFO oslo_messaging._drivers.impl_qpid [req-07c970cf-d372-4bba-8a4b-5791a355f82e a610b75cf7954585ad143e20f886de58 9e2b5c7fd7bc4acfa26cb51dde097d91 - - -] Connected to AMQP server on 10.56.233.135:5672
2019-10-30 23:55:15.484 17797 INFO nova.osapi_compute.wsgi.server [req-07c970cf-d372-4bba-8a4b-5791a355f82e a610b75cf7954585ad143e20f886de58 9e2b5c7fd7bc4acfa26cb51dde097d91 - - -] 10.56.233.135 "POST /v2/9e2b5c7fd7bc4acfa26cb51dde097d91/os-volumes_boot HTTP/1.1" status: 202 len: 763 time: 2.3195848
2019-10-30 23:55:16.602 17796 INFO nova.osapi_compute.wsgi.server [req-ab5d8bd2-917a-48eb-9894-f968c2764406 a610b75cf7954585ad143e20f886de58 9e2b5c7fd7bc4acfa26cb51dde097d91 - - -] 10.56.233.135 "GET /v2/9e2b5c7fd7bc4acfa26cb51dde097d91/servers/c1407639-846a-439b-aaeb-6bd50527fc60 HTTP/1.1" status: 200 len: 3624 time: 0.0835850
2019-10-30 23:55:16.687 17822 WARNING oslo_config.cfg [req-b81bb75a-62a4-463e-aa83-616d14d35b4f a610b75cf7954585ad143e20f886de58 9e2b5c7fd7bc4acfa26cb51dde097d91 - - -] Option "sql_connection" from group "DEFAULT" is deprecated. Use option "connection" from group "database".
2019-10-30 23:55:16.875 17822 INFO nova.osapi_compute.wsgi.server [req-b81bb75a-62a4-463e-aa83-616d14d35b4f a610b75cf7954585ad143e20f886de58 9e2b5c7fd7bc4acfa26cb51dde097d91 - - -] 10.56.233.135 "GET /v2/9e2b5c7fd7bc4acfa26cb51dde097d91/servers/44477978-bae1-40a3-a5b3-d81bbbddeafd HTTP/1.1" status: 200 len: 3624 time: 0.7486448
2019-10-30 23:55:17.083 17776 INFO nova.osapi_compute.wsgi.server [req-9eeec878-6f5d-4c9e-a2a0-c482eb8982e7 a610b75cf7954585ad143e20f886de58 9e2b5c7fd7bc4acfa26cb51dde097d91 - - -] 10.56.233.135 "GET /v2/9e2b5c7fd7bc4acfa26cb51dde097d91/flavors/detail HTTP/1.1" status: 200 len: 4487 time: 0.0193379
2019-10-30 23:55:17.794 17806 WARNING oslo_config.cfg [req-5a6c77f4-3360-4494-b24e-e294253cc83e a610b75cf7954585ad143e20f886de58 9e2b5c7fd7bc4acfa26cb51dde097d91 - - -] Option "sql_connection" from group "DEFAULT" is deprecated. Use option "connection" from group "database".
2019-10-30 23:55:17.925 17806 INFO nova.osapi_compute.wsgi.server [req-5a6c77f4-3360-4494-b24e-e294253cc83e a610b75cf7954585ad143e20f886de58 9e2b5c7fd7bc4acfa26cb51dde097d91 - - -] 10.56.233.135 "GET /v2/9e2b5c7fd7bc4acfa26cb51dde097d91/flavors/detail HTTP/1.1" status: 200 len: 4487 time: 0.6862822
2019-10-30 23:55:18.246 17806 INFO nova.osapi_compute.wsgi.server [req-6fd459fd-ed3d-40d3-893d-c7d5f2933a9e a610b75cf7954585ad143e20f886de58 9e2b5c7fd7bc4acfa26cb51dde097d91 - - -] 10.56.233.135 "GET /v2/9e2b5c7fd7bc4acfa26cb51dde097d91/os-keypairs/CtrlKey HTTP/1.1" status: 200 len: 869 time: 0.0075240
2019-10-30 23:55:18.511 17806 INFO nova.osapi_compute.wsgi.server [req-d3b3f8fc-b1c3-4171-8243-cafae888f53b a610b75cf7954585ad143e20f886de58 9e2b5c7fd7bc4acfa26cb51dde097d91 - - -] 10.56.233.135 "DELETE /v2/9e2b5c7fd7bc4acfa26cb51dde097d91/servers/c1407639-846a-439b-aaeb-6bd50527fc60 HTTP/1.1" status: 204 len: 203 time: 0.2551918
2019-10-30 23:55:18.944 17806 INFO nova.osapi_compute.wsgi.server [req-12872445-3dce-425c-9c2a-3f979b36c33f a610b75cf7954585ad143e20f886de58 9e2b5c7fd7bc4acfa26cb51dde097d91 - - -] 10.56.233.135 "GET /v2/9e2b5c7fd7bc4acfa26cb51dde097d91/os-keypairs/CtrlKey HTTP/1.1" status: 200 len: 869 time: 0.0057359
2019-10-30 23:55:19.203 17776 INFO nova.osapi_compute.wsgi.server [req-af6a609f-1f56-4eee-aa0a-d3f38221b71e a610b75cf7954585ad143e20f886de58 9e2b5c7fd7bc4acfa26cb51dde097d91 - - -] 10.56.233.135 "DELETE /v2/9e2b5c7fd7bc4acfa26cb51dde097d91/servers/44477978-bae1-40a3-a5b3-d81bbbddeafd HTTP/1.1" status: 204 len: 203 time: 0.2496150
2019-10-30 23:55:20.050 17803 WARNING oslo_config.cfg [req-7c61828f-4f9f-4eca-98d0-adda10725916 a610b75cf7954585ad143e20f886de58 9e2b5c7fd7bc4acfa26cb51dde097d91 - - -] Option "sql_connection" from group "DEFAULT" is deprecated. Use option "connection" from group "database".
2019-10-30 23:55:20.197 17803 INFO nova.api.openstack.wsgi [req-7c61828f-4f9f-4eca-98d0-adda10725916 a610b75cf7954585ad143e20f886de58 9e2b5c7fd7bc4acfa26cb51dde097d91 - - -] HTTP exception thrown: Instance c1407639-846a-439b-aaeb-6bd50527fc60 could not be found.
2019-10-30 23:55:20.198 17803 INFO nova.osapi_compute.wsgi.server [req-7c61828f-4f9f-4eca-98d0-adda10725916 a610b75cf7954585ad143e20f886de58 9e2b5c7fd7bc4acfa26cb51dde097d91 - - -] 10.56.233.135 "GET /v2/9e2b5c7fd7bc4acfa26cb51dde097d91/servers/c1407639-846a-439b-aaeb-6bd50527fc60 HTTP/1.1" status: 404 len: 330 time: 0.6832349
2019-10-30 23:55:20.250 17817 INFO nova.api.openstack.wsgi [req-ccf7af7a-f117-474d-b490-0ca6b38f8cd9 a610b75cf7954585ad143e20f886de58 9e2b5c7fd7bc4acfa26cb51dde097d91 - - -] HTTP exception thrown: Instance 44477978-bae1-40a3-a5b3-d81bbbddeafd could not be found.
2019-10-30 23:55:20.251 17817 INFO nova.osapi_compute.wsgi.server [req-ccf7af7a-f117-474d-b490-0ca6b38f8cd9 a610b75cf7954585ad143e20f886de58 9e2b5c7fd7bc4acfa26cb51dde097d91 - - -] 10.56.233.135 "GET /v2/9e2b5c7fd7bc4acfa26cb51dde097d91/servers/44477978-bae1-40a3-a5b3-d81bbbddeafd HTTP/1.1" status: 404 len: 330 time: 0.0455530
2019-10-30 23:55:53.514 17776 INFO nova.osapi_compute.wsgi.server [req-ebfac169-f8fd-46ca-a80b-553a37f76cec a610b75cf7954585ad143e20f886de58 9e2b5c7fd7bc4acfa26cb51dde097d91 - - -] 10.56.233.135 "GET /v2/9e2b5c7fd7bc4acfa26cb51dde097d91/flavors/detail HTTP/1.1" status: 200 len: 4487 time: 0.0189528
2019-10-30 23:55:54.444 17823 INFO nova.osapi_compute.wsgi.server [req-f2017d13-8808-4dcf-b37a-89a3a9e660a5 a610b75cf7954585ad143e20f886de58 9e2b5c7fd7bc4acfa26cb51dde097d91 - - -] 10.56.233.135 "GET /v2/9e2b5c7fd7bc4acfa26cb51dde097d91/os-keypairs/CtrlKey HTTP/1.1" status: 200 len: 869 time: 0.0073678
2019-10-30 23:55:54.505 17808 INFO nova.osapi_compute.wsgi.server [req-3e3374a4-36ca-4a4d-b557-6676ccdc07d8 a610b75cf7954585ad143e20f886de58 9e2b5c7fd7bc4acfa26cb51dde097d91 - - -] 10.56.233.135 "GET /v2/9e2b5c7fd7bc4acfa26cb51dde097d91/flavors/detail HTTP/1.1" status: 200 len: 4487 time: 0.0225210
2019-10-30 23:55:54.544 17825 INFO nova.osapi_compute.wsgi.server [req-137bfe9b-b731-4870-9e08-9db77790fec6 a610b75cf7954585ad143e20f886de58 9e2b5c7fd7bc4acfa26cb51dde097d91 - - -] 10.56.233.135 "GET /v2/9e2b5c7fd7bc4acfa26cb51dde097d91/flavors/detail HTTP/1.1" status: 200 len: 4487 time: 0.0193782
2019-10-30 23:55:55.610 17787 INFO nova.osapi_compute.wsgi.server [req-78c0cbbd-efab-44df-af7d-1b9ac068f934 a610b75cf7954585ad143e20f886de58 9e2b5c7fd7bc4acfa26cb51dde097d91 - - -] 10.56.233.135 "GET /v2/9e2b5c7fd7bc4acfa26cb51dde097d91/os-keypairs/CtrlKey HTTP/1.1" status: 200 len: 869 time: 0.0075350
2019-10-30 23:55:55.669 17785 INFO nova.osapi_compute.wsgi.server [req-b7628d64-1263-4cb9-bfaf-3f138a13f262 a610b75cf7954585ad143e20f886de58 9e2b5c7fd7bc4acfa26cb51dde097d91 - - -] 10.56.233.135 "GET /v2/9e2b5c7fd7bc4acfa26cb51dde097d91/flavors/detail HTTP/1.1" status: 200 len: 4487 time: 0.0211239
2019-10-30 23:55:55.711 17827 WARNING oslo_config.cfg [req-73b2c97d-c114-4a8a-9877-51718046fe78 a610b75cf7954585ad143e20f886de58 9e2b5c7fd7bc4acfa26cb51dde097d91 - - -] Option "sql_connection" from group "DEFAULT" is deprecated. Use option "connection" from group "database".
2019-10-30 23:55:56.130 17827 WARNING oslo_config.cfg [req-73b2c97d-c114-4a8a-9877-51718046fe78 a610b75cf7954585ad143e20f886de58 9e2b5c7fd7bc4acfa26cb51dde097d91 - - -] Option "auth_strategy" from group "neutron" is deprecated for removal. Its value may be silently ignored in the future.
2019-10-30 23:55:56.130 17827 WARNING oslo_config.cfg [req-73b2c97d-c114-4a8a-9877-51718046fe78 a610b75cf7954585ad143e20f886de58 9e2b5c7fd7bc4acfa26cb51dde097d91 - - -] Option "admin_auth_url" from group "neutron" is deprecated for removal. Its value may be silently ignored in the future.
2019-10-30 23:55:56.131 17827 WARNING oslo_config.cfg [req-73b2c97d-c114-4a8a-9877-51718046fe78 a610b75cf7954585ad143e20f886de58 9e2b5c7fd7bc4acfa26cb51dde097d91 - - -] Option "admin_username" from group "neutron" is deprecated for removal. Its value may be silently ignored in the future.
2019-10-30 23:55:56.131 17827 WARNING oslo_config.cfg [req-73b2c97d-c114-4a8a-9877-51718046fe78 a610b75cf7954585ad143e20f886de58 9e2b5c7fd7bc4acfa26cb51dde097d91 - - -] Option "admin_password" from group "neutron" is deprecated for removal. Its value may be silently ignored in the future.
2019-10-30 23:55:56.131 17827 WARNING oslo_config.cfg [req-73b2c97d-c114-4a8a-9877-51718046fe78 a610b75cf7954585ad143e20f886de58 9e2b5c7fd7bc4acfa26cb51dde097d91 - - -] Option "admin_tenant_name" from group "neutron" is deprecated for removal. Its value may be silently ignored in the future.
2019-10-30 23:55:56.910 17784 WARNING oslo_config.cfg [req-66eab6f7-8e6e-42e1-8e0c-4a5fab219447 a610b75cf7954585ad143e20f886de58 9e2b5c7fd7bc4acfa26cb51dde097d91 - - -] Option "sql_connection" from group "DEFAULT" is deprecated. Use option "connection" from group "database".
2019-10-30 23:55:57.337 17784 WARNING oslo_config.cfg [req-66eab6f7-8e6e-42e1-8e0c-4a5fab219447 a610b75cf7954585ad143e20f886de58 9e2b5c7fd7bc4acfa26cb51dde097d91 - - -] Option "auth_strategy" from group "neutron" is deprecated for removal. Its value may be silently ignored in the future.
2019-10-30 23:55:57.337 17784 WARNING oslo_config.cfg [req-66eab6f7-8e6e-42e1-8e0c-4a5fab219447 a610b75cf7954585ad143e20f886de58 9e2b5c7fd7bc4acfa26cb51dde097d91 - - -] Option "admin_auth_url" from group "neutron" is deprecated for removal. Its value may be silently ignored in the future.
2019-10-30 23:55:57.338 17784 WARNING oslo_config.cfg [req-66eab6f7-8e6e-42e1-8e0c-4a5fab219447 a610b75cf7954585ad143e20f886de58 9e2b5c7fd7bc4acfa26cb51dde097d91 - - -] Option "admin_username" from group "neutron" is deprecated for removal. Its value may be silently ignored in the future.
2019-10-30 23:55:57.338 17784 WARNING oslo_config.cfg [req-66eab6f7-8e6e-42e1-8e0c-4a5fab219447 a610b75cf7954585ad143e20f886de58 9e2b5c7fd7bc4acfa26cb51dde097d91 - - -] Option "admin_password" from group "neutron" is deprecated for removal. Its value may be silently ignored in the future.
2019-10-30 23:55:57.339 17784 WARNING oslo_config.cfg [req-66eab6f7-8e6e-42e1-8e0c-4a5fab219447 a610b75cf7954585ad143e20f886de58 9e2b5c7fd7bc4acfa26cb51dde097d91 - - -] Option "admin_tenant_name" from group "neutron" is deprecated for removal. Its value may be silently ignored in the future.
2019-10-30 23:55:57.700 17827 INFO oslo_messaging._drivers.impl_qpid [req-73b2c97d-c114-4a8a-9877-51718046fe78 a610b75cf7954585ad143e20f886de58 9e2b5c7fd7bc4acfa26cb51dde097d91 - - -] Connected to AMQP server on 10.56.233.135:5672
2019-10-30 23:55:57.709 17827 INFO nova.osapi_compute.wsgi.server [req-73b2c97d-c114-4a8a-9877-51718046fe78 a610b75cf7954585ad143e20f886de58 9e2b5c7fd7bc4acfa26cb51dde097d91 - - -] 10.56.233.135 "POST /v2/9e2b5c7fd7bc4acfa26cb51dde097d91/os-volumes_boot HTTP/1.1" status: 202 len: 763 time: 3.2004571
2019-10-30 23:55:58.926 17784 INFO oslo_messaging._drivers.impl_qpid [req-66eab6f7-8e6e-42e1-8e0c-4a5fab219447 a610b75cf7954585ad143e20f886de58 9e2b5c7fd7bc4acfa26cb51dde097d91 - - -] Connected to AMQP server on 10.56.233.135:5672
2019-10-30 23:55:58.941 17784 INFO nova.osapi_compute.wsgi.server [req-66eab6f7-8e6e-42e1-8e0c-4a5fab219447 a610b75cf7954585ad143e20f886de58 9e2b5c7fd7bc4acfa26cb51dde097d91 - - -] 10.56.233.135 "POST /v2/9e2b5c7fd7bc4acfa26cb51dde097d91/os-volumes_boot HTTP/1.1" status: 202 len: 763 time: 3.2672780
2019-10-30 23:55:59.298 17813 WARNING oslo_config.cfg [req-397e158b-7f93-4998-8789-f7eab2654848 a610b75cf7954585ad143e20f886de58 9e2b5c7fd7bc4acfa26cb51dde097d91 - - -] Option "sql_connection" from group "DEFAULT" is deprecated. Use option "connection" from group "database".
2019-10-30 23:55:59.487 17813 INFO nova.osapi_compute.wsgi.server [req-397e158b-7f93-4998-8789-f7eab2654848 a610b75cf7954585ad143e20f886de58 9e2b5c7fd7bc4acfa26cb51dde097d91 - - -] 10.56.233.135 "GET /v2/9e2b5c7fd7bc4acfa26cb51dde097d91/servers/ca5abbc4-2626-475a-8a98-0c4939d510f1 HTTP/1.1" status: 200 len: 3624 time: 0.7365851
2019-10-30 23:56:00.064 17813 INFO nova.osapi_compute.wsgi.server [req-877ea28e-e2cd-4686-854a-cd5faa4c6422 a610b75cf7954585ad143e20f886de58 9e2b5c7fd7bc4acfa26cb51dde097d91 - - -] 10.56.233.135 "GET /v2/9e2b5c7fd7bc4acfa26cb51dde097d91/servers/d7b97d98-f90d-4de5-8226-a68214ac6db0 HTTP/1.1" status: 200 len: 3624 time: 0.0804660
2019-10-30 23:58:04.570 17805 INFO nova.osapi_compute.wsgi.server [req-a196ca71-78a2-48e1-bd4f-52ed86c14f5c a610b75cf7954585ad143e20f886de58 9e2b5c7fd7bc4acfa26cb51dde097d91 - - -] 10.56.233.135 "GET /v2/ HTTP/1.1" status: 200 len: 575 time: 0.0566361
2019-10-30 23:58:09.388 17820 INFO nova.osapi_compute.wsgi.server [req-aa7f9cfb-6d2c-43f5-99ee-d7227f0d7122 a610b75cf7954585ad143e20f886de58 9e2b5c7fd7bc4acfa26cb51dde097d91 - - -] 10.56.233.135 "GET /v2/ HTTP/1.1" status: 200 len: 575 time: 0.5080080
2019-10-30 23:58:29.594 17814 INFO nova.osapi_compute.wsgi.server [req-f4ffedb5-7179-40a5-adf9-39ef77c998b6 a610b75cf7954585ad143e20f886de58 9e2b5c7fd7bc4acfa26cb51dde097d91 - - -] 10.56.233.135 "GET /v2/ HTTP/1.1" status: 200 len: 575 time: 0.0565989
2019-10-30 23:58:37.959 17817 INFO nova.osapi_compute.wsgi.server [req-2092f9b5-c38a-4ba5-8052-d1af1a05fa13 a610b75cf7954585ad143e20f886de58 9e2b5c7fd7bc4acfa26cb51dde097d91 - - -] 10.56.233.135 "GET /v2/9e2b5c7fd7bc4acfa26cb51dde097d91/flavors/detail HTTP/1.1" status: 200 len: 4487 time: 0.0726120
2019-10-30 23:58:49.723 17825 INFO nova.osapi_compute.wsgi.server [req-68418b44-2ce9-41a7-986e-e2d81ae673ce a610b75cf7954585ad143e20f886de58 9e2b5c7fd7bc4acfa26cb51dde097d91 - - -] 10.56.233.135 "GET /v2/9e2b5c7fd7bc4acfa26cb51dde097d91/flavors/45abb35d-b939-42c8-ba51-c6aafa5b590b HTTP/1.1" status: 200 len: 755 time: 0.0705590
2019-10-30 23:58:49.737 17825 INFO nova.osapi_compute.wsgi.server [req-0f6683ab-6eba-4b99-bfbe-16a4d4069632 a610b75cf7954585ad143e20f886de58 9e2b5c7fd7bc4acfa26cb51dde097d91 - - -] 10.56.233.135 "GET /v2/9e2b5c7fd7bc4acfa26cb51dde097d91/flavors/45abb35d-b939-42c8-ba51-c6aafa5b590b/os-extra_specs HTTP/1.1" status: 200 len: 306 time: 0.0120878
2019-10-30 23:59:31.164 17816 INFO nova.osapi_compute.wsgi.server [req-9eed03ed-94ee-44ec-81d5-07b9e172ffe8 a610b75cf7954585ad143e20f886de58 9e2b5c7fd7bc4acfa26cb51dde097d91 - - -] 10.56.233.135 "GET /v2/ HTTP/1.1" status: 200 len: 575 time: 0.5129631
2019-10-30 23:59:31.278 17816 WARNING oslo_config.cfg [req-9f62f18e-1eaa-4b75-8b1b-150be13e8f94 a610b75cf7954585ad143e20f886de58 9e2b5c7fd7bc4acfa26cb51dde097d91 - - -] Option "sql_connection" from group "DEFAULT" is deprecated. Use option "connection" from group "database".
2019-10-30 23:59:31.421 17816 INFO nova.api.openstack.wsgi [req-9f62f18e-1eaa-4b75-8b1b-150be13e8f94 a610b75cf7954585ad143e20f886de58 9e2b5c7fd7bc4acfa26cb51dde097d91 - - -] HTTP exception thrown: Flavor flavors-necc_flavor-4hhyibmthroo could not be found.
2019-10-30 23:59:31.422 17816 INFO nova.osapi_compute.wsgi.server [req-9f62f18e-1eaa-4b75-8b1b-150be13e8f94 a610b75cf7954585ad143e20f886de58 9e2b5c7fd7bc4acfa26cb51dde097d91 - - -] 10.56.233.135 "GET /v2/9e2b5c7fd7bc4acfa26cb51dde097d91/flavors/flavors-necc_flavor-4hhyibmthroo HTTP/1.1" status: 404 len: 324 time: 0.1484070
2019-10-30 23:59:31.440 17816 INFO nova.osapi_compute.wsgi.server [req-7dc7cb2e-8003-4ee6-89cc-6c5aa08209d8 a610b75cf7954585ad143e20f886de58 9e2b5c7fd7bc4acfa26cb51dde097d91 - - -] 10.56.233.135 "GET /v2/9e2b5c7fd7bc4acfa26cb51dde097d91/flavors?is_public=None HTTP/1.1" status: 200 len: 2932 time: 0.0159781
2019-10-30 23:59:31.454 17816 INFO nova.osapi_compute.wsgi.server [req-ba28c27f-2d51-48cc-9f15-2310e7a6af84 a610b75cf7954585ad143e20f886de58 9e2b5c7fd7bc4acfa26cb51dde097d91 - - -] 10.56.233.135 "GET /v2/9e2b5c7fd7bc4acfa26cb51dde097d91/flavors/45abb35d-b939-42c8-ba51-c6aafa5b590b HTTP/1.1" status: 200 len: 755 time: 0.0120981
2019-10-30 23:59:31.460 17816 INFO nova.osapi_compute.wsgi.server [req-01a56e05-6603-4ecf-b12d-879ea93b2acd a610b75cf7954585ad143e20f886de58 9e2b5c7fd7bc4acfa26cb51dde097d91 - - -] 10.56.233.135 "POST /v2/9e2b5c7fd7bc4acfa26cb51dde097d91/flavors/45abb35d-b939-42c8-ba51-c6aafa5b590b/os-extra_specs HTTP/1.1" status: 400 len: 358 time: 0.0039110
2019-10-30 23:59:35.857 17816 INFO nova.osapi_compute.wsgi.server [req-ef39f246-f94b-40ad-8467-e9171efe95be a610b75cf7954585ad143e20f886de58 9e2b5c7fd7bc4acfa26cb51dde097d91 - - -] 10.56.233.135 "GET /v2/ HTTP/1.1" status: 200 len: 575 time: 0.0562069
2019-10-30 23:59:35.977 17816 INFO nova.api.openstack.wsgi [req-572b5086-0f0c-48d9-9a4a-e0b6d3e19d69 a610b75cf7954585ad143e20f886de58 9e2b5c7fd7bc4acfa26cb51dde097d91 - - -] HTTP exception thrown: Flavor flavors-necc_flavor-4hhyibmthroo could not be found.
2019-10-30 23:59:35.977 17816 INFO nova.osapi_compute.wsgi.server [req-572b5086-0f0c-48d9-9a4a-e0b6d3e19d69 a610b75cf7954585ad143e20f886de58 9e2b5c7fd7bc4acfa26cb51dde097d91 - - -] 10.56.233.135 "GET /v2/9e2b5c7fd7bc4acfa26cb51dde097d91/flavors/flavors-necc_flavor-4hhyibmthroo HTTP/1.1" status: 404 len: 324 time: 0.0143209
2019-10-30 23:59:35.994 17816 INFO nova.osapi_compute.wsgi.server [req-a891b3ca-64c5-46e3-b8bc-2124464571d6 a610b75cf7954585ad143e20f886de58 9e2b5c7fd7bc4acfa26cb51dde097d91 - - -] 10.56.233.135 "GET /v2/9e2b5c7fd7bc4acfa26cb51dde097d91/flavors?is_public=None HTTP/1.1" status: 200 len: 2932 time: 0.0144889
2019-10-30 23:59:36.007 17816 INFO nova.osapi_compute.wsgi.server [req-44b0092c-38e4-4297-8267-b2ae37528108 a610b75cf7954585ad143e20f886de58 9e2b5c7fd7bc4acfa26cb51dde097d91 - - -] 10.56.233.135 "GET /v2/9e2b5c7fd7bc4acfa26cb51dde097d91/flavors/45abb35d-b939-42c8-ba51-c6aafa5b590b HTTP/1.1" status: 200 len: 755 time: 0.0116358
2019-10-30 23:59:36.039 17816 INFO nova.osapi_compute.wsgi.server [req-6c402a5d-fa09-473e-8282-f08fea3238fa a610b75cf7954585ad143e20f886de58 9e2b5c7fd7bc4acfa26cb51dde097d91 - - -] 10.56.233.135 "POST /v2/9e2b5c7fd7bc4acfa26cb51dde097d91/flavors/45abb35d-b939-42c8-ba51-c6aafa5b590b/os-extra_specs HTTP/1.1" status: 200 len: 238 time: 0.0296621
2019-10-30 23:59:42.305 17777 WARNING oslo_config.cfg [req-b0e1901a-344c-44ed-b0d2-5b29be9f6a71 a610b75cf7954585ad143e20f886de58 9e2b5c7fd7bc4acfa26cb51dde097d91 - - -] Option "sql_connection" from group "DEFAULT" is deprecated. Use option "connection" from group "database".
2019-10-30 23:59:42.423 17777 INFO nova.osapi_compute.wsgi.server [req-b0e1901a-344c-44ed-b0d2-5b29be9f6a71 a610b75cf7954585ad143e20f886de58 9e2b5c7fd7bc4acfa26cb51dde097d91 - - -] 10.56.233.135 "GET /v2/9e2b5c7fd7bc4acfa26cb51dde097d91/flavors/45abb35d-b939-42c8-ba51-c6aafa5b590b HTTP/1.1" status: 200 len: 755 time: 0.6155119
2019-10-30 23:59:42.440 17777 INFO nova.osapi_compute.wsgi.server [req-b67f446a-565d-4ad4-aca2-2ae390527910 a610b75cf7954585ad143e20f886de58 9e2b5c7fd7bc4acfa26cb51dde097d91 - - -] 10.56.233.135 "GET /v2/9e2b5c7fd7bc4acfa26cb51dde097d91/flavors/45abb35d-b939-42c8-ba51-c6aafa5b590b/os-extra_specs HTTP/1.1" status: 200 len: 304 time: 0.0134430
2019-10-31 00:00:20.187 17777 INFO nova.osapi_compute.wsgi.server [req-1f73e6ca-f3bb-4ae5-b5e0-4fbff7f4e934 a610b75cf7954585ad143e20f886de58 9e2b5c7fd7bc4acfa26cb51dde097d91 - - -] 10.56.233.135 "GET /v2/ HTTP/1.1" status: 200 len: 575 time: 0.0566452
2019-10-31 00:00:20.306 17777 INFO nova.api.openstack.wsgi [req-b9338af3-ec11-4465-89ed-7b290cb54fc4 a610b75cf7954585ad143e20f886de58 9e2b5c7fd7bc4acfa26cb51dde097d91 - - -] HTTP exception thrown: Flavor flavors-necc_flavor-4hhyibmthroo could not be found.
2019-10-31 00:00:20.307 17777 INFO nova.osapi_compute.wsgi.server [req-b9338af3-ec11-4465-89ed-7b290cb54fc4 a610b75cf7954585ad143e20f886de58 9e2b5c7fd7bc4acfa26cb51dde097d91 - - -] 10.56.233.135 "GET /v2/9e2b5c7fd7bc4acfa26cb51dde097d91/flavors/flavors-necc_flavor-4hhyibmthroo HTTP/1.1" status: 404 len: 324 time: 0.0120471
2019-10-31 00:00:20.325 17777 INFO nova.osapi_compute.wsgi.server [req-43525f4c-2f3f-4abf-8e69-b5ecbb4cf17f a610b75cf7954585ad143e20f886de58 9e2b5c7fd7bc4acfa26cb51dde097d91 - - -] 10.56.233.135 "GET /v2/9e2b5c7fd7bc4acfa26cb51dde097d91/flavors?is_public=None HTTP/1.1" status: 200 len: 2932 time: 0.0167511
2019-10-31 00:00:20.338 17777 INFO nova.osapi_compute.wsgi.server [req-4d3dacf5-04e0-41d0-9dcd-62a7e7a14246 a610b75cf7954585ad143e20f886de58 9e2b5c7fd7bc4acfa26cb51dde097d91 - - -] 10.56.233.135 "GET /v2/9e2b5c7fd7bc4acfa26cb51dde097d91/flavors/45abb35d-b939-42c8-ba51-c6aafa5b590b HTTP/1.1" status: 200 len: 755 time: 0.0116389
2019-10-31 00:00:20.377 17777 INFO nova.osapi_compute.wsgi.server [req-11d40525-c5ce-42ed-968c-0052715adb1f a610b75cf7954585ad143e20f886de58 9e2b5c7fd7bc4acfa26cb51dde097d91 - - -] 10.56.233.135 "POST /v2/9e2b5c7fd7bc4acfa26cb51dde097d91/flavors/45abb35d-b939-42c8-ba51-c6aafa5b590b/os-extra_specs HTTP/1.1" status: 200 len: 253 time: 0.0369530
2019-10-31 00:00:25.295 17783 WARNING oslo_config.cfg [req-5cbc54b2-dad9-4178-b8b4-9a7a6acdbb03 a610b75cf7954585ad143e20f886de58 9e2b5c7fd7bc4acfa26cb51dde097d91 - - -] Option "sql_connection" from group "DEFAULT" is deprecated. Use option "connection" from group "database".
2019-10-31 00:00:25.412 17783 INFO nova.osapi_compute.wsgi.server [req-5cbc54b2-dad9-4178-b8b4-9a7a6acdbb03 a610b75cf7954585ad143e20f886de58 9e2b5c7fd7bc4acfa26cb51dde097d91 - - -] 10.56.233.135 "GET /v2/9e2b5c7fd7bc4acfa26cb51dde097d91/flavors/45abb35d-b939-42c8-ba51-c6aafa5b590b HTTP/1.1" status: 200 len: 755 time: 0.6314230
2019-10-31 00:00:25.427 17783 INFO nova.osapi_compute.wsgi.server [req-3f5e133d-b078-4dc3-bcdd-dabc74a9993f a610b75cf7954585ad143e20f886de58 9e2b5c7fd7bc4acfa26cb51dde097d91 - - -] 10.56.233.135 "GET /v2/9e2b5c7fd7bc4acfa26cb51dde097d91/flavors/45abb35d-b939-42c8-ba51-c6aafa5b590b/os-extra_specs HTTP/1.1" status: 200 len: 313 time: 0.0127261
2019-10-31 00:00:42.785 17817 INFO nova.osapi_compute.wsgi.server [req-302d1c72-e88a-43eb-8d9e-9b78b6eec304 a610b75cf7954585ad143e20f886de58 9e2b5c7fd7bc4acfa26cb51dde097d91 - - -] 10.56.233.135 "GET /v2/ HTTP/1.1" status: 200 len: 575 time: 0.0568910
2019-10-31 00:00:42.905 17817 INFO nova.api.openstack.wsgi [req-7db49658-196a-48b9-88b8-a8c2f6318ac1 a610b75cf7954585ad143e20f886de58 9e2b5c7fd7bc4acfa26cb51dde097d91 - - -] HTTP exception thrown: Flavor flavors-necc_flavor-4hhyibmthroo could not be found.
2019-10-31 00:00:42.906 17817 INFO nova.osapi_compute.wsgi.server [req-7db49658-196a-48b9-88b8-a8c2f6318ac1 a610b75cf7954585ad143e20f886de58 9e2b5c7fd7bc4acfa26cb51dde097d91 - - -] 10.56.233.135 "GET /v2/9e2b5c7fd7bc4acfa26cb51dde097d91/flavors/flavors-necc_flavor-4hhyibmthroo HTTP/1.1" status: 404 len: 324 time: 0.0126112
2019-10-31 00:00:42.921 17817 INFO nova.osapi_compute.wsgi.server [req-38f6c5ae-c9c2-4054-8cf2-926377f3d582 a610b75cf7954585ad143e20f886de58 9e2b5c7fd7bc4acfa26cb51dde097d91 - - -] 10.56.233.135 "GET /v2/9e2b5c7fd7bc4acfa26cb51dde097d91/flavors?is_public=None HTTP/1.1" status: 200 len: 2932 time: 0.0133791
2019-10-31 00:00:42.934 17817 INFO nova.osapi_compute.wsgi.server [req-11bbadb7-d3f8-4456-8f91-bbd07459df76 a610b75cf7954585ad143e20f886de58 9e2b5c7fd7bc4acfa26cb51dde097d91 - - -] 10.56.233.135 "GET /v2/9e2b5c7fd7bc4acfa26cb51dde097d91/flavors/45abb35d-b939-42c8-ba51-c6aafa5b590b HTTP/1.1" status: 200 len: 755 time: 0.0112140
2019-10-31 00:00:43.009 17817 INFO nova.osapi_compute.wsgi.server [req-2ff63773-1f3f-4643-b4d4-235dace49dba a610b75cf7954585ad143e20f886de58 9e2b5c7fd7bc4acfa26cb51dde097d91 - - -] 10.56.233.135 "POST /v2/9e2b5c7fd7bc4acfa26cb51dde097d91/flavors/45abb35d-b939-42c8-ba51-c6aafa5b590b/os-extra_specs HTTP/1.1" status: 200 len: 241 time: 0.0728819
2019-10-31 00:00:45.893 17817 INFO nova.osapi_compute.wsgi.server [req-fb661630-514d-4b8d-b98b-b72038b7b3db a610b75cf7954585ad143e20f886de58 9e2b5c7fd7bc4acfa26cb51dde097d91 - - -] 10.56.233.135 "GET /v2/9e2b5c7fd7bc4acfa26cb51dde097d91/flavors/45abb35d-b939-42c8-ba51-c6aafa5b590b HTTP/1.1" status: 200 len: 755 time: 0.0647058
2019-10-31 00:00:45.907 17817 INFO nova.osapi_compute.wsgi.server [req-e417b345-cc64-440a-8483-b728f09e9e06 a610b75cf7954585ad143e20f886de58 9e2b5c7fd7bc4acfa26cb51dde097d91 - - -] 10.56.233.135 "GET /v2/9e2b5c7fd7bc4acfa26cb51dde097d91/flavors/45abb35d-b939-42c8-ba51-c6aafa5b590b/os-extra_specs HTTP/1.1" status: 200 len: 301 time: 0.0118790
2019-10-31 00:01:00.658 17791 INFO nova.osapi_compute.wsgi.server [req-0d95b61d-4bfb-4865-86d4-7edeb652fcc9 a610b75cf7954585ad143e20f886de58 9e2b5c7fd7bc4acfa26cb51dde097d91 - - -] 10.56.233.135 "DELETE /v2/9e2b5c7fd7bc4acfa26cb51dde097d91/servers/ca5abbc4-2626-475a-8a98-0c4939d510f1 HTTP/1.1" status: 204 len: 203 time: 0.3333089
2019-10-31 00:01:00.792 17776 INFO nova.osapi_compute.wsgi.server [req-86b403c7-1a9d-439f-9d46-07317adde3bc a610b75cf7954585ad143e20f886de58 9e2b5c7fd7bc4acfa26cb51dde097d91 - - -] 10.56.233.135 "DELETE /v2/9e2b5c7fd7bc4acfa26cb51dde097d91/servers/d7b97d98-f90d-4de5-8226-a68214ac6db0 HTTP/1.1" status: 204 len: 203 time: 0.3980730
2019-10-31 00:01:00.812 17813 INFO nova.api.openstack.wsgi [req-0fe677ac-6b51-45eb-8fb1-1c3c9757d1e3 a610b75cf7954585ad143e20f886de58 9e2b5c7fd7bc4acfa26cb51dde097d91 - - -] HTTP exception thrown: Instance ca5abbc4-2626-475a-8a98-0c4939d510f1 could not be found.
2019-10-31 00:01:00.813 17813 INFO nova.osapi_compute.wsgi.server [req-0fe677ac-6b51-45eb-8fb1-1c3c9757d1e3 a610b75cf7954585ad143e20f886de58 9e2b5c7fd7bc4acfa26cb51dde097d91 - - -] 10.56.233.135 "GET /v2/9e2b5c7fd7bc4acfa26cb51dde097d91/servers/ca5abbc4-2626-475a-8a98-0c4939d510f1 HTTP/1.1" status: 404 len: 330 time: 0.1526790
2019-10-31 00:01:00.896 17814 INFO nova.api.openstack.wsgi [req-d5a5aafc-c7f9-47f2-805e-1fcd7caf7f66 a610b75cf7954585ad143e20f886de58 9e2b5c7fd7bc4acfa26cb51dde097d91 - - -] HTTP exception thrown: Instance d7b97d98-f90d-4de5-8226-a68214ac6db0 could not be found.
2019-10-31 00:01:00.897 17814 INFO nova.osapi_compute.wsgi.server [req-d5a5aafc-c7f9-47f2-805e-1fcd7caf7f66 a610b75cf7954585ad143e20f886de58 9e2b5c7fd7bc4acfa26cb51dde097d91 - - -] 10.56.233.135 "GET /v2/9e2b5c7fd7bc4acfa26cb51dde097d91/servers/d7b97d98-f90d-4de5-8226-a68214ac6db0 HTTP/1.1" status: 404 len: 330 time: 0.1017261
2019-10-31 00:01:17.478 17776 INFO nova.osapi_compute.wsgi.server [req-146555c7-016e-4fb3-837d-46fff928992e a610b75cf7954585ad143e20f886de58 9e2b5c7fd7bc4acfa26cb51dde097d91 - - -] 10.56.233.135 "GET /v2/9e2b5c7fd7bc4acfa26cb51dde097d91/flavors/detail HTTP/1.1" status: 200 len: 4487 time: 0.0826890
2019-10-31 00:01:17.495 17776 INFO nova.osapi_compute.wsgi.server [req-041110f0-ebed-4b25-8739-786e5e9fdc10 a610b75cf7954585ad143e20f886de58 9e2b5c7fd7bc4acfa26cb51dde097d91 - - -] 10.56.233.135 "GET /v2/9e2b5c7fd7bc4acfa26cb51dde097d91/os-keypairs/CtrlKey HTTP/1.1" status: 200 len: 869 time: 0.0067580
2019-10-31 00:01:18.487 17777 INFO nova.osapi_compute.wsgi.server [req-bd5f20a8-e318-405a-a7f0-899089d7c156 a610b75cf7954585ad143e20f886de58 9e2b5c7fd7bc4acfa26cb51dde097d91 - - -] 10.56.233.135 "GET /v2/9e2b5c7fd7bc4acfa26cb51dde097d91/flavors/detail HTTP/1.1" status: 200 len: 4487 time: 0.0747190
2019-10-31 00:01:18.498 17777 INFO nova.osapi_compute.wsgi.server [req-371d8f57-e9db-4404-a4fb-a87baddc7370 a610b75cf7954585ad143e20f886de58 9e2b5c7fd7bc4acfa26cb51dde097d91 - - -] 10.56.233.135 "GET /v2/9e2b5c7fd7bc4acfa26cb51dde097d91/os-keypairs/CtrlKey HTTP/1.1" status: 200 len: 869 time: 0.0069220
2019-10-31 00:01:25.236 17823 INFO nova.osapi_compute.wsgi.server [req-5fe7a3d0-10b7-478f-891b-41cb42ed1da0 a610b75cf7954585ad143e20f886de58 9e2b5c7fd7bc4acfa26cb51dde097d91 - - -] 10.56.233.135 "GET /v2/9e2b5c7fd7bc4acfa26cb51dde097d91/flavors/detail HTTP/1.1" status: 200 len: 4487 time: 0.0968051
2019-10-31 00:01:26.118 17808 INFO nova.osapi_compute.wsgi.server [req-eeecdd4c-7cc6-4c99-8850-32dbef266cbb a610b75cf7954585ad143e20f886de58 9e2b5c7fd7bc4acfa26cb51dde097d91 - - -] 10.56.233.135 "GET /v2/9e2b5c7fd7bc4acfa26cb51dde097d91/flavors/detail HTTP/1.1" status: 200 len: 4487 time: 0.0726950
2019-10-31 00:01:26.692 17822 INFO nova.osapi_compute.wsgi.server [req-fdb1674f-9315-4b21-b5b7-09316ee41611 a610b75cf7954585ad143e20f886de58 9e2b5c7fd7bc4acfa26cb51dde097d91 - - -] 10.56.233.135 "GET /v2/9e2b5c7fd7bc4acfa26cb51dde097d91/os-keypairs/CtrlKey HTTP/1.1" status: 200 len: 869 time: 0.0728929
2019-10-31 00:01:26.881 17817 INFO nova.osapi_compute.wsgi.server [req-7ce48918-4a30-4bda-ab21-75ede6e3516e a610b75cf7954585ad143e20f886de58 9e2b5c7fd7bc4acfa26cb51dde097d91 - - -] 10.56.233.135 "GET /v2/9e2b5c7fd7bc4acfa26cb51dde097d91/flavors/detail HTTP/1.1" status: 200 len: 4487 time: 0.0990899
2019-10-31 00:01:27.190 17811 ERROR nova.api.openstack.extensions [req-b4b92ada-584a-4480-8f36-2f88fe6b0dad a610b75cf7954585ad143e20f886de58 9e2b5c7fd7bc4acfa26cb51dde097d91 - - -] Unexpected exception in API method
2019-10-31 00:01:27.190 17811 ERROR nova.api.openstack.extensions
Traceback (most recent call last):
2019-10-31 00:01:27.190 17811 ERROR nova.api.openstack.extensions
File "/usr/lib/python2.7/site-packages/nova/api/openstack/extensions.py", line 478, in wrapped
2019-10-31 00:01:27.190 17811 ERROR nova.api.openstack.extensions return f(*args, **kwargs)
2019-10-31 00:01:27.190 17811 ERROR nova.api.openstack.extensions
File "/usr/lib/python2.7/site-packages/nova/api/validation/__init__.py", line 73, in wrapper
2019-10-31 00:01:27.190 17811 ERROR nova.api.openstack.extensions return func(*args, **kwargs)
2019-10-31 00:01:27.190 17811 ERROR nova.api.openstack.extensions
File "/usr/lib/python2.7/site-packages/nova/api/validation/__init__.py", line 73, in wrapper
2019-10-31 00:01:27.190 17811 ERROR nova.api.openstack.extensions return func(*args, **kwargs)
2019-10-31 00:01:27.190 17811 ERROR nova.api.openstack.extensions
File "/usr/lib/python2.7/site-packages/nova/api/openstack/compute/servers.py", line 611, in create
2019-10-31 00:01:27.190 17811 ERROR nova.api.openstack.extensions **create_kwargs)
2019-10-31 00:01:27.190 17811 ERROR nova.api.openstack.extensions
File "/usr/lib/python2.7/site-packages/nova/hooks.py", line 149, in inner
2019-10-31 00:01:27.190 17811 ERROR nova.api.openstack.extensions rv = f(*args, **kwargs)
2019-10-31 00:01:27.190 17811 ERROR nova.api.openstack.extensions
File "/usr/lib/python2.7/site-packages/nova/compute/api.py", line 1587, in create
2019-10-31 00:01:27.190 17811 ERROR nova.api.openstack.extensions check_server_group_quota=check_server_group_quota)
2019-10-31 00:01:27.190 17811 ERROR nova.api.openstack.extensions
File "/usr/lib/python2.7/site-packages/nova/compute/api.py", line 1187, in _create_instance
2019-10-31 00:01:27.190 17811 ERROR nova.api.openstack.extensions auto_disk_config, reservation_id, max_count)
2019-10-31 00:01:27.190 17811 ERROR nova.api.openstack.extensions
File "/usr/lib/python2.7/site-packages/nova/compute/api.py", line 948, in _validate_and_build_base_options
2019-10-31 00:01:27.190 17811 ERROR nova.api.openstack.extensions instance_type, image_meta)
2019-10-31 00:01:27.190 17811 ERROR nova.api.openstack.extensions
File "/usr/lib/python2.7/site-packages/nova/virt/hardware.py", line 1029, in numa_get_constraints
2019-10-31 00:01:27.190 17811 ERROR nova.api.openstack.extensions flavor, image_meta)
2019-10-31 00:01:27.190 17811 ERROR nova.api.openstack.extensions
File "/usr/lib/python2.7/site-packages/nova/virt/hardware.py", line 849, in _numa_get_pagesize_constraints
2019-10-31 00:01:27.190 17811 ERROR nova.api.openstack.extensions pagesize = check_and_return_pages_size(flavor_request)
2019-10-31 00:01:27.190 17811 ERROR nova.api.openstack.extensions
File "/usr/lib/python2.7/site-packages/nova/virt/hardware.py", line 832, in check_and_return_pages_size
2019-10-31 00:01:27.190 17811 ERROR nova.api.openstack.extensions raise exception.MemoryPageSizeInvalid(pagesize=request)
2019-10-31 00:01:27.190 17811 ERROR nova.api.openstack.extensions MemoryPageSizeInvalid: Invalid memory page size '0'
2019-10-31 00:01:27.190 17811 ERROR nova.api.openstack.extensions
2019-10-31 00:01:27.194 17811 INFO nova.api.openstack.wsgi [req-b4b92ada-584a-4480-8f36-2f88fe6b0dad a610b75cf7954585ad143e20f886de58 9e2b5c7fd7bc4acfa26cb51dde097d91 - - -] HTTP exception thrown: Unexpected API Error. Please report this at http://bugs.launchpad.net/nova/ and attach the Nova API log if possible.
2019-10-31 00:01:27.195 17811 INFO nova.osapi_compute.wsgi.server [req-b4b92ada-584a-4480-8f36-2f88fe6b0dad a610b75cf7954585ad143e20f886de58 9e2b5c7fd7bc4acfa26cb51dde097d91 - - -] 10.56.233.135 "POST /v2/9e2b5c7fd7bc4acfa26cb51dde097d91/os-volumes_boot HTTP/1.1" status: 500 len: 441 time: 0.3094130
2019-10-31 00:01:27.654 17804 INFO nova.osapi_compute.wsgi.server [req-b9720bcc-7aad-4c1a-acf0-3cfd79c0e7d2 a610b75cf7954585ad143e20f886de58 9e2b5c7fd7bc4acfa26cb51dde097d91 - - -] 10.56.233.135 "GET /v2/9e2b5c7fd7bc4acfa26cb51dde097d91/os-keypairs/CtrlKey HTTP/1.1" status: 200 len: 869 time: 0.0668082
2019-10-31 00:01:27.721 17804 INFO nova.osapi_compute.wsgi.server [req-d1452625-ab04-4053-963b-78fa0089ae95 a610b75cf7954585ad143e20f886de58 9e2b5c7fd7bc4acfa26cb51dde097d91 - - -] 10.56.233.135 "GET /v2/9e2b5c7fd7bc4acfa26cb51dde097d91/flavors/detail HTTP/1.1" status: 200 len: 4487 time: 0.0220950
2019-10-31 00:01:27.863 17819 ERROR nova.api.openstack.extensions [req-b46689ba-ab44-4826-ab59-d0d1f176fc43 a610b75cf7954585ad143e20f886de58 9e2b5c7fd7bc4acfa26cb51dde097d91 - - -] Unexpected exception in API method
2019-10-31 00:01:27.863 17819 ERROR nova.api.openstack.extensions
Traceback (most recent call last):
2019-10-31 00:01:27.863 17819 ERROR nova.api.openstack.extensions
File "/usr/lib/python2.7/site-packages/nova/api/openstack/extensions.py", line 478, in wrapped
2019-10-31 00:01:27.863 17819 ERROR nova.api.openstack.extensions return f(*args, **kwargs)
2019-10-31 00:01:27.863 17819 ERROR nova.api.openstack.extensions
File "/usr/lib/python2.7/site-packages/nova/api/validation/__init__.py", line 73, in wrapper
2019-10-31 00:01:27.863 17819 ERROR nova.api.openstack.extensions return func(*args, **kwargs)
2019-10-31 00:01:27.863 17819 ERROR nova.api.openstack.extensions
File "/usr/lib/python2.7/site-packages/nova/api/validation/__init__.py", line 73, in wrapper
2019-10-31 00:01:27.863 17819 ERROR nova.api.openstack.extensions return func(*args, **kwargs)
2019-10-31 00:01:27.863 17819 ERROR nova.api.openstack.extensions
File "/usr/lib/python2.7/site-packages/nova/api/openstack/compute/servers.py", line 611, in create
2019-10-31 00:01:27.863 17819 ERROR nova.api.openstack.extensions **create_kwargs)
2019-10-31 00:01:27.863 17819 ERROR nova.api.openstack.extensions
File "/usr/lib/python2.7/site-packages/nova/hooks.py", line 149, in inner
2019-10-31 00:01:27.863 17819 ERROR nova.api.openstack.extensions rv = f(*args, **kwargs)
2019-10-31 00:01:27.863 17819 ERROR nova.api.openstack.extensions
File "/usr/lib/python2.7/site-packages/nova/compute/api.py", line 1587, in create
2019-10-31 00:01:27.863 17819 ERROR nova.api.openstack.extensions check_server_group_quota=check_server_group_quota)
2019-10-31 00:01:27.863 17819 ERROR nova.api.openstack.extensions
File "/usr/lib/python2.7/site-packages/nova/compute/api.py", line 1187, in _create_instance
2019-10-31 00:01:27.863 17819 ERROR nova.api.openstack.extensions auto_disk_config, reservation_id, max_count)
2019-10-31 00:01:27.863 17819 ERROR nova.api.openstack.extensions
File "/usr/lib/python2.7/site-packages/nova/compute/api.py", line 948, in _validate_and_build_base_options
2019-10-31 00:01:27.863 17819 ERROR nova.api.openstack.extensions instance_type, image_meta)
2019-10-31 00:01:27.863 17819 ERROR nova.api.openstack.extensions
File "/usr/lib/python2.7/site-packages/nova/virt/hardware.py", line 1029, in numa_get_constraints
2019-10-31 00:01:27.863 17819 ERROR nova.api.openstack.extensions flavor, image_meta)
2019-10-31 00:01:27.863 17819 ERROR nova.api.openstack.extensions
File "/usr/lib/python2.7/site-packages/nova/virt/hardware.py", line 849, in _numa_get_pagesize_constraints
2019-10-31 00:01:27.863 17819 ERROR nova.api.openstack.extensions pagesize = check_and_return_pages_size(flavor_request)
2019-10-31 00:01:27.863 17819 ERROR nova.api.openstack.extensions
File "/usr/lib/python2.7/site-packages/nova/virt/hardware.py", line 832, in check_and_return_pages_size
2019-10-31 00:01:27.863 17819 ERROR nova.api.openstack.extensions raise exception.MemoryPageSizeInvalid(pagesize=request)
2019-10-31 00:01:27.863 17819 ERROR nova.api.openstack.extensions MemoryPageSizeInvalid: Invalid memory page size '0'
2019-10-31 00:01:27.863 17819 ERROR nova.api.openstack.extensions
2019-10-31 00:01:27.865 17819 INFO nova.api.openstack.wsgi [req-b46689ba-ab44-4826-ab59-d0d1f176fc43 a610b75cf7954585ad143e20f886de58 9e2b5c7fd7bc4acfa26cb51dde097d91 - - -] HTTP exception thrown: Unexpected API Error. Please report this at http://bugs.launchpad.net/nova/ and attach the Nova API log if possible.
2019-10-31 00:01:27.866 17819 INFO nova.osapi_compute.wsgi.server [req-b46689ba-ab44-4826-ab59-d0d1f176fc43 a610b75cf7954585ad143e20f886de58 9e2b5c7fd7bc4acfa26cb51dde097d91 - - -] 10.56.233.135 "POST /v2/9e2b5c7fd7bc4acfa26cb51dde097d91/os-volumes_boot HTTP/1.1" status: 500 len: 441 time: 0.1415620
2019-10-31 00:02:18.688 17798 INFO nova.osapi_compute.wsgi.server [req-ac7efa1c-2754-4ba4-b350-d18a583b0b7a a610b75cf7954585ad143e20f886de58 9e2b5c7fd7bc4acfa26cb51dde097d91 - - -] 10.56.233.135 "GET /v2/9e2b5c7fd7bc4acfa26cb51dde097d91/flavors/45abb35d-b939-42c8-ba51-c6aafa5b590b HTTP/1.1" status: 200 len: 755 time: 0.0691600
2019-10-31 00:02:18.702 17798 INFO nova.osapi_compute.wsgi.server [req-a709b03c-a993-4f73-949b-c37960e4540b a610b75cf7954585ad143e20f886de58 9e2b5c7fd7bc4acfa26cb51dde097d91 - - -] 10.56.233.135 "GET /v2/9e2b5c7fd7bc4acfa26cb51dde097d91/flavors/45abb35d-b939-42c8-ba51-c6aafa5b590b/os-extra_specs HTTP/1.1" status: 200 len: 301 time: 0.0121291
2019-10-31 00:08:34.061 17786 INFO nova.osapi_compute.wsgi.server [req-fa43b2cc-ac33-4143-8a49-0f9a17366ad9 a610b75cf7954585ad143e20f886de58 9e2b5c7fd7bc4acfa26cb51dde097d91 - - -] 10.56.233.135 "GET /v2/ HTTP/1.1" status: 200 len: 575 time: 0.0971892
2019-10-31 00:08:40.546 17797 INFO nova.osapi_compute.wsgi.server [req-841d1ec1-d9b4-4641-b48c-8c4842468965 a610b75cf7954585ad143e20f886de58 9e2b5c7fd7bc4acfa26cb51dde097d91 - - -] 10.56.233.135 "GET /v2/ HTTP/1.1" status: 200 len: 575 time: 0.0575800
2019-10-31 00:08:40.672 17797 INFO nova.osapi_compute.wsgi.server [req-37a81b9c-7ce9-4843-88b4-0dc76f77b3f7 a610b75cf7954585ad143e20f886de58 9e2b5c7fd7bc4acfa26cb51dde097d91 - - -] 10.56.233.135 "GET /v2/9e2b5c7fd7bc4acfa26cb51dde097d91/flavors/detail HTTP/1.1" status: 200 len: 4487 time: 0.0186019
2019-10-31 00:14:15.734 17816 INFO nova.osapi_compute.wsgi.server [req-8a1fd1b7-1310-476b-a66a-7616d57534e8 a610b75cf7954585ad143e20f886de58 9e2b5c7fd7bc4acfa26cb51dde097d91 - - -] 10.56.233.135 "GET /v2/9e2b5c7fd7bc4acfa26cb51dde097d91/flavors/detail HTTP/1.1" status: 200 len: 4487 time: 0.0693901
