2019-10-30 23:52:20.138 17687 INFO oslo_service.service [-] Started child 17913
2019-10-30 23:52:20.141 17913 INFO nova.metadata.wsgi.server [-] (17913) wsgi starting up on http://0.0.0.0:8775/
2019-10-30 23:52:20.141 17687 INFO oslo_service.service [-] Started child 17914
2019-10-30 23:52:20.144 17914 INFO nova.metadata.wsgi.server [-] (17914) wsgi starting up on http://0.0.0.0:8775/
2019-10-30 23:52:20.145 17687 INFO oslo_service.service [-] Started child 17915
2019-10-30 23:52:20.147 17915 INFO nova.metadata.wsgi.server [-] (17915) wsgi starting up on http://0.0.0.0:8775/
2019-10-30 23:52:20.148 17687 INFO oslo_service.service [-] Started child 17916
2019-10-30 23:52:20.150 17916 INFO nova.metadata.wsgi.server [-] (17916) wsgi starting up on http://0.0.0.0:8775/
2019-10-30 23:52:20.151 17687 INFO oslo_service.service [-] Started child 17917
2019-10-30 23:52:20.153 17917 INFO nova.metadata.wsgi.server [-] (17917) wsgi starting up on http://0.0.0.0:8775/
2019-10-30 23:52:20.154 17687 INFO oslo_service.service [-] Started child 17918
2019-10-30 23:52:20.156 17918 INFO nova.metadata.wsgi.server [-] (17918) wsgi starting up on http://0.0.0.0:8775/
2019-10-30 23:52:20.157 17687 INFO oslo_service.service [-] Started child 17919
2019-10-30 23:52:20.159 17919 INFO nova.metadata.wsgi.server [-] (17919) wsgi starting up on http://0.0.0.0:8775/
2019-10-30 23:52:20.160 17687 INFO oslo_service.service [-] Started child 17920
2019-10-30 23:52:20.162 17920 INFO nova.metadata.wsgi.server [-] (17920) wsgi starting up on http://0.0.0.0:8775/
2019-10-30 23:52:20.163 17687 INFO oslo_service.service [-] Started child 17921
2019-10-30 23:52:20.165 17921 INFO nova.metadata.wsgi.server [-] (17921) wsgi starting up on http://0.0.0.0:8775/
2019-10-30 23:52:20.166 17687 INFO oslo_service.service [-] Started child 17922
2019-10-30 23:52:20.168 17922 INFO nova.metadata.wsgi.server [-] (17922) wsgi starting up on http://0.0.0.0:8775/
2019-10-30 23:52:20.169 17687 INFO oslo_service.service [-] Started child 17923
2019-10-30 23:52:20.171 17923 INFO nova.metadata.wsgi.server [-] (17923) wsgi starting up on http://0.0.0.0:8775/
2019-10-30 23:52:20.172 17687 INFO oslo_service.service [-] Started child 17924
2019-10-30 23:52:20.174 17924 INFO nova.metadata.wsgi.server [-] (17924) wsgi starting up on http://0.0.0.0:8775/
2019-10-30 23:52:20.183 17687 WARNING oslo_config.cfg [-] Option "admin_auth_url" from group "neutron" is deprecated for removal. Its value may be silently ignored in the future.
2019-10-30 23:52:20.183 17687 WARNING oslo_config.cfg [-] Option "admin_password" from group "neutron" is deprecated for removal. Its value may be silently ignored in the future.
2019-10-30 23:52:20.184 17687 WARNING oslo_config.cfg [-] Option "admin_tenant_name" from group "neutron" is deprecated for removal. Its value may be silently ignored in the future.
2019-10-30 23:52:20.184 17687 WARNING oslo_config.cfg [-] Option "admin_username" from group "neutron" is deprecated for removal. Its value may be silently ignored in the future.
2019-10-30 23:52:20.184 17687 WARNING oslo_config.cfg [-] Option "auth_strategy" from group "neutron" is deprecated for removal. Its value may be silently ignored in the future.
2019-10-30 23:52:20.186 17687 WARNING oslo_config.cfg [-] Option "vnc_enabled" from group "DEFAULT" is deprecated. Use option "enabled" from group "vnc".
2019-10-30 23:52:20.186 17687 WARNING oslo_config.cfg [-] Option "vnc_keymap" from group "DEFAULT" is deprecated. Use option "keymap" from group "vnc".
2019-10-30 23:52:20.186 17687 WARNING oslo_config.cfg [-] Option "novncproxy_base_url" from group "DEFAULT" is deprecated. Use option "novncproxy_base_url" from group "vnc".
2019-10-30 23:52:20.186 17687 WARNING oslo_config.cfg [-] Option "vncserver_listen" from group "DEFAULT" is deprecated. Use option "vncserver_listen" from group "vnc".
2019-10-30 23:52:20.187 17687 WARNING oslo_config.cfg [-] Option "vncserver_proxyclient_address" from group "DEFAULT" is deprecated. Use option "vncserver_proxyclient_address" from group "vnc".
2019-10-30 23:52:20.190 17687 WARNING oslo_config.cfg [-] Option "sql_connection" from group "DEFAULT" is deprecated. Use option "connection" from group "database".
2019-10-30 23:53:16.657 17815 WARNING oslo_config.cfg [req-6f7c70d0-9b41-4346-b8a5-28aa5d8e324e a610b75cf7954585ad143e20f886de58 9e2b5c7fd7bc4acfa26cb51dde097d91 - - -] Option "sql_connection" from group "DEFAULT" is deprecated. Use option "connection" from group "database".
2019-10-30 23:53:17.115 17815 INFO nova.osapi_compute.wsgi.server [req-6f7c70d0-9b41-4346-b8a5-28aa5d8e324e a610b75cf7954585ad143e20f886de58 9e2b5c7fd7bc4acfa26cb51dde097d91 - - -] 10.56.233.135 "DELETE /v2/9e2b5c7fd7bc4acfa26cb51dde097d91/servers/cf6d1435-0791-43e1-822d-cdbf2900bbe7 HTTP/1.1" status: 204 len: 203 time: 0.9915869
2019-10-30 23:53:17.131 17815 INFO nova.osapi_compute.wsgi.server [req-d6fa2c19-10b2-4b83-9d3d-dfbb2130c95e a610b75cf7954585ad143e20f886de58 9e2b5c7fd7bc4acfa26cb51dde097d91 - - -] 10.56.233.135 "DELETE /v2/9e2b5c7fd7bc4acfa26cb51dde097d91/servers/353b3f21-1d6f-408e-a617-b6e09c16806b HTTP/1.1" status: 204 len: 203 time: 0.9502859
2019-10-30 23:53:17.735 17776 WARNING oslo_config.cfg [req-9736647d-8e6f-4d2a-9fe1-fff8abaffc69 a610b75cf7954585ad143e20f886de58 9e2b5c7fd7bc4acfa26cb51dde097d91 - - -] Option "sql_connection" from group "DEFAULT" is deprecated. Use option "connection" from group "database".
2019-10-30 23:53:17.754 17798 WARNING oslo_config.cfg [req-deffef13-5d81-45d2-8d0d-e53154409766 a610b75cf7954585ad143e20f886de58 9e2b5c7fd7bc4acfa26cb51dde097d91 - - -] Option "sql_connection" from group "DEFAULT" is deprecated. Use option "connection" from group "database".
2019-10-30 23:53:17.895 17776 INFO nova.api.openstack.wsgi [req-9736647d-8e6f-4d2a-9fe1-fff8abaffc69 a610b75cf7954585ad143e20f886de58 9e2b5c7fd7bc4acfa26cb51dde097d91 - - -] HTTP exception thrown: Instance cf6d1435-0791-43e1-822d-cdbf2900bbe7 could not be found.
2019-10-30 23:53:17.896 17776 INFO nova.osapi_compute.wsgi.server [req-9736647d-8e6f-4d2a-9fe1-fff8abaffc69 a610b75cf7954585ad143e20f886de58 9e2b5c7fd7bc4acfa26cb51dde097d91 - - -] 10.56.233.135 "GET /v2/9e2b5c7fd7bc4acfa26cb51dde097d91/servers/cf6d1435-0791-43e1-822d-cdbf2900bbe7 HTTP/1.1" status: 404 len: 330 time: 0.7778680
2019-10-30 23:53:17.908 17798 INFO nova.api.openstack.wsgi [req-deffef13-5d81-45d2-8d0d-e53154409766 a610b75cf7954585ad143e20f886de58 9e2b5c7fd7bc4acfa26cb51dde097d91 - - -] HTTP exception thrown: Instance 353b3f21-1d6f-408e-a617-b6e09c16806b could not be found.
2019-10-30 23:53:17.909 17798 INFO nova.osapi_compute.wsgi.server [req-deffef13-5d81-45d2-8d0d-e53154409766 a610b75cf7954585ad143e20f886de58 9e2b5c7fd7bc4acfa26cb51dde097d91 - - -] 10.56.233.135 "GET /v2/9e2b5c7fd7bc4acfa26cb51dde097d91/servers/353b3f21-1d6f-408e-a617-b6e09c16806b HTTP/1.1" status: 404 len: 330 time: 0.7742100
2019-10-30 23:53:42.269 17795 WARNING oslo_config.cfg [req-56b1c27c-93b5-422e-8eb2-dfb9fef7d889 a610b75cf7954585ad143e20f886de58 9e2b5c7fd7bc4acfa26cb51dde097d91 - - -] Option "sql_connection" from group "DEFAULT" is deprecated. Use option "connection" from group "database".
2019-10-30 23:53:42.386 17795 INFO nova.osapi_compute.wsgi.server [req-56b1c27c-93b5-422e-8eb2-dfb9fef7d889 a610b75cf7954585ad143e20f886de58 9e2b5c7fd7bc4acfa26cb51dde097d91 - - -] 10.56.233.135 "GET /v2/9e2b5c7fd7bc4acfa26cb51dde097d91/flavors/detail HTTP/1.1" status: 200 len: 4487 time: 0.6673210
2019-10-30 23:53:42.396 17795 INFO nova.osapi_compute.wsgi.server [req-8f9548d1-3624-446e-aaf2-1794ba6d6e58 a610b75cf7954585ad143e20f886de58 9e2b5c7fd7bc4acfa26cb51dde097d91 - - -] 10.56.233.135 "GET /v2/9e2b5c7fd7bc4acfa26cb51dde097d91/os-keypairs/CtrlKey HTTP/1.1" status: 200 len: 869 time: 0.0061579
2019-10-30 23:53:43.878 17792 WARNING oslo_config.cfg [req-11307d04-e179-4fb3-af62-11c3dab5e987 a610b75cf7954585ad143e20f886de58 9e2b5c7fd7bc4acfa26cb51dde097d91 - - -] Option "sql_connection" from group "DEFAULT" is deprecated. Use option "connection" from group "database".
2019-10-30 23:53:44.008 17792 INFO nova.osapi_compute.wsgi.server [req-11307d04-e179-4fb3-af62-11c3dab5e987 a610b75cf7954585ad143e20f886de58 9e2b5c7fd7bc4acfa26cb51dde097d91 - - -] 10.56.233.135 "GET /v2/9e2b5c7fd7bc4acfa26cb51dde097d91/flavors/detail HTTP/1.1" status: 200 len: 4487 time: 0.6729660
2019-10-30 23:53:44.026 17792 INFO nova.osapi_compute.wsgi.server [req-a0901d61-4c01-40c0-b0b1-84a348406682 a610b75cf7954585ad143e20f886de58 9e2b5c7fd7bc4acfa26cb51dde097d91 - - -] 10.56.233.135 "GET /v2/9e2b5c7fd7bc4acfa26cb51dde097d91/os-keypairs/CtrlKey HTTP/1.1" status: 200 len: 869 time: 0.0065899
2019-10-30 23:53:51.784 17825 WARNING oslo_config.cfg [req-7bb224a0-051a-459f-8763-31e9b606e73e a610b75cf7954585ad143e20f886de58 9e2b5c7fd7bc4acfa26cb51dde097d91 - - -] Option "sql_connection" from group "DEFAULT" is deprecated. Use option "connection" from group "database".
2019-10-30 23:53:51.907 17825 INFO nova.osapi_compute.wsgi.server [req-7bb224a0-051a-459f-8763-31e9b606e73e a610b75cf7954585ad143e20f886de58 9e2b5c7fd7bc4acfa26cb51dde097d91 - - -] 10.56.233.135 "GET /v2/9e2b5c7fd7bc4acfa26cb51dde097d91/flavors/detail HTTP/1.1" status: 200 len: 4487 time: 0.6968699
2019-10-30 23:53:52.865 17776 INFO nova.osapi_compute.wsgi.server [req-4f8e1e99-9573-46b7-81b4-777b04d50ecf a610b75cf7954585ad143e20f886de58 9e2b5c7fd7bc4acfa26cb51dde097d91 - - -] 10.56.233.135 "GET /v2/9e2b5c7fd7bc4acfa26cb51dde097d91/flavors/detail HTTP/1.1" status: 200 len: 4487 time: 0.0724361
2019-10-30 23:53:54.046 17804 WARNING oslo_config.cfg [req-eb445cf5-0ad3-4ba8-bc81-0d99989aa158 a610b75cf7954585ad143e20f886de58 9e2b5c7fd7bc4acfa26cb51dde097d91 - - -] Option "sql_connection" from group "DEFAULT" is deprecated. Use option "connection" from group "database".
2019-10-30 23:53:54.160 17804 INFO nova.osapi_compute.wsgi.server [req-eb445cf5-0ad3-4ba8-bc81-0d99989aa158 a610b75cf7954585ad143e20f886de58 9e2b5c7fd7bc4acfa26cb51dde097d91 - - -] 10.56.233.135 "GET /v2/9e2b5c7fd7bc4acfa26cb51dde097d91/os-keypairs/CtrlKey HTTP/1.1" status: 200 len: 869 time: 0.6901100
2019-10-30 23:53:54.219 17804 INFO nova.osapi_compute.wsgi.server [req-3ac2b25c-39b2-44ae-9031-7b36e69dc54f a610b75cf7954585ad143e20f886de58 9e2b5c7fd7bc4acfa26cb51dde097d91 - - -] 10.56.233.135 "GET /v2/9e2b5c7fd7bc4acfa26cb51dde097d91/flavors/detail HTTP/1.1" status: 200 len: 4487 time: 0.0215318
2019-10-30 23:53:54.841 17821 WARNING oslo_config.cfg [req-3d6b654d-a6ef-43c0-8a9b-98a60fbffef3 a610b75cf7954585ad143e20f886de58 9e2b5c7fd7bc4acfa26cb51dde097d91 - - -] Option "sql_connection" from group "DEFAULT" is deprecated. Use option "connection" from group "database".
2019-10-30 23:53:54.946 17821 INFO nova.osapi_compute.wsgi.server [req-3d6b654d-a6ef-43c0-8a9b-98a60fbffef3 a610b75cf7954585ad143e20f886de58 9e2b5c7fd7bc4acfa26cb51dde097d91 - - -] 10.56.233.135 "GET /v2/9e2b5c7fd7bc4acfa26cb51dde097d91/os-keypairs/CtrlKey HTTP/1.1" status: 200 len: 869 time: 0.6353359
2019-10-30 23:53:55.003 17821 INFO nova.osapi_compute.wsgi.server [req-9710bda6-ffc7-4e96-b427-580cc88a50c9 a610b75cf7954585ad143e20f886de58 9e2b5c7fd7bc4acfa26cb51dde097d91 - - -] 10.56.233.135 "GET /v2/9e2b5c7fd7bc4acfa26cb51dde097d91/flavors/detail HTTP/1.1" status: 200 len: 4487 time: 0.0200760
2019-10-30 23:53:55.484 17775 WARNING oslo_config.cfg [req-7d6498e3-1160-4ffa-b9a9-782e89848f42 a610b75cf7954585ad143e20f886de58 9e2b5c7fd7bc4acfa26cb51dde097d91 - - -] Option "sql_connection" from group "DEFAULT" is deprecated. Use option "connection" from group "database".
2019-10-30 23:53:56.041 17775 WARNING oslo_config.cfg [req-7d6498e3-1160-4ffa-b9a9-782e89848f42 a610b75cf7954585ad143e20f886de58 9e2b5c7fd7bc4acfa26cb51dde097d91 - - -] Option "auth_strategy" from group "neutron" is deprecated for removal. Its value may be silently ignored in the future.
2019-10-30 23:53:56.042 17775 WARNING oslo_config.cfg [req-7d6498e3-1160-4ffa-b9a9-782e89848f42 a610b75cf7954585ad143e20f886de58 9e2b5c7fd7bc4acfa26cb51dde097d91 - - -] Option "admin_auth_url" from group "neutron" is deprecated for removal. Its value may be silently ignored in the future.
2019-10-30 23:53:56.043 17775 WARNING oslo_config.cfg [req-7d6498e3-1160-4ffa-b9a9-782e89848f42 a610b75cf7954585ad143e20f886de58 9e2b5c7fd7bc4acfa26cb51dde097d91 - - -] Option "admin_username" from group "neutron" is deprecated for removal. Its value may be silently ignored in the future.
2019-10-30 23:53:56.043 17775 WARNING oslo_config.cfg [req-7d6498e3-1160-4ffa-b9a9-782e89848f42 a610b75cf7954585ad143e20f886de58 9e2b5c7fd7bc4acfa26cb51dde097d91 - - -] Option "admin_password" from group "neutron" is deprecated for removal. Its value may be silently ignored in the future.
2019-10-30 23:53:56.044 17775 WARNING oslo_config.cfg [req-7d6498e3-1160-4ffa-b9a9-782e89848f42 a610b75cf7954585ad143e20f886de58 9e2b5c7fd7bc4acfa26cb51dde097d91 - - -] Option "admin_tenant_name" from group "neutron" is deprecated for removal. Its value may be silently ignored in the future.
2019-10-30 23:53:56.228 17812 WARNING oslo_config.cfg [req-361c4f8f-cc76-4c81-a10c-fde71910a5cf a610b75cf7954585ad143e20f886de58 9e2b5c7fd7bc4acfa26cb51dde097d91 - - -] Option "sql_connection" from group "DEFAULT" is deprecated. Use option "connection" from group "database".
2019-10-30 23:53:56.762 17812 WARNING oslo_config.cfg [req-361c4f8f-cc76-4c81-a10c-fde71910a5cf a610b75cf7954585ad143e20f886de58 9e2b5c7fd7bc4acfa26cb51dde097d91 - - -] Option "auth_strategy" from group "neutron" is deprecated for removal. Its value may be silently ignored in the future.
2019-10-30 23:53:56.763 17812 WARNING oslo_config.cfg [req-361c4f8f-cc76-4c81-a10c-fde71910a5cf a610b75cf7954585ad143e20f886de58 9e2b5c7fd7bc4acfa26cb51dde097d91 - - -] Option "admin_auth_url" from group "neutron" is deprecated for removal. Its value may be silently ignored in the future.
2019-10-30 23:53:56.763 17812 WARNING oslo_config.cfg [req-361c4f8f-cc76-4c81-a10c-fde71910a5cf a610b75cf7954585ad143e20f886de58 9e2b5c7fd7bc4acfa26cb51dde097d91 - - -] Option "admin_username" from group "neutron" is deprecated for removal. Its value may be silently ignored in the future.
2019-10-30 23:53:56.764 17812 WARNING oslo_config.cfg [req-361c4f8f-cc76-4c81-a10c-fde71910a5cf a610b75cf7954585ad143e20f886de58 9e2b5c7fd7bc4acfa26cb51dde097d91 - - -] Option "admin_password" from group "neutron" is deprecated for removal. Its value may be silently ignored in the future.
2019-10-30 23:53:56.764 17812 WARNING oslo_config.cfg [req-361c4f8f-cc76-4c81-a10c-fde71910a5cf a610b75cf7954585ad143e20f886de58 9e2b5c7fd7bc4acfa26cb51dde097d91 - - -] Option "admin_tenant_name" from group "neutron" is deprecated for removal. Its value may be silently ignored in the future.
2019-10-30 23:53:57.772 17775 INFO oslo_messaging._drivers.impl_qpid [req-7d6498e3-1160-4ffa-b9a9-782e89848f42 a610b75cf7954585ad143e20f886de58 9e2b5c7fd7bc4acfa26cb51dde097d91 - - -] Connected to AMQP server on 10.56.233.135:5672
2019-10-30 23:53:57.782 17775 INFO nova.osapi_compute.wsgi.server [req-7d6498e3-1160-4ffa-b9a9-782e89848f42 a610b75cf7954585ad143e20f886de58 9e2b5c7fd7bc4acfa26cb51dde097d91 - - -] 10.56.233.135 "POST /v2/9e2b5c7fd7bc4acfa26cb51dde097d91/os-volumes_boot HTTP/1.1" status: 202 len: 763 time: 3.5589149
2019-10-30 23:53:58.374 17812 INFO oslo_messaging._drivers.impl_qpid [req-361c4f8f-cc76-4c81-a10c-fde71910a5cf a610b75cf7954585ad143e20f886de58 9e2b5c7fd7bc4acfa26cb51dde097d91 - - -] Connected to AMQP server on 10.56.233.135:5672
2019-10-30 23:53:58.382 17812 INFO nova.osapi_compute.wsgi.server [req-361c4f8f-cc76-4c81-a10c-fde71910a5cf a610b75cf7954585ad143e20f886de58 9e2b5c7fd7bc4acfa26cb51dde097d91 - - -] 10.56.233.135 "POST /v2/9e2b5c7fd7bc4acfa26cb51dde097d91/os-volumes_boot HTTP/1.1" status: 202 len: 763 time: 3.3743548
2019-10-30 23:53:58.918 17812 INFO nova.osapi_compute.wsgi.server [req-6f36f652-7e9e-4936-b45a-5ea022243f74 a610b75cf7954585ad143e20f886de58 9e2b5c7fd7bc4acfa26cb51dde097d91 - - -] 10.56.233.135 "GET /v2/9e2b5c7fd7bc4acfa26cb51dde097d91/servers/e09464fd-ff74-4658-9f6b-d4b5cf133848 HTTP/1.1" status: 200 len: 3624 time: 0.0932798
2019-10-30 23:54:00.036 17790 WARNING oslo_config.cfg [req-51d1ed9e-d47a-45ff-99a6-2350d223a620 a610b75cf7954585ad143e20f886de58 9e2b5c7fd7bc4acfa26cb51dde097d91 - - -] Option "sql_connection" from group "DEFAULT" is deprecated. Use option "connection" from group "database".
2019-10-30 23:54:00.223 17787 WARNING oslo_config.cfg [req-fdb192d9-825f-4768-960a-b6de6d2e5d87 a610b75cf7954585ad143e20f886de58 9e2b5c7fd7bc4acfa26cb51dde097d91 - - -] Option "sql_connection" from group "DEFAULT" is deprecated. Use option "connection" from group "database".
2019-10-30 23:54:00.224 17790 INFO nova.osapi_compute.wsgi.server [req-51d1ed9e-d47a-45ff-99a6-2350d223a620 a610b75cf7954585ad143e20f886de58 9e2b5c7fd7bc4acfa26cb51dde097d91 - - -] 10.56.233.135 "GET /v2/9e2b5c7fd7bc4acfa26cb51dde097d91/servers/fcb6a16c-992a-4fa8-90a6-4616c4e449f9 HTTP/1.1" status: 200 len: 3624 time: 0.8002441
2019-10-30 23:54:00.350 17787 INFO nova.osapi_compute.wsgi.server [req-fdb192d9-825f-4768-960a-b6de6d2e5d87 a610b75cf7954585ad143e20f886de58 9e2b5c7fd7bc4acfa26cb51dde097d91 - - -] 10.56.233.135 "GET /v2/9e2b5c7fd7bc4acfa26cb51dde097d91/flavors/detail HTTP/1.1" status: 200 len: 4487 time: 0.6602089
2019-10-30 23:54:01.438 17788 WARNING oslo_config.cfg [req-5f40e312-3d2a-41dd-a823-e733afd5884a a610b75cf7954585ad143e20f886de58 9e2b5c7fd7bc4acfa26cb51dde097d91 - - -] Option "sql_connection" from group "DEFAULT" is deprecated. Use option "connection" from group "database".
2019-10-30 23:54:01.568 17788 INFO nova.osapi_compute.wsgi.server [req-5f40e312-3d2a-41dd-a823-e733afd5884a a610b75cf7954585ad143e20f886de58 9e2b5c7fd7bc4acfa26cb51dde097d91 - - -] 10.56.233.135 "GET /v2/9e2b5c7fd7bc4acfa26cb51dde097d91/flavors/detail HTTP/1.1" status: 200 len: 4487 time: 0.7163241
2019-10-30 23:54:02.097 17802 WARNING oslo_config.cfg [req-d98f745c-271a-4e31-af39-d3e4b04a3dd8 a610b75cf7954585ad143e20f886de58 9e2b5c7fd7bc4acfa26cb51dde097d91 - - -] Option "sql_connection" from group "DEFAULT" is deprecated. Use option "connection" from group "database".
2019-10-30 23:54:02.209 17802 INFO nova.osapi_compute.wsgi.server [req-d98f745c-271a-4e31-af39-d3e4b04a3dd8 a610b75cf7954585ad143e20f886de58 9e2b5c7fd7bc4acfa26cb51dde097d91 - - -] 10.56.233.135 "GET /v2/9e2b5c7fd7bc4acfa26cb51dde097d91/os-keypairs/CtrlKey HTTP/1.1" status: 200 len: 869 time: 0.6859150
2019-10-30 23:54:02.777 17811 WARNING oslo_config.cfg [req-4dfe36a7-d5c9-437c-95cd-6b838e5532c0 a610b75cf7954585ad143e20f886de58 9e2b5c7fd7bc4acfa26cb51dde097d91 - - -] Option "sql_connection" from group "DEFAULT" is deprecated. Use option "connection" from group "database".
2019-10-30 23:54:03.134 17811 INFO nova.osapi_compute.wsgi.server [req-4dfe36a7-d5c9-437c-95cd-6b838e5532c0 a610b75cf7954585ad143e20f886de58 9e2b5c7fd7bc4acfa26cb51dde097d91 - - -] 10.56.233.135 "DELETE /v2/9e2b5c7fd7bc4acfa26cb51dde097d91/servers/e09464fd-ff74-4658-9f6b-d4b5cf133848 HTTP/1.1" status: 204 len: 203 time: 0.9141190
2019-10-30 23:54:03.354 17786 WARNING oslo_config.cfg [req-e022d6d6-305a-44d6-934b-1440a183e624 a610b75cf7954585ad143e20f886de58 9e2b5c7fd7bc4acfa26cb51dde097d91 - - -] Option "sql_connection" from group "DEFAULT" is deprecated. Use option "connection" from group "database".
2019-10-30 23:54:03.460 17786 INFO nova.osapi_compute.wsgi.server [req-e022d6d6-305a-44d6-934b-1440a183e624 a610b75cf7954585ad143e20f886de58 9e2b5c7fd7bc4acfa26cb51dde097d91 - - -] 10.56.233.135 "GET /v2/9e2b5c7fd7bc4acfa26cb51dde097d91/os-keypairs/CtrlKey HTTP/1.1" status: 200 len: 869 time: 0.6069510
2019-10-30 23:54:03.742 17786 INFO nova.osapi_compute.wsgi.server [req-37ca8d4f-aa0d-4e33-a949-0590616590da a610b75cf7954585ad143e20f886de58 9e2b5c7fd7bc4acfa26cb51dde097d91 - - -] 10.56.233.135 "DELETE /v2/9e2b5c7fd7bc4acfa26cb51dde097d91/servers/fcb6a16c-992a-4fa8-90a6-4616c4e449f9 HTTP/1.1" status: 204 len: 203 time: 0.2714250
2019-10-30 23:54:04.672 17799 WARNING oslo_config.cfg [req-a8e674fc-fed0-4706-8feb-f66af27788ae a610b75cf7954585ad143e20f886de58 9e2b5c7fd7bc4acfa26cb51dde097d91 - - -] Option "sql_connection" from group "DEFAULT" is deprecated. Use option "connection" from group "database".
2019-10-30 23:54:04.822 17799 INFO nova.api.openstack.wsgi [req-a8e674fc-fed0-4706-8feb-f66af27788ae a610b75cf7954585ad143e20f886de58 9e2b5c7fd7bc4acfa26cb51dde097d91 - - -] HTTP exception thrown: Instance e09464fd-ff74-4658-9f6b-d4b5cf133848 could not be found.
2019-10-30 23:54:04.823 17799 INFO nova.osapi_compute.wsgi.server [req-a8e674fc-fed0-4706-8feb-f66af27788ae a610b75cf7954585ad143e20f886de58 9e2b5c7fd7bc4acfa26cb51dde097d91 - - -] 10.56.233.135 "GET /v2/9e2b5c7fd7bc4acfa26cb51dde097d91/servers/e09464fd-ff74-4658-9f6b-d4b5cf133848 HTTP/1.1" status: 404 len: 330 time: 0.6846249
2019-10-30 23:54:05.276 17780 WARNING oslo_config.cfg [req-4bb43fcc-2e21-4715-a19e-f97f9d8c14b8 a610b75cf7954585ad143e20f886de58 9e2b5c7fd7bc4acfa26cb51dde097d91 - - -] Option "sql_connection" from group "DEFAULT" is deprecated. Use option "connection" from group "database".
2019-10-30 23:54:05.418 17780 INFO nova.api.openstack.wsgi [req-4bb43fcc-2e21-4715-a19e-f97f9d8c14b8 a610b75cf7954585ad143e20f886de58 9e2b5c7fd7bc4acfa26cb51dde097d91 - - -] HTTP exception thrown: Instance fcb6a16c-992a-4fa8-90a6-4616c4e449f9 could not be found.
2019-10-30 23:54:05.419 17780 INFO nova.osapi_compute.wsgi.server [req-4bb43fcc-2e21-4715-a19e-f97f9d8c14b8 a610b75cf7954585ad143e20f886de58 9e2b5c7fd7bc4acfa26cb51dde097d91 - - -] 10.56.233.135 "GET /v2/9e2b5c7fd7bc4acfa26cb51dde097d91/servers/fcb6a16c-992a-4fa8-90a6-4616c4e449f9 HTTP/1.1" status: 404 len: 330 time: 0.6728740
2019-10-30 23:54:09.342 17788 INFO nova.osapi_compute.wsgi.server [req-174377ae-1e05-41c1-ad02-178779334abc a610b75cf7954585ad143e20f886de58 9e2b5c7fd7bc4acfa26cb51dde097d91 - - -] 10.56.233.135 "GET /v2/9e2b5c7fd7bc4acfa26cb51dde097d91/flavors/detail HTTP/1.1" status: 200 len: 4487 time: 0.0183940
2019-10-30 23:54:09.536 17809 WARNING oslo_config.cfg [req-d8859426-a219-4a6b-9414-d00cb100e92b a610b75cf7954585ad143e20f886de58 9e2b5c7fd7bc4acfa26cb51dde097d91 - - -] Option "sql_connection" from group "DEFAULT" is deprecated. Use option "connection" from group "database".
2019-10-30 23:54:09.664 17809 INFO nova.osapi_compute.wsgi.server [req-d8859426-a219-4a6b-9414-d00cb100e92b a610b75cf7954585ad143e20f886de58 9e2b5c7fd7bc4acfa26cb51dde097d91 - - -] 10.56.233.135 "GET /v2/9e2b5c7fd7bc4acfa26cb51dde097d91/flavors/detail HTTP/1.1" status: 200 len: 4487 time: 0.7215922
2019-10-30 23:54:10.725 17792 INFO nova.osapi_compute.wsgi.server [req-8a41e81b-6527-41d2-a2c5-99e62934e04a a610b75cf7954585ad143e20f886de58 9e2b5c7fd7bc4acfa26cb51dde097d91 - - -] 10.56.233.135 "GET /v2/9e2b5c7fd7bc4acfa26cb51dde097d91/os-keypairs/CtrlKey HTTP/1.1" status: 200 len: 869 time: 0.0061841
2019-10-30 23:54:10.812 17792 INFO nova.osapi_compute.wsgi.server [req-105e346e-4f48-4296-b530-1ba31ff04b9f a610b75cf7954585ad143e20f886de58 9e2b5c7fd7bc4acfa26cb51dde097d91 - - -] 10.56.233.135 "GET /v2/9e2b5c7fd7bc4acfa26cb51dde097d91/os-keypairs/CtrlKey HTTP/1.1" status: 200 len: 869 time: 0.0061181
2019-10-30 23:54:11.415 17817 WARNING oslo_config.cfg [req-ff49dd37-e04f-40da-81bf-59b0deffe5ee a610b75cf7954585ad143e20f886de58 9e2b5c7fd7bc4acfa26cb51dde097d91 - - -] Option "sql_connection" from group "DEFAULT" is deprecated. Use option "connection" from group "database".
2019-10-30 23:54:11.465 17814 WARNING oslo_config.cfg [req-d81e7d6d-1be4-434d-a02f-bff99f498306 a610b75cf7954585ad143e20f886de58 9e2b5c7fd7bc4acfa26cb51dde097d91 - - -] Option "sql_connection" from group "DEFAULT" is deprecated. Use option "connection" from group "database".
2019-10-30 23:54:11.541 17817 INFO nova.osapi_compute.wsgi.server [req-ff49dd37-e04f-40da-81bf-59b0deffe5ee a610b75cf7954585ad143e20f886de58 9e2b5c7fd7bc4acfa26cb51dde097d91 - - -] 10.56.233.135 "GET /v2/9e2b5c7fd7bc4acfa26cb51dde097d91/flavors/detail HTTP/1.1" status: 200 len: 4487 time: 0.7229691
2019-10-30 23:54:11.594 17814 INFO nova.osapi_compute.wsgi.server [req-d81e7d6d-1be4-434d-a02f-bff99f498306 a610b75cf7954585ad143e20f886de58 9e2b5c7fd7bc4acfa26cb51dde097d91 - - -] 10.56.233.135 "GET /v2/9e2b5c7fd7bc4acfa26cb51dde097d91/flavors/detail HTTP/1.1" status: 200 len: 4487 time: 0.7462280
2019-10-30 23:54:12.425 17817 WARNING oslo_config.cfg [req-e045bef2-a1c7-4e0e-b4ff-f56f8619a7ac a610b75cf7954585ad143e20f886de58 9e2b5c7fd7bc4acfa26cb51dde097d91 - - -] Option "auth_strategy" from group "neutron" is deprecated for removal. Its value may be silently ignored in the future.
2019-10-30 23:54:12.427 17817 WARNING oslo_config.cfg [req-e045bef2-a1c7-4e0e-b4ff-f56f8619a7ac a610b75cf7954585ad143e20f886de58 9e2b5c7fd7bc4acfa26cb51dde097d91 - - -] Option "admin_auth_url" from group "neutron" is deprecated for removal. Its value may be silently ignored in the future.
2019-10-30 23:54:12.427 17817 WARNING oslo_config.cfg [req-e045bef2-a1c7-4e0e-b4ff-f56f8619a7ac a610b75cf7954585ad143e20f886de58 9e2b5c7fd7bc4acfa26cb51dde097d91 - - -] Option "admin_username" from group "neutron" is deprecated for removal. Its value may be silently ignored in the future.
2019-10-30 23:54:12.427 17817 WARNING oslo_config.cfg [req-e045bef2-a1c7-4e0e-b4ff-f56f8619a7ac a610b75cf7954585ad143e20f886de58 9e2b5c7fd7bc4acfa26cb51dde097d91 - - -] Option "admin_password" from group "neutron" is deprecated for removal. Its value may be silently ignored in the future.
2019-10-30 23:54:12.428 17817 WARNING oslo_config.cfg [req-e045bef2-a1c7-4e0e-b4ff-f56f8619a7ac a610b75cf7954585ad143e20f886de58 9e2b5c7fd7bc4acfa26cb51dde097d91 - - -] Option "admin_tenant_name" from group "neutron" is deprecated for removal. Its value may be silently ignored in the future.
2019-10-30 23:54:12.769 17823 WARNING oslo_config.cfg [req-356d2505-6f2c-496c-bec6-1cf10900ecba a610b75cf7954585ad143e20f886de58 9e2b5c7fd7bc4acfa26cb51dde097d91 - - -] Option "sql_connection" from group "DEFAULT" is deprecated. Use option "connection" from group "database".
2019-10-30 23:54:12.987 17823 WARNING oslo_config.cfg [req-356d2505-6f2c-496c-bec6-1cf10900ecba a610b75cf7954585ad143e20f886de58 9e2b5c7fd7bc4acfa26cb51dde097d91 - - -] Option "auth_strategy" from group "neutron" is deprecated for removal. Its value may be silently ignored in the future.
2019-10-30 23:54:12.987 17823 WARNING oslo_config.cfg [req-356d2505-6f2c-496c-bec6-1cf10900ecba a610b75cf7954585ad143e20f886de58 9e2b5c7fd7bc4acfa26cb51dde097d91 - - -] Option "admin_auth_url" from group "neutron" is deprecated for removal. Its value may be silently ignored in the future.
2019-10-30 23:54:12.988 17823 WARNING oslo_config.cfg [req-356d2505-6f2c-496c-bec6-1cf10900ecba a610b75cf7954585ad143e20f886de58 9e2b5c7fd7bc4acfa26cb51dde097d91 - - -] Option "admin_username" from group "neutron" is deprecated for removal. Its value may be silently ignored in the future.
2019-10-30 23:54:12.988 17823 WARNING oslo_config.cfg [req-356d2505-6f2c-496c-bec6-1cf10900ecba a610b75cf7954585ad143e20f886de58 9e2b5c7fd7bc4acfa26cb51dde097d91 - - -] Option "admin_password" from group "neutron" is deprecated for removal. Its value may be silently ignored in the future.
2019-10-30 23:54:12.989 17823 WARNING oslo_config.cfg [req-356d2505-6f2c-496c-bec6-1cf10900ecba a610b75cf7954585ad143e20f886de58 9e2b5c7fd7bc4acfa26cb51dde097d91 - - -] Option "admin_tenant_name" from group "neutron" is deprecated for removal. Its value may be silently ignored in the future.
2019-10-30 23:54:14.056 17817 INFO oslo_messaging._drivers.impl_qpid [req-e045bef2-a1c7-4e0e-b4ff-f56f8619a7ac a610b75cf7954585ad143e20f886de58 9e2b5c7fd7bc4acfa26cb51dde097d91 - - -] Connected to AMQP server on 10.56.233.135:5672
2019-10-30 23:54:14.064 17817 INFO nova.osapi_compute.wsgi.server [req-e045bef2-a1c7-4e0e-b4ff-f56f8619a7ac a610b75cf7954585ad143e20f886de58 9e2b5c7fd7bc4acfa26cb51dde097d91 - - -] 10.56.233.135 "POST /v2/9e2b5c7fd7bc4acfa26cb51dde097d91/os-volumes_boot HTTP/1.1" status: 202 len: 763 time: 2.5184751
2019-10-30 23:54:14.799 17823 INFO oslo_messaging._drivers.impl_qpid [req-356d2505-6f2c-496c-bec6-1cf10900ecba a610b75cf7954585ad143e20f886de58 9e2b5c7fd7bc4acfa26cb51dde097d91 - - -] Connected to AMQP server on 10.56.233.135:5672
2019-10-30 23:54:14.808 17823 INFO nova.osapi_compute.wsgi.server [req-356d2505-6f2c-496c-bec6-1cf10900ecba a610b75cf7954585ad143e20f886de58 9e2b5c7fd7bc4acfa26cb51dde097d91 - - -] 10.56.233.135 "POST /v2/9e2b5c7fd7bc4acfa26cb51dde097d91/os-volumes_boot HTTP/1.1" status: 202 len: 763 time: 3.2083890
2019-10-30 23:54:15.181 17786 INFO nova.osapi_compute.wsgi.server [req-61d32a0e-bea6-41de-b270-94e784cf1465 a610b75cf7954585ad143e20f886de58 9e2b5c7fd7bc4acfa26cb51dde097d91 - - -] 10.56.233.135 "GET /v2/9e2b5c7fd7bc4acfa26cb51dde097d91/servers/4c8150e5-f6e1-4f00-8276-4d720657fedb HTTP/1.1" status: 200 len: 3624 time: 0.0815401
2019-10-30 23:54:15.984 17794 WARNING oslo_config.cfg [req-380f138d-87d5-4acb-8c72-84b2dfd9252a a610b75cf7954585ad143e20f886de58 9e2b5c7fd7bc4acfa26cb51dde097d91 - - -] Option "sql_connection" from group "DEFAULT" is deprecated. Use option "connection" from group "database".
2019-10-30 23:54:16.102 17794 INFO nova.osapi_compute.wsgi.server [req-380f138d-87d5-4acb-8c72-84b2dfd9252a a610b75cf7954585ad143e20f886de58 9e2b5c7fd7bc4acfa26cb51dde097d91 - - -] 10.56.233.135 "GET /v2/9e2b5c7fd7bc4acfa26cb51dde097d91/flavors/detail HTTP/1.1" status: 200 len: 4487 time: 0.6285920
2019-10-30 23:54:16.387 17826 WARNING oslo_config.cfg [req-e7f2c1ed-b868-4927-9598-fe2ba10681a0 a610b75cf7954585ad143e20f886de58 9e2b5c7fd7bc4acfa26cb51dde097d91 - - -] Option "sql_connection" from group "DEFAULT" is deprecated. Use option "connection" from group "database".
2019-10-30 23:54:16.632 17826 INFO nova.osapi_compute.wsgi.server [req-e7f2c1ed-b868-4927-9598-fe2ba10681a0 a610b75cf7954585ad143e20f886de58 9e2b5c7fd7bc4acfa26cb51dde097d91 - - -] 10.56.233.135 "GET /v2/9e2b5c7fd7bc4acfa26cb51dde097d91/servers/a65d2b45-1e81-43fb-ae82-4604d63b726e HTTP/1.1" status: 200 len: 3624 time: 0.7821000
2019-10-30 23:54:16.912 17786 INFO nova.osapi_compute.wsgi.server [req-69f8bde6-3e38-42a1-9d42-c21d401c05c2 a610b75cf7954585ad143e20f886de58 9e2b5c7fd7bc4acfa26cb51dde097d91 - - -] 10.56.233.135 "GET /v2/9e2b5c7fd7bc4acfa26cb51dde097d91/flavors/detail HTTP/1.1" status: 200 len: 4487 time: 0.0199761
2019-10-30 23:54:16.989 17794 INFO nova.osapi_compute.wsgi.server [req-dfd89b73-9355-4248-92e3-763214043906 a610b75cf7954585ad143e20f886de58 9e2b5c7fd7bc4acfa26cb51dde097d91 - - -] 10.56.233.135 "GET /v2/9e2b5c7fd7bc4acfa26cb51dde097d91/os-keypairs/CtrlKey HTTP/1.1" status: 200 len: 869 time: 0.0067968
2019-10-30 23:54:17.251 17811 INFO nova.osapi_compute.wsgi.server [req-cc9fdbf6-0ff1-4f1f-98e6-cee717feef27 a610b75cf7954585ad143e20f886de58 9e2b5c7fd7bc4acfa26cb51dde097d91 - - -] 10.56.233.135 "DELETE /v2/9e2b5c7fd7bc4acfa26cb51dde097d91/servers/4c8150e5-f6e1-4f00-8276-4d720657fedb HTTP/1.1" status: 204 len: 203 time: 0.2527580
2019-10-30 23:54:17.984 17821 INFO nova.osapi_compute.wsgi.server [req-b4be9748-b94b-47b9-ae45-724ca6ea2d2b a610b75cf7954585ad143e20f886de58 9e2b5c7fd7bc4acfa26cb51dde097d91 - - -] 10.56.233.135 "GET /v2/9e2b5c7fd7bc4acfa26cb51dde097d91/os-keypairs/CtrlKey HTTP/1.1" status: 200 len: 869 time: 0.0061512
2019-10-30 23:54:18.347 17815 INFO nova.api.openstack.wsgi [req-2aa27b7c-112c-4168-b6f6-79a58022c47c a610b75cf7954585ad143e20f886de58 9e2b5c7fd7bc4acfa26cb51dde097d91 - - -] HTTP exception thrown: Instance 4c8150e5-f6e1-4f00-8276-4d720657fedb could not be found.
2019-10-30 23:54:18.348 17815 INFO nova.osapi_compute.wsgi.server [req-2aa27b7c-112c-4168-b6f6-79a58022c47c a610b75cf7954585ad143e20f886de58 9e2b5c7fd7bc4acfa26cb51dde097d91 - - -] 10.56.233.135 "GET /v2/9e2b5c7fd7bc4acfa26cb51dde097d91/servers/4c8150e5-f6e1-4f00-8276-4d720657fedb HTTP/1.1" status: 404 len: 330 time: 0.0941341
2019-10-30 23:54:18.519 17818 WARNING oslo_config.cfg [req-c46644c1-4bbd-42e8-b5fe-cca18fa33225 a610b75cf7954585ad143e20f886de58 9e2b5c7fd7bc4acfa26cb51dde097d91 - - -] Option "sql_connection" from group "DEFAULT" is deprecated. Use option "connection" from group "database".
2019-10-30 23:54:18.868 17818 INFO nova.osapi_compute.wsgi.server [req-c46644c1-4bbd-42e8-b5fe-cca18fa33225 a610b75cf7954585ad143e20f886de58 9e2b5c7fd7bc4acfa26cb51dde097d91 - - -] 10.56.233.135 "DELETE /v2/9e2b5c7fd7bc4acfa26cb51dde097d91/servers/a65d2b45-1e81-43fb-ae82-4604d63b726e HTTP/1.1" status: 204 len: 203 time: 0.8745391
2019-10-30 23:54:19.920 17815 INFO nova.api.openstack.wsgi [req-49d707bc-2095-4d94-a7a7-b787729b777f a610b75cf7954585ad143e20f886de58 9e2b5c7fd7bc4acfa26cb51dde097d91 - - -] HTTP exception thrown: Instance a65d2b45-1e81-43fb-ae82-4604d63b726e could not be found.
2019-10-30 23:54:19.921 17815 INFO nova.osapi_compute.wsgi.server [req-49d707bc-2095-4d94-a7a7-b787729b777f a610b75cf7954585ad143e20f886de58 9e2b5c7fd7bc4acfa26cb51dde097d91 - - -] 10.56.233.135 "GET /v2/9e2b5c7fd7bc4acfa26cb51dde097d91/servers/a65d2b45-1e81-43fb-ae82-4604d63b726e HTTP/1.1" status: 404 len: 330 time: 0.0491450
2019-10-30 23:54:24.201 17773 WARNING oslo_config.cfg [req-bef187e6-8cd8-4ed8-a355-46f8b55a8027 a610b75cf7954585ad143e20f886de58 9e2b5c7fd7bc4acfa26cb51dde097d91 - - -] Option "sql_connection" from group "DEFAULT" is deprecated. Use option "connection" from group "database".
2019-10-30 23:54:24.318 17773 INFO nova.osapi_compute.wsgi.server [req-bef187e6-8cd8-4ed8-a355-46f8b55a8027 a610b75cf7954585ad143e20f886de58 9e2b5c7fd7bc4acfa26cb51dde097d91 - - -] 10.56.233.135 "GET /v2/9e2b5c7fd7bc4acfa26cb51dde097d91/flavors/detail HTTP/1.1" status: 200 len: 4487 time: 0.6228950
2019-10-30 23:54:25.328 17811 INFO nova.osapi_compute.wsgi.server [req-97ac652d-f8d7-4f41-9b0c-ff561961f9be a610b75cf7954585ad143e20f886de58 9e2b5c7fd7bc4acfa26cb51dde097d91 - - -] 10.56.233.135 "GET /v2/9e2b5c7fd7bc4acfa26cb51dde097d91/os-keypairs/CtrlKey HTTP/1.1" status: 200 len: 869 time: 0.0077112
2019-10-30 23:54:25.384 17792 INFO nova.osapi_compute.wsgi.server [req-147c15d9-3bf8-4b26-9b46-190c345653d6 a610b75cf7954585ad143e20f886de58 9e2b5c7fd7bc4acfa26cb51dde097d91 - - -] 10.56.233.135 "GET /v2/9e2b5c7fd7bc4acfa26cb51dde097d91/flavors/detail HTTP/1.1" status: 200 len: 4487 time: 0.0187991
2019-10-30 23:54:26.374 17794 INFO nova.osapi_compute.wsgi.server [req-bcd2b726-b468-4dae-abe7-3346de2ee19f a610b75cf7954585ad143e20f886de58 9e2b5c7fd7bc4acfa26cb51dde097d91 - - -] 10.56.233.135 "GET /v2/9e2b5c7fd7bc4acfa26cb51dde097d91/flavors/detail HTTP/1.1" status: 200 len: 4487 time: 0.0185959
2019-10-30 23:54:26.584 17781 WARNING oslo_config.cfg [req-08f0d5fd-9a07-4fe9-92f5-d83bc3e8f506 a610b75cf7954585ad143e20f886de58 9e2b5c7fd7bc4acfa26cb51dde097d91 - - -] Option "sql_connection" from group "DEFAULT" is deprecated. Use option "connection" from group "database".
2019-10-30 23:54:27.020 17781 WARNING oslo_config.cfg [req-08f0d5fd-9a07-4fe9-92f5-d83bc3e8f506 a610b75cf7954585ad143e20f886de58 9e2b5c7fd7bc4acfa26cb51dde097d91 - - -] Option "auth_strategy" from group "neutron" is deprecated for removal. Its value may be silently ignored in the future.
2019-10-30 23:54:27.020 17781 WARNING oslo_config.cfg [req-08f0d5fd-9a07-4fe9-92f5-d83bc3e8f506 a610b75cf7954585ad143e20f886de58 9e2b5c7fd7bc4acfa26cb51dde097d91 - - -] Option "admin_auth_url" from group "neutron" is deprecated for removal. Its value may be silently ignored in the future.
2019-10-30 23:54:27.020 17781 WARNING oslo_config.cfg [req-08f0d5fd-9a07-4fe9-92f5-d83bc3e8f506 a610b75cf7954585ad143e20f886de58 9e2b5c7fd7bc4acfa26cb51dde097d91 - - -] Option "admin_username" from group "neutron" is deprecated for removal. Its value may be silently ignored in the future.
2019-10-30 23:54:27.021 17781 WARNING oslo_config.cfg [req-08f0d5fd-9a07-4fe9-92f5-d83bc3e8f506 a610b75cf7954585ad143e20f886de58 9e2b5c7fd7bc4acfa26cb51dde097d91 - - -] Option "admin_password" from group "neutron" is deprecated for removal. Its value may be silently ignored in the future.
2019-10-30 23:54:27.021 17781 WARNING oslo_config.cfg [req-08f0d5fd-9a07-4fe9-92f5-d83bc3e8f506 a610b75cf7954585ad143e20f886de58 9e2b5c7fd7bc4acfa26cb51dde097d91 - - -] Option "admin_tenant_name" from group "neutron" is deprecated for removal. Its value may be silently ignored in the future.
2019-10-30 23:54:27.430 17794 INFO nova.osapi_compute.wsgi.server [req-24734faa-3891-4b39-a307-0c0fa66fa868 a610b75cf7954585ad143e20f886de58 9e2b5c7fd7bc4acfa26cb51dde097d91 - - -] 10.56.233.135 "GET /v2/9e2b5c7fd7bc4acfa26cb51dde097d91/os-keypairs/CtrlKey HTTP/1.1" status: 200 len: 869 time: 0.0061121
2019-10-30 23:54:28.003 17819 WARNING oslo_config.cfg [req-3f7183e8-2ef9-4925-a8d3-0d6b7189c36c a610b75cf7954585ad143e20f886de58 9e2b5c7fd7bc4acfa26cb51dde097d91 - - -] Option "sql_connection" from group "DEFAULT" is deprecated. Use option "connection" from group "database".
2019-10-30 23:54:28.129 17819 INFO nova.osapi_compute.wsgi.server [req-3f7183e8-2ef9-4925-a8d3-0d6b7189c36c a610b75cf7954585ad143e20f886de58 9e2b5c7fd7bc4acfa26cb51dde097d91 - - -] 10.56.233.135 "GET /v2/9e2b5c7fd7bc4acfa26cb51dde097d91/flavors/detail HTTP/1.1" status: 200 len: 4487 time: 0.6615438
2019-10-30 23:54:28.641 17781 INFO oslo_messaging._drivers.impl_qpid [req-08f0d5fd-9a07-4fe9-92f5-d83bc3e8f506 a610b75cf7954585ad143e20f886de58 9e2b5c7fd7bc4acfa26cb51dde097d91 - - -] Connected to AMQP server on 10.56.233.135:5672
2019-10-30 23:54:28.650 17781 INFO nova.osapi_compute.wsgi.server [req-08f0d5fd-9a07-4fe9-92f5-d83bc3e8f506 a610b75cf7954585ad143e20f886de58 9e2b5c7fd7bc4acfa26cb51dde097d91 - - -] 10.56.233.135 "POST /v2/9e2b5c7fd7bc4acfa26cb51dde097d91/os-volumes_boot HTTP/1.1" status: 202 len: 763 time: 3.2619479
2019-10-30 23:54:29.193 17819 WARNING oslo_config.cfg [req-9bdb5625-746b-4b75-93eb-5b81895b9e74 a610b75cf7954585ad143e20f886de58 9e2b5c7fd7bc4acfa26cb51dde097d91 - - -] Option "auth_strategy" from group "neutron" is deprecated for removal. Its value may be silently ignored in the future.
2019-10-30 23:54:29.194 17819 WARNING oslo_config.cfg [req-9bdb5625-746b-4b75-93eb-5b81895b9e74 a610b75cf7954585ad143e20f886de58 9e2b5c7fd7bc4acfa26cb51dde097d91 - - -] Option "admin_auth_url" from group "neutron" is deprecated for removal. Its value may be silently ignored in the future.
2019-10-30 23:54:29.194 17819 WARNING oslo_config.cfg [req-9bdb5625-746b-4b75-93eb-5b81895b9e74 a610b75cf7954585ad143e20f886de58 9e2b5c7fd7bc4acfa26cb51dde097d91 - - -] Option "admin_username" from group "neutron" is deprecated for removal. Its value may be silently ignored in the future.
2019-10-30 23:54:29.195 17819 WARNING oslo_config.cfg [req-9bdb5625-746b-4b75-93eb-5b81895b9e74 a610b75cf7954585ad143e20f886de58 9e2b5c7fd7bc4acfa26cb51dde097d91 - - -] Option "admin_password" from group "neutron" is deprecated for removal. Its value may be silently ignored in the future.
2019-10-30 23:54:29.195 17819 WARNING oslo_config.cfg [req-9bdb5625-746b-4b75-93eb-5b81895b9e74 a610b75cf7954585ad143e20f886de58 9e2b5c7fd7bc4acfa26cb51dde097d91 - - -] Option "admin_tenant_name" from group "neutron" is deprecated for removal. Its value may be silently ignored in the future.
2019-10-30 23:54:29.795 17780 INFO nova.osapi_compute.wsgi.server [req-1342e1cb-63f0-44f0-80ef-c25c535b1b15 a610b75cf7954585ad143e20f886de58 9e2b5c7fd7bc4acfa26cb51dde097d91 - - -] 10.56.233.135 "GET /v2/9e2b5c7fd7bc4acfa26cb51dde097d91/servers/a8188d37-4c1c-45fb-9ddf-2f5140ef27e7 HTTP/1.1" status: 200 len: 3624 time: 0.1029019
2019-10-30 23:54:30.193 17780 INFO nova.osapi_compute.wsgi.server [req-7ae7e926-da97-4324-b45b-d78fc84cadd5 a610b75cf7954585ad143e20f886de58 9e2b5c7fd7bc4acfa26cb51dde097d91 - - -] 10.56.233.135 "GET /v2/9e2b5c7fd7bc4acfa26cb51dde097d91/flavors/detail HTTP/1.1" status: 200 len: 4487 time: 0.0196960
2019-10-30 23:54:30.918 17819 INFO oslo_messaging._drivers.impl_qpid [req-9bdb5625-746b-4b75-93eb-5b81895b9e74 a610b75cf7954585ad143e20f886de58 9e2b5c7fd7bc4acfa26cb51dde097d91 - - -] Connected to AMQP server on 10.56.233.135:5672
2019-10-30 23:54:30.927 17819 INFO nova.osapi_compute.wsgi.server [req-9bdb5625-746b-4b75-93eb-5b81895b9e74 a610b75cf7954585ad143e20f886de58 9e2b5c7fd7bc4acfa26cb51dde097d91 - - -] 10.56.233.135 "POST /v2/9e2b5c7fd7bc4acfa26cb51dde097d91/os-volumes_boot HTTP/1.1" status: 202 len: 763 time: 2.7939281
2019-10-30 23:54:31.297 17817 INFO nova.osapi_compute.wsgi.server [req-c3c2b39e-5659-4ad0-93bd-bc32ba7da1b1 a610b75cf7954585ad143e20f886de58 9e2b5c7fd7bc4acfa26cb51dde097d91 - - -] 10.56.233.135 "GET /v2/9e2b5c7fd7bc4acfa26cb51dde097d91/os-keypairs/CtrlKey HTTP/1.1" status: 200 len: 869 time: 0.0073090
2019-10-30 23:54:31.561 17817 INFO nova.osapi_compute.wsgi.server [req-7db83aed-c1dd-4fb6-9f25-381011b9baee a610b75cf7954585ad143e20f886de58 9e2b5c7fd7bc4acfa26cb51dde097d91 - - -] 10.56.233.135 "DELETE /v2/9e2b5c7fd7bc4acfa26cb51dde097d91/servers/a8188d37-4c1c-45fb-9ddf-2f5140ef27e7 HTTP/1.1" status: 204 len: 203 time: 0.2538471
2019-10-30 23:54:32.056 17817 INFO nova.osapi_compute.wsgi.server [req-7d7009ce-5f00-4a40-b64b-00da833e0368 a610b75cf7954585ad143e20f886de58 9e2b5c7fd7bc4acfa26cb51dde097d91 - - -] 10.56.233.135 "GET /v2/9e2b5c7fd7bc4acfa26cb51dde097d91/servers/c78e60e3-209f-4191-9947-7665a4235d86 HTTP/1.1" status: 200 len: 3624 time: 0.0854421
2019-10-30 23:54:32.340 17773 INFO nova.osapi_compute.wsgi.server [req-5ac8115e-b2ee-4078-aac0-b0e641495bc6 a610b75cf7954585ad143e20f886de58 9e2b5c7fd7bc4acfa26cb51dde097d91 - - -] 10.56.233.135 "GET /v2/9e2b5c7fd7bc4acfa26cb51dde097d91/flavors/detail HTTP/1.1" status: 200 len: 4487 time: 0.0173151
2019-10-30 23:54:33.099 17772 WARNING oslo_config.cfg [req-7f796b99-3600-482b-be71-838c7dac9bf6 a610b75cf7954585ad143e20f886de58 9e2b5c7fd7bc4acfa26cb51dde097d91 - - -] Option "sql_connection" from group "DEFAULT" is deprecated. Use option "connection" from group "database".
2019-10-30 23:54:33.246 17772 INFO nova.api.openstack.wsgi [req-7f796b99-3600-482b-be71-838c7dac9bf6 a610b75cf7954585ad143e20f886de58 9e2b5c7fd7bc4acfa26cb51dde097d91 - - -] HTTP exception thrown: Instance a8188d37-4c1c-45fb-9ddf-2f5140ef27e7 could not be found.
2019-10-30 23:54:33.247 17772 INFO nova.osapi_compute.wsgi.server [req-7f796b99-3600-482b-be71-838c7dac9bf6 a610b75cf7954585ad143e20f886de58 9e2b5c7fd7bc4acfa26cb51dde097d91 - - -] 10.56.233.135 "GET /v2/9e2b5c7fd7bc4acfa26cb51dde097d91/servers/a8188d37-4c1c-45fb-9ddf-2f5140ef27e7 HTTP/1.1" status: 404 len: 330 time: 0.6828370
2019-10-30 23:54:33.278 17772 INFO nova.osapi_compute.wsgi.server [req-2b646996-a97f-4970-9066-7c66648cd3b5 a610b75cf7954585ad143e20f886de58 9e2b5c7fd7bc4acfa26cb51dde097d91 - - -] 10.56.233.135 "GET /v2/9e2b5c7fd7bc4acfa26cb51dde097d91/os-keypairs/CtrlKey HTTP/1.1" status: 200 len: 869 time: 0.0067110
2019-10-30 23:54:33.586 17787 INFO nova.osapi_compute.wsgi.server [req-49d98cf0-ec86-49f1-90df-e860fee91afc a610b75cf7954585ad143e20f886de58 9e2b5c7fd7bc4acfa26cb51dde097d91 - - -] 10.56.233.135 "DELETE /v2/9e2b5c7fd7bc4acfa26cb51dde097d91/servers/c78e60e3-209f-4191-9947-7665a4235d86 HTTP/1.1" status: 204 len: 203 time: 0.2980969
2019-10-30 23:54:34.637 17787 INFO nova.api.openstack.wsgi [req-0da95eb3-d99b-4c23-aac2-3656cdf41b8a a610b75cf7954585ad143e20f886de58 9e2b5c7fd7bc4acfa26cb51dde097d91 - - -] HTTP exception thrown: Instance c78e60e3-209f-4191-9947-7665a4235d86 could not be found.
2019-10-30 23:54:34.638 17787 INFO nova.osapi_compute.wsgi.server [req-0da95eb3-d99b-4c23-aac2-3656cdf41b8a a610b75cf7954585ad143e20f886de58 9e2b5c7fd7bc4acfa26cb51dde097d91 - - -] 10.56.233.135 "GET /v2/9e2b5c7fd7bc4acfa26cb51dde097d91/servers/c78e60e3-209f-4191-9947-7665a4235d86 HTTP/1.1" status: 404 len: 330 time: 0.0485229
2019-10-30 23:54:42.681 17775 INFO nova.osapi_compute.wsgi.server [req-b7ad1424-b3f3-425b-b033-0f6e3b7b375c a610b75cf7954585ad143e20f886de58 9e2b5c7fd7bc4acfa26cb51dde097d91 - - -] 10.56.233.135 "GET /v2/9e2b5c7fd7bc4acfa26cb51dde097d91/flavors/detail HTTP/1.1" status: 200 len: 4487 time: 0.0232751
2019-10-30 23:54:44.071 17809 INFO nova.osapi_compute.wsgi.server [req-af38c765-8ed6-45e7-a24a-477f74c3889b a610b75cf7954585ad143e20f886de58 9e2b5c7fd7bc4acfa26cb51dde097d91 - - -] 10.56.233.135 "GET /v2/9e2b5c7fd7bc4acfa26cb51dde097d91/flavors/detail HTTP/1.1" status: 200 len: 4487 time: 0.0181122
2019-10-30 23:54:44.085 17797 WARNING oslo_config.cfg [req-b98ce14e-31fd-46e6-9b50-30bbec642b39 a610b75cf7954585ad143e20f886de58 9e2b5c7fd7bc4acfa26cb51dde097d91 - - -] Option "sql_connection" from group "DEFAULT" is deprecated. Use option "connection" from group "database".
2019-10-30 23:54:44.196 17797 INFO nova.osapi_compute.wsgi.server [req-b98ce14e-31fd-46e6-9b50-30bbec642b39 a610b75cf7954585ad143e20f886de58 9e2b5c7fd7bc4acfa26cb51dde097d91 - - -] 10.56.233.135 "GET /v2/9e2b5c7fd7bc4acfa26cb51dde097d91/os-keypairs/CtrlKey HTTP/1.1" status: 200 len: 869 time: 0.6488361
2019-10-30 23:54:44.762 17791 WARNING oslo_config.cfg [req-1d2ecfe8-3835-453c-9864-6a52739d352b a610b75cf7954585ad143e20f886de58 9e2b5c7fd7bc4acfa26cb51dde097d91 - - -] Option "sql_connection" from group "DEFAULT" is deprecated. Use option "connection" from group "database".
2019-10-30 23:54:44.885 17791 INFO nova.osapi_compute.wsgi.server [req-1d2ecfe8-3835-453c-9864-6a52739d352b a610b75cf7954585ad143e20f886de58 9e2b5c7fd7bc4acfa26cb51dde097d91 - - -] 10.56.233.135 "GET /v2/9e2b5c7fd7bc4acfa26cb51dde097d91/flavors/detail HTTP/1.1" status: 200 len: 4487 time: 0.6525462
2019-10-30 23:54:45.070 17799 INFO nova.osapi_compute.wsgi.server [req-85acb204-b7ba-475c-9b59-c10da1a564b2 a610b75cf7954585ad143e20f886de58 9e2b5c7fd7bc4acfa26cb51dde097d91 - - -] 10.56.233.135 "GET /v2/9e2b5c7fd7bc4acfa26cb51dde097d91/os-keypairs/CtrlKey HTTP/1.1" status: 200 len: 869 time: 0.0076170
2019-10-30 23:54:45.183 17811 INFO nova.osapi_compute.wsgi.server [req-3a2e521d-6988-4b6b-bdbf-ceb6ce1aba34 a610b75cf7954585ad143e20f886de58 9e2b5c7fd7bc4acfa26cb51dde097d91 - - -] 10.56.233.135 "GET /v2/9e2b5c7fd7bc4acfa26cb51dde097d91/flavors/detail HTTP/1.1" status: 200 len: 4487 time: 0.0240431
2019-10-30 23:54:45.949 17791 WARNING oslo_config.cfg [req-cdfe5d85-3a0b-40c0-b2f1-a563208ae2a7 a610b75cf7954585ad143e20f886de58 9e2b5c7fd7bc4acfa26cb51dde097d91 - - -] Option "auth_strategy" from group "neutron" is deprecated for removal. Its value may be silently ignored in the future.
2019-10-30 23:54:45.950 17791 WARNING oslo_config.cfg [req-cdfe5d85-3a0b-40c0-b2f1-a563208ae2a7 a610b75cf7954585ad143e20f886de58 9e2b5c7fd7bc4acfa26cb51dde097d91 - - -] Option "admin_auth_url" from group "neutron" is deprecated for removal. Its value may be silently ignored in the future.
2019-10-30 23:54:45.950 17791 WARNING oslo_config.cfg [req-cdfe5d85-3a0b-40c0-b2f1-a563208ae2a7 a610b75cf7954585ad143e20f886de58 9e2b5c7fd7bc4acfa26cb51dde097d91 - - -] Option "admin_username" from group "neutron" is deprecated for removal. Its value may be silently ignored in the future.
2019-10-30 23:54:45.950 17791 WARNING oslo_config.cfg [req-cdfe5d85-3a0b-40c0-b2f1-a563208ae2a7 a610b75cf7954585ad143e20f886de58 9e2b5c7fd7bc4acfa26cb51dde097d91 - - -] Option "admin_password" from group "neutron" is deprecated for removal. Its value may be silently ignored in the future.
2019-10-30 23:54:45.951 17791 WARNING oslo_config.cfg [req-cdfe5d85-3a0b-40c0-b2f1-a563208ae2a7 a610b75cf7954585ad143e20f886de58 9e2b5c7fd7bc4acfa26cb51dde097d91 - - -] Option "admin_tenant_name" from group "neutron" is deprecated for removal. Its value may be silently ignored in the future.
2019-10-30 23:54:46.113 17811 WARNING oslo_config.cfg [req-5581b63a-6e50-4e54-8f23-ec93db649ce5 a610b75cf7954585ad143e20f886de58 9e2b5c7fd7bc4acfa26cb51dde097d91 - - -] Option "auth_strategy" from group "neutron" is deprecated for removal. Its value may be silently ignored in the future.
2019-10-30 23:54:46.113 17811 WARNING oslo_config.cfg [req-5581b63a-6e50-4e54-8f23-ec93db649ce5 a610b75cf7954585ad143e20f886de58 9e2b5c7fd7bc4acfa26cb51dde097d91 - - -] Option "admin_auth_url" from group "neutron" is deprecated for removal. Its value may be silently ignored in the future.
2019-10-30 23:54:46.114 17811 WARNING oslo_config.cfg [req-5581b63a-6e50-4e54-8f23-ec93db649ce5 a610b75cf7954585ad143e20f886de58 9e2b5c7fd7bc4acfa26cb51dde097d91 - - -] Option "admin_username" from group "neutron" is deprecated for removal. Its value may be silently ignored in the future.
2019-10-30 23:54:46.114 17811 WARNING oslo_config.cfg [req-5581b63a-6e50-4e54-8f23-ec93db649ce5 a610b75cf7954585ad143e20f886de58 9e2b5c7fd7bc4acfa26cb51dde097d91 - - -] Option "admin_password" from group "neutron" is deprecated for removal. Its value may be silently ignored in the future.
2019-10-30 23:54:46.115 17811 WARNING oslo_config.cfg [req-5581b63a-6e50-4e54-8f23-ec93db649ce5 a610b75cf7954585ad143e20f886de58 9e2b5c7fd7bc4acfa26cb51dde097d91 - - -] Option "admin_tenant_name" from group "neutron" is deprecated for removal. Its value may be silently ignored in the future.
2019-10-30 23:54:47.678 17791 INFO oslo_messaging._drivers.impl_qpid [req-cdfe5d85-3a0b-40c0-b2f1-a563208ae2a7 a610b75cf7954585ad143e20f886de58 9e2b5c7fd7bc4acfa26cb51dde097d91 - - -] Connected to AMQP server on 10.56.233.135:5672
2019-10-30 23:54:47.687 17791 INFO nova.osapi_compute.wsgi.server [req-cdfe5d85-3a0b-40c0-b2f1-a563208ae2a7 a610b75cf7954585ad143e20f886de58 9e2b5c7fd7bc4acfa26cb51dde097d91 - - -] 10.56.233.135 "POST /v2/9e2b5c7fd7bc4acfa26cb51dde097d91/os-volumes_boot HTTP/1.1" status: 202 len: 763 time: 2.7980139
2019-10-30 23:54:47.883 17811 INFO oslo_messaging._drivers.impl_qpid [req-5581b63a-6e50-4e54-8f23-ec93db649ce5 a610b75cf7954585ad143e20f886de58 9e2b5c7fd7bc4acfa26cb51dde097d91 - - -] Connected to AMQP server on 10.56.233.135:5672
