2016-12-07 04:15:50.341 544135 INFO neutron.wsgi [req-f183f42f-4498-4843-8f8f-366795fca568 a603afa7ef7c431c85af30167d698a2d d1207df2e30d473c944eca1b869f5556 - - -] 172.17.1.24 - - [07/Dec/2016 04:15:50] "GET /v2.0/lbaas/loadbalancers/603ece99-4b7e-47db-a8bc-b7effa8a4e74/statuses.json HTTP/1.1" 200 828 0.936548
2016-12-07 04:15:50.602 544135 DEBUG neutron.wsgi [-] (544135) accepted ('172.17.1.24', 38000) server /usr/lib/python2.7/site-packages/eventlet/wsgi.py:867
2016-12-07 04:15:51.393 543515 DEBUG oslo_messaging._drivers.amqpdriver [-] received message msg_id: 596c30222e3f4983a14e8f67c218d14e reply to reply_765e502b068b40a19adfd7aa9f5e4032 __call__ /usr/lib/python2.7/site-packages/oslo_messaging/_drivers/amqpdriver.py:194
2016-12-07 04:15:51.426 543515 DEBUG oslo_messaging._drivers.amqpdriver [req-e8aae7df-9665-4ef3-9d44-49fa03dc8e6a - - - - -] sending reply msg_id: 596c30222e3f4983a14e8f67c218d14e reply queue: reply_765e502b068b40a19adfd7aa9f5e4032 time elapsed: 0.032337437995s _send_reply /usr/lib/python2.7/site-packages/oslo_messaging/_drivers/amqpdriver.py:73
2016-12-07 04:15:51.438 544137 DEBUG oslo_messaging._drivers.amqpdriver [-] received message msg_id: f23c2ce8af324a989179fa11d8df7a30 reply to reply_765e502b068b40a19adfd7aa9f5e4032 __call__ /usr/lib/python2.7/site-packages/oslo_messaging/_drivers/amqpdriver.py:194
2016-12-07 04:15:51.461 544139 DEBUG oslo_messaging._drivers.amqpdriver [-] received message with unique_id: a0b00146be124bf3b28f6dbff16fe7bb __call__ /usr/lib/python2.7/site-packages/oslo_messaging/_drivers/amqpdriver.py:196
2016-12-07 04:15:51.467 544135 INFO neutron.wsgi [req-3359ee0b-c0ba-407c-8116-30907e1a7c2b a603afa7ef7c431c85af30167d698a2d d1207df2e30d473c944eca1b869f5556 - - -] 172.17.1.24 - - [07/Dec/2016 04:15:51] "GET /v2.0/lbaas/loadbalancers/603ece99-4b7e-47db-a8bc-b7effa8a4e74/statuses.json HTTP/1.1" 200 828 0.863446
2016-12-07 04:15:51.485 544137 DEBUG oslo_messaging._drivers.amqpdriver [req-e8aae7df-9665-4ef3-9d44-49fa03dc8e6a - - - - -] sending reply msg_id: f23c2ce8af324a989179fa11d8df7a30 reply queue: reply_765e502b068b40a19adfd7aa9f5e4032 time elapsed: 0.0460279510007s _send_reply /usr/lib/python2.7/site-packages/oslo_messaging/_drivers/amqpdriver.py:73
2016-12-07 04:15:51.490 544139 DEBUG neutron.callbacks.manager [req-86848f46-0857-4db6-b9b8-522f4fcddf59 - - - - -] Notify callbacks [('neutron.services.segments.db._update_segment_host_mapping_for_agent--9223372036849464760', )] for agent, after_update _notify_loop /usr/lib/python2.7/site-packages/neutron/callbacks/manager.py:142
2016-12-07 04:15:51.662 544135 DEBUG neutron.wsgi [-] (544135) accepted ('172.17.1.24', 38172) server /usr/lib/python2.7/site-packages/eventlet/wsgi.py:867
2016-12-07 04:15:52.361 544135 INFO neutron.wsgi [req-16178f59-5ac5-48d1-8f5a-87e9c46b58b0 a603afa7ef7c431c85af30167d698a2d d1207df2e30d473c944eca1b869f5556 - - -] 172.17.1.24 - - [07/Dec/2016 04:15:52] "GET /v2.0/lbaas/loadbalancers/6fd189a3-e0b8-4d5d-94aa-0c17ca2005f4/statuses.json HTTP/1.1" 200 828 0.697964
2016-12-07 04:15:52.464 544137 DEBUG oslo_messaging._drivers.amqpdriver [-] received message msg_id: b7a8e44e95df46399bbf804d1529cd5c reply to reply_09001735df1148fe8276a7bd884ac818 __call__ /usr/lib/python2.7/site-packages/oslo_messaging/_drivers/amqpdriver.py:194
2016-12-07 04:15:52.492 544137 DEBUG neutron.callbacks.manager [req-5cc5c40e-cd64-4137-ab39-67fda8909b60 - - - - -] Notify callbacks [('neutron.services.segments.db._update_segment_host_mapping_for_agent--9223372036849464760', )] for agent, after_update _notify_loop /usr/lib/python2.7/site-packages/neutron/callbacks/manager.py:142
2016-12-07 04:15:52.493 544137 DEBUG oslo_messaging._drivers.amqpdriver [req-5cc5c40e-cd64-4137-ab39-67fda8909b60 - - - - -] sending reply msg_id: b7a8e44e95df46399bbf804d1529cd5c reply queue: reply_09001735df1148fe8276a7bd884ac818 time elapsed: 0.0286394529976s _send_reply /usr/lib/python2.7/site-packages/oslo_messaging/_drivers/amqpdriver.py:73
2016-12-07 04:15:52.808 544135 DEBUG neutron.wsgi [-] (544135) accepted ('172.17.1.24', 38400) server /usr/lib/python2.7/site-packages/eventlet/wsgi.py:867
2016-12-07 04:15:53.229 544138 DEBUG oslo_messaging._drivers.amqpdriver [-] received message msg_id: 44fc08e095644371b14fdec15cc27bcd reply to reply_645e85d800b74168a13e621da604047d __call__ /usr/lib/python2.7/site-packages/oslo_messaging/_drivers/amqpdriver.py:194
2016-12-07 04:15:53.271 544138 DEBUG neutron.callbacks.manager [req-85b0f588-8498-4665-82a0-a2e02d3013ea - - - - -] Notify callbacks [('neutron.services.segments.db._update_segment_host_mapping_for_agent--9223372036849464760', )] for agent, after_update _notify_loop /usr/lib/python2.7/site-packages/neutron/callbacks/manager.py:142
2016-12-07 04:15:53.272 544138 DEBUG oslo_messaging._drivers.amqpdriver [req-85b0f588-8498-4665-82a0-a2e02d3013ea - - - - -] sending reply msg_id: 44fc08e095644371b14fdec15cc27bcd reply queue: reply_645e85d800b74168a13e621da604047d time elapsed: 0.041672627005s _send_reply /usr/lib/python2.7/site-packages/oslo_messaging/_drivers/amqpdriver.py:73
2016-12-07 04:15:53.431 544135 INFO neutron.wsgi [req-c706e4b5-cc73-487f-9c79-a07011e39df0 a603afa7ef7c431c85af30167d698a2d d1207df2e30d473c944eca1b869f5556 - - -] 172.17.1.24 - - [07/Dec/2016 04:15:53] "GET /v2.0/lbaas/loadbalancers/6fd189a3-e0b8-4d5d-94aa-0c17ca2005f4/statuses.json HTTP/1.1" 200 828 0.621600
2016-12-07 04:15:53.905 544135 DEBUG neutron.wsgi [-] (544135) accepted ('172.17.1.24', 38594) server /usr/lib/python2.7/site-packages/eventlet/wsgi.py:867
2016-12-07 04:15:54.151 544135 INFO neutron.wsgi [req-a05796f2-079e-4867-916f-99205b960af9 a603afa7ef7c431c85af30167d698a2d d1207df2e30d473c944eca1b869f5556 - - -] 172.17.1.24 - - [07/Dec/2016 04:15:54] "GET /v2.0/fw/firewalls.json HTTP/1.1" 404 309 0.236001
2016-12-07 04:15:55.365 544135 DEBUG neutron.wsgi [-] (544135) accepted ('172.17.1.24', 39024) server /usr/lib/python2.7/site-packages/eventlet/wsgi.py:867
2016-12-07 04:15:56.017 544138 DEBUG oslo_messaging._drivers.amqpdriver [-] received message msg_id: 16370168b1b34d9994fb4111d70a548e reply to reply_4be3505667b542dc94299f20f538e67f __call__ /usr/lib/python2.7/site-packages/oslo_messaging/_drivers/amqpdriver.py:194
2016-12-07 04:15:56.062 544138 DEBUG oslo_messaging._drivers.amqpdriver [req-b0c3eb4e-4cb9-4011-80b4-6a375960710d - - - - -] sending reply msg_id: 16370168b1b34d9994fb4111d70a548e reply queue: reply_4be3505667b542dc94299f20f538e67f time elapsed: 0.0443112469802s _send_reply /usr/lib/python2.7/site-packages/oslo_messaging/_drivers/amqpdriver.py:73
2016-12-07 04:15:56.685 544135 INFO neutron.wsgi [req-a0da40b5-4996-4d94-bbc2-5b5534283ca2 a603afa7ef7c431c85af30167d698a2d d1207df2e30d473c944eca1b869f5556 - - -] 172.17.1.24 - - [07/Dec/2016 04:15:56] "GET /v2.0/lbaas/loadbalancers/f5ddc110-96e2-447d-b853-dca8a4c5a603/statuses.json HTTP/1.1" 200 828 1.317901
2016-12-07 04:16:01.117 544136 DEBUG neutron.wsgi [-] (544136) accepted ('172.17.1.24', 40208) server /usr/lib/python2.7/site-packages/eventlet/wsgi.py:867
2016-12-07 04:16:02.060 544136 INFO neutron.wsgi [req-ab3ae7cd-b31d-456b-a3a1-69715094b44f a603afa7ef7c431c85af30167d698a2d d1207df2e30d473c944eca1b869f5556 - - -] 172.17.1.24 - - [07/Dec/2016 04:16:02] "GET /v2.0/lbaas/listeners/291c64f6-c17b-46bf-98f8-91c7fc2e4ea9.json HTTP/1.1" 200 594 0.940418
2016-12-07 04:16:03.056 544135 DEBUG neutron.wsgi [-] (544135) accepted ('172.17.1.24', 40670) server /usr/lib/python2.7/site-packages/eventlet/wsgi.py:867
2016-12-07 04:16:03.436 544135 INFO neutron.wsgi [req-998cadbe-b2e3-4ca0-9403-3093a303e2ab a603afa7ef7c431c85af30167d698a2d d1207df2e30d473c944eca1b869f5556 - - -] 172.17.1.24 - - [07/Dec/2016 04:16:03] "GET /v2.0/lbaas/pools/8d8818df-9dfb-4891-874b-d508f250bf22/members.json HTTP/1.1" 200 189 0.367305
2016-12-07 04:16:04.307 544139 DEBUG oslo_messaging._drivers.amqpdriver [-] received message msg_id: d4f520c20f8241f09ea25a7553bd5d3c reply to reply_bb26823eb78244dfa35b1ada5a6c8295 __call__ /usr/lib/python2.7/site-packages/oslo_messaging/_drivers/amqpdriver.py:194
2016-12-07 04:16:04.309 544135 DEBUG neutron.wsgi [-] (544135) accepted ('172.17.1.24', 40964) server /usr/lib/python2.7/site-packages/eventlet/wsgi.py:867
2016-12-07 04:16:04.424 544139 DEBUG neutron.callbacks.manager [req-b53afe73-0c28-48f6-bb5d-d3ff8d688bc3 - - - - -] Notify callbacks [('neutron.services.segments.db._update_segment_host_mapping_for_agent--9223372036849464760', )] for agent, after_update _notify_loop /usr/lib/python2.7/site-packages/neutron/callbacks/manager.py:142
2016-12-07 04:16:04.426 544139 DEBUG oslo_messaging._drivers.amqpdriver [req-b53afe73-0c28-48f6-bb5d-d3ff8d688bc3 - - - - -] sending reply msg_id: d4f520c20f8241f09ea25a7553bd5d3c reply queue: reply_bb26823eb78244dfa35b1ada5a6c8295 time elapsed: 0.118825286016s _send_reply /usr/lib/python2.7/site-packages/oslo_messaging/_drivers/amqpdriver.py:73
2016-12-07 04:16:05.280 544135 INFO neutron.wsgi [req-6035b37f-ab4b-47aa-aaa1-90de28415b03 a603afa7ef7c431c85af30167d698a2d d1207df2e30d473c944eca1b869f5556 - - -] 172.17.1.24 - - [07/Dec/2016 04:16:05] "GET /v2.0/lbaas/loadbalancers/ccf8ecfb-5b38-4ccc-ba03-a7b47d276961/statuses.json HTTP/1.1" 200 824 0.969968
2016-12-07 04:16:05.410 544135 INFO neutron.wsgi [req-0e4a4a66-4ae1-4da4-b95a-93b7d0429ba4 a603afa7ef7c431c85af30167d698a2d d1207df2e30d473c944eca1b869f5556 - - -] 172.17.1.24 - - [07/Dec/2016 04:16:05] "GET /v2.0/lbaas/pools/9caaa7ef-f459-4f00-bedd-e1f1a9cdbf09/members.json HTTP/1.1" 200 189 0.115762
2016-12-07 04:16:06.728 544135 DEBUG neutron.wsgi [-] (544135) accepted ('172.17.1.24', 41398) server /usr/lib/python2.7/site-packages/eventlet/wsgi.py:867
2016-12-07 04:16:07.648 544137 DEBUG oslo_messaging._drivers.amqpdriver [-] received message msg_id: 95259e241cc142f4a0461ec6c2ab4fa5 reply to reply_06b059b0c3e74bb9876764e92c4103b4 __call__ /usr/lib/python2.7/site-packages/oslo_messaging/_drivers/amqpdriver.py:194
2016-12-07 04:16:07.720 544137 DEBUG neutron.callbacks.manager [req-de2f58c5-ce4b-494e-b312-1ad4f8f1b013 - - - - -] Notify callbacks [('neutron.services.segments.db._update_segment_host_mapping_for_agent--9223372036849464760', )] for agent, after_update _notify_loop /usr/lib/python2.7/site-packages/neutron/callbacks/manager.py:142
2016-12-07 04:16:07.721 544137 DEBUG oslo_messaging._drivers.amqpdriver [req-de2f58c5-ce4b-494e-b312-1ad4f8f1b013 - - - - -] sending reply msg_id: 95259e241cc142f4a0461ec6c2ab4fa5 reply queue: reply_06b059b0c3e74bb9876764e92c4103b4 time elapsed: 0.0716651530238s _send_reply /usr/lib/python2.7/site-packages/oslo_messaging/_drivers/amqpdriver.py:73
2016-12-07 04:16:07.938 544135 INFO neutron.wsgi [req-525098d8-e1ac-458c-9481-f46c724047ff a603afa7ef7c431c85af30167d698a2d d1207df2e30d473c944eca1b869f5556 - - -] 172.17.1.24 - - [07/Dec/2016 04:16:07] "GET /v2.0/lbaas/loadbalancers/e730de6f-da8f-4096-b664-a55272fd7dc3/statuses.json HTTP/1.1" 200 824 1.203599
2016-12-07 04:16:08.195 544138 DEBUG oslo_messaging._drivers.amqpdriver [-] received message msg_id: 45c17808877149dc8a4594aa5372d980 reply to reply_51e36242703d4a1b8207f711e7a9c4e8 __call__ /usr/lib/python2.7/site-packages/oslo_messaging/_drivers/amqpdriver.py:194
2016-12-07 04:16:08.423 544138 DEBUG neutron.callbacks.manager [req-d1fb5955-3dcc-4bb6-9a6f-e2c007ee2215 - - - - -] Notify callbacks [('neutron.services.segments.db._update_segment_host_mapping_for_agent--9223372036849464760', )] for agent, after_update _notify_loop /usr/lib/python2.7/site-packages/neutron/callbacks/manager.py:142
2016-12-07 04:16:08.425 544138 DEBUG oslo_messaging._drivers.amqpdriver [req-d1fb5955-3dcc-4bb6-9a6f-e2c007ee2215 - - - - -] sending reply msg_id: 45c17808877149dc8a4594aa5372d980 reply queue: reply_51e36242703d4a1b8207f711e7a9c4e8 time elapsed: 0.228928600991s _send_reply /usr/lib/python2.7/site-packages/oslo_messaging/_drivers/amqpdriver.py:73
2016-12-07 04:16:08.519 544135 DEBUG neutron.wsgi [-] (544135) accepted ('172.17.1.24', 41762) server /usr/lib/python2.7/site-packages/eventlet/wsgi.py:867
2016-12-07 04:16:09.165 544135 INFO neutron.wsgi [req-e785959b-9293-4af9-be7e-58c300612dc9 a603afa7ef7c431c85af30167d698a2d d1207df2e30d473c944eca1b869f5556 - - -] 172.17.1.24 - - [07/Dec/2016 04:16:09] "GET /v2.0/lbaas/pools/9caaa7ef-f459-4f00-bedd-e1f1a9cdbf09/members.json HTTP/1.1" 200 189 0.637410
2016-12-07 04:16:11.950 543515 DEBUG oslo_messaging._drivers.amqpdriver [-] received message msg_id: cb806ff855d54fddb1f176216fad12ba reply to reply_765e502b068b40a19adfd7aa9f5e4032 __call__ /usr/lib/python2.7/site-packages/oslo_messaging/_drivers/amqpdriver.py:194
2016-12-07 04:16:12.061 543515 DEBUG oslo_messaging._drivers.amqpdriver [req-e8aae7df-9665-4ef3-9d44-49fa03dc8e6a - - - - -] sending reply msg_id: cb806ff855d54fddb1f176216fad12ba reply queue: reply_765e502b068b40a19adfd7aa9f5e4032 time elapsed: 0.110163065983s _send_reply /usr/lib/python2.7/site-packages/oslo_messaging/_drivers/amqpdriver.py:73
2016-12-07 04:16:12.100 544137 DEBUG oslo_messaging._drivers.amqpdriver [-] received message msg_id: 1dae2639eae04d7b8015f68a1545793b reply to reply_765e502b068b40a19adfd7aa9f5e4032 __call__ /usr/lib/python2.7/site-packages/oslo_messaging/_drivers/amqpdriver.py:194
2016-12-07 04:16:12.208 544137 DEBUG oslo_messaging._drivers.amqpdriver [req-e8aae7df-9665-4ef3-9d44-49fa03dc8e6a - - - - -] sending reply msg_id: 1dae2639eae04d7b8015f68a1545793b reply queue: reply_765e502b068b40a19adfd7aa9f5e4032 time elapsed: 0.106911148992s _send_reply /usr/lib/python2.7/site-packages/oslo_messaging/_drivers/amqpdriver.py:73
2016-12-07 04:16:12.226 544138 DEBUG oslo_messaging._drivers.amqpdriver [-] received message msg_id: e1101ddc05014acabbade9bec9a5000e reply to reply_765e502b068b40a19adfd7aa9f5e4032 __call__ /usr/lib/python2.7/site-packages/oslo_messaging/_drivers/amqpdriver.py:194
2016-12-07 04:16:12.361 544138 DEBUG oslo_messaging._drivers.amqpdriver [req-e8aae7df-9665-4ef3-9d44-49fa03dc8e6a - - - - -] sending reply msg_id: e1101ddc05014acabbade9bec9a5000e reply queue: reply_765e502b068b40a19adfd7aa9f5e4032 time elapsed: 0.135196627001s _send_reply /usr/lib/python2.7/site-packages/oslo_messaging/_drivers/amqpdriver.py:73
2016-12-07 04:16:12.967 544135 DEBUG neutron.wsgi [-] (544135) accepted ('172.17.1.24', 42540) server /usr/lib/python2.7/site-packages/eventlet/wsgi.py:867
2016-12-07 04:16:13.263 544135 INFO neutron.wsgi [req-a5358f1a-66c9-4717-b6cc-e7c8696f0e20 a603afa7ef7c431c85af30167d698a2d d1207df2e30d473c944eca1b869f5556 - - -] 172.17.1.24 - - [07/Dec/2016 04:16:13] "GET /v2.0/lbaas/pools/9de61867-141d-470e-bd06-8b0a67eeeab7/members.json HTTP/1.1" 200 189 0.292914
2016-12-07 04:16:15.477 544135 DEBUG neutron.wsgi [-] (544135) accepted ('172.17.1.24', 43086) server /usr/lib/python2.7/site-packages/eventlet/wsgi.py:867
2016-12-07 04:16:18.248 544135 INFO neutron.wsgi [req-6be44d6f-7994-4d13-8e71-b3147d12e894 a603afa7ef7c431c85af30167d698a2d d1207df2e30d473c944eca1b869f5556 - - -] 172.17.1.24 - - [07/Dec/2016 04:16:18] "GET /v2.0/lbaas/loadbalancers/8274cb61-87c6-4a6b-b423-1d86b2bd887c/statuses.json HTTP/1.1" 200 830 2.686075
2016-12-07 04:16:18.809 544135 INFO neutron.wsgi [req-f1da3d35-1c24-47c4-b40b-155c8cf81090 a603afa7ef7c431c85af30167d698a2d d1207df2e30d473c944eca1b869f5556 - - -] 172.17.1.24 - - [07/Dec/2016 04:16:18] "GET /v2.0/lbaas/pools/b77f9937-7018-4f49-9e4c-476b89f1d2ae/members.json HTTP/1.1" 200 189 0.559227
2016-12-07 04:16:19.696 544140 DEBUG neutron.db.agents_db [req-9e432635-c01c-4e97-ab92-c4d82e709862 - - - - -] Agent healthcheck: found 17 active agents agent_health_check /usr/lib/python2.7/site-packages/neutron/db/agents_db.py:310
2016-12-07 04:16:19.764 544135 DEBUG neutron.wsgi [-] (544135) accepted ('172.17.1.24', 43970) server /usr/lib/python2.7/site-packages/eventlet/wsgi.py:867
2016-12-07 04:16:19.962 544135 INFO neutron.wsgi [req-5a41ad38-0874-4100-a78e-8bdd763bb7eb a603afa7ef7c431c85af30167d698a2d d1207df2e30d473c944eca1b869f5556 - - -] 172.17.1.24 - - [07/Dec/2016 04:16:19] "GET /v2.0/lbaas/pools/bd4a42be-c63c-48ef-a86e-4c49ce01613a/members.json HTTP/1.1" 200 189 0.188314
2016-12-07 04:16:24.124 544139 DEBUG oslo_messaging._drivers.amqpdriver [-] received message with unique_id: 5d3d5d494c824aff9b4949acc3575d4d __call__ /usr/lib/python2.7/site-packages/oslo_messaging/_drivers/amqpdriver.py:196
2016-12-07 04:16:24.188 544139 DEBUG neutron.callbacks.manager [req-486ef349-d751-43a7-a1b0-3c703d00253e - - - - -] Notify callbacks [('neutron.services.segments.db._update_segment_host_mapping_for_agent--9223372036849464760', )] for agent, after_update _notify_loop /usr/lib/python2.7/site-packages/neutron/callbacks/manager.py:142
2016-12-07 04:16:24.559 544135 DEBUG neutron.wsgi [-] (544135) accepted ('172.17.1.24', 45146) server /usr/lib/python2.7/site-packages/eventlet/wsgi.py:867
2016-12-07 04:16:26.482 544135 INFO neutron.wsgi [req-e663acec-3bf0-435d-8efd-2b2ba44e7981 a603afa7ef7c431c85af30167d698a2d d1207df2e30d473c944eca1b869f5556 - - -] 172.17.1.24 - - [07/Dec/2016 04:16:26] "GET /v2.0/lbaas/loadbalancers/f5ddc110-96e2-447d-b853-dca8a4c5a603/statuses.json HTTP/1.1" 200 828 1.900813
2016-12-07 04:16:26.651 544135 INFO neutron.wsgi [req-699dc864-83a4-43d2-85ca-669dd212ccfe a603afa7ef7c431c85af30167d698a2d d1207df2e30d473c944eca1b869f5556 - - -] 172.17.1.24 - - [07/Dec/2016 04:16:26] "GET /v2.0/lbaas/pools/bd4a42be-c63c-48ef-a86e-4c49ce01613a/members.json HTTP/1.1" 200 189 0.150368
2016-12-07 04:16:27.286 544137 DEBUG oslo_messaging._drivers.amqpdriver [-] received message msg_id: bb9ce4af24b645ddbc2ab7bc180d0741 reply to reply_fd109f1d3ca94e9a88eba6595cc3f080 __call__ /usr/lib/python2.7/site-packages/oslo_messaging/_drivers/amqpdriver.py:194
2016-12-07 04:16:27.332 544137 DEBUG neutron.callbacks.manager [req-2b229beb-5a97-4dd1-84f0-8ba774e76edb - - - - -] Notify callbacks [('neutron.services.segments.db._update_segment_host_mapping_for_agent--9223372036849464760', )] for agent, after_update _notify_loop /usr/lib/python2.7/site-packages/neutron/callbacks/manager.py:142
2016-12-07 04:16:27.334 544137 DEBUG oslo_messaging._drivers.amqpdriver [req-2b229beb-5a97-4dd1-84f0-8ba774e76edb - - - - -] sending reply msg_id: bb9ce4af24b645ddbc2ab7bc180d0741 reply queue: reply_fd109f1d3ca94e9a88eba6595cc3f080 time elapsed: 0.0473005660169s _send_reply /usr/lib/python2.7/site-packages/oslo_messaging/_drivers/amqpdriver.py:73
2016-12-07 04:16:28.698 544138 DEBUG oslo_messaging._drivers.amqpdriver [-] received message msg_id: d44922992439479e9c62302facab9f15 reply to reply_e4a476c08e944dd2a70761469b9997bd __call__ /usr/lib/python2.7/site-packages/oslo_messaging/_drivers/amqpdriver.py:194
2016-12-07 04:16:28.862 544138 DEBUG neutron.callbacks.manager [req-69cc4524-b375-4937-a81b-fbd1af324285 - - - - -] Notify callbacks [('neutron.services.segments.db._update_segment_host_mapping_for_agent--9223372036849464760', )] for agent, after_update _notify_loop /usr/lib/python2.7/site-packages/neutron/callbacks/manager.py:142
2016-12-07 04:16:28.863 544138 DEBUG oslo_messaging._drivers.amqpdriver [req-69cc4524-b375-4937-a81b-fbd1af324285 - - - - -] sending reply msg_id: d44922992439479e9c62302facab9f15 reply queue: reply_e4a476c08e944dd2a70761469b9997bd time elapsed: 0.16473774999s _send_reply /usr/lib/python2.7/site-packages/oslo_messaging/_drivers/amqpdriver.py:73
2016-12-07 04:16:29.053 543515 DEBUG oslo_messaging._drivers.amqpdriver [-] received message with unique_id: 7cca594157a74f7fa0f68cda947296bb __call__ /usr/lib/python2.7/site-packages/oslo_messaging/_drivers/amqpdriver.py:196
2016-12-07 04:16:29.114 543515 DEBUG neutron.callbacks.manager [req-4dbc7f6a-09f2-49a9-884a-2b0abb05476b - - - - -] Notify callbacks [('neutron.services.segments.db._update_segment_host_mapping_for_agent--9223372036849464760', )] for agent, after_update _notify_loop /usr/lib/python2.7/site-packages/neutron/callbacks/manager.py:142
2016-12-07 04:16:29.643 544135 DEBUG neutron.wsgi [-] (544135) accepted ('172.17.1.24', 46284) server /usr/lib/python2.7/site-packages/eventlet/wsgi.py:867
2016-12-07 04:16:31.942 544137 DEBUG oslo_messaging._drivers.amqpdriver [-] received message msg_id: e3ad972ce9954e4dbb98949dcbdc99fe reply to reply_765e502b068b40a19adfd7aa9f5e4032 __call__ /usr/lib/python2.7/site-packages/oslo_messaging/_drivers/amqpdriver.py:194
2016-12-07 04:16:32.099 544137 DEBUG oslo_messaging._drivers.amqpdriver [req-e8aae7df-9665-4ef3-9d44-49fa03dc8e6a - - - - -] sending reply msg_id: e3ad972ce9954e4dbb98949dcbdc99fe reply queue: reply_765e502b068b40a19adfd7aa9f5e4032 time elapsed: 0.156298744987s _send_reply /usr/lib/python2.7/site-packages/oslo_messaging/_drivers/amqpdriver.py:73
2016-12-07 04:16:32.172 544138 DEBUG oslo_messaging._drivers.amqpdriver [-] received message msg_id: ded421f6b7ab470cb8cf09badb1504e5 reply to reply_765e502b068b40a19adfd7aa9f5e4032 __call__ /usr/lib/python2.7/site-packages/oslo_messaging/_drivers/amqpdriver.py:194
2016-12-07 04:16:32.220 544135 INFO neutron.wsgi [req-a3155292-7d5e-4ff8-bd0a-2259a3e5e985 a603afa7ef7c431c85af30167d698a2d d1207df2e30d473c944eca1b869f5556 - - -] 172.17.1.24 - - [07/Dec/2016 04:16:32] "GET /v2.0/lbaas/loadbalancers/6fd189a3-e0b8-4d5d-94aa-0c17ca2005f4/statuses.json HTTP/1.1" 200 828 2.565939
2016-12-07 04:16:32.288 544135 DEBUG neutron.wsgi [-] (544135) accepted ('172.17.1.24', 46890) server /usr/lib/python2.7/site-packages/eventlet/wsgi.py:867
2016-12-07 04:16:32.354 544138 DEBUG oslo_messaging._drivers.amqpdriver [req-e8aae7df-9665-4ef3-9d44-49fa03dc8e6a - - - - -] sending reply msg_id: ded421f6b7ab470cb8cf09badb1504e5 reply queue: reply_765e502b068b40a19adfd7aa9f5e4032 time elapsed: 0.181911398016s _send_reply /usr/lib/python2.7/site-packages/oslo_messaging/_drivers/amqpdriver.py:73
2016-12-07 04:16:34.921 544135 INFO neutron.wsgi [req-0fc34db8-a0eb-4039-bcb5-930635c323d1 a603afa7ef7c431c85af30167d698a2d d1207df2e30d473c944eca1b869f5556 - - -] 172.17.1.24 - - [07/Dec/2016 04:16:34] "GET /v2.0/lbaas/listeners/ec0f1902-6cdc-4459-ac16-5816a914709d.json HTTP/1.1" 200 594 2.631703
2016-12-07 04:16:38.113 544135 INFO neutron.wsgi [req-5d6bffef-e865-45be-9895-86a033851c13 a603afa7ef7c431c85af30167d698a2d d1207df2e30d473c944eca1b869f5556 - - -] 172.17.1.24 - - [07/Dec/2016 04:16:38] "GET /v2.0/lbaas/loadbalancers/6fd189a3-e0b8-4d5d-94aa-0c17ca2005f4/statuses.json HTTP/1.1" 200 828 3.047324
2016-12-07 04:16:38.570 544135 INFO neutron.wsgi [req-d7aba0c9-0d83-4269-a1a2-a031ac744e96 a603afa7ef7c431c85af30167d698a2d d1207df2e30d473c944eca1b869f5556 - - -] 172.17.1.24 - - [07/Dec/2016 04:16:38] "GET /v2.0/lbaas/pools/cf82257b-5f7a-485d-ba6f-b25a01aebcee/members.json HTTP/1.1" 200 189 0.437878
2016-12-07 04:16:41.097 544135 DEBUG neutron.wsgi [-] (544135) accepted ('172.17.1.24', 48644) server /usr/lib/python2.7/site-packages/eventlet/wsgi.py:867
2016-12-07 04:16:43.457 543515 DEBUG oslo_messaging._drivers.amqpdriver [-] received message with unique_id: 73a3a26ec03344a4838c542719861d02 __call__ /usr/lib/python2.7/site-packages/oslo_messaging/_drivers/amqpdriver.py:196
2016-12-07 04:16:43.478 544135 INFO neutron.wsgi [req-cfb79ee2-cfe9-4208-a468-de478b265bdb a603afa7ef7c431c85af30167d698a2d d1207df2e30d473c944eca1b869f5556 - - -] 172.17.1.24 - - [07/Dec/2016 04:16:43] "GET /v2.0/lbaas/loadbalancers/603ece99-4b7e-47db-a8bc-b7effa8a4e74/statuses.json HTTP/1.1" 200 828 2.378723
2016-12-07 04:16:43.540 543515 DEBUG neutron.callbacks.manager [req-e8aae7df-9665-4ef3-9d44-49fa03dc8e6a - - - - -] Notify callbacks [('neutron.services.segments.db._update_segment_host_mapping_for_agent--9223372036849464760', )] for agent, after_update _notify_loop /usr/lib/python2.7/site-packages/neutron/callbacks/manager.py:142
2016-12-07 04:16:43.649 544135 INFO neutron.wsgi [req-8e8a6224-453f-4bdc-b5f1-e4b4f5e16af6 a603afa7ef7c431c85af30167d698a2d d1207df2e30d473c944eca1b869f5556 - - -] 172.17.1.24 - - [07/Dec/2016 04:16:43] "GET /v2.0/lbaas/pools/d0ae3eda-c370-43fb-9c25-ceb4378f71f9/members.json HTTP/1.1" 200 189 0.164962
2016-12-07 04:16:45.457 544135 DEBUG neutron.wsgi [-] (544135) accepted ('172.17.1.24', 49470) server /usr/lib/python2.7/site-packages/eventlet/wsgi.py:867
2016-12-07 04:16:46.245 544137 DEBUG oslo_messaging._drivers.amqpdriver [-] received message msg_id: 224196bc05094717a6703a17eabfce94 reply to reply_4be3505667b542dc94299f20f538e67f __call__ /usr/lib/python2.7/site-packages/oslo_messaging/_drivers/amqpdriver.py:194
2016-12-07 04:16:46.448 544137 DEBUG oslo_messaging._drivers.amqpdriver [req-b0c3eb4e-4cb9-4011-80b4-6a375960710d - - - - -] sending reply msg_id: 224196bc05094717a6703a17eabfce94 reply queue: reply_4be3505667b542dc94299f20f538e67f time elapsed: 0.202513789001s _send_reply /usr/lib/python2.7/site-packages/oslo_messaging/_drivers/amqpdriver.py:73
2016-12-07 04:16:46.952 544135 INFO neutron.wsgi [req-cf89ff86-a741-4831-a3da-ff7790365b3f a603afa7ef7c431c85af30167d698a2d d1207df2e30d473c944eca1b869f5556 - - -] 172.17.1.24 - - [07/Dec/2016 04:16:46] "GET /v2.0/lbaas/loadbalancers/e33b2cfd-43d8-4a63-b37b-9540adca1830/statuses.json HTTP/1.1" 200 830 1.492815
2016-12-07 04:16:47.801 544135 DEBUG neutron.wsgi [-] (544135) accepted ('172.17.1.24', 49846) server /usr/lib/python2.7/site-packages/eventlet/wsgi.py:867
2016-12-07 04:16:48.995 544139 DEBUG oslo_messaging._drivers.amqpdriver [-] received message msg_id: 08a8f1ca72394e9da462679e61c11f57 reply to reply_bdfcb5fc7cee49fc82de18d5eb69a434 __call__ /usr/lib/python2.7/site-packages/oslo_messaging/_drivers/amqpdriver.py:194
2016-12-07 04:16:49.125 544139 DEBUG neutron.callbacks.manager [req-a580a726-87d9-4785-af91-0578757dccc8 - - - - -] Notify callbacks [('neutron.services.segments.db._update_segment_host_mapping_for_agent--9223372036849464760', )] for agent, after_update _notify_loop /usr/lib/python2.7/site-packages/neutron/callbacks/manager.py:142
2016-12-07 04:16:49.126 544139 DEBUG oslo_messaging._drivers.amqpdriver [req-a580a726-87d9-4785-af91-0578757dccc8 - - - - -] sending reply msg_id: 08a8f1ca72394e9da462679e61c11f57 reply queue: reply_bdfcb5fc7cee49fc82de18d5eb69a434 time elapsed: 0.130952267995s _send_reply /usr/lib/python2.7/site-packages/oslo_messaging/_drivers/amqpdriver.py:73
2016-12-07 04:16:50.976 544136 DEBUG neutron.wsgi [-] (544136) accepted ('172.17.1.24', 50456) server /usr/lib/python2.7/site-packages/eventlet/wsgi.py:867
2016-12-07 04:16:51.481 544137 DEBUG oslo_messaging._drivers.amqpdriver [-] received message with unique_id: c5586f12e6d346f0a07cedcb3f5e2f76 __call__ /usr/lib/python2.7/site-packages/oslo_messaging/_drivers/amqpdriver.py:196
2016-12-07 04:16:51.626 544137 DEBUG neutron.callbacks.manager [req-86848f46-0857-4db6-b9b8-522f4fcddf59 - - - - -] Notify callbacks [('neutron.services.segments.db._update_segment_host_mapping_for_agent--9223372036849464760', )] for agent, after_update _notify_loop /usr/lib/python2.7/site-packages/neutron/callbacks/manager.py:142
2016-12-07 04:16:51.946 544138 DEBUG oslo_messaging._drivers.amqpdriver [-] received message msg_id: ea44f6b3ecdf4ccd9afae2ba31bb09ef reply to reply_765e502b068b40a19adfd7aa9f5e4032 __call__ /usr/lib/python2.7/site-packages/oslo_messaging/_drivers/amqpdriver.py:194
2016-12-07 04:16:52.096 544138 DEBUG oslo_messaging._drivers.amqpdriver [req-e8aae7df-9665-4ef3-9d44-49fa03dc8e6a - - - - -] sending reply msg_id: ea44f6b3ecdf4ccd9afae2ba31bb09ef reply queue: reply_765e502b068b40a19adfd7aa9f5e4032 time elapsed: 0.149869316025s _send_reply /usr/lib/python2.7/site-packages/oslo_messaging/_drivers/amqpdriver.py:73
2016-12-07 04:16:52.470 544138 DEBUG oslo_messaging._drivers.amqpdriver [-] received message msg_id: 79f0e35fac314054baca5690f6177f66 reply to reply_09001735df1148fe8276a7bd884ac818 __call__ /usr/lib/python2.7/site-packages/oslo_messaging/_drivers/amqpdriver.py:194
2016-12-07 04:16:52.620 544138 DEBUG neutron.callbacks.manager [req-5cc5c40e-cd64-4137-ab39-67fda8909b60 - - - - -] Notify callbacks [('neutron.services.segments.db._update_segment_host_mapping_for_agent--9223372036849464760', )] for agent, after_update _notify_loop /usr/lib/python2.7/site-packages/neutron/callbacks/manager.py:142
2016-12-07 04:16:52.621 544138 DEBUG oslo_messaging._drivers.amqpdriver [req-5cc5c40e-cd64-4137-ab39-67fda8909b60 - - - - -] sending reply msg_id: 79f0e35fac314054baca5690f6177f66 reply queue: reply_09001735df1148fe8276a7bd884ac818 time elapsed: 0.150774505018s _send_reply /usr/lib/python2.7/site-packages/oslo_messaging/_drivers/amqpdriver.py:73
2016-12-07 04:16:52.939 544136 INFO neutron.wsgi [req-6f8bb6be-43cb-4492-a7bd-6d21a4fc5401 a603afa7ef7c431c85af30167d698a2d d1207df2e30d473c944eca1b869f5556 - - -] 172.17.1.24 - - [07/Dec/2016 04:16:52] "GET /v2.0/lbaas/loadbalancers/e33b2cfd-43d8-4a63-b37b-9540adca1830/statuses.json HTTP/1.1" 200 830 1.960967
2016-12-07 04:16:54.008 544136 DEBUG neutron.wsgi [-] (544136) accepted ('172.17.1.24', 50924) server /usr/lib/python2.7/site-packages/eventlet/wsgi.py:867
2016-12-07 04:16:56.689 544140 DEBUG neutron.db.agents_db [req-9e432635-c01c-4e97-ab92-c4d82e709862 - - - - -] Agent healthcheck: found 17 active agents agent_health_check /usr/lib/python2.7/site-packages/neutron/db/agents_db.py:310
2016-12-07 04:17:02.418 543515 DEBUG oslo_messaging._drivers.amqpdriver [-] received message msg_id: 6a566166912d4156848d26970fb1e18c reply to reply_765e502b068b40a19adfd7aa9f5e4032 __call__ /usr/lib/python2.7/site-packages/oslo_messaging/_drivers/amqpdriver.py:194
2016-12-07 04:17:02.537 543515 DEBUG oslo_messaging._drivers.amqpdriver [req-e8aae7df-9665-4ef3-9d44-49fa03dc8e6a - - - - -] sending reply msg_id: 6a566166912d4156848d26970fb1e18c reply queue: reply_765e502b068b40a19adfd7aa9f5e4032 time elapsed: 0.117771322984s _send_reply /usr/lib/python2.7/site-packages/oslo_messaging/_drivers/amqpdriver.py:73
2016-12-07 04:17:03.138 544139 DEBUG oslo_messaging._drivers.amqpdriver [-] received message msg_id: e90766c51b6e44518d445c613f31b563 reply to reply_509672ccaae1473ea765e38356196e47 __call__ /usr/lib/python2.7/site-packages/oslo_messaging/_drivers/amqpdriver.py:194
2016-12-07 04:17:03.283 544139 DEBUG neutron.callbacks.manager [req-dc08c65d-13f5-4f39-86db-f0551e6caaac - - - - -] Notify callbacks [('neutron.services.segments.db._update_segment_host_mapping_for_agent--9223372036849464760', )] for agent, after_update _notify_loop /usr/lib/python2.7/site-packages/neutron/callbacks/manager.py:142
2016-12-07 04:17:03.285 544139 DEBUG oslo_messaging._drivers.amqpdriver [req-dc08c65d-13f5-4f39-86db-f0551e6caaac - - - - -] sending reply msg_id: e90766c51b6e44518d445c613f31b563 reply queue: reply_509672ccaae1473ea765e38356196e47 time elapsed: 0.146051195974s _send_reply /usr/lib/python2.7/site-packages/oslo_messaging/_drivers/amqpdriver.py:73
2016-12-07 04:17:04.363 544137 DEBUG oslo_messaging._drivers.amqpdriver [-] received message msg_id: 125284a6ffb04188b2941760a493aac5 reply to reply_bb26823eb78244dfa35b1ada5a6c8295 __call__ /usr/lib/python2.7/site-packages/oslo_messaging/_drivers/amqpdriver.py:194
2016-12-07 04:17:04.432 544137 DEBUG neutron.callbacks.manager [req-cd9e0f30-35b7-423d-a104-5162ce56b697 - - - - -] Notify callbacks [('neutron.services.segments.db._update_segment_host_mapping_for_agent--9223372036849464760', )] for agent, after_update _notify_loop /usr/lib/python2.7/site-packages/neutron/callbacks/manager.py:142
2016-12-07 04:17:04.433 544137 DEBUG oslo_messaging._drivers.amqpdriver [req-cd9e0f30-35b7-423d-a104-5162ce56b697 - - - - -] sending reply msg_id: 125284a6ffb04188b2941760a493aac5 reply queue: reply_bb26823eb78244dfa35b1ada5a6c8295 time elapsed: 0.0690484719817s _send_reply /usr/lib/python2.7/site-packages/oslo_messaging/_drivers/amqpdriver.py:73
2016-12-07 04:17:06.215 544135 INFO neutron.wsgi [req-20ac6766-9d40-4c11-916c-eb46e2b1e269 a603afa7ef7c431c85af30167d698a2d d1207df2e30d473c944eca1b869f5556 - - -] 172.17.1.24 - - [07/Dec/2016 04:17:06] "GET /v2.0/lbaas/pools.json HTTP/1.1" 200 4221 18.405895
2016-12-07 04:17:06.424 544137 DEBUG oslo_messaging._drivers.amqpdriver [-] received message msg_id: e8d7fb983eb74beb97a8ffd1c3207bae reply to reply_4be3505667b542dc94299f20f538e67f __call__ /usr/lib/python2.7/site-packages/oslo_messaging/_drivers/amqpdriver.py:194
2016-12-07 04:17:06.555 544137 DEBUG oslo_messaging._drivers.amqpdriver [req-b0c3eb4e-4cb9-4011-80b4-6a375960710d - - - - -] sending reply msg_id: e8d7fb983eb74beb97a8ffd1c3207bae reply queue: reply_4be3505667b542dc94299f20f538e67f time elapsed: 0.131198003015s _send_reply /usr/lib/python2.7/site-packages/oslo_messaging/_drivers/amqpdriver.py:73
2016-12-07 04:17:08.046 544138 DEBUG oslo_messaging._drivers.amqpdriver [-] received message msg_id: 159084e3c67d4e6e8f2638e9fe5dc61c reply to reply_06b059b0c3e74bb9876764e92c4103b4 __call__ /usr/lib/python2.7/site-packages/oslo_messaging/_drivers/amqpdriver.py:194
2016-12-07 04:17:08.170 544138 DEBUG neutron.callbacks.manager [req-de2f58c5-ce4b-494e-b312-1ad4f8f1b013 - - - - -] Notify callbacks [('neutron.services.segments.db._update_segment_host_mapping_for_agent--9223372036849464760', )] for agent, after_update _notify_loop /usr/lib/python2.7/site-packages/neutron/callbacks/manager.py:142
2016-12-07 04:17:08.172 544138 DEBUG oslo_messaging._drivers.amqpdriver [req-de2f58c5-ce4b-494e-b312-1ad4f8f1b013 - - - - -] sending reply msg_id: 159084e3c67d4e6e8f2638e9fe5dc61c reply queue: reply_06b059b0c3e74bb9876764e92c4103b4 time elapsed: 0.124391049001s _send_reply /usr/lib/python2.7/site-packages/oslo_messaging/_drivers/amqpdriver.py:73
2016-12-07 04:17:09.890 544138 DEBUG oslo_messaging._drivers.amqpdriver [-] received message with unique_id: 9993df750c0347d6871f06a924d7ef7d __call__ /usr/lib/python2.7/site-packages/oslo_messaging/_drivers/amqpdriver.py:196
2016-12-07 04:17:10.035 544138 DEBUG neutron.callbacks.manager [req-b0c3eb4e-4cb9-4011-80b4-6a375960710d - - - - -] Notify callbacks [('neutron.services.segments.db._update_segment_host_mapping_for_agent--9223372036849464760', )] for agent, after_update _notify_loop /usr/lib/python2.7/site-packages/neutron/callbacks/manager.py:142
2016-12-07 04:17:11.391 544135 DEBUG neutron.wsgi [-] (544135) accepted ('172.17.1.24', 53942) server /usr/lib/python2.7/site-packages/eventlet/wsgi.py:867
2016-12-07 04:17:12.241 544135 INFO neutron.wsgi [req-de6280a7-6678-4cc1-b086-7e6bca1122f0 a603afa7ef7c431c85af30167d698a2d d1207df2e30d473c944eca1b869f5556 - - -] 172.17.1.24 - - [07/Dec/2016 04:17:12] "GET /v2.0/lbaas/listeners/ec0f1902-6cdc-4459-ac16-5816a914709d.json HTTP/1.1" 200 594 0.847022
2016-12-07 04:17:13.026 544136 INFO neutron.wsgi [req-8dcbcd42-9499-40ac-9585-75fc07d4b312 a603afa7ef7c431c85af30167d698a2d d1207df2e30d473c944eca1b869f5556 - - -] 172.17.1.24 - - [07/Dec/2016 04:17:13] "GET /v2.0/lbaas/pools.json HTTP/1.1" 200 4221 19.017246
2016-12-07 04:17:14.726 544135 DEBUG neutron.wsgi [-] (544135) accepted ('172.17.1.24', 54662) server /usr/lib/python2.7/site-packages/eventlet/wsgi.py:867
2016-12-07 04:17:17.879 544135 INFO neutron.wsgi [req-61593d3b-9a2d-4a57-9f0e-2e9af736e7d5 a603afa7ef7c431c85af30167d698a2d d1207df2e30d473c944eca1b869f5556 - - -] 172.17.1.24 - - [07/Dec/2016 04:17:17] "GET /v2.0/lbaas/loadbalancers/c69da4f4-2907-4302-ae02-277266d040e3/statuses.json HTTP/1.1" 200 660 3.151268
2016-12-07 04:17:18.960 544135 INFO neutron.wsgi [req-c7958c55-79d0-488a-8cd0-6bee4b7e045a a603afa7ef7c431c85af30167d698a2d d1207df2e30d473c944eca1b869f5556 - - -] 172.17.1.24 - - [07/Dec/2016 04:17:18] "GET /v2.0/lbaas/listeners/ec0f1902-6cdc-4459-ac16-5816a914709d.json HTTP/1.1" 200 594 1.072996
2016-12-07 04:17:19.616 544136 DEBUG neutron.wsgi [-] (544136) accepted ('172.17.1.24', 55634) server /usr/lib/python2.7/site-packages/eventlet/wsgi.py:867
2016-12-07 04:17:22.147 543515 DEBUG oslo_messaging._drivers.amqpdriver [-] received message msg_id: 5c9cb7d03dc245ed85c39040f61be460 reply to reply_765e502b068b40a19adfd7aa9f5e4032 __call__ /usr/lib/python2.7/site-packages/oslo_messaging/_drivers/amqpdriver.py:194
2016-12-07 04:17:22.300 543515 DEBUG oslo_messaging._drivers.amqpdriver [req-e8aae7df-9665-4ef3-9d44-49fa03dc8e6a - - - - -] sending reply msg_id: 5c9cb7d03dc245ed85c39040f61be460 reply queue: reply_765e502b068b40a19adfd7aa9f5e4032 time elapsed: 0.151477280975s _send_reply /usr/lib/python2.7/site-packages/oslo_messaging/_drivers/amqpdriver.py:73
2016-12-07 04:17:22.346 544137 DEBUG oslo_messaging._drivers.amqpdriver [-] received message msg_id: 6948059821c94f5aaa426b7a53b245d2 reply to reply_765e502b068b40a19adfd7aa9f5e4032 __call__ /usr/lib/python2.7/site-packages/oslo_messaging/_drivers/amqpdriver.py:194
2016-12-07 04:17:22.576 544137 DEBUG oslo_messaging._drivers.amqpdriver [req-e8aae7df-9665-4ef3-9d44-49fa03dc8e6a - - - - -] sending reply msg_id: 6948059821c94f5aaa426b7a53b245d2 reply queue: reply_765e502b068b40a19adfd7aa9f5e4032 time elapsed: 0.228766225016s _send_reply /usr/lib/python2.7/site-packages/oslo_messaging/_drivers/amqpdriver.py:73
2016-12-07 04:17:23.799 544139 DEBUG oslo_messaging._drivers.amqpdriver [-] received message with unique_id: abb3e831030e44a8b9f5ed1751555004 __call__ /usr/lib/python2.7/site-packages/oslo_messaging/_drivers/amqpdriver.py:196
2016-12-07 04:17:23.860 544139 DEBUG neutron.callbacks.manager [req-4cf01283-d111-4692-85b8-f952a5580aa0 - - - - -] Notify callbacks [('neutron.services.segments.db._update_segment_host_mapping_for_agent--9223372036849464760', )] for agent, after_update _notify_loop /usr/lib/python2.7/site-packages/neutron/callbacks/manager.py:142
2016-12-07 04:17:24.093 544137 DEBUG oslo_messaging._drivers.amqpdriver [-] received message with unique_id: ff102c91ab914d8db25168a4ab2fb657 __call__ /usr/lib/python2.7/site-packages/oslo_messaging/_drivers/amqpdriver.py:196
2016-12-07 04:17:24.144 544136 INFO neutron.wsgi [req-63b46052-9a1f-4715-9e89-282d85b38001 a603afa7ef7c431c85af30167d698a2d d1207df2e30d473c944eca1b869f5556 - - -] 172.17.1.24 - - [07/Dec/2016 04:17:24] "GET /v2.0/lbaas/loadbalancers/f5ddc110-96e2-447d-b853-dca8a4c5a603/statuses.json HTTP/1.1" 200 828 4.525963
2016-12-07 04:17:24.213 544137 DEBUG neutron.callbacks.manager [req-486ef349-d751-43a7-a1b0-3c703d00253e - - - - -] Notify callbacks [('neutron.services.segments.db._update_segment_host_mapping_for_agent--9223372036849464760', )] for agent, after_update _notify_loop /usr/lib/python2.7/site-packages/neutron/callbacks/manager.py:142
2016-12-07 04:17:25.866 544136 INFO neutron.wsgi [req-fd0a8ebb-224e-4892-b04e-c6892d465e5b a603afa7ef7c431c85af30167d698a2d d1207df2e30d473c944eca1b869f5556 - - -] 172.17.1.24 - - [07/Dec/2016 04:17:25] "GET /v2.0/lbaas/listeners/291c64f6-c17b-46bf-98f8-91c7fc2e4ea9.json HTTP/1.1" 200 594 1.659213
2016-12-07 04:17:26.464 544138 DEBUG oslo_messaging._drivers.amqpdriver [-] received message msg_id: 40e1103c14c54d5d92801e1c32258107 reply to reply_4be3505667b542dc94299f20f538e67f __call__ /usr/lib/python2.7/site-packages/oslo_messaging/_drivers/amqpdriver.py:194
2016-12-07 04:17:26.594 544136 DEBUG neutron.wsgi [-] (544136) accepted ('172.17.1.24', 57304) server /usr/lib/python2.7/site-packages/eventlet/wsgi.py:867
2016-12-07 04:17:26.731 544138 DEBUG oslo_messaging._drivers.amqpdriver [req-b0c3eb4e-4cb9-4011-80b4-6a375960710d - - - - -] sending reply msg_id: 40e1103c14c54d5d92801e1c32258107 reply queue: reply_4be3505667b542dc94299f20f538e67f time elapsed: 0.267062489991s _send_reply /usr/lib/python2.7/site-packages/oslo_messaging/_drivers/amqpdriver.py:73
2016-12-07 04:17:27.280 544138 DEBUG oslo_messaging._drivers.amqpdriver [-] received message msg_id: 506cb7e304044def999cec1ba5f14314 reply to reply_fd109f1d3ca94e9a88eba6595cc3f080 __call__ /usr/lib/python2.7/site-packages/oslo_messaging/_drivers/amqpdriver.py:194
2016-12-07 04:17:27.395 544138 DEBUG neutron.callbacks.manager [req-7e30aa4d-4dc8-4b22-8646-2263aefd1540 - - - - -] Notify callbacks [('neutron.services.segments.db._update_segment_host_mapping_for_agent--9223372036849464760', )] for agent, after_update _notify_loop /usr/lib/python2.7/site-packages/neutron/callbacks/manager.py:142
2016-12-07 04:17:27.396 544138 DEBUG oslo_messaging._drivers.amqpdriver [req-7e30aa4d-4dc8-4b22-8646-2263aefd1540 - - - - -] sending reply msg_id: 506cb7e304044def999cec1ba5f14314 reply queue: reply_fd109f1d3ca94e9a88eba6595cc3f080 time elapsed: 0.115081081982s _send_reply /usr/lib/python2.7/site-packages/oslo_messaging/_drivers/amqpdriver.py:73
2016-12-07 04:17:29.142 544136 INFO neutron.wsgi [req-617d8bbb-04f6-46ad-b14c-876d1a0f4779 a603afa7ef7c431c85af30167d698a2d d1207df2e30d473c944eca1b869f5556 - - -] 172.17.1.24 - - [07/Dec/2016 04:17:29] "GET /v2.0/lbaas/loadbalancers/f5ddc110-96e2-447d-b853-dca8a4c5a603/statuses.json HTTP/1.1" 200 828 2.536060
2016-12-07 04:17:31.219 544136 DEBUG neutron.wsgi [-] (544136) accepted ('172.17.1.24', 58190) server /usr/lib/python2.7/site-packages/eventlet/wsgi.py:867
2016-12-07 04:17:33.585 544136 INFO neutron.wsgi [req-c7864764-0939-4a7e-b1b1-b2575dec4daa a603afa7ef7c431c85af30167d698a2d d1207df2e30d473c944eca1b869f5556 - - -] 172.17.1.24 - - [07/Dec/2016 04:17:33] "GET /v2.0/lbaas/loadbalancers/4e861be4-d791-4978-827d-b74d962f5138/statuses.json HTTP/1.1" 200 828 2.362994
2016-12-07 04:17:33.737 544140 DEBUG neutron.db.agents_db [req-9e432635-c01c-4e97-ab92-c4d82e709862 - - - - -] Agent healthcheck: found 17 active agents agent_health_check /usr/lib/python2.7/site-packages/neutron/db/agents_db.py:310
2016-12-07 04:17:33.857 544136 DEBUG neutron.wsgi [-] (544136) accepted ('172.17.1.24', 58690) server /usr/lib/python2.7/site-packages/eventlet/wsgi.py:867
2016-12-07 04:17:35.977 544136 INFO neutron.wsgi [req-30f58e83-39f7-462b-be68-5aa44736c06a a603afa7ef7c431c85af30167d698a2d d1207df2e30d473c944eca1b869f5556 - - -] 172.17.1.24 - - [07/Dec/2016 04:17:35] "GET /v2.0/lbaas/listeners/4087a231-5183-401d-a517-321cfbb97e61.json HTTP/1.1" 200 593 2.117686
2016-12-07 04:17:37.578 544136 DEBUG neutron.wsgi [-] (544136) accepted ('172.17.1.24', 59464) server /usr/lib/python2.7/site-packages/eventlet/wsgi.py:867
2016-12-07 04:17:38.497 544139 DEBUG oslo_messaging._drivers.amqpdriver [-] received message msg_id: b091cc554bd2478aa487bcc691fc24f2 reply to reply_40d37007feda467e88c682c6ffa2cd12 __call__ /usr/lib/python2.7/site-packages/oslo_messaging/_drivers/amqpdriver.py:194
2016-12-07 04:17:38.576 544139 DEBUG neutron.callbacks.manager [req-b3d6a148-f06d-4f14-aacb-ae975da2198c - - - - -] Notify callbacks [('neutron.services.segments.db._update_segment_host_mapping_for_agent--9223372036849464760', )] for agent, after_update _notify_loop /usr/lib/python2.7/site-packages/neutron/callbacks/manager.py:142
2016-12-07 04:17:38.578 544139 DEBUG oslo_messaging._drivers.amqpdriver [req-b3d6a148-f06d-4f14-aacb-ae975da2198c - - - - -] sending reply msg_id: b091cc554bd2478aa487bcc691fc24f2 reply queue: reply_40d37007feda467e88c682c6ffa2cd12 time elapsed: 0.079761230998s _send_reply /usr/lib/python2.7/site-packages/oslo_messaging/_drivers/amqpdriver.py:73
2016-12-07 04:17:39.143 544136 INFO neutron.wsgi [req-0e46ff7e-b8ba-4ea8-9830-faf1bc48f969 a603afa7ef7c431c85af30167d698a2d d1207df2e30d473c944eca1b869f5556 - - -] 172.17.1.24 - - [07/Dec/2016 04:17:39] "GET /v2.0/lbaas/listeners/4087a231-5183-401d-a517-321cfbb97e61.json HTTP/1.1" 200 593 1.563296
2016-12-07 04:17:39.508 544136 DEBUG neutron.wsgi [-] (544136) accepted ('172.17.1.24', 59900) server /usr/lib/python2.7/site-packages/eventlet/wsgi.py:867
2016-12-07 04:17:41.407 544136 INFO neutron.wsgi [req-f3eacedc-0383-42e2-abbb-4664c881bbdd a603afa7ef7c431c85af30167d698a2d d1207df2e30d473c944eca1b869f5556 - - -] 172.17.1.24 - - [07/Dec/2016 04:17:41] "GET /v2.0/lbaas/loadbalancers/ccf8ecfb-5b38-4ccc-ba03-a7b47d276961/statuses.json HTTP/1.1" 200 824 1.896849
2016-12-07 04:17:41.988 544136 DEBUG neutron.wsgi [-] (544136) accepted ('172.17.1.24', 60348) server /usr/lib/python2.7/site-packages/eventlet/wsgi.py:867
2016-12-07 04:17:42.021 543515 DEBUG oslo_messaging._drivers.amqpdriver [-] received message msg_id: 11ac193bd71840748aa21d071ca2af83 reply to reply_765e502b068b40a19adfd7aa9f5e4032 __call__ /usr/lib/python2.7/site-packages/oslo_messaging/_drivers/amqpdriver.py:194
2016-12-07 04:17:42.124 543515 DEBUG oslo_messaging._drivers.amqpdriver [req-e8aae7df-9665-4ef3-9d44-49fa03dc8e6a - - - - -] sending reply msg_id: 11ac193bd71840748aa21d071ca2af83 reply queue: reply_765e502b068b40a19adfd7aa9f5e4032 time elapsed: 0.101091390999s _send_reply /usr/lib/python2.7/site-packages/oslo_messaging/_drivers/amqpdriver.py:73
2016-12-07 04:17:42.156 544137 DEBUG oslo_messaging._drivers.amqpdriver [-] received message msg_id: ca7ee667fa614d6c8e42c9e456a34d79 reply to reply_765e502b068b40a19adfd7aa9f5e4032 __call__ /usr/lib/python2.7/site-packages/oslo_messaging/_drivers/amqpdriver.py:194
2016-12-07 04:17:42.327 544137 DEBUG oslo_messaging._drivers.amqpdriver [req-e8aae7df-9665-4ef3-9d44-49fa03dc8e6a - - - - -] sending reply msg_id: ca7ee667fa614d6c8e42c9e456a34d79 reply queue: reply_765e502b068b40a19adfd7aa9f5e4032 time elapsed: 0.17058977799s _send_reply /usr/lib/python2.7/site-packages/oslo_messaging/_drivers/amqpdriver.py:73
2016-12-07 04:17:42.359 544138 DEBUG oslo_messaging._drivers.amqpdriver [-] received message msg_id: 0b4ff3f83f1d437f8b6d6cb2b48cbf1a reply to reply_765e502b068b40a19adfd7aa9f5e4032 __call__ /usr/lib/python2.7/site-packages/oslo_messaging/_drivers/amqpdriver.py:194
2016-12-07 04:17:42.444 544138 DEBUG oslo_messaging._drivers.amqpdriver [req-e8aae7df-9665-4ef3-9d44-49fa03dc8e6a - - - - -] sending reply msg_id: 0b4ff3f83f1d437f8b6d6cb2b48cbf1a reply queue: reply_765e502b068b40a19adfd7aa9f5e4032 time elapsed: 0.0843377209967s _send_reply /usr/lib/python2.7/site-packages/oslo_messaging/_drivers/amqpdriver.py:73
2016-12-07 04:17:43.651 544136 INFO neutron.wsgi [req-84740c94-6247-44a2-bc14-270d870a87a4 a603afa7ef7c431c85af30167d698a2d d1207df2e30d473c944eca1b869f5556 - - -] 172.17.1.24 - - [07/Dec/2016 04:17:43] "GET /v2.0/lbaas/loadbalancers/ccf8ecfb-5b38-4ccc-ba03-a7b47d276961/statuses.json HTTP/1.1" 200 824 1.660734
2016-12-07 04:17:44.850 544136 INFO neutron.wsgi [req-1d2ae248-7993-4057-8ce3-f80ef4ef7738 a603afa7ef7c431c85af30167d698a2d d1207df2e30d473c944eca1b869f5556 - - -] 172.17.1.24 - - [07/Dec/2016 04:17:44] "GET /v2.0/lbaas/listeners/db2deaa1-9da7-4ee8-bd70-2a8bc0382ec0.json HTTP/1.1" 200 594 1.175296
2016-12-07 04:17:45.526 544136 DEBUG neutron.wsgi [-] (544136) accepted ('172.17.1.24', 60980) server /usr/lib/python2.7/site-packages/eventlet/wsgi.py:867
2016-12-07 04:17:46.115 544136 INFO neutron.wsgi [req-790e5fa2-ffce-4f93-a93b-3efb177023e8 a603afa7ef7c431c85af30167d698a2d d1207df2e30d473c944eca1b869f5556 - - -] 172.17.1.24 - - [07/Dec/2016 04:17:46] "GET /v2.0/lbaas/healthmonitors.json HTTP/1.1" 200 196 0.578162
2016-12-07 04:17:46.403 544136 DEBUG neutron.wsgi [-] (544136) accepted ('172.17.1.24', 33060) server /usr/lib/python2.7/site-packages/eventlet/wsgi.py:867
2016-12-07 04:17:47.770 544136 INFO neutron.wsgi [req-88d1e7a3-6083-42e8-b5f7-24d66b7da020 a603afa7ef7c431c85af30167d698a2d d1207df2e30d473c944eca1b869f5556 - - -] 172.17.1.24 - - [07/Dec/2016 04:17:47] "GET /v2.0/lbaas/loadbalancers/e33b2cfd-43d8-4a63-b37b-9540adca1830/statuses.json HTTP/1.1" 200 830 1.364665
2016-12-07 04:17:48.982 544137 DEBUG oslo_messaging._drivers.amqpdriver [-] received message msg_id: 25711bae1d23417d98c852385a685ebc reply to reply_bdfcb5fc7cee49fc82de18d5eb69a434 __call__ /usr/lib/python2.7/site-packages/oslo_messaging/_drivers/amqpdriver.py:194
2016-12-07 04:17:49.003 544137 DEBUG neutron.callbacks.manager [req-04063548-10bd-4977-a076-b6081b965618 - - - - -] Notify callbacks [('neutron.services.segments.db._update_segment_host_mapping_for_agent--9223372036849464760', )] for agent, after_update _notify_loop /usr/lib/python2.7/site-packages/neutron/callbacks/manager.py:142
2016-12-07 04:17:49.004 544137 DEBUG oslo_messaging._drivers.amqpdriver [req-04063548-10bd-4977-a076-b6081b965618 - - - - -] sending reply msg_id: 25711bae1d23417d98c852385a685ebc reply queue: reply_bdfcb5fc7cee49fc82de18d5eb69a434 time elapsed: 0.0208178760076s _send_reply /usr/lib/python2.7/site-packages/oslo_messaging/_drivers/amqpdriver.py:73
2016-12-07 04:17:51.478 544138 DEBUG oslo_messaging._drivers.amqpdriver [-] received message with unique_id: 21e52372858240fba15e003b684233cf __call__ /usr/lib/python2.7/site-packages/oslo_messaging/_drivers/amqpdriver.py:196
2016-12-07 04:17:51.546 544138 DEBUG neutron.callbacks.manager [req-86848f46-0857-4db6-b9b8-522f4fcddf59 - - - - -] Notify callbacks [('neutron.services.segments.db._update_segment_host_mapping_for_agent--9223372036849464760', )] for agent, after_update _notify_loop /usr/lib/python2.7/site-packages/neutron/callbacks/manager.py:142
2016-12-07 04:17:57.575 544135 DEBUG neutron.wsgi [-] (544135) accepted ('172.17.1.24', 36114) server /usr/lib/python2.7/site-packages/eventlet/wsgi.py:867
2016-12-07 04:17:59.049 543515 DEBUG oslo_messaging._drivers.amqpdriver [-] received message with unique_id: b8b8503073ad40a0b7348dc1812a9a68 __call__ /usr/lib/python2.7/site-packages/oslo_messaging/_drivers/amqpdriver.py:196
2016-12-07 04:17:59.108 543515 DEBUG neutron.callbacks.manager [req-4dbc7f6a-09f2-49a9-884a-2b0abb05476b - - - - -] Notify callbacks [('neutron.services.segments.db._update_segment_host_mapping_for_agent--9223372036849464760', )] for agent, after_update _notify_loop /usr/lib/python2.7/site-packages/neutron/callbacks/manager.py:142
2016-12-07 04:18:00.064 544139 DEBUG oslo_messaging._drivers.amqpdriver [-] received message msg_id: 55adcbd09ee246a2bba16dad05d65171 reply to reply_1eda4a5ae6554a82943fb816f40bf95b __call__ /usr/lib/python2.7/site-packages/oslo_messaging/_drivers/amqpdriver.py:194
