2016-12-07 05:17:01.126 544138 DEBUG oslo_messaging._drivers.amqpdriver [-] received message with unique_id: 5e198c1f9ad04714baa0041f0dfde444 __call__ /usr/lib/python2.7/site-packages/oslo_messaging/_drivers/amqpdriver.py:196
2016-12-07 05:17:01.217 544138 DEBUG neutron.callbacks.manager [req-4dbc7f6a-09f2-49a9-884a-2b0abb05476b - - - - -] Notify callbacks [('neutron.services.segments.db._update_segment_host_mapping_for_agent--9223372036849464760', )] for agent, after_update _notify_loop /usr/lib/python2.7/site-packages/neutron/callbacks/manager.py:142
2016-12-07 05:17:01.546 544135 INFO neutron.wsgi [req-cc3fbd5e-bbeb-4265-b8cc-4201fdb2e0de a603afa7ef7c431c85af30167d698a2d d1207df2e30d473c944eca1b869f5556 - - -] 172.17.1.24 - - [07/Dec/2016 05:17:01] "GET /v2.0/lbaas/listeners/ec0f1902-6cdc-4459-ac16-5816a914709d.json HTTP/1.1" 200 594 4.297007
2016-12-07 05:17:03.314 544135 INFO neutron.wsgi [req-3c1141d0-3d52-4409-98d1-fcbef8ef79d2 a603afa7ef7c431c85af30167d698a2d d1207df2e30d473c944eca1b869f5556 - - -] 172.17.1.24 - - [07/Dec/2016 05:17:03] "GET /v2.0/lbaas/loadbalancers/6fd189a3-e0b8-4d5d-94aa-0c17ca2005f4/statuses.json HTTP/1.1" 200 828 1.766025
2016-12-07 05:17:03.665 544135 DEBUG neutron.wsgi [-] (544135) accepted ('172.17.1.24', 47676) server /usr/lib/python2.7/site-packages/eventlet/wsgi.py:867
2016-12-07 05:17:05.407 544135 INFO neutron.wsgi [req-60c8e880-14e3-4924-b770-8d80d2b5387e a603afa7ef7c431c85af30167d698a2d d1207df2e30d473c944eca1b869f5556 - - -] 172.17.1.24 - - [07/Dec/2016 05:17:05] "GET /v2.0/lbaas/listeners/5c97eae0-ec52-4e00-b127-91f920408b36.json HTTP/1.1" 200 593 1.733329
2016-12-07 05:17:07.954 544135 DEBUG neutron.wsgi [-] (544135) accepted ('172.17.1.24', 48638) server /usr/lib/python2.7/site-packages/eventlet/wsgi.py:867
2016-12-07 05:17:09.358 544135 INFO neutron.wsgi [req-128c45a5-5c21-4a44-80e5-fad82e86a465 a603afa7ef7c431c85af30167d698a2d d1207df2e30d473c944eca1b869f5556 - - -] 172.17.1.24 - - [07/Dec/2016 05:17:09] "GET /v2.0/lbaas/listeners/291c64f6-c17b-46bf-98f8-91c7fc2e4ea9.json HTTP/1.1" 200 594 1.400391
2016-12-07 05:17:10.341 544139 DEBUG oslo_messaging._drivers.amqpdriver [-] received message msg_id: b61ea83c02f247549a0ce689549ddaa2 reply to reply_06b059b0c3e74bb9876764e92c4103b4 __call__ /usr/lib/python2.7/site-packages/oslo_messaging/_drivers/amqpdriver.py:194
2016-12-07 05:17:10.428 544139 DEBUG neutron.callbacks.manager [req-de2f58c5-ce4b-494e-b312-1ad4f8f1b013 - - - - -] Notify callbacks [('neutron.services.segments.db._update_segment_host_mapping_for_agent--9223372036849464760', )] for agent, after_update _notify_loop /usr/lib/python2.7/site-packages/neutron/callbacks/manager.py:142
2016-12-07 05:17:10.429 544139 DEBUG oslo_messaging._drivers.amqpdriver [req-de2f58c5-ce4b-494e-b312-1ad4f8f1b013 - - - - -] sending reply msg_id: b61ea83c02f247549a0ce689549ddaa2 reply queue: reply_06b059b0c3e74bb9876764e92c4103b4 time elapsed: 0.087173086009s _send_reply /usr/lib/python2.7/site-packages/oslo_messaging/_drivers/amqpdriver.py:73
2016-12-07 05:17:11.645 544135 INFO neutron.wsgi [req-954f6a2c-a53c-4fae-b416-c7a18ee2ff1d a603afa7ef7c431c85af30167d698a2d d1207df2e30d473c944eca1b869f5556 - - -] 172.17.1.24 - - [07/Dec/2016 05:17:11] "GET /v2.0/lbaas/loadbalancers/4e861be4-d791-4978-827d-b74d962f5138/statuses.json HTTP/1.1" 200 828 2.269010
2016-12-07 05:17:12.438 544135 DEBUG neutron.wsgi [-] (544135) accepted ('172.17.1.24', 49510) server /usr/lib/python2.7/site-packages/eventlet/wsgi.py:867
2016-12-07 05:17:14.309 544135 INFO neutron.wsgi [req-3a97d85f-1a79-4ede-bc6e-2b0816ed5f77 a603afa7ef7c431c85af30167d698a2d d1207df2e30d473c944eca1b869f5556 - - -] 172.17.1.24 - - [07/Dec/2016 05:17:14] "GET /v2.0/lbaas/loadbalancers/4e861be4-d791-4978-827d-b74d962f5138/statuses.json HTTP/1.1" 200 828 1.869430
2016-12-07 05:17:14.795 544137 DEBUG oslo_messaging._drivers.amqpdriver [-] received message msg_id: aae050c0c78a4caf9433511fde1a0e64 reply to reply_40d37007feda467e88c682c6ffa2cd12 __call__ /usr/lib/python2.7/site-packages/oslo_messaging/_drivers/amqpdriver.py:194
2016-12-07 05:17:14.895 544137 DEBUG neutron.callbacks.manager [req-05adef43-4d85-4d00-a988-a4d7e53f6738 - - - - -] Notify callbacks [('neutron.services.segments.db._update_segment_host_mapping_for_agent--9223372036849464760', )] for agent, after_update _notify_loop /usr/lib/python2.7/site-packages/neutron/callbacks/manager.py:142
2016-12-07 05:17:14.896 544137 DEBUG oslo_messaging._drivers.amqpdriver [req-05adef43-4d85-4d00-a988-a4d7e53f6738 - - - - -] sending reply msg_id: aae050c0c78a4caf9433511fde1a0e64 reply queue: reply_40d37007feda467e88c682c6ffa2cd12 time elapsed: 0.100746764016s _send_reply /usr/lib/python2.7/site-packages/oslo_messaging/_drivers/amqpdriver.py:73
2016-12-07 05:17:15.226 543515 DEBUG oslo_messaging._drivers.amqpdriver [-] received message with unique_id: f874d35c9b064cb9bb0c294d620ecdd3 __call__ /usr/lib/python2.7/site-packages/oslo_messaging/_drivers/amqpdriver.py:196
2016-12-07 05:17:15.268 544137 DEBUG oslo_messaging._drivers.amqpdriver [-] received message msg_id: 61538e46bf9d499096247e9587bdb151 reply to reply_765e502b068b40a19adfd7aa9f5e4032 __call__ /usr/lib/python2.7/site-packages/oslo_messaging/_drivers/amqpdriver.py:194
2016-12-07 05:17:15.306 543515 DEBUG neutron.callbacks.manager [req-e8aae7df-9665-4ef3-9d44-49fa03dc8e6a - - - - -] Notify callbacks [('neutron.services.segments.db._update_segment_host_mapping_for_agent--9223372036849464760', )] for agent, after_update _notify_loop /usr/lib/python2.7/site-packages/neutron/callbacks/manager.py:142
2016-12-07 05:17:15.364 544137 DEBUG oslo_messaging._drivers.amqpdriver [req-e8aae7df-9665-4ef3-9d44-49fa03dc8e6a - - - - -] sending reply msg_id: 61538e46bf9d499096247e9587bdb151 reply queue: reply_765e502b068b40a19adfd7aa9f5e4032 time elapsed: 0.0950100930058s _send_reply /usr/lib/python2.7/site-packages/oslo_messaging/_drivers/amqpdriver.py:73
2016-12-07 05:17:15.407 544138 DEBUG oslo_messaging._drivers.amqpdriver [-] received message msg_id: 0c4c16b9ac3141b695e3e19d28b50391 reply to reply_765e502b068b40a19adfd7aa9f5e4032 __call__ /usr/lib/python2.7/site-packages/oslo_messaging/_drivers/amqpdriver.py:194
2016-12-07 05:17:15.481 544138 DEBUG oslo_messaging._drivers.amqpdriver [req-e8aae7df-9665-4ef3-9d44-49fa03dc8e6a - - - - -] sending reply msg_id: 0c4c16b9ac3141b695e3e19d28b50391 reply queue: reply_765e502b068b40a19adfd7aa9f5e4032 time elapsed: 0.0732620299968s _send_reply /usr/lib/python2.7/site-packages/oslo_messaging/_drivers/amqpdriver.py:73
2016-12-07 05:17:15.798 544135 DEBUG neutron.wsgi [-] (544135) accepted ('172.17.1.24', 50272) server /usr/lib/python2.7/site-packages/eventlet/wsgi.py:867
2016-12-07 05:17:17.537 544135 INFO neutron.wsgi [req-a5515999-09be-4822-abc3-3473b4d73424 a603afa7ef7c431c85af30167d698a2d d1207df2e30d473c944eca1b869f5556 - - -] 172.17.1.24 - - [07/Dec/2016 05:17:17] "GET /v2.0/lbaas/loadbalancers/c3955010-81ec-4bb2-9b36-cfeeff085db2/statuses.json HTTP/1.1" 200 660 1.719014
2016-12-07 05:17:19.930 544136 DEBUG neutron.wsgi [-] (544136) accepted ('172.17.1.24', 51258) server /usr/lib/python2.7/site-packages/eventlet/wsgi.py:867
2016-12-07 05:17:21.509 544136 INFO neutron.wsgi [req-348606ec-32d0-4299-9a9a-73ccf49ebd9c a603afa7ef7c431c85af30167d698a2d d1207df2e30d473c944eca1b869f5556 - - -] 172.17.1.24 - - [07/Dec/2016 05:17:21] "GET /v2.0/lbaas/loadbalancers/e730de6f-da8f-4096-b664-a55272fd7dc3/statuses.json HTTP/1.1" 200 824 1.577373
2016-12-07 05:17:21.655 544138 DEBUG oslo_messaging._drivers.amqpdriver [-] received message with unique_id: 8fc905ea9f524a429630deadd8993a48 __call__ /usr/lib/python2.7/site-packages/oslo_messaging/_drivers/amqpdriver.py:196
2016-12-07 05:17:21.765 544138 DEBUG neutron.callbacks.manager [req-86848f46-0857-4db6-b9b8-522f4fcddf59 - - - - -] Notify callbacks [('neutron.services.segments.db._update_segment_host_mapping_for_agent--9223372036849464760', )] for agent, after_update _notify_loop /usr/lib/python2.7/site-packages/neutron/callbacks/manager.py:142
2016-12-07 05:17:23.051 544135 DEBUG neutron.wsgi [-] (544135) accepted ('172.17.1.24', 52040) server /usr/lib/python2.7/site-packages/eventlet/wsgi.py:867
2016-12-07 05:17:23.170 544140 DEBUG neutron.db.agents_db [req-9e432635-c01c-4e97-ab92-c4d82e709862 - - - - -] Agent healthcheck: found 17 active agents agent_health_check /usr/lib/python2.7/site-packages/neutron/db/agents_db.py:310
2016-12-07 05:17:24.249 544135 INFO neutron.wsgi [req-336be23e-d417-4adb-96e1-36c3765da864 a603afa7ef7c431c85af30167d698a2d d1207df2e30d473c944eca1b869f5556 - - -] 172.17.1.24 - - [07/Dec/2016 05:17:24] "GET /v2.0/lbaas/listeners/c79c6fbd-2109-44a7-b94b-ea4c788165f5.json HTTP/1.1" 200 593 1.196625
2016-12-07 05:17:25.115 544135 DEBUG neutron.wsgi [-] (544135) accepted ('172.17.1.24', 52442) server /usr/lib/python2.7/site-packages/eventlet/wsgi.py:867
2016-12-07 05:17:28.297 544136 DEBUG neutron.wsgi [-] (544136) accepted ('172.17.1.24', 53026) server /usr/lib/python2.7/site-packages/eventlet/wsgi.py:867
2016-12-07 05:17:30.758 544139 DEBUG oslo_messaging._drivers.amqpdriver [-] received message msg_id: 7d8e4984b098420c9bca3f781f88574d reply to reply_e4a476c08e944dd2a70761469b9997bd __call__ /usr/lib/python2.7/site-packages/oslo_messaging/_drivers/amqpdriver.py:194
2016-12-07 05:17:30.832 544139 DEBUG neutron.callbacks.manager [req-69cc4524-b375-4937-a81b-fbd1af324285 - - - - -] Notify callbacks [('neutron.services.segments.db._update_segment_host_mapping_for_agent--9223372036849464760', )] for agent, after_update _notify_loop /usr/lib/python2.7/site-packages/neutron/callbacks/manager.py:142
2016-12-07 05:17:30.833 544139 DEBUG oslo_messaging._drivers.amqpdriver [req-69cc4524-b375-4937-a81b-fbd1af324285 - - - - -] sending reply msg_id: 7d8e4984b098420c9bca3f781f88574d reply queue: reply_e4a476c08e944dd2a70761469b9997bd time elapsed: 0.0734057750087s _send_reply /usr/lib/python2.7/site-packages/oslo_messaging/_drivers/amqpdriver.py:73
2016-12-07 05:17:31.319 544136 INFO neutron.wsgi [req-203168fb-8deb-4f77-9558-973d99624cf8 a603afa7ef7c431c85af30167d698a2d d1207df2e30d473c944eca1b869f5556 - - -] 172.17.1.24 - - [07/Dec/2016 05:17:31] "GET /v2.0/lbaas/listeners/6fb7f9df-a841-4ba0-a991-497fc6cab4e9.json HTTP/1.1" 200 594 3.019234
2016-12-07 05:17:31.503 544135 INFO neutron.wsgi [req-7d3bbe3c-4113-4810-89ac-cb0cfaae2fcf a603afa7ef7c431c85af30167d698a2d d1207df2e30d473c944eca1b869f5556 - - -] 172.17.1.24 - - [07/Dec/2016 05:17:31] "GET /v2.0/lbaas/listeners/db2deaa1-9da7-4ee8-bd70-2a8bc0382ec0.json HTTP/1.1" 200 594 6.386272
2016-12-07 05:17:32.976 544136 DEBUG neutron.wsgi [-] (544136) accepted ('172.17.1.24', 53776) server /usr/lib/python2.7/site-packages/eventlet/wsgi.py:867
2016-12-07 05:17:34.488 544137 DEBUG oslo_messaging._drivers.amqpdriver [-] received message msg_id: beb4d35cc5f44ba0b0367eeff66725a3 reply to reply_1eda4a5ae6554a82943fb816f40bf95b __call__ /usr/lib/python2.7/site-packages/oslo_messaging/_drivers/amqpdriver.py:194
2016-12-07 05:17:34.618 544137 DEBUG neutron.callbacks.manager [req-0d419913-c3b0-4350-8b2c-5202b93c14b1 - - - - -] Notify callbacks [('neutron.services.segments.db._update_segment_host_mapping_for_agent--9223372036849464760', )] for agent, after_update _notify_loop /usr/lib/python2.7/site-packages/neutron/callbacks/manager.py:142
2016-12-07 05:17:34.620 544137 DEBUG oslo_messaging._drivers.amqpdriver [req-0d419913-c3b0-4350-8b2c-5202b93c14b1 - - - - -] sending reply msg_id: beb4d35cc5f44ba0b0367eeff66725a3 reply queue: reply_1eda4a5ae6554a82943fb816f40bf95b time elapsed: 0.130030730012s _send_reply /usr/lib/python2.7/site-packages/oslo_messaging/_drivers/amqpdriver.py:73
2016-12-07 05:17:34.951 544136 INFO neutron.wsgi [req-f2f26321-032b-4e36-bb1f-2abd7d64e07f a603afa7ef7c431c85af30167d698a2d d1207df2e30d473c944eca1b869f5556 - - -] 172.17.1.24 - - [07/Dec/2016 05:17:34] "GET /v2.0/lbaas/listeners/6fb7f9df-a841-4ba0-a991-497fc6cab4e9.json HTTP/1.1" 200 594 1.973596
2016-12-07 05:17:35.066 544138 DEBUG oslo_messaging._drivers.amqpdriver [-] received message msg_id: c476f550c07f4631b789ef2c5e408791 reply to reply_509672ccaae1473ea765e38356196e47 __call__ /usr/lib/python2.7/site-packages/oslo_messaging/_drivers/amqpdriver.py:194
2016-12-07 05:17:35.080 543515 DEBUG oslo_messaging._drivers.amqpdriver [-] received message msg_id: f9da938253cf4466a21a3eeb06edbe03 reply to reply_765e502b068b40a19adfd7aa9f5e4032 __call__ /usr/lib/python2.7/site-packages/oslo_messaging/_drivers/amqpdriver.py:194
2016-12-07 05:17:35.132 543515 DEBUG oslo_messaging._drivers.amqpdriver [req-e8aae7df-9665-4ef3-9d44-49fa03dc8e6a - - - - -] sending reply msg_id: f9da938253cf4466a21a3eeb06edbe03 reply queue: reply_765e502b068b40a19adfd7aa9f5e4032 time elapsed: 0.0501763459761s _send_reply /usr/lib/python2.7/site-packages/oslo_messaging/_drivers/amqpdriver.py:73
2016-12-07 05:17:35.153 544138 DEBUG neutron.callbacks.manager [req-6334dacf-dc92-436c-a92e-48c4c9aa28e7 - - - - -] Notify callbacks [('neutron.services.segments.db._update_segment_host_mapping_for_agent--9223372036849464760', )] for agent, after_update _notify_loop /usr/lib/python2.7/site-packages/neutron/callbacks/manager.py:142
2016-12-07 05:17:35.154 544138 DEBUG oslo_messaging._drivers.amqpdriver [req-6334dacf-dc92-436c-a92e-48c4c9aa28e7 - - - - -] sending reply msg_id: c476f550c07f4631b789ef2c5e408791 reply queue: reply_509672ccaae1473ea765e38356196e47 time elapsed: 0.0869089869957s _send_reply /usr/lib/python2.7/site-packages/oslo_messaging/_drivers/amqpdriver.py:73
2016-12-07 05:17:35.157 544137 DEBUG oslo_messaging._drivers.amqpdriver [-] received message msg_id: ac40d39861304732ace5d2d1d2737a9b reply to reply_765e502b068b40a19adfd7aa9f5e4032 __call__ /usr/lib/python2.7/site-packages/oslo_messaging/_drivers/amqpdriver.py:194
2016-12-07 05:17:35.185 544137 DEBUG oslo_messaging._drivers.amqpdriver [req-e8aae7df-9665-4ef3-9d44-49fa03dc8e6a - - - - -] sending reply msg_id: ac40d39861304732ace5d2d1d2737a9b reply queue: reply_765e502b068b40a19adfd7aa9f5e4032 time elapsed: 0.0276665209967s _send_reply /usr/lib/python2.7/site-packages/oslo_messaging/_drivers/amqpdriver.py:73
2016-12-07 05:17:35.321 544138 DEBUG oslo_messaging._drivers.amqpdriver [-] received message msg_id: f4f8fcfdf9454f1a8170aca70c11c8ed reply to reply_765e502b068b40a19adfd7aa9f5e4032 __call__ /usr/lib/python2.7/site-packages/oslo_messaging/_drivers/amqpdriver.py:194
2016-12-07 05:17:35.382 544138 DEBUG oslo_messaging._drivers.amqpdriver [req-e8aae7df-9665-4ef3-9d44-49fa03dc8e6a - - - - -] sending reply msg_id: f4f8fcfdf9454f1a8170aca70c11c8ed reply queue: reply_765e502b068b40a19adfd7aa9f5e4032 time elapsed: 0.0598311880021s _send_reply /usr/lib/python2.7/site-packages/oslo_messaging/_drivers/amqpdriver.py:73
2016-12-07 05:17:36.597 544136 DEBUG neutron.wsgi [-] (544136) accepted ('172.17.1.24', 54296) server /usr/lib/python2.7/site-packages/eventlet/wsgi.py:867
2016-12-07 05:17:37.294 544136 INFO neutron.wsgi [req-658df750-9ea9-4faf-8d10-9fdcfa4ede5a a603afa7ef7c431c85af30167d698a2d d1207df2e30d473c944eca1b869f5556 - - -] 172.17.1.24 - - [07/Dec/2016 05:17:37] "GET /v2.0/lbaas/healthmonitors.json HTTP/1.1" 200 196 0.688164
2016-12-07 05:17:48.722 543515 DEBUG oslo_messaging._drivers.amqpdriver [-] received message msg_id: 17268444b3e44baa86107dba97db22fa reply to reply_4be3505667b542dc94299f20f538e67f __call__ /usr/lib/python2.7/site-packages/oslo_messaging/_drivers/amqpdriver.py:194
2016-12-07 05:17:48.745 543515 DEBUG oslo_messaging._drivers.amqpdriver [req-b0c3eb4e-4cb9-4011-80b4-6a375960710d - - - - -] sending reply msg_id: 17268444b3e44baa86107dba97db22fa reply queue: reply_4be3505667b542dc94299f20f538e67f time elapsed: 0.0216041190142s _send_reply /usr/lib/python2.7/site-packages/oslo_messaging/_drivers/amqpdriver.py:73
2016-12-07 05:17:52.594 544139 DEBUG oslo_messaging._drivers.amqpdriver [-] received message msg_id: 366a523af8494bd8b3c3e6fa20c50e6b reply to reply_09001735df1148fe8276a7bd884ac818 __call__ /usr/lib/python2.7/site-packages/oslo_messaging/_drivers/amqpdriver.py:194
2016-12-07 05:17:52.609 544139 DEBUG neutron.callbacks.manager [req-5cc5c40e-cd64-4137-ab39-67fda8909b60 - - - - -] Notify callbacks [('neutron.services.segments.db._update_segment_host_mapping_for_agent--9223372036849464760', )] for agent, after_update _notify_loop /usr/lib/python2.7/site-packages/neutron/callbacks/manager.py:142
2016-12-07 05:17:52.609 544139 DEBUG oslo_messaging._drivers.amqpdriver [req-5cc5c40e-cd64-4137-ab39-67fda8909b60 - - - - -] sending reply msg_id: 366a523af8494bd8b3c3e6fa20c50e6b reply queue: reply_09001735df1148fe8276a7bd884ac818 time elapsed: 0.0149836060009s _send_reply /usr/lib/python2.7/site-packages/oslo_messaging/_drivers/amqpdriver.py:73
2016-12-07 05:17:53.307 544137 DEBUG oslo_messaging._drivers.amqpdriver [-] received message msg_id: 82ae6ab2b0f6409687f91f14a2ac2512 reply to reply_645e85d800b74168a13e621da604047d __call__ /usr/lib/python2.7/site-packages/oslo_messaging/_drivers/amqpdriver.py:194
2016-12-07 05:17:53.327 544137 DEBUG neutron.callbacks.manager [req-85b0f588-8498-4665-82a0-a2e02d3013ea - - - - -] Notify callbacks [('neutron.services.segments.db._update_segment_host_mapping_for_agent--9223372036849464760', )] for agent, after_update _notify_loop /usr/lib/python2.7/site-packages/neutron/callbacks/manager.py:142
2016-12-07 05:17:53.329 544137 DEBUG oslo_messaging._drivers.amqpdriver [req-85b0f588-8498-4665-82a0-a2e02d3013ea - - - - -] sending reply msg_id: 82ae6ab2b0f6409687f91f14a2ac2512 reply queue: reply_645e85d800b74168a13e621da604047d time elapsed: 0.020836362004s _send_reply /usr/lib/python2.7/site-packages/oslo_messaging/_drivers/amqpdriver.py:73
2016-12-07 05:17:53.937 544138 DEBUG oslo_messaging._drivers.amqpdriver [-] received message with unique_id: 4342e8f5cfb74853a323c13bf43d40a1 __call__ /usr/lib/python2.7/site-packages/oslo_messaging/_drivers/amqpdriver.py:196
2016-12-07 05:17:53.962 544138 DEBUG neutron.callbacks.manager [req-4cf01283-d111-4692-85b8-f952a5580aa0 - - - - -] Notify callbacks [('neutron.services.segments.db._update_segment_host_mapping_for_agent--9223372036849464760', )] for agent, after_update _notify_loop /usr/lib/python2.7/site-packages/neutron/callbacks/manager.py:142
2016-12-07 05:17:55.056 544137 DEBUG oslo_messaging._drivers.amqpdriver [-] received message msg_id: 39d86b8471f4415ea4d046ffdef89103 reply to reply_765e502b068b40a19adfd7aa9f5e4032 __call__ /usr/lib/python2.7/site-packages/oslo_messaging/_drivers/amqpdriver.py:194
2016-12-07 05:17:55.075 544137 DEBUG oslo_messaging._drivers.amqpdriver [req-e8aae7df-9665-4ef3-9d44-49fa03dc8e6a - - - - -] sending reply msg_id: 39d86b8471f4415ea4d046ffdef89103 reply queue: reply_765e502b068b40a19adfd7aa9f5e4032 time elapsed: 0.0185065800033s _send_reply /usr/lib/python2.7/site-packages/oslo_messaging/_drivers/amqpdriver.py:73
2016-12-07 05:17:55.116 544138 DEBUG oslo_messaging._drivers.amqpdriver [-] received message msg_id: c1b79ab7023d4053970ed43bcb2b2f40 reply to reply_765e502b068b40a19adfd7aa9f5e4032 __call__ /usr/lib/python2.7/site-packages/oslo_messaging/_drivers/amqpdriver.py:194
2016-12-07 05:17:55.154 544138 DEBUG oslo_messaging._drivers.amqpdriver [req-e8aae7df-9665-4ef3-9d44-49fa03dc8e6a - - - - -] sending reply msg_id: c1b79ab7023d4053970ed43bcb2b2f40 reply queue: reply_765e502b068b40a19adfd7aa9f5e4032 time elapsed: 0.0377093080024s _send_reply /usr/lib/python2.7/site-packages/oslo_messaging/_drivers/amqpdriver.py:73
2016-12-07 05:17:55.607 544136 DEBUG neutron.wsgi [-] (544136) accepted ('172.17.1.24', 56298) server /usr/lib/python2.7/site-packages/eventlet/wsgi.py:867
2016-12-07 05:18:00.157 544140 DEBUG neutron.db.agents_db [req-9e432635-c01c-4e97-ab92-c4d82e709862 - - - - -] Agent healthcheck: found 17 active agents agent_health_check /usr/lib/python2.7/site-packages/neutron/db/agents_db.py:310
2016-12-07 05:18:02.636 544136 INFO neutron.wsgi [req-27f34112-8a36-4410-a056-fc10bdc57f4e a603afa7ef7c431c85af30167d698a2d d1207df2e30d473c944eca1b869f5556 - - -] 172.17.1.24 - - [07/Dec/2016 05:18:02] "GET /v2.0/lbaas/loadbalancers.json HTTP/1.1" 200 5212 7.017685
2016-12-07 05:18:05.408 544135 DEBUG neutron.wsgi [-] (544135) accepted ('172.17.1.24', 58428) server /usr/lib/python2.7/site-packages/eventlet/wsgi.py:867
2016-12-07 05:18:06.549 544135 INFO neutron.wsgi [req-4837f561-7333-4780-af5d-5a519aa2edc5 a603afa7ef7c431c85af30167d698a2d d1207df2e30d473c944eca1b869f5556 - - -] 172.17.1.24 - - [07/Dec/2016 05:18:06] "GET /v2.0/lbaas/loadbalancers/f5ddc110-96e2-447d-b853-dca8a4c5a603/stats.json HTTP/1.1" 200 265 1.138918
2016-12-07 05:18:08.128 544135 DEBUG neutron.wsgi [-] (544135) accepted ('172.17.1.24', 59378) server /usr/lib/python2.7/site-packages/eventlet/wsgi.py:867
2016-12-07 05:18:08.724 543515 DEBUG oslo_messaging._drivers.amqpdriver [-] received message msg_id: 83c95801898347daa2892bd432e3d893 reply to reply_4be3505667b542dc94299f20f538e67f __call__ /usr/lib/python2.7/site-packages/oslo_messaging/_drivers/amqpdriver.py:194
2016-12-07 05:18:08.825 543515 DEBUG oslo_messaging._drivers.amqpdriver [req-b0c3eb4e-4cb9-4011-80b4-6a375960710d - - - - -] sending reply msg_id: 83c95801898347daa2892bd432e3d893 reply queue: reply_4be3505667b542dc94299f20f538e67f time elapsed: 0.099606734002s _send_reply /usr/lib/python2.7/site-packages/oslo_messaging/_drivers/amqpdriver.py:73
2016-12-07 05:18:09.879 544139 DEBUG oslo_messaging._drivers.amqpdriver [-] received message msg_id: 995fc1addc324de3923e91982e69fa0b reply to reply_51e36242703d4a1b8207f711e7a9c4e8 __call__ /usr/lib/python2.7/site-packages/oslo_messaging/_drivers/amqpdriver.py:194
2016-12-07 05:18:09.963 544139 DEBUG neutron.callbacks.manager [req-d1fb5955-3dcc-4bb6-9a6f-e2c007ee2215 - - - - -] Notify callbacks [('neutron.services.segments.db._update_segment_host_mapping_for_agent--9223372036849464760', )] for agent, after_update _notify_loop /usr/lib/python2.7/site-packages/neutron/callbacks/manager.py:142
2016-12-07 05:18:09.966 544139 DEBUG oslo_messaging._drivers.amqpdriver [req-d1fb5955-3dcc-4bb6-9a6f-e2c007ee2215 - - - - -] sending reply msg_id: 995fc1addc324de3923e91982e69fa0b reply queue: reply_51e36242703d4a1b8207f711e7a9c4e8 time elapsed: 0.0852830730146s _send_reply /usr/lib/python2.7/site-packages/oslo_messaging/_drivers/amqpdriver.py:73
2016-12-07 05:18:10.353 544137 DEBUG oslo_messaging._drivers.amqpdriver [-] received message msg_id: d1c32f4a47384951814af075bacd7d9c reply to reply_06b059b0c3e74bb9876764e92c4103b4 __call__ /usr/lib/python2.7/site-packages/oslo_messaging/_drivers/amqpdriver.py:194
2016-12-07 05:18:10.399 544137 DEBUG neutron.callbacks.manager [req-de2f58c5-ce4b-494e-b312-1ad4f8f1b013 - - - - -] Notify callbacks [('neutron.services.segments.db._update_segment_host_mapping_for_agent--9223372036849464760', )] for agent, after_update _notify_loop /usr/lib/python2.7/site-packages/neutron/callbacks/manager.py:142
2016-12-07 05:18:10.400 544137 DEBUG oslo_messaging._drivers.amqpdriver [req-de2f58c5-ce4b-494e-b312-1ad4f8f1b013 - - - - -] sending reply msg_id: d1c32f4a47384951814af075bacd7d9c reply queue: reply_06b059b0c3e74bb9876764e92c4103b4 time elapsed: 0.0463818509888s _send_reply /usr/lib/python2.7/site-packages/oslo_messaging/_drivers/amqpdriver.py:73
2016-12-07 05:18:12.272 544137 DEBUG oslo_messaging._drivers.amqpdriver [-] received message with unique_id: b047897d5ec641748d41534d5c18e9d7 __call__ /usr/lib/python2.7/site-packages/oslo_messaging/_drivers/amqpdriver.py:196
2016-12-07 05:18:12.359 544137 DEBUG neutron.callbacks.manager [req-b0c3eb4e-4cb9-4011-80b4-6a375960710d - - - - -] Notify callbacks [('neutron.services.segments.db._update_segment_host_mapping_for_agent--9223372036849464760', )] for agent, after_update _notify_loop /usr/lib/python2.7/site-packages/neutron/callbacks/manager.py:142
2016-12-07 05:18:14.824 544138 DEBUG oslo_messaging._drivers.amqpdriver [-] received message msg_id: 75d38461388145afb541634866664807 reply to reply_40d37007feda467e88c682c6ffa2cd12 __call__ /usr/lib/python2.7/site-packages/oslo_messaging/_drivers/amqpdriver.py:194
2016-12-07 05:18:15.041 544138 DEBUG neutron.callbacks.manager [req-a117dc78-eb94-474d-9797-fc26a2d6fc93 - - - - -] Notify callbacks [('neutron.services.segments.db._update_segment_host_mapping_for_agent--9223372036849464760', )] for agent, after_update _notify_loop /usr/lib/python2.7/site-packages/neutron/callbacks/manager.py:142
2016-12-07 05:18:15.042 544138 DEBUG oslo_messaging._drivers.amqpdriver [req-a117dc78-eb94-474d-9797-fc26a2d6fc93 - - - - -] sending reply msg_id: 75d38461388145afb541634866664807 reply queue: reply_40d37007feda467e88c682c6ffa2cd12 time elapsed: 0.21751011s _send_reply /usr/lib/python2.7/site-packages/oslo_messaging/_drivers/amqpdriver.py:73
2016-12-07 05:18:15.194 544138 DEBUG oslo_messaging._drivers.amqpdriver [-] received message msg_id: 0af676cebabb4ab59e91c4bd45129346 reply to reply_765e502b068b40a19adfd7aa9f5e4032 __call__ /usr/lib/python2.7/site-packages/oslo_messaging/_drivers/amqpdriver.py:194
2016-12-07 05:18:15.225 544138 DEBUG oslo_messaging._drivers.amqpdriver [req-e8aae7df-9665-4ef3-9d44-49fa03dc8e6a - - - - -] sending reply msg_id: 0af676cebabb4ab59e91c4bd45129346 reply queue: reply_765e502b068b40a19adfd7aa9f5e4032 time elapsed: 0.030141908006s _send_reply /usr/lib/python2.7/site-packages/oslo_messaging/_drivers/amqpdriver.py:73
2016-12-07 05:18:16.750 544135 INFO neutron.wsgi [req-ce55efec-1698-4c3e-9931-1fe5e1ba6b60 a603afa7ef7c431c85af30167d698a2d d1207df2e30d473c944eca1b869f5556 - - -] 172.17.1.24 - - [07/Dec/2016 05:18:16] "GET /v2.0/lbaas/listeners.json HTTP/1.1" 200 4255 8.620414
2016-12-07 05:18:19.085 544136 DEBUG neutron.wsgi [-] (544136) accepted ('172.17.1.24', 33256) server /usr/lib/python2.7/site-packages/eventlet/wsgi.py:867
2016-12-07 05:18:20.795 544136 INFO neutron.wsgi [req-c3463f1b-198a-4790-89be-34e7ec84b9cb a603afa7ef7c431c85af30167d698a2d d1207df2e30d473c944eca1b869f5556 - - -] 172.17.1.24 - - [07/Dec/2016 05:18:20] "GET /v2.0/lbaas/loadbalancers/4e861be4-d791-4978-827d-b74d962f5138/statuses.json HTTP/1.1" 200 828 1.709110
2016-12-07 05:18:23.036 544136 DEBUG neutron.wsgi [-] (544136) accepted ('172.17.1.24', 34066) server /usr/lib/python2.7/site-packages/eventlet/wsgi.py:867
2016-12-07 05:18:23.890 544136 INFO neutron.wsgi [req-48877536-f6cf-48ba-b907-1c5f36dafb5a a603afa7ef7c431c85af30167d698a2d d1207df2e30d473c944eca1b869f5556 - - -] 172.17.1.24 - - [07/Dec/2016 05:18:23] "GET /v2.0/lbaas/loadbalancers/8274cb61-87c6-4a6b-b423-1d86b2bd887c/statuses.json HTTP/1.1" 200 830 0.851571
2016-12-07 05:18:25.443 543515 DEBUG oslo_messaging._drivers.amqpdriver [-] received message msg_id: 28123083874e41a2a46d9dddc7b8d408 reply to reply_765e502b068b40a19adfd7aa9f5e4032 __call__ /usr/lib/python2.7/site-packages/oslo_messaging/_drivers/amqpdriver.py:194
2016-12-07 05:18:25.492 543515 DEBUG oslo_messaging._drivers.amqpdriver [req-e8aae7df-9665-4ef3-9d44-49fa03dc8e6a - - - - -] sending reply msg_id: 28123083874e41a2a46d9dddc7b8d408 reply queue: reply_765e502b068b40a19adfd7aa9f5e4032 time elapsed: 0.0476906980039s _send_reply /usr/lib/python2.7/site-packages/oslo_messaging/_drivers/amqpdriver.py:73
2016-12-07 05:18:25.883 544135 DEBUG neutron.wsgi [-] (544135) accepted ('172.17.1.24', 34548) server /usr/lib/python2.7/site-packages/eventlet/wsgi.py:867
2016-12-07 05:18:26.909 544135 INFO neutron.wsgi [req-3be3f6e2-9a1b-4057-9c78-47eb5c5d9029 a603afa7ef7c431c85af30167d698a2d d1207df2e30d473c944eca1b869f5556 - - -] 172.17.1.24 - - [07/Dec/2016 05:18:26] "GET /v2.0/lbaas/loadbalancers/e730de6f-da8f-4096-b664-a55272fd7dc3/statuses.json HTTP/1.1" 200 824 1.023556
2016-12-07 05:18:28.772 544137 DEBUG oslo_messaging._drivers.amqpdriver [-] received message msg_id: 563d3c0355c249888566e9f40fa29bff reply to reply_4be3505667b542dc94299f20f538e67f __call__ /usr/lib/python2.7/site-packages/oslo_messaging/_drivers/amqpdriver.py:194
2016-12-07 05:18:28.824 544137 DEBUG oslo_messaging._drivers.amqpdriver [req-b0c3eb4e-4cb9-4011-80b4-6a375960710d - - - - -] sending reply msg_id: 563d3c0355c249888566e9f40fa29bff reply queue: reply_4be3505667b542dc94299f20f538e67f time elapsed: 0.0511066880135s _send_reply /usr/lib/python2.7/site-packages/oslo_messaging/_drivers/amqpdriver.py:73
2016-12-07 05:18:28.835 544139 DEBUG oslo_messaging._drivers.amqpdriver [-] received message msg_id: 3c0372f3c61243328383bc1929a74db4 reply to reply_fd109f1d3ca94e9a88eba6595cc3f080 __call__ /usr/lib/python2.7/site-packages/oslo_messaging/_drivers/amqpdriver.py:194
2016-12-07 05:18:28.891 544139 DEBUG neutron.callbacks.manager [req-81246fc3-1dcb-490b-8fb1-5218ab5f7a90 - - - - -] Notify callbacks [('neutron.services.segments.db._update_segment_host_mapping_for_agent--9223372036849464760', )] for agent, after_update _notify_loop /usr/lib/python2.7/site-packages/neutron/callbacks/manager.py:142
2016-12-07 05:18:28.892 544139 DEBUG oslo_messaging._drivers.amqpdriver [req-81246fc3-1dcb-490b-8fb1-5218ab5f7a90 - - - - -] sending reply msg_id: 3c0372f3c61243328383bc1929a74db4 reply queue: reply_fd109f1d3ca94e9a88eba6595cc3f080 time elapsed: 0.0558681119874s _send_reply /usr/lib/python2.7/site-packages/oslo_messaging/_drivers/amqpdriver.py:73
2016-12-07 05:18:30.755 544137 DEBUG oslo_messaging._drivers.amqpdriver [-] received message msg_id: 06598b3d657a48c599307b8ad94cb2f3 reply to reply_e4a476c08e944dd2a70761469b9997bd __call__ /usr/lib/python2.7/site-packages/oslo_messaging/_drivers/amqpdriver.py:194
2016-12-07 05:18:30.849 544137 DEBUG neutron.callbacks.manager [req-69cc4524-b375-4937-a81b-fbd1af324285 - - - - -] Notify callbacks [('neutron.services.segments.db._update_segment_host_mapping_for_agent--9223372036849464760', )] for agent, after_update _notify_loop /usr/lib/python2.7/site-packages/neutron/callbacks/manager.py:142
2016-12-07 05:18:30.851 544137 DEBUG oslo_messaging._drivers.amqpdriver [req-69cc4524-b375-4937-a81b-fbd1af324285 - - - - -] sending reply msg_id: 06598b3d657a48c599307b8ad94cb2f3 reply queue: reply_e4a476c08e944dd2a70761469b9997bd time elapsed: 0.0951637329999s _send_reply /usr/lib/python2.7/site-packages/oslo_messaging/_drivers/amqpdriver.py:73
2016-12-07 05:18:31.176 544138 DEBUG oslo_messaging._drivers.amqpdriver [-] received message with unique_id: 70c4aa116cb44f5bbb7058d1a3d35bf2 __call__ /usr/lib/python2.7/site-packages/oslo_messaging/_drivers/amqpdriver.py:196
2016-12-07 05:18:31.265 544138 DEBUG neutron.callbacks.manager [req-4dbc7f6a-09f2-49a9-884a-2b0abb05476b - - - - -] Notify callbacks [('neutron.services.segments.db._update_segment_host_mapping_for_agent--9223372036849464760', )] for agent, after_update _notify_loop /usr/lib/python2.7/site-packages/neutron/callbacks/manager.py:142
2016-12-07 05:18:34.515 544138 DEBUG oslo_messaging._drivers.amqpdriver [-] received message msg_id: 97645adc2c1343f093456260ccc117b5 reply to reply_1eda4a5ae6554a82943fb816f40bf95b __call__ /usr/lib/python2.7/site-packages/oslo_messaging/_drivers/amqpdriver.py:194
2016-12-07 05:18:34.603 544138 DEBUG neutron.callbacks.manager [req-eede8f85-ab85-4e87-bc28-292cc38b17fe - - - - -] Notify callbacks [('neutron.services.segments.db._update_segment_host_mapping_for_agent--9223372036849464760', )] for agent, after_update _notify_loop /usr/lib/python2.7/site-packages/neutron/callbacks/manager.py:142
2016-12-07 05:18:34.604 544138 DEBUG oslo_messaging._drivers.amqpdriver [req-eede8f85-ab85-4e87-bc28-292cc38b17fe - - - - -] sending reply msg_id: 97645adc2c1343f093456260ccc117b5 reply queue: reply_1eda4a5ae6554a82943fb816f40bf95b time elapsed: 0.0874426090159s _send_reply /usr/lib/python2.7/site-packages/oslo_messaging/_drivers/amqpdriver.py:73
2016-12-07 05:18:36.840 544135 DEBUG neutron.wsgi [-] (544135) accepted ('172.17.1.24', 36498) server /usr/lib/python2.7/site-packages/eventlet/wsgi.py:867
2016-12-07 05:18:37.161 544140 DEBUG neutron.db.agents_db [req-9e432635-c01c-4e97-ab92-c4d82e709862 - - - - -] Agent healthcheck: found 17 active agents agent_health_check /usr/lib/python2.7/site-packages/neutron/db/agents_db.py:310
2016-12-07 05:18:37.772 544135 INFO neutron.wsgi [req-d2e83f64-b0ac-40e2-b582-4446f6bfa0d9 a603afa7ef7c431c85af30167d698a2d d1207df2e30d473c944eca1b869f5556 - - -] 172.17.1.24 - - [07/Dec/2016 05:18:37] "GET /v2.0/lbaas/listeners/291c64f6-c17b-46bf-98f8-91c7fc2e4ea9.json HTTP/1.1" 200 594 0.929953
2016-12-07 05:18:39.714 544135 DEBUG neutron.wsgi [-] (544135) accepted ('172.17.1.24', 37102) server /usr/lib/python2.7/site-packages/eventlet/wsgi.py:867
2016-12-07 05:18:40.285 544135 INFO neutron.wsgi [req-ca8f881c-31c3-419b-8dd0-8cfaaae2e8ad a603afa7ef7c431c85af30167d698a2d d1207df2e30d473c944eca1b869f5556 - - -] 172.17.1.24 - - [07/Dec/2016 05:18:40] "GET /v2.0/lbaas/listeners/c79c6fbd-2109-44a7-b94b-ea4c788165f5.json HTTP/1.1" 200 593 0.570358
2016-12-07 05:18:41.150 544135 DEBUG neutron.wsgi [-] (544135) accepted ('172.17.1.24', 37358) server /usr/lib/python2.7/site-packages/eventlet/wsgi.py:867
2016-12-07 05:18:41.893 544135 INFO neutron.wsgi [req-70f11281-266d-4324-acbd-bed4925650a6 a603afa7ef7c431c85af30167d698a2d d1207df2e30d473c944eca1b869f5556 - - -] 172.17.1.24 - - [07/Dec/2016 05:18:41] "GET /v2.0/lbaas/listeners/4087a231-5183-401d-a517-321cfbb97e61.json HTTP/1.1" 200 593 0.741163
2016-12-07 05:18:42.806 544135 DEBUG neutron.wsgi [-] (544135) accepted ('172.17.1.24', 37414) server /usr/lib/python2.7/site-packages/eventlet/wsgi.py:867
2016-12-07 05:18:43.328 544135 INFO neutron.wsgi [req-fed85518-c6c3-4705-9888-6d1e91b67fc0 a603afa7ef7c431c85af30167d698a2d d1207df2e30d473c944eca1b869f5556 - - -] 172.17.1.24 - - [07/Dec/2016 05:18:43] "GET /v2.0/lbaas/listeners/db2deaa1-9da7-4ee8-bd70-2a8bc0382ec0.json HTTP/1.1" 200 594 0.520911
2016-12-07 05:18:44.262 544135 DEBUG neutron.wsgi [-] (544135) accepted ('172.17.1.24', 37496) server /usr/lib/python2.7/site-packages/eventlet/wsgi.py:867
2016-12-07 05:18:44.782 544135 INFO neutron.wsgi [req-40e7a77d-73f0-4d74-8db7-c5b493b60bb2 a603afa7ef7c431c85af30167d698a2d d1207df2e30d473c944eca1b869f5556 - - -] 172.17.1.24 - - [07/Dec/2016 05:18:44] "GET /v2.0/lbaas/listeners/5c97eae0-ec52-4e00-b127-91f920408b36.json HTTP/1.1" 200 593 0.519117
2016-12-07 05:18:45.251 543515 DEBUG oslo_messaging._drivers.amqpdriver [-] received message with unique_id: 3caca1a69d1d4fe28ac44230b8b9d1b8 __call__ /usr/lib/python2.7/site-packages/oslo_messaging/_drivers/amqpdriver.py:196
2016-12-07 05:18:45.309 543515 DEBUG neutron.callbacks.manager [req-e8aae7df-9665-4ef3-9d44-49fa03dc8e6a - - - - -] Notify callbacks [('neutron.services.segments.db._update_segment_host_mapping_for_agent--9223372036849464760', )] for agent, after_update _notify_loop /usr/lib/python2.7/site-packages/neutron/callbacks/manager.py:142
2016-12-07 05:18:45.339 544137 DEBUG oslo_messaging._drivers.amqpdriver [-] received message msg_id: e714503a5e024abdaa8d6c49c31b9bd0 reply to reply_765e502b068b40a19adfd7aa9f5e4032 __call__ /usr/lib/python2.7/site-packages/oslo_messaging/_drivers/amqpdriver.py:194
2016-12-07 05:18:45.366 544137 DEBUG oslo_messaging._drivers.amqpdriver [req-e8aae7df-9665-4ef3-9d44-49fa03dc8e6a - - - - -] sending reply msg_id: e714503a5e024abdaa8d6c49c31b9bd0 reply queue: reply_765e502b068b40a19adfd7aa9f5e4032 time elapsed: 0.0261892930139s _send_reply /usr/lib/python2.7/site-packages/oslo_messaging/_drivers/amqpdriver.py:73
2016-12-07 05:18:45.388 544138 DEBUG oslo_messaging._drivers.amqpdriver [-] received message msg_id: 0d91742b62ed4bd9bb1ed5a258f14e7b reply to reply_765e502b068b40a19adfd7aa9f5e4032 __call__ /usr/lib/python2.7/site-packages/oslo_messaging/_drivers/amqpdriver.py:194
2016-12-07 05:18:45.426 544138 DEBUG oslo_messaging._drivers.amqpdriver [req-e8aae7df-9665-4ef3-9d44-49fa03dc8e6a - - - - -] sending reply msg_id: 0d91742b62ed4bd9bb1ed5a258f14e7b reply queue: reply_765e502b068b40a19adfd7aa9f5e4032 time elapsed: 0.0378101120004s _send_reply /usr/lib/python2.7/site-packages/oslo_messaging/_drivers/amqpdriver.py:73
2016-12-07 05:18:45.912 544135 DEBUG neutron.wsgi [-] (544135) accepted ('172.17.1.24', 37614) server /usr/lib/python2.7/site-packages/eventlet/wsgi.py:867
2016-12-07 05:18:46.443 544135 INFO neutron.wsgi [req-db8e8b7b-4a8e-4a36-b0cc-8da6d9f5f2f4 a603afa7ef7c431c85af30167d698a2d d1207df2e30d473c944eca1b869f5556 - - -] 172.17.1.24 - - [07/Dec/2016 05:18:46] "GET /v2.0/lbaas/listeners/1d4a5e6e-cd6b-460a-a34e-b8f5cb582fad.json HTTP/1.1" 200 593 0.529689
2016-12-07 05:18:47.401 544136 DEBUG neutron.wsgi [-] (544136) accepted ('172.17.1.24', 37734) server /usr/lib/python2.7/site-packages/eventlet/wsgi.py:867
2016-12-07 05:18:47.966 544136 INFO neutron.wsgi [req-66ea27ce-d4b5-4f8d-bd4f-85c0b7c000f7 a603afa7ef7c431c85af30167d698a2d d1207df2e30d473c944eca1b869f5556 - - -] 172.17.1.24 - - [07/Dec/2016 05:18:47] "GET /v2.0/lbaas/listeners/ec0f1902-6cdc-4459-ac16-5816a914709d.json HTTP/1.1" 200 594 0.564109
2016-12-07 05:18:48.597 544136 DEBUG neutron.wsgi [-] (544136) accepted ('172.17.1.24', 37748) server /usr/lib/python2.7/site-packages/eventlet/wsgi.py:867
2016-12-07 05:18:49.297 544136 INFO neutron.wsgi [req-82356c62-0718-4515-9dd9-dd44b52f7a4d a603afa7ef7c431c85af30167d698a2d d1207df2e30d473c944eca1b869f5556 - - -] 172.17.1.24 - - [07/Dec/2016 05:18:49] "GET /v2.0/lbaas/listeners/e5364dae-c604-4fe2-8214-eaa05588a323.json HTTP/1.1" 200 593 0.697321
2016-12-07 05:18:50.056 544136 DEBUG neutron.wsgi [-] (544136) accepted ('172.17.1.24', 37864) server /usr/lib/python2.7/site-packages/eventlet/wsgi.py:867
2016-12-07 05:18:50.829 544136 INFO neutron.wsgi [req-62342b1f-1057-499d-a43c-ba89ff7448f6 a603afa7ef7c431c85af30167d698a2d d1207df2e30d473c944eca1b869f5556 - - -] 172.17.1.24 - - [07/Dec/2016 05:18:50] "GET /v2.0/lbaas/listeners/5a84dbec-0db1-4d69-89ac-f4fbecdc71c7.json HTTP/1.1" 200 593 0.771343
2016-12-07 05:18:51.429 544136 DEBUG neutron.wsgi [-] (544136) accepted ('172.17.1.24', 37984) server /usr/lib/python2.7/site-packages/eventlet/wsgi.py:867
2016-12-07 05:18:51.973 544136 INFO neutron.wsgi [req-e9152cb8-f841-4166-8d99-96e0009da861 a603afa7ef7c431c85af30167d698a2d d1207df2e30d473c944eca1b869f5556 - - -] 172.17.1.24 - - [07/Dec/2016 05:18:51] "GET /v2.0/lbaas/listeners/6fb7f9df-a841-4ba0-a991-497fc6cab4e9.json HTTP/1.1" 200 594 0.542709
2016-12-07 05:18:52.063 544139 DEBUG oslo_messaging._drivers.amqpdriver [-] received message msg_id: 782069abe260421fb1d20face9745226 reply to reply_bdfcb5fc7cee49fc82de18d5eb69a434 __call__ /usr/lib/python2.7/site-packages/oslo_messaging/_drivers/amqpdriver.py:194
2016-12-07 05:18:52.092 544139 DEBUG neutron.callbacks.manager [req-42cae53e-38ce-44dd-8f9d-aa53be8be45a - - - - -] Notify callbacks [('neutron.services.segments.db._update_segment_host_mapping_for_agent--9223372036849464760', )] for agent, after_update _notify_loop /usr/lib/python2.7/site-packages/neutron/callbacks/manager.py:142
2016-12-07 05:18:52.094 544139 DEBUG oslo_messaging._drivers.amqpdriver [req-42cae53e-38ce-44dd-8f9d-aa53be8be45a - - - - -] sending reply msg_id: 782069abe260421fb1d20face9745226 reply queue: reply_bdfcb5fc7cee49fc82de18d5eb69a434 time elapsed: 0.0297370900225s _send_reply /usr/lib/python2.7/site-packages/oslo_messaging/_drivers/amqpdriver.py:73
2016-12-07 05:18:52.591 544137 DEBUG oslo_messaging._drivers.amqpdriver [-] received message msg_id: 39cb9204c735435cb25c8519268f6f46 reply to reply_09001735df1148fe8276a7bd884ac818 __call__ /usr/lib/python2.7/site-packages/oslo_messaging/_drivers/amqpdriver.py:194
2016-12-07 05:18:52.612 544137 DEBUG neutron.callbacks.manager [req-5cc5c40e-cd64-4137-ab39-67fda8909b60 - - - - -] Notify callbacks [('neutron.services.segments.db._update_segment_host_mapping_for_agent--9223372036849464760', )] for agent, after_update _notify_loop /usr/lib/python2.7/site-packages/neutron/callbacks/manager.py:142
2016-12-07 05:18:52.613 544137 DEBUG oslo_messaging._drivers.amqpdriver [req-5cc5c40e-cd64-4137-ab39-67fda8909b60 - - - - -] sending reply msg_id: 39cb9204c735435cb25c8519268f6f46 reply queue: reply_09001735df1148fe8276a7bd884ac818 time elapsed: 0.021797398018s _send_reply /usr/lib/python2.7/site-packages/oslo_messaging/_drivers/amqpdriver.py:73
2016-12-07 05:18:52.892 544135 DEBUG neutron.wsgi [-] (544135) accepted ('172.17.1.24', 38038) server /usr/lib/python2.7/site-packages/eventlet/wsgi.py:867
2016-12-07 05:18:53.003 544135 INFO neutron.wsgi [req-4bc95a7b-5cbf-49ec-a5e9-3ed9d6c8e75d a603afa7ef7c431c85af30167d698a2d d1207df2e30d473c944eca1b869f5556 - - -] 172.17.1.24 - - [07/Dec/2016 05:18:53] "GET /v2.0/fw/firewalls.json HTTP/1.1" 404 309 0.109812
2016-12-07 05:18:53.313 544138 DEBUG oslo_messaging._drivers.amqpdriver [-] received message msg_id: bd3323364e4042c8b098ea0f44aeb0bd reply to reply_645e85d800b74168a13e621da604047d __call__ /usr/lib/python2.7/site-packages/oslo_messaging/_drivers/amqpdriver.py:194
2016-12-07 05:18:53.330 544138 DEBUG neutron.callbacks.manager [req-85b0f588-8498-4665-82a0-a2e02d3013ea - - - - -] Notify callbacks [('neutron.services.segments.db._update_segment_host_mapping_for_agent--9223372036849464760', )] for agent, after_update _notify_loop /usr/lib/python2.7/site-packages/neutron/callbacks/manager.py:142
2016-12-07 05:18:53.331 544138 DEBUG oslo_messaging._drivers.amqpdriver [req-85b0f588-8498-4665-82a0-a2e02d3013ea - - - - -] sending reply msg_id: bd3323364e4042c8b098ea0f44aeb0bd reply queue: reply_645e85d800b74168a13e621da604047d time elapsed: 0.0163343509776s _send_reply /usr/lib/python2.7/site-packages/oslo_messaging/_drivers/amqpdriver.py:73
2016-12-07 05:18:57.962 544135 DEBUG neutron.wsgi [-] (544135) accepted ('172.17.1.24', 38358) server /usr/lib/python2.7/site-packages/eventlet/wsgi.py:867
2016-12-07 05:18:58.965 544135 INFO neutron.wsgi [req-f49a75ad-4f51-4215-9209-654da5e3825e a603afa7ef7c431c85af30167d698a2d d1207df2e30d473c944eca1b869f5556 - - -] 172.17.1.24 - - [07/Dec/2016 05:18:58] "GET /v2.0/lbaas/listeners/e5364dae-c604-4fe2-8214-eaa05588a323.json HTTP/1.1" 200 593 1.000994
2016-12-07 05:19:00.487 544136 DEBUG neutron.wsgi [-] (544136) accepted ('172.17.1.24', 38486) server /usr/lib/python2.7/site-packages/eventlet/wsgi.py:867
2016-12-07 05:19:01.242 544136 INFO neutron.wsgi [req-dff89aeb-17bc-4002-bbce-fca95104fecf a603afa7ef7c431c85af30167d698a2d d1207df2e30d473c944eca1b869f5556 - - -] 172.17.1.24 - - [07/Dec/2016 05:19:01] "GET /v2.0/lbaas/loadbalancers/6fd189a3-e0b8-4d5d-94aa-0c17ca2005f4/statuses.json HTTP/1.1" 200 828 0.753846
2016-12-07 05:19:02.587 544136 DEBUG neutron.wsgi [-] (544136) accepted ('172.17.1.24', 38874) server /usr/lib/python2.7/site-packages/eventlet/wsgi.py:867
2016-12-07 05:19:03.757 544136 INFO neutron.wsgi [req-95bb8cb1-e9ac-4d24-b5e2-06e8f7ab82bf a603afa7ef7c431c85af30167d698a2d d1207df2e30d473c944eca1b869f5556 - - -] 172.17.1.24 - - [07/Dec/2016 05:19:03] "GET /v2.0/lbaas/listeners/5c97eae0-ec52-4e00-b127-91f920408b36.json HTTP/1.1" 200 593 1.167319
2016-12-07 05:19:05.225 543515 DEBUG oslo_messaging._drivers.amqpdriver [-] received message msg_id: 1f34ebed8dec473684e260c8718821c0 reply to reply_765e502b068b40a19adfd7aa9f5e4032 __call__ /usr/lib/python2.7/site-packages/oslo_messaging/_drivers/amqpdriver.py:194
2016-12-07 05:19:05.305 543515 DEBUG oslo_messaging._drivers.amqpdriver [req-e8aae7df-9665-4ef3-9d44-49fa03dc8e6a - - - - -] sending reply msg_id: 1f34ebed8dec473684e260c8718821c0 reply queue: reply_765e502b068b40a19adfd7aa9f5e4032 time elapsed: 0.0788179909869s _send_reply /usr/lib/python2.7/site-packages/oslo_messaging/_drivers/amqpdriver.py:73
2016-12-07 05:19:05.365 544137 DEBUG oslo_messaging._drivers.amqpdriver [-] received message msg_id: 3d90bb84b404444dace3d240f03beb10 reply to reply_765e502b068b40a19adfd7aa9f5e4032 __call__ /usr/lib/python2.7/site-packages/oslo_messaging/_drivers/amqpdriver.py:194
2016-12-07 05:19:05.488 544137 DEBUG oslo_messaging._drivers.amqpdriver [req-e8aae7df-9665-4ef3-9d44-49fa03dc8e6a - - - - -] sending reply msg_id: 3d90bb84b404444dace3d240f03beb10 reply queue: reply_765e502b068b40a19adfd7aa9f5e4032 time elapsed: 0.121974292997s _send_reply /usr/lib/python2.7/site-packages/oslo_messaging/_drivers/amqpdriver.py:73
2016-12-07 05:19:05.543 544138 DEBUG oslo_messaging._drivers.amqpdriver [-] received message msg_id: 126bd6b83332477fbef6f160006d9528 reply to reply_765e502b068b40a19adfd7aa9f5e4032 __call__ /usr/lib/python2.7/site-packages/oslo_messaging/_drivers/amqpdriver.py:194
2016-12-07 05:19:05.603 544138 DEBUG oslo_messaging._drivers.amqpdriver [req-e8aae7df-9665-4ef3-9d44-49fa03dc8e6a - - - - -] sending reply msg_id: 126bd6b83332477fbef6f160006d9528 reply queue: reply_765e502b068b40a19adfd7aa9f5e4032 time elapsed: 0.0590853850008s _send_reply /usr/lib/python2.7/site-packages/oslo_messaging/_drivers/amqpdriver.py:73
2016-12-07 05:19:06.041 544139 DEBUG oslo_messaging._drivers.amqpdriver [-] received message msg_id: e4f188fa957444e88a6027695885dfbd reply to reply_bb26823eb78244dfa35b1ada5a6c8295 __call__ /usr/lib/python2.7/site-packages/oslo_messaging/_drivers/amqpdriver.py:194
2016-12-07 05:19:06.121 544139 DEBUG neutron.callbacks.manager [req-6a23212a-0e8a-49bf-97f5-ffe94ed3a3a8 - - - - -] Notify callbacks [('neutron.services.segments.db._update_segment_host_mapping_for_agent--9223372036849464760', )] for agent, after_update _notify_loop /usr/lib/python2.7/site-packages/neutron/callbacks/manager.py:142
2016-12-07 05:19:06.122 544139 DEBUG oslo_messaging._drivers.amqpdriver [req-6a23212a-0e8a-49bf-97f5-ffe94ed3a3a8 - - - - -] sending reply msg_id: e4f188fa957444e88a6027695885dfbd reply queue: reply_bb26823eb78244dfa35b1ada5a6c8295 time elapsed: 0.0804922489915s _send_reply /usr/lib/python2.7/site-packages/oslo_messaging/_drivers/amqpdriver.py:73
2016-12-07 05:19:06.656 544135 DEBUG neutron.wsgi [-] (544135) accepted ('172.17.1.24', 40072) server /usr/lib/python2.7/site-packages/eventlet/wsgi.py:867
2016-12-07 05:19:07.657 544135 INFO neutron.wsgi [req-d2efbab1-3b1c-44ab-a76e-03b0b28349b5 a603afa7ef7c431c85af30167d698a2d d1207df2e30d473c944eca1b869f5556 - - -] 172.17.1.24 - - [07/Dec/2016 05:19:07] "GET /v2.0/lbaas/loadbalancers/4e861be4-d791-4978-827d-b74d962f5138/statuses.json HTTP/1.1" 200 828 0.999365
2016-12-07 05:19:09.896 544137 DEBUG oslo_messaging._drivers.amqpdriver [-] received message msg_id: 18583b3ff0404451a87bcc51e0585cde reply to reply_51e36242703d4a1b8207f711e7a9c4e8 __call__ /usr/lib/python2.7/site-packages/oslo_messaging/_drivers/amqpdriver.py:194
2016-12-07 05:19:09.968 544137 DEBUG neutron.callbacks.manager [req-d1fb5955-3dcc-4bb6-9a6f-e2c007ee2215 - - - - -] Notify callbacks [('neutron.services.segments.db._update_segment_host_mapping_for_agent--9223372036849464760', )] for agent, after_update _notify_loop /usr/lib/python2.7/site-packages/neutron/callbacks/manager.py:142
2016-12-07 05:19:09.970 544137 DEBUG oslo_messaging._drivers.amqpdriver [req-d1fb5955-3dcc-4bb6-9a6f-e2c007ee2215 - - - - -] sending reply msg_id: 18583b3ff0404451a87bcc51e0585cde reply queue: reply_51e36242703d4a1b8207f711e7a9c4e8 time elapsed: 0.0732858930132s _send_reply /usr/lib/python2.7/site-packages/oslo_messaging/_drivers/amqpdriver.py:73
2016-12-07 05:19:10.530 544138 DEBUG oslo_messaging._drivers.amqpdriver [-] received message msg_id: dfe4ed189d2b4783a8a8c780e803adac reply to reply_06b059b0c3e74bb9876764e92c4103b4 __call__ /usr/lib/python2.7/site-packages/oslo_messaging/_drivers/amqpdriver.py:194
2016-12-07 05:19:10.588 544138 DEBUG neutron.callbacks.manager [req-de2f58c5-ce4b-494e-b312-1ad4f8f1b013 - - - - -] Notify callbacks [('neutron.services.segments.db._update_segment_host_mapping_for_agent--9223372036849464760', )] for agent, after_update _notify_loop /usr/lib/python2.7/site-packages/neutron/callbacks/manager.py:142
2016-12-07 05:19:10.590 544138 DEBUG oslo_messaging._drivers.amqpdriver [req-de2f58c5-ce4b-494e-b312-1ad4f8f1b013 - - - - -] sending reply msg_id: dfe4ed189d2b4783a8a8c780e803adac reply queue: reply_06b059b0c3e74bb9876764e92c4103b4 time elapsed: 0.0587992299988s _send_reply /usr/lib/python2.7/site-packages/oslo_messaging/_drivers/amqpdriver.py:73
2016-12-07 05:19:10.908 544136 DEBUG neutron.wsgi [-] (544136) accepted ('172.17.1.24', 41372) server /usr/lib/python2.7/site-packages/eventlet/wsgi.py:867
2016-12-07 05:19:12.048 544136 INFO neutron.wsgi [req-a99b2088-aefd-46f0-8b3c-00610febc9bb a603afa7ef7c431c85af30167d698a2d d1207df2e30d473c944eca1b869f5556 - - -] 172.17.1.24 - - [07/Dec/2016 05:19:12] "GET /v2.0/lbaas/listeners/4087a231-5183-401d-a517-321cfbb97e61.json HTTP/1.1" 200 593 1.138186
2016-12-07 05:19:13.969 544135 DEBUG neutron.wsgi [-] (544135) accepted ('172.17.1.24', 42188) server /usr/lib/python2.7/site-packages/eventlet/wsgi.py:867
2016-12-07 05:19:14.161 544140 DEBUG neutron.db.agents_db [req-9e432635-c01c-4e97-ab92-c4d82e709862 - - - - -] Agent healthcheck: found 17 active agents agent_health_check /usr/lib/python2.7/site-packages/neutron/db/agents_db.py:310
2016-12-07 05:19:14.622 544135 INFO neutron.wsgi [req-58e47940-026f-4652-b55d-86b47f19fc7f a603afa7ef7c431c85af30167d698a2d d1207df2e30d473c944eca1b869f5556 - - -] 172.17.1.24 - - [07/Dec/2016 05:19:14] "GET /v2.0/lbaas/loadbalancers/ccf8ecfb-5b38-4ccc-ba03-a7b47d276961/statuses.json HTTP/1.1" 200 824 0.651311
2016-12-07 05:19:16.472 544135 DEBUG neutron.wsgi [-] (544135) accepted ('172.17.1.24', 42704) server /usr/lib/python2.7/site-packages/eventlet/wsgi.py:867
2016-12-07 05:19:17.096 544135 INFO neutron.wsgi [req-80de64c2-36e3-405b-81cf-b8b4babb3a2b a603afa7ef7c431c85af30167d698a2d d1207df2e30d473c944eca1b869f5556 - - -] 172.17.1.24 - - [07/Dec/2016 05:19:17] "GET /v2.0/lbaas/listeners/6fb7f9df-a841-4ba0-a991-497fc6cab4e9.json HTTP/1.1" 200 594 0.620660
2016-12-07 05:19:18.231 544135 DEBUG neutron.wsgi [-] (544135) accepted ('172.17.1.24', 43144) server /usr/lib/python2.7/site-packages/eventlet/wsgi.py:867
