2016-12-07 05:14:39.724 544137 DEBUG oslo_messaging._drivers.amqpdriver [-] received message msg_id: a3dc51af44df4be194b2e0a456a2ea00 reply to reply_06b059b0c3e74bb9876764e92c4103b4 __call__ /usr/lib/python2.7/site-packages/oslo_messaging/_drivers/amqpdriver.py:194
2016-12-07 05:14:39.756 544137 DEBUG neutron.callbacks.manager [req-de2f58c5-ce4b-494e-b312-1ad4f8f1b013 - - - - -] Notify callbacks [('neutron.services.segments.db._update_segment_host_mapping_for_agent--9223372036849464760', )] for agent, after_update _notify_loop /usr/lib/python2.7/site-packages/neutron/callbacks/manager.py:142
2016-12-07 05:14:39.757 544137 DEBUG oslo_messaging._drivers.amqpdriver [req-de2f58c5-ce4b-494e-b312-1ad4f8f1b013 - - - - -] sending reply msg_id: a3dc51af44df4be194b2e0a456a2ea00 reply queue: reply_06b059b0c3e74bb9876764e92c4103b4 time elapsed: 0.032576816011s _send_reply /usr/lib/python2.7/site-packages/oslo_messaging/_drivers/amqpdriver.py:73
2016-12-07 05:14:39.856 544138 DEBUG oslo_messaging._drivers.amqpdriver [-] received message msg_id: 97703f1de8de49a0a80fb2a03ab4a757 reply to reply_51e36242703d4a1b8207f711e7a9c4e8 __call__ /usr/lib/python2.7/site-packages/oslo_messaging/_drivers/amqpdriver.py:194
2016-12-07 05:14:39.883 544138 DEBUG neutron.callbacks.manager [req-d1fb5955-3dcc-4bb6-9a6f-e2c007ee2215 - - - - -] Notify callbacks [('neutron.services.segments.db._update_segment_host_mapping_for_agent--9223372036849464760', )] for agent, after_update _notify_loop /usr/lib/python2.7/site-packages/neutron/callbacks/manager.py:142
2016-12-07 05:14:39.884 544138 DEBUG oslo_messaging._drivers.amqpdriver [req-d1fb5955-3dcc-4bb6-9a6f-e2c007ee2215 - - - - -] sending reply msg_id: 97703f1de8de49a0a80fb2a03ab4a757 reply queue: reply_51e36242703d4a1b8207f711e7a9c4e8 time elapsed: 0.0274047919957s _send_reply /usr/lib/python2.7/site-packages/oslo_messaging/_drivers/amqpdriver.py:73
2016-12-07 05:14:47.621 543515 DEBUG oslo_messaging._drivers.amqpdriver [-] received message msg_id: 5c9d83d3ef7d44d3905de6792615f42a reply to reply_4be3505667b542dc94299f20f538e67f __call__ /usr/lib/python2.7/site-packages/oslo_messaging/_drivers/amqpdriver.py:194
2016-12-07 05:14:47.686 543515 DEBUG oslo_messaging._drivers.amqpdriver [req-b0c3eb4e-4cb9-4011-80b4-6a375960710d - - - - -] sending reply msg_id: 5c9d83d3ef7d44d3905de6792615f42a reply queue: reply_4be3505667b542dc94299f20f538e67f time elapsed: 0.0641708059993s _send_reply /usr/lib/python2.7/site-packages/oslo_messaging/_drivers/amqpdriver.py:73
2016-12-07 05:14:54.006 544137 DEBUG oslo_messaging._drivers.amqpdriver [-] received message msg_id: e890629c1d7840ec8fc800ceb4a11dfe reply to reply_765e502b068b40a19adfd7aa9f5e4032 __call__ /usr/lib/python2.7/site-packages/oslo_messaging/_drivers/amqpdriver.py:194
2016-12-07 05:14:54.059 544137 DEBUG oslo_messaging._drivers.amqpdriver [req-e8aae7df-9665-4ef3-9d44-49fa03dc8e6a - - - - -] sending reply msg_id: e890629c1d7840ec8fc800ceb4a11dfe reply queue: reply_765e502b068b40a19adfd7aa9f5e4032 time elapsed: 0.0518679509987s _send_reply /usr/lib/python2.7/site-packages/oslo_messaging/_drivers/amqpdriver.py:73
2016-12-07 05:14:54.083 544138 DEBUG oslo_messaging._drivers.amqpdriver [-] received message msg_id: 5851b3d285f843c38723545ad0f1e7bf reply to reply_765e502b068b40a19adfd7aa9f5e4032 __call__ /usr/lib/python2.7/site-packages/oslo_messaging/_drivers/amqpdriver.py:194
2016-12-07 05:14:54.134 544138 DEBUG oslo_messaging._drivers.amqpdriver [req-e8aae7df-9665-4ef3-9d44-49fa03dc8e6a - - - - -] sending reply msg_id: 5851b3d285f843c38723545ad0f1e7bf reply queue: reply_765e502b068b40a19adfd7aa9f5e4032 time elapsed: 0.0499938300054s _send_reply /usr/lib/python2.7/site-packages/oslo_messaging/_drivers/amqpdriver.py:73
2016-12-07 05:14:54.198 544139 DEBUG oslo_messaging._drivers.amqpdriver [-] received message with unique_id: 28074269284a47f0933b6d97d042a60f __call__ /usr/lib/python2.7/site-packages/oslo_messaging/_drivers/amqpdriver.py:196
2016-12-07 05:14:54.232 544139 DEBUG neutron.callbacks.manager [req-486ef349-d751-43a7-a1b0-3c703d00253e - - - - -] Notify callbacks [('neutron.services.segments.db._update_segment_host_mapping_for_agent--9223372036849464760', )] for agent, after_update _notify_loop /usr/lib/python2.7/site-packages/neutron/callbacks/manager.py:142
2016-12-07 05:14:55.130 544140 DEBUG neutron.db.agents_db [req-9e432635-c01c-4e97-ab92-c4d82e709862 - - - - -] Agent healthcheck: found 17 active agents agent_health_check /usr/lib/python2.7/site-packages/neutron/db/agents_db.py:310
2016-12-07 05:14:58.778 544137 DEBUG oslo_messaging._drivers.amqpdriver [-] received message msg_id: 2937b78201f54468b904ec7c4f1fdce2 reply to reply_fd109f1d3ca94e9a88eba6595cc3f080 __call__ /usr/lib/python2.7/site-packages/oslo_messaging/_drivers/amqpdriver.py:194
2016-12-07 05:14:58.843 544137 DEBUG neutron.callbacks.manager [req-63ca04ef-f782-4710-be08-f1653dbce19f - - - - -] Notify callbacks [('neutron.services.segments.db._update_segment_host_mapping_for_agent--9223372036849464760', )] for agent, after_update _notify_loop /usr/lib/python2.7/site-packages/neutron/callbacks/manager.py:142
2016-12-07 05:14:58.844 544137 DEBUG oslo_messaging._drivers.amqpdriver [req-63ca04ef-f782-4710-be08-f1653dbce19f - - - - -] sending reply msg_id: 2937b78201f54468b904ec7c4f1fdce2 reply queue: reply_fd109f1d3ca94e9a88eba6595cc3f080 time elapsed: 0.0648534829961s _send_reply /usr/lib/python2.7/site-packages/oslo_messaging/_drivers/amqpdriver.py:73
2016-12-07 05:15:00.745 544138 DEBUG oslo_messaging._drivers.amqpdriver [-] received message msg_id: fd07c297434148479b02528c3fa86411 reply to reply_e4a476c08e944dd2a70761469b9997bd __call__ /usr/lib/python2.7/site-packages/oslo_messaging/_drivers/amqpdriver.py:194
2016-12-07 05:15:00.786 544138 DEBUG neutron.callbacks.manager [req-69cc4524-b375-4937-a81b-fbd1af324285 - - - - -] Notify callbacks [('neutron.services.segments.db._update_segment_host_mapping_for_agent--9223372036849464760', )] for agent, after_update _notify_loop /usr/lib/python2.7/site-packages/neutron/callbacks/manager.py:142
2016-12-07 05:15:00.787 544138 DEBUG oslo_messaging._drivers.amqpdriver [req-69cc4524-b375-4937-a81b-fbd1af324285 - - - - -] sending reply msg_id: fd07c297434148479b02528c3fa86411 reply queue: reply_e4a476c08e944dd2a70761469b9997bd time elapsed: 0.0414417380234s _send_reply /usr/lib/python2.7/site-packages/oslo_messaging/_drivers/amqpdriver.py:73
2016-12-07 05:15:07.662 543515 DEBUG oslo_messaging._drivers.amqpdriver [-] received message msg_id: 242356591eaf4b768d845a7cbb702194 reply to reply_4be3505667b542dc94299f20f538e67f __call__ /usr/lib/python2.7/site-packages/oslo_messaging/_drivers/amqpdriver.py:194
2016-12-07 05:15:07.701 543515 DEBUG oslo_messaging._drivers.amqpdriver [req-b0c3eb4e-4cb9-4011-80b4-6a375960710d - - - - -] sending reply msg_id: 242356591eaf4b768d845a7cbb702194 reply queue: reply_4be3505667b542dc94299f20f538e67f time elapsed: 0.0389712899923s _send_reply /usr/lib/python2.7/site-packages/oslo_messaging/_drivers/amqpdriver.py:73
2016-12-07 05:15:12.268 544137 DEBUG oslo_messaging._drivers.amqpdriver [-] received message with unique_id: eca7c39eb8ee4688b82d9d97ec9662fb __call__ /usr/lib/python2.7/site-packages/oslo_messaging/_drivers/amqpdriver.py:196
2016-12-07 05:15:12.287 544137 DEBUG neutron.callbacks.manager [req-b0c3eb4e-4cb9-4011-80b4-6a375960710d - - - - -] Notify callbacks [('neutron.services.segments.db._update_segment_host_mapping_for_agent--9223372036849464760', )] for agent, after_update _notify_loop /usr/lib/python2.7/site-packages/neutron/callbacks/manager.py:142
2016-12-07 05:15:14.060 544138 DEBUG oslo_messaging._drivers.amqpdriver [-] received message msg_id: 35fda95e8a9e4162a946a5b50decc54b reply to reply_765e502b068b40a19adfd7aa9f5e4032 __call__ /usr/lib/python2.7/site-packages/oslo_messaging/_drivers/amqpdriver.py:194
2016-12-07 05:15:14.128 544138 DEBUG oslo_messaging._drivers.amqpdriver [req-e8aae7df-9665-4ef3-9d44-49fa03dc8e6a - - - - -] sending reply msg_id: 35fda95e8a9e4162a946a5b50decc54b reply queue: reply_765e502b068b40a19adfd7aa9f5e4032 time elapsed: 0.0662074959837s _send_reply /usr/lib/python2.7/site-packages/oslo_messaging/_drivers/amqpdriver.py:73
2016-12-07 05:15:17.284 544136 DEBUG neutron.wsgi [-] (544136) accepted ('172.17.1.24', 55368) server /usr/lib/python2.7/site-packages/eventlet/wsgi.py:867
2016-12-07 05:15:18.493 544136 INFO neutron.wsgi [req-833123c1-6e68-455b-8465-3accf88836f3 a603afa7ef7c431c85af30167d698a2d d1207df2e30d473c944eca1b869f5556 - - -] 172.17.1.24 - - [07/Dec/2016 05:15:18] "GET /v2.0/lbaas/loadbalancers/603ece99-4b7e-47db-a8bc-b7effa8a4e74/stats.json HTTP/1.1" 200 265 1.207404
2016-12-07 05:15:20.830 544135 DEBUG neutron.wsgi [-] (544135) accepted ('172.17.1.24', 56060) server /usr/lib/python2.7/site-packages/eventlet/wsgi.py:867
2016-12-07 05:15:21.635 544139 DEBUG oslo_messaging._drivers.amqpdriver [-] received message with unique_id: 342731b5f51640068fb3206bfb5a2cfb __call__ /usr/lib/python2.7/site-packages/oslo_messaging/_drivers/amqpdriver.py:196
2016-12-07 05:15:21.685 544139 DEBUG neutron.callbacks.manager [req-86848f46-0857-4db6-b9b8-522f4fcddf59 - - - - -] Notify callbacks [('neutron.services.segments.db._update_segment_host_mapping_for_agent--9223372036849464760', )] for agent, after_update _notify_loop /usr/lib/python2.7/site-packages/neutron/callbacks/manager.py:142
2016-12-07 05:15:22.073 544137 DEBUG oslo_messaging._drivers.amqpdriver [-] received message msg_id: d0a09db0df3f428699554570c517f4c5 reply to reply_bdfcb5fc7cee49fc82de18d5eb69a434 __call__ /usr/lib/python2.7/site-packages/oslo_messaging/_drivers/amqpdriver.py:194
2016-12-07 05:15:22.112 544137 DEBUG neutron.callbacks.manager [req-e3bcc7e2-bc59-4a3e-9eb2-21effbd83850 - - - - -] Notify callbacks [('neutron.services.segments.db._update_segment_host_mapping_for_agent--9223372036849464760', )] for agent, after_update _notify_loop /usr/lib/python2.7/site-packages/neutron/callbacks/manager.py:142
2016-12-07 05:15:22.112 544137 DEBUG oslo_messaging._drivers.amqpdriver [req-e3bcc7e2-bc59-4a3e-9eb2-21effbd83850 - - - - -] sending reply msg_id: d0a09db0df3f428699554570c517f4c5 reply queue: reply_bdfcb5fc7cee49fc82de18d5eb69a434 time elapsed: 0.0393545809784s _send_reply /usr/lib/python2.7/site-packages/oslo_messaging/_drivers/amqpdriver.py:73
2016-12-07 05:15:22.127 544135 INFO neutron.wsgi [req-7b7503d9-5bc5-4ff9-9d4a-68f5f7678c72 a603afa7ef7c431c85af30167d698a2d d1207df2e30d473c944eca1b869f5556 - - -] 172.17.1.24 - - [07/Dec/2016 05:15:22] "GET /v2.0/lbaas/loadbalancers/8274cb61-87c6-4a6b-b423-1d86b2bd887c/stats.json HTTP/1.1" 200 265 1.296113
2016-12-07 05:15:22.603 544138 DEBUG oslo_messaging._drivers.amqpdriver [-] received message msg_id: 27cdb1c49bec4d4cb2ad0f85f76f8cc0 reply to reply_09001735df1148fe8276a7bd884ac818 __call__ /usr/lib/python2.7/site-packages/oslo_messaging/_drivers/amqpdriver.py:194
2016-12-07 05:15:22.669 544138 DEBUG neutron.callbacks.manager [req-5cc5c40e-cd64-4137-ab39-67fda8909b60 - - - - -] Notify callbacks [('neutron.services.segments.db._update_segment_host_mapping_for_agent--9223372036849464760', )] for agent, after_update _notify_loop /usr/lib/python2.7/site-packages/neutron/callbacks/manager.py:142
2016-12-07 05:15:22.670 544138 DEBUG oslo_messaging._drivers.amqpdriver [req-5cc5c40e-cd64-4137-ab39-67fda8909b60 - - - - -] sending reply msg_id: 27cdb1c49bec4d4cb2ad0f85f76f8cc0 reply queue: reply_09001735df1148fe8276a7bd884ac818 time elapsed: 0.0659756230016s _send_reply /usr/lib/python2.7/site-packages/oslo_messaging/_drivers/amqpdriver.py:73
2016-12-07 05:15:23.260 544135 DEBUG neutron.wsgi [-] (544135) accepted ('172.17.1.24', 56514) server /usr/lib/python2.7/site-packages/eventlet/wsgi.py:867
2016-12-07 05:15:24.322 543515 DEBUG oslo_messaging._drivers.amqpdriver [-] received message msg_id: b2d3c5b5593f4c8b9270591c2df56820 reply to reply_765e502b068b40a19adfd7aa9f5e4032 __call__ /usr/lib/python2.7/site-packages/oslo_messaging/_drivers/amqpdriver.py:194
2016-12-07 05:15:24.416 543515 DEBUG oslo_messaging._drivers.amqpdriver [req-e8aae7df-9665-4ef3-9d44-49fa03dc8e6a - - - - -] sending reply msg_id: b2d3c5b5593f4c8b9270591c2df56820 reply queue: reply_765e502b068b40a19adfd7aa9f5e4032 time elapsed: 0.0933842580125s _send_reply /usr/lib/python2.7/site-packages/oslo_messaging/_drivers/amqpdriver.py:73
2016-12-07 05:15:25.064 544135 INFO neutron.wsgi [req-4b1e3ed9-e2fb-405f-83c9-d46fdf32435b a603afa7ef7c431c85af30167d698a2d d1207df2e30d473c944eca1b869f5556 - - -] 172.17.1.24 - - [07/Dec/2016 05:15:25] "GET /v2.0/lbaas/loadbalancers/e730de6f-da8f-4096-b664-a55272fd7dc3/stats.json HTTP/1.1" 200 265 1.801501
2016-12-07 05:15:28.018 544137 DEBUG oslo_messaging._drivers.amqpdriver [-] received message msg_id: f69e5d2ad9e0446ca2b45ca2ee02930c reply to reply_4be3505667b542dc94299f20f538e67f __call__ /usr/lib/python2.7/site-packages/oslo_messaging/_drivers/amqpdriver.py:194
2016-12-07 05:15:28.067 544137 DEBUG oslo_messaging._drivers.amqpdriver [req-b0c3eb4e-4cb9-4011-80b4-6a375960710d - - - - -] sending reply msg_id: f69e5d2ad9e0446ca2b45ca2ee02930c reply queue: reply_4be3505667b542dc94299f20f538e67f time elapsed: 0.0479194969812s _send_reply /usr/lib/python2.7/site-packages/oslo_messaging/_drivers/amqpdriver.py:73
2016-12-07 05:15:28.319 544135 DEBUG neutron.wsgi [-] (544135) accepted ('172.17.1.24', 57960) server /usr/lib/python2.7/site-packages/eventlet/wsgi.py:867
2016-12-07 05:15:28.579 544135 INFO neutron.wsgi [req-8ca94d71-fbc7-4ce1-91de-1a67f0fe525f a603afa7ef7c431c85af30167d698a2d d1207df2e30d473c944eca1b869f5556 - - -] 172.17.1.24 - - [07/Dec/2016 05:15:28] "GET /v2.0/vpn/vpnservices.json HTTP/1.1" 404 309 0.259097
2016-12-07 05:15:31.145 544138 DEBUG oslo_messaging._drivers.amqpdriver [-] received message with unique_id: 5cd0f2ba51e2407f8fc3d98bda54b8f3 __call__ /usr/lib/python2.7/site-packages/oslo_messaging/_drivers/amqpdriver.py:196
2016-12-07 05:15:31.228 544138 DEBUG neutron.callbacks.manager [req-4dbc7f6a-09f2-49a9-884a-2b0abb05476b - - - - -] Notify callbacks [('neutron.services.segments.db._update_segment_host_mapping_for_agent--9223372036849464760', )] for agent, after_update _notify_loop /usr/lib/python2.7/site-packages/neutron/callbacks/manager.py:142
2016-12-07 05:15:32.119 544140 DEBUG neutron.db.agents_db [req-9e432635-c01c-4e97-ab92-c4d82e709862 - - - - -] Agent healthcheck: found 17 active agents agent_health_check /usr/lib/python2.7/site-packages/neutron/db/agents_db.py:310
2016-12-07 05:15:34.469 544139 DEBUG oslo_messaging._drivers.amqpdriver [-] received message msg_id: 9004a8de647d4d54afa9f71d3d7e2ab2 reply to reply_1eda4a5ae6554a82943fb816f40bf95b __call__ /usr/lib/python2.7/site-packages/oslo_messaging/_drivers/amqpdriver.py:194
2016-12-07 05:15:34.574 544139 DEBUG neutron.callbacks.manager [req-1712d7d7-6d4b-42f5-9965-2ed20669cdd5 - - - - -] Notify callbacks [('neutron.services.segments.db._update_segment_host_mapping_for_agent--9223372036849464760', )] for agent, after_update _notify_loop /usr/lib/python2.7/site-packages/neutron/callbacks/manager.py:142
2016-12-07 05:15:34.575 544139 DEBUG oslo_messaging._drivers.amqpdriver [req-1712d7d7-6d4b-42f5-9965-2ed20669cdd5 - - - - -] sending reply msg_id: 9004a8de647d4d54afa9f71d3d7e2ab2 reply queue: reply_1eda4a5ae6554a82943fb816f40bf95b time elapsed: 0.10467781499s _send_reply /usr/lib/python2.7/site-packages/oslo_messaging/_drivers/amqpdriver.py:73
2016-12-07 05:15:35.303 544135 DEBUG neutron.wsgi [-] (544135) accepted ('172.17.1.24', 59776) server /usr/lib/python2.7/site-packages/eventlet/wsgi.py:867
2016-12-07 05:15:35.456 544135 INFO neutron.wsgi [req-d2accf0f-6052-45f1-9b66-29681476c2c3 a603afa7ef7c431c85af30167d698a2d d1207df2e30d473c944eca1b869f5556 - - -] 172.17.1.24 - - [07/Dec/2016 05:15:35] "GET /v2.0/vpn/vpnservices.json HTTP/1.1" 404 309 0.145917
2016-12-07 05:15:36.015 544137 DEBUG oslo_messaging._drivers.amqpdriver [-] received message msg_id: 538e4ed5fdc244809c3d406e11c53e39 reply to reply_bb26823eb78244dfa35b1ada5a6c8295 __call__ /usr/lib/python2.7/site-packages/oslo_messaging/_drivers/amqpdriver.py:194
2016-12-07 05:15:36.106 544137 DEBUG neutron.callbacks.manager [req-062848cc-3898-4494-aedf-8989158b86c6 - - - - -] Notify callbacks [('neutron.services.segments.db._update_segment_host_mapping_for_agent--9223372036849464760', )] for agent, after_update _notify_loop /usr/lib/python2.7/site-packages/neutron/callbacks/manager.py:142
2016-12-07 05:15:36.106 544137 DEBUG oslo_messaging._drivers.amqpdriver [req-062848cc-3898-4494-aedf-8989158b86c6 - - - - -] sending reply msg_id: 538e4ed5fdc244809c3d406e11c53e39 reply queue: reply_bb26823eb78244dfa35b1ada5a6c8295 time elapsed: 0.0905060420046s _send_reply /usr/lib/python2.7/site-packages/oslo_messaging/_drivers/amqpdriver.py:73
2016-12-07 05:15:36.272 544135 DEBUG neutron.wsgi [-] (544135) accepted ('172.17.1.24', 59972) server /usr/lib/python2.7/site-packages/eventlet/wsgi.py:867
2016-12-07 05:15:37.326 544135 INFO neutron.wsgi [req-e8759232-2149-4df1-b707-2aa942da790f a603afa7ef7c431c85af30167d698a2d d1207df2e30d473c944eca1b869f5556 - - -] 172.17.1.24 - - [07/Dec/2016 05:15:37] "GET /v2.0/lbaas/loadbalancers/e730de6f-da8f-4096-b664-a55272fd7dc3/statuses.json HTTP/1.1" 200 824 1.045887
2016-12-07 05:15:39.522 544136 DEBUG neutron.wsgi [-] (544136) accepted ('172.17.1.24', 60716) server /usr/lib/python2.7/site-packages/eventlet/wsgi.py:867
2016-12-07 05:15:39.787 544138 DEBUG oslo_messaging._drivers.amqpdriver [-] received message msg_id: 79f0955da9d54fb79cfa5538bcdff62b reply to reply_06b059b0c3e74bb9876764e92c4103b4 __call__ /usr/lib/python2.7/site-packages/oslo_messaging/_drivers/amqpdriver.py:194
2016-12-07 05:15:39.849 544138 DEBUG neutron.callbacks.manager [req-de2f58c5-ce4b-494e-b312-1ad4f8f1b013 - - - - -] Notify callbacks [('neutron.services.segments.db._update_segment_host_mapping_for_agent--9223372036849464760', )] for agent, after_update _notify_loop /usr/lib/python2.7/site-packages/neutron/callbacks/manager.py:142
2016-12-07 05:15:39.851 544138 DEBUG oslo_messaging._drivers.amqpdriver [req-de2f58c5-ce4b-494e-b312-1ad4f8f1b013 - - - - -] sending reply msg_id: 79f0955da9d54fb79cfa5538bcdff62b reply queue: reply_06b059b0c3e74bb9876764e92c4103b4 time elapsed: 0.062986148987s _send_reply /usr/lib/python2.7/site-packages/oslo_messaging/_drivers/amqpdriver.py:73
2016-12-07 05:15:40.381 544136 INFO neutron.wsgi [req-01541da4-5e62-4d6a-a994-2b00f851e11b a603afa7ef7c431c85af30167d698a2d d1207df2e30d473c944eca1b869f5556 - - -] 172.17.1.24 - - [07/Dec/2016 05:15:40] "GET /v2.0/lbaas/loadbalancers/c69da4f4-2907-4302-ae02-277266d040e3/statuses.json HTTP/1.1" 200 660 0.858093
2016-12-07 05:15:41.553 544135 DEBUG neutron.wsgi [-] (544135) accepted ('172.17.1.24', 32884) server /usr/lib/python2.7/site-packages/eventlet/wsgi.py:867
2016-12-07 05:15:42.774 544135 INFO neutron.wsgi [req-f5711ad9-8c77-4118-8835-d788b5485c49 a603afa7ef7c431c85af30167d698a2d d1207df2e30d473c944eca1b869f5556 - - -] 172.17.1.24 - - [07/Dec/2016 05:15:42] "GET /v2.0/lbaas/loadbalancers/8274cb61-87c6-4a6b-b423-1d86b2bd887c/statuses.json HTTP/1.1" 200 830 1.217072
2016-12-07 05:15:43.788 544135 DEBUG neutron.wsgi [-] (544135) accepted ('172.17.1.24', 33298) server /usr/lib/python2.7/site-packages/eventlet/wsgi.py:867
2016-12-07 05:15:44.453 544135 INFO neutron.wsgi [req-dd2cce5f-c01c-4c30-8733-cba1a1afe670 a603afa7ef7c431c85af30167d698a2d d1207df2e30d473c944eca1b869f5556 - - -] 172.17.1.24 - - [07/Dec/2016 05:15:44] "GET /v2.0/lbaas/loadbalancers/8274cb61-87c6-4a6b-b423-1d86b2bd887c/statuses.json HTTP/1.1" 200 830 0.660093
2016-12-07 05:15:44.492 543515 DEBUG oslo_messaging._drivers.amqpdriver [-] received message msg_id: 943a310016144eb8aeac5b9c675e1652 reply to reply_765e502b068b40a19adfd7aa9f5e4032 __call__ /usr/lib/python2.7/site-packages/oslo_messaging/_drivers/amqpdriver.py:194
2016-12-07 05:15:44.567 543515 DEBUG oslo_messaging._drivers.amqpdriver [req-e8aae7df-9665-4ef3-9d44-49fa03dc8e6a - - - - -] sending reply msg_id: 943a310016144eb8aeac5b9c675e1652 reply queue: reply_765e502b068b40a19adfd7aa9f5e4032 time elapsed: 0.0749082730035s _send_reply /usr/lib/python2.7/site-packages/oslo_messaging/_drivers/amqpdriver.py:73
2016-12-07 05:15:44.606 544137 DEBUG oslo_messaging._drivers.amqpdriver [-] received message msg_id: 834727c3b3be43d6a4e26a9dd5294369 reply to reply_765e502b068b40a19adfd7aa9f5e4032 __call__ /usr/lib/python2.7/site-packages/oslo_messaging/_drivers/amqpdriver.py:194
2016-12-07 05:15:44.636 544137 DEBUG oslo_messaging._drivers.amqpdriver [req-e8aae7df-9665-4ef3-9d44-49fa03dc8e6a - - - - -] sending reply msg_id: 834727c3b3be43d6a4e26a9dd5294369 reply queue: reply_765e502b068b40a19adfd7aa9f5e4032 time elapsed: 0.028952238994s _send_reply /usr/lib/python2.7/site-packages/oslo_messaging/_drivers/amqpdriver.py:73
2016-12-07 05:15:45.096 544135 DEBUG neutron.wsgi [-] (544135) accepted ('172.17.1.24', 33596) server /usr/lib/python2.7/site-packages/eventlet/wsgi.py:867
2016-12-07 05:15:45.207 544138 DEBUG oslo_messaging._drivers.amqpdriver [-] received message with unique_id: 5359669c126b414a96266688ec1ffb11 __call__ /usr/lib/python2.7/site-packages/oslo_messaging/_drivers/amqpdriver.py:196
2016-12-07 05:15:45.268 544138 DEBUG neutron.callbacks.manager [req-e8aae7df-9665-4ef3-9d44-49fa03dc8e6a - - - - -] Notify callbacks [('neutron.services.segments.db._update_segment_host_mapping_for_agent--9223372036849464760', )] for agent, after_update _notify_loop /usr/lib/python2.7/site-packages/neutron/callbacks/manager.py:142
2016-12-07 05:15:46.414 544135 INFO neutron.wsgi [req-3728ae4b-25dd-4399-8042-412b1a4b1fe4 a603afa7ef7c431c85af30167d698a2d d1207df2e30d473c944eca1b869f5556 - - -] 172.17.1.24 - - [07/Dec/2016 05:15:46] "GET /v2.0/lbaas/loadbalancers/e730de6f-da8f-4096-b664-a55272fd7dc3/statuses.json HTTP/1.1" 200 824 1.313845
2016-12-07 05:15:46.796 544135 DEBUG neutron.wsgi [-] (544135) accepted ('172.17.1.24', 33874) server /usr/lib/python2.7/site-packages/eventlet/wsgi.py:867
2016-12-07 05:15:47.037 544135 INFO neutron.wsgi [req-29822702-b921-4e8a-b0bb-958bcfd19469 a603afa7ef7c431c85af30167d698a2d d1207df2e30d473c944eca1b869f5556 - - -] 172.17.1.24 - - [07/Dec/2016 05:15:47] "GET /v2.0/fw/firewalls.json HTTP/1.1" 404 309 0.238928
2016-12-07 05:15:48.035 544135 DEBUG neutron.wsgi [-] (544135) accepted ('172.17.1.24', 33928) server /usr/lib/python2.7/site-packages/eventlet/wsgi.py:867
2016-12-07 05:15:48.642 544135 INFO neutron.wsgi [req-1cc13f2c-139a-4d92-a661-d88aab41b70f a603afa7ef7c431c85af30167d698a2d d1207df2e30d473c944eca1b869f5556 - - -] 172.17.1.24 - - [07/Dec/2016 05:15:48] "GET /v2.0/lbaas/loadbalancers/c69da4f4-2907-4302-ae02-277266d040e3/statuses.json HTTP/1.1" 200 660 0.600430
2016-12-07 05:15:50.971 544135 DEBUG neutron.wsgi [-] (544135) accepted ('172.17.1.24', 34158) server /usr/lib/python2.7/site-packages/eventlet/wsgi.py:867
2016-12-07 05:15:51.546 544135 INFO neutron.wsgi [req-ef81a191-55e3-4edc-bdde-290e3f08bdc3 a603afa7ef7c431c85af30167d698a2d d1207df2e30d473c944eca1b869f5556 - - -] 172.17.1.24 - - [07/Dec/2016 05:15:51] "GET /v2.0/lbaas/loadbalancers/e33b2cfd-43d8-4a63-b37b-9540adca1830/statuses.json HTTP/1.1" 200 830 0.573359
2016-12-07 05:15:53.751 544135 DEBUG neutron.wsgi [-] (544135) accepted ('172.17.1.24', 34308) server /usr/lib/python2.7/site-packages/eventlet/wsgi.py:867
2016-12-07 05:15:53.935 544139 DEBUG oslo_messaging._drivers.amqpdriver [-] received message with unique_id: 18682bee4ebd470885415c97e142b327 __call__ /usr/lib/python2.7/site-packages/oslo_messaging/_drivers/amqpdriver.py:196
2016-12-07 05:15:54.011 544139 DEBUG neutron.callbacks.manager [req-4cf01283-d111-4692-85b8-f952a5580aa0 - - - - -] Notify callbacks [('neutron.services.segments.db._update_segment_host_mapping_for_agent--9223372036849464760', )] for agent, after_update _notify_loop /usr/lib/python2.7/site-packages/neutron/callbacks/manager.py:142
2016-12-07 05:15:54.212 544137 DEBUG oslo_messaging._drivers.amqpdriver [-] received message with unique_id: ff654a8c2fd549c493cce0bea9ae5ee6 __call__ /usr/lib/python2.7/site-packages/oslo_messaging/_drivers/amqpdriver.py:196
2016-12-07 05:15:54.274 544137 DEBUG neutron.callbacks.manager [req-486ef349-d751-43a7-a1b0-3c703d00253e - - - - -] Notify callbacks [('neutron.services.segments.db._update_segment_host_mapping_for_agent--9223372036849464760', )] for agent, after_update _notify_loop /usr/lib/python2.7/site-packages/neutron/callbacks/manager.py:142
2016-12-07 05:15:54.766 544135 INFO neutron.wsgi [req-f39d34d1-4c01-4e48-85cd-00b8e6fb0c7b a603afa7ef7c431c85af30167d698a2d d1207df2e30d473c944eca1b869f5556 - - -] 172.17.1.24 - - [07/Dec/2016 05:15:54] "GET /v2.0/lbaas/listeners/291c64f6-c17b-46bf-98f8-91c7fc2e4ea9.json HTTP/1.1" 200 594 1.012706
2016-12-07 05:15:56.215 544135 DEBUG neutron.wsgi [-] (544135) accepted ('172.17.1.24', 34664) server /usr/lib/python2.7/site-packages/eventlet/wsgi.py:867
2016-12-07 05:15:57.143 544135 INFO neutron.wsgi [req-53d4689b-0b36-4925-8fb5-e761b840afcf a603afa7ef7c431c85af30167d698a2d d1207df2e30d473c944eca1b869f5556 - - -] 172.17.1.24 - - [07/Dec/2016 05:15:57] "GET /v2.0/lbaas/listeners/c79c6fbd-2109-44a7-b94b-ea4c788165f5.json HTTP/1.1" 200 593 0.919567
2016-12-07 05:15:58.632 544135 DEBUG neutron.wsgi [-] (544135) accepted ('172.17.1.24', 35152) server /usr/lib/python2.7/site-packages/eventlet/wsgi.py:867
2016-12-07 05:15:58.784 544138 DEBUG oslo_messaging._drivers.amqpdriver [-] received message msg_id: 824fff5461c04329a50b15226e71353d reply to reply_fd109f1d3ca94e9a88eba6595cc3f080 __call__ /usr/lib/python2.7/site-packages/oslo_messaging/_drivers/amqpdriver.py:194
2016-12-07 05:15:58.834 544138 DEBUG neutron.callbacks.manager [req-e6b606eb-43fc-4818-b30c-a9f0b21321cf - - - - -] Notify callbacks [('neutron.services.segments.db._update_segment_host_mapping_for_agent--9223372036849464760', )] for agent, after_update _notify_loop /usr/lib/python2.7/site-packages/neutron/callbacks/manager.py:142
2016-12-07 05:15:58.837 544138 DEBUG oslo_messaging._drivers.amqpdriver [req-e6b606eb-43fc-4818-b30c-a9f0b21321cf - - - - -] sending reply msg_id: 824fff5461c04329a50b15226e71353d reply queue: reply_fd109f1d3ca94e9a88eba6595cc3f080 time elapsed: 0.0522619240219s _send_reply /usr/lib/python2.7/site-packages/oslo_messaging/_drivers/amqpdriver.py:73
2016-12-07 05:15:59.708 544135 INFO neutron.wsgi [req-180b9f88-cf6e-4ba1-9b2e-e07bc5df189d a603afa7ef7c431c85af30167d698a2d d1207df2e30d473c944eca1b869f5556 - - -] 172.17.1.24 - - [07/Dec/2016 05:15:59] "GET /v2.0/lbaas/loadbalancers/4e861be4-d791-4978-827d-b74d962f5138/statuses.json HTTP/1.1" 200 828 1.074137
2016-12-07 05:15:59.849 544135 INFO neutron.wsgi [req-f7b4b46b-9d05-4bb3-bd67-a506022e13b0 a603afa7ef7c431c85af30167d698a2d d1207df2e30d473c944eca1b869f5556 - - -] 172.17.1.24 - - [07/Dec/2016 05:15:59] "GET /v2.0/lbaas/pools/8d8818df-9dfb-4891-874b-d508f250bf22/members.json HTTP/1.1" 200 189 0.124195
2016-12-07 05:16:00.731 544135 DEBUG neutron.wsgi [-] (544135) accepted ('172.17.1.24', 35496) server /usr/lib/python2.7/site-packages/eventlet/wsgi.py:867
2016-12-07 05:16:00.817 544135 INFO neutron.wsgi [req-92248b95-eab7-4b9a-8db7-37ccfafa49f8 a603afa7ef7c431c85af30167d698a2d d1207df2e30d473c944eca1b869f5556 - - -] 172.17.1.24 - - [07/Dec/2016 05:16:00] "GET /v2.0/lbaas/pools/9de61867-141d-470e-bd06-8b0a67eeeab7/members.json HTTP/1.1" 200 189 0.084829
2016-12-07 05:16:01.743 544135 DEBUG neutron.wsgi [-] (544135) accepted ('172.17.1.24', 35610) server /usr/lib/python2.7/site-packages/eventlet/wsgi.py:867
2016-12-07 05:16:01.877 544135 INFO neutron.wsgi [req-1d18ef5c-2cd5-4eca-a9b4-7b6633e9a40d a603afa7ef7c431c85af30167d698a2d d1207df2e30d473c944eca1b869f5556 - - -] 172.17.1.24 - - [07/Dec/2016 05:16:01] "GET /v2.0/lbaas/pools/9caaa7ef-f459-4f00-bedd-e1f1a9cdbf09/members.json HTTP/1.1" 200 189 0.132498
2016-12-07 05:16:02.751 544135 DEBUG neutron.wsgi [-] (544135) accepted ('172.17.1.24', 35850) server /usr/lib/python2.7/site-packages/eventlet/wsgi.py:867
2016-12-07 05:16:02.988 544135 INFO neutron.wsgi [req-05c32123-7970-4b24-bca1-5e1c1c39841a a603afa7ef7c431c85af30167d698a2d d1207df2e30d473c944eca1b869f5556 - - -] 172.17.1.24 - - [07/Dec/2016 05:16:02] "GET /v2.0/lbaas/pools/b77f9937-7018-4f49-9e4c-476b89f1d2ae/members.json HTTP/1.1" 200 189 0.235671
2016-12-07 05:16:03.960 544135 DEBUG neutron.wsgi [-] (544135) accepted ('172.17.1.24', 35958) server /usr/lib/python2.7/site-packages/eventlet/wsgi.py:867
2016-12-07 05:16:04.060 544135 INFO neutron.wsgi [req-26b16a51-b26b-431b-8324-e645f4b924d2 a603afa7ef7c431c85af30167d698a2d d1207df2e30d473c944eca1b869f5556 - - -] 172.17.1.24 - - [07/Dec/2016 05:16:04] "GET /v2.0/lbaas/pools/9de61867-141d-470e-bd06-8b0a67eeeab7/members.json HTTP/1.1" 200 189 0.098326
2016-12-07 05:16:04.508 543515 DEBUG oslo_messaging._drivers.amqpdriver [-] received message msg_id: d7ef62e1d6144f479387664b02499f70 reply to reply_765e502b068b40a19adfd7aa9f5e4032 __call__ /usr/lib/python2.7/site-packages/oslo_messaging/_drivers/amqpdriver.py:194
2016-12-07 05:16:04.627 543515 DEBUG oslo_messaging._drivers.amqpdriver [req-e8aae7df-9665-4ef3-9d44-49fa03dc8e6a - - - - -] sending reply msg_id: d7ef62e1d6144f479387664b02499f70 reply queue: reply_765e502b068b40a19adfd7aa9f5e4032 time elapsed: 0.117425475997s _send_reply /usr/lib/python2.7/site-packages/oslo_messaging/_drivers/amqpdriver.py:73
2016-12-07 05:16:04.663 544137 DEBUG oslo_messaging._drivers.amqpdriver [-] received message msg_id: f5ff5f0e2f7f419cb3ac64ba3751605c reply to reply_765e502b068b40a19adfd7aa9f5e4032 __call__ /usr/lib/python2.7/site-packages/oslo_messaging/_drivers/amqpdriver.py:194
2016-12-07 05:16:04.690 544137 DEBUG oslo_messaging._drivers.amqpdriver [req-e8aae7df-9665-4ef3-9d44-49fa03dc8e6a - - - - -] sending reply msg_id: f5ff5f0e2f7f419cb3ac64ba3751605c reply queue: reply_765e502b068b40a19adfd7aa9f5e4032 time elapsed: 0.0265726450016s _send_reply /usr/lib/python2.7/site-packages/oslo_messaging/_drivers/amqpdriver.py:73
2016-12-07 05:16:04.738 544138 DEBUG oslo_messaging._drivers.amqpdriver [-] received message msg_id: e83f9cebda5b4f87b44309766d8f3fa0 reply to reply_765e502b068b40a19adfd7aa9f5e4032 __call__ /usr/lib/python2.7/site-packages/oslo_messaging/_drivers/amqpdriver.py:194
2016-12-07 05:16:04.799 544138 DEBUG oslo_messaging._drivers.amqpdriver [req-e8aae7df-9665-4ef3-9d44-49fa03dc8e6a - - - - -] sending reply msg_id: e83f9cebda5b4f87b44309766d8f3fa0 reply queue: reply_765e502b068b40a19adfd7aa9f5e4032 time elapsed: 0.0599880279915s _send_reply /usr/lib/python2.7/site-packages/oslo_messaging/_drivers/amqpdriver.py:73
2016-12-07 05:16:05.810 544135 DEBUG neutron.wsgi [-] (544135) accepted ('172.17.1.24', 36260) server /usr/lib/python2.7/site-packages/eventlet/wsgi.py:867
2016-12-07 05:16:07.206 544135 INFO neutron.wsgi [req-5b93acd9-fc4d-4796-a5d7-10867790695b a603afa7ef7c431c85af30167d698a2d d1207df2e30d473c944eca1b869f5556 - - -] 172.17.1.24 - - [07/Dec/2016 05:16:07] "GET /v2.0/lbaas/loadbalancers/f5ddc110-96e2-447d-b853-dca8a4c5a603/statuses.json HTTP/1.1" 200 828 1.393863
2016-12-07 05:16:09.062 544135 DEBUG neutron.wsgi [-] (544135) accepted ('172.17.1.24', 36726) server /usr/lib/python2.7/site-packages/eventlet/wsgi.py:867
2016-12-07 05:16:09.171 544140 DEBUG neutron.db.agents_db [req-9e432635-c01c-4e97-ab92-c4d82e709862 - - - - -] Agent healthcheck: found 17 active agents agent_health_check /usr/lib/python2.7/site-packages/neutron/db/agents_db.py:310
2016-12-07 05:16:09.274 544135 INFO neutron.wsgi [req-c6849708-1152-4cbc-9385-d640c2432bfb a603afa7ef7c431c85af30167d698a2d d1207df2e30d473c944eca1b869f5556 - - -] 172.17.1.24 - - [07/Dec/2016 05:16:09] "GET /v2.0/lbaas/pools/b77f9937-7018-4f49-9e4c-476b89f1d2ae/members.json HTTP/1.1" 200 189 0.208992
2016-12-07 05:16:10.923 544135 DEBUG neutron.wsgi [-] (544135) accepted ('172.17.1.24', 36988) server /usr/lib/python2.7/site-packages/eventlet/wsgi.py:867
2016-12-07 05:16:13.051 544136 DEBUG neutron.wsgi [-] (544136) accepted ('172.17.1.24', 37256) server /usr/lib/python2.7/site-packages/eventlet/wsgi.py:867
2016-12-07 05:16:13.252 544135 INFO neutron.wsgi [req-fd5d7dca-b448-4800-bf0c-b9b2ca2443e0 a603afa7ef7c431c85af30167d698a2d d1207df2e30d473c944eca1b869f5556 - - -] 172.17.1.24 - - [07/Dec/2016 05:16:13] "GET /v2.0/lbaas/loadbalancers/c3955010-81ec-4bb2-9b36-cfeeff085db2/statuses.json HTTP/1.1" 200 660 2.324241
2016-12-07 05:16:14.797 544139 DEBUG oslo_messaging._drivers.amqpdriver [-] received message msg_id: ec6efd998ede4c269e20908ce5bada11 reply to reply_40d37007feda467e88c682c6ffa2cd12 __call__ /usr/lib/python2.7/site-packages/oslo_messaging/_drivers/amqpdriver.py:194
2016-12-07 05:16:14.928 544139 DEBUG neutron.callbacks.manager [req-00358f98-21b7-4e48-8bdc-aff1f1f9ca61 - - - - -] Notify callbacks [('neutron.services.segments.db._update_segment_host_mapping_for_agent--9223372036849464760', )] for agent, after_update _notify_loop /usr/lib/python2.7/site-packages/neutron/callbacks/manager.py:142
2016-12-07 05:16:14.930 544139 DEBUG oslo_messaging._drivers.amqpdriver [req-00358f98-21b7-4e48-8bdc-aff1f1f9ca61 - - - - -] sending reply msg_id: ec6efd998ede4c269e20908ce5bada11 reply queue: reply_40d37007feda467e88c682c6ffa2cd12 time elapsed: 0.131746536004s _send_reply /usr/lib/python2.7/site-packages/oslo_messaging/_drivers/amqpdriver.py:73
2016-12-07 05:16:15.184 544135 DEBUG neutron.wsgi [-] (544135) accepted ('172.17.1.24', 37542) server /usr/lib/python2.7/site-packages/eventlet/wsgi.py:867
2016-12-07 05:16:17.569 544136 INFO neutron.wsgi [req-bc08b1f5-84d4-4dd3-b24f-801ca0404290 a603afa7ef7c431c85af30167d698a2d d1207df2e30d473c944eca1b869f5556 - - -] 172.17.1.24 - - [07/Dec/2016 05:16:17] "GET /v2.0/lbaas/loadbalancers/c3955010-81ec-4bb2-9b36-cfeeff085db2/statuses.json HTTP/1.1" 200 660 4.516843
2016-12-07 05:16:18.113 543515 DEBUG oslo_messaging._drivers.amqpdriver [-] received message msg_id: 2d1d75c1ece04acabc90ab1e817cd060 reply to reply_4be3505667b542dc94299f20f538e67f __call__ /usr/lib/python2.7/site-packages/oslo_messaging/_drivers/amqpdriver.py:194
2016-12-07 05:16:18.225 543515 DEBUG oslo_messaging._drivers.amqpdriver [req-b0c3eb4e-4cb9-4011-80b4-6a375960710d - - - - -] sending reply msg_id: 2d1d75c1ece04acabc90ab1e817cd060 reply queue: reply_4be3505667b542dc94299f20f538e67f time elapsed: 0.111901498021s _send_reply /usr/lib/python2.7/site-packages/oslo_messaging/_drivers/amqpdriver.py:73
2016-12-07 05:16:19.038 544135 INFO neutron.wsgi [req-a1c96759-a6b6-4214-8cca-b055690a802e a603afa7ef7c431c85af30167d698a2d d1207df2e30d473c944eca1b869f5556 - - -] 172.17.1.24 - - [07/Dec/2016 05:16:19] "GET /v2.0/lbaas/loadbalancers/6fd189a3-e0b8-4d5d-94aa-0c17ca2005f4/statuses.json HTTP/1.1" 200 828 3.837191
2016-12-07 05:16:19.293 544135 INFO neutron.wsgi [req-4a8cf526-f959-41b1-ad05-9ee774038a43 a603afa7ef7c431c85af30167d698a2d d1207df2e30d473c944eca1b869f5556 - - -] 172.17.1.24 - - [07/Dec/2016 05:16:19] "GET /v2.0/lbaas/pools/cf82257b-5f7a-485d-ba6f-b25a01aebcee/members.json HTTP/1.1" 200 189 0.236989
2016-12-07 05:16:21.396 544135 DEBUG neutron.wsgi [-] (544135) accepted ('172.17.1.24', 38658) server /usr/lib/python2.7/site-packages/eventlet/wsgi.py:867
2016-12-07 05:16:21.648 544137 DEBUG oslo_messaging._drivers.amqpdriver [-] received message with unique_id: 856c73d547b7432e9b24fc5129fae694 __call__ /usr/lib/python2.7/site-packages/oslo_messaging/_drivers/amqpdriver.py:196
2016-12-07 05:16:21.741 544137 DEBUG neutron.callbacks.manager [req-86848f46-0857-4db6-b9b8-522f4fcddf59 - - - - -] Notify callbacks [('neutron.services.segments.db._update_segment_host_mapping_for_agent--9223372036849464760', )] for agent, after_update _notify_loop /usr/lib/python2.7/site-packages/neutron/callbacks/manager.py:142
2016-12-07 05:16:22.067 544138 DEBUG oslo_messaging._drivers.amqpdriver [-] received message msg_id: 19de40c792624f62bde480b393886dc5 reply to reply_bdfcb5fc7cee49fc82de18d5eb69a434 __call__ /usr/lib/python2.7/site-packages/oslo_messaging/_drivers/amqpdriver.py:194
2016-12-07 05:16:22.134 544138 DEBUG neutron.callbacks.manager [req-ad58e36f-73a5-4e1d-be05-9e5b48b4b507 - - - - -] Notify callbacks [('neutron.services.segments.db._update_segment_host_mapping_for_agent--9223372036849464760', )] for agent, after_update _notify_loop /usr/lib/python2.7/site-packages/neutron/callbacks/manager.py:142
2016-12-07 05:16:22.135 544138 DEBUG oslo_messaging._drivers.amqpdriver [req-ad58e36f-73a5-4e1d-be05-9e5b48b4b507 - - - - -] sending reply msg_id: 19de40c792624f62bde480b393886dc5 reply queue: reply_bdfcb5fc7cee49fc82de18d5eb69a434 time elapsed: 0.067517568008s _send_reply /usr/lib/python2.7/site-packages/oslo_messaging/_drivers/amqpdriver.py:73
2016-12-07 05:16:23.932 544136 DEBUG neutron.wsgi [-] (544136) accepted ('172.17.1.24', 39102) server /usr/lib/python2.7/site-packages/eventlet/wsgi.py:867
2016-12-07 05:16:24.370 544135 INFO neutron.wsgi [req-a1285469-12c2-4983-a724-bf23b929670a a603afa7ef7c431c85af30167d698a2d d1207df2e30d473c944eca1b869f5556 - - -] 172.17.1.24 - - [07/Dec/2016 05:16:24] "GET /v2.0/lbaas/loadbalancers/c69da4f4-2907-4302-ae02-277266d040e3/statuses.json HTTP/1.1" 200 660 2.972465
2016-12-07 05:16:24.793 544137 DEBUG oslo_messaging._drivers.amqpdriver [-] received message msg_id: 285861fe80164da49765fd70c3e3057c reply to reply_765e502b068b40a19adfd7aa9f5e4032 __call__ /usr/lib/python2.7/site-packages/oslo_messaging/_drivers/amqpdriver.py:194
2016-12-07 05:16:24.892 544137 DEBUG oslo_messaging._drivers.amqpdriver [req-e8aae7df-9665-4ef3-9d44-49fa03dc8e6a - - - - -] sending reply msg_id: 285861fe80164da49765fd70c3e3057c reply queue: reply_765e502b068b40a19adfd7aa9f5e4032 time elapsed: 0.0982231649978s _send_reply /usr/lib/python2.7/site-packages/oslo_messaging/_drivers/amqpdriver.py:73
2016-12-07 05:16:24.961 544138 DEBUG oslo_messaging._drivers.amqpdriver [-] received message msg_id: 664b7e96e1904e6ca4179caa77cadfb2 reply to reply_765e502b068b40a19adfd7aa9f5e4032 __call__ /usr/lib/python2.7/site-packages/oslo_messaging/_drivers/amqpdriver.py:194
2016-12-07 05:16:25.016 544138 DEBUG oslo_messaging._drivers.amqpdriver [req-e8aae7df-9665-4ef3-9d44-49fa03dc8e6a - - - - -] sending reply msg_id: 664b7e96e1904e6ca4179caa77cadfb2 reply queue: reply_765e502b068b40a19adfd7aa9f5e4032 time elapsed: 0.0543436389999s _send_reply /usr/lib/python2.7/site-packages/oslo_messaging/_drivers/amqpdriver.py:73
2016-12-07 05:16:25.753 544136 INFO neutron.wsgi [req-fb056a5d-10eb-4518-9d6c-f003ba3c3697 a603afa7ef7c431c85af30167d698a2d d1207df2e30d473c944eca1b869f5556 - - -] 172.17.1.24 - - [07/Dec/2016 05:16:25] "GET /v2.0/lbaas/loadbalancers/c69da4f4-2907-4302-ae02-277266d040e3/statuses.json HTTP/1.1" 200 660 1.819094
2016-12-07 05:16:26.295 544136 INFO neutron.wsgi [req-9a518e7a-b3c7-48a2-9c93-cb2387ae3440 a603afa7ef7c431c85af30167d698a2d d1207df2e30d473c944eca1b869f5556 - - -] 172.17.1.24 - - [07/Dec/2016 05:16:26] "GET /v2.0/lbaas/pools/cfba4070-1238-474e-9c74-018f77a6f678/members.json HTTP/1.1" 200 189 0.523663
2016-12-07 05:16:28.844 544136 DEBUG neutron.wsgi [-] (544136) accepted ('172.17.1.24', 40178) server /usr/lib/python2.7/site-packages/eventlet/wsgi.py:867
2016-12-07 05:16:31.839 544136 INFO neutron.wsgi [req-b4e94bc1-35b8-40a5-883a-f494022d6844 a603afa7ef7c431c85af30167d698a2d d1207df2e30d473c944eca1b869f5556 - - -] 172.17.1.24 - - [07/Dec/2016 05:16:31] "GET /v2.0/lbaas/loadbalancers/603ece99-4b7e-47db-a8bc-b7effa8a4e74/statuses.json HTTP/1.1" 200 828 2.993364
2016-12-07 05:16:32.096 544136 DEBUG neutron.wsgi [-] (544136) accepted ('172.17.1.24', 40786) server /usr/lib/python2.7/site-packages/eventlet/wsgi.py:867
2016-12-07 05:16:33.774 544136 INFO neutron.wsgi [req-1a9a8d90-1d90-449c-a4a3-3fb38753d202 a603afa7ef7c431c85af30167d698a2d d1207df2e30d473c944eca1b869f5556 - - -] 172.17.1.24 - - [07/Dec/2016 05:16:33] "GET /v2.0/lbaas/listeners/6fb7f9df-a841-4ba0-a991-497fc6cab4e9.json HTTP/1.1" 200 594 1.674926
2016-12-07 05:16:34.474 544139 DEBUG oslo_messaging._drivers.amqpdriver [-] received message msg_id: 60da7821c4a94a5e86a88d83f2c19d4a reply to reply_1eda4a5ae6554a82943fb816f40bf95b __call__ /usr/lib/python2.7/site-packages/oslo_messaging/_drivers/amqpdriver.py:194
2016-12-07 05:16:34.605 544139 DEBUG neutron.callbacks.manager [req-00cbe5cd-fbcb-4aa8-8948-96a11b9283f1 - - - - -] Notify callbacks [('neutron.services.segments.db._update_segment_host_mapping_for_agent--9223372036849464760', )] for agent, after_update _notify_loop /usr/lib/python2.7/site-packages/neutron/callbacks/manager.py:142
2016-12-07 05:16:34.606 544139 DEBUG oslo_messaging._drivers.amqpdriver [req-00cbe5cd-fbcb-4aa8-8948-96a11b9283f1 - - - - -] sending reply msg_id: 60da7821c4a94a5e86a88d83f2c19d4a reply queue: reply_1eda4a5ae6554a82943fb816f40bf95b time elapsed: 0.131222327997s _send_reply /usr/lib/python2.7/site-packages/oslo_messaging/_drivers/amqpdriver.py:73
2016-12-07 05:16:34.641 544137 DEBUG oslo_messaging._drivers.amqpdriver [-] received message msg_id: d4af29a63c054fe883d609dc6fb5f382 reply to reply_509672ccaae1473ea765e38356196e47 __call__ /usr/lib/python2.7/site-packages/oslo_messaging/_drivers/amqpdriver.py:194
2016-12-07 05:16:34.785 544137 DEBUG neutron.callbacks.manager [req-7e3f4e99-6560-4161-b690-28d6fee06feb - - - - -] Notify callbacks [('neutron.services.segments.db._update_segment_host_mapping_for_agent--9223372036849464760', )] for agent, after_update _notify_loop /usr/lib/python2.7/site-packages/neutron/callbacks/manager.py:142
2016-12-07 05:16:34.786 544137 DEBUG oslo_messaging._drivers.amqpdriver [req-7e3f4e99-6560-4161-b690-28d6fee06feb - - - - -] sending reply msg_id: d4af29a63c054fe883d609dc6fb5f382 reply queue: reply_509672ccaae1473ea765e38356196e47 time elapsed: 0.144841734s _send_reply /usr/lib/python2.7/site-packages/oslo_messaging/_drivers/amqpdriver.py:73
2016-12-07 05:16:36.028 544138 DEBUG oslo_messaging._drivers.amqpdriver [-] received message msg_id: f87b041489b14f59a1f6c288800aef6f reply to reply_bb26823eb78244dfa35b1ada5a6c8295 __call__ /usr/lib/python2.7/site-packages/oslo_messaging/_drivers/amqpdriver.py:194
2016-12-07 05:16:36.100 544136 INFO neutron.wsgi [req-89c9e447-b16a-4df8-84d1-acf5dbd7d0a7 a603afa7ef7c431c85af30167d698a2d d1207df2e30d473c944eca1b869f5556 - - -] 172.17.1.24 - - [07/Dec/2016 05:16:36] "GET /v2.0/lbaas/loadbalancers/e33b2cfd-43d8-4a63-b37b-9540adca1830/statuses.json HTTP/1.1" 200 830 2.287365
2016-12-07 05:16:36.165 544138 DEBUG neutron.callbacks.manager [req-4928d923-b700-4197-aebc-3ca77329846b - - - - -] Notify callbacks [('neutron.services.segments.db._update_segment_host_mapping_for_agent--9223372036849464760', )] for agent, after_update _notify_loop /usr/lib/python2.7/site-packages/neutron/callbacks/manager.py:142
2016-12-07 05:16:36.166 544138 DEBUG oslo_messaging._drivers.amqpdriver [req-4928d923-b700-4197-aebc-3ca77329846b - - - - -] sending reply msg_id: f87b041489b14f59a1f6c288800aef6f reply queue: reply_bb26823eb78244dfa35b1ada5a6c8295 time elapsed: 0.137114690006s _send_reply /usr/lib/python2.7/site-packages/oslo_messaging/_drivers/amqpdriver.py:73
2016-12-07 05:16:36.668 544136 DEBUG neutron.wsgi [-] (544136) accepted ('172.17.1.24', 41834) server /usr/lib/python2.7/site-packages/eventlet/wsgi.py:867
2016-12-07 05:16:36.818 544136 INFO neutron.wsgi [req-dd19ca46-a64f-437f-b02d-6e8a2f4cd675 a603afa7ef7c431c85af30167d698a2d d1207df2e30d473c944eca1b869f5556 - - -] 172.17.1.24 - - [07/Dec/2016 05:16:36] "GET /v2.0/lbaas/pools/d9ab0f3e-f36d-40de-914e-71e71b581e33/members.json HTTP/1.1" 200 189 0.134020
2016-12-07 05:16:37.360 544136 DEBUG neutron.wsgi [-] (544136) accepted ('172.17.1.24', 41948) server /usr/lib/python2.7/site-packages/eventlet/wsgi.py:867
2016-12-07 05:16:38.718 543515 DEBUG oslo_messaging._drivers.amqpdriver [-] received message msg_id: f2861b1c138b4f669f1c32d9bacbcf34 reply to reply_4be3505667b542dc94299f20f538e67f __call__ /usr/lib/python2.7/site-packages/oslo_messaging/_drivers/amqpdriver.py:194
2016-12-07 05:16:38.800 543515 DEBUG oslo_messaging._drivers.amqpdriver [req-b0c3eb4e-4cb9-4011-80b4-6a375960710d - - - - -] sending reply msg_id: f2861b1c138b4f669f1c32d9bacbcf34 reply queue: reply_4be3505667b542dc94299f20f538e67f time elapsed: 0.0812974949949s _send_reply /usr/lib/python2.7/site-packages/oslo_messaging/_drivers/amqpdriver.py:73
2016-12-07 05:16:42.280 544137 DEBUG oslo_messaging._drivers.amqpdriver [-] received message with unique_id: b1ab4e0e1cd14b5c9d8cae52f16c1126 __call__ /usr/lib/python2.7/site-packages/oslo_messaging/_drivers/amqpdriver.py:196
2016-12-07 05:16:42.415 544137 DEBUG neutron.callbacks.manager [req-b0c3eb4e-4cb9-4011-80b4-6a375960710d - - - - -] Notify callbacks [('neutron.services.segments.db._update_segment_host_mapping_for_agent--9223372036849464760', )] for agent, after_update _notify_loop /usr/lib/python2.7/site-packages/neutron/callbacks/manager.py:142
2016-12-07 05:16:44.765 544138 DEBUG oslo_messaging._drivers.amqpdriver [-] received message msg_id: 2beced4af4f14a3d8b903eef6f0545c1 reply to reply_765e502b068b40a19adfd7aa9f5e4032 __call__ /usr/lib/python2.7/site-packages/oslo_messaging/_drivers/amqpdriver.py:194
2016-12-07 05:16:44.846 544138 DEBUG oslo_messaging._drivers.amqpdriver [req-e8aae7df-9665-4ef3-9d44-49fa03dc8e6a - - - - -] sending reply msg_id: 2beced4af4f14a3d8b903eef6f0545c1 reply queue: reply_765e502b068b40a19adfd7aa9f5e4032 time elapsed: 0.0800166279951s _send_reply /usr/lib/python2.7/site-packages/oslo_messaging/_drivers/amqpdriver.py:73
2016-12-07 05:16:46.172 544140 DEBUG neutron.db.agents_db [req-9e432635-c01c-4e97-ab92-c4d82e709862 - - - - -] Agent healthcheck: found 17 active agents agent_health_check /usr/lib/python2.7/site-packages/neutron/db/agents_db.py:310
2016-12-07 05:16:52.010 544136 INFO neutron.wsgi [req-d2659c40-3c23-4ef6-bb0e-ee84bee55f05 a603afa7ef7c431c85af30167d698a2d d1207df2e30d473c944eca1b869f5556 - - -] 172.17.1.24 - - [07/Dec/2016 05:16:52] "GET /v2.0/lbaas/pools.json HTTP/1.1" 200 4221 14.638246
2016-12-07 05:16:53.319 544139 DEBUG oslo_messaging._drivers.amqpdriver [-] received message msg_id: a9780907c66d491f86bf1c1eba8f561e reply to reply_645e85d800b74168a13e621da604047d __call__ /usr/lib/python2.7/site-packages/oslo_messaging/_drivers/amqpdriver.py:194
2016-12-07 05:16:53.442 544139 DEBUG neutron.callbacks.manager [req-85b0f588-8498-4665-82a0-a2e02d3013ea - - - - -] Notify callbacks [('neutron.services.segments.db._update_segment_host_mapping_for_agent--9223372036849464760', )] for agent, after_update _notify_loop /usr/lib/python2.7/site-packages/neutron/callbacks/manager.py:142
2016-12-07 05:16:53.444 544139 DEBUG oslo_messaging._drivers.amqpdriver [req-85b0f588-8498-4665-82a0-a2e02d3013ea - - - - -] sending reply msg_id: a9780907c66d491f86bf1c1eba8f561e reply queue: reply_645e85d800b74168a13e621da604047d time elapsed: 0.124082462018s _send_reply /usr/lib/python2.7/site-packages/oslo_messaging/_drivers/amqpdriver.py:73
2016-12-07 05:16:53.624 544135 DEBUG neutron.wsgi [-] (544135) accepted ('172.17.1.24', 45464) server /usr/lib/python2.7/site-packages/eventlet/wsgi.py:867
2016-12-07 05:16:53.962 544137 DEBUG oslo_messaging._drivers.amqpdriver [-] received message with unique_id: 77c20f097f6b49de8be5da05dcc34894 __call__ /usr/lib/python2.7/site-packages/oslo_messaging/_drivers/amqpdriver.py:196
2016-12-07 05:16:54.082 544137 DEBUG neutron.callbacks.manager [req-4cf01283-d111-4692-85b8-f952a5580aa0 - - - - -] Notify callbacks [('neutron.services.segments.db._update_segment_host_mapping_for_agent--9223372036849464760', )] for agent, after_update _notify_loop /usr/lib/python2.7/site-packages/neutron/callbacks/manager.py:142
2016-12-07 05:16:54.257 544138 DEBUG oslo_messaging._drivers.amqpdriver [-] received message with unique_id: a3cbcc986f194ce39030edb13cf3ad25 __call__ /usr/lib/python2.7/site-packages/oslo_messaging/_drivers/amqpdriver.py:196
2016-12-07 05:16:54.359 544138 DEBUG neutron.callbacks.manager [req-486ef349-d751-43a7-a1b0-3c703d00253e - - - - -] Notify callbacks [('neutron.services.segments.db._update_segment_host_mapping_for_agent--9223372036849464760', )] for agent, after_update _notify_loop /usr/lib/python2.7/site-packages/neutron/callbacks/manager.py:142
2016-12-07 05:16:55.231 544135 INFO neutron.wsgi [req-26d55974-b50b-4c7b-8d2b-74e1a10ee9c8 a603afa7ef7c431c85af30167d698a2d d1207df2e30d473c944eca1b869f5556 - - -] 172.17.1.24 - - [07/Dec/2016 05:16:55] "GET /v2.0/lbaas/loadbalancers/c69da4f4-2907-4302-ae02-277266d040e3/statuses.json HTTP/1.1" 200 660 1.603991
2016-12-07 05:16:55.643 543515 DEBUG oslo_messaging._drivers.amqpdriver [-] received message msg_id: afb0b8ec94f040f5bfd3e88daa2f4a7c reply to reply_765e502b068b40a19adfd7aa9f5e4032 __call__ /usr/lib/python2.7/site-packages/oslo_messaging/_drivers/amqpdriver.py:194
2016-12-07 05:16:55.870 543515 DEBUG oslo_messaging._drivers.amqpdriver [req-e8aae7df-9665-4ef3-9d44-49fa03dc8e6a - - - - -] sending reply msg_id: afb0b8ec94f040f5bfd3e88daa2f4a7c reply queue: reply_765e502b068b40a19adfd7aa9f5e4032 time elapsed: 0.225482955982s _send_reply /usr/lib/python2.7/site-packages/oslo_messaging/_drivers/amqpdriver.py:73
2016-12-07 05:16:57.230 544135 DEBUG neutron.wsgi [-] (544135) accepted ('172.17.1.24', 46282) server /usr/lib/python2.7/site-packages/eventlet/wsgi.py:867
2016-12-07 05:16:58.727 544137 DEBUG oslo_messaging._drivers.amqpdriver [-] received message msg_id: 246fe235816a47f68f88b1981fb273d6 reply to reply_4be3505667b542dc94299f20f538e67f __call__ /usr/lib/python2.7/site-packages/oslo_messaging/_drivers/amqpdriver.py:194
2016-12-07 05:16:58.945 544137 DEBUG oslo_messaging._drivers.amqpdriver [req-b0c3eb4e-4cb9-4011-80b4-6a375960710d - - - - -] sending reply msg_id: 246fe235816a47f68f88b1981fb273d6 reply queue: reply_4be3505667b542dc94299f20f538e67f time elapsed: 0.216747069993s _send_reply /usr/lib/python2.7/site-packages/oslo_messaging/_drivers/amqpdriver.py:73
