2016-12-07 05:25:53.350 544139 DEBUG oslo_messaging._drivers.amqpdriver [req-85b0f588-8498-4665-82a0-a2e02d3013ea - - - - -] sending reply msg_id: 2dc2c711efd047a89a4c1a01df0f0069 reply queue: reply_645e85d800b74168a13e621da604047d time elapsed: 0.0368417699938s _send_reply /usr/lib/python2.7/site-packages/oslo_messaging/_drivers/amqpdriver.py:73
2016-12-07 05:25:53.523 544136 DEBUG neutron.wsgi [-] (544136) accepted ('172.17.1.24', 55908) server /usr/lib/python2.7/site-packages/eventlet/wsgi.py:867
2016-12-07 05:25:53.966 544137 DEBUG oslo_messaging._drivers.amqpdriver [-] received message with unique_id: 117dda4ed4cc4a1eabc052b7ce2ef636 __call__ /usr/lib/python2.7/site-packages/oslo_messaging/_drivers/amqpdriver.py:196
2016-12-07 05:25:53.995 544137 DEBUG neutron.callbacks.manager [req-4cf01283-d111-4692-85b8-f952a5580aa0 - - - - -] Notify callbacks [('neutron.services.segments.db._update_segment_host_mapping_for_agent--9223372036849464760', )] for agent, after_update _notify_loop /usr/lib/python2.7/site-packages/neutron/callbacks/manager.py:142
2016-12-07 05:25:54.008 544136 INFO neutron.wsgi [req-8b359c86-71e8-4d77-84ab-8053f2a3f090 a603afa7ef7c431c85af30167d698a2d d1207df2e30d473c944eca1b869f5556 - - -] 172.17.1.24 - - [07/Dec/2016 05:25:54] "GET /v2.0/lbaas/loadbalancers/e33b2cfd-43d8-4a63-b37b-9540adca1830/statuses.json HTTP/1.1" 200 830 0.481824
2016-12-07 05:25:54.227 544138 DEBUG oslo_messaging._drivers.amqpdriver [-] received message with unique_id: e5678bb23ef64e4ca4db44980d994d82 __call__ /usr/lib/python2.7/site-packages/oslo_messaging/_drivers/amqpdriver.py:196
2016-12-07 05:25:54.244 544138 DEBUG neutron.callbacks.manager [req-486ef349-d751-43a7-a1b0-3c703d00253e - - - - -] Notify callbacks [('neutron.services.segments.db._update_segment_host_mapping_for_agent--9223372036849464760', )] for agent, after_update _notify_loop /usr/lib/python2.7/site-packages/neutron/callbacks/manager.py:142
2016-12-07 05:25:55.422 544136 DEBUG neutron.wsgi [-] (544136) accepted ('172.17.1.24', 56410) server /usr/lib/python2.7/site-packages/eventlet/wsgi.py:867
2016-12-07 05:25:56.924 543515 DEBUG oslo_messaging._drivers.amqpdriver [-] received message msg_id: 18eee31709ab4f64a11db447a1f87c11 reply to reply_765e502b068b40a19adfd7aa9f5e4032 __call__ /usr/lib/python2.7/site-packages/oslo_messaging/_drivers/amqpdriver.py:194
2016-12-07 05:25:57.004 543515 DEBUG oslo_messaging._drivers.amqpdriver [req-e8aae7df-9665-4ef3-9d44-49fa03dc8e6a - - - - -] sending reply msg_id: 18eee31709ab4f64a11db447a1f87c11 reply queue: reply_765e502b068b40a19adfd7aa9f5e4032 time elapsed: 0.0789652809908s _send_reply /usr/lib/python2.7/site-packages/oslo_messaging/_drivers/amqpdriver.py:73
2016-12-07 05:25:59.964 544137 DEBUG oslo_messaging._drivers.amqpdriver [-] received message msg_id: 9d9a5dc477324c5fac24b4ac227effd4 reply to reply_4be3505667b542dc94299f20f538e67f __call__ /usr/lib/python2.7/site-packages/oslo_messaging/_drivers/amqpdriver.py:194
2016-12-07 05:26:00.075 544137 DEBUG oslo_messaging._drivers.amqpdriver [req-b0c3eb4e-4cb9-4011-80b4-6a375960710d - - - - -] sending reply msg_id: 9d9a5dc477324c5fac24b4ac227effd4 reply queue: reply_4be3505667b542dc94299f20f538e67f time elapsed: 0.11077929s _send_reply /usr/lib/python2.7/site-packages/oslo_messaging/_drivers/amqpdriver.py:73
2016-12-07 05:26:00.872 544135 DEBUG neutron.wsgi [-] (544135) accepted ('172.17.1.24', 57658) server /usr/lib/python2.7/site-packages/eventlet/wsgi.py:867
2016-12-07 05:26:01.127 544135 INFO neutron.wsgi [req-d5bd0d4a-3ca2-4afa-b9f1-79a2ce5b4a53 a603afa7ef7c431c85af30167d698a2d d1207df2e30d473c944eca1b869f5556 - - -] 172.17.1.24 - - [07/Dec/2016 05:26:01] "GET /v2.0/lbaas/pools/8d8818df-9dfb-4891-874b-d508f250bf22/members.json HTTP/1.1" 200 189 0.253766
2016-12-07 05:26:01.158 544138 DEBUG oslo_messaging._drivers.amqpdriver [-] received message with unique_id: a520dc7c43b946e39a05154d6145497d __call__ /usr/lib/python2.7/site-packages/oslo_messaging/_drivers/amqpdriver.py:196
2016-12-07 05:26:01.212 544138 DEBUG neutron.callbacks.manager [req-4dbc7f6a-09f2-49a9-884a-2b0abb05476b - - - - -] Notify callbacks [('neutron.services.segments.db._update_segment_host_mapping_for_agent--9223372036849464760', )] for agent, after_update _notify_loop /usr/lib/python2.7/site-packages/neutron/callbacks/manager.py:142
2016-12-07 05:26:01.227 544140 DEBUG neutron.db.agents_db [req-9e432635-c01c-4e97-ab92-c4d82e709862 - - - - -] Agent healthcheck: found 17 active agents agent_health_check /usr/lib/python2.7/site-packages/neutron/db/agents_db.py:310
2016-12-07 05:26:02.798 544135 DEBUG neutron.wsgi [-] (544135) accepted ('172.17.1.24', 58254) server /usr/lib/python2.7/site-packages/eventlet/wsgi.py:867
2016-12-07 05:26:02.975 544135 INFO neutron.wsgi [req-ba84f57b-f13a-45cf-8a94-4c79bea51970 a603afa7ef7c431c85af30167d698a2d d1207df2e30d473c944eca1b869f5556 - - -] 172.17.1.24 - - [07/Dec/2016 05:26:02] "GET /v2.0/lbaas/pools/9caaa7ef-f459-4f00-bedd-e1f1a9cdbf09/members.json HTTP/1.1" 200 189 0.175537
2016-12-07 05:26:03.589 544136 INFO neutron.wsgi [req-b969b7cb-2d6c-49e2-a491-1ef31aaf76be a603afa7ef7c431c85af30167d698a2d d1207df2e30d473c944eca1b869f5556 - - -] 172.17.1.24 - - [07/Dec/2016 05:26:03] "GET /v2.0/lbaas/pools.json HTTP/1.1" 200 4221 8.166315
2016-12-07 05:26:03.670 544135 DEBUG neutron.wsgi [-] (544135) accepted ('172.17.1.24', 58522) server /usr/lib/python2.7/site-packages/eventlet/wsgi.py:867
2016-12-07 05:26:04.678 544135 INFO neutron.wsgi [req-b4c1973c-df00-4773-b17a-b27be24c9a7e a603afa7ef7c431c85af30167d698a2d d1207df2e30d473c944eca1b869f5556 - - -] 172.17.1.24 - - [07/Dec/2016 05:26:04] "GET /v2.0/lbaas/loadbalancers/e730de6f-da8f-4096-b664-a55272fd7dc3/statuses.json HTTP/1.1" 200 824 1.006108
2016-12-07 05:26:06.014 544135 DEBUG neutron.wsgi [-] (544135) accepted ('172.17.1.24', 59210) server /usr/lib/python2.7/site-packages/eventlet/wsgi.py:867
2016-12-07 05:26:07.461 544135 INFO neutron.wsgi [req-52f00529-72dd-4425-8a19-8f24bd8ffaec a603afa7ef7c431c85af30167d698a2d d1207df2e30d473c944eca1b869f5556 - - -] 172.17.1.24 - - [07/Dec/2016 05:26:07] "GET /v2.0/lbaas/loadbalancers/4e861be4-d791-4978-827d-b74d962f5138/statuses.json HTTP/1.1" 200 828 1.444863
2016-12-07 05:26:08.242 544135 DEBUG neutron.wsgi [-] (544135) accepted ('172.17.1.24', 59804) server /usr/lib/python2.7/site-packages/eventlet/wsgi.py:867
2016-12-07 05:26:09.126 544135 INFO neutron.wsgi [req-da46ccfe-aabb-4bd7-8f89-ba6a0d611c4b a603afa7ef7c431c85af30167d698a2d d1207df2e30d473c944eca1b869f5556 - - -] 172.17.1.24 - - [07/Dec/2016 05:26:09] "GET /v2.0/lbaas/listeners/c79c6fbd-2109-44a7-b94b-ea4c788165f5.json HTTP/1.1" 200 593 0.874980
2016-12-07 05:26:10.944 544135 INFO neutron.wsgi [req-857f3148-a230-4548-9cd2-973a4c9c3113 a603afa7ef7c431c85af30167d698a2d d1207df2e30d473c944eca1b869f5556 - - -] 172.17.1.24 - - [07/Dec/2016 05:26:10] "GET /v2.0/lbaas/loadbalancers/ccf8ecfb-5b38-4ccc-ba03-a7b47d276961/statuses.json HTTP/1.1" 200 824 1.801455
2016-12-07 05:26:11.641 544139 DEBUG oslo_messaging._drivers.amqpdriver [-] received message msg_id: bc3ea6683f2b44dcae246c6fe4cf60c1 reply to reply_06b059b0c3e74bb9876764e92c4103b4 __call__ /usr/lib/python2.7/site-packages/oslo_messaging/_drivers/amqpdriver.py:194
2016-12-07 05:26:11.672 544139 DEBUG neutron.callbacks.manager [req-de2f58c5-ce4b-494e-b312-1ad4f8f1b013 - - - - -] Notify callbacks [('neutron.services.segments.db._update_segment_host_mapping_for_agent--9223372036849464760', )] for agent, after_update _notify_loop /usr/lib/python2.7/site-packages/neutron/callbacks/manager.py:142
2016-12-07 05:26:11.673 544139 DEBUG oslo_messaging._drivers.amqpdriver [req-de2f58c5-ce4b-494e-b312-1ad4f8f1b013 - - - - -] sending reply msg_id: bc3ea6683f2b44dcae246c6fe4cf60c1 reply queue: reply_06b059b0c3e74bb9876764e92c4103b4 time elapsed: 0.0303509820078s _send_reply /usr/lib/python2.7/site-packages/oslo_messaging/_drivers/amqpdriver.py:73
2016-12-07 05:26:12.318 544136 DEBUG neutron.wsgi [-] (544136) accepted ('172.17.1.24', 60808) server /usr/lib/python2.7/site-packages/eventlet/wsgi.py:867
2016-12-07 05:26:15.030 544137 DEBUG oslo_messaging._drivers.amqpdriver [-] received message msg_id: 714849f8d481477fafbc20efede47b31 reply to reply_40d37007feda467e88c682c6ffa2cd12 __call__ /usr/lib/python2.7/site-packages/oslo_messaging/_drivers/amqpdriver.py:194
2016-12-07 05:26:15.060 544136 INFO neutron.wsgi [req-dfb30261-cbcc-4a15-86ee-123737345491 a603afa7ef7c431c85af30167d698a2d d1207df2e30d473c944eca1b869f5556 - - -] 172.17.1.24 - - [07/Dec/2016 05:26:15] "GET /v2.0/lbaas/loadbalancers/f5ddc110-96e2-447d-b853-dca8a4c5a603/statuses.json HTTP/1.1" 200 828 2.740529
2016-12-07 05:26:15.170 544137 DEBUG neutron.callbacks.manager [req-34154474-aeaa-43ee-a4e6-2dbe2c60c65e - - - - -] Notify callbacks [('neutron.services.segments.db._update_segment_host_mapping_for_agent--9223372036849464760', )] for agent, after_update _notify_loop /usr/lib/python2.7/site-packages/neutron/callbacks/manager.py:142
2016-12-07 05:26:15.171 544137 DEBUG oslo_messaging._drivers.amqpdriver [req-34154474-aeaa-43ee-a4e6-2dbe2c60c65e - - - - -] sending reply msg_id: 714849f8d481477fafbc20efede47b31 reply queue: reply_40d37007feda467e88c682c6ffa2cd12 time elapsed: 0.141358827997s _send_reply /usr/lib/python2.7/site-packages/oslo_messaging/_drivers/amqpdriver.py:73
2016-12-07 05:26:15.356 544136 DEBUG neutron.wsgi [-] (544136) accepted ('172.17.1.24', 33166) server /usr/lib/python2.7/site-packages/eventlet/wsgi.py:867
2016-12-07 05:26:17.025 544136 INFO neutron.wsgi [req-6869ed15-15e9-4714-98cc-bbd8a41b4dd5 a603afa7ef7c431c85af30167d698a2d d1207df2e30d473c944eca1b869f5556 - - -] 172.17.1.24 - - [07/Dec/2016 05:26:17] "GET /v2.0/lbaas/listeners/1d4a5e6e-cd6b-460a-a34e-b8f5cb582fad.json HTTP/1.1" 200 593 1.667372
2016-12-07 05:26:17.725 543515 DEBUG oslo_messaging._drivers.amqpdriver [-] received message msg_id: cc228a8ebe0547a1a395fe2dd4d55664 reply to reply_765e502b068b40a19adfd7aa9f5e4032 __call__ /usr/lib/python2.7/site-packages/oslo_messaging/_drivers/amqpdriver.py:194
2016-12-07 05:26:17.930 543515 DEBUG oslo_messaging._drivers.amqpdriver [req-e8aae7df-9665-4ef3-9d44-49fa03dc8e6a - - - - -] sending reply msg_id: cc228a8ebe0547a1a395fe2dd4d55664 reply queue: reply_765e502b068b40a19adfd7aa9f5e4032 time elapsed: 0.204135876993s _send_reply /usr/lib/python2.7/site-packages/oslo_messaging/_drivers/amqpdriver.py:73
2016-12-07 05:26:18.005 544137 DEBUG oslo_messaging._drivers.amqpdriver [-] received message msg_id: ee448a15094c4bf1af2c2bdbedef0169 reply to reply_765e502b068b40a19adfd7aa9f5e4032 __call__ /usr/lib/python2.7/site-packages/oslo_messaging/_drivers/amqpdriver.py:194
2016-12-07 05:26:18.161 544136 DEBUG neutron.wsgi [-] (544136) accepted ('172.17.1.24', 33764) server /usr/lib/python2.7/site-packages/eventlet/wsgi.py:867
2016-12-07 05:26:18.258 544137 DEBUG oslo_messaging._drivers.amqpdriver [req-e8aae7df-9665-4ef3-9d44-49fa03dc8e6a - - - - -] sending reply msg_id: ee448a15094c4bf1af2c2bdbedef0169 reply queue: reply_765e502b068b40a19adfd7aa9f5e4032 time elapsed: 0.25217247798s _send_reply /usr/lib/python2.7/site-packages/oslo_messaging/_drivers/amqpdriver.py:73
2016-12-07 05:26:18.343 544138 DEBUG oslo_messaging._drivers.amqpdriver [-] received message msg_id: afb779ca0bc84f03a6a50ccbc094e454 reply to reply_765e502b068b40a19adfd7aa9f5e4032 __call__ /usr/lib/python2.7/site-packages/oslo_messaging/_drivers/amqpdriver.py:194
2016-12-07 05:26:18.446 544138 DEBUG oslo_messaging._drivers.amqpdriver [req-e8aae7df-9665-4ef3-9d44-49fa03dc8e6a - - - - -] sending reply msg_id: afb779ca0bc84f03a6a50ccbc094e454 reply queue: reply_765e502b068b40a19adfd7aa9f5e4032 time elapsed: 0.102308387985s _send_reply /usr/lib/python2.7/site-packages/oslo_messaging/_drivers/amqpdriver.py:73
2016-12-07 05:26:21.102 544136 INFO neutron.wsgi [req-3ce2f405-386e-4ddd-9a3d-1f9d7923b25b a603afa7ef7c431c85af30167d698a2d d1207df2e30d473c944eca1b869f5556 - - -] 172.17.1.24 - - [07/Dec/2016 05:26:21] "GET /v2.0/lbaas/listeners/db2deaa1-9da7-4ee8-bd70-2a8bc0382ec0.json HTTP/1.1" 200 594 2.930214
2016-12-07 05:26:21.658 544138 DEBUG oslo_messaging._drivers.amqpdriver [-] received message with unique_id: 3c7c59f1607a45aaa1c47f6f403b7e04 __call__ /usr/lib/python2.7/site-packages/oslo_messaging/_drivers/amqpdriver.py:196
2016-12-07 05:26:21.767 544138 DEBUG neutron.callbacks.manager [req-86848f46-0857-4db6-b9b8-522f4fcddf59 - - - - -] Notify callbacks [('neutron.services.segments.db._update_segment_host_mapping_for_agent--9223372036849464760', )] for agent, after_update _notify_loop /usr/lib/python2.7/site-packages/neutron/callbacks/manager.py:142
2016-12-07 05:26:22.707 544136 INFO neutron.wsgi [req-a55e41c4-aaf5-4a3d-beaf-93b5989b05f2 a603afa7ef7c431c85af30167d698a2d d1207df2e30d473c944eca1b869f5556 - - -] 172.17.1.24 - - [07/Dec/2016 05:26:22] "GET /v2.0/lbaas/loadbalancers/8274cb61-87c6-4a6b-b423-1d86b2bd887c/statuses.json HTTP/1.1" 200 830 1.561000
2016-12-07 05:26:22.867 544136 DEBUG neutron.wsgi [-] (544136) accepted ('172.17.1.24', 34812) server /usr/lib/python2.7/site-packages/eventlet/wsgi.py:867
2016-12-07 05:26:25.292 544136 INFO neutron.wsgi [req-88cd6af1-434b-496e-b615-d398c10c5171 a603afa7ef7c431c85af30167d698a2d d1207df2e30d473c944eca1b869f5556 - - -] 172.17.1.24 - - [07/Dec/2016 05:26:25] "GET /v2.0/lbaas/listeners/5c97eae0-ec52-4e00-b127-91f920408b36.json HTTP/1.1" 200 593 2.423119
2016-12-07 05:26:27.420 544136 INFO neutron.wsgi [req-c93ad743-2861-4032-bc82-cee0160fb22e a603afa7ef7c431c85af30167d698a2d d1207df2e30d473c944eca1b869f5556 - - -] 172.17.1.24 - - [07/Dec/2016 05:26:27] "GET /v2.0/lbaas/loadbalancers/f5ddc110-96e2-447d-b853-dca8a4c5a603/statuses.json HTTP/1.1" 200 828 2.106464
2016-12-07 05:26:27.536 544136 INFO neutron.wsgi [req-3a8d7d67-2259-4d4a-a51a-5b14592adb26 a603afa7ef7c431c85af30167d698a2d d1207df2e30d473c944eca1b869f5556 - - -] 172.17.1.24 - - [07/Dec/2016 05:26:27] "GET /v2.0/lbaas/pools/bd4a42be-c63c-48ef-a86e-4c49ce01613a/members.json HTTP/1.1" 200 189 0.102227
2016-12-07 05:26:28.656 544136 DEBUG neutron.wsgi [-] (544136) accepted ('172.17.1.24', 35948) server /usr/lib/python2.7/site-packages/eventlet/wsgi.py:867
2016-12-07 05:26:30.753 544136 INFO neutron.wsgi [req-701d03ac-379a-47ba-981f-0270768473c1 a603afa7ef7c431c85af30167d698a2d d1207df2e30d473c944eca1b869f5556 - - -] 172.17.1.24 - - [07/Dec/2016 05:26:30] "GET /v2.0/lbaas/loadbalancers/c3955010-81ec-4bb2-9b36-cfeeff085db2/statuses.json HTTP/1.1" 200 660 2.096034
2016-12-07 05:26:31.058 544139 DEBUG oslo_messaging._drivers.amqpdriver [-] received message msg_id: 32eb83849bc24bd18bd103cec9b2d8dd reply to reply_e4a476c08e944dd2a70761469b9997bd __call__ /usr/lib/python2.7/site-packages/oslo_messaging/_drivers/amqpdriver.py:194
2016-12-07 05:26:31.182 544139 DEBUG neutron.callbacks.manager [req-69cc4524-b375-4937-a81b-fbd1af324285 - - - - -] Notify callbacks [('neutron.services.segments.db._update_segment_host_mapping_for_agent--9223372036849464760', )] for agent, after_update _notify_loop /usr/lib/python2.7/site-packages/neutron/callbacks/manager.py:142
2016-12-07 05:26:31.184 544139 DEBUG oslo_messaging._drivers.amqpdriver [req-69cc4524-b375-4937-a81b-fbd1af324285 - - - - -] sending reply msg_id: 32eb83849bc24bd18bd103cec9b2d8dd reply queue: reply_e4a476c08e944dd2a70761469b9997bd time elapsed: 0.124526956002s _send_reply /usr/lib/python2.7/site-packages/oslo_messaging/_drivers/amqpdriver.py:73
2016-12-07 05:26:34.172 544136 DEBUG neutron.wsgi [-] (544136) accepted ('172.17.1.24', 36756) server /usr/lib/python2.7/site-packages/eventlet/wsgi.py:867
2016-12-07 05:26:34.521 544137 DEBUG oslo_messaging._drivers.amqpdriver [-] received message msg_id: c0af1a0ad58a4756823385a6d4eae1bb reply to reply_1eda4a5ae6554a82943fb816f40bf95b __call__ /usr/lib/python2.7/site-packages/oslo_messaging/_drivers/amqpdriver.py:194
2016-12-07 05:26:34.651 544137 DEBUG neutron.callbacks.manager [req-29e5e86c-674f-426a-acfd-bd73226ec138 - - - - -] Notify callbacks [('neutron.services.segments.db._update_segment_host_mapping_for_agent--9223372036849464760', )] for agent, after_update _notify_loop /usr/lib/python2.7/site-packages/neutron/callbacks/manager.py:142
2016-12-07 05:26:34.652 544137 DEBUG oslo_messaging._drivers.amqpdriver [req-29e5e86c-674f-426a-acfd-bd73226ec138 - - - - -] sending reply msg_id: c0af1a0ad58a4756823385a6d4eae1bb reply queue: reply_1eda4a5ae6554a82943fb816f40bf95b time elapsed: 0.129955632001s _send_reply /usr/lib/python2.7/site-packages/oslo_messaging/_drivers/amqpdriver.py:73
2016-12-07 05:26:35.718 544138 DEBUG oslo_messaging._drivers.amqpdriver [-] received message msg_id: 3f046599869a44c8bc0235e659169611 reply to reply_509672ccaae1473ea765e38356196e47 __call__ /usr/lib/python2.7/site-packages/oslo_messaging/_drivers/amqpdriver.py:194
2016-12-07 05:26:35.818 544138 DEBUG neutron.callbacks.manager [req-8965a84c-6f8e-45ce-bbd7-a518a71a424f - - - - -] Notify callbacks [('neutron.services.segments.db._update_segment_host_mapping_for_agent--9223372036849464760', )] for agent, after_update _notify_loop /usr/lib/python2.7/site-packages/neutron/callbacks/manager.py:142
2016-12-07 05:26:35.819 544138 DEBUG oslo_messaging._drivers.amqpdriver [req-8965a84c-6f8e-45ce-bbd7-a518a71a424f - - - - -] sending reply msg_id: 3f046599869a44c8bc0235e659169611 reply queue: reply_509672ccaae1473ea765e38356196e47 time elapsed: 0.100006487017s _send_reply /usr/lib/python2.7/site-packages/oslo_messaging/_drivers/amqpdriver.py:73
2016-12-07 05:26:37.164 544136 INFO neutron.wsgi [req-cd97233a-6f1a-4dd9-93e4-25343bdc3d48 a603afa7ef7c431c85af30167d698a2d d1207df2e30d473c944eca1b869f5556 - - -] 172.17.1.24 - - [07/Dec/2016 05:26:37] "GET /v2.0/lbaas/loadbalancers/603ece99-4b7e-47db-a8bc-b7effa8a4e74/statuses.json HTTP/1.1" 200 828 2.989047
2016-12-07 05:26:37.379 544136 DEBUG neutron.wsgi [-] (544136) accepted ('172.17.1.24', 37218) server /usr/lib/python2.7/site-packages/eventlet/wsgi.py:867
2016-12-07 05:26:37.608 544136 INFO neutron.wsgi [req-3c07de3d-5a59-49ff-a351-ed3e51d1e1b7 a603afa7ef7c431c85af30167d698a2d d1207df2e30d473c944eca1b869f5556 - - -] 172.17.1.24 - - [07/Dec/2016 05:26:37] "GET /v2.0/lbaas/pools/cf82257b-5f7a-485d-ba6f-b25a01aebcee/members.json HTTP/1.1" 200 189 0.226513
2016-12-07 05:26:37.660 543515 DEBUG oslo_messaging._drivers.amqpdriver [-] received message msg_id: 05d3cb57fecf4e99a6db8cf046e36527 reply to reply_765e502b068b40a19adfd7aa9f5e4032 __call__ /usr/lib/python2.7/site-packages/oslo_messaging/_drivers/amqpdriver.py:194
2016-12-07 05:26:37.737 543515 DEBUG oslo_messaging._drivers.amqpdriver [req-e8aae7df-9665-4ef3-9d44-49fa03dc8e6a - - - - -] sending reply msg_id: 05d3cb57fecf4e99a6db8cf046e36527 reply queue: reply_765e502b068b40a19adfd7aa9f5e4032 time elapsed: 0.0753296570037s _send_reply /usr/lib/python2.7/site-packages/oslo_messaging/_drivers/amqpdriver.py:73
2016-12-07 05:26:37.770 544137 DEBUG oslo_messaging._drivers.amqpdriver [-] received message msg_id: 33a552f1fa1c4d26a8600c343d4d5e7e reply to reply_765e502b068b40a19adfd7aa9f5e4032 __call__ /usr/lib/python2.7/site-packages/oslo_messaging/_drivers/amqpdriver.py:194
2016-12-07 05:26:37.863 544137 DEBUG oslo_messaging._drivers.amqpdriver [req-e8aae7df-9665-4ef3-9d44-49fa03dc8e6a - - - - -] sending reply msg_id: 33a552f1fa1c4d26a8600c343d4d5e7e reply queue: reply_765e502b068b40a19adfd7aa9f5e4032 time elapsed: 0.0922464100004s _send_reply /usr/lib/python2.7/site-packages/oslo_messaging/_drivers/amqpdriver.py:73
2016-12-07 05:26:37.892 544138 DEBUG oslo_messaging._drivers.amqpdriver [-] received message msg_id: 05002d0581eb43bf9d8ff2851c1a63db reply to reply_765e502b068b40a19adfd7aa9f5e4032 __call__ /usr/lib/python2.7/site-packages/oslo_messaging/_drivers/amqpdriver.py:194
2016-12-07 05:26:37.969 544138 DEBUG oslo_messaging._drivers.amqpdriver [req-e8aae7df-9665-4ef3-9d44-49fa03dc8e6a - - - - -] sending reply msg_id: 05002d0581eb43bf9d8ff2851c1a63db reply queue: reply_765e502b068b40a19adfd7aa9f5e4032 time elapsed: 0.0763524929935s _send_reply /usr/lib/python2.7/site-packages/oslo_messaging/_drivers/amqpdriver.py:73
2016-12-07 05:26:38.319 544140 DEBUG neutron.db.agents_db [req-9e432635-c01c-4e97-ab92-c4d82e709862 - - - - -] Agent healthcheck: found 17 active agents agent_health_check /usr/lib/python2.7/site-packages/neutron/db/agents_db.py:310
2016-12-07 05:26:38.669 544135 DEBUG neutron.wsgi [-] (544135) accepted ('172.17.1.24', 37462) server /usr/lib/python2.7/site-packages/eventlet/wsgi.py:867
2016-12-07 05:26:40.441 544135 INFO neutron.wsgi [req-1f012bc7-1cd9-4695-9cbf-93c847230bb7 a603afa7ef7c431c85af30167d698a2d d1207df2e30d473c944eca1b869f5556 - - -] 172.17.1.24 - - [07/Dec/2016 05:26:40] "GET /v2.0/lbaas/loadbalancers/c69da4f4-2907-4302-ae02-277266d040e3/statuses.json HTTP/1.1" 200 660 1.769947
2016-12-07 05:26:40.935 544135 DEBUG neutron.wsgi [-] (544135) accepted ('172.17.1.24', 37854) server /usr/lib/python2.7/site-packages/eventlet/wsgi.py:867
2016-12-07 05:26:42.739 544135 INFO neutron.wsgi [req-9dc488a3-ff54-4a28-9506-eba7368d5a76 a603afa7ef7c431c85af30167d698a2d d1207df2e30d473c944eca1b869f5556 - - -] 172.17.1.24 - - [07/Dec/2016 05:26:42] "GET /v2.0/lbaas/listeners/5a84dbec-0db1-4d69-89ac-f4fbecdc71c7.json HTTP/1.1" 200 593 1.802289
2016-12-07 05:26:42.758 544136 DEBUG neutron.wsgi [-] (544136) accepted ('172.17.1.24', 38206) server /usr/lib/python2.7/site-packages/eventlet/wsgi.py:867
2016-12-07 05:26:44.659 544135 DEBUG neutron.wsgi [-] (544135) accepted ('172.17.1.24', 38610) server /usr/lib/python2.7/site-packages/eventlet/wsgi.py:867
2016-12-07 05:26:46.279 544135 INFO neutron.wsgi [req-a534ed2a-6c0c-439a-80c2-c17ab4708017 a603afa7ef7c431c85af30167d698a2d d1207df2e30d473c944eca1b869f5556 - - -] 172.17.1.24 - - [07/Dec/2016 05:26:46] "GET /v2.0/lbaas/listeners/6fb7f9df-a841-4ba0-a991-497fc6cab4e9.json HTTP/1.1" 200 594 1.618541
2016-12-07 05:26:48.841 544135 DEBUG neutron.wsgi [-] (544135) accepted ('172.17.1.24', 39330) server /usr/lib/python2.7/site-packages/eventlet/wsgi.py:867
2016-12-07 05:26:49.133 544135 INFO neutron.wsgi [req-07df8f74-56c5-49ef-8531-116c41a81a2d a603afa7ef7c431c85af30167d698a2d d1207df2e30d473c944eca1b869f5556 - - -] 172.17.1.24 - - [07/Dec/2016 05:26:49] "GET /v2.0/lb/vips.json HTTP/1.1" 404 309 0.276049
2016-12-07 05:26:50.574 543515 DEBUG oslo_messaging._drivers.amqpdriver [-] received message msg_id: 8def49276e914161998d69e249ba8aa3 reply to reply_4be3505667b542dc94299f20f538e67f __call__ /usr/lib/python2.7/site-packages/oslo_messaging/_drivers/amqpdriver.py:194
2016-12-07 05:26:50.704 543515 DEBUG oslo_messaging._drivers.amqpdriver [req-b0c3eb4e-4cb9-4011-80b4-6a375960710d - - - - -] sending reply msg_id: 8def49276e914161998d69e249ba8aa3 reply queue: reply_4be3505667b542dc94299f20f538e67f time elapsed: 0.12986643202s _send_reply /usr/lib/python2.7/site-packages/oslo_messaging/_drivers/amqpdriver.py:73
2016-12-07 05:26:52.649 544139 DEBUG oslo_messaging._drivers.amqpdriver [-] received message msg_id: 189fd9124b5841b38ef35eb308bb4708 reply to reply_09001735df1148fe8276a7bd884ac818 __call__ /usr/lib/python2.7/site-packages/oslo_messaging/_drivers/amqpdriver.py:194
2016-12-07 05:26:52.758 544139 DEBUG neutron.callbacks.manager [req-5cc5c40e-cd64-4137-ab39-67fda8909b60 - - - - -] Notify callbacks [('neutron.services.segments.db._update_segment_host_mapping_for_agent--9223372036849464760', )] for agent, after_update _notify_loop /usr/lib/python2.7/site-packages/neutron/callbacks/manager.py:142
2016-12-07 05:26:52.759 544139 DEBUG oslo_messaging._drivers.amqpdriver [req-5cc5c40e-cd64-4137-ab39-67fda8909b60 - - - - -] sending reply msg_id: 189fd9124b5841b38ef35eb308bb4708 reply queue: reply_09001735df1148fe8276a7bd884ac818 time elapsed: 0.109822361992s _send_reply /usr/lib/python2.7/site-packages/oslo_messaging/_drivers/amqpdriver.py:73
2016-12-07 05:26:53.327 544137 DEBUG oslo_messaging._drivers.amqpdriver [-] received message msg_id: 302b78a237304017bc72240f9b51fe91 reply to reply_645e85d800b74168a13e621da604047d __call__ /usr/lib/python2.7/site-packages/oslo_messaging/_drivers/amqpdriver.py:194
2016-12-07 05:26:53.474 544137 DEBUG neutron.callbacks.manager [req-85b0f588-8498-4665-82a0-a2e02d3013ea - - - - -] Notify callbacks [('neutron.services.segments.db._update_segment_host_mapping_for_agent--9223372036849464760', )] for agent, after_update _notify_loop /usr/lib/python2.7/site-packages/neutron/callbacks/manager.py:142
2016-12-07 05:26:53.475 544137 DEBUG oslo_messaging._drivers.amqpdriver [req-85b0f588-8498-4665-82a0-a2e02d3013ea - - - - -] sending reply msg_id: 302b78a237304017bc72240f9b51fe91 reply queue: reply_645e85d800b74168a13e621da604047d time elapsed: 0.146928771981s _send_reply /usr/lib/python2.7/site-packages/oslo_messaging/_drivers/amqpdriver.py:73
2016-12-07 05:26:53.976 544138 DEBUG oslo_messaging._drivers.amqpdriver [-] received message with unique_id: 38237e924f30484c9fdefcf52f098117 __call__ /usr/lib/python2.7/site-packages/oslo_messaging/_drivers/amqpdriver.py:196
2016-12-07 05:26:54.130 544138 DEBUG neutron.callbacks.manager [req-4cf01283-d111-4692-85b8-f952a5580aa0 - - - - -] Notify callbacks [('neutron.services.segments.db._update_segment_host_mapping_for_agent--9223372036849464760', )] for agent, after_update _notify_loop /usr/lib/python2.7/site-packages/neutron/callbacks/manager.py:142
2016-12-07 05:26:57.687 544137 DEBUG oslo_messaging._drivers.amqpdriver [-] received message msg_id: cba730170c1745abaca149611244f5df reply to reply_765e502b068b40a19adfd7aa9f5e4032 __call__ /usr/lib/python2.7/site-packages/oslo_messaging/_drivers/amqpdriver.py:194
2016-12-07 05:26:57.770 544137 DEBUG oslo_messaging._drivers.amqpdriver [req-e8aae7df-9665-4ef3-9d44-49fa03dc8e6a - - - - -] sending reply msg_id: cba730170c1745abaca149611244f5df reply queue: reply_765e502b068b40a19adfd7aa9f5e4032 time elapsed: 0.0821658379864s _send_reply /usr/lib/python2.7/site-packages/oslo_messaging/_drivers/amqpdriver.py:73
2016-12-07 05:26:57.827 544138 DEBUG oslo_messaging._drivers.amqpdriver [-] received message msg_id: 0c775a3c196445b7bbd0073abb4769aa reply to reply_765e502b068b40a19adfd7aa9f5e4032 __call__ /usr/lib/python2.7/site-packages/oslo_messaging/_drivers/amqpdriver.py:194
2016-12-07 05:26:58.027 544138 DEBUG oslo_messaging._drivers.amqpdriver [req-e8aae7df-9665-4ef3-9d44-49fa03dc8e6a - - - - -] sending reply msg_id: 0c775a3c196445b7bbd0073abb4769aa reply queue: reply_765e502b068b40a19adfd7aa9f5e4032 time elapsed: 0.199618212995s _send_reply /usr/lib/python2.7/site-packages/oslo_messaging/_drivers/amqpdriver.py:73
2016-12-07 05:27:01.628 544136 INFO neutron.wsgi [req-3e7f31e6-78e3-4a78-ac01-bfe0d43d5e52 a603afa7ef7c431c85af30167d698a2d d1207df2e30d473c944eca1b869f5556 - - -] 172.17.1.24 - - [07/Dec/2016 05:27:01] "GET /v2.0/lbaas/pools.json HTTP/1.1" 200 4221 18.865768
2016-12-07 05:27:03.641 544136 DEBUG neutron.wsgi [-] (544136) accepted ('172.17.1.24', 42048) server /usr/lib/python2.7/site-packages/eventlet/wsgi.py:867
2016-12-07 05:27:07.334 544136 INFO neutron.wsgi [req-25a8b83a-45e7-41b5-83b4-e19dcd8009b1 a603afa7ef7c431c85af30167d698a2d d1207df2e30d473c944eca1b869f5556 - - -] 172.17.1.24 - - [07/Dec/2016 05:27:07] "GET /v2.0/lbaas/loadbalancers/c69da4f4-2907-4302-ae02-277266d040e3/statuses.json HTTP/1.1" 200 660 3.691551
2016-12-07 05:27:08.195 544136 INFO neutron.wsgi [req-fd65aef7-7392-46f6-bc0e-60ae22d1319d a603afa7ef7c431c85af30167d698a2d d1207df2e30d473c944eca1b869f5556 - - -] 172.17.1.24 - - [07/Dec/2016 05:27:08] "GET /v2.0/lbaas/listeners/ec0f1902-6cdc-4459-ac16-5816a914709d.json HTTP/1.1" 200 594 0.839087
2016-12-07 05:27:09.858 544136 DEBUG neutron.wsgi [-] (544136) accepted ('172.17.1.24', 43482) server /usr/lib/python2.7/site-packages/eventlet/wsgi.py:867
2016-12-07 05:27:10.452 544139 DEBUG oslo_messaging._drivers.amqpdriver [-] received message msg_id: e03a08526f6d44ca99af89696bdae2f7 reply to reply_51e36242703d4a1b8207f711e7a9c4e8 __call__ /usr/lib/python2.7/site-packages/oslo_messaging/_drivers/amqpdriver.py:194
2016-12-07 05:27:10.526 544139 DEBUG neutron.callbacks.manager [req-d1fb5955-3dcc-4bb6-9a6f-e2c007ee2215 - - - - -] Notify callbacks [('neutron.services.segments.db._update_segment_host_mapping_for_agent--9223372036849464760', )] for agent, after_update _notify_loop /usr/lib/python2.7/site-packages/neutron/callbacks/manager.py:142
2016-12-07 05:27:10.528 544139 DEBUG oslo_messaging._drivers.amqpdriver [req-d1fb5955-3dcc-4bb6-9a6f-e2c007ee2215 - - - - -] sending reply msg_id: e03a08526f6d44ca99af89696bdae2f7 reply queue: reply_51e36242703d4a1b8207f711e7a9c4e8 time elapsed: 0.0744326310232s _send_reply /usr/lib/python2.7/site-packages/oslo_messaging/_drivers/amqpdriver.py:73
2016-12-07 05:27:10.569 543515 DEBUG oslo_messaging._drivers.amqpdriver [-] received message msg_id: 2f886d7e11fe4997ad7bee64fa0adaae reply to reply_4be3505667b542dc94299f20f538e67f __call__ /usr/lib/python2.7/site-packages/oslo_messaging/_drivers/amqpdriver.py:194
2016-12-07 05:27:10.654 543515 DEBUG oslo_messaging._drivers.amqpdriver [req-b0c3eb4e-4cb9-4011-80b4-6a375960710d - - - - -] sending reply msg_id: 2f886d7e11fe4997ad7bee64fa0adaae reply queue: reply_4be3505667b542dc94299f20f538e67f time elapsed: 0.084743697982s _send_reply /usr/lib/python2.7/site-packages/oslo_messaging/_drivers/amqpdriver.py:73
2016-12-07 05:27:11.805 544136 INFO neutron.wsgi [req-ae1553ab-d98e-4222-ad6a-5dd3a61a1178 a603afa7ef7c431c85af30167d698a2d d1207df2e30d473c944eca1b869f5556 - - -] 172.17.1.24 - - [07/Dec/2016 05:27:11] "GET /v2.0/lbaas/loadbalancers/6fd189a3-e0b8-4d5d-94aa-0c17ca2005f4/statuses.json HTTP/1.1" 200 828 1.945469
2016-12-07 05:27:12.205 544137 DEBUG oslo_messaging._drivers.amqpdriver [-] received message msg_id: db0baba943194a77b0aa6cc9e57dab69 reply to reply_06b059b0c3e74bb9876764e92c4103b4 __call__ /usr/lib/python2.7/site-packages/oslo_messaging/_drivers/amqpdriver.py:194
2016-12-07 05:27:12.350 544137 DEBUG oslo_messaging._drivers.amqpdriver [-] received message with unique_id: 54274b8cfef04a45a7b67a2be0aaac04 __call__ /usr/lib/python2.7/site-packages/oslo_messaging/_drivers/amqpdriver.py:196
2016-12-07 05:27:12.406 544137 DEBUG neutron.callbacks.manager [req-de2f58c5-ce4b-494e-b312-1ad4f8f1b013 - - - - -] Notify callbacks [('neutron.services.segments.db._update_segment_host_mapping_for_agent--9223372036849464760', )] for agent, after_update _notify_loop /usr/lib/python2.7/site-packages/neutron/callbacks/manager.py:142
2016-12-07 05:27:12.407 544137 DEBUG oslo_messaging._drivers.amqpdriver [req-de2f58c5-ce4b-494e-b312-1ad4f8f1b013 - - - - -] sending reply msg_id: db0baba943194a77b0aa6cc9e57dab69 reply queue: reply_06b059b0c3e74bb9876764e92c4103b4 time elapsed: 0.201008792006s _send_reply /usr/lib/python2.7/site-packages/oslo_messaging/_drivers/amqpdriver.py:73
2016-12-07 05:27:12.540 544137 DEBUG neutron.callbacks.manager [req-b0c3eb4e-4cb9-4011-80b4-6a375960710d - - - - -] Notify callbacks [('neutron.services.segments.db._update_segment_host_mapping_for_agent--9223372036849464760', )] for agent, after_update _notify_loop /usr/lib/python2.7/site-packages/neutron/callbacks/manager.py:142
2016-12-07 05:27:13.052 544135 DEBUG neutron.wsgi [-] (544135) accepted ('172.17.1.24', 44246) server /usr/lib/python2.7/site-packages/eventlet/wsgi.py:867
2016-12-07 05:27:15.232 544140 DEBUG neutron.db.agents_db [req-9e432635-c01c-4e97-ab92-c4d82e709862 - - - - -] Agent healthcheck: found 17 active agents agent_health_check /usr/lib/python2.7/site-packages/neutron/db/agents_db.py:310
2016-12-07 05:27:15.267 544138 DEBUG oslo_messaging._drivers.amqpdriver [-] received message msg_id: 81b212127fed42c3b827718156a81692 reply to reply_40d37007feda467e88c682c6ffa2cd12 __call__ /usr/lib/python2.7/site-packages/oslo_messaging/_drivers/amqpdriver.py:194
2016-12-07 05:27:15.317 544138 DEBUG neutron.callbacks.manager [req-035884aa-8a1e-4634-8c1f-b7ce77c7afb9 - - - - -] Notify callbacks [('neutron.services.segments.db._update_segment_host_mapping_for_agent--9223372036849464760', )] for agent, after_update _notify_loop /usr/lib/python2.7/site-packages/neutron/callbacks/manager.py:142
2016-12-07 05:27:15.318 544138 DEBUG oslo_messaging._drivers.amqpdriver [req-035884aa-8a1e-4634-8c1f-b7ce77c7afb9 - - - - -] sending reply msg_id: 81b212127fed42c3b827718156a81692 reply queue: reply_40d37007feda467e88c682c6ffa2cd12 time elapsed: 0.0504120590049s _send_reply /usr/lib/python2.7/site-packages/oslo_messaging/_drivers/amqpdriver.py:73
2016-12-07 05:27:15.378 544138 DEBUG oslo_messaging._drivers.amqpdriver [-] received message with unique_id: 1855ba7e774f4c7eac8a38f16f221791 __call__ /usr/lib/python2.7/site-packages/oslo_messaging/_drivers/amqpdriver.py:196
2016-12-07 05:27:15.474 544138 DEBUG neutron.callbacks.manager [req-e8aae7df-9665-4ef3-9d44-49fa03dc8e6a - - - - -] Notify callbacks [('neutron.services.segments.db._update_segment_host_mapping_for_agent--9223372036849464760', )] for agent, after_update _notify_loop /usr/lib/python2.7/site-packages/neutron/callbacks/manager.py:142
2016-12-07 05:27:15.659 544135 INFO neutron.wsgi [req-f87b361e-70b3-4c34-a770-6654a4a434a5 a603afa7ef7c431c85af30167d698a2d d1207df2e30d473c944eca1b869f5556 - - -] 172.17.1.24 - - [07/Dec/2016 05:27:15] "GET /v2.0/lbaas/loadbalancers/603ece99-4b7e-47db-a8bc-b7effa8a4e74/statuses.json HTTP/1.1" 200 828 2.605651
2016-12-07 05:27:16.412 544135 DEBUG neutron.wsgi [-] (544135) accepted ('172.17.1.24', 45022) server /usr/lib/python2.7/site-packages/eventlet/wsgi.py:867
2016-12-07 05:27:17.980 544135 INFO neutron.wsgi [req-f9216452-eb8e-491a-93fa-29cfdfc98eb7 a603afa7ef7c431c85af30167d698a2d d1207df2e30d473c944eca1b869f5556 - - -] 172.17.1.24 - - [07/Dec/2016 05:27:17] "GET /v2.0/lbaas/listeners/5c97eae0-ec52-4e00-b127-91f920408b36.json HTTP/1.1" 200 593 1.566529
2016-12-07 05:27:18.986 544135 DEBUG neutron.wsgi [-] (544135) accepted ('172.17.1.24', 45490) server /usr/lib/python2.7/site-packages/eventlet/wsgi.py:867
2016-12-07 05:27:20.526 544135 INFO neutron.wsgi [req-1ca325e2-8759-4cc9-8b8e-01e9261c9cee a603afa7ef7c431c85af30167d698a2d d1207df2e30d473c944eca1b869f5556 - - -] 172.17.1.24 - - [07/Dec/2016 05:27:20] "GET /v2.0/lbaas/listeners/291c64f6-c17b-46bf-98f8-91c7fc2e4ea9.json HTTP/1.1" 200 594 1.538276
2016-12-07 05:27:21.856 544135 DEBUG neutron.wsgi [-] (544135) accepted ('172.17.1.24', 46026) server /usr/lib/python2.7/site-packages/eventlet/wsgi.py:867
2016-12-07 05:27:22.627 544135 INFO neutron.wsgi [req-e63f6845-986f-4fd0-abe6-01076a7fda2b a603afa7ef7c431c85af30167d698a2d d1207df2e30d473c944eca1b869f5556 - - -] 172.17.1.24 - - [07/Dec/2016 05:27:22] "GET /v2.0/lbaas/listeners/1d4a5e6e-cd6b-460a-a34e-b8f5cb582fad.json HTTP/1.1" 200 593 0.768275
2016-12-07 05:27:23.452 544136 DEBUG neutron.wsgi [-] (544136) accepted ('172.17.1.24', 46368) server /usr/lib/python2.7/site-packages/eventlet/wsgi.py:867
2016-12-07 05:27:25.895 544136 INFO neutron.wsgi [req-979801b9-3328-4b73-a18d-1ca519afc8cc a603afa7ef7c431c85af30167d698a2d d1207df2e30d473c944eca1b869f5556 - - -] 172.17.1.24 - - [07/Dec/2016 05:27:25] "GET /v2.0/lbaas/listeners/1d4a5e6e-cd6b-460a-a34e-b8f5cb582fad.json HTTP/1.1" 200 593 2.441916
2016-12-07 05:27:27.046 544136 INFO neutron.wsgi [req-d94c1a4b-04b0-49a8-9911-85f6efcab298 a603afa7ef7c431c85af30167d698a2d d1207df2e30d473c944eca1b869f5556 - - -] 172.17.1.24 - - [07/Dec/2016 05:27:27] "GET /v2.0/lbaas/loadbalancers/c3955010-81ec-4bb2-9b36-cfeeff085db2/statuses.json HTTP/1.1" 200 660 1.130777
2016-12-07 05:27:28.295 543515 DEBUG oslo_messaging._drivers.amqpdriver [-] received message msg_id: d7815c1e8f1f4cd4a0c27fe372160e46 reply to reply_765e502b068b40a19adfd7aa9f5e4032 __call__ /usr/lib/python2.7/site-packages/oslo_messaging/_drivers/amqpdriver.py:194
2016-12-07 05:27:28.403 543515 DEBUG oslo_messaging._drivers.amqpdriver [req-e8aae7df-9665-4ef3-9d44-49fa03dc8e6a - - - - -] sending reply msg_id: d7815c1e8f1f4cd4a0c27fe372160e46 reply queue: reply_765e502b068b40a19adfd7aa9f5e4032 time elapsed: 0.106561766996s _send_reply /usr/lib/python2.7/site-packages/oslo_messaging/_drivers/amqpdriver.py:73
2016-12-07 05:27:29.458 544136 DEBUG neutron.wsgi [-] (544136) accepted ('172.17.1.24', 47578) server /usr/lib/python2.7/site-packages/eventlet/wsgi.py:867
2016-12-07 05:27:29.878 544139 DEBUG oslo_messaging._drivers.amqpdriver [-] received message msg_id: eb73d92a3ef9479490a30daec2d00541 reply to reply_fd109f1d3ca94e9a88eba6595cc3f080 __call__ /usr/lib/python2.7/site-packages/oslo_messaging/_drivers/amqpdriver.py:194
2016-12-07 05:27:29.957 544139 DEBUG neutron.callbacks.manager [req-bffa68b0-025c-48c9-a42f-8294e3136fd9 - - - - -] Notify callbacks [('neutron.services.segments.db._update_segment_host_mapping_for_agent--9223372036849464760', )] for agent, after_update _notify_loop /usr/lib/python2.7/site-packages/neutron/callbacks/manager.py:142
2016-12-07 05:27:29.958 544139 DEBUG oslo_messaging._drivers.amqpdriver [req-bffa68b0-025c-48c9-a42f-8294e3136fd9 - - - - -] sending reply msg_id: eb73d92a3ef9479490a30daec2d00541 reply queue: reply_fd109f1d3ca94e9a88eba6595cc3f080 time elapsed: 0.0794328310003s _send_reply /usr/lib/python2.7/site-packages/oslo_messaging/_drivers/amqpdriver.py:73
2016-12-07 05:27:30.559 544137 DEBUG oslo_messaging._drivers.amqpdriver [-] received message msg_id: 6d6e0d80d2bd48168199a2adf518820d reply to reply_4be3505667b542dc94299f20f538e67f __call__ /usr/lib/python2.7/site-packages/oslo_messaging/_drivers/amqpdriver.py:194
2016-12-07 05:27:30.669 544137 DEBUG oslo_messaging._drivers.amqpdriver [req-b0c3eb4e-4cb9-4011-80b4-6a375960710d - - - - -] sending reply msg_id: 6d6e0d80d2bd48168199a2adf518820d reply queue: reply_4be3505667b542dc94299f20f538e67f time elapsed: 0.109708236996s _send_reply /usr/lib/python2.7/site-packages/oslo_messaging/_drivers/amqpdriver.py:73
2016-12-07 05:27:30.870 544136 INFO neutron.wsgi [req-1523e74a-7db3-4231-a95a-fd30906fcf39 a603afa7ef7c431c85af30167d698a2d d1207df2e30d473c944eca1b869f5556 - - -] 172.17.1.24 - - [07/Dec/2016 05:27:30] "GET /v2.0/lbaas/listeners/c79c6fbd-2109-44a7-b94b-ea4c788165f5.json HTTP/1.1" 200 593 1.409944
2016-12-07 05:27:31.027 544137 DEBUG oslo_messaging._drivers.amqpdriver [-] received message msg_id: cc9f4eac5bd74b77a98f13e6d7b79483 reply to reply_e4a476c08e944dd2a70761469b9997bd __call__ /usr/lib/python2.7/site-packages/oslo_messaging/_drivers/amqpdriver.py:194
2016-12-07 05:27:31.144 544137 DEBUG neutron.callbacks.manager [req-69cc4524-b375-4937-a81b-fbd1af324285 - - - - -] Notify callbacks [('neutron.services.segments.db._update_segment_host_mapping_for_agent--9223372036849464760', )] for agent, after_update _notify_loop /usr/lib/python2.7/site-packages/neutron/callbacks/manager.py:142
2016-12-07 05:27:31.146 544137 DEBUG oslo_messaging._drivers.amqpdriver [req-69cc4524-b375-4937-a81b-fbd1af324285 - - - - -] sending reply msg_id: cc9f4eac5bd74b77a98f13e6d7b79483 reply queue: reply_e4a476c08e944dd2a70761469b9997bd time elapsed: 0.117590601993s _send_reply /usr/lib/python2.7/site-packages/oslo_messaging/_drivers/amqpdriver.py:73
2016-12-07 05:27:31.185 544138 DEBUG oslo_messaging._drivers.amqpdriver [-] received message with unique_id: 31b105095d6e45a0bd3264572f42106f __call__ /usr/lib/python2.7/site-packages/oslo_messaging/_drivers/amqpdriver.py:196
2016-12-07 05:27:31.323 544138 DEBUG neutron.callbacks.manager [req-4dbc7f6a-09f2-49a9-884a-2b0abb05476b - - - - -] Notify callbacks [('neutron.services.segments.db._update_segment_host_mapping_for_agent--9223372036849464760', )] for agent, after_update _notify_loop /usr/lib/python2.7/site-packages/neutron/callbacks/manager.py:142
2016-12-07 05:27:32.108 544136 DEBUG neutron.wsgi [-] (544136) accepted ('172.17.1.24', 48040) server /usr/lib/python2.7/site-packages/eventlet/wsgi.py:867
2016-12-07 05:27:33.699 544136 INFO neutron.wsgi [req-9d40e4dd-2fe9-40db-83ef-08ba2d17cb05 a603afa7ef7c431c85af30167d698a2d d1207df2e30d473c944eca1b869f5556 - - -] 172.17.1.24 - - [07/Dec/2016 05:27:33] "GET /v2.0/lbaas/listeners/db2deaa1-9da7-4ee8-bd70-2a8bc0382ec0.json HTTP/1.1" 200 594 1.588750
2016-12-07 05:27:34.343 544136 DEBUG neutron.wsgi [-] (544136) accepted ('172.17.1.24', 48422) server /usr/lib/python2.7/site-packages/eventlet/wsgi.py:867
2016-12-07 05:27:34.523 544138 DEBUG oslo_messaging._drivers.amqpdriver [-] received message msg_id: b8bb4eefa4b34e2c86033804a738e6d4 reply to reply_1eda4a5ae6554a82943fb816f40bf95b __call__ /usr/lib/python2.7/site-packages/oslo_messaging/_drivers/amqpdriver.py:194
2016-12-07 05:27:34.624 544138 DEBUG neutron.callbacks.manager [req-cc7c5b84-8bf6-41e8-ac7f-c22a029bb21d - - - - -] Notify callbacks [('neutron.services.segments.db._update_segment_host_mapping_for_agent--9223372036849464760', )] for agent, after_update _notify_loop /usr/lib/python2.7/site-packages/neutron/callbacks/manager.py:142
2016-12-07 05:27:34.625 544138 DEBUG oslo_messaging._drivers.amqpdriver [req-cc7c5b84-8bf6-41e8-ac7f-c22a029bb21d - - - - -] sending reply msg_id: b8bb4eefa4b34e2c86033804a738e6d4 reply queue: reply_1eda4a5ae6554a82943fb816f40bf95b time elapsed: 0.10183802899s _send_reply /usr/lib/python2.7/site-packages/oslo_messaging/_drivers/amqpdriver.py:73
2016-12-07 05:27:36.335 544136 INFO neutron.wsgi [req-36c2018e-ae49-4a88-9f40-b42e93497621 a603afa7ef7c431c85af30167d698a2d d1207df2e30d473c944eca1b869f5556 - - -] 172.17.1.24 - - [07/Dec/2016 05:27:36] "GET /v2.0/lbaas/listeners/db2deaa1-9da7-4ee8-bd70-2a8bc0382ec0.json HTTP/1.1" 200 594 1.991186
2016-12-07 05:27:37.808 544136 INFO neutron.wsgi [req-bd815092-0a8b-4b1f-b1f0-20707d9e1f42 a603afa7ef7c431c85af30167d698a2d d1207df2e30d473c944eca1b869f5556 - - -] 172.17.1.24 - - [07/Dec/2016 05:27:37] "GET /v2.0/lbaas/loadbalancers/8274cb61-87c6-4a6b-b423-1d86b2bd887c/statuses.json HTTP/1.1" 200 830 1.449457
2016-12-07 05:27:38.585 544136 DEBUG neutron.wsgi [-] (544136) accepted ('172.17.1.24', 49308) server /usr/lib/python2.7/site-packages/eventlet/wsgi.py:867
2016-12-07 05:27:39.832 544136 INFO neutron.wsgi [req-13707be8-4453-4d6d-9291-54b66c4b4093 a603afa7ef7c431c85af30167d698a2d d1207df2e30d473c944eca1b869f5556 - - -] 172.17.1.24 - - [07/Dec/2016 05:27:39] "GET /v2.0/lbaas/loadbalancers/e33b2cfd-43d8-4a63-b37b-9540adca1830/statuses.json HTTP/1.1" 200 830 1.246051
2016-12-07 05:27:40.753 544135 DEBUG neutron.wsgi [-] (544135) accepted ('172.17.1.24', 49876) server /usr/lib/python2.7/site-packages/eventlet/wsgi.py:867
2016-12-07 05:27:40.983 544135 INFO neutron.wsgi [req-a5c9712d-449e-4810-9085-96ae64abd0b3 a603afa7ef7c431c85af30167d698a2d d1207df2e30d473c944eca1b869f5556 - - -] 172.17.1.24 - - [07/Dec/2016 05:27:40] "GET /v2.0/fw/firewall_policies.json HTTP/1.1" 404 309 0.228211
2016-12-07 05:27:47.755 543515 DEBUG oslo_messaging._drivers.amqpdriver [-] received message msg_id: 43b88457045f40e5a7b38dd24212dde5 reply to reply_765e502b068b40a19adfd7aa9f5e4032 __call__ /usr/lib/python2.7/site-packages/oslo_messaging/_drivers/amqpdriver.py:194
2016-12-07 05:27:47.789 543515 DEBUG oslo_messaging._drivers.amqpdriver [req-e8aae7df-9665-4ef3-9d44-49fa03dc8e6a - - - - -] sending reply msg_id: 43b88457045f40e5a7b38dd24212dde5 reply queue: reply_765e502b068b40a19adfd7aa9f5e4032 time elapsed: 0.0332483540114s _send_reply /usr/lib/python2.7/site-packages/oslo_messaging/_drivers/amqpdriver.py:73
2016-12-07 05:27:47.814 544137 DEBUG oslo_messaging._drivers.amqpdriver [-] received message msg_id: 204d1720768c4cfbb76ad196bb88b9c6 reply to reply_765e502b068b40a19adfd7aa9f5e4032 __call__ /usr/lib/python2.7/site-packages/oslo_messaging/_drivers/amqpdriver.py:194
2016-12-07 05:27:47.843 544137 DEBUG oslo_messaging._drivers.amqpdriver [req-e8aae7df-9665-4ef3-9d44-49fa03dc8e6a - - - - -] sending reply msg_id: 204d1720768c4cfbb76ad196bb88b9c6 reply queue: reply_765e502b068b40a19adfd7aa9f5e4032 time elapsed: 0.0286683099985s _send_reply /usr/lib/python2.7/site-packages/oslo_messaging/_drivers/amqpdriver.py:73
2016-12-07 05:27:47.856 544138 DEBUG oslo_messaging._drivers.amqpdriver [-] received message msg_id: ed6600b6f6bd497aa7f6d32c12a40c02 reply to reply_765e502b068b40a19adfd7aa9f5e4032 __call__ /usr/lib/python2.7/site-packages/oslo_messaging/_drivers/amqpdriver.py:194
2016-12-07 05:27:47.882 544138 DEBUG oslo_messaging._drivers.amqpdriver [req-e8aae7df-9665-4ef3-9d44-49fa03dc8e6a - - - - -] sending reply msg_id: ed6600b6f6bd497aa7f6d32c12a40c02 reply queue: reply_765e502b068b40a19adfd7aa9f5e4032 time elapsed: 0.0248245010152s _send_reply /usr/lib/python2.7/site-packages/oslo_messaging/_drivers/amqpdriver.py:73
2016-12-07 05:27:52.129 544139 DEBUG oslo_messaging._drivers.amqpdriver [-] received message msg_id: c21c2339d9a24bc0b4c1203cdb1faec4 reply to reply_bdfcb5fc7cee49fc82de18d5eb69a434 __call__ /usr/lib/python2.7/site-packages/oslo_messaging/_drivers/amqpdriver.py:194
2016-12-07 05:27:52.154 544139 DEBUG neutron.callbacks.manager [req-6730a9cd-d426-4af4-88c1-fd976a623439 - - - - -] Notify callbacks [('neutron.services.segments.db._update_segment_host_mapping_for_agent--9223372036849464760', )] for agent, after_update _notify_loop /usr/lib/python2.7/site-packages/neutron/callbacks/manager.py:142
2016-12-07 05:27:52.155 544139 DEBUG oslo_messaging._drivers.amqpdriver [req-6730a9cd-d426-4af4-88c1-fd976a623439 - - - - -] sending reply msg_id: c21c2339d9a24bc0b4c1203cdb1faec4 reply queue: reply_bdfcb5fc7cee49fc82de18d5eb69a434 time elapsed: 0.0254421910213s _send_reply /usr/lib/python2.7/site-packages/oslo_messaging/_drivers/amqpdriver.py:73
2016-12-07 05:27:52.216 544140 DEBUG neutron.db.agents_db [req-9e432635-c01c-4e97-ab92-c4d82e709862 - - - - -] Agent healthcheck: found 17 active agents agent_health_check /usr/lib/python2.7/site-packages/neutron/db/agents_db.py:310
2016-12-07 05:27:52.610 544137 DEBUG oslo_messaging._drivers.amqpdriver [-] received message msg_id: 4d3ed7858d834fc9ab5e2650618bbea2 reply to reply_09001735df1148fe8276a7bd884ac818 __call__ /usr/lib/python2.7/site-packages/oslo_messaging/_drivers/amqpdriver.py:194
2016-12-07 05:27:52.627 544137 DEBUG neutron.callbacks.manager [req-5cc5c40e-cd64-4137-ab39-67fda8909b60 - - - - -] Notify callbacks [('neutron.services.segments.db._update_segment_host_mapping_for_agent--9223372036849464760', )] for agent, after_update _notify_loop /usr/lib/python2.7/site-packages/neutron/callbacks/manager.py:142
2016-12-07 05:27:52.628 544137 DEBUG oslo_messaging._drivers.amqpdriver [req-5cc5c40e-cd64-4137-ab39-67fda8909b60 - - - - -] sending reply msg_id: 4d3ed7858d834fc9ab5e2650618bbea2 reply queue: reply_09001735df1148fe8276a7bd884ac818 time elapsed: 0.0171075390244s _send_reply /usr/lib/python2.7/site-packages/oslo_messaging/_drivers/amqpdriver.py:73
2016-12-07 05:27:53.306 544138 DEBUG oslo_messaging._drivers.amqpdriver [-] received message msg_id: 083374f946e24a61a642e443140add7d reply to reply_645e85d800b74168a13e621da604047d __call__ /usr/lib/python2.7/site-packages/oslo_messaging/_drivers/amqpdriver.py:194
2016-12-07 05:27:53.323 544138 DEBUG neutron.callbacks.manager [req-85b0f588-8498-4665-82a0-a2e02d3013ea - - - - -] Notify callbacks [('neutron.services.segments.db._update_segment_host_mapping_for_agent--9223372036849464760', )] for agent, after_update _notify_loop /usr/lib/python2.7/site-packages/neutron/callbacks/manager.py:142
2016-12-07 05:27:53.324 544138 DEBUG oslo_messaging._drivers.amqpdriver [req-85b0f588-8498-4665-82a0-a2e02d3013ea - - - - -] sending reply msg_id: 083374f946e24a61a642e443140add7d reply queue: reply_645e85d800b74168a13e621da604047d time elapsed: 0.0166575259937s _send_reply /usr/lib/python2.7/site-packages/oslo_messaging/_drivers/amqpdriver.py:73
2016-12-07 05:28:02.776 544136 DEBUG neutron.wsgi [-] (544136) accepted ('172.17.1.24', 53170) server /usr/lib/python2.7/site-packages/eventlet/wsgi.py:867
2016-12-07 05:28:03.797 544136 INFO neutron.wsgi [req-81d1b910-2d25-4bfe-ba18-ce134a1bc7cc a603afa7ef7c431c85af30167d698a2d d1207df2e30d473c944eca1b869f5556 - - -] 172.17.1.24 - - [07/Dec/2016 05:28:03] "GET /v2.0/lbaas/loadbalancers/c69da4f4-2907-4302-ae02-277266d040e3/stats.json HTTP/1.1" 200 265 1.018237
2016-12-07 05:28:05.879 544135 DEBUG neutron.wsgi [-] (544135) accepted ('172.17.1.24', 53880) server /usr/lib/python2.7/site-packages/eventlet/wsgi.py:867
2016-12-07 05:28:06.036 544135 INFO neutron.wsgi [req-34818131-8e49-4f9c-9b61-6b158e04c4ae a603afa7ef7c431c85af30167d698a2d d1207df2e30d473c944eca1b869f5556 - - -] 172.17.1.24 - - [07/Dec/2016 05:28:06] "GET /v2.0/vpn/vpnservices.json HTTP/1.1" 404 309 0.155984
2016-12-07 05:28:07.623 544139 DEBUG oslo_messaging._drivers.amqpdriver [-] received message msg_id: bcc17f583bc04b8f9f19025158b4eef6 reply to reply_bb26823eb78244dfa35b1ada5a6c8295 __call__ /usr/lib/python2.7/site-packages/oslo_messaging/_drivers/amqpdriver.py:194
2016-12-07 05:28:07.703 544139 DEBUG neutron.callbacks.manager [req-890c835f-8336-44c5-a39e-63c9904689ea - - - - -] Notify callbacks [('neutron.services.segments.db._update_segment_host_mapping_for_agent--9223372036849464760', )] for agent, after_update _notify_loop /usr/lib/python2.7/site-packages/neutron/callbacks/manager.py:142
2016-12-07 05:28:07.704 544139 DEBUG oslo_messaging._drivers.amqpdriver [req-890c835f-8336-44c5-a39e-63c9904689ea - - - - -] sending reply msg_id: bcc17f583bc04b8f9f19025158b4eef6 reply queue: reply_bb26823eb78244dfa35b1ada5a6c8295 time elapsed: 0.0808140120062s _send_reply /usr/lib/python2.7/site-packages/oslo_messaging/_drivers/amqpdriver.py:73
2016-12-07 05:28:07.757 543515 DEBUG oslo_messaging._drivers.amqpdriver [-] received message msg_id: 948ef3fd5d1b477fb51ece74e5680012 reply to reply_765e502b068b40a19adfd7aa9f5e4032 __call__ /usr/lib/python2.7/site-packages/oslo_messaging/_drivers/amqpdriver.py:194
