E/kickstart( 2001): Successfully downloaded files from target
E/kickstart( 2001): Wrote to /sys/power/wake_unlock
E/kickstart( 2001): Sahara protocol completed
W/Adreno-ES20( 2085): : GL_INVALID_OPERATION
W/Adreno-EGLSUB( 2085): : PMEM_INV_CACHES undefined
W/Adreno-ES20( 2085): : GL_INVALID_OPERATION
W/Adreno-EGLSUB( 2085): : PMEM_INV_CACHES undefined
W/Adreno-ES20( 2085): : GL_INVALID_OPERATION
W/Adreno-EGLSUB( 2085): : PMEM_INV_CACHES undefined
W/qcom_sensors_hal( 965): _hal_sensors_activate: Deactivating dirty sensor 0
W/qcom_sensors_hal( 965): hal_acquire_resources, no active sensors!
W/Adreno-ES20( 2085): : GL_INVALID_OPERATION
W/Adreno-EGLSUB( 2085): : PMEM_INV_CACHES undefined
W/Adreno-ES20( 2085): : GL_INVALID_OPERATION
W/Adreno-EGLSUB( 2085): : PMEM_INV_CACHES undefined
W/Adreno-ES20( 2085): : GL_INVALID_OPERATION
W/Adreno-EGLSUB( 2085): : PMEM_INV_CACHES undefined
W/qcom_sensors_hal( 965): _hal_sensors_activate: Deactivating dirty sensor 0
W/qcom_sensors_hal( 965): hal_acquire_resources, no active sensors!
W/qcom_sensors_hal( 965): _hal_sensors_activate: Deactivating dirty sensor 0
W/qcom_sensors_hal( 965): hal_acquire_resources, no active sensors!
E/kickstart( 2001): Wrote to /sys/power/wake_lock
E/kickstart( 2001): Received file "/dev/block/platform/msm_sdcc.1/by-name/m9kefs1"
E/kickstart( 2001): 786432 bytes transferred in 0.105s (7.13 MBps)
E/kickstart( 2001): Successfully downloaded files from target
E/kickstart( 2001): Wrote to /sys/power/wake_unlock
E/kickstart( 2001): Sahara protocol completed
W/Adreno-ES20( 2085): : GL_INVALID_OPERATION
W/Adreno-EGLSUB( 2085): : PMEM_INV_CACHES undefined
W/Adreno-ES20( 2085): : GL_INVALID_OPERATION
W/Adreno-EGLSUB( 2085): : PMEM_INV_CACHES undefined
W/Adreno-ES20( 2085): : GL_INVALID_OPERATION
W/Adreno-EGLSUB( 2085): : PMEM_INV_CACHES undefined
W/Adreno-ES20( 2085): : GL_INVALID_OPERATION
W/Adreno-EGLSUB( 2085): : PMEM_INV_CACHES undefined
W/Adreno-ES20( 2085): : GL_INVALID_OPERATION
W/Adreno-EGLSUB( 2085): : PMEM_INV_CACHES undefined
W/Adreno-ES20( 2085): : GL_INVALID_OPERATION
W/Adreno-EGLSUB( 2085): : PMEM_INV_CACHES undefined
D/libEGL (24233): loaded /system/lib/egl/libEGL_adreno.so
D/libEGL (24233): loaded /system/lib/egl/libGLESv1_CM_adreno.so
D/libEGL (24233): loaded /system/lib/egl/libGLESv2_adreno.so
I/Adreno-EGL(24233): : EGL 1.4 QUALCOMM Build: I0404c4692afb8623f95c43aeb6d5e13ed4b30ddbDate: 11/06/13
W/Adreno-EGL(24233): : EGL_BAD_CONTEXT
I/ (24233): UASensorsAccelerometer* ua_sensors_accelerometer_new()():418
I/ (24233): uint32_t ua_sensors_accelerometer_get_min_delay(UASensorsAccelerometer*)():462
I/ (24233): float ua_sensors_accelerometer_get_min_value(UASensorsAccelerometer*)():474
I/ (24233): float ua_sensors_accelerometer_get_max_value(UASensorsAccelerometer*)():486
I/ (24233): float ua_sensors_accelerometer_get_resolution(UASensorsAccelerometer*)():498
I/ (24233): UStatus ua_sensors_accelerometer_enable(UASensorsAccelerometer*)():433
I/ (24233): UStatus ua_sensors_accelerometer_disable(UASensorsAccelerometer*)():448
W/qcom_sensors_hal( 965): _hal_sensors_activate: Deactivating dirty sensor 0
W/qcom_sensors_hal( 965): hal_acquire_resources, no active sensors!
W/Adreno-ES20( 2085): : GL_INVALID_OPERATION
W/Adreno-EGLSUB( 2085): : PMEM_INV_CACHES undefined
W/Adreno-ES20( 2085): : GL_INVALID_OPERATION
W/Adreno-EGLSUB( 2085): : PMEM_INV_CACHES undefined
I/ (24233): UStatus ua_sensors_accelerometer_enable(UASensorsAccelerometer*)():433
D/libEGL (24271): loaded /system/lib/egl/libEGL_adreno.so
D/libEGL (24271): loaded /system/lib/egl/libGLESv1_CM_adreno.so
D/libEGL (24271): loaded /system/lib/egl/libGLESv2_adreno.so
I/Adreno-EGL(24271): : EGL 1.4 QUALCOMM Build: I0404c4692afb8623f95c43aeb6d5e13ed4b30ddbDate: 11/06/13
W/Adreno-EGL(24271): : EGL_BAD_CONTEXT
I/ (24271): UASensorsAccelerometer* ua_sensors_accelerometer_new()():418
I/ (24271): uint32_t ua_sensors_accelerometer_get_min_delay(UASensorsAccelerometer*)():462
I/ (24271): float ua_sensors_accelerometer_get_min_value(UASensorsAccelerometer*)():474
I/ (24271): float ua_sensors_accelerometer_get_max_value(UASensorsAccelerometer*)():486
I/ (24271): float ua_sensors_accelerometer_get_resolution(UASensorsAccelerometer*)():498
I/ (24271): UStatus ua_sensors_accelerometer_enable(UASensorsAccelerometer*)():433
I/ (24271): UStatus ua_sensors_accelerometer_disable(UASensorsAccelerometer*)():448
I/ ( 2120): UStatus ua_sensors_accelerometer_enable(UASensorsAccelerometer*)():433
I/ ( 2120): UStatus ua_sensors_accelerometer_disable(UASensorsAccelerometer*)():448
W/Adreno-ES20(24233): : GL_INVALID_OPERATION
W/Adreno-ES20( 2085): : GL_INVALID_OPERATION
W/Adreno-EGLSUB( 2085): : PMEM_INV_CACHES undefined
W/Adreno-ES20( 2085): : GL_INVALID_OPERATION
W/Adreno-EGLSUB( 2085): : PMEM_INV_CACHES undefined
W/Adreno-ES20( 2085): : GL_INVALID_OPERATION
W/Adreno-EGLSUB( 2085): : PMEM_INV_CACHES undefined
W/Adreno-ES20( 2085): : GL_INVALID_OPERATION
W/Adreno-EGLSUB( 2085): : PMEM_INV_CACHES undefined
W/Adreno-ES20( 2085): : GL_INVALID_OPERATION
W/Adreno-EGLSUB( 2085): : PMEM_INV_CACHES undefined
W/Adreno-ES20( 2085): : GL_INVALID_OPERATION
W/Adreno-EGLSUB( 2085): : PMEM_INV_CACHES undefined
E/kickstart( 2001): Wrote to /sys/power/wake_lock
E/kickstart( 2001): Received file "/dev/block/platform/msm_sdcc.1/by-name/m9kefs2"
E/kickstart( 2001): 786432 bytes transferred in 0.116s (6.48 MBps)
E/kickstart( 2001): Successfully downloaded files from target
E/kickstart( 2001): Wrote to /sys/power/wake_unlock
E/kickstart( 2001): Sahara protocol completed
W/LocSvc_utils_cfg(24624): W/loc_read_conf: no /etc/sap.conf file found
D/ (24624): D/cat /sys/devices/system/soc/soc0/hw_platform: MTP
D/ (24624): D/cat /sys/devices/system/soc/soc0/id: 109
D/ (24624): D/cat /dev/mdm:
D/LocSvc_afw(24624): D/Target name check returned GNSS_MDM with SSC
D/LocSvc_afw(24624): D/const void* loc_get_extension(const char*):567] For Interface = gps-xtra
D/LocSvc_afw(24624): D/const void* loc_get_extension(const char*):567] For Interface = agps
D/LocSvc_afw(24624): D/const void* loc_get_extension(const char*):580]: AGPS capabilities found
D/LocSvc_afw(24624): D/const void* loc_get_extension(const char*):567] For Interface = gps-ni
D/LocSvc_afw(24624): D/const void* loc_get_extension(const char*):567] For Interface = gps-debug
E/LocSvc_afw(24624): W/get_extension: Invalid interface passed in
D/LocSvc_afw(24624): D/const void* loc_get_extension(const char*):567] For Interface = agps_ril
I/LocSvc_eng(24624): I/===> int loc_eng_init(loc_eng_data_s_type&, LocCallbacks*, LOC_API_ADAPTER_EVENT_MASK_T) line 1411
D/LocSvc_MsgTask(24624): D/MsgTask::loop() 0 listening ...
D/LocSvc_utils_q(24624): D/msg_q_rcv: Waiting on message
D/ (24624): D/cat /sys/devices/system/soc/soc0/hw_platform: MTP
D/ (24624): D/cat /sys/devices/system/soc/soc0/id: 109
D/ (24624): D/cat /dev/mdm:
W/LocSvc_utils_cfg(24624): W/loc_read_conf: no /etc/gps.conf file found
D/LocSvc_utils_q(24624): D/msg_q_snd: Sending message with handle = 0x00529220
D/LocSvc_utils_ll(24624): D/linked_list_add: Adding to list data_obj = 0x00529220
D/LocSvc_utils_q(24624): D/msg_q_snd: Finished Sending message with handle = 0x00529220
D/LocSvc_EngAdapter(24624): D/LocEngAdapter created
D/LocSvc_utils_ll(24624): D/linked_list_remove: Removing from list
D/LocSvc_eng(24624): D/loc_eng_init created client, id = 0x528c88
D/LocSvc_utils_q(24624): D/msg_q_rcv: Received message 0x00529220 rv = 0
D/LocSvc_utils_q(24624): D/msg_q_snd: Sending message with handle = 0x00529278
D/LocSvc_utils_ll(24624): D/linked_list_add: Adding to list data_obj = 0x00529278
V/LocSvc_ApiV02(24624): V/virtual loc_api_adapter_err LocApiV02::open(LOC_API_ADAPTER_EVENT_MASK_T):180]: reference to this = 0x528ea0 passed in
D/LocSvc_utils_q(24624): D/msg_q_snd: Finished Sending message with handle = 0x00529278
D/LocSvc_ApiV02(24624): D/static locClientEventMaskType LocApiV02::convertMask(LOC_API_ADAPTER_EVENT_MASK_T):1565]: adapter mask = 499
I/LocSvc_eng(24624): I/===> void loc_eng_agps_init(loc_eng_data_s_type&, AGpsExtCallbacks*) line 1950
D/LocSvc_eng(24624): D/ Enter getServicer type:1
D/LocSvc_eng(24624): D/ Enter getServicer type:1
D/LocSvc_eng(24624): D/ Enter getServicer type:1
D/LocSvc_ds_client(24624):
D/ds_client_init:696]:Enter
I/LocSvc_api_v02(24624): I/---> locClientOpen line 1913 loc client open
E/QMI_FW (24624): QMUXD: Service_id=16 not found over conn_id=0
E/QMI_FW (24624): QMUXD: Service_id=16 not found over conn_id=0
V/LocSvc_api_v02(24624): V/locClientQmiCtrlPointInit:1731]: qmi_client_get_service_list() rc: 0 total timeout: 0
E/QMI_FW (24624): QMUXD: Service_id=16 not found over conn_id=0
V/LocSvc_api_v02(24624): V/locClientQmiCtrlPointInit:1782]: qmi_client_get_service_list() returned 0 num_entries = 1 num_services = 1
V/LocSvc_api_v02(24624): V/locClientQmiCtrlPointInit:1794]: passing the pointer 0xb5c00468 to qmi_client_init
E/QMI_FW (24624): QMUXD: Service_id=16 not found over conn_id=0
E/QMI_FW (24624): QMUXD: Service_id=16 not found over conn_id=0
V/LocSvc_api_v02(24624): V/locClientQmiCtrlPointInit:1816]: passing the pointer 0xb5c00468 toqmi_client_register_error_cb
V/LocSvc_api_v02(24624): V/locClientOpen:1917] locClientQmiCtrlPointInit returned 0
V/LocSvc_api_v02(24624): V/validateRequest:1355]: reqId = 33
V/LocSvc_api_v02(24624): V/validateRequest:1673]: reqId=33, len = 8
V/LocSvc_api_v02(24624): V/locClientSendReq:2110] sending reqId= 33, len = 8
I/LocSvc_api_v02(24624): I/---> locClientSendReq line 2116 QMI_LOC_REG_EVENTS_REQ_V02
V/LocSvc_api_v02(24624): V/locClientSendReq:2127] qmi_client_send_msg_sync returned 0
V/LocSvc_api_v02(24624): V/convertQmiResponseToLocStatus:570]: result = 0, error = 1, status = 0
D/LocSvc_api_v02(24624): D/locClientOpen:1975]: returning handle = 0xb5c00468, user_handle=0xb5c027b8, status = 0
D/LocSvc_MsgTask(24624): D/MsgTask::loop() 1 listening ...
D/LocSvc_utils_q(24624): D/msg_q_rcv: Waiting on message
D/LocSvc_utils_ll(24624): D/linked_list_remove: Removing from list
D/LocSvc_utils_q(24624): D/msg_q_rcv: Received message 0x00529278 rv = 0
D/LocSvc_eng(24624): D/loc_eng_reinit reinit() successful
D/LocSvc_utils_q(24624): D/msg_q_snd: Sending message with handle = 0xB5C004D8
D/LocSvc_utils_ll(24624): D/linked_list_add: Adding to list data_obj = 0xB5C004D8
D/LocSvc_utils_q(24624): D/msg_q_snd: Finished Sending message with handle = 0xB5C004D8
D/LocSvc_utils_q(24624): D/msg_q_snd: Sending message with handle = 0xB5C004E8
D/LocSvc_utils_ll(24624): D/linked_list_add: Adding to list data_obj = 0xB5C004E8
D/LocSvc_utils_q(24624): D/msg_q_snd: Finished Sending message with handle = 0xB5C004E8
D/LocSvc_utils_q(24624): D/msg_q_snd: Sending message with handle = 0xB5C004F8
D/LocSvc_utils_ll(24624): D/linked_list_add: Adding to list data_obj = 0xB5C004F8
D/LocSvc_utils_q(24624): D/msg_q_snd: Finished Sending message with handle = 0xB5C004F8
D/LocSvc_utils_q(24624): D/msg_q_snd: Sending message with handle = 0xB5C00520
D/LocSvc_utils_ll(24624): D/linked_list_add: Adding to list data_obj = 0xB5C00520
D/LocSvc_utils_q(24624): D/msg_q_snd: Finished Sending message with handle = 0xB5C00520
D/LocSvc_utils_q(24624): D/msg_q_snd: Sending message with handle = 0xB5C00530
D/LocSvc_utils_ll(24624): D/linked_list_add: Adding to list data_obj = 0xB5C00530
D/LocSvc_utils_q(24624): D/msg_q_snd: Finished Sending message with handle = 0xB5C00530
D/LocSvc_utils_q(24624): D/msg_q_snd: Sending message with handle = 0xB5C02978
D/LocSvc_utils_ll(24624): D/linked_list_add: Adding to list data_obj = 0xB5C02978
D/LocSvc_utils_q(24624): D/msg_q_snd: Finished Sending message with handle = 0xB5C02978
D/LocSvc_MsgTask(24624): D/MsgTask::loop() 2 listening ...
D/LocSvc_utils_q(24624): D/msg_q_rcv: Waiting on message
D/LocSvc_utils_ll(24624): D/linked_list_remove: Removing from list
D/LocSvc_utils_q(24624): D/msg_q_rcv: Received message 0xB5C004D8 rv = 0
D/LocSvc_ApiV02(24624): D/virtual loc_api_adapter_err LocApiV02::setSUPLVersion(uint32_t):1217]: supl version = 65536
V/LocSvc_api_v02(24624): V/validateRequest:1355]: reqId = 84
V/LocSvc_api_v02(24624): V/validateRequest:1673]: reqId=84, len = 56
V/LocSvc_api_v02(24624): V/locClientSendReq:2110] sending reqId= 84, len = 56
I/LocSvc_api_v02(24624): I/---> locClientSendReq line 2116 QMI_LOC_SET_PROTOCOL_CONFIG_PARAMETERS_REQ_V02
V/LocSvc_api_v02(24624): V/locClientSendReq:2127] qmi_client_send_msg_sync returned 0
V/LocSvc_api_v02(24624): V/convertQmiResponseToLocStatus:570]: result = 0, error = 1, status = 0
V/LocSvc_api_v02(24624): V/locClientIndCb:1164]: Indication: msg_id=84 buf_len=7 pCallbackData = 0xb5c00468
V/LocSvc_api_v02(24624): V/locClientGetSizeByRespIndId:2172]: resp ind Id 84 size = 16
V/LocSvc_api_v02(24624): V/locClientGetSizeAndTypeByIndId:485]: indId 84 is a resp size = 16
I/LocSvc_ApiV02(24624): I/<--- void globalRespCb(locClientHandleType, uint32_t, locClientRespIndUnionType, void*) line 102 QMI_LOC_SET_PROTOCOL_CONFIG_PARAMETERS_REQ_V02
V/LocSvc_ApiV02(24624): V/void globalRespCb(locClientHandleType, uint32_t, locClientRespIndUnionType, void*):108] client = 0xb5c00468, resp id = 84, client cookie ptr = 0x528ea0
V/LocSvc_api_v02(24624): V/locClientGetSizeByRespIndId:2172]: resp ind Id 84 size = 16
D/LocSvc_api_v02(24624): D/loc_free_slot:299]: freeing slot 0
D/LocSvc_MsgTask(24624): D/MsgTask::loop() 3 listening ...
D/LocSvc_utils_q(24624): D/msg_q_rcv: Waiting on message
D/LocSvc_utils_ll(24624): D/linked_list_remove: Removing from list
D/LocSvc_utils_q(24624): D/msg_q_rcv: Received message 0xB5C004E8 rv = 0
D/LocSvc_ApiV02(24624): D/virtual loc_api_adapter_err LocApiV02::setLPPConfig(uint32_t):1260]: lpp profile = 0
V/LocSvc_api_v02(24624): V/validateRequest:1355]: reqId = 84
V/LocSvc_api_v02(24624): V/validateRequest:1673]: reqId=84, len = 56
V/LocSvc_api_v02(24624): V/locClientSendReq:2110] sending reqId= 84, len = 56
I/LocSvc_api_v02(24624): I/---> locClientSendReq line 2116 QMI_LOC_SET_PROTOCOL_CONFIG_PARAMETERS_REQ_V02
D/LocSvc_ds_client(24624):
D/ds_client_init:702]:Exit
D/LocSvc_ApiV02(24624): D/virtual int LocApiV02::initDataServiceClient():2341]: ret = 0
D/LocSvc_eng(24624): D/void loc_eng_agps_init(loc_eng_data_s_type&, AGpsExtCallbacks*):1986]: Creating new ds state machine
D/LocSvc_eng(24624): D/ Enter getServicer type:2
D/LocSvc_eng(24624): D/DSStateMachine::DSStateMachine(servicerType, void*, LocEngAdapter*):834]: New DSStateMachine
D/LocSvc_eng(24624): D/void loc_eng_agps_init(loc_eng_data_s_type&, AGpsExtCallbacks*):1990]: Created new ds state machine
I/LocSvc_eng(24624): I/===> void loc_eng_ni_init(loc_eng_data_s_type&, GpsNiExtCallbacks*) line 290
I/LocSvc_eng(24624): I/===> int loc_eng_set_position_mode(loc_eng_data_s_type&, LocPosMode&) line 1728
D/LocSvc_utils_q(24624): D/msg_q_snd: Sending message with handle = 0x0053F350
D/LocSvc_utils_ll(24624): D/linked_list_add: Adding to list data_obj = 0x0053F350
D/LocSvc_utils_q(24624): D/msg_q_snd: Finished Sending message with handle = 0x0053F350
V/LocSvc_api_v02(24624): V/locClientSendReq:2127] qmi_client_send_msg_sync returned 0
V/LocSvc_api_v02(24624): V/convertQmiResponseToLocStatus:570]: result = 0, error = 1, status = 0
V/LocSvc_api_v02(24624): V/locClientIndCb:1164]: Indication: msg_id=84 buf_len=7 pCallbackData = 0xb5c00468
V/LocSvc_api_v02(24624): V/locClientGetSizeByRespIndId:2172]: resp ind Id 84 size = 16
V/LocSvc_api_v02(24624): V/locClientGetSizeAndTypeByIndId:485]: indId 84 is a resp size = 16
I/LocSvc_ApiV02(24624): I/<--- void globalRespCb(locClientHandleType, uint32_t, locClientRespIndUnionType, void*) line 102 QMI_LOC_SET_PROTOCOL_CONFIG_PARAMETERS_REQ_V02
V/LocSvc_ApiV02(24624): V/void globalRespCb(locClientHandleType, uint32_t, locClientRespIndUnionType, void*):108] client = 0xb5c00468, resp id = 84, client cookie ptr = 0x528ea0
V/LocSvc_api_v02(24624): V/locClientGetSizeByRespIndId:2172]: resp ind Id 84 size = 16
D/LocSvc_api_v02(24624): D/loc_free_slot:299]: freeing slot 0
D/LocSvc_MsgTask(24624): D/MsgTask::loop() 4 listening ...
D/LocSvc_utils_q(24624): D/msg_q_rcv: Waiting on message
D/LocSvc_utils_ll(24624): D/linked_list_remove: Removing from list
D/LocSvc_utils_q(24624): D/msg_q_rcv: Received message 0xB5C004F8 rv = 0
D/LocSvc_ApiV02(24624): D/virtual loc_api_adapter_err LocApiV02::setSensorControlConfig(int):1299]: sensors disabled = 0
V/LocSvc_api_v02(24624): V/validateRequest:1355]: reqId = 86
V/LocSvc_api_v02(24624): V/validateRequest:1673]: reqId=86, len = 8
V/LocSvc_api_v02(24624): V/locClientSendReq:2110] sending reqId= 86, len = 8
I/LocSvc_api_v02(24624): I/---> locClientSendReq line 2116 QMI_LOC_SET_SENSOR_CONTROL_CONFIG_REQ_V02
V/LocSvc_api_v02(24624): V/locClientSendReq:2127] qmi_client_send_msg_sync returned 0
V/LocSvc_api_v02(24624): V/convertQmiResponseToLocStatus:570]: result = 0, error = 1, status = 0
V/LocSvc_api_v02(24624): V/locClientIndCb:1164]: Indication: msg_id=86 buf_len=7 pCallbackData = 0xb5c00468
V/LocSvc_api_v02(24624): V/locClientGetSizeByRespIndId:2172]: resp ind Id 86 size = 4
V/LocSvc_api_v02(24624): V/locClientGetSizeAndTypeByIndId:485]: indId 86 is a resp size = 4
I/LocSvc_ApiV02(24624): I/<--- void globalRespCb(locClientHandleType, uint32_t, locClientRespIndUnionType, void*) line 102 QMI_LOC_SET_SENSOR_CONTROL_CONFIG_REQ_V02
V/LocSvc_ApiV02(24624): V/void globalRespCb(locClientHandleType, uint32_t, locClientRespIndUnionType, void*):108] client = 0xb5c00468, resp id = 86, client cookie ptr = 0x528ea0
V/LocSvc_api_v02(24624): V/locClientGetSizeByRespIndId:2172]: resp ind Id 86 size = 4
D/LocSvc_api_v02(24624): D/loc_free_slot:299]: freeing slot 0
D/LocSvc_MsgTask(24624): D/MsgTask::loop() 5 listening ...
D/LocSvc_utils_q(24624): D/msg_q_rcv: Waiting on message
D/LocSvc_utils_ll(24624): D/linked_list_remove: Removing from list
D/LocSvc_utils_q(24624): D/msg_q_rcv: Received message 0xB5C00520 rv = 0
D/LocSvc_ApiV02(24624): D/virtual loc_api_adapter_err LocApiV02::setAGLONASSProtocol(long unsigned int):1539]: aGlonassProtocolMask = 0x0
V/LocSvc_api_v02(24624): V/validateRequest:1355]: reqId = 84
V/LocSvc_api_v02(24624): V/validateRequest:1673]: reqId=84, len = 56
V/LocSvc_api_v02(24624): V/locClientSendReq:2110] sending reqId= 84, len = 56
I/LocSvc_api_v02(24624): I/---> locClientSendReq line 2116 QMI_LOC_SET_PROTOCOL_CONFIG_PARAMETERS_REQ_V02
V/LocSvc_api_v02(24624): V/locClientSendReq:2127] qmi_client_send_msg_sync returned 0
V/LocSvc_api_v02(24624): V/convertQmiResponseToLocStatus:570]: result = 1, error = 1, status = 3
D/LocSvc_api_v02(24624): D/loc_free_slot:299]: freeing slot 0
E/LocSvc_ApiV02(24624): W/virtual loc_api_adapter_err LocApiV02::setAGLONASSProtocol(long unsigned int):1553]: Error status = eLOC_CLIENT_FAILURE_INVALID_PARAMETER, ind..status = eQMI_LOC_SUCCESS_V02
D/LocSvc_MsgTask(24624): D/MsgTask::loop() 6 listening ...
D/LocSvc_utils_q(24624): D/msg_q_rcv: Waiting on message
D/LocSvc_utils_ll(24624): D/linked_list_remove: Removing from list
D/LocSvc_utils_q(24624): D/msg_q_rcv: Received message 0xB5C00530 rv = 0
D/LocSvc_ApiV02(24624): D/setSensorPerfControlConfig:1419]: Sensor Perf Control Config (performanceControlMode)(0) accel(#smp,#batches) (5,2) gyro(#smp,#batches) (5,2) accel_high(#smp,#batches) (25,4) gyro_high(#smp,#batches) (25,4) algorithmConfig(0)
V/LocSvc_api_v02(24624): V/validateRequest:1355]: reqId = 90
V/LocSvc_api_v02(24624): V/validateRequest:1673]: reqId=90, len = 40
V/LocSvc_api_v02(24624): V/locClientSendReq:2110] sending reqId= 90, len = 40
I/LocSvc_api_v02(24624): I/---> locClientSendReq line 2116 QMI_LOC_SET_SENSOR_PERFORMANCE_CONTROL_CONFIGURATION_REQ_V02
V/LocSvc_api_v02(24624): V/locClientSendReq:2127] qmi_client_send_msg_sync returned 0
V/LocSvc_api_v02(24624): V/convertQmiResponseToLocStatus:570]: result = 0, error = 1, status = 0
V/LocSvc_api_v02(24624): V/locClientIndCb:1164]: Indication: msg_id=90 buf_len=7 pCallbackData = 0xb5c00468
V/LocSvc_api_v02(24624): V/locClientGetSizeByRespIndId:2172]: resp ind Id 90 size = 12
V/LocSvc_api_v02(24624): V/locClientGetSizeAndTypeByIndId:485]: indId 90 is a resp size = 12
I/LocSvc_ApiV02(24624): I/<--- void globalRespCb(locClientHandleType, uint32_t, locClientRespIndUnionType, void*) line 102 QMI_LOC_SET_SENSOR_PERFORMANCE_CONTROL_CONFIGURATION_REQ_V02
V/LocSvc_ApiV02(24624): V/void globalRespCb(locClientHandleType, uint32_t, locClientRespIndUnionType, void*):108] client = 0xb5c00468, resp id = 90, client cookie ptr = 0x528ea0
V/LocSvc_api_v02(24624): V/locClientGetSizeByRespIndId:2172]: resp ind Id 90 size = 12
D/LocSvc_api_v02(24624): D/loc_free_slot:299]: freeing slot 0
D/LocSvc_MsgTask(24624): D/MsgTask::loop() 7 listening ...
D/LocSvc_utils_q(24624): D/msg_q_rcv: Waiting on message
D/LocSvc_utils_ll(24624): D/linked_list_remove: Removing from list
D/LocSvc_utils_q(24624): D/msg_q_rcv: Received message 0xB5C02978 rv = 0
D/LocSvc_LocApiBase(24624): D/virtual loc_api_adapter_err loc_core::LocApiBase::enableData(int): default implementation invoked
D/LocSvc_MsgTask(24624): D/MsgTask::loop() 8 listening ...
D/LocSvc_utils_q(24624): D/msg_q_rcv: Waiting on message
D/LocSvc_utils_ll(24624): D/linked_list_remove: Removing from list
D/LocSvc_utils_q(24624): D/msg_q_rcv: Received message 0x0053F350 rv = 0
D/LocSvc_MsgTask(24624): D/MsgTask::loop() 9 listening ...
D/LocSvc_utils_q(24624): D/msg_q_rcv: Waiting on message
E/kickstart( 2001): Wrote to /sys/power/wake_lock
E/kickstart( 2001): Received file "/dev/block/platform/msm_sdcc.1/by-name/m9kefs1"
E/kickstart( 2001): 786432 bytes transferred in 0.140s (5.37 MBps)
E/kickstart( 2001): Successfully downloaded files from target
E/kickstart( 2001): Wrote to /sys/power/wake_unlock
E/kickstart( 2001): Sahara protocol completed
V/LocSvc_api_v02(24624): V/locClientIndCb:1164]: Indication: msg_id=41 buf_len=129 pCallbackData = 0xb5c00468
V/LocSvc_api_v02(24624): V/locClientGetSizeByEventIndId:2205]: event ind Id 41 size = 784
V/LocSvc_api_v02(24624): V/locClientGetSizeAndTypeByIndId:475]: indId 41 is an event size = 784
V/LocSvc_api_v02(24624): V/isClientRegisteredForEvent:520]: eventId 41 registered mask = 0x00007eefb, eventMask = 0x00000020
I/LocSvc_ApiV02(24624): I/<--- void globalEventCb(locClientHandleType, uint32_t, locClientEventIndUnionType, void*) line 77 QMI_LOC_EVENT_INJECT_PREDICTED_ORBITS_REQ_IND_V02
V/LocSvc_ApiV02(24624): V/void globalEventCb(locClientHandleType, uint32_t, locClientEventIndUnionType, void*):82] client = 0xb5c00468, event id = 41, client cookie ptr = 0x528ea0
D/LocSvc_ApiV02(24624): D/virtual void LocApiV02::eventCb(locClientHandleType, uint32_t, locClientEventIndUnionType):2231]: event id = 41
D/LocSvc_ApiV02(24624): D/virtual void LocApiV02::eventCb(locClientHandleType, uint32_t, locClientEventIndUnionType):2262]: XTRA download request
D/LocSvc_utils_q(24624): D/msg_q_snd: Sending message with handle = 0xB3200780
D/LocSvc_utils_ll(24624): D/linked_list_add: Adding to list data_obj = 0xB3200780
D/LocSvc_utils_q(24624): D/msg_q_snd: Finished Sending message with handle = 0xB3200780
D/LocSvc_utils_ll(24624): D/linked_list_remove: Removing from list
D/LocSvc_utils_q(24624): D/msg_q_rcv: Received message 0xB3200780 rv = 0
I/LocSvc_eng(24624): I/<=== download_request_cb line 1147 0xb674b08c
D/LocSvc_MsgTask(24624): D/MsgTask::loop() 10 listening ...
D/LocSvc_utils_q(24624): D/msg_q_rcv: Waiting on message
V/LocSvc_api_v02(24624): V/locClientIndCb:1164]: Indication: msg_id=41 buf_len=129 pCallbackData = 0xb5c00468
V/LocSvc_api_v02(24624): V/locClientGetSizeByEventIndId:2205]: event ind Id 41 size = 784
V/LocSvc_api_v02(24624): V/locClientGetSizeAndTypeByIndId:475]: indId 41 is an event size = 784
V/LocSvc_api_v02(24624): V/isClientRegisteredForEvent:520]: eventId 41 registered mask = 0x00007eefb, eventMask = 0x00000020
I/LocSvc_ApiV02(24624): I/<--- void globalEventCb(locClientHandleType, uint32_t, locClientEventIndUnionType, void*) line 77 QMI_LOC_EVENT_INJECT_PREDICTED_ORBITS_REQ_IND_V02
V/LocSvc_ApiV02(24624): V/void globalEventCb(locClientHandleType, uint32_t, locClientEventIndUnionType, void*):82] client = 0xb5c00468, event id = 41, client cookie ptr = 0x528ea0
D/LocSvc_ApiV02(24624): D/virtual void LocApiV02::eventCb(locClientHandleType, uint32_t, locClientEventIndUnionType):2231]: event id = 41
D/LocSvc_ApiV02(24624): D/virtual void LocApiV02::eventCb(locClientHandleType, uint32_t, locClientEventIndUnionType):2262]: XTRA download request
D/LocSvc_utils_q(24624): D/msg_q_snd: Sending message with handle = 0xB3200780
D/LocSvc_utils_ll(24624): D/linked_list_add: Adding to list data_obj = 0xB3200780
D/LocSvc_utils_q(24624): D/msg_q_snd: Finished Sending message with handle = 0xB3200780
D/LocSvc_utils_ll(24624): D/linked_list_remove: Removing from list
D/LocSvc_utils_q(24624): D/msg_q_rcv: Received message 0xB3200780 rv = 0
I/LocSvc_eng(24624): I/<=== download_request_cb line 1147 0xb674b08c
D/LocSvc_MsgTask(24624): D/MsgTask::loop() 11 listening ...
D/LocSvc_utils_q(24624): D/msg_q_rcv: Waiting on message