root@ubuntu-phablet:/# android/system/bin/logcat --------- beginning of /dev/alog/main
I/UpstartPropertyWatcher( 948): Starting upstart property watcher
I/UpstartPropertyWatcher( 948): Upstart property watcher connected to socket '/dev/socket/upstart-text-bridge'
I/UpstartPropertyWatcher( 948): Notifying the entire property list
I/UpstartPropertyWatcher( 948): Property changed: af.resampler.quality=4
I/UpstartPropertyWatcher( 948): Property changed: ro.qc.sensors.wl_dis=true
I/UpstartPropertyWatcher( 948): Property changed: ro.sf.lcd_density=320
I/UpstartPropertyWatcher( 948): Property changed: ro.com.android.dateformat=MM-dd-yyyy
I/UpstartPropertyWatcher( 948): Property changed: ro.com.android.dataroaming=true
I/UpstartPropertyWatcher( 948): Property changed: ro.boot.emmc=true
I/UpstartPropertyWatcher( 948): Property changed: ro.boot.baseband=mdm
I/UpstartPropertyWatcher( 948): Property changed: ro.boot.hardware=mako
I/UpstartPropertyWatcher( 948): Property changed: ro.boot.serialno=01c7d0fad74c8ee3
I/UpstartPropertyWatcher( 948): Property changed: ro.boot.bootloader=MAKOZ30d
I/UpstartPropertyWatcher( 948): Property changed: ro.wifi.channels=
I/UpstartPropertyWatcher( 948): Property changed: ro.allow.mock.location=0
I/UpstartPropertyWatcher( 948): Property changed: ro.board.platform=msm8960
I/UpstartPropertyWatcher( 948): Property changed: ro.build.id=KOT49H
I/UpstartPropertyWatcher( 948): Property changed: ro.build.date=Mon Mar 3 19:33:05 UTC 2014
I/UpstartPropertyWatcher( 948): Property changed: ro.build.date.utc=1393875185
I/UpstartPropertyWatcher( 948): Property changed: ro.build.host=phianna
I/UpstartPropertyWatcher( 948): Property changed: ro.build.tags=test-keys
I/UpstartPropertyWatcher( 948): Property changed: ro.build.type=userdebug
I/UpstartPropertyWatcher( 948): Property changed: ro.build.user=buildd
I/UpstartPropertyWatcher( 948): Property changed: ro.build.display.id=aosp_mako-userdebug 4.4.2 KOT49H 20140228-2008-0ubuntu2 test-keys
I/UpstartPropertyWatcher( 948): Property changed: ro.build.product=mako
I/UpstartPropertyWatcher( 948): Property changed: ro.build.version.sdk=19
I/UpstartPropertyWatcher( 948): Property changed: ro.build.version.release=4.4.2
I/UpstartPropertyWatcher( 948): Property changed: ro.build.version.codename=REL
I/UpstartPropertyWatcher( 948): Property changed: ro.build.version.incremental=20140228-2008-0ubuntu2
I/UpstartPropertyWatcher( 948): Property changed: ro.build.description=aosp_mako-userdebug 4.4.2 KOT49H 20140228-2008-0ubuntu2 test-keys
I/UpstartPropertyWatcher( 948): Property changed: ro.build.fingerprint=Android/aosp_mako/mako:4.4.2/KOT49H/20140228-2008-0ubuntu2:userdebug/test-keys
I/UpstartPropertyWatcher( 948): Property changed: ro.build.characteristics=nosdcard
I/UpstartPropertyWatcher( 948): Property changed: ro.config.ringtone=Ring_Synth_04.ogg
I/UpstartPropertyWatcher( 948): Property changed: ro.config.alarm_alert=Alarm_Classic.ogg
I/UpstartPropertyWatcher( 948): Property changed: ro.config.notification_sound=pixiedust.ogg
I/UpstartPropertyWatcher( 948): Property changed: ro.crypto.fuse_sdcard=true
I/UpstartPropertyWatcher( 948): Property changed: ro.secure=1
I/UpstartPropertyWatcher( 948): Property changed: ro.carrier=unknown
I/UpstartPropertyWatcher( 948): Property changed: ro.product.cpu.abi=armeabi-v7a
I/UpstartPropertyWatcher( 948): Property changed: ro.product.cpu.abi2=armeabi
I/UpstartPropertyWatcher( 948): Property changed: ro.product.name=aosp_mako
I/UpstartPropertyWatcher( 948): Property changed: ro.product.board=MAKO
I/UpstartPropertyWatcher( 948): Property changed: ro.product.brand=Android
I/UpstartPropertyWatcher( 948): Property changed: ro.product.model=Nexus 4
I/UpstartPropertyWatcher( 948): Property changed: ro.product.device=mako
I/UpstartPropertyWatcher( 948): Property changed: ro.product.locale.region=US
I/UpstartPropertyWatcher( 948): Property changed: ro.product.locale.language=en
I/UpstartPropertyWatcher( 948): Property changed: ro.product.manufacturer=LGE
I/UpstartPropertyWatcher( 948): Property changed: ro.baseband=mdm
I/UpstartPropertyWatcher( 948): Property changed: ro.bootmode=unknown
I/UpstartPropertyWatcher( 948): Property changed: ro.hardware=mako
I/UpstartPropertyWatcher( 948): Property changed: ro.opengles.version=196608
I/UpstartPropertyWatcher( 948): Property changed: ro.qualcomm.bt.hci_transport=smd
I/UpstartPropertyWatcher( 948): Property changed: ro.qualcomm.sensors.smd=true
I/UpstartPropertyWatcher( 948): Property changed: ro.revision=11
I/UpstartPropertyWatcher( 948): Property changed: ro.serialno=01c7d0fad74c8ee3
I/UpstartPropertyWatcher( 948): Property changed: ro.telephony.call_ring.multiple=0
I/UpstartPropertyWatcher( 948): Property changed: ro.bootloader=MAKOZ30d
I/UpstartPropertyWatcher( 948): Property changed: ro.debuggable=1
I/UpstartPropertyWatcher( 948): Property changed: ro.factorytest=0
I/UpstartPropertyWatcher( 948): Property changed: drm.service.enabled=true
I/UpstartPropertyWatcher( 948): Property changed: net.bt.name=Android
I/UpstartPropertyWatcher( 948): Property changed: net.change=net.bt.name
I/UpstartPropertyWatcher( 948): Property changed: init.svc.ueventd=running
I/UpstartPropertyWatcher( 948): Property changed: init.svc.upstart-watcher=running
I/UpstartPropertyWatcher( 948): Property changed: rild.libpath=/system/lib/libril-qc-qmi-1.so
I/UpstartPropertyWatcher( 948): Property changed: vold.post_fs_data_done=1
I/UpstartPropertyWatcher( 948): Property changed: wifi.interface=wlan0
I/UpstartPropertyWatcher( 948): Property changed: wifi.supplicant_scan_interval=15
I/UpstartPropertyWatcher( 948): Property changed: debug.egl.recordable.rgba8888=1
I/UpstartPropertyWatcher( 948): Property changed: media.aac_51_output_enabled=true
I/UpstartPropertyWatcher( 948): Property changed: dalvik.vm.heapsize=512m
I/UpstartPropertyWatcher( 948): Property changed: dalvik.vm.lockprof.threshold=500
I/UpstartPropertyWatcher( 948): Property changed: dalvik.vm.heapmaxfree=8m
I/UpstartPropertyWatcher( 948): Property changed: dalvik.vm.heapminfree=512k
I/UpstartPropertyWatcher( 948): Property changed: dalvik.vm.dexopt-flags=m=y
I/UpstartPropertyWatcher( 948): Property changed: dalvik.vm.heapstartsize=8m
I/UpstartPropertyWatcher( 948): Property changed: dalvik.vm.heapgrowthlimit=192m
I/UpstartPropertyWatcher( 948): Property changed: dalvik.vm.stack-trace-file=/data/anr/traces.txt
I/UpstartPropertyWatcher( 948): Property changed: dalvik.vm.heaptargetutilization=0.75
I/UpstartPropertyWatcher( 948): Property changed: persist.hwc.mdpcomp.enable=true
I/UpstartPropertyWatcher( 948): Property changed: persist.sys.usb.config=mtp,adb
I/UpstartPropertyWatcher( 948): Property changed: persist.sys.dalvik.vm.lib=libdvm.so
I/UpstartPropertyWatcher( 948): Property changed: persist.audio.dualmic.config=endfire
I/UpstartPropertyWatcher( 948): Property changed: persist.audio.fluence.mode=endfire
I/UpstartPropertyWatcher( 948): Property changed: persist.audio.fluence.voicecall=true
I/UpstartPropertyWatcher( 948): Property changed: persist.audio.handset.mic=dmic
I/UpstartPropertyWatcher( 948): Property changed: persist.audio.handset.mic.type=digital
I/UpstartPropertyWatcher( 948): Property changed: persist.audio.lowlatency.rec=false
I/UpstartPropertyWatcher( 948): Property changed: persist.radio.adb_log_on=0
I/UpstartPropertyWatcher( 948): Property changed: persist.radio.custom_ecc=1
I/UpstartPropertyWatcher( 948): Property changed: persist.radio.custom_ecc_mcc={234,235,424,426,427,430,431:999},{334:060,066},{422:9999},{730:133}
I/UpstartPropertyWatcher( 948): Property changed: persist.radio.custom_ecc_hard=911,*911,#911,112,999,000,08,118,120,122,110,119,995,111,113,125,127,133
I/UpstartPropertyWatcher( 948): Property changed: persist.radio.apm_sim_not_pwdn=1
I/UpstartPropertyWatcher( 948): Property changed: persist.radio.custom_ecc_voice={515:117},{452:113,114,115}
I/UpstartPropertyWatcher( 948): Property changed: persist.radio.custom_ecc_mcc_ex={450:111,112,113,119,122,125,127},{724:190}
I/UpstartPropertyWatcher( 948): Property changed: persist.service.bdroid.bdaddr=98:D6:F7:32:C5:59
I/UpstartPropertyWatcher( 948): Property changed: keyguard.no_require_sim=true
I/UpstartPropertyWatcher( 948): Property changed: telephony.lteOnCdmaDevice=0
I/UpstartPropertyWatcher( 948): Notifying changes only
I/UpstartPropertyWatcher( 948): Property changed: telephony.lteOnCdmaDevice=0
I/UpstartPropertyWatcher( 948): Property changed: net.change=net.tcp.buffersize.default
I/UpstartPropertyWatcher( 948): Property changed: telephony.lteOnCdmaDevice=0
I/UpstartPropertyWatcher( 948): Property changed: net.change=net.tcp.buffersize.wifi
I/UpstartPropertyWatcher( 948): Property changed: telephony.lteOnCdmaDevice=0
I/UpstartPropertyWatcher( 948): Property changed: net.change=net.tcp.buffersize.lte
I/UpstartPropertyWatcher( 948): Property changed: telephony.lteOnCdmaDevice=0
I/UpstartPropertyWatcher( 948): Property changed: net.change=net.tcp.buffersize.umts
I/UpstartPropertyWatcher( 948): Property changed: telephony.lteOnCdmaDevice=0
I/UpstartPropertyWatcher( 948): Property changed: net.change=net.tcp.buffersize.hspa
I/UpstartPropertyWatcher( 948): Property changed: telephony.lteOnCdmaDevice=0
I/UpstartPropertyWatcher( 948): Property changed: net.change=net.tcp.buffersize.hsupa
I/UpstartPropertyWatcher( 948): Property changed: telephony.lteOnCdmaDevice=0
I/UpstartPropertyWatcher( 948): Property changed: net.change=net.tcp.buffersize.hsdpa
I/UpstartPropertyWatcher( 948): Property changed: telephony.lteOnCdmaDevice=0
I/UpstartPropertyWatcher( 948): Property changed: net.change=net.tcp.buffersize.hspap
I/UpstartPropertyWatcher( 948): Property changed: telephony.lteOnCdmaDevice=0
I/UpstartPropertyWatcher( 948): Property changed: net.change=net.tcp.buffersize.edge
I/UpstartPropertyWatcher( 948): Property changed: telephony.lteOnCdmaDevice=0
I/UpstartPropertyWatcher( 948): Property changed: net.change=net.tcp.buffersize.gprs
I/UpstartPropertyWatcher( 948): Property changed: telephony.lteOnCdmaDevice=0
I/UpstartPropertyWatcher( 948): Property changed: net.change=net.tcp.buffersize.evdo
I/UpstartPropertyWatcher( 948): Property changed: telephony.lteOnCdmaDevice=0
I/UpstartPropertyWatcher( 948): Property changed: telephony.lteOnCdmaDevice=0
I/UpstartPropertyWatcher( 948): Property changed: telephony.lteOnCdmaDevice=0
I/UpstartPropertyWatcher( 948): Property changed: telephony.lteOnCdmaDevice=0
I/UpstartPropertyWatcher( 948): Property changed: telephony.lteOnCdmaDevice=0
I/UpstartPropertyWatcher( 948): Property changed: telephony.lteOnCdmaDevice=0
I/UpstartPropertyWatcher( 948): Property changed: telephony.lteOnCdmaDevice=0
I/UpstartPropertyWatcher( 948): Property changed: telephony.lteOnCdmaDevice=0
I/UpstartPropertyWatcher( 948): Property changed: telephony.lteOnCdmaDevice=0
I/UpstartPropertyWatcher( 948): Property changed: telephony.lteOnCdmaDevice=0
I/UpstartPropertyWatcher( 948): Property changed: telephony.lteOnCdmaDevice=0
I/UpstartPropertyWatcher( 948): Property changed: telephony.lteOnCdmaDevice=0
I/UpstartPropertyWatcher( 948): Property changed: telephony.lteOnCdmaDevice=0
I/UpstartPropertyWatcher( 948): Property changed: telephony.lteOnCdmaDevice=0
I/UpstartPropertyWatcher( 948): Property changed: telephony.lteOnCdmaDevice=0
I/UpstartPropertyWatcher( 948): Property changed: telephony.lteOnCdmaDevice=0
I/UpstartPropertyWatcher( 948): Property changed: persist.sys.usb.config=mtp,adb
I/UpstartPropertyWatcher( 948): Property changed: telephony.lteOnCdmaDevice=0
I/UpstartPropertyWatcher( 948): Property changed: telephony.lteOnCdmaDevice=0
I/UpstartPropertyWatcher( 948): Property changed: telephony.lteOnCdmaDevice=0
I/UpstartPropertyWatcher( 948): Property changed: telephony.lteOnCdmaDevice=0
I/UpstartPropertyWatcher( 948): Property changed: telephony.lteOnCdmaDevice=0
I/rmt_storage( 951): Target is APQ8064: -1224954442
I/rmt_storage( 951): No EBR found
I/rmt_storage( 951): Error (-1) parsing MBR partitions
I/rmt_storage( 951): 0 GPT partitions found
I/kickstart-qcks( 952): PARAMETER VALUES
I/kickstart-qcks( 952): COMPORT_DLOAD=/dev/ttyHSL1
I/kickstart-qcks( 952): COMPORT_SAHARA=/dev/ks_hsic_bridge
I/kickstart-qcks( 952): PATHTOIMAGES=/firmware/image/
I/kickstart-qcks( 952): PATHFORRAMDUMP=/data/tombstones/mdm/
I/kickstart-qcks( 952): EFSRAW1=/dev/block/platform/msm_sdcc.1/by-name/m9kefs1
I/kickstart-qcks( 952): EFSRAW2=/dev/block/platform/msm_sdcc.1/by-name/m9kefs2
I/kickstart-qcks( 952): EFSRAW3=/dev/block/platform/msm_sdcc.1/by-name/m9kefs3
I/kickstart-qcks( 952): Header1=efs1.mbn
I/kickstart-qcks( 952): Header2=efs2.mbn
I/kickstart-qcks( 952): Header3=efs3.mbn
I/kickstart-qcks( 952): Testing if port "/dev/mdm" exists
I/kickstart-qcks( 952): Trying to bring MDM9K out of reset
I/ANDR-PERF-LOCK( 963): Listener starting
I/MP-Decision( 963): MPDecision server starting
I/DEBUG ( 953): debuggerd: Mar 3 2014 19:33:57
E/Sensors ( 961): sns_fsa_la.c(386):fsa: fflush failed, 9
E/Sensors ( 961): sns_fsa_la.c(386):fsa: fflush failed, 9
I/installd( 957): installd firing up
I/MP-Decision( 963): OPTION ENABLED: Control sleep modes
I/MP-Decision( 963): OPTION ENABLED: Adjusting average
I/MP-Decision( 963): Decision parameters CPU 0: Nw=0.000000, Tw=0, Ns=0.000000, Ts=0
I/MP-Decision( 963): util_h_and=0, util_h_or=0, util_low=0
I/MP-Decision( 963): Decision parameters CPU 1: Nw=1.900000, Tw=140, Ns=1.100000, Ts=190
I/MP-Decision( 963): util_h_and=35, util_h_or=75, util_low=20
I/MP-Decision( 963): Decision parameters CPU 2: Nw=2.700000, Tw=90, Ns=2.100000, Ts=240
I/MP-Decision( 963): util_h_and=0, util_h_or=400, util_low=0
I/MP-Decision( 963): Decision parameters CPU 3: Nw=3.500000, Tw=90, Ns=3.100000, Ts=240
I/MP-Decision( 963): util_h_and=0, util_h_or=400, util_low=0
I/MP-Decision( 963): Decision parameters: poll_ms: 9 decision_ms: 50
I/bdAddrLoader( 964): option : f=/persist/bluetooth/.bdaddr
I/bdAddrLoader( 964): option : h
I/bdAddrLoader( 964): option : x
I/bdAddrLoader( 964): Read From /persist/bluetooth/.bdaddr by Path type(0x11), Data type (0x21)
I/UpstartPropertyWatcher( 948): Property changed: persist.radio.custom_ecc_mcc_ex={450:111,112,113,119,122,125,127},{724:190}
I/UpstartPropertyWatcher( 948): Property changed: persist.service.bdroid.bdaddr=98:D6:F7:32:C5:59
I/UpstartPropertyWatcher( 948): Property changed: keyguard.no_require_sim=true
I/UpstartPropertyWatcher( 948): Property changed: telephony.lteOnCdmaDevice=0
I/UpstartPropertyWatcher( 948): Property changed: persist.service.bdroid.bdaddr=98:D6:F7:32:C5:59
I/UpstartPropertyWatcher( 948): Property changed: keyguard.no_require_sim=true
I/UpstartPropertyWatcher( 948): Property changed: telephony.lteOnCdmaDevice=0
I/bdAddrLoader( 964): Output Data type(0x22), bPrintout(1), bPath((null))
I/bdAddrLoader( 964): Loaded Data type(0x21)
I/bdAddrLoader( 964): hex_to_ascii() - converted Data (98D6F732C559)
I/UpstartPropertyWatcher( 948): Property changed: persist.service.bdroid.bdaddr=98:D6:F7:32:C5:59
I/UpstartPropertyWatcher( 948): Property changed: persist.service.bdroid.bdaddr=98:D6:F7:32:C5:59
D/ThermalDaemon( 962): Thermal daemon started
D/ThermalDaemon( 962): Number of gpus :1
W/linker ( 967): libmmjpeg.so has text relocations. This is wasting memory and is a security risk. Please fix.
D/QSEECOMD: ( 969): qseecom listener services process entry PPID = 1
D/QSEECOMD: ( 969): Parent qseecom daemon process paused!!
D/QSEECOMD: ( 1063): QSEECOM DAEMON RUNNING
D/QSEECOMD: ( 1063): qseecom listener service threads starting!!!
D/QSEECOMD: ( 1063): Total listener services to start = 2
D/QSEECOMD: ( 1063): Init dlopen(libdrmtime.so, RTLD_NOW) succeeds
D/QSEECOMD: ( 1063): Init::Init dlsym(g_FSHandle atime_start) succeeds
D/QSEECOMAPI: ( 1063): QSEECom_register_listener 11 sb_length = 0x5000
D/ThermalDaemon( 962): Sensor 'tsens_tz_sensor0' - alarm raised 1 at 49.0 degC
D/QSEECOMD: ( 1063): Init atime_start ret = 0
D/QSEECOMD: ( 1063): time services: Started
D/QSEECOMD: ( 1063): Init dlopen(libdrmfs.so, RTLD_NOW) succeeds
D/QSEECOMD: ( 1063): Init::Init dlsym(g_FSHandle fs_start) succeeds
D/QSEECOMAPI: ( 1063): QSEECom_register_listener 10 sb_length = 0x5000
D/QSEECOMD: ( 1063): Init fs_start ret = 0
D/QSEECOMD: ( 1063): file system services: Started
I/UpstartPropertyWatcher( 948): Property changed: persist.radio.adb_log_on=0
I/WifiUtil( 968): Intf0MacAddress=000AF58989FF
E/WifiUtil( 968): Change Intf0MacAddress=10683F88573F
E/mm-camera( 967): qcamsvr_start: old_mode = 3f
I/WifiUtil( 968): We don't need to write the default value for NvFilelds
I/UpstartPropertyWatcher( 948): Property changed: telephony.lteOnCdmaDevice=0
W/Sensors ( 961): sns_smr_la.c(446):smr_la: smr_apps_la_thread_main is starting, fd=15, sns_smr.en_rx_msg_ptr=b6fde9cc
E/mm-camera( 967): qcamsvr_load_gesture_lib Error opening gesture library
E/mm-camera( 967): Cannot init Gesture library
I/mediaserver( 956): ServiceManager: 0xb798a410
I/CameraService( 956): CameraService started (pid=21)
I/CameraService( 956): Loaded "Qcamera" camera module
I/QCameraHAL( 956): Handle base =0x0xb6420060
I/QCameraHAL( 956): getCameraInfo: numOfCameras = 2
I/QCameraHAL( 956): Handle [0]=0x0xb6420060
I/QCameraHAL( 956): Camera sensor 0 info:
I/QCameraHAL( 956): camera_id: 0
I/QCameraHAL( 956): modes_supported: 1
I/QCameraHAL( 956): position: 0
I/QCameraHAL( 956): sensor_mount_angle: 90
I/QCameraHAL( 956): Handle [1]=0x0xb64200a4
I/QCameraHAL( 956): Camera sensor 1 info:
I/QCameraHAL( 956): camera_id: 1
I/QCameraHAL( 956): modes_supported: 1
I/QCameraHAL( 956): position: 1
I/QCameraHAL( 956): sensor_mount_angle: 270
W/Sensors ( 961): sns_sam_app.c(6827):sns_sam_reg_algo: Registering algo service 16, err 0
E/Sensors ( 961): sns_debug_main.c(565):Debug Config File missing in EFS!
I/kickstart-qcks( 952): EFS Prepend
I/kickstart-qcks( 952): File:'/firmware/image/efs1.mbn' is available for reading
I/kickstart-qcks( 952): File:'/firmware/image/efs2.mbn' is available for reading
I/kickstart-qcks( 952): File:'/dev/block/platform/msm_sdcc.1/by-name/m9kefs1' is available for reading
I/kickstart-qcks( 952): File:'/dev/block/platform/msm_sdcc.1/by-name/m9kefs2' is available for reading
I/kickstart-qcks( 952): File:'/firmware/image/acdb.mbn' is available for reading
I/kickstart-qcks( 952): File:'/firmware/image/mdm_acdb.img' is available for reading
I/kickstart-qcks( 952): Reading RAW EFS1 partition
I/kickstart-qcks( 952): Running dd if=/dev/block/platform/msm_sdcc.1/by-name/m9kefs1 of=/data/qcks/temp.dump bs=1024 count=3072
I/kickstart-qcks( 952): Combining Header1 with RAW EFS1 partition
I/kickstart-qcks( 952): Running cat /firmware/image/efs1.mbn /data/qcks/temp.dump > /data/qcks/efs1.bin
I/kickstart-qcks( 952): Reading RAW EFS2 partition
I/kickstart-qcks( 952): Running dd if=/dev/block/platform/msm_sdcc.1/by-name/m9kefs2 of=/data/qcks/temp.dump bs=1024 count=3072
I/kickstart-qcks( 952): Combining Header2 with RAW EFS2 partition
I/kickstart-qcks( 952): Running cat /firmware/image/efs2.mbn /data/qcks/temp.dump > /data/qcks/efs2.bin
I/kickstart-qcks( 952): Reading RAW EFS3 partition
I/kickstart-qcks( 952): Running dd if=/dev/block/platform/msm_sdcc.1/by-name/m9kefs3 of=/data/qcks/temp.dump bs=1024 count=3072
I/kickstart-qcks( 952): Combining Header3 with RAW EFS3 partition
I/kickstart-qcks( 952): Running cat /firmware/image/efs3.mbn /data/qcks/temp.dump > /data/qcks/efs3.bin
I/kickstart-qcks( 952): Combining ACDB Header with ACDB binary
I/kickstart-qcks( 952): Running cat /firmware/image/acdb.mbn /firmware/image/mdm_acdb.img > /data/qcks/acdb.bin
I/kickstart-qcks( 952): Loading Sahara images
I/kickstart-qcks( 952): Testing if port "/dev/ks_hsic_bridge" exists
E/kickstart-qcks( 952): RUNNING: /system/bin/ks -w /data/tombstones/mdm/ -p /dev/ks_hsic_bridge -r 21 -s 2:/firmware/image/amss.mbn -s 6:/firmware/image/apps.mbn -s 8:/firmware/image/dsp1.mbn -s 11:/firmware/image/osbl.mbn -s 12:/firmware/image/dsp2.mbn -s 21:/firmware/image/sbl1.mbn -s 22:/firmware/image/sbl2.mbn -s 23:/firmware/image/rpm.mbn -s 28:/firmware/image/dsp3.mbn -s 16:/data/qcks/efs1.bin -s 17:/data/qcks/efs2.bin -s 20:/data/qcks/efs3.bin -s 29:/data/qcks/acdb.bin
E/kickstart( 1337): Wrote to /sys/power/wake_lock
E/kickstart( 1337): Requested ID 21, file "/firmware/image/sbl1.mbn"
D/SensorService( 965): nuSensorService starting...
E/kickstart( 1337): 117700 bytes transferred in 0.231s (0.48 MBps)
E/kickstart( 1337): Wrote to /sys/power/wake_unlock
I/SensorService( 965): LGE Accelerometer Sensor
I/SensorService( 965): LGE Magnetometer Sensor
I/SensorService( 965): Orientation
I/SensorService( 965): LGE Proximity Sensor
I/SensorService( 965): LGE Light Sensor
I/SensorService( 965): LGE Gyroscope Sensor
I/SensorService( 965): LGE Barometer Sensor
I/SensorService( 965): LGE Magnetometer Sensor
I/SensorService( 965): LGE Gyroscope Sensor
I/SensorService( 965): Gravity
I/SensorService( 965): Linear Acceleration
I/SensorService( 965): Rotation Vector
I/SensorService( 965): Significant Motion
I/SensorService( 965): Game Rotation Vector
D/SensorService( 965): Max socket buffer size 1048576
D/SensorService( 965): nuSensorService thread starting...
E/kickstart( 1337): Wrote to /sys/power/wake_lock
E/kickstart( 1337): Requested ID 23, file "/firmware/image/rpm.mbn"
E/kickstart( 1337): 105696 bytes transferred in 0.020s (5.09 MBps)
E/kickstart( 1337): Wrote to /sys/power/wake_unlock
E/kickstart( 1337): Wrote to /sys/power/wake_lock
E/kickstart( 1337): Requested ID 22, file "/firmware/image/sbl2.mbn"
E/kickstart( 1337): 242376 bytes transferred in 0.028s (8.29 MBps)
E/kickstart( 1337): Wrote to /sys/power/wake_unlock
E/kickstart( 1337): Wrote to /sys/power/wake_lock
E/kickstart( 1337): Requested ID 12, file "/firmware/image/dsp2.mbn"
I/UpstartPropertyWatcher( 948): Property changed: telephony.lteOnCdmaDevice=0
I/mako-bluetooth( 1568): /system/etc/init.mako.bt.sh: Transport : smd
I/mako-bluetooth( 1569): /system/etc/init.mako.bt.sh: DUTADDR :
I/bdAddrLoader( 1571): option : f=/persist/bluetooth/.bdaddr
I/bdAddrLoader( 1571): option : h
I/bdAddrLoader( 1571): option : x
I/bdAddrLoader( 1571): Read From /persist/bluetooth/.bdaddr by Path type(0x11), Data type (0x21)
I/bdAddrLoader( 1571): Output Data type(0x22), bPrintout(1), bPath((null))
I/bdAddrLoader( 1571): Loaded Data type(0x21)
I/bdAddrLoader( 1571): hex_to_ascii() - converted Data (98D6F732C559)
I/UpstartPropertyWatcher( 948): Property changed: persist.service.bdroid.bdaddr=98:D6:F7:32:C5:59
I/UpstartPropertyWatcher( 948): Property changed: persist.service.bdroid.bdaddr=98:D6:F7:32:C5:59
I/mako-bluetooth( 1572): /system/etc/init.mako.bt.sh: BDADDR: 98:D6:F7:32:C5:59
I/mako-bluetooth( 1573): /system/etc/init.mako.bt.sh: Power Class: Ignored. Default(1) used (1-CLASS1/2-CLASS2/3-CUSTOM)
I/mako-bluetooth( 1574): /system/etc/init.mako.bt.sh: Power Class: To override, Before turning BT ON; setprop qcom.bt.dev_power_class <1 or 2 or 3>
I/hci_qcomm_init( 1577): /system/bin/hci_qcomm_init -d /dev/ttyHS0 -s 3000000 -i 115200 -r 32000000 -p 0 -P 1 -b 98:D6:F7:32:C5:59
I/hci_qcomm_init( 1577): ro.qualcomm.bt.hci_transport: smd
E/EventHub( 892): could not open /dev/input/by-path, Is a directory
D/EventHub( 892): No input device configuration file found for device 'hs_detect'.
D/libEGL ( 1579): loaded /system/lib/egl/libEGL_adreno.so
W/EventHub( 892): Unable to disable kernel key repeat for /dev/input/event5: Function not implemented
I/EventHub( 892): New device: id=1, fd=29, path='/dev/input/event5', name='hs_detect', classes=0x81, configuration='', keyLayout='/system/usr/keylayout/hs_detect.kl', keyCharacterMap='/system/usr/keychars/hs_detect.kcm', builtinKeyboard=false, usingSuspendBlockIoctl=true, usingClockIoctl=true
D/EventHub( 892): No input device configuration file found for device 'apq8064-tabla-snd-card Headset Jack'.
I/EventHub( 892): New device: id=2, fd=31, path='/dev/input/event4', name='apq8064-tabla-snd-card Headset Jack', classes=0x80, configuration='', keyLayout='', keyCharacterMap='', builtinKeyboard=false, usingSuspendBlockIoctl=true, usingClockIoctl=true
D/EventHub( 892): No input device configuration file found for device 'apq8064-tabla-snd-card Button Jack'.
D/libEGL ( 1579): loaded /system/lib/egl/libGLESv1_CM_adreno.so
W/EventHub( 892): Unable to disable kernel key repeat for /dev/input/event3: Function not implemented
I/EventHub( 892): New device: id=3, fd=32, path='/dev/input/event3', name='apq8064-tabla-snd-card Button Jack', classes=0x1, configuration='', keyLayout='/system/usr/keylayout/apq8064-tabla-snd-card_Button_Jack.kl', keyCharacterMap='/system/usr/keychars/apq8064-tabla-snd-card_Button_Jack.kcm', builtinKeyboard=false, usingSuspendBlockIoctl=true, usingClockIoctl=true
I/EventHub( 892): New device: id=4, fd=33, path='/dev/input/event2', name='touch_dev', classes=0x14, configuration='/system/usr/idc/touch_dev.idc', keyLayout='', keyCharacterMap='', builtinKeyboard=false, usingSuspendBlockIoctl=true, usingClockIoctl=true
D/EventHub( 892): No input device configuration file found for device 'keypad_8064'.
W/EventHub( 892): Unable to disable kernel key repeat for /dev/input/event1: Function not implemented
I/EventHub( 892): New device: id=5, fd=34, path='/dev/input/event1', name='keypad_8064', classes=0x1, configuration='', keyLayout='/system/usr/keylayout/keypad_8064.kl', keyCharacterMap='/system/usr/keychars/keypad_8064.kcm', builtinKeyboard=false, usingSuspendBlockIoctl=true, usingClockIoctl=true
D/EventHub( 892): No input device configuration file found for device 'pmic8xxx_pwrkey'.
W/EventHub( 892): Unable to disable kernel key repeat for /dev/input/event0: Function not implemented
I/EventHub( 892): New device: id=6, fd=35, path='/dev/input/event0', name='pmic8xxx_pwrkey', classes=0x1, configuration='', keyLayout='/system/usr/keylayout/pmic8xxx_pwrkey.kl', keyCharacterMap='/system/usr/keychars/pmic8xxx_pwrkey.kcm', builtinKeyboard=false, usingSuspendBlockIoctl=true, usingClockIoctl=true
D/libEGL ( 1579): loaded /system/lib/egl/libGLESv2_adreno.so
I/InputReader( 892): Device added: id=-1, name='Virtual', sources=0x00000301
I/InputReader( 892): Device added: id=6, name='pmic8xxx_pwrkey', sources=0x00000101
I/InputReader( 892): Device added: id=5, name='keypad_8064', sources=0x00000101
I/InputReader( 892): Device reconfigured: id=4, name='touch_dev', size 2048x2048, orientation 0, mode 1, display id 0
I/InputReader( 892): Device added: id=4, name='touch_dev', sources=0x00001002
I/InputReader( 892): Device added: id=3, name='apq8064-tabla-snd-card Button Jack', sources=0x00000101
I/InputReader( 892): Device added: id=2, name='apq8064-tabla-snd-card Headset Jack', sources=0x80000000
I/InputReader( 892): Device added: id=1, name='hs_detect', sources=0x80000101
I/hci_qcomm_init( 1577): Done intiailizing UART
I/hci_qcomm_init( 1577): bt_hci_qcomm_init : Started
I/hci_qcomm_init( 1577): bt_hci_qcomm_init: Detecting BT SOC firmware at baud rate 115200
I/hci_qcomm_init( 1577): bt_hci_qcomm_vs_getappversion : Succeeded
I/hci_qcomm_init( 1577): bt_hci_qcomm_init : Found QSoC type 18.
I/hci_qcomm_init( 1577): bt_hci_qcomm_init - Clock=32Mhz ClockSharing=No Logging=No SOC=BT2.1 xo_support=No
I/hci_qcomm_init( 1577): bt_hci_qcomm_init - Opened NVM module.
I/hci_qcomm_init( 1577): bt_hci_qcomm_download_nvm - Sending NVM tag #2 (size 9)
I/hci_qcomm_init( 1577): bt_hci_qcomm_download_nvm - Sending NVM tag #83 (size 6)
I/hci_qcomm_init( 1577): bt_hci_qcomm_download_nvm - Sending NVM tag #36 (size 15)
I/hci_qcomm_init( 1577): bt_hci_qcomm_download_nvm - Finished sending NVM data.
I/hci_qcomm_init( 1577): bt_hci_qcomm_init - NVM download completed, doing HCI Reset...
I/hci_qcomm_init( 1577): bt_hci_qcomm_init - Successful
I/hci_qcomm_init( 1577): BTS402x initialized successfully
I/hci_qcomm_init( 1577): BTS_DEVICE=/dev/ttyHS0;
I/hci_qcomm_init( 1577): BTS_BAUD=3000000;
I/hci_qcomm_init( 1577): BTS_TYPE=qualcomm;
I/hci_qcomm_init( 1577): BTS_ADDRESS=98:d6:f7:32:c5:59;
I/hci_qcomm_init( 1577): export BTS_DEVICE BTS_BAUD BTS_TYPE BTS_ADDRESS;
I/hci_qcomm_init( 1577): Binary file: 5.01.0_2003
I/mako-bluetooth( 1686): /system/etc/init.mako.bt.sh: Bluetooth QSoC firmware download succeeded, 98:D6:F7:32:C5:59 smd
I/mako-bluetooth( 1687): /system/etc/init.mako.bt.sh: start bluetooth smd transport
D/qdoverlay( 1579): initoverlay:: opening the device:: /dev/graphics/fb0
D/qdoverlay( 1579): initoverlay:: opening the device:: /dev/graphics/fb1
D/qdoverlay( 1579): initoverlay:: opening the device:: /dev/graphics/fb2
D/qdoverlay( 1579): initoverlay:: opening the device:: /dev/graphics/fb0
D/qdoverlay( 1579): initoverlay:: opening the device:: /dev/graphics/fb1
D/qdoverlay( 1579): initoverlay:: opening the device:: /dev/graphics/fb2
I/qdhwcomposer( 1579): Initializing Qualcomm Hardware Composer
I/qdhwcomposer( 1579): MDP version: 440
D/qdhwcomposer( 1579): connectPPDaemon: CABL is disabled
I/Adreno-EGL( 1579): : EGL 1.4 QUALCOMM Build: I0404c4692afb8623f95c43aeb6d5e13ed4b30ddbDate: 11/06/13
D/qdhwcomposer( 1579): hwc_getDisplayAttributes disp = 0, width = 768
D/qdhwcomposer( 1579): hwc_getDisplayAttributes disp = 0, height = 1280
I/Adreno-EGL( 1579): : EGL 1.4 QUALCOMM Build: I0404c4692afb8623f95c43aeb6d5e13ed4b30ddbDate: 11/06/13
E/kickstart( 1337): 32145486 bytes transferred in 2.720s (11.27 MBps)
E/kickstart( 1337): Wrote to /sys/power/wake_unlock
E/kickstart( 1337): Wrote to /sys/power/wake_lock
E/kickstart( 1337): Requested ID 28, file "/firmware/image/dsp3.mbn"
I/qdhwcomposer( 1579): hwc_registerProcs
I/qdhwcomposer( 1579): Initializing UEVENT Thread
I/qdhwcomposer( 1579): Initializing VSYNC Thread
D/qdutils ( 1579): DEBUG_CALC_FPS: 0
D/qdutils ( 1579): period: 10
D/qdutils ( 1579): ignorethresh_us: 10
E/kickstart( 1337): 6334186 bytes transferred in 0.536s (11.27 MBps)
E/kickstart( 1337): Wrote to /sys/power/wake_unlock
E/kickstart( 1337): Wrote to /sys/power/wake_lock
E/kickstart( 1337): Requested ID 8, file "/firmware/image/dsp1.mbn"
E/kickstart( 1337): 2688527 bytes transferred in 0.264s (9.71 MBps)
E/kickstart( 1337): Wrote to /sys/power/wake_unlock
E/kickstart( 1337): Wrote to /sys/power/wake_lock
E/kickstart( 1337): Requested ID 16, file "/data/qcks/efs1.bin"
E/kickstart( 1337): 786472 bytes transferred in 0.064s (11.72 MBps)
E/kickstart( 1337): Wrote to /sys/power/wake_unlock
E/kickstart( 1337): Wrote to /sys/power/wake_lock
E/kickstart( 1337): Requested ID 17, file "/data/qcks/efs2.bin"
E/kickstart( 1337): 786472 bytes transferred in 0.063s (11.85 MBps)
E/kickstart( 1337): Wrote to /sys/power/wake_unlock
E/kickstart( 1337): Wrote to /sys/power/wake_lock
E/kickstart( 1337): Requested ID 20, file "/data/qcks/efs3.bin"
E/kickstart( 1337): 786472 bytes transferred in 0.084s (8.94 MBps)
E/kickstart( 1337): Wrote to /sys/power/wake_unlock
E/kickstart( 1337): Wrote to /sys/power/wake_lock
E/kickstart( 1337): Requested ID 29, file "/data/qcks/acdb.bin"
E/kickstart( 1337): 2097192 bytes transferred in 0.148s (13.52 MBps)
E/kickstart( 1337): Wrote to /sys/power/wake_unlock
E/kickstart( 1337): Wrote to /sys/power/wake_lock
E/kickstart( 1337): Requested ID 6, file "/firmware/image/apps.mbn"
E/kickstart( 1337): 2630368 bytes transferred in 0.324s (7.74 MBps)
E/kickstart( 1337): Wrote to /sys/power/wake_unlock
E/kickstart( 1337): Sahara protocol completed
E/kickstart( 1337): Removing linked list of input files
E/kickstart( 1337): Removing linked list of input files
I/kickstart-qcks( 952): RetCode = 0
E/kickstart-qcks( 952): Sahara transfer completed successfully
E/kickstart-qcks( 952): Spawning efsks
I/kickstart-efsks( 1862): EFS_TTY='/dev/efs_hsic_bridge'
I/kickstart-efsks( 1862): Parsing 'where to save memorydump' options
I/kickstart-efsks( 1862): PathToSaveFiles='/dev/block/platform/msm_sdcc.1/by-name/'
I/kickstart-efsks( 1862): EFSKS parameters
I/kickstart-efsks( 1862): EFS_TTY='/dev/efs_hsic_bridge'
I/kickstart-efsks( 1862): ks_path='/system/bin/ks'
I/kickstart-efsks( 1862): PathToSaveFiles='/dev/block/platform/msm_sdcc.1/by-name/'
I/kickstart-efsks( 1862): RX_Timeout=-1
E/kickstart-efsks( 1862): File '/dev/efs_hsic_bridge' was not found
E/kickstart-efsks( 1862): /dev/efs_hsic_bridge does not exist.
E/kickstart-efsks( 1862): RUNNING: '/system/bin/ks -m -w /dev/block/platform/msm_sdcc.1/by-name/ -p /dev/efs_hsic_bridge -t -1 -l'
E/kickstart( 2001): Wrote to /sys/power/wake_lock
E/kickstart( 2001): Wrote to /sys/power/wake_unlock
I/UpstartPropertyWatcher( 948): Property changed: telephony.lteOnCdmaDevice=0
D/libEGL ( 2085): loaded /system/lib/egl/libEGL_adreno.so
D/libEGL ( 2085): loaded /system/lib/egl/libGLESv1_CM_adreno.so
D/libEGL ( 2085): loaded /system/lib/egl/libGLESv2_adreno.so
I/Adreno-EGL( 2085): : EGL 1.4 QUALCOMM Build: I0404c4692afb8623f95c43aeb6d5e13ed4b30ddbDate: 11/06/13
W/Adreno-EGL( 2085): : EGL_BAD_MATCH
E/libEGL ( 2085): eglMakeCurrent:775 error 3009 (EGL_BAD_MATCH)
E/QMI_FW ( 962): QMUXD: Service_id=23 not found over conn_id=0
E/QMI_FW ( 962): QMUXD: Service_id=24 not found over conn_id=0
E/QMI_FW ( 962): QMUXD: Service_id=24 not found over conn_id=0
D/ThermalDaemon( 962): qmi: Instance id 25 for fusion TS
E/QMI_FW ( 962): QMUXD: Service_id=23 not found over conn_id=0
D/ThermalDaemon( 962): qmi: Instance id 25 for fusion TMD
E/QMI_FW ( 962): QMUXD: Service_id=24 not found over conn_id=0
E/QMI_FW ( 962): QMUXD: Service_id=24 not found over conn_id=0
E/QMI_FW ( 962): QMUXD: Service_id=23 not found over conn_id=0
E/QMI_FW ( 962): QMUXD: Service_id=24 not found over conn_id=0
E/QMI_FW ( 962): QMUXD: Service_id=24 not found over conn_id=0
E/QMI_FW ( 962): QMUXD: Service_id=23 not found over conn_id=0
E/QMI_FW ( 962): QMUXD: Service_id=24 not found over conn_id=0
E/QMI_FW ( 962): QMUXD: Service_id=23 not found over conn_id=0
E/QMI_FW ( 962): QMUXD: Service_id=24 not found over conn_id=0
D/ThermalDaemon( 962): Modem thermal sensor service available.
D/ThermalDaemon( 962): Fusion modem thermal mitigation available.
W/Adreno-EGL( 2085): : EGL_BAD_CONTEXT
I/ ( 2085): UASensorsAccelerometer* ua_sensors_accelerometer_new()():418
I/ ( 2085): uint32_t ua_sensors_accelerometer_get_min_delay(UASensorsAccelerometer*)():462
I/ ( 2085): float ua_sensors_accelerometer_get_min_value(UASensorsAccelerometer*)():474
I/ ( 2085): float ua_sensors_accelerometer_get_max_value(UASensorsAccelerometer*)():486
I/ ( 2085): float ua_sensors_accelerometer_get_resolution(UASensorsAccelerometer*)():498
I/ ( 2085): UStatus ua_sensors_accelerometer_enable(UASensorsAccelerometer*)():433
I/ ( 2085): UStatus ua_sensors_accelerometer_disable(UASensorsAccelerometer*)():448
W/qcom_sensors_hal( 965): _hal_sensors_activate: Deactivating dirty sensor 0
W/qcom_sensors_hal( 965): hal_acquire_resources, no active sensors!
D/libEGL ( 2120): loaded /system/lib/egl/libEGL_adreno.so
D/libEGL ( 2120): loaded /system/lib/egl/libGLESv1_CM_adreno.so
D/libEGL ( 2120): loaded /system/lib/egl/libGLESv2_adreno.so
I/Adreno-EGL( 2120): : EGL 1.4 QUALCOMM Build: I0404c4692afb8623f95c43aeb6d5e13ed4b30ddbDate: 11/06/13
W/Adreno-EGL( 2120): : EGL_BAD_CONTEXT
I/ ( 2120): UASensorsAccelerometer* ua_sensors_accelerometer_new()():418
I/ ( 2120): uint32_t ua_sensors_accelerometer_get_min_delay(UASensorsAccelerometer*)():462
I/ ( 2120): float ua_sensors_accelerometer_get_min_value(UASensorsAccelerometer*)():474
I/ ( 2120): float ua_sensors_accelerometer_get_max_value(UASensorsAccelerometer*)():486
I/ ( 2120): float ua_sensors_accelerometer_get_resolution(UASensorsAccelerometer*)():498
I/ ( 2120): UStatus ua_sensors_accelerometer_enable(UASensorsAccelerometer*)():433
I/ ( 2120): UStatus ua_sensors_accelerometer_disable(UASensorsAccelerometer*)():448
W/qcom_sensors_hal( 965): _hal_sensors_activate: Deactivating dirty sensor 0
W/qcom_sensors_hal( 965): hal_acquire_resources, no active sensors!
I/UpstartPropertyWatcher( 948): Property changed: telephony.lteOnCdmaDevice=0
I/UpstartPropertyWatcher( 948): Property changed: telephony.lteOnCdmaDevice=0
D/DHCP ( 960): ===== DHCP message:
D/DHCP ( 960): op = BOOTREQUEST (1), htype = 1, hlen = 6, hops = 0
D/DHCP ( 960): xid = 0x9b8b0000 secs = 0, flags = 0x8000 optlen = 14
D/DHCP ( 960): ciaddr = 0.0.0.0
D/DHCP ( 960): yiaddr = 0.0.0.0
D/DHCP ( 960): siaddr = 0.0.0.0
D/DHCP ( 960): giaddr = 0.0.0.0
D/DHCP ( 960): chaddr = { 00 00 00 00 00 00 }
D/DHCP ( 960): sname = ''
D/DHCP ( 960): file = ''
D/DHCP ( 960): op 53 len 1 { 01 } discover
D/DHCP ( 960): op 55 len 4 { 01 03 06 1c }
D/DHCP ( 960): ===== DHCP message:
D/DHCP ( 960): op = BOOTREPLY (2), htype = 1, hlen = 6, hops = 0
D/DHCP ( 960): xid = 0x9b8b0000 secs = 0, flags = 0x8000 optlen = 42
D/DHCP ( 960): ciaddr = 0.0.0.0
D/DHCP ( 960): yiaddr = 100.121.203.240
D/DHCP ( 960): siaddr = 100.121.203.241
D/DHCP ( 960): giaddr = 0.0.0.0
D/DHCP ( 960): chaddr = { 00 00 00 00 00 00 }
D/DHCP ( 960): sname = ''
D/DHCP ( 960): file = ''
D/DHCP ( 960): op 53 len 1 { 02 } offer
D/DHCP ( 960): op 1 len 4 { ff ff ff fc }
D/DHCP ( 960): op 3 len 4 { 64 79 cb f1 }
D/DHCP ( 960): op 6 len 8 { 95 fe e6 07 95 fe c0 7e }
D/DHCP ( 960): op 51 len 4 { 00 00 1c 20 }
D/DHCP ( 960): op 54 len 4 { 64 79 cb f1 }
D/DHCP ( 960): --- dhcp offer (2) ---
D/DHCP ( 960): ip 100.121.203.240 gw 100.121.203.241 prefixLength 30
D/DHCP ( 960): dns1: 149.254.230.7
D/DHCP ( 960): dns2: 149.254.192.126
D/DHCP ( 960): server 100.121.203.241, lease 7200 seconds
D/DHCP ( 960): ===== DHCP message:
D/DHCP ( 960): op = BOOTREQUEST (1), htype = 1, hlen = 6, hops = 0
D/DHCP ( 960): xid = 0x9c8b0000 secs = 0, flags = 0x8000 optlen = 26
D/DHCP ( 960): ciaddr = 0.0.0.0
D/DHCP ( 960): yiaddr = 0.0.0.0
D/DHCP ( 960): siaddr = 0.0.0.0
D/DHCP ( 960): giaddr = 0.0.0.0
D/DHCP ( 960): chaddr = { 00 00 00 00 00 00 }
D/DHCP ( 960): sname = ''
D/DHCP ( 960): file = ''
D/DHCP ( 960): op 53 len 1 { 03 } request
D/DHCP ( 960): op 55 len 4 { 01 03 06 1c }
D/DHCP ( 960): op 50 len 4 { 64 79 cb f0 }
D/DHCP ( 960): op 54 len 4 { 64 79 cb f1 }
D/DHCP ( 960): ===== DHCP message:
D/DHCP ( 960): op = BOOTREPLY (2), htype = 1, hlen = 6, hops = 0
D/DHCP ( 960): xid = 0x9c8b0000 secs = 0, flags = 0x8000 optlen = 42
D/DHCP ( 960): ciaddr = 0.0.0.0
D/DHCP ( 960): yiaddr = 100.121.203.240
D/DHCP ( 960): siaddr = 100.121.203.241
D/DHCP ( 960): giaddr = 0.0.0.0
D/DHCP ( 960): chaddr = { 00 00 00 00 00 00 }
D/DHCP ( 960): sname = ''
D/DHCP ( 960): file = ''
D/DHCP ( 960): op 53 len 1 { 05 } ack
D/DHCP ( 960): op 1 len 4 { ff ff ff fc }
D/DHCP ( 960): op 3 len 4 { 64 79 cb f1 }
D/DHCP ( 960): op 6 len 8 { 95 fe e6 07 95 fe c0 7e }
D/DHCP ( 960): op 54 len 4 { 64 79 cb f1 }
D/DHCP ( 960): op 51 len 4 { 00 00 1c 20 }
D/DHCP ( 960): --- dhcp ack (5) ---
D/DHCP ( 960): ip 100.121.203.240 gw 100.121.203.241 prefixLength 30
D/DHCP ( 960): dns1: 149.254.230.7
D/DHCP ( 960): dns2: 149.254.192.126
D/DHCP ( 960): server 100.121.203.241, lease 7200 seconds
D/DHCP ( 960): configuring rmnet_usb0
I/UpstartPropertyWatcher( 948): Property changed: telephony.lteOnCdmaDevice=0
I/UpstartPropertyWatcher( 948): Property changed: net.change=net.rmnet_usb0.dns1
I/UpstartPropertyWatcher( 948): Property changed: bluetooth.hciattach=true
I/UpstartPropertyWatcher( 948): Property changed: telephony.lteOnCdmaDevice=0
I/UpstartPropertyWatcher( 948): Property changed: net.change=net.rmnet_usb0.gw
I/UpstartPropertyWatcher( 948): Property changed: telephony.lteOnCdmaDevice=0
I/UpstartPropertyWatcher( 948): Property changed: net.change=net.rmnet_usb0.dns1
I/UpstartPropertyWatcher( 948): Property changed: net.change=net.rmnet_usb0.dns2
E/kickstart( 2001): Wrote to /sys/power/wake_lock
E/kickstart( 2001): Received file "/dev/block/platform/msm_sdcc.1/by-name/m9kefs1"
E/kickstart( 2001): 786432 bytes transferred in 0.205s (3.66 MBps)
E/kickstart( 2001): Successfully downloaded files from target
E/kickstart( 2001): Wrote to /sys/power/wake_unlock
E/kickstart( 2001): Sahara protocol completed
D/libEGL ( 3769): loaded /system/lib/egl/libEGL_adreno.so
D/libEGL ( 3769): loaded /system/lib/egl/libGLESv1_CM_adreno.so
D/libEGL ( 3769): loaded /system/lib/egl/libGLESv2_adreno.so
I/Adreno-EGL( 3769): : EGL 1.4 QUALCOMM Build: I0404c4692afb8623f95c43aeb6d5e13ed4b30ddbDate: 11/06/13
W/Adreno-EGL( 3769): : EGL_BAD_CONTEXT
I/ ( 3769): UASensorsAccelerometer* ua_sensors_accelerometer_new()():418
I/ ( 3769): uint32_t ua_sensors_accelerometer_get_min_delay(UASensorsAccelerometer*)():462
I/ ( 3769): float ua_sensors_accelerometer_get_min_value(UASensorsAccelerometer*)():474
I/ ( 3769): float ua_sensors_accelerometer_get_max_value(UASensorsAccelerometer*)():486
I/ ( 3769): float ua_sensors_accelerometer_get_resolution(UASensorsAccelerometer*)():498
I/ ( 3769): UStatus ua_sensors_accelerometer_enable(UASensorsAccelerometer*)():433
I/ ( 3769): UStatus ua_sensors_accelerometer_disable(UASensorsAccelerometer*)():448
W/qcom_sensors_hal( 965): _hal_sensors_activate: Deactivating dirty sensor 0
W/qcom_sensors_hal( 965): hal_acquire_resources, no active sensors!
I/ ( 3769): UStatus ua_sensors_accelerometer_enable(UASensorsAccelerometer*)():433
W/Adreno-ES20( 2085): : GL_INVALID_OPERATION
W/Adreno-EGLSUB( 2085): : PMEM_INV_CACHES undefined
W/Adreno-ES20( 2085): : GL_INVALID_OPERATION
W/Adreno-EGLSUB( 2085): : PMEM_INV_CACHES undefined
I/ ( 3769): UStatus ua_sensors_accelerometer_disable(UASensorsAccelerometer*)():448
D/libEGL ( 4325): loaded /system/lib/egl/libEGL_adreno.so
D/libEGL ( 4325): loaded /system/lib/egl/libGLESv1_CM_adreno.so
D/libEGL ( 4325): loaded /system/lib/egl/libGLESv2_adreno.so
I/Adreno-EGL( 4325): : EGL 1.4 QUALCOMM Build: I0404c4692afb8623f95c43aeb6d5e13ed4b30ddbDate: 11/06/13
W/Adreno-EGL( 4325): : EGL_BAD_CONTEXT
I/ ( 4325): UASensorsAccelerometer* ua_sensors_accelerometer_new()():418
I/ ( 4325): uint32_t ua_sensors_accelerometer_get_min_delay(UASensorsAccelerometer*)():462
I/ ( 4325): float ua_sensors_accelerometer_get_min_value(UASensorsAccelerometer*)():474
I/ ( 4325): float ua_sensors_accelerometer_get_max_value(UASensorsAccelerometer*)():486
I/ ( 4325): float ua_sensors_accelerometer_get_resolution(UASensorsAccelerometer*)():498
I/ ( 4325): UStatus ua_sensors_accelerometer_enable(UASensorsAccelerometer*)():433
I/ ( 4325): UStatus ua_sensors_accelerometer_disable(UASensorsAccelerometer*)():448
W/qcom_sensors_hal( 965): _hal_sensors_activate: Deactivating dirty sensor 0
W/qcom_sensors_hal( 965): hal_acquire_resources, no active sensors!
I/ ( 4325): UStatus ua_sensors_accelerometer_enable(UASensorsAccelerometer*)():433
D/libEGL ( 4353): loaded /system/lib/egl/libEGL_adreno.so
D/libEGL ( 4353): loaded /system/lib/egl/libGLESv1_CM_adreno.so
D/libEGL ( 4353): loaded /system/lib/egl/libGLESv2_adreno.so
I/Adreno-EGL( 4353): : EGL 1.4 QUALCOMM Build: I0404c4692afb8623f95c43aeb6d5e13ed4b30ddbDate: 11/06/13
W/Adreno-EGL( 4353): : EGL_BAD_CONTEXT
I/ ( 4353): UASensorsAccelerometer* ua_sensors_accelerometer_new()():418
I/ ( 4353): uint32_t ua_sensors_accelerometer_get_min_delay(UASensorsAccelerometer*)():462
I/ ( 4353): float ua_sensors_accelerometer_get_min_value(UASensorsAccelerometer*)():474
I/ ( 4353): float ua_sensors_accelerometer_get_max_value(UASensorsAccelerometer*)():486
I/ ( 4353): float ua_sensors_accelerometer_get_resolution(UASensorsAccelerometer*)():498
I/ ( 4353): UStatus ua_sensors_accelerometer_enable(UASensorsAccelerometer*)():433
I/ ( 4353): UStatus ua_sensors_accelerometer_disable(UASensorsAccelerometer*)():448
I/ ( 4325): UStatus ua_sensors_accelerometer_disable(UASensorsAccelerometer*)():448
I/ ( 4325): UStatus ua_sensors_accelerometer_enable(UASensorsAccelerometer*)():433
W/Adreno-ES20( 2085): : GL_INVALID_OPERATION
W/Adreno-EGLSUB( 2085): : PMEM_INV_CACHES undefined
W/Adreno-ES20( 2085): : GL_INVALID_OPERATION
W/Adreno-EGLSUB( 2085): : PMEM_INV_CACHES undefined
I/ ( 4325): UStatus ua_sensors_accelerometer_disable(UASensorsAccelerometer*)():448
W/qcom_sensors_hal( 965): _hal_sensors_activate: Deactivating dirty sensor 0
W/qcom_sensors_hal( 965): hal_acquire_resources, no active sensors!
W/Adreno-ES20( 2085): : GL_INVALID_OPERATION
W/Adreno-EGLSUB( 2085): : PMEM_INV_CACHES undefined
W/Adreno-ES20( 2085): : GL_INVALID_OPERATION
W/Adreno-EGLSUB( 2085): : PMEM_INV_CACHES undefined
W/Adreno-ES20( 2085): : GL_INVALID_OPERATION
W/Adreno-EGLSUB( 2085): : PMEM_INV_CACHES undefined
W/qcom_sensors_hal( 965): _hal_sensors_activate: Deactivating dirty sensor 0
W/qcom_sensors_hal( 965): hal_acquire_resources, no active sensors!
W/qcom_sensors_hal( 965): _hal_sensors_activate: Deactivating dirty sensor 0
W/qcom_sensors_hal( 965): hal_acquire_resources, no active sensors!
W/qcom_sensors_hal( 965): _hal_sensors_activate: Deactivating dirty sensor 0
W/qcom_sensors_hal( 965): hal_acquire_resources, no active sensors!
W/qcom_sensors_hal( 965): _hal_sensors_activate: Deactivating dirty sensor 0
W/qcom_sensors_hal( 965): hal_acquire_resources, no active sensors!
W/qcom_sensors_hal( 965): _hal_sensors_activate: Deactivating dirty sensor 0
W/qcom_sensors_hal( 965): hal_acquire_resources, no active sensors!
W/qcom_sensors_hal( 965): _hal_sensors_activate: Deactivating dirty sensor 0
W/qcom_sensors_hal( 965): hal_acquire_resources, no active sensors!
I/ ( 2120): UStatus ua_sensors_accelerometer_enable(UASensorsAccelerometer*)():433
I/ ( 2120): UStatus ua_sensors_accelerometer_disable(UASensorsAccelerometer*)():448
W/Adreno-ES20( 2085): : GL_INVALID_OPERATION
W/Adreno-EGLSUB( 2085): : PMEM_INV_CACHES undefined
W/Adreno-ES20( 2085): : GL_INVALID_OPERATION
W/Adreno-EGLSUB( 2085): : PMEM_INV_CACHES undefined
W/Adreno-ES20( 2085): : GL_INVALID_OPERATION
W/Adreno-EGLSUB( 2085): : PMEM_INV_CACHES undefined
W/qcom_sensors_hal( 965): _hal_sensors_activate: Deactivating dirty sensor 0
W/qcom_sensors_hal( 965): hal_acquire_resources, no active sensors!
W/Adreno-ES20( 2085): : GL_INVALID_OPERATION
W/Adreno-EGLSUB( 2085): : PMEM_INV_CACHES undefined
W/Adreno-ES20( 2085): : GL_INVALID_OPERATION
W/Adreno-EGLSUB( 2085): : PMEM_INV_CACHES undefined
W/Adreno-ES20( 2085): : GL_INVALID_OPERATION
W/Adreno-EGLSUB( 2085): : PMEM_INV_CACHES undefined
W/qcom_sensors_hal( 965): _hal_sensors_activate: Deactivating dirty sensor 0
W/qcom_sensors_hal( 965): hal_acquire_resources, no active sensors!
W/qcom_sensors_hal( 965): _hal_sensors_activate: Deactivating dirty sensor 0
W/qcom_sensors_hal( 965): hal_acquire_resources, no active sensors!
W/qcom_sensors_hal( 965): _hal_sensors_activate: Deactivating dirty sensor 0
W/qcom_sensors_hal( 965): hal_acquire_resources, no active sensors!
I/ ( 2120): UStatus ua_sensors_accelerometer_enable(UASensorsAccelerometer*)():433
W/Adreno-ES20( 2085): : GL_INVALID_OPERATION
W/Adreno-EGLSUB( 2085): : PMEM_INV_CACHES undefined
W/Adreno-ES20( 2085): : GL_INVALID_OPERATION
W/Adreno-EGLSUB( 2085): : PMEM_INV_CACHES undefined
W/Adreno-ES20( 2085): : GL_INVALID_OPERATION
W/Adreno-EGLSUB( 2085): : PMEM_INV_CACHES undefined
I/ ( 2120): UStatus ua_sensors_accelerometer_disable(UASensorsAccelerometer*)():448
W/qcom_sensors_hal( 965): _hal_sensors_activate: Deactivating dirty sensor 0
W/qcom_sensors_hal( 965): hal_acquire_resources, no active sensors!
W/Adreno-ES20( 2085): : GL_INVALID_OPERATION
W/Adreno-EGLSUB( 2085): : PMEM_INV_CACHES undefined
W/Adreno-ES20( 2085): : GL_INVALID_OPERATION
W/Adreno-EGLSUB( 2085): : PMEM_INV_CACHES undefined
W/Adreno-ES20( 2085): : GL_INVALID_OPERATION
W/Adreno-EGLSUB( 2085): : PMEM_INV_CACHES undefined
W/qcom_sensors_hal( 965): _hal_sensors_activate: Deactivating dirty sensor 0
W/qcom_sensors_hal( 965): hal_acquire_resources, no active sensors!
W/qcom_sensors_hal( 965): _hal_sensors_activate: Deactivating dirty sensor 0
W/qcom_sensors_hal( 965): hal_acquire_resources, no active sensors!
W/qcom_sensors_hal( 965): _hal_sensors_activate: Deactivating dirty sensor 0
W/qcom_sensors_hal( 965): hal_acquire_resources, no active sensors!
W/Adreno-ES20( 2085): : GL_INVALID_OPERATION
W/Adreno-EGLSUB( 2085): : PMEM_INV_CACHES undefined
W/Adreno-ES20( 2085): : GL_INVALID_OPERATION
W/Adreno-EGLSUB( 2085): : PMEM_INV_CACHES undefined
W/Adreno-ES20( 2085): : GL_INVALID_OPERATION
W/Adreno-EGLSUB( 2085): : PMEM_INV_CACHES undefined
W/qcom_sensors_hal( 965): _hal_sensors_activate: Deactivating dirty sensor 0
W/qcom_sensors_hal( 965): hal_acquire_resources, no active sensors!
W/Adreno-ES20( 2085): : GL_INVALID_OPERATION
W/Adreno-EGLSUB( 2085): : PMEM_INV_CACHES undefined
W/Adreno-ES20( 2085): : GL_INVALID_OPERATION
W/Adreno-EGLSUB( 2085): : PMEM_INV_CACHES undefined
W/Adreno-ES20( 2085): : GL_INVALID_OPERATION
W/Adreno-EGLSUB( 2085): : PMEM_INV_CACHES undefined
I/ ( 2120): UStatus ua_sensors_accelerometer_enable(UASensorsAccelerometer*)():433
I/ ( 2120): UStatus ua_sensors_accelerometer_disable(UASensorsAccelerometer*)():448
W/qcom_sensors_hal( 965): _hal_sensors_activate: Deactivating dirty sensor 0
W/qcom_sensors_hal( 965): hal_acquire_resources, no active sensors!
E/kickstart( 2001): Wrote to /sys/power/wake_lock
E/kickstart( 2001): Received file "/dev/block/platform/msm_sdcc.1/by-name/m9kefs2"
E/kickstart( 2001): 786432 bytes transferred in 0.098s (7.68 MBps)
E/kickstart( 2001): Successfully downloaded files from target
E/kickstart( 2001): Wrote to /sys/power/wake_unlock
E/kickstart( 2001): Sahara protocol completed
W/Adreno-ES20( 2085): : GL_INVALID_OPERATION
W/Adreno-EGLSUB( 2085): : PMEM_INV_CACHES undefined
W/Adreno-ES20( 2085): : GL_INVALID_OPERATION
W/Adreno-EGLSUB( 2085): : PMEM_INV_CACHES undefined
W/qcom_sensors_hal( 965): _hal_sensors_activate: Deactivating dirty sensor 0
W/qcom_sensors_hal( 965): hal_acquire_resources, no active sensors!
E/kickstart( 2001): Wrote to /sys/power/wake_lock
E/kickstart( 2001): Received file "/dev/block/platform/msm_sdcc.1/by-name/m9kefs1"
E/kickstart( 2001): 786432 bytes transferred in 0.138s (5.42 MBps)
E/kickstart( 2001): Successfully downloaded files from target
E/kickstart( 2001): Wrote to /sys/power/wake_unlock
E/kickstart( 2001): Sahara protocol completed
E/kickstart( 2001): Wrote to /sys/power/wake_lock
E/kickstart( 2001): Received file "/dev/block/platform/msm_sdcc.1/by-name/m9kefs2"
E/kickstart( 2001): 786432 bytes transferred in 0.125s (5.98 MBps)
