2016-11-10 19:07:54.844 23 INFO heat.engine.resource [req-2ccffc89-6481-4464-a5e8-1ee98142eb73 cb1f610855384068a6241decb03d8b27 1f7630c29e9b423ca224dc2fe0512b95 - - -] creating SoftwareConfig "kube_examples" Stack "k8s_bay123-mgtmhh7h47s6-kube_minions-ugxgteedelsx-0-jdgefoshucqw" [277bb070-3003-4a67-ad6b-4c0c3df3893d]
2016-11-10 19:07:54.857 23 INFO heat.engine.resource [req-2ccffc89-6481-4464-a5e8-1ee98142eb73 cb1f610855384068a6241decb03d8b27 1f7630c29e9b423ca224dc2fe0512b95 - - -] creating SoftwareConfig "write_kubeconfig" Stack "k8s_bay123-mgtmhh7h47s6-kube_minions-ugxgteedelsx-0-jdgefoshucqw" [277bb070-3003-4a67-ad6b-4c0c3df3893d]
2016-11-10 19:07:54.890 22 INFO heat.engine.resource [req-2ccffc89-6481-4464-a5e8-1ee98142eb73 cb1f610855384068a6241decb03d8b27 1f7630c29e9b423ca224dc2fe0512b95 - - -] creating SoftwareConfig "enable_docker_registry" Stack "k8s_bay123-mgtmhh7h47s6-kube_minions-ugxgteedelsx-0-jdgefoshucqw" [277bb070-3003-4a67-ad6b-4c0c3df3893d]
2016-11-10 19:07:54.922 22 INFO heat.engine.resource [req-2ccffc89-6481-4464-a5e8-1ee98142eb73 cb1f610855384068a6241decb03d8b27 1f7630c29e9b423ca224dc2fe0512b95 - - -] creating SoftwareConfig "disable_selinux" Stack "k8s_bay123-mgtmhh7h47s6-kube_minions-ugxgteedelsx-0-jdgefoshucqw" [277bb070-3003-4a67-ad6b-4c0c3df3893d]
2016-11-10 19:07:54.929 22 INFO heat.engine.resource [req-2ccffc89-6481-4464-a5e8-1ee98142eb73 cb1f610855384068a6241decb03d8b27 1f7630c29e9b423ca224dc2fe0512b95 - - -] creating SoftwareConfig "add_proxy" Stack "k8s_bay123-mgtmhh7h47s6-kube_minions-ugxgteedelsx-0-jdgefoshucqw" [277bb070-3003-4a67-ad6b-4c0c3df3893d]
2016-11-10 19:07:54.930 21 INFO heat.engine.resource [req-2ccffc89-6481-4464-a5e8-1ee98142eb73 cb1f610855384068a6241decb03d8b27 1f7630c29e9b423ca224dc2fe0512b95 - - -] creating SoftwareConfig "make_cert" Stack "k8s_bay123-mgtmhh7h47s6-kube_minions-ugxgteedelsx-0-jdgefoshucqw" [277bb070-3003-4a67-ad6b-4c0c3df3893d]
2016-11-10 19:07:54.942 25 INFO heat.engine.resource [req-2ccffc89-6481-4464-a5e8-1ee98142eb73 cb1f610855384068a6241decb03d8b27 1f7630c29e9b423ca224dc2fe0512b95 - - -] creating SoftwareConfig "enable_services" Stack "k8s_bay123-mgtmhh7h47s6-kube_minions-ugxgteedelsx-0-jdgefoshucqw" [277bb070-3003-4a67-ad6b-4c0c3df3893d]
2016-11-10 19:07:54.963 25 INFO heat.engine.resource [req-2ccffc89-6481-4464-a5e8-1ee98142eb73 cb1f610855384068a6241decb03d8b27 1f7630c29e9b423ca224dc2fe0512b95 - - -] creating CinderVolume "docker_volume" Stack "k8s_bay123-mgtmhh7h47s6-kube_minions-ugxgteedelsx-0-jdgefoshucqw" [277bb070-3003-4a67-ad6b-4c0c3df3893d]
2016-11-10 19:07:54.979 25 INFO heat.engine.resource [req-2ccffc89-6481-4464-a5e8-1ee98142eb73 cb1f610855384068a6241decb03d8b27 1f7630c29e9b423ca224dc2fe0512b95 - - -] creating Port "kube_minion_eth0" Stack "k8s_bay123-mgtmhh7h47s6-kube_minions-ugxgteedelsx-0-jdgefoshucqw" [277bb070-3003-4a67-ad6b-4c0c3df3893d]
2016-11-10 19:07:54.983 21 INFO heat.engine.resource [req-2ccffc89-6481-4464-a5e8-1ee98142eb73 cb1f610855384068a6241decb03d8b27 1f7630c29e9b423ca224dc2fe0512b95 - - -] creating SoftwareConfig "network_service" Stack "k8s_bay123-mgtmhh7h47s6-kube_minions-ugxgteedelsx-0-jdgefoshucqw" [277bb070-3003-4a67-ad6b-4c0c3df3893d]
2016-11-10 19:07:54.987 21 INFO heat.engine.resource [req-2ccffc89-6481-4464-a5e8-1ee98142eb73 cb1f610855384068a6241decb03d8b27 1f7630c29e9b423ca224dc2fe0512b95 - - -] creating SoftwareConfig "configure_kubernetes_minion" Stack "k8s_bay123-mgtmhh7h47s6-kube_minions-ugxgteedelsx-0-jdgefoshucqw" [277bb070-3003-4a67-ad6b-4c0c3df3893d]
2016-11-10 19:07:55.072 24 WARNING heat.engine.clients.keystoneclient [req-2ccffc89-6481-4464-a5e8-1ee98142eb73 cb1f610855384068a6241decb03d8b27 1f7630c29e9b423ca224dc2fe0512b95 - - -] Truncating the username k8s_bay123-mgtmhh7h47s6-kube_minions-ugxgteedelsx-0-jdgefoshucqw-minion_wait_handle-otqgukwljpqv to the last 64 characters.
2016-11-10 19:07:55.791 25 INFO heat.engine.resource [req-2ccffc89-6481-4464-a5e8-1ee98142eb73 cb1f610855384068a6241decb03d8b27 1f7630c29e9b423ca224dc2fe0512b95 - - -] creating SoftwareConfig "minion_wc_notify" Stack "k8s_bay123-mgtmhh7h47s6-kube_minions-ugxgteedelsx-0-jdgefoshucqw" [277bb070-3003-4a67-ad6b-4c0c3df3893d]
2016-11-10 19:07:56.045 24 INFO heat.engine.resource [req-2ccffc89-6481-4464-a5e8-1ee98142eb73 cb1f610855384068a6241decb03d8b27 1f7630c29e9b423ca224dc2fe0512b95 - - -] creating FloatingIP "kube_minion_floating" Stack "k8s_bay123-mgtmhh7h47s6-kube_minions-ugxgteedelsx-0-jdgefoshucqw" [277bb070-3003-4a67-ad6b-4c0c3df3893d]
2016-11-10 19:07:57.450 23 INFO heat.engine.resource [req-2ccffc89-6481-4464-a5e8-1ee98142eb73 cb1f610855384068a6241decb03d8b27 1f7630c29e9b423ca224dc2fe0512b95 - - -] creating SoftwareConfig "write_heat_params" Stack "k8s_bay123-mgtmhh7h47s6-kube_minions-ugxgteedelsx-0-jdgefoshucqw" [277bb070-3003-4a67-ad6b-4c0c3df3893d]
2016-11-10 19:07:57.643 22 INFO heat.engine.resource [req-2ccffc89-6481-4464-a5e8-1ee98142eb73 cb1f610855384068a6241decb03d8b27 1f7630c29e9b423ca224dc2fe0512b95 - - -] creating MultipartMime "kube_minion_init" Stack "k8s_bay123-mgtmhh7h47s6-kube_minions-ugxgteedelsx-0-jdgefoshucqw" [277bb070-3003-4a67-ad6b-4c0c3df3893d]
2016-11-10 19:07:58.091 21 INFO heat.engine.resource [req-2ccffc89-6481-4464-a5e8-1ee98142eb73 cb1f610855384068a6241decb03d8b27 1f7630c29e9b423ca224dc2fe0512b95 - - -] creating Server "kube-minion" Stack "k8s_bay123-mgtmhh7h47s6-kube_minions-ugxgteedelsx-0-jdgefoshucqw" [277bb070-3003-4a67-ad6b-4c0c3df3893d]
2016-11-10 19:08:27.208 25 INFO heat.engine.resource [req-2ccffc89-6481-4464-a5e8-1ee98142eb73 cb1f610855384068a6241decb03d8b27 1f7630c29e9b423ca224dc2fe0512b95 - - -] creating CinderVolumeAttachment "docker_volume_attach" Stack "k8s_bay123-mgtmhh7h47s6-kube_minions-ugxgteedelsx-0-jdgefoshucqw" [277bb070-3003-4a67-ad6b-4c0c3df3893d]
2016-11-10 19:08:27.252 24 INFO heat.engine.resource [req-2ccffc89-6481-4464-a5e8-1ee98142eb73 cb1f610855384068a6241decb03d8b27 1f7630c29e9b423ca224dc2fe0512b95 - - -] creating HeatWaitCondition "minion_wait_condition" Stack "k8s_bay123-mgtmhh7h47s6-kube_minions-ugxgteedelsx-0-jdgefoshucqw" [277bb070-3003-4a67-ad6b-4c0c3df3893d]
2016-11-10 19:08:35.970 25 INFO heat.engine.clients.os.cinder [req-2ccffc89-6481-4464-a5e8-1ee98142eb73 cb1f610855384068a6241decb03d8b27 1f7630c29e9b423ca224dc2fe0512b95 - - -] Attaching volume 60e521be-46ad-485a-8989-91656c7826ab complete
2016-11-10 19:08:47.713 24 INFO heat.engine.resources.openstack.heat.wait_condition [req-2ccffc89-6481-4464-a5e8-1ee98142eb73 cb1f610855384068a6241decb03d8b27 1f7630c29e9b423ca224dc2fe0512b95 - - -] HeatWaitCondition "minion_wait_condition" Stack "k8s_bay123-mgtmhh7h47s6-kube_minions-ugxgteedelsx-0-jdgefoshucqw" [277bb070-3003-4a67-ad6b-4c0c3df3893d] Succeeded
2016-11-10 19:08:47.766 24 INFO heat.engine.stack [req-2ccffc89-6481-4464-a5e8-1ee98142eb73 cb1f610855384068a6241decb03d8b27 1f7630c29e9b423ca224dc2fe0512b95 - - -] [k8s_bay123-mgtmhh7h47s6-kube_minions-ugxgteedelsx-0-jdgefoshucqw(277bb070-3003-4a67-ad6b-4c0c3df3893d)] update traversal 2771aa79-99cd-4715-8f35-152ee94801f2 complete
2016-11-10 19:08:47.794 24 INFO heat.engine.stack [req-2ccffc89-6481-4464-a5e8-1ee98142eb73 cb1f610855384068a6241decb03d8b27 1f7630c29e9b423ca224dc2fe0512b95 - - -] Stack CREATE COMPLETE (k8s_bay123-mgtmhh7h47s6-kube_minions-ugxgteedelsx-0-jdgefoshucqw): Stack CREATE completed successfully
2016-11-10 19:08:48.458 21 INFO heat.engine.stack [req-2ccffc89-6481-4464-a5e8-1ee98142eb73 cb1f610855384068a6241decb03d8b27 1f7630c29e9b423ca224dc2fe0512b95 - - -] [k8s_bay123-mgtmhh7h47s6-kube_minions-ugxgteedelsx(ca9f17fa-1e6d-4c69-99e0-b535d4c84e62)] update traversal 93cbadb8-bd76-41a6-815c-0fcd9436110a complete
2016-11-10 19:08:48.482 21 INFO heat.engine.stack [req-2ccffc89-6481-4464-a5e8-1ee98142eb73 cb1f610855384068a6241decb03d8b27 1f7630c29e9b423ca224dc2fe0512b95 - - -] Stack CREATE COMPLETE (k8s_bay123-mgtmhh7h47s6-kube_minions-ugxgteedelsx): Stack CREATE completed successfully
2016-11-10 19:08:49.300 22 INFO heat.engine.stack [req-2ccffc89-6481-4464-a5e8-1ee98142eb73 cb1f610855384068a6241decb03d8b27 1f7630c29e9b423ca224dc2fe0512b95 - - -] [k8s_bay123-mgtmhh7h47s6(26ed4258-4f6d-488a-aae9-b9c411bd9086)] update traversal b86f1dc1-a725-478e-80d9-a342a9a2d30b complete
2016-11-10 19:08:49.331 22 INFO heat.engine.stack [req-2ccffc89-6481-4464-a5e8-1ee98142eb73 cb1f610855384068a6241decb03d8b27 1f7630c29e9b423ca224dc2fe0512b95 - - -] Stack CREATE COMPLETE (k8s_bay123-mgtmhh7h47s6): Stack CREATE completed successfully
2016-11-11 09:01:20.638 23 INFO heat.engine.service [req-6020ac65-a370-4671-9ccb-7f54d6cd5715 cb1f610855384068a6241decb03d8b27 1f7630c29e9b423ca224dc2fe0512b95 - - -] Deleting stack k8s_bay123-mgtmhh7h47s6
2016-11-11 09:01:20.774 23 INFO heat.engine.worker [req-e90b1e5e-68c4-4422-8651-128514519078 - - - - -] [k8s_bay123-mgtmhh7h47s6(26ed4258-4f6d-488a-aae9-b9c411bd9086)] Stopped all active workers for stack CREATE
2016-11-11 09:01:20.813 23 INFO heat.engine.stack [req-e90b1e5e-68c4-4422-8651-128514519078 - - - - -] Stack DELETE IN_PROGRESS (k8s_bay123-mgtmhh7h47s6): Stack DELETE started
2016-11-11 09:01:20.851 23 INFO heat.engine.stack [req-e90b1e5e-68c4-4422-8651-128514519078 - - - - -] convergence_dependencies: (Dependencies([((10, False), (5, False)), ((10, False), (8, False)), ((11, False), (10, False)), ((12, False), (8, False)), ((13, False), (7, False)), ((13, False), (8, False)), ((14, False), (13, False)), ((14, False), (2, False)), ((14, False), (8, False)), ((15, False), (14, False)), ((16, False), (1, False)), ((16, False), (8, False)), ((17, False), (16, False)), ((18, False), (17, False)), ((18, False), (3, False)), ((19, False), (11, False)), ((19, False), (13, False)), ((19, False), (7, False)), ((19, False), (8, False)), ((20, False), (14, False)), ((20, False), (18, False)), ((20, False), (19, False)), ((20, False), (2, False)), ((20, False), (8, False)), ((21, False), (2, False)), ((21, False), (20, False)), ((21, False), (8, False)), ((3, False), (2, False)), ((4, False), (2, False)), ((7, False), (2, False)), ((7, False), (6, False)), ((8, False), (3, False)), ((8, False), (7, False)), ((9, False), (8, False))]),)
2016-11-11 09:01:20.952 23 INFO heat.engine.stack [req-e90b1e5e-68c4-4422-8651-128514519078 - - - - -] Triggering resource 6 for cleanup
2016-11-11 09:01:20.955 23 INFO heat.engine.stack [req-e90b1e5e-68c4-4422-8651-128514519078 - - - - -] Triggering resource 2 for cleanup
2016-11-11 09:01:20.963 23 INFO heat.engine.stack [req-e90b1e5e-68c4-4422-8651-128514519078 - - - - -] Triggering resource 5 for cleanup
2016-11-11 09:01:20.967 23 INFO heat.engine.stack [req-e90b1e5e-68c4-4422-8651-128514519078 - - - - -] Triggering resource 1 for cleanup
2016-11-11 09:01:21.040 23 INFO heat.engine.resource [req-6020ac65-a370-4671-9ccb-7f54d6cd5715 cb1f610855384068a6241decb03d8b27 1f7630c29e9b423ca224dc2fe0512b95 - - -] deleting TemplateResource "api_address_floating_switch" [e6def8dc-55e3-4079-af64-7b9542bf227c] Stack "k8s_bay123-mgtmhh7h47s6" [26ed4258-4f6d-488a-aae9-b9c411bd9086]
2016-11-11 09:01:21.058 23 INFO heat.engine.resource [req-6020ac65-a370-4671-9ccb-7f54d6cd5715 cb1f610855384068a6241decb03d8b27 1f7630c29e9b423ca224dc2fe0512b95 - - -] delete TemplateResource "api_address_floating_switch" [e6def8dc-55e3-4079-af64-7b9542bf227c] Stack "k8s_bay123-mgtmhh7h47s6" [26ed4258-4f6d-488a-aae9-b9c411bd9086] attempt 1
2016-11-11 09:01:21.062 22 INFO heat.engine.resource [req-6020ac65-a370-4671-9ccb-7f54d6cd5715 cb1f610855384068a6241decb03d8b27 1f7630c29e9b423ca224dc2fe0512b95 - - -] deleting ResourceGroup "kube_minions" [ca9f17fa-1e6d-4c69-99e0-b535d4c84e62] Stack "k8s_bay123-mgtmhh7h47s6" [26ed4258-4f6d-488a-aae9-b9c411bd9086]
2016-11-11 09:01:21.066 21 INFO heat.engine.resource [req-6020ac65-a370-4671-9ccb-7f54d6cd5715 cb1f610855384068a6241decb03d8b27 1f7630c29e9b423ca224dc2fe0512b95 - - -] deleting NoneResource "api_monitor" [dcf49a71-ab97-4c3c-8702-7e3ae3a3e6da] Stack "k8s_bay123-mgtmhh7h47s6" [26ed4258-4f6d-488a-aae9-b9c411bd9086]
2016-11-11 09:01:21.077 25 INFO heat.engine.resource [req-6020ac65-a370-4671-9ccb-7f54d6cd5715 cb1f610855384068a6241decb03d8b27 1f7630c29e9b423ca224dc2fe0512b95 - - -] deleting NoneResource "etcd_monitor" [a4abc332-f797-4adc-ada5-8426d816ebda] Stack "k8s_bay123-mgtmhh7h47s6" [26ed4258-4f6d-488a-aae9-b9c411bd9086]
2016-11-11 09:01:21.090 21 INFO heat.engine.resource [req-6020ac65-a370-4671-9ccb-7f54d6cd5715 cb1f610855384068a6241decb03d8b27 1f7630c29e9b423ca224dc2fe0512b95 - - -] delete NoneResource "api_monitor" [dcf49a71-ab97-4c3c-8702-7e3ae3a3e6da] Stack "k8s_bay123-mgtmhh7h47s6" [26ed4258-4f6d-488a-aae9-b9c411bd9086] attempt 1
2016-11-11 09:01:21.092 24 INFO heat.engine.service [req-6020ac65-a370-4671-9ccb-7f54d6cd5715 cb1f610855384068a6241decb03d8b27 1f7630c29e9b423ca224dc2fe0512b95 - - -] Deleting stack k8s_bay123-mgtmhh7h47s6-api_address_floating_switch-qe7kskg7j3er
2016-11-11 09:01:21.092 22 INFO heat.engine.resource [req-6020ac65-a370-4671-9ccb-7f54d6cd5715 cb1f610855384068a6241decb03d8b27 1f7630c29e9b423ca224dc2fe0512b95 - - -] delete ResourceGroup "kube_minions" [ca9f17fa-1e6d-4c69-99e0-b535d4c84e62] Stack "k8s_bay123-mgtmhh7h47s6" [26ed4258-4f6d-488a-aae9-b9c411bd9086] attempt 1
2016-11-11 09:01:21.096 25 INFO heat.engine.resource [req-6020ac65-a370-4671-9ccb-7f54d6cd5715 cb1f610855384068a6241decb03d8b27 1f7630c29e9b423ca224dc2fe0512b95 - - -] delete NoneResource "etcd_monitor" [a4abc332-f797-4adc-ada5-8426d816ebda] Stack "k8s_bay123-mgtmhh7h47s6" [26ed4258-4f6d-488a-aae9-b9c411bd9086] attempt 1
2016-11-11 09:01:21.101 24 INFO heat.engine.worker [req-6020ac65-a370-4671-9ccb-7f54d6cd5715 cb1f610855384068a6241decb03d8b27 1f7630c29e9b423ca224dc2fe0512b95 - - -] [k8s_bay123-mgtmhh7h47s6-api_address_floating_switch-qe7kskg7j3er(e6def8dc-55e3-4079-af64-7b9542bf227c)] Stopped all active workers for stack CREATE
2016-11-11 09:01:21.126 21 INFO heat.engine.service [req-6020ac65-a370-4671-9ccb-7f54d6cd5715 cb1f610855384068a6241decb03d8b27 1f7630c29e9b423ca224dc2fe0512b95 - - -] Deleting stack k8s_bay123-mgtmhh7h47s6-kube_minions-ugxgteedelsx
2016-11-11 09:01:21.149 24 INFO heat.engine.stack [req-bb49d691-8e9b-4496-a8cd-2b98e3aa022c - - - - -] Stack DELETE IN_PROGRESS (k8s_bay123-mgtmhh7h47s6-api_address_floating_switch-qe7kskg7j3er): Stack DELETE started
2016-11-11 09:01:21.153 21 INFO heat.engine.worker [req-6020ac65-a370-4671-9ccb-7f54d6cd5715 cb1f610855384068a6241decb03d8b27 1f7630c29e9b423ca224dc2fe0512b95 - - -] [k8s_bay123-mgtmhh7h47s6-kube_minions-ugxgteedelsx(ca9f17fa-1e6d-4c69-99e0-b535d4c84e62)] Stopped all active workers for stack CREATE
2016-11-11 09:01:21.184 24 INFO heat.engine.stack [req-bb49d691-8e9b-4496-a8cd-2b98e3aa022c - - - - -] convergence_dependencies: (Dependencies([]),)
2016-11-11 09:01:21.194 24 INFO heat.engine.stack [req-bb49d691-8e9b-4496-a8cd-2b98e3aa022c - - - - -] [k8s_bay123-mgtmhh7h47s6-api_address_floating_switch-qe7kskg7j3er(e6def8dc-55e3-4079-af64-7b9542bf227c)] update traversal 48eb0ae1-6c12-449e-a4a2-66e44701ef26 complete
2016-11-11 09:01:21.196 21 INFO heat.engine.stack [req-6020ac65-a370-4671-9ccb-7f54d6cd5715 cb1f610855384068a6241decb03d8b27 1f7630c29e9b423ca224dc2fe0512b95 - - -] Stack DELETE IN_PROGRESS (k8s_bay123-mgtmhh7h47s6-kube_minions-ugxgteedelsx): Stack DELETE started
2016-11-11 09:01:21.213 24 INFO heat.engine.stack [req-bb49d691-8e9b-4496-a8cd-2b98e3aa022c - - - - -] Stack DELETE COMPLETE (k8s_bay123-mgtmhh7h47s6-api_address_floating_switch-qe7kskg7j3er): Stack DELETE completed successfully
2016-11-11 09:01:21.225 21 INFO heat.engine.stack [req-6020ac65-a370-4671-9ccb-7f54d6cd5715 cb1f610855384068a6241decb03d8b27 1f7630c29e9b423ca224dc2fe0512b95 - - -] convergence_dependencies: (Dependencies([((52, False), None)]),)
2016-11-11 09:01:21.239 21 INFO heat.engine.stack [req-6020ac65-a370-4671-9ccb-7f54d6cd5715 cb1f610855384068a6241decb03d8b27 1f7630c29e9b423ca224dc2fe0512b95 - - -] Triggering resource 52 for cleanup
2016-11-11 09:01:21.318 24 INFO heat.engine.resource [req-6020ac65-a370-4671-9ccb-7f54d6cd5715 cb1f610855384068a6241decb03d8b27 1f7630c29e9b423ca224dc2fe0512b95 - - -] deleting TemplateResource "0" [277bb070-3003-4a67-ad6b-4c0c3df3893d] Stack "k8s_bay123-mgtmhh7h47s6-kube_minions-ugxgteedelsx" [ca9f17fa-1e6d-4c69-99e0-b535d4c84e62]
2016-11-11 09:01:21.336 24 INFO heat.engine.resource [req-6020ac65-a370-4671-9ccb-7f54d6cd5715 cb1f610855384068a6241decb03d8b27 1f7630c29e9b423ca224dc2fe0512b95 - - -] delete TemplateResource "0" [277bb070-3003-4a67-ad6b-4c0c3df3893d] Stack "k8s_bay123-mgtmhh7h47s6-kube_minions-ugxgteedelsx" [ca9f17fa-1e6d-4c69-99e0-b535d4c84e62] attempt 1
2016-11-11 09:01:21.368 25 INFO heat.engine.service [req-6020ac65-a370-4671-9ccb-7f54d6cd5715 cb1f610855384068a6241decb03d8b27 1f7630c29e9b423ca224dc2fe0512b95 - - -] Deleting stack k8s_bay123-mgtmhh7h47s6-kube_minions-ugxgteedelsx-0-jdgefoshucqw
2016-11-11 09:01:21.421 25 INFO heat.engine.worker [req-6020ac65-a370-4671-9ccb-7f54d6cd5715 cb1f610855384068a6241decb03d8b27 1f7630c29e9b423ca224dc2fe0512b95 - - -] [k8s_bay123-mgtmhh7h47s6-kube_minions-ugxgteedelsx-0-jdgefoshucqw(277bb070-3003-4a67-ad6b-4c0c3df3893d)] Stopped all active workers for stack CREATE
2016-11-11 09:01:21.468 25 INFO heat.engine.stack [req-fca957c7-429e-47e6-9698-cb6352bfcfde - - - - -] Stack DELETE IN_PROGRESS (k8s_bay123-mgtmhh7h47s6-kube_minions-ugxgteedelsx-0-jdgefoshucqw): Stack DELETE started
2016-11-11 09:01:21.511 25 INFO heat.engine.stack [req-fca957c7-429e-47e6-9698-cb6352bfcfde - - - - -] convergence_dependencies: (Dependencies([((55, False), (53, False)), ((55, False), (54, False)), ((56, False), (55, False)), ((57, False), (56, False)), ((58, False), (56, False)), ((59, False), (56, False)), ((60, False), (56, False)), ((61, False), (56, False)), ((62, False), (56, False)), ((63, False), (56, False)), ((64, False), (56, False)), ((65, False), (56, False)), ((66, False), (56, False)), ((67, False), (56, False)), ((68, False), (56, False)), ((69, False), (56, False)), ((70, False), (53, False)), ((70, False), (69, False)), ((71, False), (54, False)), ((71, False), (66, False)), ((71, False), (69, False)), ((72, False), (69, False)), ((73, False), (55, False)), ((73, False), (69, False)), ((73, False), (72, False)), ((74, False), (56, False))]),)
2016-11-11 09:01:21.607 25 INFO heat.engine.stack [req-fca957c7-429e-47e6-9698-cb6352bfcfde - - - - -] Triggering resource 53 for cleanup
2016-11-11 09:01:21.610 25 INFO heat.engine.stack [req-fca957c7-429e-47e6-9698-cb6352bfcfde - - - - -] Triggering resource 54 for cleanup
2016-11-11 09:01:21.702 22 INFO heat.engine.resource [req-6020ac65-a370-4671-9ccb-7f54d6cd5715 cb1f610855384068a6241decb03d8b27 1f7630c29e9b423ca224dc2fe0512b95 - - -] deleting HeatWaitCondition "minion_wait_condition" Stack "k8s_bay123-mgtmhh7h47s6-kube_minions-ugxgteedelsx-0-jdgefoshucqw" [277bb070-3003-4a67-ad6b-4c0c3df3893d]
2016-11-11 09:01:21.705 23 INFO heat.engine.resource [req-6020ac65-a370-4671-9ccb-7f54d6cd5715 cb1f610855384068a6241decb03d8b27 1f7630c29e9b423ca224dc2fe0512b95 - - -] deleting CinderVolumeAttachment "docker_volume_attach" [60e521be-46ad-485a-8989-91656c7826ab] Stack "k8s_bay123-mgtmhh7h47s6-kube_minions-ugxgteedelsx-0-jdgefoshucqw" [277bb070-3003-4a67-ad6b-4c0c3df3893d]
2016-11-11 09:01:21.720 22 INFO heat.engine.resource [req-6020ac65-a370-4671-9ccb-7f54d6cd5715 cb1f610855384068a6241decb03d8b27 1f7630c29e9b423ca224dc2fe0512b95 - - -] delete HeatWaitCondition "minion_wait_condition" Stack "k8s_bay123-mgtmhh7h47s6-kube_minions-ugxgteedelsx-0-jdgefoshucqw" [277bb070-3003-4a67-ad6b-4c0c3df3893d] attempt 1
2016-11-11 09:01:21.725 23 INFO heat.engine.resource [req-6020ac65-a370-4671-9ccb-7f54d6cd5715 cb1f610855384068a6241decb03d8b27 1f7630c29e9b423ca224dc2fe0512b95 - - -] delete CinderVolumeAttachment "docker_volume_attach" [60e521be-46ad-485a-8989-91656c7826ab] Stack "k8s_bay123-mgtmhh7h47s6-kube_minions-ugxgteedelsx-0-jdgefoshucqw" [277bb070-3003-4a67-ad6b-4c0c3df3893d] attempt 1
2016-11-11 09:01:30.146 23 INFO heat.engine.clients.os.nova [req-6020ac65-a370-4671-9ccb-7f54d6cd5715 cb1f610855384068a6241decb03d8b27 1f7630c29e9b423ca224dc2fe0512b95 - - -] Volume 60e521be-46ad-485a-8989-91656c7826ab is detached from server efecb33f-6c1c-4ba1-9b0c-58de8dadca3e
2016-11-11 09:01:30.304 21 INFO heat.engine.resource [req-6020ac65-a370-4671-9ccb-7f54d6cd5715 cb1f610855384068a6241decb03d8b27 1f7630c29e9b423ca224dc2fe0512b95 - - -] deleting Server "kube-minion" [efecb33f-6c1c-4ba1-9b0c-58de8dadca3e] Stack "k8s_bay123-mgtmhh7h47s6-kube_minions-ugxgteedelsx-0-jdgefoshucqw" [277bb070-3003-4a67-ad6b-4c0c3df3893d]
2016-11-11 09:01:30.327 21 INFO heat.engine.resource [req-6020ac65-a370-4671-9ccb-7f54d6cd5715 cb1f610855384068a6241decb03d8b27 1f7630c29e9b423ca224dc2fe0512b95 - - -] delete Server "kube-minion" [efecb33f-6c1c-4ba1-9b0c-58de8dadca3e] Stack "k8s_bay123-mgtmhh7h47s6-kube_minions-ugxgteedelsx-0-jdgefoshucqw" [277bb070-3003-4a67-ad6b-4c0c3df3893d] attempt 1
2016-11-11 09:01:33.410 25 INFO heat.engine.resource [req-6020ac65-a370-4671-9ccb-7f54d6cd5715 cb1f610855384068a6241decb03d8b27 1f7630c29e9b423ca224dc2fe0512b95 - - -] deleting MultipartMime "kube_minion_init" [9ed6ea10-fd38-4f4a-b6c7-41db9fd86cd5] Stack "k8s_bay123-mgtmhh7h47s6-kube_minions-ugxgteedelsx-0-jdgefoshucqw" [277bb070-3003-4a67-ad6b-4c0c3df3893d]
2016-11-11 09:01:33.438 25 INFO heat.engine.resource [req-6020ac65-a370-4671-9ccb-7f54d6cd5715 cb1f610855384068a6241decb03d8b27 1f7630c29e9b423ca224dc2fe0512b95 - - -] delete MultipartMime "kube_minion_init" [9ed6ea10-fd38-4f4a-b6c7-41db9fd86cd5] Stack "k8s_bay123-mgtmhh7h47s6-kube_minions-ugxgteedelsx-0-jdgefoshucqw" [277bb070-3003-4a67-ad6b-4c0c3df3893d] attempt 1
2016-11-11 09:01:33.625 24 INFO heat.engine.resource [req-6020ac65-a370-4671-9ccb-7f54d6cd5715 cb1f610855384068a6241decb03d8b27 1f7630c29e9b423ca224dc2fe0512b95 - - -] deleting SoftwareConfig "write_kubeconfig" [107c1dda-7670-4b66-bf01-ccfced10e5a6] Stack "k8s_bay123-mgtmhh7h47s6-kube_minions-ugxgteedelsx-0-jdgefoshucqw" [277bb070-3003-4a67-ad6b-4c0c3df3893d]
2016-11-11 09:01:33.632 23 INFO heat.engine.resource [req-6020ac65-a370-4671-9ccb-7f54d6cd5715 cb1f610855384068a6241decb03d8b27 1f7630c29e9b423ca224dc2fe0512b95 - - -] deleting SoftwareConfig "make_cert" [db40ac64-7160-498c-b43c-e9cfcaf3e3ab] Stack "k8s_bay123-mgtmhh7h47s6-kube_minions-ugxgteedelsx-0-jdgefoshucqw" [277bb070-3003-4a67-ad6b-4c0c3df3893d]
2016-11-11 09:01:33.638 21 INFO heat.engine.resource [req-6020ac65-a370-4671-9ccb-7f54d6cd5715 cb1f610855384068a6241decb03d8b27 1f7630c29e9b423ca224dc2fe0512b95 - - -] deleting SoftwareConfig "enable_kube_proxy" [94ed8b6b-4747-4595-b385-1bd0b75c8fe6] Stack "k8s_bay123-mgtmhh7h47s6-kube_minions-ugxgteedelsx-0-jdgefoshucqw" [277bb070-3003-4a67-ad6b-4c0c3df3893d]
2016-11-11 09:01:33.640 22 INFO heat.engine.resource [req-6020ac65-a370-4671-9ccb-7f54d6cd5715 cb1f610855384068a6241decb03d8b27 1f7630c29e9b423ca224dc2fe0512b95 - - -] deleting SoftwareConfig "configure_docker_storage" [c7c86536-76be-4cea-b742-ef7a3c406da8] Stack "k8s_bay123-mgtmhh7h47s6-kube_minions-ugxgteedelsx-0-jdgefoshucqw" [277bb070-3003-4a67-ad6b-4c0c3df3893d]
2016-11-11 09:01:33.655 25 INFO heat.engine.resource [req-6020ac65-a370-4671-9ccb-7f54d6cd5715 cb1f610855384068a6241decb03d8b27 1f7630c29e9b423ca224dc2fe0512b95 - - -] deleting SoftwareConfig "enable_services" [5e9d3cdb-515d-433e-8ce5-5b59347a4e40] Stack "k8s_bay123-mgtmhh7h47s6-kube_minions-ugxgteedelsx-0-jdgefoshucqw" [277bb070-3003-4a67-ad6b-4c0c3df3893d]
2016-11-11 09:01:33.655 21 INFO heat.engine.resource [req-6020ac65-a370-4671-9ccb-7f54d6cd5715 cb1f610855384068a6241decb03d8b27 1f7630c29e9b423ca224dc2fe0512b95 - - -] delete SoftwareConfig "enable_kube_proxy" [94ed8b6b-4747-4595-b385-1bd0b75c8fe6] Stack "k8s_bay123-mgtmhh7h47s6-kube_minions-ugxgteedelsx-0-jdgefoshucqw" [277bb070-3003-4a67-ad6b-4c0c3df3893d] attempt 1
2016-11-11 09:01:33.673 24 INFO heat.engine.resource [req-6020ac65-a370-4671-9ccb-7f54d6cd5715 cb1f610855384068a6241decb03d8b27 1f7630c29e9b423ca224dc2fe0512b95 - - -] delete SoftwareConfig "write_kubeconfig" [107c1dda-7670-4b66-bf01-ccfced10e5a6] Stack "k8s_bay123-mgtmhh7h47s6-kube_minions-ugxgteedelsx-0-jdgefoshucqw" [277bb070-3003-4a67-ad6b-4c0c3df3893d] attempt 1
2016-11-11 09:01:33.680 24 INFO heat.engine.resource [req-6020ac65-a370-4671-9ccb-7f54d6cd5715 cb1f610855384068a6241decb03d8b27 1f7630c29e9b423ca224dc2fe0512b95 - - -] deleting SoftwareConfig "configure_docker_registry" [8db488a1-f200-4e04-bf2d-6956556291eb] Stack "k8s_bay123-mgtmhh7h47s6-kube_minions-ugxgteedelsx-0-jdgefoshucqw" [277bb070-3003-4a67-ad6b-4c0c3df3893d]
2016-11-11 09:01:33.686 22 INFO heat.engine.resource [req-6020ac65-a370-4671-9ccb-7f54d6cd5715 cb1f610855384068a6241decb03d8b27 1f7630c29e9b423ca224dc2fe0512b95 - - -] delete SoftwareConfig "configure_docker_storage" [c7c86536-76be-4cea-b742-ef7a3c406da8] Stack "k8s_bay123-mgtmhh7h47s6-kube_minions-ugxgteedelsx-0-jdgefoshucqw" [277bb070-3003-4a67-ad6b-4c0c3df3893d] attempt 1
2016-11-11 09:01:33.689 25 INFO heat.engine.resource [req-6020ac65-a370-4671-9ccb-7f54d6cd5715 cb1f610855384068a6241decb03d8b27 1f7630c29e9b423ca224dc2fe0512b95 - - -] delete SoftwareConfig "enable_services" [5e9d3cdb-515d-433e-8ce5-5b59347a4e40] Stack "k8s_bay123-mgtmhh7h47s6-kube_minions-ugxgteedelsx-0-jdgefoshucqw" [277bb070-3003-4a67-ad6b-4c0c3df3893d] attempt 1
2016-11-11 09:01:33.692 23 INFO heat.engine.resource [req-6020ac65-a370-4671-9ccb-7f54d6cd5715 cb1f610855384068a6241decb03d8b27 1f7630c29e9b423ca224dc2fe0512b95 - - -] delete SoftwareConfig "make_cert" [db40ac64-7160-498c-b43c-e9cfcaf3e3ab] Stack "k8s_bay123-mgtmhh7h47s6-kube_minions-ugxgteedelsx-0-jdgefoshucqw" [277bb070-3003-4a67-ad6b-4c0c3df3893d] attempt 1
2016-11-11 09:01:33.711 23 INFO heat.engine.resource [req-6020ac65-a370-4671-9ccb-7f54d6cd5715 cb1f610855384068a6241decb03d8b27 1f7630c29e9b423ca224dc2fe0512b95 - - -] deleting SoftwareConfig "minion_wc_notify" [5496f944-468e-43d5-b98d-431d973964de] Stack "k8s_bay123-mgtmhh7h47s6-kube_minions-ugxgteedelsx-0-jdgefoshucqw" [277bb070-3003-4a67-ad6b-4c0c3df3893d]
2016-11-11 09:01:33.719 24 INFO heat.engine.resource [req-6020ac65-a370-4671-9ccb-7f54d6cd5715 cb1f610855384068a6241decb03d8b27 1f7630c29e9b423ca224dc2fe0512b95 - - -] delete SoftwareConfig "configure_docker_registry" [8db488a1-f200-4e04-bf2d-6956556291eb] Stack "k8s_bay123-mgtmhh7h47s6-kube_minions-ugxgteedelsx-0-jdgefoshucqw" [277bb070-3003-4a67-ad6b-4c0c3df3893d] attempt 1
2016-11-11 09:01:33.730 23 INFO heat.engine.resource [req-6020ac65-a370-4671-9ccb-7f54d6cd5715 cb1f610855384068a6241decb03d8b27 1f7630c29e9b423ca224dc2fe0512b95 - - -] delete SoftwareConfig "minion_wc_notify" [5496f944-468e-43d5-b98d-431d973964de] Stack "k8s_bay123-mgtmhh7h47s6-kube_minions-ugxgteedelsx-0-jdgefoshucqw" [277bb070-3003-4a67-ad6b-4c0c3df3893d] attempt 1
2016-11-11 09:01:33.753 21 INFO heat.engine.resource [req-6020ac65-a370-4671-9ccb-7f54d6cd5715 cb1f610855384068a6241decb03d8b27 1f7630c29e9b423ca224dc2fe0512b95 - - -] deleting SoftwareConfig "write_heat_params" [f24f3ccc-9444-484e-b236-bce64f08eadb] Stack "k8s_bay123-mgtmhh7h47s6-kube_minions-ugxgteedelsx-0-jdgefoshucqw" [277bb070-3003-4a67-ad6b-4c0c3df3893d]
2016-11-11 09:01:33.766 22 INFO heat.engine.resource [req-6020ac65-a370-4671-9ccb-7f54d6cd5715 cb1f610855384068a6241decb03d8b27 1f7630c29e9b423ca224dc2fe0512b95 - - -] deleting SoftwareConfig "disable_selinux" [5798278a-a2b4-4faf-a606-33a08fb90d75] Stack "k8s_bay123-mgtmhh7h47s6-kube_minions-ugxgteedelsx-0-jdgefoshucqw" [277bb070-3003-4a67-ad6b-4c0c3df3893d]
2016-11-11 09:01:33.777 21 INFO heat.engine.resource [req-6020ac65-a370-4671-9ccb-7f54d6cd5715 cb1f610855384068a6241decb03d8b27 1f7630c29e9b423ca224dc2fe0512b95 - - -] delete SoftwareConfig "write_heat_params" [f24f3ccc-9444-484e-b236-bce64f08eadb] Stack "k8s_bay123-mgtmhh7h47s6-kube_minions-ugxgteedelsx-0-jdgefoshucqw" [277bb070-3003-4a67-ad6b-4c0c3df3893d] attempt 1
2016-11-11 09:01:33.785 25 INFO heat.engine.resource [req-6020ac65-a370-4671-9ccb-7f54d6cd5715 cb1f610855384068a6241decb03d8b27 1f7630c29e9b423ca224dc2fe0512b95 - - -] deleting SoftwareConfig "kube_examples" [0f39fb20-0d04-41a7-b301-8a5099e1bf64] Stack "k8s_bay123-mgtmhh7h47s6-kube_minions-ugxgteedelsx-0-jdgefoshucqw" [277bb070-3003-4a67-ad6b-4c0c3df3893d]
2016-11-11 09:01:33.804 22 INFO heat.engine.resource [req-6020ac65-a370-4671-9ccb-7f54d6cd5715 cb1f610855384068a6241decb03d8b27 1f7630c29e9b423ca224dc2fe0512b95 - - -] delete SoftwareConfig "disable_selinux" [5798278a-a2b4-4faf-a606-33a08fb90d75] Stack "k8s_bay123-mgtmhh7h47s6-kube_minions-ugxgteedelsx-0-jdgefoshucqw" [277bb070-3003-4a67-ad6b-4c0c3df3893d] attempt 1
2016-11-11 09:01:33.810 24 INFO heat.engine.resource [req-6020ac65-a370-4671-9ccb-7f54d6cd5715 cb1f610855384068a6241decb03d8b27 1f7630c29e9b423ca224dc2fe0512b95 - - -] deleting SoftwareConfig "enable_docker_registry" [ffbb3549-501a-4fff-9f5c-df52100fe693] Stack "k8s_bay123-mgtmhh7h47s6-kube_minions-ugxgteedelsx-0-jdgefoshucqw" [277bb070-3003-4a67-ad6b-4c0c3df3893d]
2016-11-11 09:01:33.810 25 INFO heat.engine.resource [req-6020ac65-a370-4671-9ccb-7f54d6cd5715 cb1f610855384068a6241decb03d8b27 1f7630c29e9b423ca224dc2fe0512b95 - - -] delete SoftwareConfig "kube_examples" [0f39fb20-0d04-41a7-b301-8a5099e1bf64] Stack "k8s_bay123-mgtmhh7h47s6-kube_minions-ugxgteedelsx-0-jdgefoshucqw" [277bb070-3003-4a67-ad6b-4c0c3df3893d] attempt 1
2016-11-11 09:01:33.842 24 INFO heat.engine.resource [req-6020ac65-a370-4671-9ccb-7f54d6cd5715 cb1f610855384068a6241decb03d8b27 1f7630c29e9b423ca224dc2fe0512b95 - - -] delete SoftwareConfig "enable_docker_registry" [ffbb3549-501a-4fff-9f5c-df52100fe693] Stack "k8s_bay123-mgtmhh7h47s6-kube_minions-ugxgteedelsx-0-jdgefoshucqw" [277bb070-3003-4a67-ad6b-4c0c3df3893d] attempt 1
2016-11-11 09:01:33.863 23 INFO heat.engine.resource [req-6020ac65-a370-4671-9ccb-7f54d6cd5715 cb1f610855384068a6241decb03d8b27 1f7630c29e9b423ca224dc2fe0512b95 - - -] deleting SoftwareConfig "configure_kubernetes_minion" [897838f6-ae76-4216-adf2-2c2aef8a3f56] Stack "k8s_bay123-mgtmhh7h47s6-kube_minions-ugxgteedelsx-0-jdgefoshucqw" [277bb070-3003-4a67-ad6b-4c0c3df3893d]
2016-11-11 09:01:33.874 22 INFO heat.engine.resource [req-6020ac65-a370-4671-9ccb-7f54d6cd5715 cb1f610855384068a6241decb03d8b27 1f7630c29e9b423ca224dc2fe0512b95 - - -] deleting SoftwareConfig "network_service" [d599cc08-5aec-4b12-8cb6-c64b390cfea8] Stack "k8s_bay123-mgtmhh7h47s6-kube_minions-ugxgteedelsx-0-jdgefoshucqw" [277bb070-3003-4a67-ad6b-4c0c3df3893d]
2016-11-11 09:01:33.882 21 INFO heat.engine.resource [req-6020ac65-a370-4671-9ccb-7f54d6cd5715 cb1f610855384068a6241decb03d8b27 1f7630c29e9b423ca224dc2fe0512b95 - - -] deleting SoftwareConfig "add_proxy" [54c5798d-d81c-49e0-a938-0184e1ac3099] Stack "k8s_bay123-mgtmhh7h47s6-kube_minions-ugxgteedelsx-0-jdgefoshucqw" [277bb070-3003-4a67-ad6b-4c0c3df3893d]
2016-11-11 09:01:33.894 23 INFO heat.engine.resource [req-6020ac65-a370-4671-9ccb-7f54d6cd5715 cb1f610855384068a6241decb03d8b27 1f7630c29e9b423ca224dc2fe0512b95 - - -] delete SoftwareConfig "configure_kubernetes_minion" [897838f6-ae76-4216-adf2-2c2aef8a3f56] Stack "k8s_bay123-mgtmhh7h47s6-kube_minions-ugxgteedelsx-0-jdgefoshucqw" [277bb070-3003-4a67-ad6b-4c0c3df3893d] attempt 1
2016-11-11 09:01:33.899 22 INFO heat.engine.resource [req-6020ac65-a370-4671-9ccb-7f54d6cd5715 cb1f610855384068a6241decb03d8b27 1f7630c29e9b423ca224dc2fe0512b95 - - -] delete SoftwareConfig "network_service" [d599cc08-5aec-4b12-8cb6-c64b390cfea8] Stack "k8s_bay123-mgtmhh7h47s6-kube_minions-ugxgteedelsx-0-jdgefoshucqw" [277bb070-3003-4a67-ad6b-4c0c3df3893d] attempt 1
2016-11-11 09:01:33.915 21 INFO heat.engine.resource [req-6020ac65-a370-4671-9ccb-7f54d6cd5715 cb1f610855384068a6241decb03d8b27 1f7630c29e9b423ca224dc2fe0512b95 - - -] delete SoftwareConfig "add_proxy" [54c5798d-d81c-49e0-a938-0184e1ac3099] Stack "k8s_bay123-mgtmhh7h47s6-kube_minions-ugxgteedelsx-0-jdgefoshucqw" [277bb070-3003-4a67-ad6b-4c0c3df3893d] attempt 1
2016-11-11 09:01:34.013 24 INFO heat.engine.resource [req-6020ac65-a370-4671-9ccb-7f54d6cd5715 cb1f610855384068a6241decb03d8b27 1f7630c29e9b423ca224dc2fe0512b95 - - -] deleting HeatWaitConditionHandle "minion_wait_handle" [49750c29ffd643719dd605633fcf0dcc] Stack "k8s_bay123-mgtmhh7h47s6-kube_minions-ugxgteedelsx-0-jdgefoshucqw" [277bb070-3003-4a67-ad6b-4c0c3df3893d]
2016-11-11 09:01:34.014 25 INFO heat.engine.resource [req-6020ac65-a370-4671-9ccb-7f54d6cd5715 cb1f610855384068a6241decb03d8b27 1f7630c29e9b423ca224dc2fe0512b95 - - -] deleting FloatingIP "kube_minion_floating" [95efee51-3464-4cc6-a33f-28729951198e] Stack "k8s_bay123-mgtmhh7h47s6-kube_minions-ugxgteedelsx-0-jdgefoshucqw" [277bb070-3003-4a67-ad6b-4c0c3df3893d]
2016-11-11 09:01:34.029 24 INFO heat.engine.resource [req-6020ac65-a370-4671-9ccb-7f54d6cd5715 cb1f610855384068a6241decb03d8b27 1f7630c29e9b423ca224dc2fe0512b95 - - -] delete HeatWaitConditionHandle "minion_wait_handle" [49750c29ffd643719dd605633fcf0dcc] Stack "k8s_bay123-mgtmhh7h47s6-kube_minions-ugxgteedelsx-0-jdgefoshucqw" [277bb070-3003-4a67-ad6b-4c0c3df3893d] attempt 1
2016-11-11 09:01:34.029 25 INFO heat.engine.resource [req-6020ac65-a370-4671-9ccb-7f54d6cd5715 cb1f610855384068a6241decb03d8b27 1f7630c29e9b423ca224dc2fe0512b95 - - -] delete FloatingIP "kube_minion_floating" [95efee51-3464-4cc6-a33f-28729951198e] Stack "k8s_bay123-mgtmhh7h47s6-kube_minions-ugxgteedelsx-0-jdgefoshucqw" [277bb070-3003-4a67-ad6b-4c0c3df3893d] attempt 1
2016-11-11 09:01:34.045 23 INFO heat.engine.resource [req-6020ac65-a370-4671-9ccb-7f54d6cd5715 cb1f610855384068a6241decb03d8b27 1f7630c29e9b423ca224dc2fe0512b95 - - -] deleting CinderVolume "docker_volume" [60e521be-46ad-485a-8989-91656c7826ab] Stack "k8s_bay123-mgtmhh7h47s6-kube_minions-ugxgteedelsx-0-jdgefoshucqw" [277bb070-3003-4a67-ad6b-4c0c3df3893d]
2016-11-11 09:01:34.070 23 INFO heat.engine.resource [req-6020ac65-a370-4671-9ccb-7f54d6cd5715 cb1f610855384068a6241decb03d8b27 1f7630c29e9b423ca224dc2fe0512b95 - - -] delete CinderVolume "docker_volume" [60e521be-46ad-485a-8989-91656c7826ab] Stack "k8s_bay123-mgtmhh7h47s6-kube_minions-ugxgteedelsx-0-jdgefoshucqw" [277bb070-3003-4a67-ad6b-4c0c3df3893d] attempt 1
2016-11-11 09:01:34.740 22 INFO heat.engine.resource [req-6020ac65-a370-4671-9ccb-7f54d6cd5715 cb1f610855384068a6241decb03d8b27 1f7630c29e9b423ca224dc2fe0512b95 - - -] deleting Port "kube_minion_eth0" [aad36aec-d42e-4042-beb1-3b016a32d64b] Stack "k8s_bay123-mgtmhh7h47s6-kube_minions-ugxgteedelsx-0-jdgefoshucqw" [277bb070-3003-4a67-ad6b-4c0c3df3893d]
2016-11-11 09:01:34.756 22 INFO heat.engine.resource [req-6020ac65-a370-4671-9ccb-7f54d6cd5715 cb1f610855384068a6241decb03d8b27 1f7630c29e9b423ca224dc2fe0512b95 - - -] delete Port "kube_minion_eth0" [aad36aec-d42e-4042-beb1-3b016a32d64b] Stack "k8s_bay123-mgtmhh7h47s6-kube_minions-ugxgteedelsx-0-jdgefoshucqw" [277bb070-3003-4a67-ad6b-4c0c3df3893d] attempt 1
2016-11-11 09:01:41.199 23 INFO heat.engine.stack [req-6020ac65-a370-4671-9ccb-7f54d6cd5715 cb1f610855384068a6241decb03d8b27 1f7630c29e9b423ca224dc2fe0512b95 - - -] [k8s_bay123-mgtmhh7h47s6-kube_minions-ugxgteedelsx-0-jdgefoshucqw(277bb070-3003-4a67-ad6b-4c0c3df3893d)] update traversal 9f4f1874-6551-453a-a36b-ae346acfcce6 complete
2016-11-11 09:01:41.229 23 INFO heat.engine.stack [req-6020ac65-a370-4671-9ccb-7f54d6cd5715 cb1f610855384068a6241decb03d8b27 1f7630c29e9b423ca224dc2fe0512b95 - - -] Stack DELETE COMPLETE (k8s_bay123-mgtmhh7h47s6-kube_minions-ugxgteedelsx-0-jdgefoshucqw): Stack DELETE completed successfully
2016-11-11 09:01:41.597 24 INFO heat.engine.stack [req-6020ac65-a370-4671-9ccb-7f54d6cd5715 cb1f610855384068a6241decb03d8b27 1f7630c29e9b423ca224dc2fe0512b95 - - -] [k8s_bay123-mgtmhh7h47s6-kube_minions-ugxgteedelsx(ca9f17fa-1e6d-4c69-99e0-b535d4c84e62)] update traversal df5a225e-4d15-4ae2-bb65-a433411c2713 complete
2016-11-11 09:01:41.622 24 INFO heat.engine.stack [req-6020ac65-a370-4671-9ccb-7f54d6cd5715 cb1f610855384068a6241decb03d8b27 1f7630c29e9b423ca224dc2fe0512b95 - - -] Stack DELETE COMPLETE (k8s_bay123-mgtmhh7h47s6-kube_minions-ugxgteedelsx): Stack DELETE completed successfully
2016-11-11 09:01:42.447 21 INFO heat.engine.resource [req-6020ac65-a370-4671-9ccb-7f54d6cd5715 cb1f610855384068a6241decb03d8b27 1f7630c29e9b423ca224dc2fe0512b95 - - -] deleting TemplateResource "api_address_lb_switch" [6ba9bf97-bc20-4651-95a9-c9fffb646a78] Stack "k8s_bay123-mgtmhh7h47s6" [26ed4258-4f6d-488a-aae9-b9c411bd9086]
2016-11-11 09:01:42.466 21 INFO heat.engine.resource [req-6020ac65-a370-4671-9ccb-7f54d6cd5715 cb1f610855384068a6241decb03d8b27 1f7630c29e9b423ca224dc2fe0512b95 - - -] delete TemplateResource "api_address_lb_switch" [6ba9bf97-bc20-4651-95a9-c9fffb646a78] Stack "k8s_bay123-mgtmhh7h47s6" [26ed4258-4f6d-488a-aae9-b9c411bd9086] attempt 1
2016-11-11 09:01:42.473 25 INFO heat.engine.resource [req-eb65e365-993d-45bf-8903-f6009fd1b874 - - - - -] deleting TemplateResource "etcd_address_lb_switch" [c09b3b3b-0333-4aca-9460-ef24d1ed3c1f] Stack "k8s_bay123-mgtmhh7h47s6" [26ed4258-4f6d-488a-aae9-b9c411bd9086]
2016-11-11 09:01:42.493 25 INFO heat.engine.resource [req-eb65e365-993d-45bf-8903-f6009fd1b874 - - - - -] delete TemplateResource "etcd_address_lb_switch" [c09b3b3b-0333-4aca-9460-ef24d1ed3c1f] Stack "k8s_bay123-mgtmhh7h47s6" [26ed4258-4f6d-488a-aae9-b9c411bd9086] attempt 1
2016-11-11 09:01:42.499 24 INFO heat.engine.service [req-6020ac65-a370-4671-9ccb-7f54d6cd5715 cb1f610855384068a6241decb03d8b27 1f7630c29e9b423ca224dc2fe0512b95 - - -] Deleting stack k8s_bay123-mgtmhh7h47s6-api_address_lb_switch-4sr7cxktz5op
2016-11-11 09:01:42.510 24 INFO heat.engine.worker [req-6020ac65-a370-4671-9ccb-7f54d6cd5715 cb1f610855384068a6241decb03d8b27 1f7630c29e9b423ca224dc2fe0512b95 - - -] [k8s_bay123-mgtmhh7h47s6-api_address_lb_switch-4sr7cxktz5op(6ba9bf97-bc20-4651-95a9-c9fffb646a78)] Stopped all active workers for stack CREATE
2016-11-11 09:01:42.522 24 INFO heat.engine.resource [req-6020ac65-a370-4671-9ccb-7f54d6cd5715 cb1f610855384068a6241decb03d8b27 1f7630c29e9b423ca224dc2fe0512b95 - - -] deleting SecurityGroup "secgroup_kube_minion" [8c518bef-cc5c-46d0-8ea1-dada4417ada2] Stack "k8s_bay123-mgtmhh7h47s6" [26ed4258-4f6d-488a-aae9-b9c411bd9086]
2016-11-11 09:01:42.523 21 INFO heat.engine.service [req-6020ac65-a370-4671-9ccb-7f54d6cd5715 cb1f610855384068a6241decb03d8b27 1f7630c29e9b423ca224dc2fe0512b95 - - -] Deleting stack k8s_bay123-mgtmhh7h47s6-etcd_address_lb_switch-c33tcd2tsfbc
2016-11-11 09:01:42.529 21 INFO heat.engine.worker [req-6020ac65-a370-4671-9ccb-7f54d6cd5715 cb1f610855384068a6241decb03d8b27 1f7630c29e9b423ca224dc2fe0512b95 - - -] [k8s_bay123-mgtmhh7h47s6-etcd_address_lb_switch-c33tcd2tsfbc(c09b3b3b-0333-4aca-9460-ef24d1ed3c1f)] Stopped all active workers for stack CREATE
2016-11-11 09:01:42.549 24 INFO heat.engine.resource [req-6020ac65-a370-4671-9ccb-7f54d6cd5715 cb1f610855384068a6241decb03d8b27 1f7630c29e9b423ca224dc2fe0512b95 - - -] delete SecurityGroup "secgroup_kube_minion" [8c518bef-cc5c-46d0-8ea1-dada4417ada2] Stack "k8s_bay123-mgtmhh7h47s6" [26ed4258-4f6d-488a-aae9-b9c411bd9086] attempt 1
2016-11-11 09:01:42.553 24 INFO heat.engine.stack [req-6020ac65-a370-4671-9ccb-7f54d6cd5715 cb1f610855384068a6241decb03d8b27 1f7630c29e9b423ca224dc2fe0512b95 - - -] Stack DELETE IN_PROGRESS (k8s_bay123-mgtmhh7h47s6-api_address_lb_switch-4sr7cxktz5op): Stack DELETE started
2016-11-11 09:01:42.563 21 INFO heat.engine.stack [req-6020ac65-a370-4671-9ccb-7f54d6cd5715 cb1f610855384068a6241decb03d8b27 1f7630c29e9b423ca224dc2fe0512b95 - - -] Stack DELETE IN_PROGRESS (k8s_bay123-mgtmhh7h47s6-etcd_address_lb_switch-c33tcd2tsfbc): Stack DELETE started
2016-11-11 09:01:42.581 24 INFO heat.engine.stack [req-6020ac65-a370-4671-9ccb-7f54d6cd5715 cb1f610855384068a6241decb03d8b27 1f7630c29e9b423ca224dc2fe0512b95 - - -] convergence_dependencies: (Dependencies([]),)
2016-11-11 09:01:42.590 24 INFO heat.engine.stack [req-6020ac65-a370-4671-9ccb-7f54d6cd5715 cb1f610855384068a6241decb03d8b27 1f7630c29e9b423ca224dc2fe0512b95 - - -] [k8s_bay123-mgtmhh7h47s6-api_address_lb_switch-4sr7cxktz5op(6ba9bf97-bc20-4651-95a9-c9fffb646a78)] update traversal 321fede1-9202-44ed-8490-2f55890f709a complete
2016-11-11 09:01:42.599 21 INFO heat.engine.stack [req-6020ac65-a370-4671-9ccb-7f54d6cd5715 cb1f610855384068a6241decb03d8b27 1f7630c29e9b423ca224dc2fe0512b95 - - -] convergence_dependencies: (Dependencies([]),)
2016-11-11 09:01:42.608 21 INFO heat.engine.stack [req-6020ac65-a370-4671-9ccb-7f54d6cd5715 cb1f610855384068a6241decb03d8b27 1f7630c29e9b423ca224dc2fe0512b95 - - -] [k8s_bay123-mgtmhh7h47s6-etcd_address_lb_switch-c33tcd2tsfbc(c09b3b3b-0333-4aca-9460-ef24d1ed3c1f)] update traversal 893db372-00f2-4dac-bc4f-0e856cbbc481 complete
2016-11-11 09:01:42.611 24 INFO heat.engine.stack [req-6020ac65-a370-4671-9ccb-7f54d6cd5715 cb1f610855384068a6241decb03d8b27 1f7630c29e9b423ca224dc2fe0512b95 - - -] Stack DELETE COMPLETE (k8s_bay123-mgtmhh7h47s6-api_address_lb_switch-4sr7cxktz5op): Stack DELETE completed successfully
2016-11-11 09:01:42.626 21 INFO heat.engine.stack [req-6020ac65-a370-4671-9ccb-7f54d6cd5715 cb1f610855384068a6241decb03d8b27 1f7630c29e9b423ca224dc2fe0512b95 - - -] Stack DELETE COMPLETE (k8s_bay123-mgtmhh7h47s6-etcd_address_lb_switch-c33tcd2tsfbc): Stack DELETE completed successfully
2016-11-11 09:01:44.009 23 INFO heat.engine.resource [req-6020ac65-a370-4671-9ccb-7f54d6cd5715 cb1f610855384068a6241decb03d8b27 1f7630c29e9b423ca224dc2fe0512b95 - - -] deleting ResourceGroup "kube_masters" [1904367f-503f-4166-8324-61c4cc96ec9d] Stack "k8s_bay123-mgtmhh7h47s6" [26ed4258-4f6d-488a-aae9-b9c411bd9086]
2016-11-11 09:01:44.992 23 INFO heat.engine.resource [req-6020ac65-a370-4671-9ccb-7f54d6cd5715 cb1f610855384068a6241decb03d8b27 1f7630c29e9b423ca224dc2fe0512b95 - - -] delete ResourceGroup "kube_masters" [1904367f-503f-4166-8324-61c4cc96ec9d] Stack "k8s_bay123-mgtmhh7h47s6" [26ed4258-4f6d-488a-aae9-b9c411bd9086] attempt 1
2016-11-11 09:01:45.036 22 INFO heat.engine.service [req-6020ac65-a370-4671-9ccb-7f54d6cd5715 cb1f610855384068a6241decb03d8b27 1f7630c29e9b423ca224dc2fe0512b95 - - -] Deleting stack k8s_bay123-mgtmhh7h47s6-kube_masters-d3r4zwdhcpiw
2016-11-11 09:01:45.069 22 INFO heat.engine.worker [req-6020ac65-a370-4671-9ccb-7f54d6cd5715 cb1f610855384068a6241decb03d8b27 1f7630c29e9b423ca224dc2fe0512b95 - - -] [k8s_bay123-mgtmhh7h47s6-kube_masters-d3r4zwdhcpiw(1904367f-503f-4166-8324-61c4cc96ec9d)] Stopped all active workers for stack CREATE
2016-11-11 09:01:46.096 22 INFO heat.engine.stack [req-6020ac65-a370-4671-9ccb-7f54d6cd5715 cb1f610855384068a6241decb03d8b27 1f7630c29e9b423ca224dc2fe0512b95 - - -] Stack DELETE IN_PROGRESS (k8s_bay123-mgtmhh7h47s6-kube_masters-d3r4zwdhcpiw): Stack DELETE started
2016-11-11 09:01:46.776 22 INFO heat.engine.stack [req-6020ac65-a370-4671-9ccb-7f54d6cd5715 cb1f610855384068a6241decb03d8b27 1f7630c29e9b423ca224dc2fe0512b95 - - -] convergence_dependencies: (Dependencies([((22, False), None)]),)
2016-11-11 09:01:47.511 22 INFO heat.engine.stack [req-6020ac65-a370-4671-9ccb-7f54d6cd5715 cb1f610855384068a6241decb03d8b27 1f7630c29e9b423ca224dc2fe0512b95 - - -] Triggering resource 22 for cleanup
2016-11-11 09:01:47.786 22 INFO heat.engine.resource [req-6020ac65-a370-4671-9ccb-7f54d6cd5715 cb1f610855384068a6241decb03d8b27 1f7630c29e9b423ca224dc2fe0512b95 - - -] deleting TemplateResource "0" [fbded6dc-ef25-4f68-958d-1cce2fdadf73] Stack "k8s_bay123-mgtmhh7h47s6-kube_masters-d3r4zwdhcpiw" [1904367f-503f-4166-8324-61c4cc96ec9d]
2016-11-11 09:01:48.101 22 INFO heat.engine.resource [req-6020ac65-a370-4671-9ccb-7f54d6cd5715 cb1f610855384068a6241decb03d8b27 1f7630c29e9b423ca224dc2fe0512b95 - - -] delete TemplateResource "0" [fbded6dc-ef25-4f68-958d-1cce2fdadf73] Stack "k8s_bay123-mgtmhh7h47s6-kube_masters-d3r4zwdhcpiw" [1904367f-503f-4166-8324-61c4cc96ec9d] attempt 1
2016-11-11 09:01:48.140 24 INFO heat.engine.service [req-6020ac65-a370-4671-9ccb-7f54d6cd5715 cb1f610855384068a6241decb03d8b27 1f7630c29e9b423ca224dc2fe0512b95 - - -] Deleting stack k8s_bay123-mgtmhh7h47s6-kube_masters-d3r4zwdhcpiw-0-fl3auywx47il
2016-11-11 09:01:48.243 24 INFO heat.engine.worker [req-6020ac65-a370-4671-9ccb-7f54d6cd5715 cb1f610855384068a6241decb03d8b27 1f7630c29e9b423ca224dc2fe0512b95 - - -] [k8s_bay123-mgtmhh7h47s6-kube_masters-d3r4zwdhcpiw-0-fl3auywx47il(fbded6dc-ef25-4f68-958d-1cce2fdadf73)] Stopped all active workers for stack CREATE
2016-11-11 09:01:49.563 24 INFO heat.engine.stack [req-6020ac65-a370-4671-9ccb-7f54d6cd5715 cb1f610855384068a6241decb03d8b27 1f7630c29e9b423ca224dc2fe0512b95 - - -] Stack DELETE IN_PROGRESS (k8s_bay123-mgtmhh7h47s6-kube_masters-d3r4zwdhcpiw-0-fl3auywx47il): Stack DELETE started
2016-11-11 09:01:50.531 24 INFO heat.engine.stack [req-6020ac65-a370-4671-9ccb-7f54d6cd5715 cb1f610855384068a6241decb03d8b27 1f7630c29e9b423ca224dc2fe0512b95 - - -] convergence_dependencies: (Dependencies([((27, False), (23, False)), ((27, False), (26, False)), ((28, False), (27, False)), ((29, False), (28, False)), ((30, False), (28, False)), ((31, False), (28, False)), ((32, False), (26, False)), ((32, False), (29, False)), ((33, False), (28, False)), ((34, False), (28, False)), ((35, False), (28, False)), ((36, False), (28, False)), ((37, False), (28, False)), ((38, False), (28, False)), ((39, False), (29, False)), ((40, False), (28, False)), ((41, False), (28, False)), ((42, False), (29, False)), ((42, False), (39, False)), ((43, False), (24, False)), ((43, False), (25, False)), ((43, False), (27, False)), ((43, False), (29, False)), ((43, False), (39, False)), ((43, False), (42, False)), ((44, False), (23, False)), ((44, False), (29, False)), ((45, False), (28, False)), ((46, False), (28, False)), ((47, False), (28, False)), ((48, False), (28, False)), ((49, False), (28, False)), ((50, False), (28, False)), ((51, False), (28, False))]),)
2016-11-11 09:01:50.705 24 INFO heat.engine.stack [req-6020ac65-a370-4671-9ccb-7f54d6cd5715 cb1f610855384068a6241decb03d8b27 1f7630c29e9b423ca224dc2fe0512b95 - - -] Triggering resource 24 for cleanup
2016-11-11 09:01:50.709 24 INFO heat.engine.stack [req-6020ac65-a370-4671-9ccb-7f54d6cd5715 cb1f610855384068a6241decb03d8b27 1f7630c29e9b423ca224dc2fe0512b95 - - -] Triggering resource 25 for cleanup
2016-11-11 09:01:50.712 24 INFO heat.engine.stack [req-6020ac65-a370-4671-9ccb-7f54d6cd5715 cb1f610855384068a6241decb03d8b27 1f7630c29e9b423ca224dc2fe0512b95 - - -] Triggering resource 26 for cleanup
2016-11-11 09:01:50.716 24 INFO heat.engine.stack [req-6020ac65-a370-4671-9ccb-7f54d6cd5715 cb1f610855384068a6241decb03d8b27 1f7630c29e9b423ca224dc2fe0512b95 - - -] Triggering resource 23 for cleanup
2016-11-11 09:01:50.807 24 INFO heat.engine.resource [req-6020ac65-a370-4671-9ccb-7f54d6cd5715 cb1f610855384068a6241decb03d8b27 1f7630c29e9b423ca224dc2fe0512b95 - - -] deleting HeatWaitCondition "master_wait_condition" Stack "k8s_bay123-mgtmhh7h47s6-kube_masters-d3r4zwdhcpiw-0-fl3auywx47il" [fbded6dc-ef25-4f68-958d-1cce2fdadf73]
2016-11-11 09:01:50.808 21 INFO heat.engine.resource [req-6020ac65-a370-4671-9ccb-7f54d6cd5715 cb1f610855384068a6241decb03d8b27 1f7630c29e9b423ca224dc2fe0512b95 - - -] deleting NoneResource "etcd_pool_member" [e8a3c35e-9365-4d2b-b51e-265173bb69d7] Stack "k8s_bay123-mgtmhh7h47s6-kube_masters-d3r4zwdhcpiw-0-fl3auywx47il" [fbded6dc-ef25-4f68-958d-1cce2fdadf73]
2016-11-11 09:01:50.810 25 INFO heat.engine.resource [req-6020ac65-a370-4671-9ccb-7f54d6cd5715 cb1f610855384068a6241decb03d8b27 1f7630c29e9b423ca224dc2fe0512b95 - - -] deleting NoneResource "api_pool_member" [fc474d95-c21a-4bd6-a000-e3d7ff8bc35f] Stack "k8s_bay123-mgtmhh7h47s6-kube_masters-d3r4zwdhcpiw-0-fl3auywx47il" [fbded6dc-ef25-4f68-958d-1cce2fdadf73]
2016-11-11 09:01:50.816 23 INFO heat.engine.resource [req-6020ac65-a370-4671-9ccb-7f54d6cd5715 cb1f610855384068a6241decb03d8b27 1f7630c29e9b423ca224dc2fe0512b95 - - -] deleting CinderVolumeAttachment "docker_volume_attach" [c0853ef0-e8aa-4a05-b554-904b5cfcdbd2] Stack "k8s_bay123-mgtmhh7h47s6-kube_masters-d3r4zwdhcpiw-0-fl3auywx47il" [fbded6dc-ef25-4f68-958d-1cce2fdadf73]
2016-11-11 09:01:50.826 24 INFO heat.engine.resource [req-6020ac65-a370-4671-9ccb-7f54d6cd5715 cb1f610855384068a6241decb03d8b27 1f7630c29e9b423ca224dc2fe0512b95 - - -] delete HeatWaitCondition "master_wait_condition" Stack "k8s_bay123-mgtmhh7h47s6-kube_masters-d3r4zwdhcpiw-0-fl3auywx47il" [fbded6dc-ef25-4f68-958d-1cce2fdadf73] attempt 1
2016-11-11 09:01:50.828 21 INFO heat.engine.resource [req-6020ac65-a370-4671-9ccb-7f54d6cd5715 cb1f610855384068a6241decb03d8b27 1f7630c29e9b423ca224dc2fe0512b95 - - -] delete NoneResource "etcd_pool_member" [e8a3c35e-9365-4d2b-b51e-265173bb69d7] Stack "k8s_bay123-mgtmhh7h47s6-kube_masters-d3r4zwdhcpiw-0-fl3auywx47il" [fbded6dc-ef25-4f68-958d-1cce2fdadf73] attempt 1
2016-11-11 09:01:50.832 23 INFO heat.engine.resource [req-6020ac65-a370-4671-9ccb-7f54d6cd5715 cb1f610855384068a6241decb03d8b27 1f7630c29e9b423ca224dc2fe0512b95 - - -] delete CinderVolumeAttachment "docker_volume_attach" [c0853ef0-e8aa-4a05-b554-904b5cfcdbd2] Stack "k8s_bay123-mgtmhh7h47s6-kube_masters-d3r4zwdhcpiw-0-fl3auywx47il" [fbded6dc-ef25-4f68-958d-1cce2fdadf73] attempt 1
2016-11-11 09:01:50.833 25 INFO heat.engine.resource [req-6020ac65-a370-4671-9ccb-7f54d6cd5715 cb1f610855384068a6241decb03d8b27 1f7630c29e9b423ca224dc2fe0512b95 - - -] delete NoneResource "api_pool_member" [fc474d95-c21a-4bd6-a000-e3d7ff8bc35f] Stack "k8s_bay123-mgtmhh7h47s6-kube_masters-d3r4zwdhcpiw-0-fl3auywx47il" [fbded6dc-ef25-4f68-958d-1cce2fdadf73] attempt 1
2016-11-11 09:01:56.875 23 INFO heat.engine.clients.os.nova [req-6020ac65-a370-4671-9ccb-7f54d6cd5715 cb1f610855384068a6241decb03d8b27 1f7630c29e9b423ca224dc2fe0512b95 - - -] Volume c0853ef0-e8aa-4a05-b554-904b5cfcdbd2 is detached from server 12205d37-bc0b-4e8b-9771-0f400271c8e7
