2016-11-11 09:01:57.031 22 INFO heat.engine.resource [req-6020ac65-a370-4671-9ccb-7f54d6cd5715 cb1f610855384068a6241decb03d8b27 1f7630c29e9b423ca224dc2fe0512b95 - - -] deleting Server "kube_master" [12205d37-bc0b-4e8b-9771-0f400271c8e7] Stack "k8s_bay123-mgtmhh7h47s6-kube_masters-d3r4zwdhcpiw-0-fl3auywx47il" [fbded6dc-ef25-4f68-958d-1cce2fdadf73]
2016-11-11 09:01:57.064 22 INFO heat.engine.resource [req-6020ac65-a370-4671-9ccb-7f54d6cd5715 cb1f610855384068a6241decb03d8b27 1f7630c29e9b423ca224dc2fe0512b95 - - -] delete Server "kube_master" [12205d37-bc0b-4e8b-9771-0f400271c8e7] Stack "k8s_bay123-mgtmhh7h47s6-kube_masters-d3r4zwdhcpiw-0-fl3auywx47il" [fbded6dc-ef25-4f68-958d-1cce2fdadf73] attempt 1
2016-11-11 09:02:00.120 21 INFO heat.engine.resource [req-6020ac65-a370-4671-9ccb-7f54d6cd5715 cb1f610855384068a6241decb03d8b27 1f7630c29e9b423ca224dc2fe0512b95 - - -] deleting MultipartMime "kube_master_init" [8fe84e2e-7750-422a-97f5-15eead171a56] Stack "k8s_bay123-mgtmhh7h47s6-kube_masters-d3r4zwdhcpiw-0-fl3auywx47il" [fbded6dc-ef25-4f68-958d-1cce2fdadf73]
2016-11-11 09:02:00.260 21 INFO heat.engine.resource [req-6020ac65-a370-4671-9ccb-7f54d6cd5715 cb1f610855384068a6241decb03d8b27 1f7630c29e9b423ca224dc2fe0512b95 - - -] delete MultipartMime "kube_master_init" [8fe84e2e-7750-422a-97f5-15eead171a56] Stack "k8s_bay123-mgtmhh7h47s6-kube_masters-d3r4zwdhcpiw-0-fl3auywx47il" [fbded6dc-ef25-4f68-958d-1cce2fdadf73] attempt 1
2016-11-11 09:02:00.422 25 INFO heat.engine.resource [req-6020ac65-a370-4671-9ccb-7f54d6cd5715 cb1f610855384068a6241decb03d8b27 1f7630c29e9b423ca224dc2fe0512b95 - - -] deleting SoftwareConfig "configure_kubernetes" [58f04dfe-c8fd-4d7c-bd1d-f13c9b6f6914] Stack "k8s_bay123-mgtmhh7h47s6-kube_masters-d3r4zwdhcpiw-0-fl3auywx47il" [fbded6dc-ef25-4f68-958d-1cce2fdadf73]
2016-11-11 09:02:00.458 25 INFO heat.engine.resource [req-6020ac65-a370-4671-9ccb-7f54d6cd5715 cb1f610855384068a6241decb03d8b27 1f7630c29e9b423ca224dc2fe0512b95 - - -] delete SoftwareConfig "configure_kubernetes" [58f04dfe-c8fd-4d7c-bd1d-f13c9b6f6914] Stack "k8s_bay123-mgtmhh7h47s6-kube_masters-d3r4zwdhcpiw-0-fl3auywx47il" [fbded6dc-ef25-4f68-958d-1cce2fdadf73] attempt 1
2016-11-11 09:02:00.458 23 INFO heat.engine.resource [req-6020ac65-a370-4671-9ccb-7f54d6cd5715 cb1f610855384068a6241decb03d8b27 1f7630c29e9b423ca224dc2fe0512b95 - - -] deleting SoftwareConfig "make_cert" [d2c826bf-fec4-4985-ad02-d289cffeebdc] Stack "k8s_bay123-mgtmhh7h47s6-kube_masters-d3r4zwdhcpiw-0-fl3auywx47il" [fbded6dc-ef25-4f68-958d-1cce2fdadf73]
2016-11-11 09:02:00.476 23 INFO heat.engine.resource [req-6020ac65-a370-4671-9ccb-7f54d6cd5715 cb1f610855384068a6241decb03d8b27 1f7630c29e9b423ca224dc2fe0512b95 - - -] delete SoftwareConfig "make_cert" [d2c826bf-fec4-4985-ad02-d289cffeebdc] Stack "k8s_bay123-mgtmhh7h47s6-kube_masters-d3r4zwdhcpiw-0-fl3auywx47il" [fbded6dc-ef25-4f68-958d-1cce2fdadf73] attempt 1
2016-11-11 09:02:00.495 21 INFO heat.engine.resource [req-6020ac65-a370-4671-9ccb-7f54d6cd5715 cb1f610855384068a6241decb03d8b27 1f7630c29e9b423ca224dc2fe0512b95 - - -] deleting SoftwareConfig "network_config_service" [5aa48264-91b1-4d1c-8cea-ebef1e3227d5] Stack "k8s_bay123-mgtmhh7h47s6-kube_masters-d3r4zwdhcpiw-0-fl3auywx47il" [fbded6dc-ef25-4f68-958d-1cce2fdadf73]
2016-11-11 09:02:00.497 25 INFO heat.engine.resource [req-6020ac65-a370-4671-9ccb-7f54d6cd5715 cb1f610855384068a6241decb03d8b27 1f7630c29e9b423ca224dc2fe0512b95 - - -] deleting SoftwareConfig "kube_system_namespace_service" [c5b65a86-2a79-439a-93ea-5145777da8e2] Stack "k8s_bay123-mgtmhh7h47s6-kube_masters-d3r4zwdhcpiw-0-fl3auywx47il" [fbded6dc-ef25-4f68-958d-1cce2fdadf73]
2016-11-11 09:02:00.512 25 INFO heat.engine.resource [req-6020ac65-a370-4671-9ccb-7f54d6cd5715 cb1f610855384068a6241decb03d8b27 1f7630c29e9b423ca224dc2fe0512b95 - - -] delete SoftwareConfig "kube_system_namespace_service" [c5b65a86-2a79-439a-93ea-5145777da8e2] Stack "k8s_bay123-mgtmhh7h47s6-kube_masters-d3r4zwdhcpiw-0-fl3auywx47il" [fbded6dc-ef25-4f68-958d-1cce2fdadf73] attempt 1
2016-11-11 09:02:00.530 21 INFO heat.engine.resource [req-6020ac65-a370-4671-9ccb-7f54d6cd5715 cb1f610855384068a6241decb03d8b27 1f7630c29e9b423ca224dc2fe0512b95 - - -] delete SoftwareConfig "network_config_service" [5aa48264-91b1-4d1c-8cea-ebef1e3227d5] Stack "k8s_bay123-mgtmhh7h47s6-kube_masters-d3r4zwdhcpiw-0-fl3auywx47il" [fbded6dc-ef25-4f68-958d-1cce2fdadf73] attempt 1
2016-11-11 09:02:00.534 24 INFO heat.engine.resource [req-6020ac65-a370-4671-9ccb-7f54d6cd5715 cb1f610855384068a6241decb03d8b27 1f7630c29e9b423ca224dc2fe0512b95 - - -] deleting SoftwareConfig "kube_examples" [9a801ad3-8cfd-42f2-bf51-d47044fdf65b] Stack "k8s_bay123-mgtmhh7h47s6-kube_masters-d3r4zwdhcpiw-0-fl3auywx47il" [fbded6dc-ef25-4f68-958d-1cce2fdadf73]
2016-11-11 09:02:00.566 22 INFO heat.engine.resource [req-6020ac65-a370-4671-9ccb-7f54d6cd5715 cb1f610855384068a6241decb03d8b27 1f7630c29e9b423ca224dc2fe0512b95 - - -] deleting SoftwareConfig "enable_kube_podmaster" [ec0e8614-5e61-4efd-a6bc-d4d6ac7ef99a] Stack "k8s_bay123-mgtmhh7h47s6-kube_masters-d3r4zwdhcpiw-0-fl3auywx47il" [fbded6dc-ef25-4f68-958d-1cce2fdadf73]
2016-11-11 09:02:00.577 23 INFO heat.engine.resource [req-6020ac65-a370-4671-9ccb-7f54d6cd5715 cb1f610855384068a6241decb03d8b27 1f7630c29e9b423ca224dc2fe0512b95 - - -] deleting SoftwareConfig "disable_selinux" [0422af23-b099-411b-9c85-580391232901] Stack "k8s_bay123-mgtmhh7h47s6-kube_masters-d3r4zwdhcpiw-0-fl3auywx47il" [fbded6dc-ef25-4f68-958d-1cce2fdadf73]
2016-11-11 09:02:00.598 23 INFO heat.engine.resource [req-6020ac65-a370-4671-9ccb-7f54d6cd5715 cb1f610855384068a6241decb03d8b27 1f7630c29e9b423ca224dc2fe0512b95 - - -] delete SoftwareConfig "disable_selinux" [0422af23-b099-411b-9c85-580391232901] Stack "k8s_bay123-mgtmhh7h47s6-kube_masters-d3r4zwdhcpiw-0-fl3auywx47il" [fbded6dc-ef25-4f68-958d-1cce2fdadf73] attempt 1
2016-11-11 09:02:00.638 25 INFO heat.engine.resource [req-6020ac65-a370-4671-9ccb-7f54d6cd5715 cb1f610855384068a6241decb03d8b27 1f7630c29e9b423ca224dc2fe0512b95 - - -] deleting SoftwareConfig "configure_etcd" [c31e5995-3de1-4c23-bd42-51f09304df4a] Stack "k8s_bay123-mgtmhh7h47s6-kube_masters-d3r4zwdhcpiw-0-fl3auywx47il" [fbded6dc-ef25-4f68-958d-1cce2fdadf73]
2016-11-11 09:02:00.642 21 INFO heat.engine.resource [req-6020ac65-a370-4671-9ccb-7f54d6cd5715 cb1f610855384068a6241decb03d8b27 1f7630c29e9b423ca224dc2fe0512b95 - - -] deleting SoftwareConfig "kube_ui_service" [ced6c76b-9a21-4f50-bb3b-7f6e11e3756d] Stack "k8s_bay123-mgtmhh7h47s6-kube_masters-d3r4zwdhcpiw-0-fl3auywx47il" [fbded6dc-ef25-4f68-958d-1cce2fdadf73]
2016-11-11 09:02:00.670 25 INFO heat.engine.resource [req-6020ac65-a370-4671-9ccb-7f54d6cd5715 cb1f610855384068a6241decb03d8b27 1f7630c29e9b423ca224dc2fe0512b95 - - -] delete SoftwareConfig "configure_etcd" [c31e5995-3de1-4c23-bd42-51f09304df4a] Stack "k8s_bay123-mgtmhh7h47s6-kube_masters-d3r4zwdhcpiw-0-fl3auywx47il" [fbded6dc-ef25-4f68-958d-1cce2fdadf73] attempt 1
2016-11-11 09:02:00.678 24 INFO heat.engine.resource [req-6020ac65-a370-4671-9ccb-7f54d6cd5715 cb1f610855384068a6241decb03d8b27 1f7630c29e9b423ca224dc2fe0512b95 - - -] delete SoftwareConfig "kube_examples" [9a801ad3-8cfd-42f2-bf51-d47044fdf65b] Stack "k8s_bay123-mgtmhh7h47s6-kube_masters-d3r4zwdhcpiw-0-fl3auywx47il" [fbded6dc-ef25-4f68-958d-1cce2fdadf73] attempt 1
2016-11-11 09:02:00.680 23 INFO heat.engine.resource [req-6020ac65-a370-4671-9ccb-7f54d6cd5715 cb1f610855384068a6241decb03d8b27 1f7630c29e9b423ca224dc2fe0512b95 - - -] deleting SoftwareConfig "add_proxy" [41613243-9ef1-4549-a10c-10049013caf6] Stack "k8s_bay123-mgtmhh7h47s6-kube_masters-d3r4zwdhcpiw-0-fl3auywx47il" [fbded6dc-ef25-4f68-958d-1cce2fdadf73]
2016-11-11 09:02:00.688 22 INFO heat.engine.resource [req-6020ac65-a370-4671-9ccb-7f54d6cd5715 cb1f610855384068a6241decb03d8b27 1f7630c29e9b423ca224dc2fe0512b95 - - -] delete SoftwareConfig "enable_kube_podmaster" [ec0e8614-5e61-4efd-a6bc-d4d6ac7ef99a] Stack "k8s_bay123-mgtmhh7h47s6-kube_masters-d3r4zwdhcpiw-0-fl3auywx47il" [fbded6dc-ef25-4f68-958d-1cce2fdadf73] attempt 1
2016-11-11 09:02:00.690 24 INFO heat.engine.resource [req-6020ac65-a370-4671-9ccb-7f54d6cd5715 cb1f610855384068a6241decb03d8b27 1f7630c29e9b423ca224dc2fe0512b95 - - -] deleting SoftwareConfig "master_wc_notify" [cfa93675-4474-416f-a9c0-88bed0c3961c] Stack "k8s_bay123-mgtmhh7h47s6-kube_masters-d3r4zwdhcpiw-0-fl3auywx47il" [fbded6dc-ef25-4f68-958d-1cce2fdadf73]
2016-11-11 09:02:00.706 21 INFO heat.engine.resource [req-6020ac65-a370-4671-9ccb-7f54d6cd5715 cb1f610855384068a6241decb03d8b27 1f7630c29e9b423ca224dc2fe0512b95 - - -] delete SoftwareConfig "kube_ui_service" [ced6c76b-9a21-4f50-bb3b-7f6e11e3756d] Stack "k8s_bay123-mgtmhh7h47s6-kube_masters-d3r4zwdhcpiw-0-fl3auywx47il" [fbded6dc-ef25-4f68-958d-1cce2fdadf73] attempt 1
2016-11-11 09:02:00.707 22 INFO heat.engine.resource [req-6020ac65-a370-4671-9ccb-7f54d6cd5715 cb1f610855384068a6241decb03d8b27 1f7630c29e9b423ca224dc2fe0512b95 - - -] deleting SoftwareConfig "write_heat_params" [bfd51b6d-29d5-464e-904b-0360decbf586] Stack "k8s_bay123-mgtmhh7h47s6-kube_masters-d3r4zwdhcpiw-0-fl3auywx47il" [fbded6dc-ef25-4f68-958d-1cce2fdadf73]
2016-11-11 09:02:00.721 23 INFO heat.engine.resource [req-6020ac65-a370-4671-9ccb-7f54d6cd5715 cb1f610855384068a6241decb03d8b27 1f7630c29e9b423ca224dc2fe0512b95 - - -] delete SoftwareConfig "add_proxy" [41613243-9ef1-4549-a10c-10049013caf6] Stack "k8s_bay123-mgtmhh7h47s6-kube_masters-d3r4zwdhcpiw-0-fl3auywx47il" [fbded6dc-ef25-4f68-958d-1cce2fdadf73] attempt 1
2016-11-11 09:02:00.785 21 INFO heat.engine.resource [req-6020ac65-a370-4671-9ccb-7f54d6cd5715 cb1f610855384068a6241decb03d8b27 1f7630c29e9b423ca224dc2fe0512b95 - - -] deleting SoftwareConfig "write_network_config" [693b94d0-052b-4942-991c-daf992fa086c] Stack "k8s_bay123-mgtmhh7h47s6-kube_masters-d3r4zwdhcpiw-0-fl3auywx47il" [fbded6dc-ef25-4f68-958d-1cce2fdadf73]
2016-11-11 09:02:00.798 25 INFO heat.engine.resource [req-6020ac65-a370-4671-9ccb-7f54d6cd5715 cb1f610855384068a6241decb03d8b27 1f7630c29e9b423ca224dc2fe0512b95 - - -] deleting SoftwareConfig "configure_docker_storage" [7f2054fd-a2e1-4501-92ad-db30d00d9e9b] Stack "k8s_bay123-mgtmhh7h47s6-kube_masters-d3r4zwdhcpiw-0-fl3auywx47il" [fbded6dc-ef25-4f68-958d-1cce2fdadf73]
2016-11-11 09:02:00.812 21 INFO heat.engine.resource [req-6020ac65-a370-4671-9ccb-7f54d6cd5715 cb1f610855384068a6241decb03d8b27 1f7630c29e9b423ca224dc2fe0512b95 - - -] delete SoftwareConfig "write_network_config" [693b94d0-052b-4942-991c-daf992fa086c] Stack "k8s_bay123-mgtmhh7h47s6-kube_masters-d3r4zwdhcpiw-0-fl3auywx47il" [fbded6dc-ef25-4f68-958d-1cce2fdadf73] attempt 1
2016-11-11 09:02:00.821 22 INFO heat.engine.resource [req-6020ac65-a370-4671-9ccb-7f54d6cd5715 cb1f610855384068a6241decb03d8b27 1f7630c29e9b423ca224dc2fe0512b95 - - -] delete SoftwareConfig "write_heat_params" [bfd51b6d-29d5-464e-904b-0360decbf586] Stack "k8s_bay123-mgtmhh7h47s6-kube_masters-d3r4zwdhcpiw-0-fl3auywx47il" [fbded6dc-ef25-4f68-958d-1cce2fdadf73] attempt 1
2016-11-11 09:02:00.822 25 INFO heat.engine.resource [req-6020ac65-a370-4671-9ccb-7f54d6cd5715 cb1f610855384068a6241decb03d8b27 1f7630c29e9b423ca224dc2fe0512b95 - - -] delete SoftwareConfig "configure_docker_storage" [7f2054fd-a2e1-4501-92ad-db30d00d9e9b] Stack "k8s_bay123-mgtmhh7h47s6-kube_masters-d3r4zwdhcpiw-0-fl3auywx47il" [fbded6dc-ef25-4f68-958d-1cce2fdadf73] attempt 1
2016-11-11 09:02:00.855 24 INFO heat.engine.resource [req-6020ac65-a370-4671-9ccb-7f54d6cd5715 cb1f610855384068a6241decb03d8b27 1f7630c29e9b423ca224dc2fe0512b95 - - -] delete SoftwareConfig "master_wc_notify" [cfa93675-4474-416f-a9c0-88bed0c3961c] Stack "k8s_bay123-mgtmhh7h47s6-kube_masters-d3r4zwdhcpiw-0-fl3auywx47il" [fbded6dc-ef25-4f68-958d-1cce2fdadf73] attempt 1
2016-11-11 09:02:00.859 22 INFO heat.engine.resource [req-6020ac65-a370-4671-9ccb-7f54d6cd5715 cb1f610855384068a6241decb03d8b27 1f7630c29e9b423ca224dc2fe0512b95 - - -] deleting SoftwareConfig "write_kube_os_config" [fcca529c-21d1-4f9c-817f-93cfa69d0648] Stack "k8s_bay123-mgtmhh7h47s6-kube_masters-d3r4zwdhcpiw-0-fl3auywx47il" [fbded6dc-ef25-4f68-958d-1cce2fdadf73]
2016-11-11 09:02:00.871 24 INFO heat.engine.resource [req-6020ac65-a370-4671-9ccb-7f54d6cd5715 cb1f610855384068a6241decb03d8b27 1f7630c29e9b423ca224dc2fe0512b95 - - -] deleting SoftwareConfig "enable_kube_proxy" [7e60a8f3-d6c5-4d2b-89d5-4d95c25326ce] Stack "k8s_bay123-mgtmhh7h47s6-kube_masters-d3r4zwdhcpiw-0-fl3auywx47il" [fbded6dc-ef25-4f68-958d-1cce2fdadf73]
2016-11-11 09:02:00.897 22 INFO heat.engine.resource [req-6020ac65-a370-4671-9ccb-7f54d6cd5715 cb1f610855384068a6241decb03d8b27 1f7630c29e9b423ca224dc2fe0512b95 - - -] delete SoftwareConfig "write_kube_os_config" [fcca529c-21d1-4f9c-817f-93cfa69d0648] Stack "k8s_bay123-mgtmhh7h47s6-kube_masters-d3r4zwdhcpiw-0-fl3auywx47il" [fbded6dc-ef25-4f68-958d-1cce2fdadf73] attempt 1
2016-11-11 09:02:00.902 23 INFO heat.engine.resource [req-6020ac65-a370-4671-9ccb-7f54d6cd5715 cb1f610855384068a6241decb03d8b27 1f7630c29e9b423ca224dc2fe0512b95 - - -] deleting SoftwareConfig "enable_services" [76ac7c40-0113-441d-a0ce-9ece15f067fb] Stack "k8s_bay123-mgtmhh7h47s6-kube_masters-d3r4zwdhcpiw-0-fl3auywx47il" [fbded6dc-ef25-4f68-958d-1cce2fdadf73]
2016-11-11 09:02:00.918 23 INFO heat.engine.resource [req-6020ac65-a370-4671-9ccb-7f54d6cd5715 cb1f610855384068a6241decb03d8b27 1f7630c29e9b423ca224dc2fe0512b95 - - -] delete SoftwareConfig "enable_services" [76ac7c40-0113-441d-a0ce-9ece15f067fb] Stack "k8s_bay123-mgtmhh7h47s6-kube_masters-d3r4zwdhcpiw-0-fl3auywx47il" [fbded6dc-ef25-4f68-958d-1cce2fdadf73] attempt 1
2016-11-11 09:02:01.006 24 INFO heat.engine.resource [req-6020ac65-a370-4671-9ccb-7f54d6cd5715 cb1f610855384068a6241decb03d8b27 1f7630c29e9b423ca224dc2fe0512b95 - - -] delete SoftwareConfig "enable_kube_proxy" [7e60a8f3-d6c5-4d2b-89d5-4d95c25326ce] Stack "k8s_bay123-mgtmhh7h47s6-kube_masters-d3r4zwdhcpiw-0-fl3auywx47il" [fbded6dc-ef25-4f68-958d-1cce2fdadf73] attempt 1
2016-11-11 09:02:01.027 24 INFO heat.engine.resource [req-6020ac65-a370-4671-9ccb-7f54d6cd5715 cb1f610855384068a6241decb03d8b27 1f7630c29e9b423ca224dc2fe0512b95 - - -] deleting SoftwareConfig "network_service" [112b7a47-74f5-417f-88b0-1fd88fa1d0c2] Stack "k8s_bay123-mgtmhh7h47s6-kube_masters-d3r4zwdhcpiw-0-fl3auywx47il" [fbded6dc-ef25-4f68-958d-1cce2fdadf73]
2016-11-11 09:02:01.091 24 INFO heat.engine.resource [req-6020ac65-a370-4671-9ccb-7f54d6cd5715 cb1f610855384068a6241decb03d8b27 1f7630c29e9b423ca224dc2fe0512b95 - - -] delete SoftwareConfig "network_service" [112b7a47-74f5-417f-88b0-1fd88fa1d0c2] Stack "k8s_bay123-mgtmhh7h47s6-kube_masters-d3r4zwdhcpiw-0-fl3auywx47il" [fbded6dc-ef25-4f68-958d-1cce2fdadf73] attempt 1
2016-11-11 09:02:01.169 21 INFO heat.engine.resource [req-6020ac65-a370-4671-9ccb-7f54d6cd5715 cb1f610855384068a6241decb03d8b27 1f7630c29e9b423ca224dc2fe0512b95 - - -] deleting TemplateResource "api_address_switch" [eab5ea91-0c16-4968-88e2-00b1b5a5c75e] Stack "k8s_bay123-mgtmhh7h47s6-kube_masters-d3r4zwdhcpiw-0-fl3auywx47il" [fbded6dc-ef25-4f68-958d-1cce2fdadf73]
2016-11-11 09:02:01.177 22 INFO heat.engine.resource [req-6020ac65-a370-4671-9ccb-7f54d6cd5715 cb1f610855384068a6241decb03d8b27 1f7630c29e9b423ca224dc2fe0512b95 - - -] deleting HeatWaitConditionHandle "master_wait_handle" [57dd8f787b7e4cc98bf23f36211bbc97] Stack "k8s_bay123-mgtmhh7h47s6-kube_masters-d3r4zwdhcpiw-0-fl3auywx47il" [fbded6dc-ef25-4f68-958d-1cce2fdadf73]
2016-11-11 09:02:01.185 21 INFO heat.engine.resource [req-6020ac65-a370-4671-9ccb-7f54d6cd5715 cb1f610855384068a6241decb03d8b27 1f7630c29e9b423ca224dc2fe0512b95 - - -] delete TemplateResource "api_address_switch" [eab5ea91-0c16-4968-88e2-00b1b5a5c75e] Stack "k8s_bay123-mgtmhh7h47s6-kube_masters-d3r4zwdhcpiw-0-fl3auywx47il" [fbded6dc-ef25-4f68-958d-1cce2fdadf73] attempt 1
2016-11-11 09:02:01.190 22 INFO heat.engine.resource [req-6020ac65-a370-4671-9ccb-7f54d6cd5715 cb1f610855384068a6241decb03d8b27 1f7630c29e9b423ca224dc2fe0512b95 - - -] delete HeatWaitConditionHandle "master_wait_handle" [57dd8f787b7e4cc98bf23f36211bbc97] Stack "k8s_bay123-mgtmhh7h47s6-kube_masters-d3r4zwdhcpiw-0-fl3auywx47il" [fbded6dc-ef25-4f68-958d-1cce2fdadf73] attempt 1
2016-11-11 09:02:01.211 22 INFO heat.engine.service [req-6020ac65-a370-4671-9ccb-7f54d6cd5715 cb1f610855384068a6241decb03d8b27 1f7630c29e9b423ca224dc2fe0512b95 - - -] Deleting stack k8s_bay123-mgtmhh7h47s6-kube_masters-d3r4zwdhcpiw-0-fl3auywx47il-api_address_switch-pbz52ybyqmbk
2016-11-11 09:02:01.211 25 INFO heat.engine.resource [req-6020ac65-a370-4671-9ccb-7f54d6cd5715 cb1f610855384068a6241decb03d8b27 1f7630c29e9b423ca224dc2fe0512b95 - - -] deleting CinderVolume "docker_volume" [c0853ef0-e8aa-4a05-b554-904b5cfcdbd2] Stack "k8s_bay123-mgtmhh7h47s6-kube_masters-d3r4zwdhcpiw-0-fl3auywx47il" [fbded6dc-ef25-4f68-958d-1cce2fdadf73]
2016-11-11 09:02:01.217 22 INFO heat.engine.worker [req-6020ac65-a370-4671-9ccb-7f54d6cd5715 cb1f610855384068a6241decb03d8b27 1f7630c29e9b423ca224dc2fe0512b95 - - -] [k8s_bay123-mgtmhh7h47s6-kube_masters-d3r4zwdhcpiw-0-fl3auywx47il-api_address_switch-pbz52ybyqmbk(eab5ea91-0c16-4968-88e2-00b1b5a5c75e)] Stopped all active workers for stack CREATE
2016-11-11 09:02:01.229 25 INFO heat.engine.resource [req-6020ac65-a370-4671-9ccb-7f54d6cd5715 cb1f610855384068a6241decb03d8b27 1f7630c29e9b423ca224dc2fe0512b95 - - -] delete CinderVolume "docker_volume" [c0853ef0-e8aa-4a05-b554-904b5cfcdbd2] Stack "k8s_bay123-mgtmhh7h47s6-kube_masters-d3r4zwdhcpiw-0-fl3auywx47il" [fbded6dc-ef25-4f68-958d-1cce2fdadf73] attempt 1
2016-11-11 09:02:01.248 22 INFO heat.engine.stack [req-6020ac65-a370-4671-9ccb-7f54d6cd5715 cb1f610855384068a6241decb03d8b27 1f7630c29e9b423ca224dc2fe0512b95 - - -] Stack DELETE IN_PROGRESS (k8s_bay123-mgtmhh7h47s6-kube_masters-d3r4zwdhcpiw-0-fl3auywx47il-api_address_switch-pbz52ybyqmbk): Stack DELETE started
2016-11-11 09:02:01.279 22 INFO heat.engine.stack [req-6020ac65-a370-4671-9ccb-7f54d6cd5715 cb1f610855384068a6241decb03d8b27 1f7630c29e9b423ca224dc2fe0512b95 - - -] convergence_dependencies: (Dependencies([]),)
2016-11-11 09:02:01.288 22 INFO heat.engine.stack [req-6020ac65-a370-4671-9ccb-7f54d6cd5715 cb1f610855384068a6241decb03d8b27 1f7630c29e9b423ca224dc2fe0512b95 - - -] [k8s_bay123-mgtmhh7h47s6-kube_masters-d3r4zwdhcpiw-0-fl3auywx47il-api_address_switch-pbz52ybyqmbk(eab5ea91-0c16-4968-88e2-00b1b5a5c75e)] update traversal a6b37876-847f-479a-9eb9-2e6627c950de complete
2016-11-11 09:02:01.308 22 INFO heat.engine.stack [req-6020ac65-a370-4671-9ccb-7f54d6cd5715 cb1f610855384068a6241decb03d8b27 1f7630c29e9b423ca224dc2fe0512b95 - - -] Stack DELETE COMPLETE (k8s_bay123-mgtmhh7h47s6-kube_masters-d3r4zwdhcpiw-0-fl3auywx47il-api_address_switch-pbz52ybyqmbk): Stack DELETE completed successfully
2016-11-11 09:02:02.439 24 INFO heat.engine.resource [req-6020ac65-a370-4671-9ccb-7f54d6cd5715 cb1f610855384068a6241decb03d8b27 1f7630c29e9b423ca224dc2fe0512b95 - - -] deleting FloatingIP "kube_master_floating" [c16a61a3-9aa5-4e84-8f1b-2d5a40dbb6da] Stack "k8s_bay123-mgtmhh7h47s6-kube_masters-d3r4zwdhcpiw-0-fl3auywx47il" [fbded6dc-ef25-4f68-958d-1cce2fdadf73]
2016-11-11 09:02:02.453 24 INFO heat.engine.resource [req-6020ac65-a370-4671-9ccb-7f54d6cd5715 cb1f610855384068a6241decb03d8b27 1f7630c29e9b423ca224dc2fe0512b95 - - -] delete FloatingIP "kube_master_floating" [c16a61a3-9aa5-4e84-8f1b-2d5a40dbb6da] Stack "k8s_bay123-mgtmhh7h47s6-kube_masters-d3r4zwdhcpiw-0-fl3auywx47il" [fbded6dc-ef25-4f68-958d-1cce2fdadf73] attempt 1
2016-11-11 09:02:03.253 23 INFO heat.engine.resource [req-6020ac65-a370-4671-9ccb-7f54d6cd5715 cb1f610855384068a6241decb03d8b27 1f7630c29e9b423ca224dc2fe0512b95 - - -] deleting Port "kube_master_eth0" [0181aa8b-173c-41e0-a4b8-96a10c9514bd] Stack "k8s_bay123-mgtmhh7h47s6-kube_masters-d3r4zwdhcpiw-0-fl3auywx47il" [fbded6dc-ef25-4f68-958d-1cce2fdadf73]
2016-11-11 09:02:03.271 23 INFO heat.engine.resource [req-6020ac65-a370-4671-9ccb-7f54d6cd5715 cb1f610855384068a6241decb03d8b27 1f7630c29e9b423ca224dc2fe0512b95 - - -] delete Port "kube_master_eth0" [0181aa8b-173c-41e0-a4b8-96a10c9514bd] Stack "k8s_bay123-mgtmhh7h47s6-kube_masters-d3r4zwdhcpiw-0-fl3auywx47il" [fbded6dc-ef25-4f68-958d-1cce2fdadf73] attempt 1
2016-11-11 09:02:09.289 25 INFO heat.engine.stack [req-6020ac65-a370-4671-9ccb-7f54d6cd5715 cb1f610855384068a6241decb03d8b27 1f7630c29e9b423ca224dc2fe0512b95 - - -] [k8s_bay123-mgtmhh7h47s6-kube_masters-d3r4zwdhcpiw-0-fl3auywx47il(fbded6dc-ef25-4f68-958d-1cce2fdadf73)] update traversal 4b605401-87d9-4cea-948a-6f04d5948d52 complete
2016-11-11 09:02:09.314 25 INFO heat.engine.stack [req-6020ac65-a370-4671-9ccb-7f54d6cd5715 cb1f610855384068a6241decb03d8b27 1f7630c29e9b423ca224dc2fe0512b95 - - -] Stack DELETE COMPLETE (k8s_bay123-mgtmhh7h47s6-kube_masters-d3r4zwdhcpiw-0-fl3auywx47il): Stack DELETE completed successfully
2016-11-11 09:02:09.435 22 INFO heat.engine.stack [req-6020ac65-a370-4671-9ccb-7f54d6cd5715 cb1f610855384068a6241decb03d8b27 1f7630c29e9b423ca224dc2fe0512b95 - - -] [k8s_bay123-mgtmhh7h47s6-kube_masters-d3r4zwdhcpiw(1904367f-503f-4166-8324-61c4cc96ec9d)] update traversal 026ab051-908c-4957-8ec6-153dfe2cca00 complete
2016-11-11 09:02:09.464 22 INFO heat.engine.stack [req-6020ac65-a370-4671-9ccb-7f54d6cd5715 cb1f610855384068a6241decb03d8b27 1f7630c29e9b423ca224dc2fe0512b95 - - -] Stack DELETE COMPLETE (k8s_bay123-mgtmhh7h47s6-kube_masters-d3r4zwdhcpiw): Stack DELETE completed successfully
2016-11-11 09:02:10.400 22 INFO heat.engine.resource [req-6020ac65-a370-4671-9ccb-7f54d6cd5715 cb1f610855384068a6241decb03d8b27 1f7630c29e9b423ca224dc2fe0512b95 - - -] deleting SecurityGroup "secgroup_base" [5f7f5753-9d49-4626-beba-c150819c149d] Stack "k8s_bay123-mgtmhh7h47s6" [26ed4258-4f6d-488a-aae9-b9c411bd9086]
2016-11-11 09:02:10.420 22 INFO heat.engine.resource [req-6020ac65-a370-4671-9ccb-7f54d6cd5715 cb1f610855384068a6241decb03d8b27 1f7630c29e9b423ca224dc2fe0512b95 - - -] delete SecurityGroup "secgroup_base" [5f7f5753-9d49-4626-beba-c150819c149d] Stack "k8s_bay123-mgtmhh7h47s6" [26ed4258-4f6d-488a-aae9-b9c411bd9086] attempt 1
2016-11-11 09:02:10.421 21 INFO heat.engine.resource [req-6020ac65-a370-4671-9ccb-7f54d6cd5715 cb1f610855384068a6241decb03d8b27 1f7630c29e9b423ca224dc2fe0512b95 - - -] deleting SecurityGroup "secgroup_kube_master" [29409f3d-e220-4e71-a63d-34d0a375634b] Stack "k8s_bay123-mgtmhh7h47s6" [26ed4258-4f6d-488a-aae9-b9c411bd9086]
2016-11-11 09:02:10.434 25 INFO heat.engine.resource [req-6020ac65-a370-4671-9ccb-7f54d6cd5715 cb1f610855384068a6241decb03d8b27 1f7630c29e9b423ca224dc2fe0512b95 - - -] deleting NoneResource "etcd_pool" [f8e75176-c22a-454c-b4c6-61d5db835401] Stack "k8s_bay123-mgtmhh7h47s6" [26ed4258-4f6d-488a-aae9-b9c411bd9086]
2016-11-11 09:02:10.439 21 INFO heat.engine.resource [req-6020ac65-a370-4671-9ccb-7f54d6cd5715 cb1f610855384068a6241decb03d8b27 1f7630c29e9b423ca224dc2fe0512b95 - - -] delete SecurityGroup "secgroup_kube_master" [29409f3d-e220-4e71-a63d-34d0a375634b] Stack "k8s_bay123-mgtmhh7h47s6" [26ed4258-4f6d-488a-aae9-b9c411bd9086] attempt 1
2016-11-11 09:02:10.452 25 INFO heat.engine.resource [req-6020ac65-a370-4671-9ccb-7f54d6cd5715 cb1f610855384068a6241decb03d8b27 1f7630c29e9b423ca224dc2fe0512b95 - - -] delete NoneResource "etcd_pool" [f8e75176-c22a-454c-b4c6-61d5db835401] Stack "k8s_bay123-mgtmhh7h47s6" [26ed4258-4f6d-488a-aae9-b9c411bd9086] attempt 1
2016-11-11 09:02:10.471 23 INFO heat.engine.resource [req-6020ac65-a370-4671-9ccb-7f54d6cd5715 cb1f610855384068a6241decb03d8b27 1f7630c29e9b423ca224dc2fe0512b95 - - -] deleting NoneResource "api_pool_floating" [3600407c-d9a1-4a09-89bd-ba7533639e5b] Stack "k8s_bay123-mgtmhh7h47s6" [26ed4258-4f6d-488a-aae9-b9c411bd9086]
2016-11-11 09:02:10.472 24 INFO heat.engine.resource [req-6020ac65-a370-4671-9ccb-7f54d6cd5715 cb1f610855384068a6241decb03d8b27 1f7630c29e9b423ca224dc2fe0512b95 - - -] deleting NoneResource "api_pool" [6ea482fd-1c24-465f-85d8-247cb873cc8e] Stack "k8s_bay123-mgtmhh7h47s6" [26ed4258-4f6d-488a-aae9-b9c411bd9086]
2016-11-11 09:02:10.486 23 INFO heat.engine.resource [req-6020ac65-a370-4671-9ccb-7f54d6cd5715 cb1f610855384068a6241decb03d8b27 1f7630c29e9b423ca224dc2fe0512b95 - - -] delete NoneResource "api_pool_floating" [3600407c-d9a1-4a09-89bd-ba7533639e5b] Stack "k8s_bay123-mgtmhh7h47s6" [26ed4258-4f6d-488a-aae9-b9c411bd9086] attempt 1
2016-11-11 09:02:10.490 24 INFO heat.engine.resource [req-6020ac65-a370-4671-9ccb-7f54d6cd5715 cb1f610855384068a6241decb03d8b27 1f7630c29e9b423ca224dc2fe0512b95 - - -] delete NoneResource "api_pool" [6ea482fd-1c24-465f-85d8-247cb873cc8e] Stack "k8s_bay123-mgtmhh7h47s6" [26ed4258-4f6d-488a-aae9-b9c411bd9086] attempt 1
2016-11-11 09:02:10.568 22 INFO heat.engine.resource [req-6020ac65-a370-4671-9ccb-7f54d6cd5715 cb1f610855384068a6241decb03d8b27 1f7630c29e9b423ca224dc2fe0512b95 - - -] deleting NoneResource "etcd_listener" [694618e3-d6c9-438f-9756-5136cf02eda9] Stack "k8s_bay123-mgtmhh7h47s6" [26ed4258-4f6d-488a-aae9-b9c411bd9086]
2016-11-11 09:02:10.584 22 INFO heat.engine.resource [req-6020ac65-a370-4671-9ccb-7f54d6cd5715 cb1f610855384068a6241decb03d8b27 1f7630c29e9b423ca224dc2fe0512b95 - - -] delete NoneResource "etcd_listener" [694618e3-d6c9-438f-9756-5136cf02eda9] Stack "k8s_bay123-mgtmhh7h47s6" [26ed4258-4f6d-488a-aae9-b9c411bd9086] attempt 1
2016-11-11 09:02:10.616 25 INFO heat.engine.resource [req-6020ac65-a370-4671-9ccb-7f54d6cd5715 cb1f610855384068a6241decb03d8b27 1f7630c29e9b423ca224dc2fe0512b95 - - -] deleting RouterInterface "extrouter_inside" [d3fc92e6-323d-4a37-b42a-53bf97a63fe0:subnet_id=9204d009-4b57-453a-8997-3ab14c94e9e3] Stack "k8s_bay123-mgtmhh7h47s6" [26ed4258-4f6d-488a-aae9-b9c411bd9086]
2016-11-11 09:02:10.622 21 INFO heat.engine.resource [req-6020ac65-a370-4671-9ccb-7f54d6cd5715 cb1f610855384068a6241decb03d8b27 1f7630c29e9b423ca224dc2fe0512b95 - - -] deleting NoneResource "api_listener" [6d6fa7c5-8ace-46b3-938c-494067c513de] Stack "k8s_bay123-mgtmhh7h47s6" [26ed4258-4f6d-488a-aae9-b9c411bd9086]
2016-11-11 09:02:10.633 25 INFO heat.engine.resource [req-6020ac65-a370-4671-9ccb-7f54d6cd5715 cb1f610855384068a6241decb03d8b27 1f7630c29e9b423ca224dc2fe0512b95 - - -] delete RouterInterface "extrouter_inside" [d3fc92e6-323d-4a37-b42a-53bf97a63fe0:subnet_id=9204d009-4b57-453a-8997-3ab14c94e9e3] Stack "k8s_bay123-mgtmhh7h47s6" [26ed4258-4f6d-488a-aae9-b9c411bd9086] attempt 1
2016-11-11 09:02:10.640 21 INFO heat.engine.resource [req-6020ac65-a370-4671-9ccb-7f54d6cd5715 cb1f610855384068a6241decb03d8b27 1f7630c29e9b423ca224dc2fe0512b95 - - -] delete NoneResource "api_listener" [6d6fa7c5-8ace-46b3-938c-494067c513de] Stack "k8s_bay123-mgtmhh7h47s6" [26ed4258-4f6d-488a-aae9-b9c411bd9086] attempt 1
2016-11-11 09:02:10.692 24 INFO heat.engine.resource [req-6020ac65-a370-4671-9ccb-7f54d6cd5715 cb1f610855384068a6241decb03d8b27 1f7630c29e9b423ca224dc2fe0512b95 - - -] deleting NoneResource "etcd_loadbalancer" [a581b164-8505-4ac0-81bb-aafffc48af2c] Stack "k8s_bay123-mgtmhh7h47s6" [26ed4258-4f6d-488a-aae9-b9c411bd9086]
2016-11-11 09:02:10.707 24 INFO heat.engine.resource [req-6020ac65-a370-4671-9ccb-7f54d6cd5715 cb1f610855384068a6241decb03d8b27 1f7630c29e9b423ca224dc2fe0512b95 - - -] delete NoneResource "etcd_loadbalancer" [a581b164-8505-4ac0-81bb-aafffc48af2c] Stack "k8s_bay123-mgtmhh7h47s6" [26ed4258-4f6d-488a-aae9-b9c411bd9086] attempt 1
2016-11-11 09:02:10.847 23 INFO heat.engine.resource [req-6020ac65-a370-4671-9ccb-7f54d6cd5715 cb1f610855384068a6241decb03d8b27 1f7630c29e9b423ca224dc2fe0512b95 - - -] deleting NoneResource "api_loadbalancer" [a6a9d220-8c1e-4a8e-ae30-359963c6ff59] Stack "k8s_bay123-mgtmhh7h47s6" [26ed4258-4f6d-488a-aae9-b9c411bd9086]
2016-11-11 09:02:10.864 23 INFO heat.engine.resource [req-6020ac65-a370-4671-9ccb-7f54d6cd5715 cb1f610855384068a6241decb03d8b27 1f7630c29e9b423ca224dc2fe0512b95 - - -] delete NoneResource "api_loadbalancer" [a6a9d220-8c1e-4a8e-ae30-359963c6ff59] Stack "k8s_bay123-mgtmhh7h47s6" [26ed4258-4f6d-488a-aae9-b9c411bd9086] attempt 1
2016-11-11 09:02:11.687 22 INFO heat.engine.resource [req-6020ac65-a370-4671-9ccb-7f54d6cd5715 cb1f610855384068a6241decb03d8b27 1f7630c29e9b423ca224dc2fe0512b95 - - -] deleting Router "extrouter" [d3fc92e6-323d-4a37-b42a-53bf97a63fe0] Stack "k8s_bay123-mgtmhh7h47s6" [26ed4258-4f6d-488a-aae9-b9c411bd9086]
2016-11-11 09:02:11.693 21 INFO heat.engine.resource [req-6020ac65-a370-4671-9ccb-7f54d6cd5715 cb1f610855384068a6241decb03d8b27 1f7630c29e9b423ca224dc2fe0512b95 - - -] deleting Subnet "fixed_subnet" [9204d009-4b57-453a-8997-3ab14c94e9e3] Stack "k8s_bay123-mgtmhh7h47s6" [26ed4258-4f6d-488a-aae9-b9c411bd9086]
2016-11-11 09:02:11.706 22 INFO heat.engine.resource [req-6020ac65-a370-4671-9ccb-7f54d6cd5715 cb1f610855384068a6241decb03d8b27 1f7630c29e9b423ca224dc2fe0512b95 - - -] delete Router "extrouter" [d3fc92e6-323d-4a37-b42a-53bf97a63fe0] Stack "k8s_bay123-mgtmhh7h47s6" [26ed4258-4f6d-488a-aae9-b9c411bd9086] attempt 1
2016-11-11 09:02:11.712 21 INFO heat.engine.resource [req-6020ac65-a370-4671-9ccb-7f54d6cd5715 cb1f610855384068a6241decb03d8b27 1f7630c29e9b423ca224dc2fe0512b95 - - -] delete Subnet "fixed_subnet" [9204d009-4b57-453a-8997-3ab14c94e9e3] Stack "k8s_bay123-mgtmhh7h47s6" [26ed4258-4f6d-488a-aae9-b9c411bd9086] attempt 1
2016-11-11 09:02:12.644 25 INFO heat.engine.resource [req-6020ac65-a370-4671-9ccb-7f54d6cd5715 cb1f610855384068a6241decb03d8b27 1f7630c29e9b423ca224dc2fe0512b95 - - -] deleting Net "fixed_network" [2053c552-b941-4c4d-84ca-58f9fe3eef95] Stack "k8s_bay123-mgtmhh7h47s6" [26ed4258-4f6d-488a-aae9-b9c411bd9086]
2016-11-11 09:02:12.660 25 INFO heat.engine.resource [req-6020ac65-a370-4671-9ccb-7f54d6cd5715 cb1f610855384068a6241decb03d8b27 1f7630c29e9b423ca224dc2fe0512b95 - - -] delete Net "fixed_network" [2053c552-b941-4c4d-84ca-58f9fe3eef95] Stack "k8s_bay123-mgtmhh7h47s6" [26ed4258-4f6d-488a-aae9-b9c411bd9086] attempt 1
2016-11-11 09:02:13.530 25 INFO heat.engine.stack [req-6020ac65-a370-4671-9ccb-7f54d6cd5715 cb1f610855384068a6241decb03d8b27 1f7630c29e9b423ca224dc2fe0512b95 - - -] [k8s_bay123-mgtmhh7h47s6(26ed4258-4f6d-488a-aae9-b9c411bd9086)] update traversal 4114f3d9-be06-4e07-810c-a0d4f342dfa9 complete
2016-11-11 09:02:13.663 25 INFO heat.engine.stack [req-6020ac65-a370-4671-9ccb-7f54d6cd5715 cb1f610855384068a6241decb03d8b27 1f7630c29e9b423ca224dc2fe0512b95 - - -] Stack DELETE COMPLETE (k8s_bay123-mgtmhh7h47s6): Stack DELETE completed successfully
2016-11-11 09:08:01.445 24 INFO heat.engine.service [req-6fe98381-75fe-4dcf-ac1e-25c02c2ebf56 cb1f610855384068a6241decb03d8b27 1f7630c29e9b423ca224dc2fe0512b95 - - -] Creating stack k8s-cluster-ipbpqxs2yf6s
2016-11-11 09:08:01.539 24 INFO heat.engine.resource [req-6fe98381-75fe-4dcf-ac1e-25c02c2ebf56 cb1f610855384068a6241decb03d8b27 1f7630c29e9b423ca224dc2fe0512b95 - - -] Validating SecurityGroup "secgroup_kube_minion"
2016-11-11 09:08:01.543 24 INFO heat.engine.resource [req-6fe98381-75fe-4dcf-ac1e-25c02c2ebf56 cb1f610855384068a6241decb03d8b27 1f7630c29e9b423ca224dc2fe0512b95 - - -] Validating SecurityGroup "secgroup_base"
2016-11-11 09:08:01.546 24 INFO heat.engine.resource [req-6fe98381-75fe-4dcf-ac1e-25c02c2ebf56 cb1f610855384068a6241decb03d8b27 1f7630c29e9b423ca224dc2fe0512b95 - - -] Validating Net "fixed_network"
2016-11-11 09:08:01.547 24 INFO heat.engine.resource [req-6fe98381-75fe-4dcf-ac1e-25c02c2ebf56 cb1f610855384068a6241decb03d8b27 1f7630c29e9b423ca224dc2fe0512b95 - - -] Validating Subnet "fixed_subnet"
2016-11-11 09:08:01.549 24 INFO heat.engine.resource [req-6fe98381-75fe-4dcf-ac1e-25c02c2ebf56 cb1f610855384068a6241decb03d8b27 1f7630c29e9b423ca224dc2fe0512b95 - - -] Validating SecurityGroup "secgroup_kube_master"
2016-11-11 09:08:01.553 24 INFO heat.engine.resource [req-6fe98381-75fe-4dcf-ac1e-25c02c2ebf56 cb1f610855384068a6241decb03d8b27 1f7630c29e9b423ca224dc2fe0512b95 - - -] Validating Router "extrouter"
2016-11-11 09:08:01.555 24 INFO heat.engine.resource [req-6fe98381-75fe-4dcf-ac1e-25c02c2ebf56 cb1f610855384068a6241decb03d8b27 1f7630c29e9b423ca224dc2fe0512b95 - - -] Validating RouterInterface "extrouter_inside"
2016-11-11 09:08:01.556 24 INFO heat.engine.resource [req-6fe98381-75fe-4dcf-ac1e-25c02c2ebf56 cb1f610855384068a6241decb03d8b27 1f7630c29e9b423ca224dc2fe0512b95 - - -] Validating ResourceGroup "kube_masters"
2016-11-11 09:08:01.569 24 INFO heat.engine.resource [req-6fe98381-75fe-4dcf-ac1e-25c02c2ebf56 cb1f610855384068a6241decb03d8b27 1f7630c29e9b423ca224dc2fe0512b95 - - -] Validating TemplateResource "0"
2016-11-11 09:08:01.634 24 INFO heat.engine.resource [req-6fe98381-75fe-4dcf-ac1e-25c02c2ebf56 cb1f610855384068a6241decb03d8b27 1f7630c29e9b423ca224dc2fe0512b95 - - -] Validating SoftwareConfig "kube_system_namespace_service"
2016-11-11 09:08:01.635 24 INFO heat.engine.resource [req-6fe98381-75fe-4dcf-ac1e-25c02c2ebf56 cb1f610855384068a6241decb03d8b27 1f7630c29e9b423ca224dc2fe0512b95 - - -] Validating SoftwareConfig "kube_examples"
2016-11-11 09:08:01.637 24 INFO heat.engine.resource [req-6fe98381-75fe-4dcf-ac1e-25c02c2ebf56 cb1f610855384068a6241decb03d8b27 1f7630c29e9b423ca224dc2fe0512b95 - - -] Validating SoftwareConfig "enable_services"
2016-11-11 09:08:01.638 24 INFO heat.engine.resource [req-6fe98381-75fe-4dcf-ac1e-25c02c2ebf56 cb1f610855384068a6241decb03d8b27 1f7630c29e9b423ca224dc2fe0512b95 - - -] Validating SoftwareConfig "write_network_config"
2016-11-11 09:08:01.639 24 INFO heat.engine.resource [req-6fe98381-75fe-4dcf-ac1e-25c02c2ebf56 cb1f610855384068a6241decb03d8b27 1f7630c29e9b423ca224dc2fe0512b95 - - -] Validating SoftwareConfig "disable_selinux"
2016-11-11 09:08:01.640 24 INFO heat.engine.resource [req-6fe98381-75fe-4dcf-ac1e-25c02c2ebf56 cb1f610855384068a6241decb03d8b27 1f7630c29e9b423ca224dc2fe0512b95 - - -] Validating SoftwareConfig "configure_etcd"
2016-11-11 09:08:01.641 24 INFO heat.engine.resource [req-6fe98381-75fe-4dcf-ac1e-25c02c2ebf56 cb1f610855384068a6241decb03d8b27 1f7630c29e9b423ca224dc2fe0512b95 - - -] Validating SoftwareConfig "make_cert"
2016-11-11 09:08:01.642 24 INFO heat.engine.resource [req-6fe98381-75fe-4dcf-ac1e-25c02c2ebf56 cb1f610855384068a6241decb03d8b27 1f7630c29e9b423ca224dc2fe0512b95 - - -] Validating Port "kube_master_eth0"
2016-11-11 09:08:01.643 24 INFO heat.engine.resource [req-6fe98381-75fe-4dcf-ac1e-25c02c2ebf56 cb1f610855384068a6241decb03d8b27 1f7630c29e9b423ca224dc2fe0512b95 - - -] Validating FloatingIP "kube_master_floating"
2016-11-11 09:08:01.644 24 INFO heat.engine.resource [req-6fe98381-75fe-4dcf-ac1e-25c02c2ebf56 cb1f610855384068a6241decb03d8b27 1f7630c29e9b423ca224dc2fe0512b95 - - -] Validating SoftwareConfig "network_config_service"
2016-11-11 09:08:01.645 24 INFO heat.engine.resource [req-6fe98381-75fe-4dcf-ac1e-25c02c2ebf56 cb1f610855384068a6241decb03d8b27 1f7630c29e9b423ca224dc2fe0512b95 - - -] Validating SoftwareConfig "master_wc_notify"
2016-11-11 09:08:01.647 24 INFO heat.engine.resource [req-6fe98381-75fe-4dcf-ac1e-25c02c2ebf56 cb1f610855384068a6241decb03d8b27 1f7630c29e9b423ca224dc2fe0512b95 - - -] Validating TemplateResource "api_address_switch"
2016-11-11 09:08:01.651 24 INFO heat.engine.resource [req-6fe98381-75fe-4dcf-ac1e-25c02c2ebf56 cb1f610855384068a6241decb03d8b27 1f7630c29e9b423ca224dc2fe0512b95 - - -] Validating SoftwareConfig "add_proxy"
2016-11-11 09:08:01.652 24 INFO heat.engine.resource [req-6fe98381-75fe-4dcf-ac1e-25c02c2ebf56 cb1f610855384068a6241decb03d8b27 1f7630c29e9b423ca224dc2fe0512b95 - - -] Validating SoftwareConfig "kube_ui_service"
2016-11-11 09:08:01.653 24 INFO heat.engine.resource [req-6fe98381-75fe-4dcf-ac1e-25c02c2ebf56 cb1f610855384068a6241decb03d8b27 1f7630c29e9b423ca224dc2fe0512b95 - - -] Validating CinderVolume "docker_volume"
2016-11-11 09:08:01.654 24 INFO heat.engine.resource [req-6fe98381-75fe-4dcf-ac1e-25c02c2ebf56 cb1f610855384068a6241decb03d8b27 1f7630c29e9b423ca224dc2fe0512b95 - - -] Validating SoftwareConfig "enable_kube_proxy"
2016-11-11 09:08:01.655 24 INFO heat.engine.resource [req-6fe98381-75fe-4dcf-ac1e-25c02c2ebf56 cb1f610855384068a6241decb03d8b27 1f7630c29e9b423ca224dc2fe0512b95 - - -] Validating HeatWaitConditionHandle "master_wait_handle"
2016-11-11 09:08:01.656 24 INFO heat.engine.resource [req-6fe98381-75fe-4dcf-ac1e-25c02c2ebf56 cb1f610855384068a6241decb03d8b27 1f7630c29e9b423ca224dc2fe0512b95 - - -] Validating SoftwareConfig "write_heat_params"
2016-11-11 09:08:01.658 24 INFO heat.engine.resource [req-6fe98381-75fe-4dcf-ac1e-25c02c2ebf56 cb1f610855384068a6241decb03d8b27 1f7630c29e9b423ca224dc2fe0512b95 - - -] Validating SoftwareConfig "configure_docker_storage"
2016-11-11 09:08:01.659 24 INFO heat.engine.resource [req-6fe98381-75fe-4dcf-ac1e-25c02c2ebf56 cb1f610855384068a6241decb03d8b27 1f7630c29e9b423ca224dc2fe0512b95 - - -] Validating SoftwareConfig "network_service"
2016-11-11 09:08:01.659 24 INFO heat.engine.resource [req-6fe98381-75fe-4dcf-ac1e-25c02c2ebf56 cb1f610855384068a6241decb03d8b27 1f7630c29e9b423ca224dc2fe0512b95 - - -] Validating SoftwareConfig "enable_kube_podmaster"
2016-11-11 09:08:01.660 24 INFO heat.engine.resource [req-6fe98381-75fe-4dcf-ac1e-25c02c2ebf56 cb1f610855384068a6241decb03d8b27 1f7630c29e9b423ca224dc2fe0512b95 - - -] Validating SoftwareConfig "configure_kubernetes"
2016-11-11 09:08:01.661 24 INFO heat.engine.resource [req-6fe98381-75fe-4dcf-ac1e-25c02c2ebf56 cb1f610855384068a6241decb03d8b27 1f7630c29e9b423ca224dc2fe0512b95 - - -] Validating SoftwareConfig "write_kube_os_config"
2016-11-11 09:08:01.662 24 INFO heat.engine.resource [req-6fe98381-75fe-4dcf-ac1e-25c02c2ebf56 cb1f610855384068a6241decb03d8b27 1f7630c29e9b423ca224dc2fe0512b95 - - -] Validating MultipartMime "kube_master_init"
2016-11-11 09:08:01.663 24 INFO heat.engine.resource [req-6fe98381-75fe-4dcf-ac1e-25c02c2ebf56 cb1f610855384068a6241decb03d8b27 1f7630c29e9b423ca224dc2fe0512b95 - - -] Validating Server "kube_master"
2016-11-11 09:08:02.081 24 INFO heat.engine.resource [req-6fe98381-75fe-4dcf-ac1e-25c02c2ebf56 cb1f610855384068a6241decb03d8b27 1f7630c29e9b423ca224dc2fe0512b95 - - -] Validating CinderVolumeAttachment "docker_volume_attach"
2016-11-11 09:08:02.082 24 INFO heat.engine.resource [req-6fe98381-75fe-4dcf-ac1e-25c02c2ebf56 cb1f610855384068a6241decb03d8b27 1f7630c29e9b423ca224dc2fe0512b95 - - -] Validating HeatWaitCondition "master_wait_condition"
2016-11-11 09:08:02.084 24 INFO heat.engine.resource [req-6fe98381-75fe-4dcf-ac1e-25c02c2ebf56 cb1f610855384068a6241decb03d8b27 1f7630c29e9b423ca224dc2fe0512b95 - - -] Validating TemplateResource "api_address_lb_switch"
2016-11-11 09:08:02.090 24 INFO heat.engine.resource [req-6fe98381-75fe-4dcf-ac1e-25c02c2ebf56 cb1f610855384068a6241decb03d8b27 1f7630c29e9b423ca224dc2fe0512b95 - - -] Validating TemplateResource "etcd_address_lb_switch"
2016-11-11 09:08:02.095 24 INFO heat.engine.resource [req-6fe98381-75fe-4dcf-ac1e-25c02c2ebf56 cb1f610855384068a6241decb03d8b27 1f7630c29e9b423ca224dc2fe0512b95 - - -] Validating ResourceGroup "kube_minions"
2016-11-11 09:08:02.109 24 INFO heat.engine.resource [req-6fe98381-75fe-4dcf-ac1e-25c02c2ebf56 cb1f610855384068a6241decb03d8b27 1f7630c29e9b423ca224dc2fe0512b95 - - -] Validating TemplateResource "0"
2016-11-11 09:08:02.152 24 INFO heat.engine.resource [req-6fe98381-75fe-4dcf-ac1e-25c02c2ebf56 cb1f610855384068a6241decb03d8b27 1f7630c29e9b423ca224dc2fe0512b95 - - -] Validating SoftwareConfig "enable_kube_proxy"
2016-11-11 09:08:02.153 24 INFO heat.engine.resource [req-6fe98381-75fe-4dcf-ac1e-25c02c2ebf56 cb1f610855384068a6241decb03d8b27 1f7630c29e9b423ca224dc2fe0512b95 - - -] Validating SoftwareConfig "enable_services"
2016-11-11 09:08:02.154 24 INFO heat.engine.resource [req-6fe98381-75fe-4dcf-ac1e-25c02c2ebf56 cb1f610855384068a6241decb03d8b27 1f7630c29e9b423ca224dc2fe0512b95 - - -] Validating SoftwareConfig "make_cert"
2016-11-11 09:08:02.155 24 INFO heat.engine.resource [req-6fe98381-75fe-4dcf-ac1e-25c02c2ebf56 cb1f610855384068a6241decb03d8b27 1f7630c29e9b423ca224dc2fe0512b95 - - -] Validating SoftwareConfig "configure_kubernetes_minion"
2016-11-11 09:08:02.155 24 INFO heat.engine.resource [req-6fe98381-75fe-4dcf-ac1e-25c02c2ebf56 cb1f610855384068a6241decb03d8b27 1f7630c29e9b423ca224dc2fe0512b95 - - -] Validating SoftwareConfig "enable_docker_registry"
2016-11-11 09:08:02.156 24 INFO heat.engine.resource [req-6fe98381-75fe-4dcf-ac1e-25c02c2ebf56 cb1f610855384068a6241decb03d8b27 1f7630c29e9b423ca224dc2fe0512b95 - - -] Validating SoftwareConfig "add_proxy"
2016-11-11 09:08:02.157 24 INFO heat.engine.resource [req-6fe98381-75fe-4dcf-ac1e-25c02c2ebf56 cb1f610855384068a6241decb03d8b27 1f7630c29e9b423ca224dc2fe0512b95 - - -] Validating SoftwareConfig "disable_selinux"
2016-11-11 09:08:02.158 24 INFO heat.engine.resource [req-6fe98381-75fe-4dcf-ac1e-25c02c2ebf56 cb1f610855384068a6241decb03d8b27 1f7630c29e9b423ca224dc2fe0512b95 - - -] Validating SoftwareConfig "kube_examples"
2016-11-11 09:08:02.159 24 INFO heat.engine.resource [req-6fe98381-75fe-4dcf-ac1e-25c02c2ebf56 cb1f610855384068a6241decb03d8b27 1f7630c29e9b423ca224dc2fe0512b95 - - -] Validating SoftwareConfig "configure_docker_registry"
2016-11-11 09:08:02.160 24 INFO heat.engine.resource [req-6fe98381-75fe-4dcf-ac1e-25c02c2ebf56 cb1f610855384068a6241decb03d8b27 1f7630c29e9b423ca224dc2fe0512b95 - - -] Validating Port "kube_minion_eth0"
2016-11-11 09:08:02.161 24 INFO heat.engine.resource [req-6fe98381-75fe-4dcf-ac1e-25c02c2ebf56 cb1f610855384068a6241decb03d8b27 1f7630c29e9b423ca224dc2fe0512b95 - - -] Validating FloatingIP "kube_minion_floating"
2016-11-11 09:08:02.161 24 INFO heat.engine.resource [req-6fe98381-75fe-4dcf-ac1e-25c02c2ebf56 cb1f610855384068a6241decb03d8b27 1f7630c29e9b423ca224dc2fe0512b95 - - -] Validating SoftwareConfig "network_service"
2016-11-11 09:08:02.162 24 INFO heat.engine.resource [req-6fe98381-75fe-4dcf-ac1e-25c02c2ebf56 cb1f610855384068a6241decb03d8b27 1f7630c29e9b423ca224dc2fe0512b95 - - -] Validating HeatWaitConditionHandle "minion_wait_handle"
2016-11-11 09:08:02.163 24 INFO heat.engine.resource [req-6fe98381-75fe-4dcf-ac1e-25c02c2ebf56 cb1f610855384068a6241decb03d8b27 1f7630c29e9b423ca224dc2fe0512b95 - - -] Validating SoftwareConfig "minion_wc_notify"
2016-11-11 09:08:02.164 24 INFO heat.engine.resource [req-6fe98381-75fe-4dcf-ac1e-25c02c2ebf56 cb1f610855384068a6241decb03d8b27 1f7630c29e9b423ca224dc2fe0512b95 - - -] Validating CinderVolume "docker_volume"
2016-11-11 09:08:02.165 24 INFO heat.engine.resource [req-6fe98381-75fe-4dcf-ac1e-25c02c2ebf56 cb1f610855384068a6241decb03d8b27 1f7630c29e9b423ca224dc2fe0512b95 - - -] Validating SoftwareConfig "write_heat_params"
2016-11-11 09:08:02.166 24 INFO heat.engine.resource [req-6fe98381-75fe-4dcf-ac1e-25c02c2ebf56 cb1f610855384068a6241decb03d8b27 1f7630c29e9b423ca224dc2fe0512b95 - - -] Validating SoftwareConfig "configure_docker_storage"
2016-11-11 09:08:02.167 24 INFO heat.engine.resource [req-6fe98381-75fe-4dcf-ac1e-25c02c2ebf56 cb1f610855384068a6241decb03d8b27 1f7630c29e9b423ca224dc2fe0512b95 - - -] Validating SoftwareConfig "write_kubeconfig"
2016-11-11 09:08:02.167 24 INFO heat.engine.resource [req-6fe98381-75fe-4dcf-ac1e-25c02c2ebf56 cb1f610855384068a6241decb03d8b27 1f7630c29e9b423ca224dc2fe0512b95 - - -] Validating MultipartMime "kube_minion_init"
2016-11-11 09:08:02.168 24 INFO heat.engine.resource [req-6fe98381-75fe-4dcf-ac1e-25c02c2ebf56 cb1f610855384068a6241decb03d8b27 1f7630c29e9b423ca224dc2fe0512b95 - - -] Validating Server "kube-minion"
2016-11-11 09:08:02.449 24 INFO heat.engine.resource [req-6fe98381-75fe-4dcf-ac1e-25c02c2ebf56 cb1f610855384068a6241decb03d8b27 1f7630c29e9b423ca224dc2fe0512b95 - - -] Validating CinderVolumeAttachment "docker_volume_attach"
2016-11-11 09:08:02.450 24 INFO heat.engine.resource [req-6fe98381-75fe-4dcf-ac1e-25c02c2ebf56 cb1f610855384068a6241decb03d8b27 1f7630c29e9b423ca224dc2fe0512b95 - - -] Validating HeatWaitCondition "minion_wait_condition"
2016-11-11 09:08:02.452 24 INFO heat.engine.resource [req-6fe98381-75fe-4dcf-ac1e-25c02c2ebf56 cb1f610855384068a6241decb03d8b27 1f7630c29e9b423ca224dc2fe0512b95 - - -] Validating TemplateResource "api_address_floating_switch"
2016-11-11 09:08:02.458 24 INFO heat.engine.environment [req-6fe98381-75fe-4dcf-ac1e-25c02c2ebf56 cb1f610855384068a6241decb03d8b27 1f7630c29e9b423ca224dc2fe0512b95 - - -] k8s-cluster-ipbpqxs2yf6s Registered: [Template](User:True) file:///var/lib/kolla/venv/lib/python2.7/site-packages/magnum/drivers/k8s_fedora_atomic_v1/templates/kubeminion.yaml -> file:///var/lib/kolla/venv/lib/python2.7/site-packages/magnum/drivers/k8s_fedora_atomic_v1/templates/kubeminion.yaml
2016-11-11 09:08:02.459 24 INFO heat.engine.environment [req-6fe98381-75fe-4dcf-ac1e-25c02c2ebf56 cb1f610855384068a6241decb03d8b27 1f7630c29e9b423ca224dc2fe0512b95 - - -] k8s-cluster-ipbpqxs2yf6s Registered: [Template](User:True) file:///var/lib/kolla/venv/lib/python2.7/site-packages/magnum/drivers/k8s_fedora_atomic_v1/templates/kubemaster.yaml -> file:///var/lib/kolla/venv/lib/python2.7/site-packages/magnum/drivers/k8s_fedora_atomic_v1/templates/kubemaster.yaml
2016-11-11 09:08:02.459 24 INFO heat.engine.environment [req-6fe98381-75fe-4dcf-ac1e-25c02c2ebf56 cb1f610855384068a6241decb03d8b27 1f7630c29e9b423ca224dc2fe0512b95 - - -] k8s-cluster-ipbpqxs2yf6s Registered: [Template](User:True) Magnum::FloatingIPAddressSwitcher -> file:///var/lib/kolla/venv/lib/python2.7/site-packages/magnum/drivers/common/templates/fragments/floating_ip_address_switcher_public.yaml
2016-11-11 09:08:02.460 24 INFO heat.engine.environment [req-6fe98381-75fe-4dcf-ac1e-25c02c2ebf56 cb1f610855384068a6241decb03d8b27 1f7630c29e9b423ca224dc2fe0512b95 - - -] k8s-cluster-ipbpqxs2yf6s Registered: [Template](User:True) Magnum::ApiGatewaySwitcher -> file:///var/lib/kolla/venv/lib/python2.7/site-packages/magnum/drivers/common/templates/fragments/api_gateway_switcher_master.yaml
2016-11-11 09:08:02.491 24 WARNING oslo_config.cfg [req-6fe98381-75fe-4dcf-ac1e-25c02c2ebf56 cb1f610855384068a6241decb03d8b27 1f7630c29e9b423ca224dc2fe0512b95 - - -] Option "auth_plugin" from group "trustee" is deprecated. Use option "auth_type" from group "trustee".
2016-11-11 09:08:03.048 24 INFO heat.engine.stack [req-6fe98381-75fe-4dcf-ac1e-25c02c2ebf56 cb1f610855384068a6241decb03d8b27 1f7630c29e9b423ca224dc2fe0512b95 - - -] Stack CREATE IN_PROGRESS (k8s-cluster-ipbpqxs2yf6s): Stack CREATE started
2016-11-11 09:08:03.465 24 INFO heat.engine.stack [req-6fe98381-75fe-4dcf-ac1e-25c02c2ebf56 cb1f610855384068a6241decb03d8b27 1f7630c29e9b423ca224dc2fe0512b95 - - -] convergence_dependencies: (Dependencies([((75, True), (76, True)), ((75, True), (77, True)), ((75, True), (81, True)), ((75, True), (91, True)), ((75, True), (93, True)), ((75, True), (94, True)), ((76, True), (82, True)), ((76, True), (90, True)), ((78, True), (85, True)), ((79, True), (84, True)), ((80, True), (81, True)), ((81, True), (82, True)), ((81, True), (88, True)), ((81, True), (92, True)), ((82, True), (83, True)), ((82, True), (84, True)), ((82, True), (85, True)), ((82, True), (87, True)), ((82, True), (88, True)), ((82, True), (91, True)), ((82, True), (92, True)), ((82, True), (93, True)), ((82, True), (94, True)), ((84, True), (89, True)), ((85, True), (86, True)), ((86, True), (92, True)), ((88, True), (91, True)), ((88, True), (92, True)), ((89, True), (90, True)), ((90, True), (93, True)), ((91, True), (93, True)), ((91, True), (95, True)), ((92, True), (93, True)), ((93, True), (94, True))]),)
2016-11-11 09:08:03.552 24 INFO heat.engine.stack [req-6fe98381-75fe-4dcf-ac1e-25c02c2ebf56 cb1f610855384068a6241decb03d8b27 1f7630c29e9b423ca224dc2fe0512b95 - - -] Triggering resource 77 for update
2016-11-11 09:08:03.556 24 INFO heat.engine.stack [req-6fe98381-75fe-4dcf-ac1e-25c02c2ebf56 cb1f610855384068a6241decb03d8b27 1f7630c29e9b423ca224dc2fe0512b95 - - -] Triggering resource 94 for update
2016-11-11 09:08:03.563 24 INFO heat.engine.stack [req-6fe98381-75fe-4dcf-ac1e-25c02c2ebf56 cb1f610855384068a6241decb03d8b27 1f7630c29e9b423ca224dc2fe0512b95 - - -] Triggering resource 87 for update
2016-11-11 09:08:03.567 24 INFO heat.engine.stack [req-6fe98381-75fe-4dcf-ac1e-25c02c2ebf56 cb1f610855384068a6241decb03d8b27 1f7630c29e9b423ca224dc2fe0512b95 - - -] Triggering resource 83 for update
2016-11-11 09:08:03.570 24 INFO heat.engine.stack [req-6fe98381-75fe-4dcf-ac1e-25c02c2ebf56 cb1f610855384068a6241decb03d8b27 1f7630c29e9b423ca224dc2fe0512b95 - - -] Triggering resource 95 for update
2016-11-11 09:08:03.621 24 INFO heat.engine.resource [req-6fe98381-75fe-4dcf-ac1e-25c02c2ebf56 cb1f610855384068a6241decb03d8b27 1f7630c29e9b423ca224dc2fe0512b95 - - -] creating SecurityGroup "secgroup_kube_minion" Stack "k8s-cluster-ipbpqxs2yf6s" [3062b14e-1268-43ab-841d-492ee44a2f4c]
2016-11-11 09:08:03.649 23 INFO heat.engine.resource [req-6fe98381-75fe-4dcf-ac1e-25c02c2ebf56 cb1f610855384068a6241decb03d8b27 1f7630c29e9b423ca224dc2fe0512b95 - - -] creating Net "fixed_network" Stack "k8s-cluster-ipbpqxs2yf6s" [3062b14e-1268-43ab-841d-492ee44a2f4c]
2016-11-11 09:08:03.659 22 INFO heat.engine.resource [req-6fe98381-75fe-4dcf-ac1e-25c02c2ebf56 cb1f610855384068a6241decb03d8b27 1f7630c29e9b423ca224dc2fe0512b95 - - -] creating SecurityGroup "secgroup_base" Stack "k8s-cluster-ipbpqxs2yf6s" [3062b14e-1268-43ab-841d-492ee44a2f4c]
2016-11-11 09:08:03.664 21 INFO heat.engine.resource [req-6fe98381-75fe-4dcf-ac1e-25c02c2ebf56 cb1f610855384068a6241decb03d8b27 1f7630c29e9b423ca224dc2fe0512b95 - - -] creating SecurityGroup "secgroup_kube_master" Stack "k8s-cluster-ipbpqxs2yf6s" [3062b14e-1268-43ab-841d-492ee44a2f4c]
2016-11-11 09:08:03.664 25 INFO heat.engine.resource [req-6fe98381-75fe-4dcf-ac1e-25c02c2ebf56 cb1f610855384068a6241decb03d8b27 1f7630c29e9b423ca224dc2fe0512b95 - - -] creating Router "extrouter" Stack "k8s-cluster-ipbpqxs2yf6s" [3062b14e-1268-43ab-841d-492ee44a2f4c]
2016-11-11 09:08:04.087 24 INFO heat.engine.resource [req-6fe98381-75fe-4dcf-ac1e-25c02c2ebf56 cb1f610855384068a6241decb03d8b27 1f7630c29e9b423ca224dc2fe0512b95 - - -] creating Subnet "fixed_subnet" Stack "k8s-cluster-ipbpqxs2yf6s" [3062b14e-1268-43ab-841d-492ee44a2f4c]
