2016-11-11 09:11:05.467 25 INFO heat.engine.resource [req-50fb138e-59f3-44a9-9640-7c831fde931d cb1f610855384068a6241decb03d8b27 1f7630c29e9b423ca224dc2fe0512b95 - - -] creating SoftwareConfig "configure_docker_storage" Stack "k8s-cluster-ipbpqxs2yf6s-kube_minions-53odooavs5ql-4-bfdlhkrtzyhc" [8a28bc8e-2e0e-4e0f-b0ba-d254a15c26aa]
2016-11-11 09:11:05.494 25 INFO heat.engine.resource [req-50fb138e-59f3-44a9-9640-7c831fde931d cb1f610855384068a6241decb03d8b27 1f7630c29e9b423ca224dc2fe0512b95 - - -] creating SoftwareConfig "enable_docker_registry" Stack "k8s-cluster-ipbpqxs2yf6s-kube_minions-53odooavs5ql-4-bfdlhkrtzyhc" [8a28bc8e-2e0e-4e0f-b0ba-d254a15c26aa]
2016-11-11 09:11:05.495 24 INFO heat.engine.resource [req-50fb138e-59f3-44a9-9640-7c831fde931d cb1f610855384068a6241decb03d8b27 1f7630c29e9b423ca224dc2fe0512b95 - - -] creating SoftwareConfig "write_kubeconfig" Stack "k8s-cluster-ipbpqxs2yf6s-kube_minions-53odooavs5ql-2-p6zyg2vdnsrf" [489976b9-425b-498a-b74f-f81b1273820a]
2016-11-11 09:11:05.499 23 INFO heat.engine.resource [req-50fb138e-59f3-44a9-9640-7c831fde931d cb1f610855384068a6241decb03d8b27 1f7630c29e9b423ca224dc2fe0512b95 - - -] creating Port "kube_minion_eth0" Stack "k8s-cluster-ipbpqxs2yf6s-kube_minions-53odooavs5ql-2-p6zyg2vdnsrf" [489976b9-425b-498a-b74f-f81b1273820a]
2016-11-11 09:11:05.502 21 INFO heat.engine.resource [req-50fb138e-59f3-44a9-9640-7c831fde931d cb1f610855384068a6241decb03d8b27 1f7630c29e9b423ca224dc2fe0512b95 - - -] creating SoftwareConfig "disable_selinux" Stack "k8s-cluster-ipbpqxs2yf6s-kube_minions-53odooavs5ql-2-p6zyg2vdnsrf" [489976b9-425b-498a-b74f-f81b1273820a]
2016-11-11 09:11:05.506 23 INFO heat.engine.resource [req-50fb138e-59f3-44a9-9640-7c831fde931d cb1f610855384068a6241decb03d8b27 1f7630c29e9b423ca224dc2fe0512b95 - - -] creating SoftwareConfig "enable_kube_proxy" Stack "k8s-cluster-ipbpqxs2yf6s-kube_minions-53odooavs5ql-4-bfdlhkrtzyhc" [8a28bc8e-2e0e-4e0f-b0ba-d254a15c26aa]
2016-11-11 09:11:05.516 25 INFO heat.engine.resource [req-50fb138e-59f3-44a9-9640-7c831fde931d cb1f610855384068a6241decb03d8b27 1f7630c29e9b423ca224dc2fe0512b95 - - -] creating SoftwareConfig "configure_kubernetes_minion" Stack "k8s-cluster-ipbpqxs2yf6s-kube_minions-53odooavs5ql-4-bfdlhkrtzyhc" [8a28bc8e-2e0e-4e0f-b0ba-d254a15c26aa]
2016-11-11 09:11:05.526 23 INFO heat.engine.resource [req-50fb138e-59f3-44a9-9640-7c831fde931d cb1f610855384068a6241decb03d8b27 1f7630c29e9b423ca224dc2fe0512b95 - - -] creating SoftwareConfig "write_kubeconfig" Stack "k8s-cluster-ipbpqxs2yf6s-kube_minions-53odooavs5ql-4-bfdlhkrtzyhc" [8a28bc8e-2e0e-4e0f-b0ba-d254a15c26aa]
2016-11-11 09:11:05.546 21 INFO heat.engine.resource [req-50fb138e-59f3-44a9-9640-7c831fde931d cb1f610855384068a6241decb03d8b27 1f7630c29e9b423ca224dc2fe0512b95 - - -] creating SoftwareConfig "network_service" Stack "k8s-cluster-ipbpqxs2yf6s-kube_minions-53odooavs5ql-4-bfdlhkrtzyhc" [8a28bc8e-2e0e-4e0f-b0ba-d254a15c26aa]
2016-11-11 09:11:05.555 23 INFO heat.engine.resource [req-50fb138e-59f3-44a9-9640-7c831fde931d cb1f610855384068a6241decb03d8b27 1f7630c29e9b423ca224dc2fe0512b95 - - -] creating SoftwareConfig "disable_selinux" Stack "k8s-cluster-ipbpqxs2yf6s-kube_minions-53odooavs5ql-4-bfdlhkrtzyhc" [8a28bc8e-2e0e-4e0f-b0ba-d254a15c26aa]
2016-11-11 09:11:05.570 21 INFO heat.engine.resource [req-50fb138e-59f3-44a9-9640-7c831fde931d cb1f610855384068a6241decb03d8b27 1f7630c29e9b423ca224dc2fe0512b95 - - -] creating Port "kube_minion_eth0" Stack "k8s-cluster-ipbpqxs2yf6s-kube_minions-53odooavs5ql-4-bfdlhkrtzyhc" [8a28bc8e-2e0e-4e0f-b0ba-d254a15c26aa]
2016-11-11 09:11:05.585 22 INFO heat.engine.resource [req-50fb138e-59f3-44a9-9640-7c831fde931d cb1f610855384068a6241decb03d8b27 1f7630c29e9b423ca224dc2fe0512b95 - - -] creating SoftwareConfig "network_service" Stack "k8s-cluster-ipbpqxs2yf6s-kube_minions-53odooavs5ql-2-p6zyg2vdnsrf" [489976b9-425b-498a-b74f-f81b1273820a]
2016-11-11 09:11:05.593 24 INFO heat.engine.resource [req-50fb138e-59f3-44a9-9640-7c831fde931d cb1f610855384068a6241decb03d8b27 1f7630c29e9b423ca224dc2fe0512b95 - - -] creating SoftwareConfig "enable_services" Stack "k8s-cluster-ipbpqxs2yf6s-kube_minions-53odooavs5ql-2-p6zyg2vdnsrf" [489976b9-425b-498a-b74f-f81b1273820a]
2016-11-11 09:11:05.649 22 INFO heat.engine.resource [req-50fb138e-59f3-44a9-9640-7c831fde931d cb1f610855384068a6241decb03d8b27 1f7630c29e9b423ca224dc2fe0512b95 - - -] creating CinderVolume "docker_volume" Stack "k8s-cluster-ipbpqxs2yf6s-kube_minions-53odooavs5ql-2-p6zyg2vdnsrf" [489976b9-425b-498a-b74f-f81b1273820a]
2016-11-11 09:11:05.676 25 WARNING heat.engine.clients.keystoneclient [req-50fb138e-59f3-44a9-9640-7c831fde931d cb1f610855384068a6241decb03d8b27 1f7630c29e9b423ca224dc2fe0512b95 - - -] Truncating the username k8s-cluster-ipbpqxs2yf6s-kube_minions-53odooavs5ql-2-p6zyg2vdnsrf-minion_wait_handle-xfe2ijzzenel to the last 64 characters.
2016-11-11 09:11:05.689 24 INFO heat.engine.resource [req-50fb138e-59f3-44a9-9640-7c831fde931d cb1f610855384068a6241decb03d8b27 1f7630c29e9b423ca224dc2fe0512b95 - - -] creating HeatWaitConditionHandle "minion_wait_handle" Stack "k8s-cluster-ipbpqxs2yf6s-kube_minions-53odooavs5ql-4-bfdlhkrtzyhc" [8a28bc8e-2e0e-4e0f-b0ba-d254a15c26aa]
2016-11-11 09:11:05.691 24 INFO heat.engine.resource [req-50fb138e-59f3-44a9-9640-7c831fde931d cb1f610855384068a6241decb03d8b27 1f7630c29e9b423ca224dc2fe0512b95 - - -] creating SoftwareConfig "configure_docker_registry" Stack "k8s-cluster-ipbpqxs2yf6s-kube_minions-53odooavs5ql-4-bfdlhkrtzyhc" [8a28bc8e-2e0e-4e0f-b0ba-d254a15c26aa]
2016-11-11 09:11:05.714 22 INFO heat.engine.resource [req-50fb138e-59f3-44a9-9640-7c831fde931d cb1f610855384068a6241decb03d8b27 1f7630c29e9b423ca224dc2fe0512b95 - - -] creating SoftwareConfig "configure_docker_registry" Stack "k8s-cluster-ipbpqxs2yf6s-kube_minions-53odooavs5ql-2-p6zyg2vdnsrf" [489976b9-425b-498a-b74f-f81b1273820a]
2016-11-11 09:11:05.775 22 INFO heat.engine.resource [req-50fb138e-59f3-44a9-9640-7c831fde931d cb1f610855384068a6241decb03d8b27 1f7630c29e9b423ca224dc2fe0512b95 - - -] creating SoftwareConfig "make_cert" Stack "k8s-cluster-ipbpqxs2yf6s-kube_minions-53odooavs5ql-2-p6zyg2vdnsrf" [489976b9-425b-498a-b74f-f81b1273820a]
2016-11-11 09:11:05.810 22 INFO heat.engine.resource [req-50fb138e-59f3-44a9-9640-7c831fde931d cb1f610855384068a6241decb03d8b27 1f7630c29e9b423ca224dc2fe0512b95 - - -] creating CinderVolume "docker_volume" Stack "k8s-cluster-ipbpqxs2yf6s-kube_minions-53odooavs5ql-4-bfdlhkrtzyhc" [8a28bc8e-2e0e-4e0f-b0ba-d254a15c26aa]
2016-11-11 09:11:05.896 22 INFO heat.engine.resource [req-50fb138e-59f3-44a9-9640-7c831fde931d cb1f610855384068a6241decb03d8b27 1f7630c29e9b423ca224dc2fe0512b95 - - -] creating SoftwareConfig "kube_examples" Stack "k8s-cluster-ipbpqxs2yf6s-kube_minions-53odooavs5ql-4-bfdlhkrtzyhc" [8a28bc8e-2e0e-4e0f-b0ba-d254a15c26aa]
2016-11-11 09:11:05.929 24 INFO heat.engine.resource [req-50fb138e-59f3-44a9-9640-7c831fde931d cb1f610855384068a6241decb03d8b27 1f7630c29e9b423ca224dc2fe0512b95 - - -] creating SoftwareConfig "add_proxy" Stack "k8s-cluster-ipbpqxs2yf6s-kube_minions-53odooavs5ql-4-bfdlhkrtzyhc" [8a28bc8e-2e0e-4e0f-b0ba-d254a15c26aa]
2016-11-11 09:11:05.965 24 INFO heat.engine.resource [req-50fb138e-59f3-44a9-9640-7c831fde931d cb1f610855384068a6241decb03d8b27 1f7630c29e9b423ca224dc2fe0512b95 - - -] creating SoftwareConfig "enable_services" Stack "k8s-cluster-ipbpqxs2yf6s-kube_minions-53odooavs5ql-4-bfdlhkrtzyhc" [8a28bc8e-2e0e-4e0f-b0ba-d254a15c26aa]
2016-11-11 09:11:06.189 23 INFO heat.engine.resource [req-50fb138e-59f3-44a9-9640-7c831fde931d cb1f610855384068a6241decb03d8b27 1f7630c29e9b423ca224dc2fe0512b95 - - -] creating SoftwareConfig "minion_wc_notify" Stack "k8s-cluster-ipbpqxs2yf6s-kube_minions-53odooavs5ql-2-p6zyg2vdnsrf" [489976b9-425b-498a-b74f-f81b1273820a]
2016-11-11 09:11:06.279 24 WARNING heat.engine.clients.keystoneclient [req-50fb138e-59f3-44a9-9640-7c831fde931d cb1f610855384068a6241decb03d8b27 1f7630c29e9b423ca224dc2fe0512b95 - - -] Truncating the username k8s-cluster-ipbpqxs2yf6s-kube_minions-53odooavs5ql-4-bfdlhkrtzyhc-minion_wait_handle-vk7gbdxosy5b to the last 64 characters.
2016-11-11 09:11:06.390 21 INFO heat.engine.resource [req-50fb138e-59f3-44a9-9640-7c831fde931d cb1f610855384068a6241decb03d8b27 1f7630c29e9b423ca224dc2fe0512b95 - - -] creating SoftwareConfig "write_heat_params" Stack "k8s-cluster-ipbpqxs2yf6s-kube_minions-53odooavs5ql-1-u55atiekxgkx" [2308dc07-8ade-4604-af36-afbe4229ec4c]
2016-11-11 09:11:06.420 25 INFO heat.engine.resource [req-50fb138e-59f3-44a9-9640-7c831fde931d cb1f610855384068a6241decb03d8b27 1f7630c29e9b423ca224dc2fe0512b95 - - -] creating FloatingIP "kube_minion_floating" Stack "k8s-cluster-ipbpqxs2yf6s-kube_minions-53odooavs5ql-2-p6zyg2vdnsrf" [489976b9-425b-498a-b74f-f81b1273820a]
2016-11-11 09:11:06.556 23 INFO heat.engine.resource [req-50fb138e-59f3-44a9-9640-7c831fde931d cb1f610855384068a6241decb03d8b27 1f7630c29e9b423ca224dc2fe0512b95 - - -] creating MultipartMime "kube_minion_init" Stack "k8s-cluster-ipbpqxs2yf6s-kube_minions-53odooavs5ql-1-u55atiekxgkx" [2308dc07-8ade-4604-af36-afbe4229ec4c]
2016-11-11 09:11:06.649 24 INFO heat.engine.resource [req-50fb138e-59f3-44a9-9640-7c831fde931d cb1f610855384068a6241decb03d8b27 1f7630c29e9b423ca224dc2fe0512b95 - - -] creating FloatingIP "kube_minion_floating" Stack "k8s-cluster-ipbpqxs2yf6s-kube_minions-53odooavs5ql-4-bfdlhkrtzyhc" [8a28bc8e-2e0e-4e0f-b0ba-d254a15c26aa]
2016-11-11 09:11:06.804 22 INFO heat.engine.resource [req-50fb138e-59f3-44a9-9640-7c831fde931d cb1f610855384068a6241decb03d8b27 1f7630c29e9b423ca224dc2fe0512b95 - - -] creating SoftwareConfig "write_heat_params" Stack "k8s-cluster-ipbpqxs2yf6s-kube_minions-53odooavs5ql-3-x6lbtzvh2mcx" [6299f562-7430-440d-8d40-d0450d322c86]
2016-11-11 09:11:07.208 23 INFO heat.engine.resource [req-50fb138e-59f3-44a9-9640-7c831fde931d cb1f610855384068a6241decb03d8b27 1f7630c29e9b423ca224dc2fe0512b95 - - -] creating Server "kube-minion" Stack "k8s-cluster-ipbpqxs2yf6s-kube_minions-53odooavs5ql-1-u55atiekxgkx" [2308dc07-8ade-4604-af36-afbe4229ec4c]
2016-11-11 09:11:07.250 24 INFO heat.engine.resource [req-50fb138e-59f3-44a9-9640-7c831fde931d cb1f610855384068a6241decb03d8b27 1f7630c29e9b423ca224dc2fe0512b95 - - -] creating SoftwareConfig "minion_wc_notify" Stack "k8s-cluster-ipbpqxs2yf6s-kube_minions-53odooavs5ql-4-bfdlhkrtzyhc" [8a28bc8e-2e0e-4e0f-b0ba-d254a15c26aa]
2016-11-11 09:11:07.401 25 INFO heat.engine.resource [req-50fb138e-59f3-44a9-9640-7c831fde931d cb1f610855384068a6241decb03d8b27 1f7630c29e9b423ca224dc2fe0512b95 - - -] creating MultipartMime "kube_minion_init" Stack "k8s-cluster-ipbpqxs2yf6s-kube_minions-53odooavs5ql-3-x6lbtzvh2mcx" [6299f562-7430-440d-8d40-d0450d322c86]
2016-11-11 09:11:07.495 24 INFO heat.engine.stack [req-50fb138e-59f3-44a9-9640-7c831fde931d cb1f610855384068a6241decb03d8b27 1f7630c29e9b423ca224dc2fe0512b95 - - -] [k8s-cluster-ipbpqxs2yf6s-kube_minions-53odooavs5ql-0-rg5qhbji4mfy(64e4dfe5-a69a-4a45-9489-e2444a02dbd5)] update traversal a3718457-ac08-45c6-8bf4-21c49ecd03af complete
2016-11-11 09:11:07.513 24 INFO heat.engine.stack [req-50fb138e-59f3-44a9-9640-7c831fde931d cb1f610855384068a6241decb03d8b27 1f7630c29e9b423ca224dc2fe0512b95 - - -] Stack UPDATE COMPLETE (k8s-cluster-ipbpqxs2yf6s-kube_minions-53odooavs5ql-0-rg5qhbji4mfy): Stack UPDATE completed successfully
2016-11-11 09:11:07.859 24 INFO heat.engine.resource [req-50fb138e-59f3-44a9-9640-7c831fde931d cb1f610855384068a6241decb03d8b27 1f7630c29e9b423ca224dc2fe0512b95 - - -] creating Server "kube-minion" Stack "k8s-cluster-ipbpqxs2yf6s-kube_minions-53odooavs5ql-3-x6lbtzvh2mcx" [6299f562-7430-440d-8d40-d0450d322c86]
2016-11-11 09:11:08.161 22 INFO heat.engine.resource [req-50fb138e-59f3-44a9-9640-7c831fde931d cb1f610855384068a6241decb03d8b27 1f7630c29e9b423ca224dc2fe0512b95 - - -] creating SoftwareConfig "write_heat_params" Stack "k8s-cluster-ipbpqxs2yf6s-kube_minions-53odooavs5ql-2-p6zyg2vdnsrf" [489976b9-425b-498a-b74f-f81b1273820a]
2016-11-11 09:11:08.247 21 INFO heat.engine.resource [req-50fb138e-59f3-44a9-9640-7c831fde931d cb1f610855384068a6241decb03d8b27 1f7630c29e9b423ca224dc2fe0512b95 - - -] creating SoftwareConfig "write_heat_params" Stack "k8s-cluster-ipbpqxs2yf6s-kube_minions-53odooavs5ql-4-bfdlhkrtzyhc" [8a28bc8e-2e0e-4e0f-b0ba-d254a15c26aa]
2016-11-11 09:11:08.428 25 INFO heat.engine.resource [req-50fb138e-59f3-44a9-9640-7c831fde931d cb1f610855384068a6241decb03d8b27 1f7630c29e9b423ca224dc2fe0512b95 - - -] creating MultipartMime "kube_minion_init" Stack "k8s-cluster-ipbpqxs2yf6s-kube_minions-53odooavs5ql-4-bfdlhkrtzyhc" [8a28bc8e-2e0e-4e0f-b0ba-d254a15c26aa]
2016-11-11 09:11:08.455 24 INFO heat.engine.resource [req-50fb138e-59f3-44a9-9640-7c831fde931d cb1f610855384068a6241decb03d8b27 1f7630c29e9b423ca224dc2fe0512b95 - - -] creating MultipartMime "kube_minion_init" Stack "k8s-cluster-ipbpqxs2yf6s-kube_minions-53odooavs5ql-2-p6zyg2vdnsrf" [489976b9-425b-498a-b74f-f81b1273820a]
2016-11-11 09:11:08.781 23 INFO heat.engine.resource [req-50fb138e-59f3-44a9-9640-7c831fde931d cb1f610855384068a6241decb03d8b27 1f7630c29e9b423ca224dc2fe0512b95 - - -] creating Server "kube-minion" Stack "k8s-cluster-ipbpqxs2yf6s-kube_minions-53odooavs5ql-4-bfdlhkrtzyhc" [8a28bc8e-2e0e-4e0f-b0ba-d254a15c26aa]
2016-11-11 09:11:08.893 22 INFO heat.engine.resource [req-50fb138e-59f3-44a9-9640-7c831fde931d cb1f610855384068a6241decb03d8b27 1f7630c29e9b423ca224dc2fe0512b95 - - -] creating Server "kube-minion" Stack "k8s-cluster-ipbpqxs2yf6s-kube_minions-53odooavs5ql-2-p6zyg2vdnsrf" [489976b9-425b-498a-b74f-f81b1273820a]
2016-11-11 09:11:21.790 25 INFO heat.engine.resource [req-50fb138e-59f3-44a9-9640-7c831fde931d cb1f610855384068a6241decb03d8b27 1f7630c29e9b423ca224dc2fe0512b95 - - -] creating HeatWaitCondition "minion_wait_condition" Stack "k8s-cluster-ipbpqxs2yf6s-kube_minions-53odooavs5ql-2-p6zyg2vdnsrf" [489976b9-425b-498a-b74f-f81b1273820a]
2016-11-11 09:11:21.858 21 INFO heat.engine.resource [req-50fb138e-59f3-44a9-9640-7c831fde931d cb1f610855384068a6241decb03d8b27 1f7630c29e9b423ca224dc2fe0512b95 - - -] creating CinderVolumeAttachment "docker_volume_attach" Stack "k8s-cluster-ipbpqxs2yf6s-kube_minions-53odooavs5ql-2-p6zyg2vdnsrf" [489976b9-425b-498a-b74f-f81b1273820a]
2016-11-11 09:11:22.647 23 INFO heat.engine.resource [req-50fb138e-59f3-44a9-9640-7c831fde931d cb1f610855384068a6241decb03d8b27 1f7630c29e9b423ca224dc2fe0512b95 - - -] creating HeatWaitCondition "minion_wait_condition" Stack "k8s-cluster-ipbpqxs2yf6s-kube_minions-53odooavs5ql-4-bfdlhkrtzyhc" [8a28bc8e-2e0e-4e0f-b0ba-d254a15c26aa]
2016-11-11 09:11:22.669 24 INFO heat.engine.resource [req-50fb138e-59f3-44a9-9640-7c831fde931d cb1f610855384068a6241decb03d8b27 1f7630c29e9b423ca224dc2fe0512b95 - - -] creating CinderVolumeAttachment "docker_volume_attach" Stack "k8s-cluster-ipbpqxs2yf6s-kube_minions-53odooavs5ql-4-bfdlhkrtzyhc" [8a28bc8e-2e0e-4e0f-b0ba-d254a15c26aa]
2016-11-11 09:11:29.256 21 INFO heat.engine.clients.os.cinder [req-50fb138e-59f3-44a9-9640-7c831fde931d cb1f610855384068a6241decb03d8b27 1f7630c29e9b423ca224dc2fe0512b95 - - -] Attaching volume 355ef6f7-4ee0-4f5a-8e36-d7bf89774119 complete
2016-11-11 09:11:29.951 24 INFO heat.engine.clients.os.cinder [req-50fb138e-59f3-44a9-9640-7c831fde931d cb1f610855384068a6241decb03d8b27 1f7630c29e9b423ca224dc2fe0512b95 - - -] Attaching volume 6526ebb0-b12e-4dac-adf5-0b15bd7632e8 complete
2016-11-11 09:11:40.739 22 INFO heat.engine.resource [req-50fb138e-59f3-44a9-9640-7c831fde931d cb1f610855384068a6241decb03d8b27 1f7630c29e9b423ca224dc2fe0512b95 - - -] creating CinderVolumeAttachment "docker_volume_attach" Stack "k8s-cluster-ipbpqxs2yf6s-kube_minions-53odooavs5ql-3-x6lbtzvh2mcx" [6299f562-7430-440d-8d40-d0450d322c86]
2016-11-11 09:11:40.877 21 INFO heat.engine.resource [req-50fb138e-59f3-44a9-9640-7c831fde931d cb1f610855384068a6241decb03d8b27 1f7630c29e9b423ca224dc2fe0512b95 - - -] creating HeatWaitCondition "minion_wait_condition" Stack "k8s-cluster-ipbpqxs2yf6s-kube_minions-53odooavs5ql-3-x6lbtzvh2mcx" [6299f562-7430-440d-8d40-d0450d322c86]
2016-11-11 09:11:42.876 25 INFO heat.engine.resource [req-50fb138e-59f3-44a9-9640-7c831fde931d cb1f610855384068a6241decb03d8b27 1f7630c29e9b423ca224dc2fe0512b95 - - -] creating CinderVolumeAttachment "docker_volume_attach" Stack "k8s-cluster-ipbpqxs2yf6s-kube_minions-53odooavs5ql-1-u55atiekxgkx" [2308dc07-8ade-4604-af36-afbe4229ec4c]
2016-11-11 09:11:42.887 24 INFO heat.engine.resource [req-50fb138e-59f3-44a9-9640-7c831fde931d cb1f610855384068a6241decb03d8b27 1f7630c29e9b423ca224dc2fe0512b95 - - -] creating HeatWaitCondition "minion_wait_condition" Stack "k8s-cluster-ipbpqxs2yf6s-kube_minions-53odooavs5ql-1-u55atiekxgkx" [2308dc07-8ade-4604-af36-afbe4229ec4c]
2016-11-11 09:11:43.317 25 INFO heat.engine.resources.openstack.heat.wait_condition [req-50fb138e-59f3-44a9-9640-7c831fde931d cb1f610855384068a6241decb03d8b27 1f7630c29e9b423ca224dc2fe0512b95 - - -] HeatWaitCondition "minion_wait_condition" Stack "k8s-cluster-ipbpqxs2yf6s-kube_minions-53odooavs5ql-2-p6zyg2vdnsrf" [489976b9-425b-498a-b74f-f81b1273820a] Succeeded
2016-11-11 09:11:43.361 25 INFO heat.engine.stack [req-50fb138e-59f3-44a9-9640-7c831fde931d cb1f610855384068a6241decb03d8b27 1f7630c29e9b423ca224dc2fe0512b95 - - -] [k8s-cluster-ipbpqxs2yf6s-kube_minions-53odooavs5ql-2-p6zyg2vdnsrf(489976b9-425b-498a-b74f-f81b1273820a)] update traversal 86acbc06-974b-45d5-be86-9facdac1200d complete
2016-11-11 09:11:43.382 25 INFO heat.engine.stack [req-50fb138e-59f3-44a9-9640-7c831fde931d cb1f610855384068a6241decb03d8b27 1f7630c29e9b423ca224dc2fe0512b95 - - -] Stack CREATE COMPLETE (k8s-cluster-ipbpqxs2yf6s-kube_minions-53odooavs5ql-2-p6zyg2vdnsrf): Stack CREATE completed successfully
2016-11-11 09:11:44.179 23 INFO heat.engine.resources.openstack.heat.wait_condition [req-50fb138e-59f3-44a9-9640-7c831fde931d cb1f610855384068a6241decb03d8b27 1f7630c29e9b423ca224dc2fe0512b95 - - -] HeatWaitCondition "minion_wait_condition" Stack "k8s-cluster-ipbpqxs2yf6s-kube_minions-53odooavs5ql-4-bfdlhkrtzyhc" [8a28bc8e-2e0e-4e0f-b0ba-d254a15c26aa] Succeeded
2016-11-11 09:11:44.225 23 INFO heat.engine.stack [req-50fb138e-59f3-44a9-9640-7c831fde931d cb1f610855384068a6241decb03d8b27 1f7630c29e9b423ca224dc2fe0512b95 - - -] [k8s-cluster-ipbpqxs2yf6s-kube_minions-53odooavs5ql-4-bfdlhkrtzyhc(8a28bc8e-2e0e-4e0f-b0ba-d254a15c26aa)] update traversal 99d18229-9c36-46e0-90bd-e54ee09a0db4 complete
2016-11-11 09:11:44.248 23 INFO heat.engine.stack [req-50fb138e-59f3-44a9-9640-7c831fde931d cb1f610855384068a6241decb03d8b27 1f7630c29e9b423ca224dc2fe0512b95 - - -] Stack CREATE COMPLETE (k8s-cluster-ipbpqxs2yf6s-kube_minions-53odooavs5ql-4-bfdlhkrtzyhc): Stack CREATE completed successfully
2016-11-11 09:11:48.183 22 INFO heat.engine.clients.os.cinder [req-50fb138e-59f3-44a9-9640-7c831fde931d cb1f610855384068a6241decb03d8b27 1f7630c29e9b423ca224dc2fe0512b95 - - -] Attaching volume 25b268d8-57c3-443b-8fd4-c0ce1d96c548 complete
2016-11-11 09:11:51.270 25 INFO heat.engine.clients.os.cinder [req-50fb138e-59f3-44a9-9640-7c831fde931d cb1f610855384068a6241decb03d8b27 1f7630c29e9b423ca224dc2fe0512b95 - - -] Attaching volume f258fc19-0f38-48da-8ef7-9a2702fbee0e complete
2016-11-11 09:12:03.428 21 INFO heat.engine.resources.openstack.heat.wait_condition [req-50fb138e-59f3-44a9-9640-7c831fde931d cb1f610855384068a6241decb03d8b27 1f7630c29e9b423ca224dc2fe0512b95 - - -] HeatWaitCondition "minion_wait_condition" Stack "k8s-cluster-ipbpqxs2yf6s-kube_minions-53odooavs5ql-3-x6lbtzvh2mcx" [6299f562-7430-440d-8d40-d0450d322c86] Succeeded
2016-11-11 09:12:03.470 21 INFO heat.engine.stack [req-50fb138e-59f3-44a9-9640-7c831fde931d cb1f610855384068a6241decb03d8b27 1f7630c29e9b423ca224dc2fe0512b95 - - -] [k8s-cluster-ipbpqxs2yf6s-kube_minions-53odooavs5ql-3-x6lbtzvh2mcx(6299f562-7430-440d-8d40-d0450d322c86)] update traversal 98bd88e7-9cb4-4257-86cd-172b9f6fcb83 complete
2016-11-11 09:12:03.497 21 INFO heat.engine.stack [req-50fb138e-59f3-44a9-9640-7c831fde931d cb1f610855384068a6241decb03d8b27 1f7630c29e9b423ca224dc2fe0512b95 - - -] Stack CREATE COMPLETE (k8s-cluster-ipbpqxs2yf6s-kube_minions-53odooavs5ql-3-x6lbtzvh2mcx): Stack CREATE completed successfully
2016-11-11 09:12:05.327 24 INFO heat.engine.resources.openstack.heat.wait_condition [req-50fb138e-59f3-44a9-9640-7c831fde931d cb1f610855384068a6241decb03d8b27 1f7630c29e9b423ca224dc2fe0512b95 - - -] HeatWaitCondition "minion_wait_condition" Stack "k8s-cluster-ipbpqxs2yf6s-kube_minions-53odooavs5ql-1-u55atiekxgkx" [2308dc07-8ade-4604-af36-afbe4229ec4c] Succeeded
2016-11-11 09:12:05.383 24 INFO heat.engine.stack [req-50fb138e-59f3-44a9-9640-7c831fde931d cb1f610855384068a6241decb03d8b27 1f7630c29e9b423ca224dc2fe0512b95 - - -] [k8s-cluster-ipbpqxs2yf6s-kube_minions-53odooavs5ql-1-u55atiekxgkx(2308dc07-8ade-4604-af36-afbe4229ec4c)] update traversal e7dcaf7f-f1ee-43c5-b12c-57a9b03738b6 complete
2016-11-11 09:12:05.408 24 INFO heat.engine.stack [req-50fb138e-59f3-44a9-9640-7c831fde931d cb1f610855384068a6241decb03d8b27 1f7630c29e9b423ca224dc2fe0512b95 - - -] Stack CREATE COMPLETE (k8s-cluster-ipbpqxs2yf6s-kube_minions-53odooavs5ql-1-u55atiekxgkx): Stack CREATE completed successfully
2016-11-11 09:12:06.510 25 INFO heat.engine.stack [req-50fb138e-59f3-44a9-9640-7c831fde931d cb1f610855384068a6241decb03d8b27 1f7630c29e9b423ca224dc2fe0512b95 - - -] [k8s-cluster-ipbpqxs2yf6s-kube_minions-53odooavs5ql(ad46d27a-a8a7-432f-b09d-8d48f2b6a45a)] update traversal 4cebca51-d1d9-459e-b885-06259ccf7edb complete
2016-11-11 09:12:06.528 25 INFO heat.engine.stack [req-50fb138e-59f3-44a9-9640-7c831fde931d cb1f610855384068a6241decb03d8b27 1f7630c29e9b423ca224dc2fe0512b95 - - -] Stack UPDATE COMPLETE (k8s-cluster-ipbpqxs2yf6s-kube_minions-53odooavs5ql): Stack UPDATE completed successfully
2016-11-11 09:12:08.450 21 INFO heat.engine.stack [req-50fb138e-59f3-44a9-9640-7c831fde931d cb1f610855384068a6241decb03d8b27 1f7630c29e9b423ca224dc2fe0512b95 - - -] [k8s-cluster-ipbpqxs2yf6s(3062b14e-1268-43ab-841d-492ee44a2f4c)] update traversal 7e1e3830-0bd6-4389-bdb3-b68e0faa17c5 complete
2016-11-11 09:12:08.489 21 INFO heat.engine.stack [req-50fb138e-59f3-44a9-9640-7c831fde931d cb1f610855384068a6241decb03d8b27 1f7630c29e9b423ca224dc2fe0512b95 - - -] Stack UPDATE COMPLETE (k8s-cluster-ipbpqxs2yf6s): Stack UPDATE completed successfully
2016-11-11 09:13:52.929 25 INFO heat.engine.service [req-63b177c3-cbc9-40b3-ad4d-26d4d2fb8f76 cb1f610855384068a6241decb03d8b27 1f7630c29e9b423ca224dc2fe0512b95 - - -] Updating stack k8s-cluster-ipbpqxs2yf6s
2016-11-11 09:13:53.028 25 INFO heat.engine.resource [req-63b177c3-cbc9-40b3-ad4d-26d4d2fb8f76 cb1f610855384068a6241decb03d8b27 1f7630c29e9b423ca224dc2fe0512b95 - - -] Validating SecurityGroup "secgroup_kube_master"
2016-11-11 09:13:53.031 25 INFO heat.engine.resource [req-63b177c3-cbc9-40b3-ad4d-26d4d2fb8f76 cb1f610855384068a6241decb03d8b27 1f7630c29e9b423ca224dc2fe0512b95 - - -] Validating SecurityGroup "secgroup_kube_minion"
2016-11-11 09:13:53.033 25 INFO heat.engine.resource [req-63b177c3-cbc9-40b3-ad4d-26d4d2fb8f76 cb1f610855384068a6241decb03d8b27 1f7630c29e9b423ca224dc2fe0512b95 - - -] Validating SecurityGroup "secgroup_base"
2016-11-11 09:13:53.034 25 INFO heat.engine.resource [req-63b177c3-cbc9-40b3-ad4d-26d4d2fb8f76 cb1f610855384068a6241decb03d8b27 1f7630c29e9b423ca224dc2fe0512b95 - - -] Validating Router "extrouter"
2016-11-11 09:13:53.035 25 INFO heat.engine.resource [req-63b177c3-cbc9-40b3-ad4d-26d4d2fb8f76 cb1f610855384068a6241decb03d8b27 1f7630c29e9b423ca224dc2fe0512b95 - - -] Validating Net "fixed_network"
2016-11-11 09:13:53.036 25 INFO heat.engine.resource [req-63b177c3-cbc9-40b3-ad4d-26d4d2fb8f76 cb1f610855384068a6241decb03d8b27 1f7630c29e9b423ca224dc2fe0512b95 - - -] Validating Subnet "fixed_subnet"
2016-11-11 09:13:53.037 25 INFO heat.engine.resource [req-63b177c3-cbc9-40b3-ad4d-26d4d2fb8f76 cb1f610855384068a6241decb03d8b27 1f7630c29e9b423ca224dc2fe0512b95 - - -] Validating RouterInterface "extrouter_inside"
2016-11-11 09:13:53.038 25 INFO heat.engine.resource [req-63b177c3-cbc9-40b3-ad4d-26d4d2fb8f76 cb1f610855384068a6241decb03d8b27 1f7630c29e9b423ca224dc2fe0512b95 - - -] Validating ResourceGroup "kube_masters"
2016-11-11 09:13:53.047 25 INFO heat.engine.resource [req-63b177c3-cbc9-40b3-ad4d-26d4d2fb8f76 cb1f610855384068a6241decb03d8b27 1f7630c29e9b423ca224dc2fe0512b95 - - -] Validating TemplateResource "0"
2016-11-11 09:13:53.091 25 INFO heat.engine.resource [req-63b177c3-cbc9-40b3-ad4d-26d4d2fb8f76 cb1f610855384068a6241decb03d8b27 1f7630c29e9b423ca224dc2fe0512b95 - - -] Validating SoftwareConfig "disable_selinux"
2016-11-11 09:13:53.092 25 INFO heat.engine.resource [req-63b177c3-cbc9-40b3-ad4d-26d4d2fb8f76 cb1f610855384068a6241decb03d8b27 1f7630c29e9b423ca224dc2fe0512b95 - - -] Validating SoftwareConfig "enable_kube_proxy"
2016-11-11 09:13:53.093 25 INFO heat.engine.resource [req-63b177c3-cbc9-40b3-ad4d-26d4d2fb8f76 cb1f610855384068a6241decb03d8b27 1f7630c29e9b423ca224dc2fe0512b95 - - -] Validating SoftwareConfig "network_service"
2016-11-11 09:13:53.094 25 INFO heat.engine.resource [req-63b177c3-cbc9-40b3-ad4d-26d4d2fb8f76 cb1f610855384068a6241decb03d8b27 1f7630c29e9b423ca224dc2fe0512b95 - - -] Validating SoftwareConfig "write_network_config"
2016-11-11 09:13:53.094 25 INFO heat.engine.resource [req-63b177c3-cbc9-40b3-ad4d-26d4d2fb8f76 cb1f610855384068a6241decb03d8b27 1f7630c29e9b423ca224dc2fe0512b95 - - -] Validating SoftwareConfig "configure_etcd"
2016-11-11 09:13:53.095 25 INFO heat.engine.resource [req-63b177c3-cbc9-40b3-ad4d-26d4d2fb8f76 cb1f610855384068a6241decb03d8b27 1f7630c29e9b423ca224dc2fe0512b95 - - -] Validating SoftwareConfig "configure_docker_storage"
2016-11-11 09:13:53.096 25 INFO heat.engine.resource [req-63b177c3-cbc9-40b3-ad4d-26d4d2fb8f76 cb1f610855384068a6241decb03d8b27 1f7630c29e9b423ca224dc2fe0512b95 - - -] Validating SoftwareConfig "write_kube_os_config"
2016-11-11 09:13:53.097 25 INFO heat.engine.resource [req-63b177c3-cbc9-40b3-ad4d-26d4d2fb8f76 cb1f610855384068a6241decb03d8b27 1f7630c29e9b423ca224dc2fe0512b95 - - -] Validating SoftwareConfig "add_proxy"
2016-11-11 09:13:53.097 25 INFO heat.engine.resource [req-63b177c3-cbc9-40b3-ad4d-26d4d2fb8f76 cb1f610855384068a6241decb03d8b27 1f7630c29e9b423ca224dc2fe0512b95 - - -] Validating SoftwareConfig "kube_ui_service"
2016-11-11 09:13:53.098 25 INFO heat.engine.resource [req-63b177c3-cbc9-40b3-ad4d-26d4d2fb8f76 cb1f610855384068a6241decb03d8b27 1f7630c29e9b423ca224dc2fe0512b95 - - -] Validating SoftwareConfig "configure_kubernetes"
2016-11-11 09:13:53.099 25 INFO heat.engine.resource [req-63b177c3-cbc9-40b3-ad4d-26d4d2fb8f76 cb1f610855384068a6241decb03d8b27 1f7630c29e9b423ca224dc2fe0512b95 - - -] Validating SoftwareConfig "kube_examples"
2016-11-11 09:13:53.100 25 INFO heat.engine.resource [req-63b177c3-cbc9-40b3-ad4d-26d4d2fb8f76 cb1f610855384068a6241decb03d8b27 1f7630c29e9b423ca224dc2fe0512b95 - - -] Validating SoftwareConfig "network_config_service"
2016-11-11 09:13:53.100 25 INFO heat.engine.resource [req-63b177c3-cbc9-40b3-ad4d-26d4d2fb8f76 cb1f610855384068a6241decb03d8b27 1f7630c29e9b423ca224dc2fe0512b95 - - -] Validating SoftwareConfig "make_cert"
2016-11-11 09:13:53.101 25 INFO heat.engine.resource [req-63b177c3-cbc9-40b3-ad4d-26d4d2fb8f76 cb1f610855384068a6241decb03d8b27 1f7630c29e9b423ca224dc2fe0512b95 - - -] Validating SoftwareConfig "kube_system_namespace_service"
2016-11-11 09:13:53.102 25 INFO heat.engine.resource [req-63b177c3-cbc9-40b3-ad4d-26d4d2fb8f76 cb1f610855384068a6241decb03d8b27 1f7630c29e9b423ca224dc2fe0512b95 - - -] Validating SoftwareConfig "enable_kube_podmaster"
2016-11-11 09:13:53.103 25 INFO heat.engine.resource [req-63b177c3-cbc9-40b3-ad4d-26d4d2fb8f76 cb1f610855384068a6241decb03d8b27 1f7630c29e9b423ca224dc2fe0512b95 - - -] Validating Port "kube_master_eth0"
2016-11-11 09:13:53.103 25 INFO heat.engine.resource [req-63b177c3-cbc9-40b3-ad4d-26d4d2fb8f76 cb1f610855384068a6241decb03d8b27 1f7630c29e9b423ca224dc2fe0512b95 - - -] Validating FloatingIP "kube_master_floating"
2016-11-11 09:13:53.104 25 INFO heat.engine.resource [req-63b177c3-cbc9-40b3-ad4d-26d4d2fb8f76 cb1f610855384068a6241decb03d8b27 1f7630c29e9b423ca224dc2fe0512b95 - - -] Validating TemplateResource "api_address_switch"
2016-11-11 09:13:53.231 25 INFO heat.engine.resource [req-63b177c3-cbc9-40b3-ad4d-26d4d2fb8f76 cb1f610855384068a6241decb03d8b27 1f7630c29e9b423ca224dc2fe0512b95 - - -] Validating CinderVolume "docker_volume"
2016-11-11 09:13:53.232 25 INFO heat.engine.resource [req-63b177c3-cbc9-40b3-ad4d-26d4d2fb8f76 cb1f610855384068a6241decb03d8b27 1f7630c29e9b423ca224dc2fe0512b95 - - -] Validating HeatWaitConditionHandle "master_wait_handle"
2016-11-11 09:13:53.233 25 INFO heat.engine.resource [req-63b177c3-cbc9-40b3-ad4d-26d4d2fb8f76 cb1f610855384068a6241decb03d8b27 1f7630c29e9b423ca224dc2fe0512b95 - - -] Validating SoftwareConfig "write_heat_params"
2016-11-11 09:13:53.234 25 INFO heat.engine.resource [req-63b177c3-cbc9-40b3-ad4d-26d4d2fb8f76 cb1f610855384068a6241decb03d8b27 1f7630c29e9b423ca224dc2fe0512b95 - - -] Validating SoftwareConfig "master_wc_notify"
2016-11-11 09:13:53.235 25 INFO heat.engine.resource [req-63b177c3-cbc9-40b3-ad4d-26d4d2fb8f76 cb1f610855384068a6241decb03d8b27 1f7630c29e9b423ca224dc2fe0512b95 - - -] Validating SoftwareConfig "enable_services"
2016-11-11 09:13:53.236 25 INFO heat.engine.resource [req-63b177c3-cbc9-40b3-ad4d-26d4d2fb8f76 cb1f610855384068a6241decb03d8b27 1f7630c29e9b423ca224dc2fe0512b95 - - -] Validating MultipartMime "kube_master_init"
2016-11-11 09:13:53.237 25 INFO heat.engine.resource [req-63b177c3-cbc9-40b3-ad4d-26d4d2fb8f76 cb1f610855384068a6241decb03d8b27 1f7630c29e9b423ca224dc2fe0512b95 - - -] Validating Server "kube_master"
2016-11-11 09:13:53.698 25 INFO heat.engine.resource [req-63b177c3-cbc9-40b3-ad4d-26d4d2fb8f76 cb1f610855384068a6241decb03d8b27 1f7630c29e9b423ca224dc2fe0512b95 - - -] Validating HeatWaitCondition "master_wait_condition"
2016-11-11 09:13:53.699 25 INFO heat.engine.resource [req-63b177c3-cbc9-40b3-ad4d-26d4d2fb8f76 cb1f610855384068a6241decb03d8b27 1f7630c29e9b423ca224dc2fe0512b95 - - -] Validating CinderVolumeAttachment "docker_volume_attach"
2016-11-11 09:13:53.702 25 INFO heat.engine.resource [req-63b177c3-cbc9-40b3-ad4d-26d4d2fb8f76 cb1f610855384068a6241decb03d8b27 1f7630c29e9b423ca224dc2fe0512b95 - - -] Validating TemplateResource "etcd_address_lb_switch"
2016-11-11 09:13:53.707 25 INFO heat.engine.resource [req-63b177c3-cbc9-40b3-ad4d-26d4d2fb8f76 cb1f610855384068a6241decb03d8b27 1f7630c29e9b423ca224dc2fe0512b95 - - -] Validating TemplateResource "api_address_lb_switch"
2016-11-11 09:13:53.712 25 INFO heat.engine.resource [req-63b177c3-cbc9-40b3-ad4d-26d4d2fb8f76 cb1f610855384068a6241decb03d8b27 1f7630c29e9b423ca224dc2fe0512b95 - - -] Validating TemplateResource "api_address_floating_switch"
2016-11-11 09:13:53.717 25 INFO heat.engine.resource [req-63b177c3-cbc9-40b3-ad4d-26d4d2fb8f76 cb1f610855384068a6241decb03d8b27 1f7630c29e9b423ca224dc2fe0512b95 - - -] Validating ResourceGroup "kube_minions"
2016-11-11 09:13:53.729 25 INFO heat.engine.resource [req-63b177c3-cbc9-40b3-ad4d-26d4d2fb8f76 cb1f610855384068a6241decb03d8b27 1f7630c29e9b423ca224dc2fe0512b95 - - -] Validating TemplateResource "0"
2016-11-11 09:13:53.768 25 INFO heat.engine.resource [req-63b177c3-cbc9-40b3-ad4d-26d4d2fb8f76 cb1f610855384068a6241decb03d8b27 1f7630c29e9b423ca224dc2fe0512b95 - - -] Validating SoftwareConfig "write_kubeconfig"
2016-11-11 09:13:53.769 25 INFO heat.engine.resource [req-63b177c3-cbc9-40b3-ad4d-26d4d2fb8f76 cb1f610855384068a6241decb03d8b27 1f7630c29e9b423ca224dc2fe0512b95 - - -] Validating SoftwareConfig "kube_examples"
2016-11-11 09:13:53.770 25 INFO heat.engine.resource [req-63b177c3-cbc9-40b3-ad4d-26d4d2fb8f76 cb1f610855384068a6241decb03d8b27 1f7630c29e9b423ca224dc2fe0512b95 - - -] Validating SoftwareConfig "enable_services"
2016-11-11 09:13:53.771 25 INFO heat.engine.resource [req-63b177c3-cbc9-40b3-ad4d-26d4d2fb8f76 cb1f610855384068a6241decb03d8b27 1f7630c29e9b423ca224dc2fe0512b95 - - -] Validating Port "kube_minion_eth0"
2016-11-11 09:13:53.772 25 INFO heat.engine.resource [req-63b177c3-cbc9-40b3-ad4d-26d4d2fb8f76 cb1f610855384068a6241decb03d8b27 1f7630c29e9b423ca224dc2fe0512b95 - - -] Validating FloatingIP "kube_minion_floating"
2016-11-11 09:13:53.773 25 INFO heat.engine.resource [req-63b177c3-cbc9-40b3-ad4d-26d4d2fb8f76 cb1f610855384068a6241decb03d8b27 1f7630c29e9b423ca224dc2fe0512b95 - - -] Validating SoftwareConfig "disable_selinux"
2016-11-11 09:13:53.773 25 INFO heat.engine.resource [req-63b177c3-cbc9-40b3-ad4d-26d4d2fb8f76 cb1f610855384068a6241decb03d8b27 1f7630c29e9b423ca224dc2fe0512b95 - - -] Validating SoftwareConfig "enable_docker_registry"
2016-11-11 09:13:53.774 25 INFO heat.engine.resource [req-63b177c3-cbc9-40b3-ad4d-26d4d2fb8f76 cb1f610855384068a6241decb03d8b27 1f7630c29e9b423ca224dc2fe0512b95 - - -] Validating SoftwareConfig "configure_docker_storage"
2016-11-11 09:13:53.775 25 INFO heat.engine.resource [req-63b177c3-cbc9-40b3-ad4d-26d4d2fb8f76 cb1f610855384068a6241decb03d8b27 1f7630c29e9b423ca224dc2fe0512b95 - - -] Validating SoftwareConfig "add_proxy"
2016-11-11 09:13:53.776 25 INFO heat.engine.resource [req-63b177c3-cbc9-40b3-ad4d-26d4d2fb8f76 cb1f610855384068a6241decb03d8b27 1f7630c29e9b423ca224dc2fe0512b95 - - -] Validating SoftwareConfig "make_cert"
2016-11-11 09:13:53.777 25 INFO heat.engine.resource [req-63b177c3-cbc9-40b3-ad4d-26d4d2fb8f76 cb1f610855384068a6241decb03d8b27 1f7630c29e9b423ca224dc2fe0512b95 - - -] Validating SoftwareConfig "network_service"
2016-11-11 09:13:53.777 25 INFO heat.engine.resource [req-63b177c3-cbc9-40b3-ad4d-26d4d2fb8f76 cb1f610855384068a6241decb03d8b27 1f7630c29e9b423ca224dc2fe0512b95 - - -] Validating SoftwareConfig "enable_kube_proxy"
2016-11-11 09:13:53.778 25 INFO heat.engine.resource [req-63b177c3-cbc9-40b3-ad4d-26d4d2fb8f76 cb1f610855384068a6241decb03d8b27 1f7630c29e9b423ca224dc2fe0512b95 - - -] Validating SoftwareConfig "configure_docker_registry"
2016-11-11 09:13:53.779 25 INFO heat.engine.resource [req-63b177c3-cbc9-40b3-ad4d-26d4d2fb8f76 cb1f610855384068a6241decb03d8b27 1f7630c29e9b423ca224dc2fe0512b95 - - -] Validating HeatWaitConditionHandle "minion_wait_handle"
2016-11-11 09:13:53.780 25 INFO heat.engine.resource [req-63b177c3-cbc9-40b3-ad4d-26d4d2fb8f76 cb1f610855384068a6241decb03d8b27 1f7630c29e9b423ca224dc2fe0512b95 - - -] Validating SoftwareConfig "minion_wc_notify"
2016-11-11 09:13:53.780 25 INFO heat.engine.resource [req-63b177c3-cbc9-40b3-ad4d-26d4d2fb8f76 cb1f610855384068a6241decb03d8b27 1f7630c29e9b423ca224dc2fe0512b95 - - -] Validating SoftwareConfig "configure_kubernetes_minion"
2016-11-11 09:13:53.781 25 INFO heat.engine.resource [req-63b177c3-cbc9-40b3-ad4d-26d4d2fb8f76 cb1f610855384068a6241decb03d8b27 1f7630c29e9b423ca224dc2fe0512b95 - - -] Validating CinderVolume "docker_volume"
2016-11-11 09:13:53.782 25 INFO heat.engine.resource [req-63b177c3-cbc9-40b3-ad4d-26d4d2fb8f76 cb1f610855384068a6241decb03d8b27 1f7630c29e9b423ca224dc2fe0512b95 - - -] Validating SoftwareConfig "write_heat_params"
2016-11-11 09:13:53.783 25 INFO heat.engine.resource [req-63b177c3-cbc9-40b3-ad4d-26d4d2fb8f76 cb1f610855384068a6241decb03d8b27 1f7630c29e9b423ca224dc2fe0512b95 - - -] Validating MultipartMime "kube_minion_init"
2016-11-11 09:13:53.784 25 INFO heat.engine.resource [req-63b177c3-cbc9-40b3-ad4d-26d4d2fb8f76 cb1f610855384068a6241decb03d8b27 1f7630c29e9b423ca224dc2fe0512b95 - - -] Validating Server "kube-minion"
2016-11-11 09:13:54.074 25 INFO heat.engine.resource [req-63b177c3-cbc9-40b3-ad4d-26d4d2fb8f76 cb1f610855384068a6241decb03d8b27 1f7630c29e9b423ca224dc2fe0512b95 - - -] Validating HeatWaitCondition "minion_wait_condition"
2016-11-11 09:13:54.076 25 INFO heat.engine.resource [req-63b177c3-cbc9-40b3-ad4d-26d4d2fb8f76 cb1f610855384068a6241decb03d8b27 1f7630c29e9b423ca224dc2fe0512b95 - - -] Validating CinderVolumeAttachment "docker_volume_attach"
2016-11-11 09:13:54.148 25 INFO heat.engine.stack [req-63b177c3-cbc9-40b3-ad4d-26d4d2fb8f76 cb1f610855384068a6241decb03d8b27 1f7630c29e9b423ca224dc2fe0512b95 - - -] Stack UPDATE IN_PROGRESS (k8s-cluster-ipbpqxs2yf6s): Stack UPDATE started
2016-11-11 09:13:54.320 25 INFO heat.engine.stack [req-63b177c3-cbc9-40b3-ad4d-26d4d2fb8f76 cb1f610855384068a6241decb03d8b27 1f7630c29e9b423ca224dc2fe0512b95 - - -] convergence_dependencies: (Dependencies([((75, False), (75, True)), ((75, True), (76, True)), ((75, True), (77, True)), ((75, True), (81, True)), ((75, True), (91, True)), ((75, True), (93, True)), ((75, True), (94, True)), ((76, False), (75, False)), ((76, False), (76, True)), ((76, True), (82, True)), ((76, True), (90, True)), ((77, False), (75, False)), ((77, False), (77, True)), ((78, False), (78, True)), ((78, True), (85, True)), ((79, False), (79, True)), ((79, True), (84, True)), ((80, False), (80, True)), ((80, True), (81, True)), ((81, False), (75, False)), ((81, False), (80, False)), ((81, False), (81, True)), ((81, True), (82, True)), ((81, True), (88, True)), ((81, True), (92, True)), ((82, False), (76, False)), ((82, False), (81, False)), ((82, False), (82, True)), ((82, True), (83, True)), ((82, True), (84, True)), ((82, True), (85, True)), ((82, True), (87, True)), ((82, True), (88, True)), ((82, True), (91, True)), ((82, True), (92, True)), ((82, True), (93, True)), ((82, True), (94, True)), ((83, False), (82, False)), ((83, False), (83, True)), ((84, False), (79, False)), ((84, False), (82, False)), ((84, False), (84, True)), ((84, True), (89, True)), ((85, False), (78, False)), ((85, False), (82, False)), ((85, False), (85, True)), ((85, True), (86, True)), ((86, False), (85, False)), ((86, False), (86, True)), ((86, True), (92, True)), ((87, False), (82, False)), ((87, False), (87, True)), ((88, False), (81, False)), ((88, False), (82, False)), ((88, False), (88, True)), ((88, True), (91, True)), ((88, True), (92, True)), ((89, False), (84, False)), ((89, False), (89, True)), ((89, True), (90, True)), ((90, False), (76, False)), ((90, False), (89, False)), ((90, False), (90, True)), ((90, True), (93, True)), ((91, False), (75, False)), ((91, False), (82, False)), ((91, False), (88, False)), ((91, False), (91, True)), ((91, True), (93, True)), ((91, True), (95, True)), ((92, False), (81, False)), ((92, False), (82, False)), ((92, False), (86, False)), ((92, False), (88, False)), ((92, False), (92, True)), ((92, True), (93, True)), ((93, False), (75, False)), ((93, False), (82, False)), ((93, False), (90, False)), ((93, False), (91, False)), ((93, False), (92, False)), ((93, False), (93, True)), ((93, True), (94, True)), ((94, False), (75, False)), ((94, False), (82, False)), ((94, False), (93, False)), ((94, False), (94, True)), ((95, False), (91, False)), ((95, False), (95, True))]),)
2016-11-11 09:13:54.502 25 INFO heat.engine.stack [req-63b177c3-cbc9-40b3-ad4d-26d4d2fb8f76 cb1f610855384068a6241decb03d8b27 1f7630c29e9b423ca224dc2fe0512b95 - - -] Triggering resource 94 for update
2016-11-11 09:13:54.505 25 INFO heat.engine.stack [req-63b177c3-cbc9-40b3-ad4d-26d4d2fb8f76 cb1f610855384068a6241decb03d8b27 1f7630c29e9b423ca224dc2fe0512b95 - - -] Triggering resource 87 for update
2016-11-11 09:13:54.512 25 INFO heat.engine.stack [req-63b177c3-cbc9-40b3-ad4d-26d4d2fb8f76 cb1f610855384068a6241decb03d8b27 1f7630c29e9b423ca224dc2fe0512b95 - - -] Triggering resource 77 for update
2016-11-11 09:13:54.516 25 INFO heat.engine.stack [req-63b177c3-cbc9-40b3-ad4d-26d4d2fb8f76 cb1f610855384068a6241decb03d8b27 1f7630c29e9b423ca224dc2fe0512b95 - - -] Triggering resource 83 for update
2016-11-11 09:13:54.520 25 INFO heat.engine.stack [req-63b177c3-cbc9-40b3-ad4d-26d4d2fb8f76 cb1f610855384068a6241decb03d8b27 1f7630c29e9b423ca224dc2fe0512b95 - - -] Triggering resource 95 for update
2016-11-11 09:13:55.518 24 INFO heat.engine.resource [req-63b177c3-cbc9-40b3-ad4d-26d4d2fb8f76 cb1f610855384068a6241decb03d8b27 1f7630c29e9b423ca224dc2fe0512b95 - - -] updating ResourceGroup "kube_masters" [6428e6f8-6573-4b51-b932-3e1bcf1ea3e7] Stack "k8s-cluster-ipbpqxs2yf6s" [3062b14e-1268-43ab-841d-492ee44a2f4c]
2016-11-11 09:13:55.683 22 INFO heat.engine.service [req-63b177c3-cbc9-40b3-ad4d-26d4d2fb8f76 cb1f610855384068a6241decb03d8b27 1f7630c29e9b423ca224dc2fe0512b95 - - -] Updating stack k8s-cluster-ipbpqxs2yf6s-kube_masters-l2tddppqj6g6
2016-11-11 09:13:55.723 22 INFO heat.engine.resource [req-5f2aa081-b3de-40a5-834d-da94542e6933 - - - - -] Validating TemplateResource "0"
2016-11-11 09:13:55.766 22 INFO heat.engine.resource [req-5f2aa081-b3de-40a5-834d-da94542e6933 - - - - -] Validating SoftwareConfig "configure_kubernetes"
2016-11-11 09:13:55.767 22 INFO heat.engine.resource [req-5f2aa081-b3de-40a5-834d-da94542e6933 - - - - -] Validating CinderVolume "docker_volume"
2016-11-11 09:13:55.767 22 INFO heat.engine.resource [req-5f2aa081-b3de-40a5-834d-da94542e6933 - - - - -] Validating HeatWaitConditionHandle "master_wait_handle"
2016-11-11 09:13:55.768 22 INFO heat.engine.resource [req-5f2aa081-b3de-40a5-834d-da94542e6933 - - - - -] Validating SoftwareConfig "write_kube_os_config"
2016-11-11 09:13:55.769 22 INFO heat.engine.resource [req-5f2aa081-b3de-40a5-834d-da94542e6933 - - - - -] Validating SoftwareConfig "kube_ui_service"
2016-11-11 09:13:55.770 22 INFO heat.engine.resource [req-5f2aa081-b3de-40a5-834d-da94542e6933 - - - - -] Validating SoftwareConfig "make_cert"
2016-11-11 09:13:55.770 22 INFO heat.engine.resource [req-5f2aa081-b3de-40a5-834d-da94542e6933 - - - - -] Validating SoftwareConfig "add_proxy"
2016-11-11 09:13:55.771 22 INFO heat.engine.resource [req-5f2aa081-b3de-40a5-834d-da94542e6933 - - - - -] Validating SoftwareConfig "enable_kube_podmaster"
2016-11-11 09:13:55.772 22 INFO heat.engine.resource [req-5f2aa081-b3de-40a5-834d-da94542e6933 - - - - -] Validating Port "kube_master_eth0"
2016-11-11 09:13:55.773 22 INFO heat.engine.resource [req-5f2aa081-b3de-40a5-834d-da94542e6933 - - - - -] Validating FloatingIP "kube_master_floating"
2016-11-11 09:13:55.774 22 INFO heat.engine.resource [req-5f2aa081-b3de-40a5-834d-da94542e6933 - - - - -] Validating TemplateResource "api_address_switch"
2016-11-11 09:13:55.779 22 INFO heat.engine.resource [req-5f2aa081-b3de-40a5-834d-da94542e6933 - - - - -] Validating SoftwareConfig "write_heat_params"
2016-11-11 09:13:55.780 22 INFO heat.engine.resource [req-5f2aa081-b3de-40a5-834d-da94542e6933 - - - - -] Validating SoftwareConfig "disable_selinux"
2016-11-11 09:13:55.781 22 INFO heat.engine.resource [req-5f2aa081-b3de-40a5-834d-da94542e6933 - - - - -] Validating SoftwareConfig "network_config_service"
2016-11-11 09:13:55.782 22 INFO heat.engine.resource [req-5f2aa081-b3de-40a5-834d-da94542e6933 - - - - -] Validating SoftwareConfig "kube_system_namespace_service"
2016-11-11 09:13:55.782 22 INFO heat.engine.resource [req-5f2aa081-b3de-40a5-834d-da94542e6933 - - - - -] Validating SoftwareConfig "master_wc_notify"
2016-11-11 09:13:55.783 22 INFO heat.engine.resource [req-5f2aa081-b3de-40a5-834d-da94542e6933 - - - - -] Validating SoftwareConfig "kube_examples"
2016-11-11 09:13:55.784 22 INFO heat.engine.resource [req-5f2aa081-b3de-40a5-834d-da94542e6933 - - - - -] Validating SoftwareConfig "configure_docker_storage"
2016-11-11 09:13:55.784 22 INFO heat.engine.resource [req-5f2aa081-b3de-40a5-834d-da94542e6933 - - - - -] Validating SoftwareConfig "enable_services"
2016-11-11 09:13:55.785 22 INFO heat.engine.resource [req-5f2aa081-b3de-40a5-834d-da94542e6933 - - - - -] Validating SoftwareConfig "enable_kube_proxy"
2016-11-11 09:13:55.786 22 INFO heat.engine.resource [req-5f2aa081-b3de-40a5-834d-da94542e6933 - - - - -] Validating SoftwareConfig "network_service"
2016-11-11 09:13:55.787 22 INFO heat.engine.resource [req-5f2aa081-b3de-40a5-834d-da94542e6933 - - - - -] Validating SoftwareConfig "write_network_config"
2016-11-11 09:13:55.787 22 INFO heat.engine.resource [req-5f2aa081-b3de-40a5-834d-da94542e6933 - - - - -] Validating SoftwareConfig "configure_etcd"
2016-11-11 09:13:55.788 22 INFO heat.engine.resource [req-5f2aa081-b3de-40a5-834d-da94542e6933 - - - - -] Validating MultipartMime "kube_master_init"
2016-11-11 09:13:55.789 22 INFO heat.engine.resource [req-5f2aa081-b3de-40a5-834d-da94542e6933 - - - - -] Validating Server "kube_master"
2016-11-11 09:13:56.084 22 INFO heat.engine.resource [req-5f2aa081-b3de-40a5-834d-da94542e6933 - - - - -] Validating CinderVolumeAttachment "docker_volume_attach"
2016-11-11 09:13:56.086 22 INFO heat.engine.resource [req-5f2aa081-b3de-40a5-834d-da94542e6933 - - - - -] Validating HeatWaitCondition "master_wait_condition"
2016-11-11 09:13:56.133 22 INFO heat.engine.stack [req-5f2aa081-b3de-40a5-834d-da94542e6933 - - - - -] Stack UPDATE IN_PROGRESS (k8s-cluster-ipbpqxs2yf6s-kube_masters-l2tddppqj6g6): Stack UPDATE started
2016-11-11 09:13:56.172 22 INFO heat.engine.stack [req-5f2aa081-b3de-40a5-834d-da94542e6933 - - - - -] convergence_dependencies: (Dependencies([((96, False), (96, True))]),)
2016-11-11 09:13:56.185 22 INFO heat.engine.stack [req-5f2aa081-b3de-40a5-834d-da94542e6933 - - - - -] Triggering resource 96 for update
2016-11-11 09:13:56.273 21 INFO heat.engine.resource [req-16b98641-e7d3-43ba-b060-da6cc48d7620 - - - - -] updating TemplateResource "0" [e5fcdd2c-9904-4217-aa4b-5a549f2d363f] Stack "k8s-cluster-ipbpqxs2yf6s-kube_masters-l2tddppqj6g6" [6428e6f8-6573-4b51-b932-3e1bcf1ea3e7]
2016-11-11 09:13:56.314 21 INFO heat.engine.service [req-63b177c3-cbc9-40b3-ad4d-26d4d2fb8f76 cb1f610855384068a6241decb03d8b27 1f7630c29e9b423ca224dc2fe0512b95 - - -] Updating stack k8s-cluster-ipbpqxs2yf6s-kube_masters-l2tddppqj6g6-0-ppuq6ogahost
2016-11-11 09:13:56.394 21 INFO heat.engine.resource [req-63b177c3-cbc9-40b3-ad4d-26d4d2fb8f76 cb1f610855384068a6241decb03d8b27 1f7630c29e9b423ca224dc2fe0512b95 - - -] Validating SoftwareConfig "configure_kubernetes"
2016-11-11 09:13:56.395 21 INFO heat.engine.resource [req-63b177c3-cbc9-40b3-ad4d-26d4d2fb8f76 cb1f610855384068a6241decb03d8b27 1f7630c29e9b423ca224dc2fe0512b95 - - -] Validating SoftwareConfig "kube_ui_service"
2016-11-11 09:13:56.395 21 INFO heat.engine.resource [req-63b177c3-cbc9-40b3-ad4d-26d4d2fb8f76 cb1f610855384068a6241decb03d8b27 1f7630c29e9b423ca224dc2fe0512b95 - - -] Validating SoftwareConfig "write_network_config"
2016-11-11 09:13:56.396 21 INFO heat.engine.resource [req-63b177c3-cbc9-40b3-ad4d-26d4d2fb8f76 cb1f610855384068a6241decb03d8b27 1f7630c29e9b423ca224dc2fe0512b95 - - -] Validating SoftwareConfig "make_cert"
2016-11-11 09:13:56.397 21 INFO heat.engine.resource [req-63b177c3-cbc9-40b3-ad4d-26d4d2fb8f76 cb1f610855384068a6241decb03d8b27 1f7630c29e9b423ca224dc2fe0512b95 - - -] Validating SoftwareConfig "enable_kube_proxy"
2016-11-11 09:13:56.398 21 INFO heat.engine.resource [req-63b177c3-cbc9-40b3-ad4d-26d4d2fb8f76 cb1f610855384068a6241decb03d8b27 1f7630c29e9b423ca224dc2fe0512b95 - - -] Validating SoftwareConfig "enable_kube_podmaster"
2016-11-11 09:13:56.398 21 INFO heat.engine.resource [req-63b177c3-cbc9-40b3-ad4d-26d4d2fb8f76 cb1f610855384068a6241decb03d8b27 1f7630c29e9b423ca224dc2fe0512b95 - - -] Validating HeatWaitConditionHandle "master_wait_handle"
2016-11-11 09:13:56.399 21 INFO heat.engine.resource [req-63b177c3-cbc9-40b3-ad4d-26d4d2fb8f76 cb1f610855384068a6241decb03d8b27 1f7630c29e9b423ca224dc2fe0512b95 - - -] Validating SoftwareConfig "kube_system_namespace_service"
2016-11-11 09:13:56.400 21 INFO heat.engine.resource [req-63b177c3-cbc9-40b3-ad4d-26d4d2fb8f76 cb1f610855384068a6241decb03d8b27 1f7630c29e9b423ca224dc2fe0512b95 - - -] Validating SoftwareConfig "disable_selinux"
2016-11-11 09:13:56.400 21 INFO heat.engine.resource [req-63b177c3-cbc9-40b3-ad4d-26d4d2fb8f76 cb1f610855384068a6241decb03d8b27 1f7630c29e9b423ca224dc2fe0512b95 - - -] Validating SoftwareConfig "enable_services"
2016-11-11 09:13:56.401 21 INFO heat.engine.resource [req-63b177c3-cbc9-40b3-ad4d-26d4d2fb8f76 cb1f610855384068a6241decb03d8b27 1f7630c29e9b423ca224dc2fe0512b95 - - -] Validating SoftwareConfig "network_service"
2016-11-11 09:13:56.402 21 INFO heat.engine.resource [req-63b177c3-cbc9-40b3-ad4d-26d4d2fb8f76 cb1f610855384068a6241decb03d8b27 1f7630c29e9b423ca224dc2fe0512b95 - - -] Validating SoftwareConfig "write_kube_os_config"
2016-11-11 09:13:56.403 21 INFO heat.engine.resource [req-63b177c3-cbc9-40b3-ad4d-26d4d2fb8f76 cb1f610855384068a6241decb03d8b27 1f7630c29e9b423ca224dc2fe0512b95 - - -] Validating Port "kube_master_eth0"
2016-11-11 09:13:56.406 21 INFO heat.engine.resource [req-63b177c3-cbc9-40b3-ad4d-26d4d2fb8f76 cb1f610855384068a6241decb03d8b27 1f7630c29e9b423ca224dc2fe0512b95 - - -] Validating FloatingIP "kube_master_floating"
2016-11-11 09:13:56.408 21 INFO heat.engine.resource [req-63b177c3-cbc9-40b3-ad4d-26d4d2fb8f76 cb1f610855384068a6241decb03d8b27 1f7630c29e9b423ca224dc2fe0512b95 - - -] Validating TemplateResource "api_address_switch"
2016-11-11 09:13:56.411 21 INFO heat.engine.resource [req-63b177c3-cbc9-40b3-ad4d-26d4d2fb8f76 cb1f610855384068a6241decb03d8b27 1f7630c29e9b423ca224dc2fe0512b95 - - -] Validating SoftwareConfig "kube_examples"
2016-11-11 09:13:56.412 21 INFO heat.engine.resource [req-63b177c3-cbc9-40b3-ad4d-26d4d2fb8f76 cb1f610855384068a6241decb03d8b27 1f7630c29e9b423ca224dc2fe0512b95 - - -] Validating CinderVolume "docker_volume"
2016-11-11 09:13:56.413 21 INFO heat.engine.resource [req-63b177c3-cbc9-40b3-ad4d-26d4d2fb8f76 cb1f610855384068a6241decb03d8b27 1f7630c29e9b423ca224dc2fe0512b95 - - -] Validating SoftwareConfig "write_heat_params"
2016-11-11 09:13:56.415 21 INFO heat.engine.resource [req-63b177c3-cbc9-40b3-ad4d-26d4d2fb8f76 cb1f610855384068a6241decb03d8b27 1f7630c29e9b423ca224dc2fe0512b95 - - -] Validating SoftwareConfig "master_wc_notify"
2016-11-11 09:13:56.416 21 INFO heat.engine.resource [req-63b177c3-cbc9-40b3-ad4d-26d4d2fb8f76 cb1f610855384068a6241decb03d8b27 1f7630c29e9b423ca224dc2fe0512b95 - - -] Validating SoftwareConfig "configure_etcd"
