Dec 14 10:02:08 demo-t28 sudo[36287]: maas : TTY=unknown ; PWD=/ ; USER=root ; COMMAND=/bin/systemctl status tgt
Dec 14 10:02:08 demo-t28 sudo[36287]: pam_unix(sudo:session): session opened for user root by (uid=0)
Dec 14 10:02:08 demo-t28 sudo[36286]: pam_unix(sudo:session): session closed for user root
Dec 14 10:02:08 demo-t28 sudo[36288]: maas : TTY=unknown ; PWD=/ ; USER=root ; COMMAND=/bin/systemctl status maas-dhcpd6
Dec 14 10:02:08 demo-t28 sudo[36288]: pam_unix(sudo:session): session opened for user root by (uid=0)
Dec 14 10:02:08 demo-t28 sudo[36287]: pam_unix(sudo:session): session closed for user root
Dec 14 10:02:08 demo-t28 sudo[36288]: pam_unix(sudo:session): session closed for user root
Dec 14 10:02:08 demo-t28 sh[1829]: 2016-12-14 10:02:08 -: [info] ::ffff:192.168.1.1 - - [14/Dec/2016:18:02:07 +0000] "GET /MAAS/rpc/ HTTP/1.0" 200 292 "-" "provisioningserver.rpc.clusterservice.ClusterClientService"
Dec 14 10:02:09 demo-t28 sudo[36305]: maas : TTY=unknown ; PWD=/ ; USER=root ; COMMAND=/bin/systemctl status ntp
Dec 14 10:02:09 demo-t28 sudo[36305]: pam_unix(sudo:session): session opened for user root by (uid=0)
Dec 14 10:02:09 demo-t28 sudo[36305]: pam_unix(sudo:session): session closed for user root
Dec 14 10:02:09 demo-t28 sudo[36310]: maas : TTY=unknown ; PWD=/ ; USER=root ; COMMAND=/bin/systemctl status bind9
Dec 14 10:02:09 demo-t28 sudo[36310]: pam_unix(sudo:session): session opened for user root by (uid=0)
Dec 14 10:02:09 demo-t28 sudo[36310]: pam_unix(sudo:session): session closed for user root
Dec 14 10:02:09 demo-t28 sudo[36316]: maas : TTY=unknown ; PWD=/ ; USER=root ; COMMAND=/bin/systemctl status maas-proxy
Dec 14 10:02:09 demo-t28 sudo[36316]: pam_unix(sudo:session): session opened for user root by (uid=0)
Dec 14 10:02:09 demo-t28 sudo[36316]: pam_unix(sudo:session): session closed for user root
Dec 14 10:02:09 demo-t28 ntpd[15315]: Soliciting pool server 2001:67c:1560:8003::c8
Dec 14 10:02:10 demo-t28 sh[1832]: 2016-12-14 10:02:10 -: [info] ::ffff:127.0.0.1 - - [14/Dec/2016:18:02:10 +0000] "GET /MAAS/api/2.0/machines/?agent_name=20712f13-683e-41f3-8e76-a87e84e0cae9&id=xgwkbe HTTP/1.1" 200 2217 "-" "Go-http-client/1.1"
Dec 14 10:02:20 demo-t28 sh[1832]: 2016-12-14 10:02:20 -: [info] ::ffff:127.0.0.1 - - [14/Dec/2016:18:02:19 +0000] "GET /MAAS/api/2.0/machines/?agent_name=20712f13-683e-41f3-8e76-a87e84e0cae9&id=xgwkbe HTTP/1.1" 200 2217 "-" "Go-http-client/1.1"
Dec 14 10:02:30 demo-t28 sh[1832]: 2016-12-14 10:02:30 -: [info] ::ffff:127.0.0.1 - - [14/Dec/2016:18:02:29 +0000] "GET /MAAS/api/2.0/machines/?agent_name=20712f13-683e-41f3-8e76-a87e84e0cae9&id=xgwkbe HTTP/1.1" 200 2217 "-" "Go-http-client/1.1"
Dec 14 10:02:38 demo-t28 sh[1920]: 2016-12-14 10:02:38 -: [info] ::ffff:192.168.1.1 - - [14/Dec/2016:18:02:38 +0000] "GET /MAAS/rpc/ HTTP/1.0" 200 292 "-" "provisioningserver.rpc.clusterservice.ClusterClientService"
Dec 14 10:02:40 demo-t28 sh[1832]: 2016-12-14 10:02:40 -: [info] ::ffff:127.0.0.1 - - [14/Dec/2016:18:02:40 +0000] "GET /MAAS/api/2.0/machines/?agent_name=20712f13-683e-41f3-8e76-a87e84e0cae9&id=xgwkbe HTTP/1.1" 200 2217 "-" "Go-http-client/1.1"
Dec 14 10:02:50 demo-t28 sh[1832]: 2016-12-14 10:02:50 -: [info] ::ffff:127.0.0.1 - - [14/Dec/2016:18:02:49 +0000] "GET /MAAS/api/2.0/machines/?agent_name=20712f13-683e-41f3-8e76-a87e84e0cae9&id=xgwkbe HTTP/1.1" 200 2217 "-" "Go-http-client/1.1"
Dec 14 10:03:00 demo-t28 sh[1832]: 2016-12-14 10:03:00 -: [info] ::ffff:127.0.0.1 - - [14/Dec/2016:18:02:59 +0000] "GET /MAAS/api/2.0/machines/?agent_name=20712f13-683e-41f3-8e76-a87e84e0cae9&id=xgwkbe HTTP/1.1" 200 2217 "-" "Go-http-client/1.1"
Dec 14 10:03:08 demo-t28 sudo[36725]: maas : TTY=unknown ; PWD=/ ; USER=root ; COMMAND=/bin/systemctl status maas-dhcpd
Dec 14 10:03:08 demo-t28 sudo[36725]: pam_unix(sudo:session): session opened for user root by (uid=0)
Dec 14 10:03:08 demo-t28 sudo[36726]: maas : TTY=unknown ; PWD=/ ; USER=root ; COMMAND=/bin/systemctl status tgt
Dec 14 10:03:08 demo-t28 sudo[36726]: pam_unix(sudo:session): session opened for user root by (uid=0)
Dec 14 10:03:08 demo-t28 sudo[36725]: pam_unix(sudo:session): session closed for user root
Dec 14 10:03:08 demo-t28 sudo[36727]: maas : TTY=unknown ; PWD=/ ; USER=root ; COMMAND=/bin/systemctl status maas-dhcpd6
Dec 14 10:03:08 demo-t28 sudo[36727]: pam_unix(sudo:session): session opened for user root by (uid=0)
Dec 14 10:03:08 demo-t28 sudo[36727]: pam_unix(sudo:session): session closed for user root
Dec 14 10:03:08 demo-t28 sudo[36726]: pam_unix(sudo:session): session closed for user root
Dec 14 10:03:08 demo-t28 sh[1920]: 2016-12-14 10:03:08 -: [info] ::ffff:192.168.1.1 - - [14/Dec/2016:18:03:08 +0000] "GET /MAAS/rpc/ HTTP/1.0" 200 292 "-" "provisioningserver.rpc.clusterservice.ClusterClientService"
Dec 14 10:03:09 demo-t28 sudo[36741]: maas : TTY=unknown ; PWD=/ ; USER=root ; COMMAND=/bin/systemctl status ntp
Dec 14 10:03:09 demo-t28 sudo[36741]: pam_unix(sudo:session): session opened for user root by (uid=0)
Dec 14 10:03:09 demo-t28 sudo[36741]: pam_unix(sudo:session): session closed for user root
Dec 14 10:03:09 demo-t28 sudo[36743]: maas : TTY=unknown ; PWD=/ ; USER=root ; COMMAND=/bin/systemctl status bind9
Dec 14 10:03:09 demo-t28 sudo[36743]: pam_unix(sudo:session): session opened for user root by (uid=0)
Dec 14 10:03:09 demo-t28 sudo[36743]: pam_unix(sudo:session): session closed for user root
Dec 14 10:03:09 demo-t28 sudo[36747]: maas : TTY=unknown ; PWD=/ ; USER=root ; COMMAND=/bin/systemctl status maas-proxy
Dec 14 10:03:09 demo-t28 sudo[36747]: pam_unix(sudo:session): session opened for user root by (uid=0)
Dec 14 10:03:09 demo-t28 sudo[36747]: pam_unix(sudo:session): session closed for user root
Dec 14 10:03:10 demo-t28 sh[1832]: 2016-12-14 10:03:10 -: [info] ::ffff:127.0.0.1 - - [14/Dec/2016:18:03:09 +0000] "GET /MAAS/api/2.0/machines/?agent_name=20712f13-683e-41f3-8e76-a87e84e0cae9&id=xgwkbe HTTP/1.1" 200 2217 "-" "Go-http-client/1.1"
Dec 14 10:03:14 demo-t28 ntpd[15315]: Soliciting pool server 2001:67c:1560:8003::c7
Dec 14 10:03:20 demo-t28 sh[1832]: 2016-12-14 10:03:19 -: [info] ::ffff:127.0.0.1 - - [14/Dec/2016:18:03:19 +0000] "GET /MAAS/api/2.0/machines/?agent_name=20712f13-683e-41f3-8e76-a87e84e0cae9&id=xgwkbe HTTP/1.1" 200 2217 "-" "Go-http-client/1.1"
Dec 14 10:03:29 demo-t28 sh[1832]: 2016-12-14 10:03:29 -: [info] ::ffff:127.0.0.1 - - [14/Dec/2016:18:03:29 +0000] "GET /MAAS/api/2.0/machines/?agent_name=20712f13-683e-41f3-8e76-a87e84e0cae9&id=xgwkbe HTTP/1.1" 200 2217 "-" "Go-http-client/1.1"
Dec 14 10:03:38 demo-t28 sh[1920]: 2016-12-14 10:03:38 -: [info] ::ffff:192.168.1.1 - - [14/Dec/2016:18:03:37 +0000] "GET /MAAS/rpc/ HTTP/1.0" 200 292 "-" "provisioningserver.rpc.clusterservice.ClusterClientService"
Dec 14 10:03:40 demo-t28 sh[1832]: 2016-12-14 10:03:40 -: [info] ::ffff:127.0.0.1 - - [14/Dec/2016:18:03:39 +0000] "GET /MAAS/api/2.0/machines/?agent_name=20712f13-683e-41f3-8e76-a87e84e0cae9&id=xgwkbe HTTP/1.1" 200 2217 "-" "Go-http-client/1.1"
Dec 14 10:03:50 demo-t28 sh[1832]: 2016-12-14 10:03:50 -: [info] ::ffff:127.0.0.1 - - [14/Dec/2016:18:03:49 +0000] "GET /MAAS/api/2.0/machines/?agent_name=20712f13-683e-41f3-8e76-a87e84e0cae9&id=xgwkbe HTTP/1.1" 200 2217 "-" "Go-http-client/1.1"
Dec 14 10:04:00 demo-t28 sh[1832]: 2016-12-14 10:04:00 -: [info] ::ffff:127.0.0.1 - - [14/Dec/2016:18:03:59 +0000] "GET /MAAS/api/2.0/machines/?agent_name=20712f13-683e-41f3-8e76-a87e84e0cae9&id=xgwkbe HTTP/1.1" 200 2217 "-" "Go-http-client/1.1"
Dec 14 10:04:08 demo-t28 sudo[37185]: maas : TTY=unknown ; PWD=/ ; USER=root ; COMMAND=/bin/systemctl status maas-dhcpd
Dec 14 10:04:08 demo-t28 sudo[37185]: pam_unix(sudo:session): session opened for user root by (uid=0)
Dec 14 10:04:08 demo-t28 sudo[37186]: maas : TTY=unknown ; PWD=/ ; USER=root ; COMMAND=/bin/systemctl status tgt
Dec 14 10:04:08 demo-t28 sudo[37186]: pam_unix(sudo:session): session opened for user root by (uid=0)
Dec 14 10:04:08 demo-t28 sudo[37185]: pam_unix(sudo:session): session closed for user root
Dec 14 10:04:08 demo-t28 sudo[37187]: maas : TTY=unknown ; PWD=/ ; USER=root ; COMMAND=/bin/systemctl status maas-dhcpd6
Dec 14 10:04:08 demo-t28 sudo[37186]: pam_unix(sudo:session): session closed for user root
Dec 14 10:04:08 demo-t28 sudo[37187]: pam_unix(sudo:session): session opened for user root by (uid=0)
Dec 14 10:04:08 demo-t28 sudo[37187]: pam_unix(sudo:session): session closed for user root
Dec 14 10:04:08 demo-t28 sh[1837]: 2016-12-14 10:04:08 -: [info] ::ffff:192.168.1.1 - - [14/Dec/2016:18:04:07 +0000] "GET /MAAS/rpc/ HTTP/1.0" 200 292 "-" "provisioningserver.rpc.clusterservice.ClusterClientService"
Dec 14 10:04:09 demo-t28 sudo[37200]: maas : TTY=unknown ; PWD=/ ; USER=root ; COMMAND=/bin/systemctl status ntp
Dec 14 10:04:09 demo-t28 sudo[37200]: pam_unix(sudo:session): session opened for user root by (uid=0)
Dec 14 10:04:09 demo-t28 sudo[37200]: pam_unix(sudo:session): session closed for user root
Dec 14 10:04:09 demo-t28 sudo[37202]: maas : TTY=unknown ; PWD=/ ; USER=root ; COMMAND=/bin/systemctl status bind9
Dec 14 10:04:09 demo-t28 sudo[37202]: pam_unix(sudo:session): session opened for user root by (uid=0)
Dec 14 10:04:09 demo-t28 sudo[37202]: pam_unix(sudo:session): session closed for user root
Dec 14 10:04:09 demo-t28 sudo[37206]: maas : TTY=unknown ; PWD=/ ; USER=root ; COMMAND=/bin/systemctl status maas-proxy
Dec 14 10:04:09 demo-t28 sudo[37206]: pam_unix(sudo:session): session opened for user root by (uid=0)
Dec 14 10:04:09 demo-t28 sudo[37206]: pam_unix(sudo:session): session closed for user root
Dec 14 10:04:10 demo-t28 sh[1832]: 2016-12-14 10:04:10 -: [info] ::ffff:127.0.0.1 - - [14/Dec/2016:18:04:09 +0000] "GET /MAAS/api/2.0/machines/?agent_name=20712f13-683e-41f3-8e76-a87e84e0cae9&id=xgwkbe HTTP/1.1" 200 2217 "-" "Go-http-client/1.1"
Dec 14 10:04:20 demo-t28 sh[1832]: 2016-12-14 10:04:20 -: [info] ::ffff:127.0.0.1 - - [14/Dec/2016:18:04:19 +0000] "GET /MAAS/api/2.0/machines/?agent_name=20712f13-683e-41f3-8e76-a87e84e0cae9&id=xgwkbe HTTP/1.1" 200 2217 "-" "Go-http-client/1.1"
Dec 14 10:04:20 demo-t28 ntpd[15315]: Soliciting pool server 2001:67c:1560:8003::c7
Dec 14 10:04:30 demo-t28 sh[1832]: 2016-12-14 10:04:30 -: [info] ::ffff:127.0.0.1 - - [14/Dec/2016:18:04:29 +0000] "GET /MAAS/api/2.0/machines/?agent_name=20712f13-683e-41f3-8e76-a87e84e0cae9&id=xgwkbe HTTP/1.1" 200 2217 "-" "Go-http-client/1.1"
Dec 14 10:04:38 demo-t28 sh[1832]: 2016-12-14 10:04:38 -: [info] ::ffff:192.168.1.1 - - [14/Dec/2016:18:04:37 +0000] "GET /MAAS/rpc/ HTTP/1.0" 200 292 "-" "provisioningserver.rpc.clusterservice.ClusterClientService"
Dec 14 10:04:40 demo-t28 sh[1832]: 2016-12-14 10:04:40 -: [info] ::ffff:127.0.0.1 - - [14/Dec/2016:18:04:39 +0000] "GET /MAAS/api/2.0/machines/?agent_name=20712f13-683e-41f3-8e76-a87e84e0cae9&id=xgwkbe HTTP/1.1" 200 2217 "-" "Go-http-client/1.1"
Dec 14 10:04:50 demo-t28 sh[1832]: 2016-12-14 10:04:50 -: [info] ::ffff:127.0.0.1 - - [14/Dec/2016:18:04:49 +0000] "GET /MAAS/api/2.0/machines/?agent_name=20712f13-683e-41f3-8e76-a87e84e0cae9&id=xgwkbe HTTP/1.1" 200 2217 "-" "Go-http-client/1.1"
Dec 14 10:05:00 demo-t28 sh[1832]: 2016-12-14 10:05:00 -: [info] ::ffff:127.0.0.1 - - [14/Dec/2016:18:04:59 +0000] "GET /MAAS/api/2.0/machines/?agent_name=20712f13-683e-41f3-8e76-a87e84e0cae9&id=xgwkbe HTTP/1.1" 200 2217 "-" "Go-http-client/1.1"
Dec 14 10:05:01 demo-t28 CRON[37590]: pam_unix(cron:session): session opened for user root by (uid=0)
Dec 14 10:05:01 demo-t28 CRON[37591]: (root) CMD (command -v debian-sa1 > /dev/null && debian-sa1 1 1)
Dec 14 10:05:01 demo-t28 CRON[37590]: pam_unix(cron:session): session closed for user root
Dec 14 10:05:08 demo-t28 sudo[37629]: maas : TTY=unknown ; PWD=/ ; USER=root ; COMMAND=/bin/systemctl status maas-dhcpd
Dec 14 10:05:08 demo-t28 sudo[37629]: pam_unix(sudo:session): session opened for user root by (uid=0)
Dec 14 10:05:08 demo-t28 sudo[37630]: maas : TTY=unknown ; PWD=/ ; USER=root ; COMMAND=/bin/systemctl status tgt
Dec 14 10:05:08 demo-t28 sudo[37630]: pam_unix(sudo:session): session opened for user root by (uid=0)
Dec 14 10:05:08 demo-t28 sudo[37629]: pam_unix(sudo:session): session closed for user root
Dec 14 10:05:08 demo-t28 sudo[37630]: pam_unix(sudo:session): session closed for user root
Dec 14 10:05:08 demo-t28 sudo[37631]: maas : TTY=unknown ; PWD=/ ; USER=root ; COMMAND=/bin/systemctl status maas-dhcpd6
Dec 14 10:05:08 demo-t28 sudo[37631]: pam_unix(sudo:session): session opened for user root by (uid=0)
Dec 14 10:05:08 demo-t28 sudo[37631]: pam_unix(sudo:session): session closed for user root
Dec 14 10:05:08 demo-t28 sh[1837]: 2016-12-14 10:05:08 -: [info] ::ffff:192.168.1.1 - - [14/Dec/2016:18:05:07 +0000] "GET /MAAS/rpc/ HTTP/1.0" 200 292 "-" "provisioningserver.rpc.clusterservice.ClusterClientService"
Dec 14 10:05:09 demo-t28 sudo[37657]: maas : TTY=unknown ; PWD=/ ; USER=root ; COMMAND=/bin/systemctl status ntp
Dec 14 10:05:09 demo-t28 sudo[37657]: pam_unix(sudo:session): session opened for user root by (uid=0)
Dec 14 10:05:09 demo-t28 sudo[37657]: pam_unix(sudo:session): session closed for user root
Dec 14 10:05:09 demo-t28 sudo[37658]: maas : TTY=unknown ; PWD=/ ; USER=root ; COMMAND=/bin/systemctl status bind9
Dec 14 10:05:09 demo-t28 sudo[37658]: pam_unix(sudo:session): session opened for user root by (uid=0)
Dec 14 10:05:09 demo-t28 sudo[37658]: pam_unix(sudo:session): session closed for user root
Dec 14 10:05:09 demo-t28 sudo[37661]: maas : TTY=unknown ; PWD=/ ; USER=root ; COMMAND=/bin/systemctl status maas-proxy
Dec 14 10:05:09 demo-t28 sudo[37661]: pam_unix(sudo:session): session opened for user root by (uid=0)
Dec 14 10:05:09 demo-t28 sudo[37661]: pam_unix(sudo:session): session closed for user root
Dec 14 10:05:10 demo-t28 sh[1832]: 2016-12-14 10:05:10 -: [info] ::ffff:127.0.0.1 - - [14/Dec/2016:18:05:09 +0000] "GET /MAAS/api/2.0/machines/?agent_name=20712f13-683e-41f3-8e76-a87e84e0cae9&id=xgwkbe HTTP/1.1" 200 2217 "-" "Go-http-client/1.1"
Dec 14 10:05:20 demo-t28 sh[1832]: 2016-12-14 10:05:20 -: [info] ::ffff:127.0.0.1 - - [14/Dec/2016:18:05:19 +0000] "GET /MAAS/api/2.0/machines/?agent_name=20712f13-683e-41f3-8e76-a87e84e0cae9&id=xgwkbe HTTP/1.1" 200 2217 "-" "Go-http-client/1.1"
Dec 14 10:05:24 demo-t28 ntpd[15315]: Soliciting pool server 2001:67c:1560:8003::c8
Dec 14 10:05:30 demo-t28 sh[1832]: 2016-12-14 10:05:30 -: [info] ::ffff:127.0.0.1 - - [14/Dec/2016:18:05:29 +0000] "GET /MAAS/api/2.0/machines/?agent_name=20712f13-683e-41f3-8e76-a87e84e0cae9&id=xgwkbe HTTP/1.1" 200 2217 "-" "Go-http-client/1.1"
Dec 14 10:05:38 demo-t28 sh[1837]: 2016-12-14 10:05:38 -: [info] ::ffff:192.168.1.1 - - [14/Dec/2016:18:05:37 +0000] "GET /MAAS/rpc/ HTTP/1.0" 200 292 "-" "provisioningserver.rpc.clusterservice.ClusterClientService"
Dec 14 10:05:40 demo-t28 sh[1832]: 2016-12-14 10:05:40 -: [info] ::ffff:127.0.0.1 - - [14/Dec/2016:18:05:39 +0000] "GET /MAAS/api/2.0/machines/?agent_name=20712f13-683e-41f3-8e76-a87e84e0cae9&id=xgwkbe HTTP/1.1" 200 2217 "-" "Go-http-client/1.1"
Dec 14 10:05:50 demo-t28 sh[1832]: 2016-12-14 10:05:50 -: [info] ::ffff:127.0.0.1 - - [14/Dec/2016:18:05:49 +0000] "GET /MAAS/api/2.0/machines/?agent_name=20712f13-683e-41f3-8e76-a87e84e0cae9&id=xgwkbe HTTP/1.1" 200 2217 "-" "Go-http-client/1.1"
Dec 14 10:06:00 demo-t28 sh[1832]: 2016-12-14 10:06:00 -: [info] ::ffff:127.0.0.1 - - [14/Dec/2016:18:05:59 +0000] "GET /MAAS/api/2.0/machines/?agent_name=20712f13-683e-41f3-8e76-a87e84e0cae9&id=xgwkbe HTTP/1.1" 200 2217 "-" "Go-http-client/1.1"
Dec 14 10:06:08 demo-t28 sudo[38080]: maas : TTY=unknown ; PWD=/ ; USER=root ; COMMAND=/bin/systemctl status maas-dhcpd
Dec 14 10:06:08 demo-t28 sudo[38080]: pam_unix(sudo:session): session opened for user root by (uid=0)
Dec 14 10:06:08 demo-t28 sudo[38081]: maas : TTY=unknown ; PWD=/ ; USER=root ; COMMAND=/bin/systemctl status tgt
Dec 14 10:06:08 demo-t28 sudo[38081]: pam_unix(sudo:session): session opened for user root by (uid=0)
Dec 14 10:06:08 demo-t28 sudo[38080]: pam_unix(sudo:session): session closed for user root
Dec 14 10:06:08 demo-t28 sudo[38082]: maas : TTY=unknown ; PWD=/ ; USER=root ; COMMAND=/bin/systemctl status maas-dhcpd6
Dec 14 10:06:08 demo-t28 sudo[38081]: pam_unix(sudo:session): session closed for user root
Dec 14 10:06:08 demo-t28 sudo[38082]: pam_unix(sudo:session): session opened for user root by (uid=0)
Dec 14 10:06:08 demo-t28 sudo[38082]: pam_unix(sudo:session): session closed for user root
Dec 14 10:06:08 demo-t28 sh[1920]: 2016-12-14 10:06:08 -: [info] ::ffff:192.168.1.1 - - [14/Dec/2016:18:06:07 +0000] "GET /MAAS/rpc/ HTTP/1.0" 200 292 "-" "provisioningserver.rpc.clusterservice.ClusterClientService"
Dec 14 10:06:09 demo-t28 sudo[38098]: maas : TTY=unknown ; PWD=/ ; USER=root ; COMMAND=/bin/systemctl status ntp
Dec 14 10:06:09 demo-t28 sudo[38098]: pam_unix(sudo:session): session opened for user root by (uid=0)
Dec 14 10:06:09 demo-t28 sudo[38098]: pam_unix(sudo:session): session closed for user root
Dec 14 10:06:09 demo-t28 sudo[38100]: maas : TTY=unknown ; PWD=/ ; USER=root ; COMMAND=/bin/systemctl status bind9
Dec 14 10:06:09 demo-t28 sudo[38100]: pam_unix(sudo:session): session opened for user root by (uid=0)
Dec 14 10:06:09 demo-t28 sudo[38100]: pam_unix(sudo:session): session closed for user root
Dec 14 10:06:09 demo-t28 sh[1920]: 2016-12-14 10:06:09 maasserver.regiondservices.active_discovery: [info] Active network discovery: Active scanning is not enabled on any subnet. Skipping periodic scan.
Dec 14 10:06:09 demo-t28 sudo[38102]: maas : TTY=unknown ; PWD=/ ; USER=root ; COMMAND=/bin/systemctl status maas-proxy
Dec 14 10:06:09 demo-t28 sudo[38102]: pam_unix(sudo:session): session opened for user root by (uid=0)
Dec 14 10:06:09 demo-t28 sudo[38102]: pam_unix(sudo:session): session closed for user root
Dec 14 10:06:10 demo-t28 sh[1832]: 2016-12-14 10:06:10 -: [info] ::ffff:127.0.0.1 - - [14/Dec/2016:18:06:09 +0000] "GET /MAAS/api/2.0/machines/?agent_name=20712f13-683e-41f3-8e76-a87e84e0cae9&id=xgwkbe HTTP/1.1" 200 2217 "-" "Go-http-client/1.1"
Dec 14 10:06:20 demo-t28 sh[1832]: 2016-12-14 10:06:20 -: [info] ::ffff:127.0.0.1 - - [14/Dec/2016:18:06:19 +0000] "GET /MAAS/api/2.0/machines/?agent_name=20712f13-683e-41f3-8e76-a87e84e0cae9&id=xgwkbe HTTP/1.1" 200 2217 "-" "Go-http-client/1.1"
Dec 14 10:06:30 demo-t28 sh[1832]: 2016-12-14 10:06:30 -: [info] ::ffff:127.0.0.1 - - [14/Dec/2016:18:06:29 +0000] "GET /MAAS/api/2.0/machines/?agent_name=20712f13-683e-41f3-8e76-a87e84e0cae9&id=xgwkbe HTTP/1.1" 200 2217 "-" "Go-http-client/1.1"
Dec 14 10:06:31 demo-t28 ntpd[15315]: Soliciting pool server 2001:67c:1560:8003::c7
Dec 14 10:06:38 demo-t28 sh[1829]: 2016-12-14 10:06:38 -: [info] ::ffff:192.168.1.1 - - [14/Dec/2016:18:06:37 +0000] "GET /MAAS/rpc/ HTTP/1.0" 200 292 "-" "provisioningserver.rpc.clusterservice.ClusterClientService"
Dec 14 10:06:40 demo-t28 sh[1832]: 2016-12-14 10:06:40 -: [info] ::ffff:127.0.0.1 - - [14/Dec/2016:18:06:39 +0000] "GET /MAAS/api/2.0/machines/?agent_name=20712f13-683e-41f3-8e76-a87e84e0cae9&id=xgwkbe HTTP/1.1" 200 2217 "-" "Go-http-client/1.1"
Dec 14 10:06:50 demo-t28 sh[1832]: 2016-12-14 10:06:50 -: [info] ::ffff:127.0.0.1 - - [14/Dec/2016:18:06:49 +0000] "GET /MAAS/api/2.0/machines/?agent_name=20712f13-683e-41f3-8e76-a87e84e0cae9&id=xgwkbe HTTP/1.1" 200 2217 "-" "Go-http-client/1.1"
Dec 14 10:07:00 demo-t28 sh[1832]: 2016-12-14 10:07:00 -: [info] ::ffff:127.0.0.1 - - [14/Dec/2016:18:06:59 +0000] "GET /MAAS/api/2.0/machines/?agent_name=20712f13-683e-41f3-8e76-a87e84e0cae9&id=xgwkbe HTTP/1.1" 200 2217 "-" "Go-http-client/1.1"
Dec 14 10:07:08 demo-t28 sudo[38510]: maas : TTY=unknown ; PWD=/ ; USER=root ; COMMAND=/bin/systemctl status maas-dhcpd
Dec 14 10:07:08 demo-t28 sudo[38510]: pam_unix(sudo:session): session opened for user root by (uid=0)
Dec 14 10:07:08 demo-t28 sudo[38511]: maas : TTY=unknown ; PWD=/ ; USER=root ; COMMAND=/bin/systemctl status tgt
Dec 14 10:07:08 demo-t28 sudo[38511]: pam_unix(sudo:session): session opened for user root by (uid=0)
Dec 14 10:07:08 demo-t28 sudo[38510]: pam_unix(sudo:session): session closed for user root
Dec 14 10:07:08 demo-t28 sudo[38512]: maas : TTY=unknown ; PWD=/ ; USER=root ; COMMAND=/bin/systemctl status maas-dhcpd6
Dec 14 10:07:08 demo-t28 sudo[38512]: pam_unix(sudo:session): session opened for user root by (uid=0)
Dec 14 10:07:08 demo-t28 sudo[38511]: pam_unix(sudo:session): session closed for user root
Dec 14 10:07:08 demo-t28 sudo[38512]: pam_unix(sudo:session): session closed for user root
Dec 14 10:07:08 demo-t28 sh[1920]: 2016-12-14 10:07:08 -: [info] ::ffff:192.168.1.1 - - [14/Dec/2016:18:07:07 +0000] "GET /MAAS/rpc/ HTTP/1.0" 200 292 "-" "provisioningserver.rpc.clusterservice.ClusterClientService"
Dec 14 10:07:09 demo-t28 sudo[38539]: maas : TTY=unknown ; PWD=/ ; USER=root ; COMMAND=/bin/systemctl status ntp
Dec 14 10:07:09 demo-t28 sudo[38539]: pam_unix(sudo:session): session opened for user root by (uid=0)
Dec 14 10:07:09 demo-t28 sudo[38539]: pam_unix(sudo:session): session closed for user root
Dec 14 10:07:09 demo-t28 sudo[38542]: maas : TTY=unknown ; PWD=/ ; USER=root ; COMMAND=/bin/systemctl status bind9
Dec 14 10:07:09 demo-t28 sudo[38542]: pam_unix(sudo:session): session opened for user root by (uid=0)
Dec 14 10:07:09 demo-t28 sudo[38542]: pam_unix(sudo:session): session closed for user root
Dec 14 10:07:09 demo-t28 sudo[38553]: maas : TTY=unknown ; PWD=/ ; USER=root ; COMMAND=/bin/systemctl status maas-proxy
Dec 14 10:07:09 demo-t28 sudo[38553]: pam_unix(sudo:session): session opened for user root by (uid=0)
Dec 14 10:07:09 demo-t28 sudo[38553]: pam_unix(sudo:session): session closed for user root
Dec 14 10:07:10 demo-t28 sh[1832]: 2016-12-14 10:07:10 -: [info] ::ffff:127.0.0.1 - - [14/Dec/2016:18:07:09 +0000] "GET /MAAS/api/2.0/machines/?agent_name=20712f13-683e-41f3-8e76-a87e84e0cae9&id=xgwkbe HTTP/1.1" 200 2217 "-" "Go-http-client/1.1"
Dec 14 10:07:20 demo-t28 sh[1832]: 2016-12-14 10:07:20 -: [info] ::ffff:127.0.0.1 - - [14/Dec/2016:18:07:19 +0000] "GET /MAAS/api/2.0/machines/?agent_name=20712f13-683e-41f3-8e76-a87e84e0cae9&id=xgwkbe HTTP/1.1" 200 2217 "-" "Go-http-client/1.1"
Dec 14 10:07:30 demo-t28 sh[1832]: 2016-12-14 10:07:30 -: [info] ::ffff:127.0.0.1 - - [14/Dec/2016:18:07:29 +0000] "GET /MAAS/api/2.0/machines/?agent_name=20712f13-683e-41f3-8e76-a87e84e0cae9&id=xgwkbe HTTP/1.1" 200 2217 "-" "Go-http-client/1.1"
Dec 14 10:07:37 demo-t28 ntpd[15315]: Soliciting pool server 2001:67c:1560:8003::c8
Dec 14 10:07:38 demo-t28 sh[1837]: 2016-12-14 10:07:38 -: [info] ::ffff:192.168.1.1 - - [14/Dec/2016:18:07:38 +0000] "GET /MAAS/rpc/ HTTP/1.0" 200 292 "-" "provisioningserver.rpc.clusterservice.ClusterClientService"
Dec 14 10:07:40 demo-t28 sh[1832]: 2016-12-14 10:07:40 -: [info] ::ffff:127.0.0.1 - - [14/Dec/2016:18:07:39 +0000] "GET /MAAS/api/2.0/machines/?agent_name=20712f13-683e-41f3-8e76-a87e84e0cae9&id=xgwkbe HTTP/1.1" 200 2217 "-" "Go-http-client/1.1"
Dec 14 10:07:50 demo-t28 sh[1832]: 2016-12-14 10:07:50 -: [info] ::ffff:127.0.0.1 - - [14/Dec/2016:18:07:49 +0000] "GET /MAAS/api/2.0/machines/?agent_name=20712f13-683e-41f3-8e76-a87e84e0cae9&id=xgwkbe HTTP/1.1" 200 2217 "-" "Go-http-client/1.1"
Dec 14 10:08:00 demo-t28 sh[1832]: 2016-12-14 10:08:00 -: [info] ::ffff:127.0.0.1 - - [14/Dec/2016:18:07:59 +0000] "GET /MAAS/api/2.0/machines/?agent_name=20712f13-683e-41f3-8e76-a87e84e0cae9&id=xgwkbe HTTP/1.1" 200 2217 "-" "Go-http-client/1.1"
Dec 14 10:08:08 demo-t28 sudo[38972]: maas : TTY=unknown ; PWD=/ ; USER=root ; COMMAND=/bin/systemctl status maas-dhcpd
Dec 14 10:08:08 demo-t28 sudo[38972]: pam_unix(sudo:session): session opened for user root by (uid=0)
Dec 14 10:08:08 demo-t28 sudo[38973]: maas : TTY=unknown ; PWD=/ ; USER=root ; COMMAND=/bin/systemctl status tgt
Dec 14 10:08:08 demo-t28 sudo[38973]: pam_unix(sudo:session): session opened for user root by (uid=0)
Dec 14 10:08:08 demo-t28 sudo[38972]: pam_unix(sudo:session): session closed for user root
Dec 14 10:08:08 demo-t28 sudo[38973]: pam_unix(sudo:session): session closed for user root
Dec 14 10:08:08 demo-t28 sudo[38974]: maas : TTY=unknown ; PWD=/ ; USER=root ; COMMAND=/bin/systemctl status maas-dhcpd6
Dec 14 10:08:08 demo-t28 sudo[38974]: pam_unix(sudo:session): session opened for user root by (uid=0)
Dec 14 10:08:08 demo-t28 sudo[38974]: pam_unix(sudo:session): session closed for user root
Dec 14 10:08:08 demo-t28 sh[1920]: 2016-12-14 10:08:08 -: [info] ::ffff:192.168.1.1 - - [14/Dec/2016:18:08:07 +0000] "GET /MAAS/rpc/ HTTP/1.0" 200 292 "-" "provisioningserver.rpc.clusterservice.ClusterClientService"
Dec 14 10:08:09 demo-t28 sudo[38989]: maas : TTY=unknown ; PWD=/ ; USER=root ; COMMAND=/bin/systemctl status ntp
Dec 14 10:08:09 demo-t28 sudo[38989]: pam_unix(sudo:session): session opened for user root by (uid=0)
Dec 14 10:08:09 demo-t28 sudo[38989]: pam_unix(sudo:session): session closed for user root
Dec 14 10:08:09 demo-t28 sudo[38991]: maas : TTY=unknown ; PWD=/ ; USER=root ; COMMAND=/bin/systemctl status bind9
Dec 14 10:08:09 demo-t28 sudo[38991]: pam_unix(sudo:session): session opened for user root by (uid=0)
Dec 14 10:08:09 demo-t28 sudo[38991]: pam_unix(sudo:session): session closed for user root
Dec 14 10:08:09 demo-t28 sudo[38995]: maas : TTY=unknown ; PWD=/ ; USER=root ; COMMAND=/bin/systemctl status maas-proxy
Dec 14 10:08:09 demo-t28 sudo[38995]: pam_unix(sudo:session): session opened for user root by (uid=0)
Dec 14 10:08:09 demo-t28 sudo[38995]: pam_unix(sudo:session): session closed for user root
Dec 14 10:08:10 demo-t28 sh[1832]: 2016-12-14 10:08:10 -: [info] ::ffff:127.0.0.1 - - [14/Dec/2016:18:08:10 +0000] "GET /MAAS/api/2.0/machines/?agent_name=20712f13-683e-41f3-8e76-a87e84e0cae9&id=xgwkbe HTTP/1.1" 200 2217 "-" "Go-http-client/1.1"
Dec 14 10:08:20 demo-t28 sh[1832]: 2016-12-14 10:08:20 -: [info] ::ffff:127.0.0.1 - - [14/Dec/2016:18:08:19 +0000] "GET /MAAS/api/2.0/machines/?agent_name=20712f13-683e-41f3-8e76-a87e84e0cae9&id=xgwkbe HTTP/1.1" 200 2217 "-" "Go-http-client/1.1"
Dec 14 10:08:30 demo-t28 sh[1832]: 2016-12-14 10:08:30 -: [info] ::ffff:127.0.0.1 - - [14/Dec/2016:18:08:29 +0000] "GET /MAAS/api/2.0/machines/?agent_name=20712f13-683e-41f3-8e76-a87e84e0cae9&id=xgwkbe HTTP/1.1" 200 2217 "-" "Go-http-client/1.1"
Dec 14 10:08:38 demo-t28 sh[1837]: 2016-12-14 10:08:38 -: [info] ::ffff:192.168.1.1 - - [14/Dec/2016:18:08:37 +0000] "GET /MAAS/rpc/ HTTP/1.0" 200 292 "-" "provisioningserver.rpc.clusterservice.ClusterClientService"
Dec 14 10:08:40 demo-t28 sh[1832]: 2016-12-14 10:08:40 -: [info] ::ffff:127.0.0.1 - - [14/Dec/2016:18:08:39 +0000] "GET /MAAS/api/2.0/machines/?agent_name=20712f13-683e-41f3-8e76-a87e84e0cae9&id=xgwkbe HTTP/1.1" 200 2217 "-" "Go-http-client/1.1"
Dec 14 10:08:43 demo-t28 ntpd[15315]: Soliciting pool server 2001:67c:1560:8003::c7
Dec 14 10:08:50 demo-t28 sh[1832]: 2016-12-14 10:08:50 -: [info] ::ffff:127.0.0.1 - - [14/Dec/2016:18:08:49 +0000] "GET /MAAS/api/2.0/machines/?agent_name=20712f13-683e-41f3-8e76-a87e84e0cae9&id=xgwkbe HTTP/1.1" 200 2217 "-" "Go-http-client/1.1"
Dec 14 10:09:00 demo-t28 sh[1832]: 2016-12-14 10:09:00 -: [info] ::ffff:127.0.0.1 - - [14/Dec/2016:18:08:59 +0000] "GET /MAAS/api/2.0/machines/?agent_name=20712f13-683e-41f3-8e76-a87e84e0cae9&id=xgwkbe HTTP/1.1" 200 2217 "-" "Go-http-client/1.1"
Dec 14 10:09:08 demo-t28 sudo[39403]: maas : TTY=unknown ; PWD=/ ; USER=root ; COMMAND=/bin/systemctl status maas-dhcpd
Dec 14 10:09:08 demo-t28 sudo[39403]: pam_unix(sudo:session): session opened for user root by (uid=0)
Dec 14 10:09:08 demo-t28 sudo[39404]: maas : TTY=unknown ; PWD=/ ; USER=root ; COMMAND=/bin/systemctl status tgt
Dec 14 10:09:08 demo-t28 sudo[39404]: pam_unix(sudo:session): session opened for user root by (uid=0)
Dec 14 10:09:08 demo-t28 sudo[39403]: pam_unix(sudo:session): session closed for user root
Dec 14 10:09:08 demo-t28 sudo[39405]: maas : TTY=unknown ; PWD=/ ; USER=root ; COMMAND=/bin/systemctl status maas-dhcpd6
Dec 14 10:09:08 demo-t28 sudo[39405]: pam_unix(sudo:session): session opened for user root by (uid=0)
Dec 14 10:09:08 demo-t28 sudo[39404]: pam_unix(sudo:session): session closed for user root
Dec 14 10:09:08 demo-t28 sudo[39405]: pam_unix(sudo:session): session closed for user root
Dec 14 10:09:08 demo-t28 sh[1920]: 2016-12-14 10:09:08 -: [info] ::ffff:192.168.1.1 - - [14/Dec/2016:18:09:07 +0000] "GET /MAAS/rpc/ HTTP/1.0" 200 292 "-" "provisioningserver.rpc.clusterservice.ClusterClientService"
Dec 14 10:09:09 demo-t28 sudo[39436]: maas : TTY=unknown ; PWD=/ ; USER=root ; COMMAND=/bin/systemctl status ntp
Dec 14 10:09:09 demo-t28 sudo[39436]: pam_unix(sudo:session): session opened for user root by (uid=0)
Dec 14 10:09:09 demo-t28 sudo[39436]: pam_unix(sudo:session): session closed for user root
Dec 14 10:09:09 demo-t28 sudo[39438]: maas : TTY=unknown ; PWD=/ ; USER=root ; COMMAND=/bin/systemctl status bind9
Dec 14 10:09:09 demo-t28 sudo[39438]: pam_unix(sudo:session): session opened for user root by (uid=0)
Dec 14 10:09:09 demo-t28 sudo[39438]: pam_unix(sudo:session): session closed for user root
Dec 14 10:09:09 demo-t28 sudo[39443]: maas : TTY=unknown ; PWD=/ ; USER=root ; COMMAND=/bin/systemctl status maas-proxy
Dec 14 10:09:09 demo-t28 sudo[39443]: pam_unix(sudo:session): session opened for user root by (uid=0)
Dec 14 10:09:09 demo-t28 sudo[39443]: pam_unix(sudo:session): session closed for user root
Dec 14 10:09:10 demo-t28 sh[1832]: 2016-12-14 10:09:10 -: [info] ::ffff:127.0.0.1 - - [14/Dec/2016:18:09:09 +0000] "GET /MAAS/api/2.0/machines/?agent_name=20712f13-683e-41f3-8e76-a87e84e0cae9&id=xgwkbe HTTP/1.1" 200 2217 "-" "Go-http-client/1.1"
Dec 14 10:09:20 demo-t28 sh[1832]: 2016-12-14 10:09:20 -: [info] ::ffff:127.0.0.1 - - [14/Dec/2016:18:09:19 +0000] "GET /MAAS/api/2.0/machines/?agent_name=20712f13-683e-41f3-8e76-a87e84e0cae9&id=xgwkbe HTTP/1.1" 200 2217 "-" "Go-http-client/1.1"
Dec 14 10:09:30 demo-t28 sh[1832]: 2016-12-14 10:09:30 -: [info] ::ffff:127.0.0.1 - - [14/Dec/2016:18:09:29 +0000] "GET /MAAS/api/2.0/machines/?agent_name=20712f13-683e-41f3-8e76-a87e84e0cae9&id=xgwkbe HTTP/1.1" 200 2217 "-" "Go-http-client/1.1"
Dec 14 10:09:38 demo-t28 sh[1920]: 2016-12-14 10:09:38 -: [info] ::ffff:192.168.1.1 - - [14/Dec/2016:18:09:37 +0000] "GET /MAAS/rpc/ HTTP/1.0" 200 292 "-" "provisioningserver.rpc.clusterservice.ClusterClientService"
Dec 14 10:09:40 demo-t28 sh[1832]: 2016-12-14 10:09:40 -: [info] ::ffff:127.0.0.1 - - [14/Dec/2016:18:09:39 +0000] "GET /MAAS/api/2.0/machines/?agent_name=20712f13-683e-41f3-8e76-a87e84e0cae9&id=xgwkbe HTTP/1.1" 200 2217 "-" "Go-http-client/1.1"
Dec 14 10:09:48 demo-t28 ntpd[15315]: Soliciting pool server 2001:67c:1560:8003::c8
Dec 14 10:09:50 demo-t28 sh[1832]: 2016-12-14 10:09:50 -: [info] ::ffff:127.0.0.1 - - [14/Dec/2016:18:09:49 +0000] "GET /MAAS/api/2.0/machines/?agent_name=20712f13-683e-41f3-8e76-a87e84e0cae9&id=xgwkbe HTTP/1.1" 200 2217 "-" "Go-http-client/1.1"
Dec 14 10:10:00 demo-t28 sh[1832]: 2016-12-14 10:10:00 -: [info] ::ffff:127.0.0.1 - - [14/Dec/2016:18:09:59 +0000] "GET /MAAS/api/2.0/machines/?agent_name=20712f13-683e-41f3-8e76-a87e84e0cae9&id=xgwkbe HTTP/1.1" 200 2217 "-" "Go-http-client/1.1"
Dec 14 10:10:08 demo-t28 sudo[39861]: maas : TTY=unknown ; PWD=/ ; USER=root ; COMMAND=/bin/systemctl status maas-dhcpd
Dec 14 10:10:08 demo-t28 sudo[39861]: pam_unix(sudo:session): session opened for user root by (uid=0)
Dec 14 10:10:08 demo-t28 sudo[39862]: maas : TTY=unknown ; PWD=/ ; USER=root ; COMMAND=/bin/systemctl status tgt
Dec 14 10:10:08 demo-t28 sudo[39862]: pam_unix(sudo:session): session opened for user root by (uid=0)
Dec 14 10:10:08 demo-t28 sudo[39861]: pam_unix(sudo:session): session closed for user root
Dec 14 10:10:08 demo-t28 sudo[39863]: maas : TTY=unknown ; PWD=/ ; USER=root ; COMMAND=/bin/systemctl status maas-dhcpd6
Dec 14 10:10:08 demo-t28 sudo[39862]: pam_unix(sudo:session): session closed for user root
Dec 14 10:10:08 demo-t28 sudo[39863]: pam_unix(sudo:session): session opened for user root by (uid=0)
Dec 14 10:10:08 demo-t28 sudo[39863]: pam_unix(sudo:session): session closed for user root
Dec 14 10:10:08 demo-t28 sh[1832]: 2016-12-14 10:10:08 -: [info] ::ffff:192.168.1.1 - - [14/Dec/2016:18:10:07 +0000] "GET /MAAS/rpc/ HTTP/1.0" 200 292 "-" "provisioningserver.rpc.clusterservice.ClusterClientService"
Dec 14 10:10:09 demo-t28 sudo[39902]: maas : TTY=unknown ; PWD=/ ; USER=root ; COMMAND=/bin/systemctl status ntp
Dec 14 10:10:09 demo-t28 sudo[39902]: pam_unix(sudo:session): session opened for user root by (uid=0)
Dec 14 10:10:09 demo-t28 sudo[39902]: pam_unix(sudo:session): session closed for user root
Dec 14 10:10:09 demo-t28 sudo[39904]: maas : TTY=unknown ; PWD=/ ; USER=root ; COMMAND=/bin/systemctl status bind9
Dec 14 10:10:09 demo-t28 sudo[39904]: pam_unix(sudo:session): session opened for user root by (uid=0)
Dec 14 10:10:09 demo-t28 sudo[39904]: pam_unix(sudo:session): session closed for user root
Dec 14 10:10:09 demo-t28 sudo[39908]: maas : TTY=unknown ; PWD=/ ; USER=root ; COMMAND=/bin/systemctl status maas-proxy
Dec 14 10:10:09 demo-t28 sudo[39908]: pam_unix(sudo:session): session opened for user root by (uid=0)
Dec 14 10:10:09 demo-t28 sudo[39908]: pam_unix(sudo:session): session closed for user root
Dec 14 10:10:10 demo-t28 sh[1832]: 2016-12-14 10:10:10 -: [info] ::ffff:127.0.0.1 - - [14/Dec/2016:18:10:09 +0000] "GET /MAAS/api/2.0/machines/?agent_name=20712f13-683e-41f3-8e76-a87e84e0cae9&id=xgwkbe HTTP/1.1" 200 2217 "-" "Go-http-client/1.1"
Dec 14 10:10:20 demo-t28 sh[1832]: 2016-12-14 10:10:20 -: [info] ::ffff:127.0.0.1 - - [14/Dec/2016:18:10:19 +0000] "GET /MAAS/api/2.0/machines/?agent_name=20712f13-683e-41f3-8e76-a87e84e0cae9&id=xgwkbe HTTP/1.1" 200 2217 "-" "Go-http-client/1.1"
Dec 14 10:10:30 demo-t28 sh[1832]: 2016-12-14 10:10:30 -: [info] ::ffff:127.0.0.1 - - [14/Dec/2016:18:10:29 +0000] "GET /MAAS/api/2.0/machines/?agent_name=20712f13-683e-41f3-8e76-a87e84e0cae9&id=xgwkbe HTTP/1.1" 200 2217 "-" "Go-http-client/1.1"
Dec 14 10:10:38 demo-t28 sh[1920]: 2016-12-14 10:10:38 -: [info] ::ffff:192.168.1.1 - - [14/Dec/2016:18:10:37 +0000] "GET /MAAS/rpc/ HTTP/1.0" 200 292 "-" "provisioningserver.rpc.clusterservice.ClusterClientService"
Dec 14 10:10:40 demo-t28 sh[1832]: 2016-12-14 10:10:40 -: [info] ::ffff:127.0.0.1 - - [14/Dec/2016:18:10:39 +0000] "GET /MAAS/api/2.0/machines/?agent_name=20712f13-683e-41f3-8e76-a87e84e0cae9&id=xgwkbe HTTP/1.1" 200 2217 "-" "Go-http-client/1.1"
Dec 14 10:10:50 demo-t28 sh[1832]: 2016-12-14 10:10:50 -: [info] ::ffff:127.0.0.1 - - [14/Dec/2016:18:10:49 +0000] "GET /MAAS/api/2.0/machines/?agent_name=20712f13-683e-41f3-8e76-a87e84e0cae9&id=xgwkbe HTTP/1.1" 200 2217 "-" "Go-http-client/1.1"
Dec 14 10:10:54 demo-t28 ntpd[15315]: Soliciting pool server 2001:67c:1560:8003::c8
Dec 14 10:11:00 demo-t28 sh[1832]: 2016-12-14 10:11:00 -: [info] ::ffff:127.0.0.1 - - [14/Dec/2016:18:10:59 +0000] "GET /MAAS/api/2.0/machines/?agent_name=20712f13-683e-41f3-8e76-a87e84e0cae9&id=xgwkbe HTTP/1.1" 200 2217 "-" "Go-http-client/1.1"
Dec 14 10:11:08 demo-t28 sudo[40309]: maas : TTY=unknown ; PWD=/ ; USER=root ; COMMAND=/bin/systemctl status maas-dhcpd
Dec 14 10:11:08 demo-t28 sudo[40309]: pam_unix(sudo:session): session opened for user root by (uid=0)
Dec 14 10:11:08 demo-t28 sudo[40309]: pam_unix(sudo:session): session closed for user root
Dec 14 10:11:08 demo-t28 sudo[40310]: maas : TTY=unknown ; PWD=/ ; USER=root ; COMMAND=/bin/systemctl status tgt
Dec 14 10:11:08 demo-t28 sudo[40310]: pam_unix(sudo:session): session opened for user root by (uid=0)
Dec 14 10:11:08 demo-t28 sudo[40310]: pam_unix(sudo:session): session closed for user root
Dec 14 10:11:08 demo-t28 sudo[40312]: maas : TTY=unknown ; PWD=/ ; USER=root ; COMMAND=/bin/systemctl status maas-dhcpd6
Dec 14 10:11:08 demo-t28 sudo[40312]: pam_unix(sudo:session): session opened for user root by (uid=0)
Dec 14 10:11:08 demo-t28 sudo[40312]: pam_unix(sudo:session): session closed for user root
Dec 14 10:11:08 demo-t28 sh[1829]: 2016-12-14 10:11:08 -: [info] ::ffff:192.168.1.1 - - [14/Dec/2016:18:11:07 +0000] "GET /MAAS/rpc/ HTTP/1.0" 200 292 "-" "provisioningserver.rpc.clusterservice.ClusterClientService"
Dec 14 10:11:08 demo-t28 maas.import-images[2041]: [info] Started importing boot images.
Dec 14 10:11:08 demo-t28 maas.import-images[2041]: [info] Downloading image descriptions from http://192.168.1.1:5240/MAAS/images-stream/streams/v1/index.json
Dec 14 10:11:08 demo-t28 sh[1837]: 2016-12-14 10:11:08 -: [info] ::ffff:192.168.1.1 - - [14/Dec/2016:18:11:08 +0000] "GET /MAAS/images-stream/streams/v1/index.json HTTP/1.1" 200 342 "-" "python-requests/2.9.1"
Dec 14 10:11:08 demo-t28 sh[2031]: 2016-12-14 10:11:08 DHCPProbeService: [info] Probe for external DHCP servers started on interfaces: enP2p1s0f1, enP2p1s0f2.
Dec 14 10:11:08 demo-t28 dhcpd[15071]: DHCPDISCOVER from 1c:1b:0d:01:d8:14 via enP2p1s0f1
Dec 14 10:11:08 demo-t28 dhcpd[15071]: DHCPOFFER on 192.168.1.1 to 1c:1b:0d:01:d8:14 via enP2p1s0f1
Dec 14 10:11:08 demo-t28 sh[1832]: 2016-12-14 10:11:08 -: [info] ::ffff:192.168.1.1 - - [14/Dec/2016:18:11:07 +0000] "GET /MAAS/images-stream/streams/v1/maas:v2:download.json HTTP/1.1" 200 2109 "-" "python-requests/2.9.1"
Dec 14 10:11:08 demo-t28 sh[2031]: 2016-12-14 10:11:08 sstreams: [info] maas:v2:download/maas:boot:ubuntu:amd64:hwe-16.04:xenial: to_add=['20161213'] to_remove=[]
Dec 14 10:11:08 demo-t28 sh[2031]: 2016-12-14 10:11:08 sstreams: [info] maas:v2:download/maas:boot:grub-ieee1275:ppc64el:generic:open-firmware: to_add=['20160930.0'] to_remove=[]
Dec 14 10:11:08 demo-t28 sh[2031]: 2016-12-14 10:11:08 sstreams: [info] maas:v2:download/maas:boot:ubuntu:amd64:ga-16.04:xenial: to_add=['20161213'] to_remove=[]
Dec 14 10:11:08 demo-t28 sh[2031]: 2016-12-14 10:11:08 sstreams: [info] maas:v2:download/maas:boot:ubuntu:arm64:hwe-16.04:xenial: to_add=['20161213'] to_remove=[]
Dec 14 10:11:08 demo-t28 sh[2031]: 2016-12-14 10:11:08 sstreams: [info] maas:v2:download/maas:boot:ubuntu:arm64:ga-16.04:xenial: to_add=['20161213'] to_remove=[]
Dec 14 10:11:08 demo-t28 sh[2031]: 2016-12-14 10:11:08 sstreams: [info] maas:v2:download/maas:boot:ubuntu:arm64:xgene-uboot-mustang:xenial: to_add=['20161213'] to_remove=[]
Dec 14 10:11:08 demo-t28 sh[2031]: 2016-12-14 10:11:08 sstreams: [info] maas:v2:download/maas:boot:ubuntu:arm64:xgene-uboot:xenial: to_add=['20161213'] to_remove=[]
Dec 14 10:11:08 demo-t28 sh[2031]: 2016-12-14 10:11:08 sstreams: [info] maas:v2:download/maas:boot:grub-efi-signed:amd64:generic:uefi: to_add=['20161111.0'] to_remove=[]
Dec 14 10:11:08 demo-t28 sh[2031]: 2016-12-14 10:11:08 sstreams: [info] maas:v2:download/maas:boot:grub-efi:arm64:generic:uefi: to_add=['20160930.0'] to_remove=[]
Dec 14 10:11:08 demo-t28 sh[2031]: 2016-12-14 10:11:08 sstreams: [info] maas:v2:download/maas:boot:ubuntu:amd64:ga-16.04-lowlatency:xenial: to_add=['20161213'] to_remove=[]
Dec 14 10:11:08 demo-t28 sh[2031]: 2016-12-14 10:11:08 sstreams: [info] maas:v2:download/maas:boot:pxelinux:i386:generic:pxe: to_add=['20160930.0'] to_remove=[]
Dec 14 10:11:08 demo-t28 sh[2031]: 2016-12-14 10:11:08 sstreams: [info] maas:v2:download/maas:boot:ubuntu:amd64:hwe-16.04-lowlatency:xenial: to_add=['20161213'] to_remove=[]
Dec 14 10:11:08 demo-t28 maas.import-images[2041]: [info] Updating boot image iSCSI targets.
Dec 14 10:11:08 demo-t28 sudo[40342]: maas : TTY=unknown ; PWD=/ ; USER=root ; COMMAND=/bin/systemctl status tgt
Dec 14 10:11:08 demo-t28 sudo[40342]: pam_unix(sudo:session): session opened for user root by (uid=0)
Dec 14 10:11:08 demo-t28 sudo[40342]: pam_unix(sudo:session): session closed for user root
Dec 14 10:11:08 demo-t28 sudo[40344]: maas : TTY=unknown ; PWD=/ ; USER=root ; COMMAND=/usr/sbin/tgt-admin --conf /var/lib/maas/boot-resources/current/maas.tgt --update ALL
Dec 14 10:11:08 demo-t28 sudo[40344]: pam_unix(sudo:session): session opened for user root by (uid=0)
Dec 14 10:11:09 demo-t28 tgtd[1818]: tgtd: device_mgmt(246) sz:114 params:path=/var/lib/maas/boot-resources/snapshot-20161214-165127/ubuntu/amd64/ga-16.04-lowlatency/xenial/daily/squashfs
Dec 14 10:11:09 demo-t28 tgtd[1818]: tgtd: bs_thread_open(409) 16
Dec 14 10:11:09 demo-t28 tgtd[1818]: tgtd: device_mgmt(246) sz:103 params:path=/var/lib/maas/boot-resources/snapshot-20161214-165127/ubuntu/amd64/ga-16.04/xenial/daily/squashfs
Dec 14 10:11:09 demo-t28 tgtd[1818]: tgtd: bs_thread_open(409) 16
Dec 14 10:11:09 demo-t28 tgtd[1818]: tgtd: device_mgmt(246) sz:102 params:path=/var/lib/maas/boot-resources/snapshot-20161214-165127/ubuntu/amd64/generic/xenial/daily/squashfs
Dec 14 10:11:09 demo-t28 tgtd[1818]: tgtd: bs_thread_open(409) 16
Dec 14 10:11:09 demo-t28 tgtd[1818]: tgtd: device_mgmt(246) sz:115 params:path=/var/lib/maas/boot-resources/snapshot-20161214-165127/ubuntu/amd64/hwe-16.04-lowlatency/xenial/daily/squashfs
Dec 14 10:11:09 demo-t28 tgtd[1818]: tgtd: bs_thread_open(409) 16
Dec 14 10:11:09 demo-t28 tgtd[1818]: tgtd: device_mgmt(246) sz:104 params:path=/var/lib/maas/boot-resources/snapshot-20161214-165127/ubuntu/amd64/hwe-16.04/xenial/daily/squashfs
Dec 14 10:11:09 demo-t28 tgtd[1818]: tgtd: bs_thread_open(409) 16
Dec 14 10:11:09 demo-t28 tgtd[1818]: tgtd: device_mgmt(246) sz:100 params:path=/var/lib/maas/boot-resources/snapshot-20161214-165127/ubuntu/amd64/hwe-p/xenial/daily/squashfs
Dec 14 10:11:09 demo-t28 tgtd[1818]: tgtd: bs_thread_open(409) 16
Dec 14 10:11:09 demo-t28 tgtd[1818]: tgtd: device_mgmt(246) sz:100 params:path=/var/lib/maas/boot-resources/snapshot-20161214-165127/ubuntu/amd64/hwe-q/xenial/daily/squashfs
Dec 14 10:11:09 demo-t28 tgtd[1818]: tgtd: bs_thread_open(409) 16
Dec 14 10:11:09 demo-t28 tgtd[1818]: tgtd: device_mgmt(246) sz:100 params:path=/var/lib/maas/boot-resources/snapshot-20161214-165127/ubuntu/amd64/hwe-r/xenial/daily/squashfs
Dec 14 10:11:09 demo-t28 tgtd[1818]: tgtd: bs_thread_open(409) 16
Dec 14 10:11:09 demo-t28 tgtd[1818]: tgtd: device_mgmt(246) sz:100 params:path=/var/lib/maas/boot-resources/snapshot-20161214-165127/ubuntu/amd64/hwe-s/xenial/daily/squashfs
Dec 14 10:11:09 demo-t28 tgtd[1818]: tgtd: bs_thread_open(409) 16
Dec 14 10:11:09 demo-t28 tgtd[1818]: tgtd: device_mgmt(246) sz:100 params:path=/var/lib/maas/boot-resources/snapshot-20161214-165127/ubuntu/amd64/hwe-t/xenial/daily/squashfs
Dec 14 10:11:09 demo-t28 tgtd[1818]: tgtd: bs_thread_open(409) 16
Dec 14 10:11:09 demo-t28 tgtd[1818]: tgtd: device_mgmt(246) sz:100 params:path=/var/lib/maas/boot-resources/snapshot-20161214-165127/ubuntu/amd64/hwe-u/xenial/daily/squashfs
Dec 14 10:11:09 demo-t28 tgtd[1818]: tgtd: bs_thread_open(409) 16
Dec 14 10:11:09 demo-t28 tgtd[1818]: tgtd: device_mgmt(246) sz:100 params:path=/var/lib/maas/boot-resources/snapshot-20161214-165127/ubuntu/amd64/hwe-v/xenial/daily/squashfs
Dec 14 10:11:09 demo-t28 tgtd[1818]: tgtd: bs_thread_open(409) 16
Dec 14 10:11:09 demo-t28 tgtd[1818]: tgtd: device_mgmt(246) sz:100 params:path=/var/lib/maas/boot-resources/snapshot-20161214-165127/ubuntu/amd64/hwe-w/xenial/daily/squashfs
Dec 14 10:11:09 demo-t28 tgtd[1818]: tgtd: bs_thread_open(409) 16
Dec 14 10:11:09 demo-t28 tgtd[1818]: tgtd: device_mgmt(246) sz:104 params:path=/var/lib/maas/boot-resources/snapshot-20161214-165127/ubuntu/arm64/hwe-16.04/xenial/daily/squashfs
Dec 14 10:11:09 demo-t28 tgtd[1818]: tgtd: bs_thread_open(409) 16
Dec 14 10:11:09 demo-t28 tgtd[1818]: tgtd: device_mgmt(246) sz:100 params:path=/var/lib/maas/boot-resources/snapshot-20161214-165127/ubuntu/arm64/hwe-p/xenial/daily/squashfs
Dec 14 10:11:09 demo-t28 tgtd[1818]: tgtd: bs_thread_open(409) 16
Dec 14 10:11:09 demo-t28 tgtd[1818]: tgtd: device_mgmt(246) sz:100 params:path=/var/lib/maas/boot-resources/snapshot-20161214-165127/ubuntu/arm64/hwe-q/xenial/daily/squashfs
Dec 14 10:11:09 demo-t28 tgtd[1818]: tgtd: bs_thread_open(409) 16
Dec 14 10:11:09 demo-t28 tgtd[1818]: tgtd: device_mgmt(246) sz:100 params:path=/var/lib/maas/boot-resources/snapshot-20161214-165127/ubuntu/arm64/hwe-r/xenial/daily/squashfs
Dec 14 10:11:09 demo-t28 tgtd[1818]: tgtd: bs_thread_open(409) 16
Dec 14 10:11:09 demo-t28 tgtd[1818]: tgtd: device_mgmt(246) sz:100 params:path=/var/lib/maas/boot-resources/snapshot-20161214-165127/ubuntu/arm64/hwe-s/xenial/daily/squashfs
Dec 14 10:11:09 demo-t28 tgtd[1818]: tgtd: bs_thread_open(409) 16
Dec 14 10:11:09 demo-t28 tgtd[1818]: tgtd: device_mgmt(246) sz:100 params:path=/var/lib/maas/boot-resources/snapshot-20161214-165127/ubuntu/arm64/hwe-t/xenial/daily/squashfs
Dec 14 10:11:09 demo-t28 tgtd[1818]: tgtd: bs_thread_open(409) 16
Dec 14 10:11:09 demo-t28 tgtd[1818]: tgtd: device_mgmt(246) sz:100 params:path=/var/lib/maas/boot-resources/snapshot-20161214-165127/ubuntu/arm64/hwe-u/xenial/daily/squashfs
Dec 14 10:11:09 demo-t28 tgtd[1818]: tgtd: bs_thread_open(409) 16
Dec 14 10:11:09 demo-t28 tgtd[1818]: tgtd: device_mgmt(246) sz:100 params:path=/var/lib/maas/boot-resources/snapshot-20161214-165127/ubuntu/arm64/hwe-v/xenial/daily/squashfs
Dec 14 10:11:09 demo-t28 tgtd[1818]: tgtd: bs_thread_open(409) 16
Dec 14 10:11:09 demo-t28 tgtd[1818]: tgtd: device_mgmt(246) sz:100 params:path=/var/lib/maas/boot-resources/snapshot-20161214-165127/ubuntu/arm64/hwe-w/xenial/daily/squashfs
Dec 14 10:11:09 demo-t28 tgtd[1818]: tgtd: bs_thread_open(409) 16
Dec 14 10:11:09 demo-t28 tgtd[1818]: tgtd: device_mgmt(246) sz:114 params:path=/var/lib/maas/boot-resources/snapshot-20161214-165127/ubuntu/arm64/xgene-uboot-mustang/xenial/daily/squashfs
Dec 14 10:11:09 demo-t28 tgtd[1818]: tgtd: bs_thread_open(409) 16
Dec 14 10:11:09 demo-t28 tgtd[1818]: tgtd: device_mgmt(246) sz:106 params:path=/var/lib/maas/boot-resources/snapshot-20161214-165127/ubuntu/arm64/xgene-uboot/xenial/daily/squashfs
Dec 14 10:11:09 demo-t28 tgtd[1818]: tgtd: bs_thread_open(409) 16
Dec 14 10:11:09 demo-t28 sudo[40344]: pam_unix(sudo:session): session closed for user root
Dec 14 10:11:09 demo-t28 maas.import-images[2041]: [info] Finished importing boot images, the region does not have any new images.
Dec 14 10:11:09 demo-t28 sudo[40904]: maas : TTY=unknown ; PWD=/ ; USER=root ; COMMAND=/bin/systemctl status ntp
Dec 14 10:11:09 demo-t28 sudo[40904]: pam_unix(sudo:session): session opened for user root by (uid=0)
Dec 14 10:11:09 demo-t28 sudo[40904]: pam_unix(sudo:session): session closed for user root
Dec 14 10:11:09 demo-t28 sudo[40906]: maas : TTY=unknown ; PWD=/ ; USER=root ; COMMAND=/bin/systemctl status bind9
Dec 14 10:11:09 demo-t28 sudo[40906]: pam_unix(sudo:session): session opened for user root by (uid=0)
Dec 14 10:11:09 demo-t28 sudo[40906]: pam_unix(sudo:session): session closed for user root
Dec 14 10:11:09 demo-t28 sudo[40909]: maas : TTY=unknown ; PWD=/ ; USER=root ; COMMAND=/bin/systemctl status maas-proxy
Dec 14 10:11:09 demo-t28 sudo[40909]: pam_unix(sudo:session): session opened for user root by (uid=0)
Dec 14 10:11:09 demo-t28 sh[1920]: 2016-12-14 10:11:09 maasserver.regiondservices.active_discovery: [info] Active network discovery: Active scanning is not enabled on any subnet. Skipping periodic scan.
Dec 14 10:11:09 demo-t28 sudo[40909]: pam_unix(sudo:session): session closed for user root
Dec 14 10:11:10 demo-t28 sh[1832]: 2016-12-14 10:11:10 -: [info] ::ffff:127.0.0.1 - - [14/Dec/2016:18:11:09 +0000] "GET /MAAS/api/2.0/machines/?agent_name=20712f13-683e-41f3-8e76-a87e84e0cae9&id=xgwkbe HTTP/1.1" 200 2217 "-" "Go-http-client/1.1"
Dec 14 10:11:10 demo-t28 dhcpd[15071]: DHCPDISCOVER from 1c:1b:0d:01:d8:14 via enP2p1s0f1
Dec 14 10:11:10 demo-t28 dhcpd[15071]: DHCPOFFER on 192.168.1.1 to 1c:1b:0d:01:d8:14 via enP2p1s0f1
Dec 14 10:11:12 demo-t28 dhcpd[15071]: DHCPDISCOVER from 1c:1b:0d:01:d8:14 via enP2p1s0f1
Dec 14 10:11:12 demo-t28 dhcpd[15071]: DHCPOFFER on 192.168.1.1 to 1c:1b:0d:01:d8:14 via enP2p1s0f1
Dec 14 10:11:16 demo-t28 dhcpd[15071]: DHCPDISCOVER from 1c:1b:0d:01:d8:14 via enP2p1s0f1
Dec 14 10:11:16 demo-t28 dhcpd[15071]: DHCPOFFER on 192.168.1.1 to 1c:1b:0d:01:d8:14 via enP2p1s0f1
Dec 14 10:11:18 demo-t28 dhcpd[15071]: DHCPDISCOVER from 1c:1b:0d:01:d8:15 via enP2p1s0f1
Dec 14 10:11:19 demo-t28 dhcpd[15071]: DHCPOFFER on 192.168.1.195 to 1c:1b:0d:01:d8:15 via enP2p1s0f1
Dec 14 10:11:20 demo-t28 sh[1832]: 2016-12-14 10:11:20 -: [info] ::ffff:127.0.0.1 - - [14/Dec/2016:18:11:19 +0000] "GET /MAAS/api/2.0/machines/?agent_name=20712f13-683e-41f3-8e76-a87e84e0cae9&id=xgwkbe HTTP/1.1" 200 2217 "-" "Go-http-client/1.1"
Dec 14 10:11:20 demo-t28 dhcpd[15071]: DHCPDISCOVER from 1c:1b:0d:01:d8:15 via enP2p1s0f1
Dec 14 10:11:20 demo-t28 dhcpd[15071]: DHCPOFFER on 192.168.1.195 to 1c:1b:0d:01:d8:15 via enP2p1s0f1
Dec 14 10:11:22 demo-t28 dhcpd[15071]: DHCPDISCOVER from 1c:1b:0d:01:d8:15 via enP2p1s0f1
Dec 14 10:11:22 demo-t28 dhcpd[15071]: DHCPOFFER on 192.168.1.195 to 1c:1b:0d:01:d8:15 via enP2p1s0f1
Dec 14 10:11:26 demo-t28 dhcpd[15071]: DHCPDISCOVER from 1c:1b:0d:01:d8:15 via enP2p1s0f1
Dec 14 10:11:26 demo-t28 dhcpd[15071]: DHCPOFFER on 192.168.1.195 to 1c:1b:0d:01:d8:15 via enP2p1s0f1
Dec 14 10:11:28 demo-t28 sh[2031]: 2016-12-14 10:11:28 DHCPProbeService: [info] External DHCP probe complete.
Dec 14 10:11:30 demo-t28 sh[1832]: 2016-12-14 10:11:30 -: [info] ::ffff:127.0.0.1 - - [14/Dec/2016:18:11:29 +0000] "GET /MAAS/api/2.0/machines/?agent_name=20712f13-683e-41f3-8e76-a87e84e0cae9&id=xgwkbe HTTP/1.1" 200 2217 "-" "Go-http-client/1.1"
Dec 14 10:11:38 demo-t28 sh[1837]: 2016-12-14 10:11:38 -: [info] ::ffff:192.168.1.1 - - [14/Dec/2016:18:11:37 +0000] "GET /MAAS/rpc/ HTTP/1.0" 200 292 "-" "provisioningserver.rpc.clusterservice.ClusterClientService"
Dec 14 10:11:40 demo-t28 sh[1832]: 2016-12-14 10:11:40 -: [info] ::ffff:127.0.0.1 - - [14/Dec/2016:18:11:39 +0000] "GET /MAAS/api/2.0/machines/?agent_name=20712f13-683e-41f3-8e76-a87e84e0cae9&id=xgwkbe HTTP/1.1" 200 2217 "-" "Go-http-client/1.1"
Dec 14 10:11:50 demo-t28 sh[1832]: 2016-12-14 10:11:50 -: [info] ::ffff:127.0.0.1 - - [14/Dec/2016:18:11:49 +0000] "GET /MAAS/api/2.0/machines/?agent_name=20712f13-683e-41f3-8e76-a87e84e0cae9&id=xgwkbe HTTP/1.1" 200 2217 "-" "Go-http-client/1.1"
