Dec 14 09:51:29 demo-t28 sh[2031]: 2016-12-14 09:51:29 sstreams: [info] maas:v2:download/maas:boot:grub-efi-signed:amd64:generic:uefi: to_add=['20161111.0'] to_remove=[]
Dec 14 09:51:29 demo-t28 sh[2031]: 2016-12-14 09:51:29 sstreams: [info] maas:v2:download/maas:boot:grub-efi:arm64:generic:uefi: to_add=['20160930.0'] to_remove=[]
Dec 14 09:51:29 demo-t28 sh[2031]: 2016-12-14 09:51:29 sstreams: [info] maas:v2:download/maas:boot:ubuntu:amd64:ga-16.04-lowlatency:xenial: to_add=['20161213'] to_remove=[]
Dec 14 09:51:29 demo-t28 sh[2031]: 2016-12-14 09:51:29 sstreams: [info] maas:v2:download/maas:boot:pxelinux:i386:generic:pxe: to_add=['20160930.0'] to_remove=[]
Dec 14 09:51:29 demo-t28 sh[2031]: 2016-12-14 09:51:29 sstreams: [info] maas:v2:download/maas:boot:ubuntu:amd64:hwe-16.04-lowlatency:xenial: to_add=['20161213'] to_remove=[]
Dec 14 09:51:29 demo-t28 maas.import-images[2041]: [info] Updating boot image iSCSI targets.
Dec 14 09:51:29 demo-t28 sudo[31092]: maas : TTY=unknown ; PWD=/ ; USER=root ; COMMAND=/bin/systemctl status tgt
Dec 14 09:51:29 demo-t28 sudo[31092]: pam_unix(sudo:session): session opened for user root by (uid=0)
Dec 14 09:51:29 demo-t28 sudo[31092]: pam_unix(sudo:session): session closed for user root
Dec 14 09:51:29 demo-t28 sudo[31094]: maas : TTY=unknown ; PWD=/ ; USER=root ; COMMAND=/usr/sbin/tgt-admin --conf /var/lib/maas/boot-resources/current/maas.tgt --update ALL
Dec 14 09:51:29 demo-t28 sudo[31094]: pam_unix(sudo:session): session opened for user root by (uid=0)
Dec 14 09:51:29 demo-t28 tgtd[1818]: tgtd: device_mgmt(246) sz:114 params:path=/var/lib/maas/boot-resources/snapshot-20161214-165127/ubuntu/amd64/ga-16.04-lowlatency/xenial/daily/squashfs
Dec 14 09:51:29 demo-t28 tgtd[1818]: tgtd: bs_thread_open(409) 16
Dec 14 09:51:29 demo-t28 tgtd[1818]: tgtd: device_mgmt(246) sz:103 params:path=/var/lib/maas/boot-resources/snapshot-20161214-165127/ubuntu/amd64/ga-16.04/xenial/daily/squashfs
Dec 14 09:51:29 demo-t28 tgtd[1818]: tgtd: bs_thread_open(409) 16
Dec 14 09:51:29 demo-t28 tgtd[1818]: tgtd: device_mgmt(246) sz:102 params:path=/var/lib/maas/boot-resources/snapshot-20161214-165127/ubuntu/amd64/generic/xenial/daily/squashfs
Dec 14 09:51:29 demo-t28 tgtd[1818]: tgtd: bs_thread_open(409) 16
Dec 14 09:51:29 demo-t28 tgtd[1818]: tgtd: device_mgmt(246) sz:115 params:path=/var/lib/maas/boot-resources/snapshot-20161214-165127/ubuntu/amd64/hwe-16.04-lowlatency/xenial/daily/squashfs
Dec 14 09:51:29 demo-t28 tgtd[1818]: tgtd: bs_thread_open(409) 16
Dec 14 09:51:29 demo-t28 tgtd[1818]: tgtd: device_mgmt(246) sz:104 params:path=/var/lib/maas/boot-resources/snapshot-20161214-165127/ubuntu/amd64/hwe-16.04/xenial/daily/squashfs
Dec 14 09:51:29 demo-t28 tgtd[1818]: tgtd: bs_thread_open(409) 16
Dec 14 09:51:29 demo-t28 tgtd[1818]: tgtd: device_mgmt(246) sz:100 params:path=/var/lib/maas/boot-resources/snapshot-20161214-165127/ubuntu/amd64/hwe-p/xenial/daily/squashfs
Dec 14 09:51:29 demo-t28 tgtd[1818]: tgtd: bs_thread_open(409) 16
Dec 14 09:51:29 demo-t28 tgtd[1818]: tgtd: device_mgmt(246) sz:100 params:path=/var/lib/maas/boot-resources/snapshot-20161214-165127/ubuntu/amd64/hwe-q/xenial/daily/squashfs
Dec 14 09:51:29 demo-t28 tgtd[1818]: tgtd: bs_thread_open(409) 16
Dec 14 09:51:29 demo-t28 tgtd[1818]: tgtd: device_mgmt(246) sz:100 params:path=/var/lib/maas/boot-resources/snapshot-20161214-165127/ubuntu/amd64/hwe-r/xenial/daily/squashfs
Dec 14 09:51:29 demo-t28 tgtd[1818]: tgtd: bs_thread_open(409) 16
Dec 14 09:51:29 demo-t28 tgtd[1818]: tgtd: device_mgmt(246) sz:100 params:path=/var/lib/maas/boot-resources/snapshot-20161214-165127/ubuntu/amd64/hwe-s/xenial/daily/squashfs
Dec 14 09:51:29 demo-t28 tgtd[1818]: tgtd: bs_thread_open(409) 16
Dec 14 09:51:29 demo-t28 tgtd[1818]: tgtd: device_mgmt(246) sz:100 params:path=/var/lib/maas/boot-resources/snapshot-20161214-165127/ubuntu/amd64/hwe-t/xenial/daily/squashfs
Dec 14 09:51:29 demo-t28 tgtd[1818]: tgtd: bs_thread_open(409) 16
Dec 14 09:51:29 demo-t28 tgtd[1818]: tgtd: device_mgmt(246) sz:100 params:path=/var/lib/maas/boot-resources/snapshot-20161214-165127/ubuntu/amd64/hwe-u/xenial/daily/squashfs
Dec 14 09:51:29 demo-t28 tgtd[1818]: tgtd: bs_thread_open(409) 16
Dec 14 09:51:29 demo-t28 tgtd[1818]: tgtd: device_mgmt(246) sz:100 params:path=/var/lib/maas/boot-resources/snapshot-20161214-165127/ubuntu/amd64/hwe-v/xenial/daily/squashfs
Dec 14 09:51:29 demo-t28 tgtd[1818]: tgtd: bs_thread_open(409) 16
Dec 14 09:51:29 demo-t28 tgtd[1818]: tgtd: device_mgmt(246) sz:100 params:path=/var/lib/maas/boot-resources/snapshot-20161214-165127/ubuntu/amd64/hwe-w/xenial/daily/squashfs
Dec 14 09:51:29 demo-t28 tgtd[1818]: tgtd: bs_thread_open(409) 16
Dec 14 09:51:29 demo-t28 tgtd[1818]: tgtd: device_mgmt(246) sz:104 params:path=/var/lib/maas/boot-resources/snapshot-20161214-165127/ubuntu/arm64/hwe-16.04/xenial/daily/squashfs
Dec 14 09:51:29 demo-t28 tgtd[1818]: tgtd: bs_thread_open(409) 16
Dec 14 09:51:29 demo-t28 tgtd[1818]: tgtd: device_mgmt(246) sz:100 params:path=/var/lib/maas/boot-resources/snapshot-20161214-165127/ubuntu/arm64/hwe-p/xenial/daily/squashfs
Dec 14 09:51:29 demo-t28 tgtd[1818]: tgtd: bs_thread_open(409) 16
Dec 14 09:51:29 demo-t28 tgtd[1818]: tgtd: device_mgmt(246) sz:100 params:path=/var/lib/maas/boot-resources/snapshot-20161214-165127/ubuntu/arm64/hwe-q/xenial/daily/squashfs
Dec 14 09:51:29 demo-t28 tgtd[1818]: tgtd: bs_thread_open(409) 16
Dec 14 09:51:29 demo-t28 tgtd[1818]: tgtd: device_mgmt(246) sz:100 params:path=/var/lib/maas/boot-resources/snapshot-20161214-165127/ubuntu/arm64/hwe-r/xenial/daily/squashfs
Dec 14 09:51:29 demo-t28 tgtd[1818]: tgtd: bs_thread_open(409) 16
Dec 14 09:51:29 demo-t28 tgtd[1818]: tgtd: device_mgmt(246) sz:100 params:path=/var/lib/maas/boot-resources/snapshot-20161214-165127/ubuntu/arm64/hwe-s/xenial/daily/squashfs
Dec 14 09:51:29 demo-t28 tgtd[1818]: tgtd: bs_thread_open(409) 16
Dec 14 09:51:29 demo-t28 tgtd[1818]: tgtd: device_mgmt(246) sz:100 params:path=/var/lib/maas/boot-resources/snapshot-20161214-165127/ubuntu/arm64/hwe-t/xenial/daily/squashfs
Dec 14 09:51:29 demo-t28 tgtd[1818]: tgtd: bs_thread_open(409) 16
Dec 14 09:51:29 demo-t28 tgtd[1818]: tgtd: device_mgmt(246) sz:100 params:path=/var/lib/maas/boot-resources/snapshot-20161214-165127/ubuntu/arm64/hwe-u/xenial/daily/squashfs
Dec 14 09:51:29 demo-t28 tgtd[1818]: tgtd: bs_thread_open(409) 16
Dec 14 09:51:29 demo-t28 tgtd[1818]: tgtd: device_mgmt(246) sz:100 params:path=/var/lib/maas/boot-resources/snapshot-20161214-165127/ubuntu/arm64/hwe-v/xenial/daily/squashfs
Dec 14 09:51:29 demo-t28 tgtd[1818]: tgtd: bs_thread_open(409) 16
Dec 14 09:51:29 demo-t28 tgtd[1818]: tgtd: device_mgmt(246) sz:100 params:path=/var/lib/maas/boot-resources/snapshot-20161214-165127/ubuntu/arm64/hwe-w/xenial/daily/squashfs
Dec 14 09:51:29 demo-t28 tgtd[1818]: tgtd: bs_thread_open(409) 16
Dec 14 09:51:29 demo-t28 tgtd[1818]: tgtd: device_mgmt(246) sz:114 params:path=/var/lib/maas/boot-resources/snapshot-20161214-165127/ubuntu/arm64/xgene-uboot-mustang/xenial/daily/squashfs
Dec 14 09:51:29 demo-t28 tgtd[1818]: tgtd: bs_thread_open(409) 16
Dec 14 09:51:29 demo-t28 tgtd[1818]: tgtd: device_mgmt(246) sz:106 params:path=/var/lib/maas/boot-resources/snapshot-20161214-165127/ubuntu/arm64/xgene-uboot/xenial/daily/squashfs
Dec 14 09:51:29 demo-t28 tgtd[1818]: tgtd: bs_thread_open(409) 16
Dec 14 09:51:29 demo-t28 sudo[31094]: pam_unix(sudo:session): session closed for user root
Dec 14 09:51:29 demo-t28 maas.import-images[2041]: [info] Finished importing boot images, the region does not have any new images.
Dec 14 09:51:30 demo-t28 sh[1832]: 2016-12-14 09:51:30 -: [info] ::ffff:127.0.0.1 - - [14/Dec/2016:17:51:29 +0000] "GET /MAAS/api/2.0/machines/?agent_name=20712f13-683e-41f3-8e76-a87e84e0cae9&id=xgwkbe HTTP/1.1" 200 2234 "-" "Go-http-client/1.1"
Dec 14 09:51:38 demo-t28 sh[1837]: 2016-12-14 09:51:38 -: [info] ::ffff:192.168.1.1 - - [14/Dec/2016:17:51:37 +0000] "GET /MAAS/rpc/ HTTP/1.0" 200 292 "-" "provisioningserver.rpc.clusterservice.ClusterClientService"
Dec 14 09:51:39 demo-t28 sh[1832]: 2016-12-14 09:51:39 -: [info] ::ffff:127.0.0.1 - - [14/Dec/2016:17:51:39 +0000] "GET /MAAS/api/2.0/machines/?agent_name=20712f13-683e-41f3-8e76-a87e84e0cae9&id=xgwkbe HTTP/1.1" 200 2234 "-" "Go-http-client/1.1"
Dec 14 09:51:50 demo-t28 sh[1832]: 2016-12-14 09:51:50 -: [info] ::ffff:127.0.0.1 - - [14/Dec/2016:17:51:49 +0000] "GET /MAAS/api/2.0/machines/?agent_name=20712f13-683e-41f3-8e76-a87e84e0cae9&id=xgwkbe HTTP/1.1" 200 2234 "-" "Go-http-client/1.1"
Dec 14 09:51:59 demo-t28 sh[1832]: 2016-12-14 09:51:59 -: [info] ::ffff:127.0.0.1 - - [14/Dec/2016:17:51:59 +0000] "GET /MAAS/api/2.0/machines/?agent_name=20712f13-683e-41f3-8e76-a87e84e0cae9&id=xgwkbe HTTP/1.1" 200 2234 "-" "Go-http-client/1.1"
Dec 14 09:52:05 demo-t28 ntpd[15315]: Soliciting pool server 2001:67c:1560:8003::c8
Dec 14 09:52:08 demo-t28 sudo[31859]: maas : TTY=unknown ; PWD=/ ; USER=root ; COMMAND=/bin/systemctl status maas-dhcpd
Dec 14 09:52:08 demo-t28 sudo[31859]: pam_unix(sudo:session): session opened for user root by (uid=0)
Dec 14 09:52:08 demo-t28 sudo[31860]: maas : TTY=unknown ; PWD=/ ; USER=root ; COMMAND=/bin/systemctl status tgt
Dec 14 09:52:08 demo-t28 sudo[31860]: pam_unix(sudo:session): session opened for user root by (uid=0)
Dec 14 09:52:08 demo-t28 sudo[31859]: pam_unix(sudo:session): session closed for user root
Dec 14 09:52:08 demo-t28 sudo[31860]: pam_unix(sudo:session): session closed for user root
Dec 14 09:52:08 demo-t28 sudo[31861]: maas : TTY=unknown ; PWD=/ ; USER=root ; COMMAND=/bin/systemctl status maas-dhcpd6
Dec 14 09:52:08 demo-t28 sudo[31861]: pam_unix(sudo:session): session opened for user root by (uid=0)
Dec 14 09:52:08 demo-t28 sudo[31861]: pam_unix(sudo:session): session closed for user root
Dec 14 09:52:08 demo-t28 sh[1829]: 2016-12-14 09:52:08 -: [info] ::ffff:192.168.1.1 - - [14/Dec/2016:17:52:07 +0000] "GET /MAAS/rpc/ HTTP/1.0" 200 292 "-" "provisioningserver.rpc.clusterservice.ClusterClientService"
Dec 14 09:52:09 demo-t28 sudo[31892]: maas : TTY=unknown ; PWD=/ ; USER=root ; COMMAND=/bin/systemctl status ntp
Dec 14 09:52:09 demo-t28 sudo[31892]: pam_unix(sudo:session): session opened for user root by (uid=0)
Dec 14 09:52:09 demo-t28 sudo[31892]: pam_unix(sudo:session): session closed for user root
Dec 14 09:52:09 demo-t28 sudo[31894]: maas : TTY=unknown ; PWD=/ ; USER=root ; COMMAND=/bin/systemctl status bind9
Dec 14 09:52:09 demo-t28 sudo[31894]: pam_unix(sudo:session): session opened for user root by (uid=0)
Dec 14 09:52:09 demo-t28 sudo[31894]: pam_unix(sudo:session): session closed for user root
Dec 14 09:52:09 demo-t28 sudo[31904]: maas : TTY=unknown ; PWD=/ ; USER=root ; COMMAND=/bin/systemctl status maas-proxy
Dec 14 09:52:09 demo-t28 sudo[31904]: pam_unix(sudo:session): session opened for user root by (uid=0)
Dec 14 09:52:09 demo-t28 sudo[31904]: pam_unix(sudo:session): session closed for user root
Dec 14 09:52:10 demo-t28 sh[1832]: 2016-12-14 09:52:10 -: [info] ::ffff:127.0.0.1 - - [14/Dec/2016:17:52:10 +0000] "GET /MAAS/api/2.0/machines/?agent_name=20712f13-683e-41f3-8e76-a87e84e0cae9&id=xgwkbe HTTP/1.1" 200 2234 "-" "Go-http-client/1.1"
Dec 14 09:52:20 demo-t28 sh[1832]: 2016-12-14 09:52:20 -: [info] ::ffff:127.0.0.1 - - [14/Dec/2016:17:52:19 +0000] "GET /MAAS/api/2.0/machines/?agent_name=20712f13-683e-41f3-8e76-a87e84e0cae9&id=xgwkbe HTTP/1.1" 200 2234 "-" "Go-http-client/1.1"
Dec 14 09:52:30 demo-t28 sh[1832]: 2016-12-14 09:52:30 -: [info] ::ffff:127.0.0.1 - - [14/Dec/2016:17:52:29 +0000] "GET /MAAS/api/2.0/machines/?agent_name=20712f13-683e-41f3-8e76-a87e84e0cae9&id=xgwkbe HTTP/1.1" 200 2234 "-" "Go-http-client/1.1"
Dec 14 09:52:38 demo-t28 sh[1832]: 2016-12-14 09:52:38 -: [info] ::ffff:192.168.1.1 - - [14/Dec/2016:17:52:37 +0000] "GET /MAAS/rpc/ HTTP/1.0" 200 292 "-" "provisioningserver.rpc.clusterservice.ClusterClientService"
Dec 14 09:52:40 demo-t28 sh[1832]: 2016-12-14 09:52:40 -: [info] ::ffff:127.0.0.1 - - [14/Dec/2016:17:52:39 +0000] "GET /MAAS/api/2.0/machines/?agent_name=20712f13-683e-41f3-8e76-a87e84e0cae9&id=xgwkbe HTTP/1.1" 200 2234 "-" "Go-http-client/1.1"
Dec 14 09:52:50 demo-t28 sh[1832]: 2016-12-14 09:52:50 -: [info] ::ffff:127.0.0.1 - - [14/Dec/2016:17:52:49 +0000] "GET /MAAS/api/2.0/machines/?agent_name=20712f13-683e-41f3-8e76-a87e84e0cae9&id=xgwkbe HTTP/1.1" 200 2234 "-" "Go-http-client/1.1"
Dec 14 09:52:59 demo-t28 sh[1832]: 2016-12-14 09:52:59 -: [info] ::ffff:127.0.0.1 - - [14/Dec/2016:17:52:59 +0000] "GET /MAAS/api/2.0/machines/?agent_name=20712f13-683e-41f3-8e76-a87e84e0cae9&id=xgwkbe HTTP/1.1" 200 2234 "-" "Go-http-client/1.1"
Dec 14 09:53:08 demo-t28 sudo[32252]: maas : TTY=unknown ; PWD=/ ; USER=root ; COMMAND=/bin/systemctl status maas-dhcpd
Dec 14 09:53:08 demo-t28 sudo[32252]: pam_unix(sudo:session): session opened for user root by (uid=0)
Dec 14 09:53:08 demo-t28 sudo[32253]: maas : TTY=unknown ; PWD=/ ; USER=root ; COMMAND=/bin/systemctl status tgt
Dec 14 09:53:08 demo-t28 sudo[32252]: pam_unix(sudo:session): session closed for user root
Dec 14 09:53:08 demo-t28 sudo[32253]: pam_unix(sudo:session): session opened for user root by (uid=0)
Dec 14 09:53:08 demo-t28 sudo[32254]: maas : TTY=unknown ; PWD=/ ; USER=root ; COMMAND=/bin/systemctl status maas-dhcpd6
Dec 14 09:53:08 demo-t28 sudo[32254]: pam_unix(sudo:session): session opened for user root by (uid=0)
Dec 14 09:53:08 demo-t28 sudo[32253]: pam_unix(sudo:session): session closed for user root
Dec 14 09:53:08 demo-t28 sudo[32254]: pam_unix(sudo:session): session closed for user root
Dec 14 09:53:08 demo-t28 sh[1837]: 2016-12-14 09:53:08 -: [info] ::ffff:192.168.1.1 - - [14/Dec/2016:17:53:07 +0000] "GET /MAAS/rpc/ HTTP/1.0" 200 292 "-" "provisioningserver.rpc.clusterservice.ClusterClientService"
Dec 14 09:53:09 demo-t28 sudo[32268]: maas : TTY=unknown ; PWD=/ ; USER=root ; COMMAND=/bin/systemctl status ntp
Dec 14 09:53:09 demo-t28 sudo[32268]: pam_unix(sudo:session): session opened for user root by (uid=0)
Dec 14 09:53:09 demo-t28 sudo[32268]: pam_unix(sudo:session): session closed for user root
Dec 14 09:53:09 demo-t28 sudo[32270]: maas : TTY=unknown ; PWD=/ ; USER=root ; COMMAND=/bin/systemctl status bind9
Dec 14 09:53:09 demo-t28 sudo[32270]: pam_unix(sudo:session): session opened for user root by (uid=0)
Dec 14 09:53:09 demo-t28 sudo[32270]: pam_unix(sudo:session): session closed for user root
Dec 14 09:53:09 demo-t28 sudo[32278]: maas : TTY=unknown ; PWD=/ ; USER=root ; COMMAND=/bin/systemctl status maas-proxy
Dec 14 09:53:09 demo-t28 sudo[32278]: pam_unix(sudo:session): session opened for user root by (uid=0)
Dec 14 09:53:09 demo-t28 sudo[32278]: pam_unix(sudo:session): session closed for user root
Dec 14 09:53:10 demo-t28 sh[1832]: 2016-12-14 09:53:10 -: [info] ::ffff:127.0.0.1 - - [14/Dec/2016:17:53:09 +0000] "GET /MAAS/api/2.0/machines/?agent_name=20712f13-683e-41f3-8e76-a87e84e0cae9&id=xgwkbe HTTP/1.1" 200 2234 "-" "Go-http-client/1.1"
Dec 14 09:53:12 demo-t28 ntpd[15315]: Soliciting pool server 2001:67c:1560:8003::c7
Dec 14 09:53:19 demo-t28 sh[1832]: 2016-12-14 09:53:19 -: [info] ::ffff:127.0.0.1 - - [14/Dec/2016:17:53:19 +0000] "GET /MAAS/api/2.0/machines/?agent_name=20712f13-683e-41f3-8e76-a87e84e0cae9&id=xgwkbe HTTP/1.1" 200 2234 "-" "Go-http-client/1.1"
Dec 14 09:53:29 demo-t28 sh[1832]: 2016-12-14 09:53:29 -: [info] ::ffff:127.0.0.1 - - [14/Dec/2016:17:53:29 +0000] "GET /MAAS/api/2.0/machines/?agent_name=20712f13-683e-41f3-8e76-a87e84e0cae9&id=xgwkbe HTTP/1.1" 200 2217 "-" "Go-http-client/1.1"
Dec 14 09:53:38 demo-t28 sh[1829]: 2016-12-14 09:53:38 -: [info] ::ffff:192.168.1.1 - - [14/Dec/2016:17:53:38 +0000] "GET /MAAS/rpc/ HTTP/1.0" 200 292 "-" "provisioningserver.rpc.clusterservice.ClusterClientService"
Dec 14 09:53:40 demo-t28 sh[1832]: 2016-12-14 09:53:40 -: [info] ::ffff:127.0.0.1 - - [14/Dec/2016:17:53:39 +0000] "GET /MAAS/api/2.0/machines/?agent_name=20712f13-683e-41f3-8e76-a87e84e0cae9&id=xgwkbe HTTP/1.1" 200 2217 "-" "Go-http-client/1.1"
Dec 14 09:53:50 demo-t28 sh[1832]: 2016-12-14 09:53:50 -: [info] ::ffff:127.0.0.1 - - [14/Dec/2016:17:53:49 +0000] "GET /MAAS/api/2.0/machines/?agent_name=20712f13-683e-41f3-8e76-a87e84e0cae9&id=xgwkbe HTTP/1.1" 200 2217 "-" "Go-http-client/1.1"
Dec 14 09:54:00 demo-t28 sh[1832]: 2016-12-14 09:54:00 -: [info] ::ffff:127.0.0.1 - - [14/Dec/2016:17:53:59 +0000] "GET /MAAS/api/2.0/machines/?agent_name=20712f13-683e-41f3-8e76-a87e84e0cae9&id=xgwkbe HTTP/1.1" 200 2217 "-" "Go-http-client/1.1"
Dec 14 09:54:08 demo-t28 sudo[32632]: maas : TTY=unknown ; PWD=/ ; USER=root ; COMMAND=/bin/systemctl status maas-dhcpd
Dec 14 09:54:08 demo-t28 sudo[32632]: pam_unix(sudo:session): session opened for user root by (uid=0)
Dec 14 09:54:08 demo-t28 sudo[32632]: pam_unix(sudo:session): session closed for user root
Dec 14 09:54:08 demo-t28 sudo[32633]: maas : TTY=unknown ; PWD=/ ; USER=root ; COMMAND=/bin/systemctl status tgt
Dec 14 09:54:08 demo-t28 sudo[32633]: pam_unix(sudo:session): session opened for user root by (uid=0)
Dec 14 09:54:08 demo-t28 sudo[32635]: maas : TTY=unknown ; PWD=/ ; USER=root ; COMMAND=/bin/systemctl status maas-dhcpd6
Dec 14 09:54:08 demo-t28 sudo[32633]: pam_unix(sudo:session): session closed for user root
Dec 14 09:54:08 demo-t28 sudo[32635]: pam_unix(sudo:session): session opened for user root by (uid=0)
Dec 14 09:54:08 demo-t28 sudo[32635]: pam_unix(sudo:session): session closed for user root
Dec 14 09:54:08 demo-t28 sh[1829]: 2016-12-14 09:54:08 -: [info] ::ffff:192.168.1.1 - - [14/Dec/2016:17:54:08 +0000] "GET /MAAS/rpc/ HTTP/1.0" 200 292 "-" "provisioningserver.rpc.clusterservice.ClusterClientService"
Dec 14 09:54:09 demo-t28 sudo[32652]: maas : TTY=unknown ; PWD=/ ; USER=root ; COMMAND=/bin/systemctl status ntp
Dec 14 09:54:09 demo-t28 sudo[32652]: pam_unix(sudo:session): session opened for user root by (uid=0)
Dec 14 09:54:09 demo-t28 sudo[32652]: pam_unix(sudo:session): session closed for user root
Dec 14 09:54:09 demo-t28 sudo[32655]: maas : TTY=unknown ; PWD=/ ; USER=root ; COMMAND=/bin/systemctl status bind9
Dec 14 09:54:09 demo-t28 sudo[32655]: pam_unix(sudo:session): session opened for user root by (uid=0)
Dec 14 09:54:09 demo-t28 sudo[32655]: pam_unix(sudo:session): session closed for user root
Dec 14 09:54:09 demo-t28 sudo[32667]: maas : TTY=unknown ; PWD=/ ; USER=root ; COMMAND=/bin/systemctl status maas-proxy
Dec 14 09:54:09 demo-t28 sudo[32667]: pam_unix(sudo:session): session opened for user root by (uid=0)
Dec 14 09:54:09 demo-t28 sudo[32667]: pam_unix(sudo:session): session closed for user root
Dec 14 09:54:10 demo-t28 sh[1832]: 2016-12-14 09:54:10 -: [info] ::ffff:127.0.0.1 - - [14/Dec/2016:17:54:09 +0000] "GET /MAAS/api/2.0/machines/?agent_name=20712f13-683e-41f3-8e76-a87e84e0cae9&id=xgwkbe HTTP/1.1" 200 2217 "-" "Go-http-client/1.1"
Dec 14 09:54:19 demo-t28 ntpd[15315]: Soliciting pool server 2001:67c:1560:8003::c8
Dec 14 09:54:19 demo-t28 sh[1832]: 2016-12-14 09:54:19 -: [info] ::ffff:127.0.0.1 - - [14/Dec/2016:17:54:19 +0000] "GET /MAAS/api/2.0/machines/?agent_name=20712f13-683e-41f3-8e76-a87e84e0cae9&id=xgwkbe HTTP/1.1" 200 2217 "-" "Go-http-client/1.1"
Dec 14 09:54:30 demo-t28 sh[1832]: 2016-12-14 09:54:30 -: [info] ::ffff:127.0.0.1 - - [14/Dec/2016:17:54:29 +0000] "GET /MAAS/api/2.0/machines/?agent_name=20712f13-683e-41f3-8e76-a87e84e0cae9&id=xgwkbe HTTP/1.1" 200 2217 "-" "Go-http-client/1.1"
Dec 14 09:54:38 demo-t28 sh[1832]: 2016-12-14 09:54:38 -: [info] ::ffff:192.168.1.1 - - [14/Dec/2016:17:54:37 +0000] "GET /MAAS/rpc/ HTTP/1.0" 200 292 "-" "provisioningserver.rpc.clusterservice.ClusterClientService"
Dec 14 09:54:39 demo-t28 sh[1832]: 2016-12-14 09:54:39 -: [info] ::ffff:127.0.0.1 - - [14/Dec/2016:17:54:39 +0000] "GET /MAAS/api/2.0/machines/?agent_name=20712f13-683e-41f3-8e76-a87e84e0cae9&id=xgwkbe HTTP/1.1" 200 2217 "-" "Go-http-client/1.1"
Dec 14 09:54:49 demo-t28 sh[1832]: 2016-12-14 09:54:49 -: [info] ::ffff:127.0.0.1 - - [14/Dec/2016:17:54:49 +0000] "GET /MAAS/api/2.0/machines/?agent_name=20712f13-683e-41f3-8e76-a87e84e0cae9&id=xgwkbe HTTP/1.1" 200 2217 "-" "Go-http-client/1.1"
Dec 14 09:55:00 demo-t28 sh[1832]: 2016-12-14 09:55:00 -: [info] ::ffff:127.0.0.1 - - [14/Dec/2016:17:54:59 +0000] "GET /MAAS/api/2.0/machines/?agent_name=20712f13-683e-41f3-8e76-a87e84e0cae9&id=xgwkbe HTTP/1.1" 200 2217 "-" "Go-http-client/1.1"
Dec 14 09:55:01 demo-t28 CRON[33035]: pam_unix(cron:session): session opened for user root by (uid=0)
Dec 14 09:55:01 demo-t28 CRON[33036]: (root) CMD (command -v debian-sa1 > /dev/null && debian-sa1 1 1)
Dec 14 09:55:01 demo-t28 CRON[33035]: pam_unix(cron:session): session closed for user root
Dec 14 09:55:08 demo-t28 sudo[33106]: maas : TTY=unknown ; PWD=/ ; USER=root ; COMMAND=/bin/systemctl status maas-dhcpd
Dec 14 09:55:08 demo-t28 sudo[33106]: pam_unix(sudo:session): session opened for user root by (uid=0)
Dec 14 09:55:08 demo-t28 sudo[33106]: pam_unix(sudo:session): session closed for user root
Dec 14 09:55:08 demo-t28 sudo[33107]: maas : TTY=unknown ; PWD=/ ; USER=root ; COMMAND=/bin/systemctl status tgt
Dec 14 09:55:08 demo-t28 sudo[33107]: pam_unix(sudo:session): session opened for user root by (uid=0)
Dec 14 09:55:08 demo-t28 sudo[33108]: maas : TTY=unknown ; PWD=/ ; USER=root ; COMMAND=/bin/systemctl status maas-dhcpd6
Dec 14 09:55:08 demo-t28 sudo[33108]: pam_unix(sudo:session): session opened for user root by (uid=0)
Dec 14 09:55:08 demo-t28 sudo[33107]: pam_unix(sudo:session): session closed for user root
Dec 14 09:55:08 demo-t28 sudo[33108]: pam_unix(sudo:session): session closed for user root
Dec 14 09:55:08 demo-t28 sh[1832]: 2016-12-14 09:55:08 -: [info] ::ffff:192.168.1.1 - - [14/Dec/2016:17:55:07 +0000] "GET /MAAS/rpc/ HTTP/1.0" 200 292 "-" "provisioningserver.rpc.clusterservice.ClusterClientService"
Dec 14 09:55:09 demo-t28 sudo[33122]: maas : TTY=unknown ; PWD=/ ; USER=root ; COMMAND=/bin/systemctl status ntp
Dec 14 09:55:09 demo-t28 sudo[33122]: pam_unix(sudo:session): session opened for user root by (uid=0)
Dec 14 09:55:09 demo-t28 sudo[33122]: pam_unix(sudo:session): session closed for user root
Dec 14 09:55:09 demo-t28 sudo[33124]: maas : TTY=unknown ; PWD=/ ; USER=root ; COMMAND=/bin/systemctl status bind9
Dec 14 09:55:09 demo-t28 sudo[33124]: pam_unix(sudo:session): session opened for user root by (uid=0)
Dec 14 09:55:09 demo-t28 sudo[33124]: pam_unix(sudo:session): session closed for user root
Dec 14 09:55:09 demo-t28 sudo[33131]: maas : TTY=unknown ; PWD=/ ; USER=root ; COMMAND=/bin/systemctl status maas-proxy
Dec 14 09:55:09 demo-t28 sudo[33131]: pam_unix(sudo:session): session opened for user root by (uid=0)
Dec 14 09:55:09 demo-t28 sudo[33131]: pam_unix(sudo:session): session closed for user root
Dec 14 09:55:10 demo-t28 sh[1832]: 2016-12-14 09:55:10 -: [info] ::ffff:127.0.0.1 - - [14/Dec/2016:17:55:09 +0000] "GET /MAAS/api/2.0/machines/?agent_name=20712f13-683e-41f3-8e76-a87e84e0cae9&id=xgwkbe HTTP/1.1" 200 2217 "-" "Go-http-client/1.1"
Dec 14 09:55:20 demo-t28 sh[1832]: 2016-12-14 09:55:20 -: [info] ::ffff:127.0.0.1 - - [14/Dec/2016:17:55:19 +0000] "GET /MAAS/api/2.0/machines/?agent_name=20712f13-683e-41f3-8e76-a87e84e0cae9&id=xgwkbe HTTP/1.1" 200 2217 "-" "Go-http-client/1.1"
Dec 14 09:55:26 demo-t28 ntpd[15315]: Soliciting pool server 2001:67c:1560:8003::c7
Dec 14 09:55:30 demo-t28 sh[1832]: 2016-12-14 09:55:30 -: [info] ::ffff:127.0.0.1 - - [14/Dec/2016:17:55:29 +0000] "GET /MAAS/api/2.0/machines/?agent_name=20712f13-683e-41f3-8e76-a87e84e0cae9&id=xgwkbe HTTP/1.1" 200 2217 "-" "Go-http-client/1.1"
Dec 14 09:55:38 demo-t28 sh[1832]: 2016-12-14 09:55:38 -: [info] ::ffff:192.168.1.1 - - [14/Dec/2016:17:55:37 +0000] "GET /MAAS/rpc/ HTTP/1.0" 200 292 "-" "provisioningserver.rpc.clusterservice.ClusterClientService"
Dec 14 09:55:40 demo-t28 sh[1832]: 2016-12-14 09:55:40 -: [info] ::ffff:127.0.0.1 - - [14/Dec/2016:17:55:39 +0000] "GET /MAAS/api/2.0/machines/?agent_name=20712f13-683e-41f3-8e76-a87e84e0cae9&id=xgwkbe HTTP/1.1" 200 2217 "-" "Go-http-client/1.1"
Dec 14 09:55:50 demo-t28 sh[1832]: 2016-12-14 09:55:50 -: [info] ::ffff:127.0.0.1 - - [14/Dec/2016:17:55:49 +0000] "GET /MAAS/api/2.0/machines/?agent_name=20712f13-683e-41f3-8e76-a87e84e0cae9&id=xgwkbe HTTP/1.1" 200 2217 "-" "Go-http-client/1.1"
Dec 14 09:56:00 demo-t28 sh[1832]: 2016-12-14 09:56:00 -: [info] ::ffff:127.0.0.1 - - [14/Dec/2016:17:55:59 +0000] "GET /MAAS/api/2.0/machines/?agent_name=20712f13-683e-41f3-8e76-a87e84e0cae9&id=xgwkbe HTTP/1.1" 200 2217 "-" "Go-http-client/1.1"
Dec 14 09:56:08 demo-t28 sudo[33538]: maas : TTY=unknown ; PWD=/ ; USER=root ; COMMAND=/bin/systemctl status maas-dhcpd
Dec 14 09:56:08 demo-t28 sudo[33538]: pam_unix(sudo:session): session opened for user root by (uid=0)
Dec 14 09:56:08 demo-t28 sudo[33539]: maas : TTY=unknown ; PWD=/ ; USER=root ; COMMAND=/bin/systemctl status tgt
Dec 14 09:56:08 demo-t28 sudo[33538]: pam_unix(sudo:session): session closed for user root
Dec 14 09:56:08 demo-t28 sudo[33539]: pam_unix(sudo:session): session opened for user root by (uid=0)
Dec 14 09:56:08 demo-t28 sudo[33539]: pam_unix(sudo:session): session closed for user root
Dec 14 09:56:08 demo-t28 sudo[33541]: maas : TTY=unknown ; PWD=/ ; USER=root ; COMMAND=/bin/systemctl status maas-dhcpd6
Dec 14 09:56:08 demo-t28 sudo[33541]: pam_unix(sudo:session): session opened for user root by (uid=0)
Dec 14 09:56:08 demo-t28 sudo[33541]: pam_unix(sudo:session): session closed for user root
Dec 14 09:56:08 demo-t28 sh[1837]: 2016-12-14 09:56:08 -: [info] ::ffff:192.168.1.1 - - [14/Dec/2016:17:56:07 +0000] "GET /MAAS/rpc/ HTTP/1.0" 200 292 "-" "provisioningserver.rpc.clusterservice.ClusterClientService"
Dec 14 09:56:09 demo-t28 sudo[33557]: maas : TTY=unknown ; PWD=/ ; USER=root ; COMMAND=/bin/systemctl status ntp
Dec 14 09:56:09 demo-t28 sudo[33557]: pam_unix(sudo:session): session opened for user root by (uid=0)
Dec 14 09:56:09 demo-t28 sudo[33557]: pam_unix(sudo:session): session closed for user root
Dec 14 09:56:09 demo-t28 sudo[33559]: maas : TTY=unknown ; PWD=/ ; USER=root ; COMMAND=/bin/systemctl status bind9
Dec 14 09:56:09 demo-t28 sudo[33559]: pam_unix(sudo:session): session opened for user root by (uid=0)
Dec 14 09:56:09 demo-t28 sudo[33561]: maas : TTY=unknown ; PWD=/ ; USER=root ; COMMAND=/bin/systemctl status maas-proxy
Dec 14 09:56:09 demo-t28 sudo[33559]: pam_unix(sudo:session): session closed for user root
Dec 14 09:56:09 demo-t28 sudo[33561]: pam_unix(sudo:session): session opened for user root by (uid=0)
Dec 14 09:56:09 demo-t28 sudo[33561]: pam_unix(sudo:session): session closed for user root
Dec 14 09:56:09 demo-t28 sh[1920]: 2016-12-14 09:56:09 maasserver.regiondservices.active_discovery: [info] Active network discovery: Active scanning is not enabled on any subnet. Skipping periodic scan.
Dec 14 09:56:10 demo-t28 sh[1832]: 2016-12-14 09:56:10 -: [info] ::ffff:127.0.0.1 - - [14/Dec/2016:17:56:09 +0000] "GET /MAAS/api/2.0/machines/?agent_name=20712f13-683e-41f3-8e76-a87e84e0cae9&id=xgwkbe HTTP/1.1" 200 2217 "-" "Go-http-client/1.1"
Dec 14 09:56:20 demo-t28 sh[1832]: 2016-12-14 09:56:20 -: [info] ::ffff:127.0.0.1 - - [14/Dec/2016:17:56:19 +0000] "GET /MAAS/api/2.0/machines/?agent_name=20712f13-683e-41f3-8e76-a87e84e0cae9&id=xgwkbe HTTP/1.1" 200 2217 "-" "Go-http-client/1.1"
Dec 14 09:56:30 demo-t28 sh[1832]: 2016-12-14 09:56:30 -: [info] ::ffff:127.0.0.1 - - [14/Dec/2016:17:56:29 +0000] "GET /MAAS/api/2.0/machines/?agent_name=20712f13-683e-41f3-8e76-a87e84e0cae9&id=xgwkbe HTTP/1.1" 200 2217 "-" "Go-http-client/1.1"
Dec 14 09:56:33 demo-t28 ntpd[15315]: Soliciting pool server 2001:67c:1560:8003::c8
Dec 14 09:56:38 demo-t28 sh[1829]: 2016-12-14 09:56:38 -: [info] ::ffff:192.168.1.1 - - [14/Dec/2016:17:56:37 +0000] "GET /MAAS/rpc/ HTTP/1.0" 200 292 "-" "provisioningserver.rpc.clusterservice.ClusterClientService"
Dec 14 09:56:40 demo-t28 sh[1832]: 2016-12-14 09:56:40 -: [info] ::ffff:127.0.0.1 - - [14/Dec/2016:17:56:39 +0000] "GET /MAAS/api/2.0/machines/?agent_name=20712f13-683e-41f3-8e76-a87e84e0cae9&id=xgwkbe HTTP/1.1" 200 2217 "-" "Go-http-client/1.1"
Dec 14 09:56:50 demo-t28 sh[1832]: 2016-12-14 09:56:50 -: [info] ::ffff:127.0.0.1 - - [14/Dec/2016:17:56:49 +0000] "GET /MAAS/api/2.0/machines/?agent_name=20712f13-683e-41f3-8e76-a87e84e0cae9&id=xgwkbe HTTP/1.1" 200 2217 "-" "Go-http-client/1.1"
Dec 14 09:56:59 demo-t28 sh[1832]: 2016-12-14 09:56:59 -: [info] ::ffff:127.0.0.1 - - [14/Dec/2016:17:56:59 +0000] "GET /MAAS/api/2.0/machines/?agent_name=20712f13-683e-41f3-8e76-a87e84e0cae9&id=xgwkbe HTTP/1.1" 200 2217 "-" "Go-http-client/1.1"
Dec 14 09:57:08 demo-t28 sudo[33996]: maas : TTY=unknown ; PWD=/ ; USER=root ; COMMAND=/bin/systemctl status maas-dhcpd
Dec 14 09:57:08 demo-t28 sudo[33996]: pam_unix(sudo:session): session opened for user root by (uid=0)
Dec 14 09:57:08 demo-t28 sudo[33996]: pam_unix(sudo:session): session closed for user root
Dec 14 09:57:08 demo-t28 sudo[33997]: maas : TTY=unknown ; PWD=/ ; USER=root ; COMMAND=/bin/systemctl status tgt
Dec 14 09:57:08 demo-t28 sudo[33997]: pam_unix(sudo:session): session opened for user root by (uid=0)
Dec 14 09:57:08 demo-t28 sudo[33997]: pam_unix(sudo:session): session closed for user root
Dec 14 09:57:08 demo-t28 sudo[33998]: maas : TTY=unknown ; PWD=/ ; USER=root ; COMMAND=/bin/systemctl status maas-dhcpd6
Dec 14 09:57:08 demo-t28 sudo[33998]: pam_unix(sudo:session): session opened for user root by (uid=0)
Dec 14 09:57:08 demo-t28 sudo[33998]: pam_unix(sudo:session): session closed for user root
Dec 14 09:57:08 demo-t28 sh[1832]: 2016-12-14 09:57:08 -: [info] ::ffff:192.168.1.1 - - [14/Dec/2016:17:57:07 +0000] "GET /MAAS/rpc/ HTTP/1.0" 200 292 "-" "provisioningserver.rpc.clusterservice.ClusterClientService"
Dec 14 09:57:09 demo-t28 sudo[34037]: maas : TTY=unknown ; PWD=/ ; USER=root ; COMMAND=/bin/systemctl status ntp
Dec 14 09:57:09 demo-t28 sudo[34037]: pam_unix(sudo:session): session opened for user root by (uid=0)
Dec 14 09:57:09 demo-t28 sudo[34037]: pam_unix(sudo:session): session closed for user root
Dec 14 09:57:09 demo-t28 sudo[34039]: maas : TTY=unknown ; PWD=/ ; USER=root ; COMMAND=/bin/systemctl status bind9
Dec 14 09:57:09 demo-t28 sudo[34039]: pam_unix(sudo:session): session opened for user root by (uid=0)
Dec 14 09:57:09 demo-t28 sudo[34039]: pam_unix(sudo:session): session closed for user root
Dec 14 09:57:09 demo-t28 sudo[34042]: maas : TTY=unknown ; PWD=/ ; USER=root ; COMMAND=/bin/systemctl status maas-proxy
Dec 14 09:57:09 demo-t28 sudo[34042]: pam_unix(sudo:session): session opened for user root by (uid=0)
Dec 14 09:57:09 demo-t28 sudo[34042]: pam_unix(sudo:session): session closed for user root
Dec 14 09:57:10 demo-t28 sh[1832]: 2016-12-14 09:57:10 -: [info] ::ffff:127.0.0.1 - - [14/Dec/2016:17:57:09 +0000] "GET /MAAS/api/2.0/machines/?agent_name=20712f13-683e-41f3-8e76-a87e84e0cae9&id=xgwkbe HTTP/1.1" 200 2217 "-" "Go-http-client/1.1"
Dec 14 09:57:20 demo-t28 sh[1832]: 2016-12-14 09:57:20 -: [info] ::ffff:127.0.0.1 - - [14/Dec/2016:17:57:19 +0000] "GET /MAAS/api/2.0/machines/?agent_name=20712f13-683e-41f3-8e76-a87e84e0cae9&id=xgwkbe HTTP/1.1" 200 2217 "-" "Go-http-client/1.1"
Dec 14 09:57:30 demo-t28 sh[1832]: 2016-12-14 09:57:30 -: [info] ::ffff:127.0.0.1 - - [14/Dec/2016:17:57:29 +0000] "GET /MAAS/api/2.0/machines/?agent_name=20712f13-683e-41f3-8e76-a87e84e0cae9&id=xgwkbe HTTP/1.1" 200 2217 "-" "Go-http-client/1.1"
Dec 14 09:57:38 demo-t28 sh[1829]: 2016-12-14 09:57:38 -: [info] ::ffff:192.168.1.1 - - [14/Dec/2016:17:57:37 +0000] "GET /MAAS/rpc/ HTTP/1.0" 200 292 "-" "provisioningserver.rpc.clusterservice.ClusterClientService"
Dec 14 09:57:39 demo-t28 ntpd[15315]: Soliciting pool server 2001:67c:1560:8003::c7
Dec 14 09:57:40 demo-t28 sh[1832]: 2016-12-14 09:57:40 -: [info] ::ffff:127.0.0.1 - - [14/Dec/2016:17:57:39 +0000] "GET /MAAS/api/2.0/machines/?agent_name=20712f13-683e-41f3-8e76-a87e84e0cae9&id=xgwkbe HTTP/1.1" 200 2217 "-" "Go-http-client/1.1"
Dec 14 09:57:50 demo-t28 sh[1832]: 2016-12-14 09:57:50 -: [info] ::ffff:127.0.0.1 - - [14/Dec/2016:17:57:49 +0000] "GET /MAAS/api/2.0/machines/?agent_name=20712f13-683e-41f3-8e76-a87e84e0cae9&id=xgwkbe HTTP/1.1" 200 2217 "-" "Go-http-client/1.1"
Dec 14 09:57:59 demo-t28 sh[1832]: 2016-12-14 09:57:59 -: [info] ::ffff:127.0.0.1 - - [14/Dec/2016:17:57:59 +0000] "GET /MAAS/api/2.0/machines/?agent_name=20712f13-683e-41f3-8e76-a87e84e0cae9&id=xgwkbe HTTP/1.1" 200 2217 "-" "Go-http-client/1.1"
Dec 14 09:58:08 demo-t28 sudo[34457]: maas : TTY=unknown ; PWD=/ ; USER=root ; COMMAND=/bin/systemctl status maas-dhcpd
Dec 14 09:58:08 demo-t28 sudo[34457]: pam_unix(sudo:session): session opened for user root by (uid=0)
Dec 14 09:58:08 demo-t28 sudo[34457]: pam_unix(sudo:session): session closed for user root
Dec 14 09:58:08 demo-t28 sudo[34458]: maas : TTY=unknown ; PWD=/ ; USER=root ; COMMAND=/bin/systemctl status tgt
Dec 14 09:58:08 demo-t28 sudo[34458]: pam_unix(sudo:session): session opened for user root by (uid=0)
Dec 14 09:58:08 demo-t28 sudo[34459]: maas : TTY=unknown ; PWD=/ ; USER=root ; COMMAND=/bin/systemctl status maas-dhcpd6
Dec 14 09:58:08 demo-t28 sudo[34459]: pam_unix(sudo:session): session opened for user root by (uid=0)
Dec 14 09:58:08 demo-t28 sudo[34458]: pam_unix(sudo:session): session closed for user root
Dec 14 09:58:08 demo-t28 sudo[34459]: pam_unix(sudo:session): session closed for user root
Dec 14 09:58:08 demo-t28 sh[1829]: 2016-12-14 09:58:08 -: [info] ::ffff:192.168.1.1 - - [14/Dec/2016:17:58:07 +0000] "GET /MAAS/rpc/ HTTP/1.0" 200 292 "-" "provisioningserver.rpc.clusterservice.ClusterClientService"
Dec 14 09:58:09 demo-t28 sudo[34475]: maas : TTY=unknown ; PWD=/ ; USER=root ; COMMAND=/bin/systemctl status ntp
Dec 14 09:58:09 demo-t28 sudo[34475]: pam_unix(sudo:session): session opened for user root by (uid=0)
Dec 14 09:58:09 demo-t28 sudo[34476]: maas : TTY=unknown ; PWD=/ ; USER=root ; COMMAND=/bin/systemctl status bind9
Dec 14 09:58:09 demo-t28 sudo[34476]: pam_unix(sudo:session): session opened for user root by (uid=0)
Dec 14 09:58:09 demo-t28 sudo[34475]: pam_unix(sudo:session): session closed for user root
Dec 14 09:58:09 demo-t28 sudo[34479]: maas : TTY=unknown ; PWD=/ ; USER=root ; COMMAND=/bin/systemctl status maas-proxy
Dec 14 09:58:09 demo-t28 sudo[34479]: pam_unix(sudo:session): session opened for user root by (uid=0)
Dec 14 09:58:09 demo-t28 sudo[34476]: pam_unix(sudo:session): session closed for user root
Dec 14 09:58:09 demo-t28 sudo[34479]: pam_unix(sudo:session): session closed for user root
Dec 14 09:58:10 demo-t28 sh[1832]: 2016-12-14 09:58:10 -: [info] ::ffff:127.0.0.1 - - [14/Dec/2016:17:58:09 +0000] "GET /MAAS/api/2.0/machines/?agent_name=20712f13-683e-41f3-8e76-a87e84e0cae9&id=xgwkbe HTTP/1.1" 200 2217 "-" "Go-http-client/1.1"
Dec 14 09:58:20 demo-t28 sh[1832]: 2016-12-14 09:58:20 -: [info] ::ffff:127.0.0.1 - - [14/Dec/2016:17:58:19 +0000] "GET /MAAS/api/2.0/machines/?agent_name=20712f13-683e-41f3-8e76-a87e84e0cae9&id=xgwkbe HTTP/1.1" 200 2217 "-" "Go-http-client/1.1"
Dec 14 09:58:30 demo-t28 sh[1832]: 2016-12-14 09:58:30 -: [info] ::ffff:127.0.0.1 - - [14/Dec/2016:17:58:29 +0000] "GET /MAAS/api/2.0/machines/?agent_name=20712f13-683e-41f3-8e76-a87e84e0cae9&id=xgwkbe HTTP/1.1" 200 2217 "-" "Go-http-client/1.1"
Dec 14 09:58:38 demo-t28 sh[1920]: 2016-12-14 09:58:38 -: [info] ::ffff:192.168.1.1 - - [14/Dec/2016:17:58:37 +0000] "GET /MAAS/rpc/ HTTP/1.0" 200 292 "-" "provisioningserver.rpc.clusterservice.ClusterClientService"
Dec 14 09:58:40 demo-t28 sh[1832]: 2016-12-14 09:58:40 -: [info] ::ffff:127.0.0.1 - - [14/Dec/2016:17:58:39 +0000] "GET /MAAS/api/2.0/machines/?agent_name=20712f13-683e-41f3-8e76-a87e84e0cae9&id=xgwkbe HTTP/1.1" 200 2217 "-" "Go-http-client/1.1"
Dec 14 09:58:46 demo-t28 ntpd[15315]: Soliciting pool server 2001:67c:1560:8003::c8
Dec 14 09:58:50 demo-t28 sh[1832]: 2016-12-14 09:58:50 -: [info] ::ffff:127.0.0.1 - - [14/Dec/2016:17:58:49 +0000] "GET /MAAS/api/2.0/machines/?agent_name=20712f13-683e-41f3-8e76-a87e84e0cae9&id=xgwkbe HTTP/1.1" 200 2217 "-" "Go-http-client/1.1"
Dec 14 09:59:00 demo-t28 sh[1832]: 2016-12-14 09:59:00 -: [info] ::ffff:127.0.0.1 - - [14/Dec/2016:17:59:00 +0000] "GET /MAAS/api/2.0/machines/?agent_name=20712f13-683e-41f3-8e76-a87e84e0cae9&id=xgwkbe HTTP/1.1" 200 2217 "-" "Go-http-client/1.1"
Dec 14 09:59:08 demo-t28 sudo[34916]: maas : TTY=unknown ; PWD=/ ; USER=root ; COMMAND=/bin/systemctl status maas-dhcpd
Dec 14 09:59:08 demo-t28 sudo[34916]: pam_unix(sudo:session): session opened for user root by (uid=0)
Dec 14 09:59:08 demo-t28 sudo[34917]: maas : TTY=unknown ; PWD=/ ; USER=root ; COMMAND=/bin/systemctl status tgt
Dec 14 09:59:08 demo-t28 sudo[34917]: pam_unix(sudo:session): session opened for user root by (uid=0)
Dec 14 09:59:08 demo-t28 sudo[34916]: pam_unix(sudo:session): session closed for user root
Dec 14 09:59:08 demo-t28 sudo[34917]: pam_unix(sudo:session): session closed for user root
Dec 14 09:59:08 demo-t28 sudo[34918]: maas : TTY=unknown ; PWD=/ ; USER=root ; COMMAND=/bin/systemctl status maas-dhcpd6
Dec 14 09:59:08 demo-t28 sudo[34918]: pam_unix(sudo:session): session opened for user root by (uid=0)
Dec 14 09:59:08 demo-t28 sh[1829]: 2016-12-14 09:59:08 -: [info] ::ffff:192.168.1.1 - - [14/Dec/2016:17:59:07 +0000] "GET /MAAS/rpc/ HTTP/1.0" 200 292 "-" "provisioningserver.rpc.clusterservice.ClusterClientService"
Dec 14 09:59:08 demo-t28 sudo[34918]: pam_unix(sudo:session): session closed for user root
Dec 14 09:59:09 demo-t28 sudo[34933]: maas : TTY=unknown ; PWD=/ ; USER=root ; COMMAND=/bin/systemctl status ntp
Dec 14 09:59:09 demo-t28 sudo[34933]: pam_unix(sudo:session): session opened for user root by (uid=0)
Dec 14 09:59:09 demo-t28 sudo[34933]: pam_unix(sudo:session): session closed for user root
Dec 14 09:59:09 demo-t28 sudo[34934]: maas : TTY=unknown ; PWD=/ ; USER=root ; COMMAND=/bin/systemctl status bind9
Dec 14 09:59:09 demo-t28 sudo[34934]: pam_unix(sudo:session): session opened for user root by (uid=0)
Dec 14 09:59:09 demo-t28 sudo[34934]: pam_unix(sudo:session): session closed for user root
Dec 14 09:59:09 demo-t28 sudo[34939]: maas : TTY=unknown ; PWD=/ ; USER=root ; COMMAND=/bin/systemctl status maas-proxy
Dec 14 09:59:09 demo-t28 sudo[34939]: pam_unix(sudo:session): session opened for user root by (uid=0)
Dec 14 09:59:09 demo-t28 sudo[34939]: pam_unix(sudo:session): session closed for user root
Dec 14 09:59:10 demo-t28 sh[1832]: 2016-12-14 09:59:10 -: [info] ::ffff:127.0.0.1 - - [14/Dec/2016:17:59:10 +0000] "GET /MAAS/api/2.0/machines/?agent_name=20712f13-683e-41f3-8e76-a87e84e0cae9&id=xgwkbe HTTP/1.1" 200 2217 "-" "Go-http-client/1.1"
Dec 14 09:59:20 demo-t28 sh[1832]: 2016-12-14 09:59:20 -: [info] ::ffff:127.0.0.1 - - [14/Dec/2016:17:59:20 +0000] "GET /MAAS/api/2.0/machines/?agent_name=20712f13-683e-41f3-8e76-a87e84e0cae9&id=xgwkbe HTTP/1.1" 200 2217 "-" "Go-http-client/1.1"
Dec 14 09:59:30 demo-t28 sh[1832]: 2016-12-14 09:59:30 -: [info] ::ffff:127.0.0.1 - - [14/Dec/2016:17:59:30 +0000] "GET /MAAS/api/2.0/machines/?agent_name=20712f13-683e-41f3-8e76-a87e84e0cae9&id=xgwkbe HTTP/1.1" 200 2217 "-" "Go-http-client/1.1"
Dec 14 09:59:38 demo-t28 sh[1829]: 2016-12-14 09:59:38 -: [info] ::ffff:192.168.1.1 - - [14/Dec/2016:17:59:37 +0000] "GET /MAAS/rpc/ HTTP/1.0" 200 292 "-" "provisioningserver.rpc.clusterservice.ClusterClientService"
Dec 14 09:59:40 demo-t28 sh[1832]: 2016-12-14 09:59:40 -: [info] ::ffff:127.0.0.1 - - [14/Dec/2016:17:59:39 +0000] "GET /MAAS/api/2.0/machines/?agent_name=20712f13-683e-41f3-8e76-a87e84e0cae9&id=xgwkbe HTTP/1.1" 200 2217 "-" "Go-http-client/1.1"
Dec 14 09:59:50 demo-t28 sh[1832]: 2016-12-14 09:59:50 -: [info] ::ffff:127.0.0.1 - - [14/Dec/2016:17:59:49 +0000] "GET /MAAS/api/2.0/machines/?agent_name=20712f13-683e-41f3-8e76-a87e84e0cae9&id=xgwkbe HTTP/1.1" 200 2217 "-" "Go-http-client/1.1"
Dec 14 09:59:52 demo-t28 ntpd[15315]: Soliciting pool server 2001:67c:1560:8003::c8
Dec 14 10:00:00 demo-t28 sh[1832]: 2016-12-14 10:00:00 -: [info] ::ffff:127.0.0.1 - - [14/Dec/2016:18:00:00 +0000] "GET /MAAS/api/2.0/machines/?agent_name=20712f13-683e-41f3-8e76-a87e84e0cae9&id=xgwkbe HTTP/1.1" 200 2217 "-" "Go-http-client/1.1"
Dec 14 10:00:08 demo-t28 sudo[35361]: maas : TTY=unknown ; PWD=/ ; USER=root ; COMMAND=/bin/systemctl status maas-dhcpd
Dec 14 10:00:08 demo-t28 sudo[35361]: pam_unix(sudo:session): session opened for user root by (uid=0)
Dec 14 10:00:08 demo-t28 sudo[35361]: pam_unix(sudo:session): session closed for user root
Dec 14 10:00:08 demo-t28 sudo[35362]: maas : TTY=unknown ; PWD=/ ; USER=root ; COMMAND=/bin/systemctl status tgt
Dec 14 10:00:08 demo-t28 sudo[35362]: pam_unix(sudo:session): session opened for user root by (uid=0)
Dec 14 10:00:08 demo-t28 sudo[35363]: maas : TTY=unknown ; PWD=/ ; USER=root ; COMMAND=/bin/systemctl status maas-dhcpd6
Dec 14 10:00:08 demo-t28 sudo[35363]: pam_unix(sudo:session): session opened for user root by (uid=0)
Dec 14 10:00:08 demo-t28 sudo[35362]: pam_unix(sudo:session): session closed for user root
Dec 14 10:00:08 demo-t28 sudo[35363]: pam_unix(sudo:session): session closed for user root
Dec 14 10:00:08 demo-t28 sh[1837]: 2016-12-14 10:00:08 -: [info] ::ffff:192.168.1.1 - - [14/Dec/2016:18:00:07 +0000] "GET /MAAS/rpc/ HTTP/1.0" 200 292 "-" "provisioningserver.rpc.clusterservice.ClusterClientService"
Dec 14 10:00:09 demo-t28 sudo[35379]: maas : TTY=unknown ; PWD=/ ; USER=root ; COMMAND=/bin/systemctl status ntp
Dec 14 10:00:09 demo-t28 sudo[35379]: pam_unix(sudo:session): session opened for user root by (uid=0)
Dec 14 10:00:09 demo-t28 sudo[35379]: pam_unix(sudo:session): session closed for user root
Dec 14 10:00:09 demo-t28 sudo[35381]: maas : TTY=unknown ; PWD=/ ; USER=root ; COMMAND=/bin/systemctl status bind9
Dec 14 10:00:09 demo-t28 sudo[35381]: pam_unix(sudo:session): session opened for user root by (uid=0)
Dec 14 10:00:09 demo-t28 sudo[35381]: pam_unix(sudo:session): session closed for user root
Dec 14 10:00:09 demo-t28 sudo[35383]: maas : TTY=unknown ; PWD=/ ; USER=root ; COMMAND=/bin/systemctl status maas-proxy
Dec 14 10:00:09 demo-t28 sudo[35383]: pam_unix(sudo:session): session opened for user root by (uid=0)
Dec 14 10:00:09 demo-t28 sudo[35383]: pam_unix(sudo:session): session closed for user root
Dec 14 10:00:10 demo-t28 sh[1832]: 2016-12-14 10:00:10 -: [info] ::ffff:127.0.0.1 - - [14/Dec/2016:18:00:10 +0000] "GET /MAAS/api/2.0/machines/?agent_name=20712f13-683e-41f3-8e76-a87e84e0cae9&id=xgwkbe HTTP/1.1" 200 2217 "-" "Go-http-client/1.1"
Dec 14 10:00:20 demo-t28 sh[1832]: 2016-12-14 10:00:20 -: [info] ::ffff:127.0.0.1 - - [14/Dec/2016:18:00:19 +0000] "GET /MAAS/api/2.0/machines/?agent_name=20712f13-683e-41f3-8e76-a87e84e0cae9&id=xgwkbe HTTP/1.1" 200 2217 "-" "Go-http-client/1.1"
Dec 14 10:00:30 demo-t28 sh[1832]: 2016-12-14 10:00:30 -: [info] ::ffff:127.0.0.1 - - [14/Dec/2016:18:00:30 +0000] "GET /MAAS/api/2.0/machines/?agent_name=20712f13-683e-41f3-8e76-a87e84e0cae9&id=xgwkbe HTTP/1.1" 200 2217 "-" "Go-http-client/1.1"
Dec 14 10:00:38 demo-t28 sh[1920]: 2016-12-14 10:00:38 -: [info] ::ffff:192.168.1.1 - - [14/Dec/2016:18:00:37 +0000] "GET /MAAS/rpc/ HTTP/1.0" 200 292 "-" "provisioningserver.rpc.clusterservice.ClusterClientService"
Dec 14 10:00:40 demo-t28 sh[1832]: 2016-12-14 10:00:40 -: [info] ::ffff:127.0.0.1 - - [14/Dec/2016:18:00:39 +0000] "GET /MAAS/api/2.0/machines/?agent_name=20712f13-683e-41f3-8e76-a87e84e0cae9&id=xgwkbe HTTP/1.1" 200 2217 "-" "Go-http-client/1.1"
Dec 14 10:00:50 demo-t28 sh[1832]: 2016-12-14 10:00:50 -: [info] ::ffff:127.0.0.1 - - [14/Dec/2016:18:00:50 +0000] "GET /MAAS/api/2.0/machines/?agent_name=20712f13-683e-41f3-8e76-a87e84e0cae9&id=xgwkbe HTTP/1.1" 200 2217 "-" "Go-http-client/1.1"
Dec 14 10:01:00 demo-t28 sh[1832]: 2016-12-14 10:01:00 -: [info] ::ffff:127.0.0.1 - - [14/Dec/2016:18:00:59 +0000] "GET /MAAS/api/2.0/machines/?agent_name=20712f13-683e-41f3-8e76-a87e84e0cae9&id=xgwkbe HTTP/1.1" 200 2217 "-" "Go-http-client/1.1"
Dec 14 10:01:00 demo-t28 ntpd[15315]: Soliciting pool server 2001:67c:1560:8003::c7
Dec 14 10:01:08 demo-t28 sudo[35804]: maas : TTY=unknown ; PWD=/ ; USER=root ; COMMAND=/bin/systemctl status maas-dhcpd
Dec 14 10:01:08 demo-t28 sudo[35804]: pam_unix(sudo:session): session opened for user root by (uid=0)
Dec 14 10:01:08 demo-t28 sudo[35805]: maas : TTY=unknown ; PWD=/ ; USER=root ; COMMAND=/bin/systemctl status tgt
Dec 14 10:01:08 demo-t28 sudo[35804]: pam_unix(sudo:session): session closed for user root
Dec 14 10:01:08 demo-t28 sudo[35805]: pam_unix(sudo:session): session opened for user root by (uid=0)
Dec 14 10:01:08 demo-t28 sudo[35805]: pam_unix(sudo:session): session closed for user root
Dec 14 10:01:08 demo-t28 sudo[35807]: maas : TTY=unknown ; PWD=/ ; USER=root ; COMMAND=/bin/systemctl status maas-dhcpd6
Dec 14 10:01:08 demo-t28 sudo[35807]: pam_unix(sudo:session): session opened for user root by (uid=0)
Dec 14 10:01:08 demo-t28 sudo[35807]: pam_unix(sudo:session): session closed for user root
Dec 14 10:01:08 demo-t28 sh[1837]: 2016-12-14 10:01:08 -: [info] ::ffff:192.168.1.1 - - [14/Dec/2016:18:01:07 +0000] "GET /MAAS/rpc/ HTTP/1.0" 200 292 "-" "provisioningserver.rpc.clusterservice.ClusterClientService"
Dec 14 10:01:08 demo-t28 sh[2031]: 2016-12-14 10:01:08 DHCPProbeService: [info] Probe for external DHCP servers started on interfaces: enP2p1s0f1, enP2p1s0f2.
Dec 14 10:01:08 demo-t28 dhcpd[15071]: DHCPDISCOVER from 1c:1b:0d:01:d8:14 via enP2p1s0f1
Dec 14 10:01:08 demo-t28 dhcpd[15071]: DHCPOFFER on 192.168.1.1 to 1c:1b:0d:01:d8:14 via enP2p1s0f1
Dec 14 10:01:09 demo-t28 sudo[35839]: maas : TTY=unknown ; PWD=/ ; USER=root ; COMMAND=/bin/systemctl status ntp
Dec 14 10:01:09 demo-t28 sudo[35839]: pam_unix(sudo:session): session opened for user root by (uid=0)
Dec 14 10:01:09 demo-t28 sudo[35839]: pam_unix(sudo:session): session closed for user root
Dec 14 10:01:09 demo-t28 sudo[35841]: maas : TTY=unknown ; PWD=/ ; USER=root ; COMMAND=/bin/systemctl status bind9
Dec 14 10:01:09 demo-t28 sudo[35841]: pam_unix(sudo:session): session opened for user root by (uid=0)
Dec 14 10:01:09 demo-t28 sudo[35841]: pam_unix(sudo:session): session closed for user root
Dec 14 10:01:09 demo-t28 sh[1920]: 2016-12-14 10:01:09 maasserver.regiondservices.active_discovery: [info] Active network discovery: Active scanning is not enabled on any subnet. Skipping periodic scan.
Dec 14 10:01:09 demo-t28 sudo[35854]: maas : TTY=unknown ; PWD=/ ; USER=root ; COMMAND=/bin/systemctl status maas-proxy
Dec 14 10:01:09 demo-t28 sudo[35854]: pam_unix(sudo:session): session opened for user root by (uid=0)
Dec 14 10:01:09 demo-t28 sudo[35854]: pam_unix(sudo:session): session closed for user root
Dec 14 10:01:10 demo-t28 sh[1832]: 2016-12-14 10:01:10 -: [info] ::ffff:127.0.0.1 - - [14/Dec/2016:18:01:10 +0000] "GET /MAAS/api/2.0/machines/?agent_name=20712f13-683e-41f3-8e76-a87e84e0cae9&id=xgwkbe HTTP/1.1" 200 2217 "-" "Go-http-client/1.1"
Dec 14 10:01:10 demo-t28 dhcpd[15071]: DHCPDISCOVER from 1c:1b:0d:01:d8:14 via enP2p1s0f1
Dec 14 10:01:10 demo-t28 dhcpd[15071]: DHCPOFFER on 192.168.1.1 to 1c:1b:0d:01:d8:14 via enP2p1s0f1
Dec 14 10:01:12 demo-t28 dhcpd[15071]: DHCPDISCOVER from 1c:1b:0d:01:d8:14 via enP2p1s0f1
Dec 14 10:01:12 demo-t28 dhcpd[15071]: DHCPOFFER on 192.168.1.1 to 1c:1b:0d:01:d8:14 via enP2p1s0f1
Dec 14 10:01:16 demo-t28 dhcpd[15071]: DHCPDISCOVER from 1c:1b:0d:01:d8:14 via enP2p1s0f1
Dec 14 10:01:16 demo-t28 dhcpd[15071]: DHCPOFFER on 192.168.1.1 to 1c:1b:0d:01:d8:14 via enP2p1s0f1
Dec 14 10:01:18 demo-t28 dhcpd[15071]: DHCPDISCOVER from 1c:1b:0d:01:d8:15 via enP2p1s0f1
Dec 14 10:01:19 demo-t28 dhcpd[15071]: DHCPOFFER on 192.168.1.195 to 1c:1b:0d:01:d8:15 via enP2p1s0f1
Dec 14 10:01:20 demo-t28 sh[1832]: 2016-12-14 10:01:20 -: [info] ::ffff:127.0.0.1 - - [14/Dec/2016:18:01:19 +0000] "GET /MAAS/api/2.0/machines/?agent_name=20712f13-683e-41f3-8e76-a87e84e0cae9&id=xgwkbe HTTP/1.1" 200 2217 "-" "Go-http-client/1.1"
Dec 14 10:01:20 demo-t28 dhcpd[15071]: DHCPDISCOVER from 1c:1b:0d:01:d8:15 via enP2p1s0f1
Dec 14 10:01:20 demo-t28 dhcpd[15071]: DHCPOFFER on 192.168.1.195 to 1c:1b:0d:01:d8:15 via enP2p1s0f1
Dec 14 10:01:22 demo-t28 dhcpd[15071]: DHCPDISCOVER from 1c:1b:0d:01:d8:15 via enP2p1s0f1
Dec 14 10:01:22 demo-t28 dhcpd[15071]: DHCPOFFER on 192.168.1.195 to 1c:1b:0d:01:d8:15 via enP2p1s0f1
Dec 14 10:01:26 demo-t28 dhcpd[15071]: DHCPDISCOVER from 1c:1b:0d:01:d8:15 via enP2p1s0f1
Dec 14 10:01:26 demo-t28 dhcpd[15071]: DHCPOFFER on 192.168.1.195 to 1c:1b:0d:01:d8:15 via enP2p1s0f1
Dec 14 10:01:28 demo-t28 sh[2031]: 2016-12-14 10:01:28 DHCPProbeService: [info] External DHCP probe complete.
Dec 14 10:01:30 demo-t28 sh[1832]: 2016-12-14 10:01:30 -: [info] ::ffff:127.0.0.1 - - [14/Dec/2016:18:01:29 +0000] "GET /MAAS/api/2.0/machines/?agent_name=20712f13-683e-41f3-8e76-a87e84e0cae9&id=xgwkbe HTTP/1.1" 200 2217 "-" "Go-http-client/1.1"
Dec 14 10:01:38 demo-t28 sh[1920]: 2016-12-14 10:01:38 -: [info] ::ffff:192.168.1.1 - - [14/Dec/2016:18:01:38 +0000] "GET /MAAS/rpc/ HTTP/1.0" 200 292 "-" "provisioningserver.rpc.clusterservice.ClusterClientService"
Dec 14 10:01:40 demo-t28 sh[1832]: 2016-12-14 10:01:40 -: [info] ::ffff:127.0.0.1 - - [14/Dec/2016:18:01:39 +0000] "GET /MAAS/api/2.0/machines/?agent_name=20712f13-683e-41f3-8e76-a87e84e0cae9&id=xgwkbe HTTP/1.1" 200 2217 "-" "Go-http-client/1.1"
Dec 14 10:01:50 demo-t28 sh[1832]: 2016-12-14 10:01:50 -: [info] ::ffff:127.0.0.1 - - [14/Dec/2016:18:01:49 +0000] "GET /MAAS/api/2.0/machines/?agent_name=20712f13-683e-41f3-8e76-a87e84e0cae9&id=xgwkbe HTTP/1.1" 200 2217 "-" "Go-http-client/1.1"
Dec 14 10:02:00 demo-t28 sh[1832]: 2016-12-14 10:02:00 -: [info] ::ffff:127.0.0.1 - - [14/Dec/2016:18:01:59 +0000] "GET /MAAS/api/2.0/machines/?agent_name=20712f13-683e-41f3-8e76-a87e84e0cae9&id=xgwkbe HTTP/1.1" 200 2217 "-" "Go-http-client/1.1"
Dec 14 10:02:08 demo-t28 sudo[36286]: maas : TTY=unknown ; PWD=/ ; USER=root ; COMMAND=/bin/systemctl status maas-dhcpd
Dec 14 10:02:08 demo-t28 sudo[36286]: pam_unix(sudo:session): session opened for user root by (uid=0)
