W/WindowManager( 447): mAppToken=AppWindowToken{41ee8be0 token=Token{41f1b3e0 ActivityRecord{41f138b0 u0 org.zeroxlab.zeroxbenchmark/org.zeroxlab.graphics.DrawImage t11}}}
W/WindowManager( 447): mViewVisibility=0x8 mHaveFrame=true mObscured=false
W/WindowManager( 447): mSeq=0 mSystemUiVisibility=0x0
W/WindowManager( 447): mGivenContentInsets=[0,0][0,0] mGivenVisibleInsets=[0,0][0,0]
W/WindowManager( 447): mConfiguration={1.0 ?mcc?mnc en_US ldltr sw360dp w360dp h567dp 320dpi nrml port finger -keyb/v/h -nav/h s.5}
W/WindowManager( 447): mHasSurface=true mShownFrame=[180.0,1302.3892][900.0,2486.3892] isReadyForDisplay()=false
W/WindowManager( 447): mFrame=[0,0][720,1184] last=[0,0][720,1184]
W/WindowManager( 447): mSystemDecorRect=[0,50][720,1184] last=[0,50][720,1184]
W/WindowManager( 447): Frames: containing=[0,0][720,1184] parent=[0,0][720,1184]
W/WindowManager( 447): display=[0,0][720,1184] overscan=[0,0][720,1280]
W/WindowManager( 447): content=[0,50][720,1184] visible=[0,50][720,1184]
W/WindowManager( 447): decor=[0,50][720,1184]
W/WindowManager( 447): Cur insets: overscan=[0,0][0,0] content=[0,50][0,0] visible=[0,50][0,0]
W/WindowManager( 447): Lst insets: overscan=[0,0][0,0] content=[0,50][0,0] visible=[0,50][0,0]
W/WindowManager( 447): WindowStateAnimator{41f90158 org.zeroxlab.zeroxbenchmark/org.zeroxlab.graphics.DrawImage}:
W/WindowManager( 447): mSurface=Surface(name=org.zeroxlab.zeroxbenchmark/org.zeroxlab.graphics.DrawImage)
W/WindowManager( 447): mDrawState=HAS_DRAWN mLastHidden=true
W/WindowManager( 447): Surface: shown=false layer=21015 alpha=0.0 rect=(180.0,1302.3892) 720.0 x 1184.0
W/WindowManager( 447): mShownAlpha=0.0 mAlpha=1.0 mLastAlpha=0.0
W/WindowManager( 447): mGlobalScale=1.0 mDsDx=0.5 mDtDx=0.0 mDsDy=0.0 mDtDy=0.5
W/WindowManager( 447): mExiting=false mRemoveOnExit=false mDestroying=true mRemoved=false
W/WindowManager( 447): Current app token list:
V/WindowManager( 447): Display 0
V/WindowManager( 447): #1: Token{41e75638 ActivityRecord{41e753c0 u0 com.android.launcher/com.android.launcher2.Launcher t1}}
V/WindowManager( 447): #0: Token{41d9f088 ActivityRecord{41e6d230 u0 com.android.settings/.Settings t2}}
W/WindowManager( 447): Final window list:
V/WindowManager( 447): #0: Window{41ec9f78 u0 SearchPanel}
V/WindowManager( 447): #1: Window{41e95690 u0 NavigationBar}
V/WindowManager( 447): #2: Window{41eae808 u0 StatusBar}
V/WindowManager( 447): #3: Window{41e8e910 u0 Keyguard}
V/WindowManager( 447): #4: Window{41e36e08 u0 KeyguardScrim}
V/WindowManager( 447): #5: Window{41ec4dc0 u0 com.android.launcher/com.android.launcher2.Launcher}
V/WindowManager( 447): #6: Window{41ecca48 u0 com.android.settings/com.android.settings.Settings}
V/WindowManager( 447): #7: Window{41eef250 u0 com.android.phasebeam.PhaseBeamWallpaper}
I/ActivityManager( 447): Start proc com.android.deskclock for broadcast com.android.deskclock/com.android.alarmclock.DigitalAppWidgetProvider: pid=1887 uid=10024 gids={50024, 1028}
W/NativeCrashListener( 447): Couldn't find ProcessRecord for pid 10024
I/BootReceiver( 447): Copying /data/tombstones/tombstone_04 to DropBox (SYSTEM_TOMBSTONE)
D/ConnectivityService( 447): Sampling interval elapsed, updating statistics ..
D/ConnectivityService( 447): Done.
D/ConnectivityService( 447): Setting timer for 720seconds
W/ProcessCpuTracker( 447): Skipping unknown process pid 24803
W/ProcessCpuTracker( 447): Skipping unknown process pid 26274
W/ProcessCpuTracker( 447): Skipping unknown process pid 29960
W/InputMethodManagerService( 447): Window already focused, ignoring focus gain of: com.android.internal.view.IInputMethodClient$Stub$Proxy@41e90cd0 attribute=null, token = android.os.BinderProxy@41ec4b70
W/BroadcastQueue( 447): Skipping deliver [background] BroadcastRecord{41f5bbb8 u-1 android.net.conn.CONNECTIVITY_CHANGE} to ReceiverList{41f5b9f8 25242 (unknown name)/0/u-1 remote:41f98840}: process crashing
I/ActivityManager( 447): Start proc com.android.defcontainer for service com.android.defcontainer/.DefaultContainerService: pid=25367 uid=10003 gids={50003, 1028, 1015, 1023, 2001, 1035}
W/ActivityManager( 447): No content provider found for permission revoke: file:///data/local/tmp/diversion.apk
W/ActivityManager( 447): No content provider found for permission revoke: file:///data/local/tmp/diversion.apk
I/PackageManager( 447): Copying native libraries to /data/app-lib/vmdl794717233
W/InputMethodManagerService( 447): Window already focused, ignoring focus gain of: com.android.internal.view.IInputMethodClient$Stub$Proxy@425246a0 attribute=null, token = android.os.BinderProxy@41ec4b70
I/ActivityManager( 447): Force stopping com.ezone.Diversion appid=10058 user=-1: update pkg
W/PackageManager( 447): Unknown permission com.android.vending.BILLING in package com.ezone.Diversion
I/ActivityManager( 447): Start proc android.process.acore for broadcast com.android.providers.contacts/.PackageIntentReceiver: pid=26004 uid=10002 gids={50002, 3003, 1028, 1015}
D/BackupManagerService( 447): Received broadcast Intent { act=android.intent.action.PACKAGE_ADDED dat=package:com.ezone.Diversion flg=0x4000010 (has extras) }
V/BackupManagerService( 447): addPackageParticipantsLocked: #1
I/PackageManager( 447): Adding preferred activity ComponentInfo{com.android.mms/com.android.mms.ui.ComposeMessageActivity} for user 0 :
I/PackageManager( 447): Adding preferred activity ComponentInfo{com.android.mms/com.android.mms.ui.ComposeMessageActivity} for user 0 :
I/PackageManager( 447): Adding preferred activity ComponentInfo{com.android.mms/com.android.mms.ui.ComposeMessageActivity} for user 0 :
I/PackageManager( 447): Adding preferred activity ComponentInfo{com.android.mms/com.android.mms.ui.ComposeMessageActivity} for user 0 :
W/RecognitionManagerService( 447): no available voice recognition services found for user 0
I/PackageManager( 447): Adding preferred activity ComponentInfo{com.android.mms/com.android.mms.ui.ComposeMessageActivity} for user 0 :
I/PackageManager( 447): Adding preferred activity ComponentInfo{com.android.mms/com.android.mms.ui.ComposeMessageActivity} for user 0 :
I/PackageManager( 447): Adding preferred activity ComponentInfo{com.android.mms/com.android.mms.ui.ComposeMessageActivity} for user 0 :
I/PackageManager( 447): Adding preferred activity ComponentInfo{com.android.mms/com.android.mms.ui.ComposeMessageActivity} for user 0 :
I/ActivityManager( 447): Start proc com.android.musicfx for broadcast com.android.musicfx/.Compatibility$Receiver: pid=26019 uid=10010 gids={50010, 3003, 3002}
I/ActivityManager( 447): Start proc com.android.voicedialer for broadcast com.android.voicedialer/.VoiceDialerReceiver: pid=26036 uid=10015 gids={50015, 3002}
I/ActivityManager( 447): Start proc com.android.gallery3d for broadcast com.android.gallery3d/.app.PackagesMonitor: pid=26055 uid=10032 gids={50032, 3003, 1028, 1015}
I/ActivityManager( 447): Start proc com.svox.pico for broadcast com.svox.pico/.VoiceDataInstallerReceiver: pid=26078 uid=10047 gids={50047, 1028, 1015}
I/ActivityManager( 447): START u0 {flg=0x10000000 cmp=com.ezone.Diversion/com.unity3d.player.UnityPlayerActivity} from pid 26049
I/ActivityManager( 447): Start proc com.ezone.Diversion for activity com.ezone.Diversion/com.unity3d.player.UnityPlayerActivity: pid=26144 uid=10058 gids={50058, 3003}
I/ActivityManager( 447): Config changes=480 {1.0 ?mcc?mnc en_US ldltr sw360dp w598dp h335dp 320dpi nrml land finger -keyb/v/h -nav/h s.6}
W/ProcessCpuTracker( 447): Skipping unknown process pid 26172
W/WindowManager( 447): Window freeze timeout expired.
W/WindowManager( 447): Force clearing orientation change: Window{41ebd2a8 u0 Starting com.ezone.Diversion}
W/WindowManager( 447): Force clearing orientation change: Window{41eef250 u0 com.android.phasebeam.PhaseBeamWallpaper}
I/WindowManager( 447): Screen frozen for +3s678ms due to Window{41f07d40 u0 com.ezone.Diversion/com.unity3d.player.UnityPlayerActivity}
W/ProcessCpuTracker( 447): Skipping unknown process pid 26445
W/ActivityManager( 447): Unable to start service Intent { act=com.android.vending.billing.MarketBillingService.BIND } U=0: not found
E/AndroidRuntime(26144): FATAL EXCEPTION: Thread-130
E/AndroidRuntime(26144): Process: com.ezone.Diversion, PID: 26144
E/AndroidRuntime(26144): java.lang.SecurityException: ConnectivityService: Neither user 10058 nor current process has android.permission.ACCESS_NETWORK_STATE.
E/AndroidRuntime(26144): at android.os.Parcel.readException(Parcel.java:1465)
E/AndroidRuntime(26144): at android.os.Parcel.readException(Parcel.java:1419)
E/AndroidRuntime(26144): at android.net.IConnectivityManager$Stub$Proxy.getActiveNetworkInfo(IConnectivityManager.java:813)
E/AndroidRuntime(26144): at android.net.ConnectivityManager.getActiveNetworkInfo(ConnectivityManager.java:560)
E/AndroidRuntime(26144): at com.millennialmedia.android.MMAdViewController$1.run(MMAdViewController.java:386)
W/ActivityManager( 447): Force finishing activity com.ezone.Diversion/com.unity3d.player.UnityPlayerActivity --------- beginning of /dev/log/main
I/NativeTester( 1394): ------------------------ process float 10 start ------------------------
I/NativeTester( 1394): server socket created
D/dalvikvm( 447): GC_FOR_ALLOC freed 14K, 44% free 8540K/15076K, paused 195ms, total 200ms
I/dalvikvm-heap( 447): Grow heap (frag case) to 9.477MB for 1127536-byte allocation
I/NativeTester( 1394): command executed
I/NativeTester( 1394): waiting conncetion with timeout 40000
D/dalvikvm( 447): GC_FOR_ALLOC freed <1K, 41% free 9641K/16180K, paused 101ms, total 101ms
I/NativeTester( 1394): connection accepted
I/NativeTester( 1394): stream created
W/ActivityManager( 447): Activity pause timeout for ActivityRecord{4229e420 u0 com.ezone.Diversion/com.unity3d.player.UnityPlayerActivity t12 f}
I/ActivityManager( 447): Config changes=480 {1.0 ?mcc?mnc en_US ldltr sw360dp w360dp h567dp 320dpi nrml port finger -keyb/v/h -nav/h s.7}
I/InputReader( 447): Reconfiguring input devices. changes=0x00000004
I/InputReader( 447): Device reconfigured: id=6, name='Melfas MMSxxx Touchscreen', size 720x1280, orientation 0, mode 1, display id 0
I/InputReader( 447): Reconfiguring input devices. changes=0x00000004
I/Choreographer(26144): Skipped 129 frames! The application may be doing too much work on its main thread.
D/PhoneStatusBar( 508): mSettingsPanelGravity = 55
I/Choreographer( 508): Skipped 30 frames! The application may be doing too much work on its main thread.
I/Choreographer( 667): Skipped 30 frames! The application may be doing too much work on its main thread.
D/dalvikvm( 667): GC_CONCURRENT freed 1903K, 19% free 8921K/10888K, paused 7ms+101ms, total 279ms
I/Choreographer( 508): Skipped 34 frames! The application may be doing too much work on its main thread.
E/IMGSRV ( 667): :0: gralloc_register_buffer: Cannot register a buffer twice (ID=6)
W/GraphicBufferMapper( 667): registerBuffer(0x5d879fd8) failed -22 (Invalid argument)
E/GraphicBuffer( 667): unflatten: registerBuffer failed: Invalid argument (-22)
W/WindowManager( 447): Window freeze timeout expired.
W/WindowManager( 447): Force clearing orientation change: Window{41ec4dc0 u0 com.android.launcher/com.android.launcher2.Launcher}
W/WindowManager( 447): Force clearing orientation change: Window{41eef250 u0 com.android.phasebeam.PhaseBeamWallpaper}
I/WindowManager( 447): Screen frozen for +2s29ms due to Window{41ec4dc0 u0 com.android.launcher/com.android.launcher2.Launcher}
V/RenderScript( 667): 0x5dea2868 Launching thread(s), CPUs 2
W/ContextImpl(26144): Implicit intents with startService are not safe: Intent { act=com.android.vending.billing.MarketBillingService.BIND } android.content.ContextWrapper.bindService:517 com.prime31.billing.BillingService.bindToMarketBillingService:559 com.prime31.billing.BillingService.access$0:551
W/ActivityManager( 447): Unable to start service Intent { act=com.android.vending.billing.MarketBillingService.BIND } U=0: not found
E/Prime31-BS(26144): Could not bind to service.
I/Choreographer(26144): Skipped 45 frames! The application may be doing too much work on its main thread.
D/MoPub (26144): Ad Unit (agltb3B1Yi1pbmNyDQsSBFNpdGUYh9i_EQw) going invisible: disabling refresh
D/Unity (26144): onDetachedFromWindow
I/Process (26144): Sending signal. PID: 26144 SIG: 9
I/ActivityManager( 447): Process com.ezone.Diversion (pid 26144) has died.
I/WindowState( 447): WIN DEATH: Window{41f07d40 u0 com.ezone.Diversion/com.unity3d.player.UnityPlayerActivity}
I/WindowState( 447): WIN DEATH: Window{41eb6558 u0 Whoops!}
I/WindowState( 447): WIN DEATH: Window{4248da48 u0 Whoops!}
I/WindowState( 447): WIN DEATH: Window{42296638 u0 Whoops!}
I/WindowState( 447): WIN DEATH: Window{41f68ca8 u0 Sorry!}
I/WindowState( 447): WIN DEATH: Window{41f84bb0 u0 Whoops!}
W/Binder ( 626): Caught a RuntimeException from the binder stub implementation.
W/Binder ( 626): java.lang.NullPointerException
W/Binder ( 626): at android.inputmethodservice.IInputMethodWrapper.setSessionEnabled(IInputMethodWrapper.java:280)
W/Binder ( 626): at com.android.internal.view.IInputMethod$Stub.onTransact(IInputMethod.java:129)
W/Binder ( 626): at android.os.Binder.execTransact(Binder.java:404)
W/Binder ( 626): at dalvik.system.NativeStart.run(Native Method)
W/InputMethodManagerService( 447): Got RemoteException sending setActive(false) notification to pid 26144 uid 10058
D/dalvikvm( 447): GC_EXPLICIT freed 482K, 42% free 9385K/16180K, paused 2ms+8ms, total 70ms
D/dalvikvm( 667): GC_FOR_ALLOC freed 599K, 11% free 9771K/10888K, paused 18ms, total 19ms
D/dalvikvm( 667): GC_FOR_ALLOC freed 163K, 8% free 11126K/12064K, paused 20ms, total 21ms
I/ActivityManager( 447): START u0 {act=android.intent.action.MAIN cat=[android.intent.category.LAUNCHER] flg=0x10200000 cmp=com.ezone.Diversion/com.unity3d.player.UnityPlayerActivity} from pid 667
W/ResourceType( 447): CREATING STRING CACHE OF 72 bytes
I/ActivityManager( 447): Start proc com.ezone.Diversion for activity com.ezone.Diversion/com.unity3d.player.UnityPlayerActivity: pid=26612 uid=10058 gids={50058, 3003}
I/dalvikvm(26612): CheckJNI enabled: not enabling JNI app bug workarounds.
I/ActivityManager( 447): Config changes=480 {1.0 ?mcc?mnc en_US ldltr sw360dp w598dp h335dp 320dpi nrml land finger -keyb/v/h -nav/h s.8}
I/InputReader( 447): Reconfiguring input devices. changes=0x00000004
I/InputReader( 447): Device reconfigured: id=6, name='Melfas MMSxxx Touchscreen', size 720x1280, orientation 1, mode 1, display id 0
D/AlarmManagerService( 447): Kernel timezone updated to -330 minutes west of GMT
D/PhoneStatusBar( 508): mSettingsPanelGravity = 55
D/dalvikvm(26612): Trying to load lib /data/app-lib/com.ezone.Diversion-1/libmono.so 0x41c114e0
W/linker (26612): libmono.so has text relocations. This is wasting memory and is a security risk. Please fix.
D/dalvikvm(26612): Added shared lib /data/app-lib/com.ezone.Diversion-1/libmono.so 0x41c114e0
E/IMGSRV ( 667): :0: gralloc_unregister_buffer: Cannot unregister unregistered buffer (ID=6)
W/GraphicBufferMapper( 667): unregisterBuffer(0x5dbb6e78) failed -22 (Invalid argument)
D/proxy (26612): Added shared lib /assets/libs/armeabi-vfp/libmono.so 0x5d87de74
D/proxy (26612): No JNI_OnLoad found in /assets/libs/armeabi-vfp/libmono.so 0x5d87de74
D/dalvikvm(26612): Trying to load lib /data/app-lib/com.ezone.Diversion-1/libunity.so 0x41c114e0
W/linker (26612): libunity.so has text relocations. This is wasting memory and is a security risk. Please fix.
D/dalvikvm(26612): Added shared lib /data/app-lib/com.ezone.Diversion-1/libunity.so 0x41c114e0
D/proxy (26612): Added shared lib /assets/libs/armeabi-vfp/libunity.so 0x5d8956fc
D/dalvikvm(26612): GC_FOR_ALLOC freed 202K, 8% free 3096K/3360K, paused 11ms, total 11ms
I/dalvikvm-heap(26612): Grow heap (frag case) to 4.251MB for 1228816-byte allocation
D/dalvikvm(26612): GC_FOR_ALLOC freed <1K, 6% free 4296K/4564K, paused 16ms, total 16ms
D/dalvikvm(26612): GC_CONCURRENT freed 1K, 6% free 4295K/4564K, paused 1ms+0ms, total 21ms
D/dalvikvm(26612): GC_FOR_ALLOC freed <1K, 6% free 4295K/4564K, paused 9ms, total 9ms
I/dalvikvm-heap(26612): Grow heap (frag case) to 5.422MB for 1228816-byte allocation
D/dalvikvm(26612): GC_FOR_ALLOC freed <1K, 5% free 5495K/5768K, paused 9ms, total 9ms
D/dalvikvm(26612): GC_CONCURRENT freed 0K, 5% free 5495K/5768K, paused 2ms+1ms, total 11ms
D/dalvikvm(26612): WAIT_FOR_CONCURRENT_GC blocked 5ms
I/dalvikvm-heap(26612): Grow heap (frag case) to 7.422MB for 2097168-byte allocation
D/dalvikvm(26612): GC_CONCURRENT freed <1K, 4% free 7543K/7820K, paused 2ms+1ms, total 12ms
D/dalvikvm(26612): WAIT_FOR_CONCURRENT_GC blocked 5ms
V/PhoneStatusBar( 508): setLightsOn(true)
D/Unity (26612): Creating OpenGL ES 1.x context (RGB16 565 24/8)
W/IInputConnectionWrapper( 667): showStatusIcon on inactive InputConnection
I/ActivityManager( 447): Displayed com.ezone.Diversion/com.unity3d.player.UnityPlayerActivity: +1s609ms
I/WindowManager( 447): Screen frozen for +1s583ms due to Window{41eb3f90 u0 Starting com.ezone.Diversion}
W/libc (26612): WARNING: generic atexit() called from legacy shared library
I/NativeTester( 1394): Process exited with value = 0
I/NativeTester( 1394): stdout update thread joined
I/NativeTester( 1394): stderr update thread joined
I/NativeTester( 1394): socket update thread joined
I/NativeTester( 1394): closing server socket
W/NativeTester( 1394): Monitor: All update threads joined
I/NativeTester( 1394): got port number from env: 41771
I/NativeTester( 1394): socket created
I/NativeTester( 1394): COUNT|0|1|lps
I/NativeTester( 1394): TIME|10.000061
I/NativeTester( 1394): COUNT|0|1|lps|10.000061
I/NativeTester( 1394): ------------------------ process float 10 finish ------------------------
I/NativeTester( 1394): ------------------------ process float 10 start ------------------------
I/NativeTester( 1394): server socket created
I/NativeTester( 1394): command executed
I/NativeTester( 1394): waiting conncetion with timeout 40000
I/NativeTester( 1394): connection accepted
I/NativeTester( 1394): stream created
D/dalvikvm( 447): GC_EXPLICIT freed 523K, 42% free 9524K/16180K, paused 5ms+13ms, total 110ms
I/NativeTester( 1394): Process exited with value = 0
I/NativeTester( 1394): stdout update thread joined
I/NativeTester( 1394): stderr update thread joined
I/NativeTester( 1394): socket update thread joined
I/NativeTester( 1394): closing server socket
W/NativeTester( 1394): Monitor: All update threads joined
I/NativeTester( 1394): got port number from env: 51665
I/NativeTester( 1394): socket created
I/NativeTester( 1394): COUNT|0|1|lps
I/NativeTester( 1394): TIME|10.000031
I/NativeTester( 1394): COUNT|0|1|lps|10.000031
I/NativeTester( 1394): ------------------------ process float 10 finish ------------------------
I/NativeTester( 1394): ------------------------ process float 10 start ------------------------
I/NativeTester( 1394): server socket created
I/Prime31-BS(26612): BillingService constructor
I/Prime31-BS(26612): billing service bound in onBind
I/Prime31 (26612): service onServiceConnected
W/ContextImpl(26612): Implicit intents with startService are not safe: Intent { act=com.android.vending.billing.MarketBillingService.BIND } android.content.ContextWrapper.bindService:517 com.prime31.billing.BillingService.bindToMarketBillingService:559 com.prime31.billing.BillingService.access$0:551
E/Prime31-BS(26612): Could not bind to service.
W/ActivityManager( 447): Unable to start service Intent { act=com.android.vending.billing.MarketBillingService.BIND } U=0: not found
I/NativeTester( 1394): command executed
I/NativeTester( 1394): waiting conncetion with timeout 40000
I/NativeTester( 1394): connection accepted
I/NativeTester( 1394): stream created
D/dalvikvm( 1394): GC_CONCURRENT freed 1276K, 20% free 6913K/8620K, paused 8ms+15ms, total 166ms
W/ContextImpl(26612): Implicit intents with startService are not safe: Intent { act=com.android.vending.billing.MarketBillingService.BIND } android.content.ContextWrapper.bindService:517 com.prime31.billing.BillingService.bindToMarketBillingService:559 com.prime31.billing.BillingService.access$0:551
E/Prime31-BS(26612): Could not bind to service.
W/ActivityManager( 447): Unable to start service Intent { act=com.android.vending.billing.MarketBillingService.BIND } U=0: not found
I/NativeTester( 1394): Process exited with value = 0
I/NativeTester( 1394): stdout update thread joined
I/NativeTester( 1394): stderr update thread joined
I/NativeTester( 1394): socket update thread joined
I/NativeTester( 1394): closing server socket
W/NativeTester( 1394): Monitor: All update threads joined
I/NativeTester( 1394): got port number from env: 58300
I/NativeTester( 1394): socket created
I/NativeTester( 1394): COUNT|0|1|lps
I/NativeTester( 1394): TIME|10.000031
I/NativeTester( 1394): COUNT|0|1|lps|10.000031
I/NativeTester( 1394): ------------------------ process float 10 finish ------------------------
I/NativeTester( 1394): ------------------------ process float 10 start ------------------------
I/NativeTester( 1394): server socket created
I/NativeTester( 1394): command executed
I/NativeTester( 1394): waiting conncetion with timeout 40000
I/NativeTester( 1394): connection accepted
I/NativeTester( 1394): stream created
I/Prime31 (26612): showBanner with adUnitId: agltb3B1Yi1pbmNyDQsSBFNpdGUYh9i_EQw
V/WebViewChromium(26612): Binding Chromium to the main looper Looper (main, tid 1) {41c0ae70}
I/chromium(26612): [INFO:library_loader_hooks.cc(112)] Chromium logging enabled: level = 0, default verbosity = 0
I/BrowserProcessMain(26612): Initializing chromium process, renderers=0
W/chromium(26612): [WARNING:proxy_service.cc(888)] PAC support disabled because there is no system implementation
D/dalvikvm(26612): GC_FOR_ALLOC freed 3166K, 38% free 5338K/8568K, paused 12ms, total 12ms
I/dalvikvm-heap(26612): Grow heap (frag case) to 6.344MB for 1127536-byte allocation
D/dalvikvm(26612): GC_FOR_ALLOC freed <1K, 25% free 6439K/8568K, paused 38ms, total 38ms
D/dalvikvm(26612): GC_CONCURRENT freed 0K, 25% free 6439K/8568K, paused 1ms+1ms, total 11ms
D/MoPub (26612): Failed to retrieve GPS location: access appears to be disabled.
D/MoPub (26612): adWillLoad: http://ads.mopub.com/m/ad?v=4&id=agltb3B1Yi1pbmNyDQsSBFNpdGUYh9i_EQw&udid=sha:447d5135f6a74bc5d56f8ee2f1a39e4b0b32c&z=+0530&o=l&sc_a=2.0
D/MoPub (26612): Ad Unit (agltb3B1Yi1pbmNyDQsSBFNpdGUYh9i_EQw) going visible: enabling refresh
I/MoPub (26612): Fetching ad network type: millennial_native
I/MoPub (26612): Loading native ad
I/MoPub (26612): Loading native adapter for type: millennial_native
E/MillennialMediaAdSDK(26612): Activity VideoPlayer not declared in AndroidManifest.xml
W/System.err(26612): android.content.pm.PackageManager$NameNotFoundException: ComponentInfo{com.ezone.Diversion/com.millennialmedia.android.VideoPlayer}
W/System.err(26612): at android.app.ApplicationPackageManager.getActivityInfo(ApplicationPackageManager.java:242)
W/System.err(26612): at com.millennialmedia.android.MMAdView.init(MMAdView.java:402)
W/System.err(26612): at com.millennialmedia.android.MMAdView.(MMAdView.java:239)
W/System.err(26612): at com.mopub.mobileads.MillennialAdapter.loadAd(MillennialAdapter.java:98)
W/System.err(26612): at com.mopub.mobileads.MoPubView.loadNativeSDK(MoPubView.java:235)
W/System.err(26612): at com.mopub.mobileads.AdView$LoadNativeAdTaskResult.execute(AdView.java:700)
W/System.err(26612): at com.mopub.mobileads.AdView$LoadUrlTask.onPostExecute(AdView.java:373)
W/System.err(26612): at com.mopub.mobileads.AdView$LoadUrlTask.onPostExecute(AdView.java:1)
W/System.err(26612): at android.os.AsyncTask.finish(AsyncTask.java:632)
W/System.err(26612): at android.os.AsyncTask.access$600(AsyncTask.java:177)
W/System.err(26612): at android.os.AsyncTask$InternalHandler.handleMessage(AsyncTask.java:645)
W/System.err(26612): at android.os.Handler.dispatchMessage(Handler.java:102)
W/System.err(26612): at android.os.Looper.loop(Looper.java:136)
W/System.err(26612): at android.app.ActivityThread.main(ActivityThread.java:5017)
W/System.err(26612): at java.lang.reflect.Method.invokeNative(Native Method)
W/System.err(26612): at java.lang.reflect.Method.invoke(Method.java:515)
W/System.err(26612): at com.android.internal.os.ZygoteInit$MethodAndArgsCaller.run(ZygoteInit.java:779)
W/System.err(26612): at com.android.internal.os.ZygoteInit.main(ZygoteInit.java:595)
W/System.err(26612): at dalvik.system.NativeStart.main(Native Method)
E/MillennialMediaAdSDK(26612): Activity MMAdViewOverlayActivity not declared in AndroidManifest.xml
W/System.err(26612): android.content.pm.PackageManager$NameNotFoundException: ComponentInfo{com.ezone.Diversion/com.millennialmedia.android.MMAdViewOverlayActivity}
W/System.err(26612): at android.app.ApplicationPackageManager.getActivityInfo(ApplicationPackageManager.java:242)
W/System.err(26612): at com.millennialmedia.android.MMAdView.init(MMAdView.java:418)
W/System.err(26612): at com.millennialmedia.android.MMAdView.(MMAdView.java:239)
W/System.err(26612): at com.mopub.mobileads.MillennialAdapter.loadAd(MillennialAdapter.java:98)
W/System.err(26612): at com.mopub.mobileads.MoPubView.loadNativeSDK(MoPubView.java:235)
W/System.err(26612): at com.mopub.mobileads.AdView$LoadNativeAdTaskResult.execute(AdView.java:700)
W/System.err(26612): at com.mopub.mobileads.AdView$LoadUrlTask.onPostExecute(AdView.java:373)
W/System.err(26612): at com.mopub.mobileads.AdView$LoadUrlTask.onPostExecute(AdView.java:1)
W/System.err(26612): at android.os.AsyncTask.finish(AsyncTask.java:632)
W/System.err(26612): at android.os.AsyncTask.access$600(AsyncTask.java:177)
W/System.err(26612): at android.os.AsyncTask$InternalHandler.handleMessage(AsyncTask.java:645)
W/System.err(26612): at android.os.Handler.dispatchMessage(Handler.java:102)
W/System.err(26612): at android.os.Looper.loop(Looper.java:136)
W/System.err(26612): at android.app.ActivityThread.main(ActivityThread.java:5017)
W/System.err(26612): at java.lang.reflect.Method.invokeNative(Native Method)
W/System.err(26612): at java.lang.reflect.Method.invoke(Method.java:515)
W/System.err(26612): at com.android.internal.os.ZygoteInit$MethodAndArgsCaller.run(ZygoteInit.java:779)
W/System.err(26612): at com.android.internal.os.ZygoteInit.main(ZygoteInit.java:595)
W/System.err(26612): at dalvik.system.NativeStart.main(Native Method)
W/System.err(26612): java.lang.SecurityException: Requires READ_PHONE_STATE: Neither user 10058 nor current process has android.permission.READ_PHONE_STATE.
W/System.err(26612): at android.os.Parcel.readException(Parcel.java:1465)
W/System.err(26612): at android.os.Parcel.readException(Parcel.java:1419)
W/System.err(26612): at com.android.internal.telephony.IPhoneSubInfo$Stub$Proxy.getDeviceId(IPhoneSubInfo.java:190)
W/System.err(26612): at android.telephony.TelephonyManager.getDeviceId(TelephonyManager.java:248)
W/System.err(26612): at com.millennialmedia.android.MMAdView.getAuid(MMAdView.java:1024)
W/System.err(26612): at com.millennialmedia.android.MMAdView.init(MMAdView.java:436)
W/System.err(26612): at com.millennialmedia.android.MMAdView.(MMAdView.java:239)
W/System.err(26612): at com.mopub.mobileads.MillennialAdapter.loadAd(MillennialAdapter.java:98)
W/System.err(26612): at com.mopub.mobileads.MoPubView.loadNativeSDK(MoPubView.java:235)
W/System.err(26612): at com.mopub.mobileads.AdView$LoadNativeAdTaskResult.execute(AdView.java:700)
W/System.err(26612): at com.mopub.mobileads.AdView$LoadUrlTask.onPostExecute(AdView.java:373)
W/System.err(26612): at com.mopub.mobileads.AdView$LoadUrlTask.onPostExecute(AdView.java:1)
W/System.err(26612): at android.os.AsyncTask.finish(AsyncTask.java:632)
W/System.err(26612): at android.os.AsyncTask.access$600(AsyncTask.java:177)
W/System.err(26612): at android.os.AsyncTask$InternalHandler.handleMessage(AsyncTask.java:645)
W/System.err(26612): at android.os.Handler.dispatchMessage(Handler.java:102)
W/System.err(26612): at android.os.Looper.loop(Looper.java:136)
W/System.err(26612): at android.app.ActivityThread.main(ActivityThread.java:5017)
W/System.err(26612): at java.lang.reflect.Method.invokeNative(Native Method)
W/System.err(26612): at java.lang.reflect.Method.invoke(Method.java:515)
W/System.err(26612): at com.android.internal.os.ZygoteInit$MethodAndArgsCaller.run(ZygoteInit.java:779)
W/System.err(26612): at com.android.internal.os.ZygoteInit.main(ZygoteInit.java:595)
W/System.err(26612): at dalvik.system.NativeStart.main(Native Method)
D/dalvikvm(26612): GC_CONCURRENT freed 262K, 16% free 7253K/8568K, paused 2ms+2ms, total 46ms
D/MoPub (26612): Loading Millennial ad...
I/MillennialMediaAdSDK(26612): No incomplete downloads.
I/MillennialMediaAdSDK(26612): Last ad name is null. Call for new ad.
W/dalvikvm(26612): threadid=19: thread exiting with uncaught exception (group=0x4190cba8)
E/AndroidRuntime(26612): FATAL EXCEPTION: Thread-130
E/AndroidRuntime(26612): Process: com.ezone.Diversion, PID: 26612
E/AndroidRuntime(26612): java.lang.SecurityException: ConnectivityService: Neither user 10058 nor current process has android.permission.ACCESS_NETWORK_STATE.
E/AndroidRuntime(26612): at android.os.Parcel.readException(Parcel.java:1465)
E/AndroidRuntime(26612): at android.os.Parcel.readException(Parcel.java:1419)
E/AndroidRuntime(26612): at android.net.IConnectivityManager$Stub$Proxy.getActiveNetworkInfo(IConnectivityManager.java:813)
E/AndroidRuntime(26612): at android.net.ConnectivityManager.getActiveNetworkInfo(ConnectivityManager.java:560)
E/AndroidRuntime(26612): at com.millennialmedia.android.MMAdViewController$1.run(MMAdViewController.java:386)
W/ActivityManager( 447): Force finishing activity com.ezone.Diversion/com.unity3d.player.UnityPlayerActivity
D/dalvikvm( 447): GC_FOR_ALLOC freed 612K, 43% free 9372K/16180K, paused 80ms, total 80ms
W/ActivityManager( 447): Activity pause timeout for ActivityRecord{41e888d0 u0 com.ezone.Diversion/com.unity3d.player.UnityPlayerActivity t13 f}
I/ActivityManager( 447): Config changes=480 {1.0 ?mcc?mnc en_US ldltr sw360dp w360dp h567dp 320dpi nrml port finger -keyb/v/h -nav/h s.9}
I/InputReader( 447): Reconfiguring input devices. changes=0x00000004
I/InputReader( 447): Device reconfigured: id=6, name='Melfas MMSxxx Touchscreen', size 720x1280, orientation 0, mode 1, display id 0
D/PhoneStatusBar( 508): mSettingsPanelGravity = 55
D/dalvikvm( 508): GC_CONCURRENT freed 1054K, 29% free 8687K/12152K, paused 4ms+6ms, total 115ms
I/WindowManager( 447): Screen frozen for +418ms due to Window{41e95690 u0 NavigationBar}
I/Choreographer(26612): Skipped 32 frames! The application may be doing too much work on its main thread.
I/Choreographer( 508): Skipped 37 frames! The application may be doing too much work on its main thread.
I/NativeTester( 1394): Process exited with value = 0
I/NativeTester( 1394): stdout update thread joined
I/NativeTester( 1394): stderr update thread joined
I/NativeTester( 1394): socket update thread joined
I/NativeTester( 1394): closing server socket
W/NativeTester( 1394): Monitor: All update threads joined
I/NativeTester( 1394): got port number from env: 46884
I/NativeTester( 1394): socket created
I/NativeTester( 1394): COUNT|0|1|lps
I/NativeTester( 1394): TIME|10.001252
I/NativeTester( 1394): COUNT|0|1|lps|10.001252
I/NativeTester( 1394): ------------------------ process float 10 finish ------------------------
I/NativeTester( 1394): ------------------------ process float 10 start ------------------------
I/NativeTester( 1394): server socket created
I/NativeTester( 1394): command executed
I/NativeTester( 1394): waiting conncetion with timeout 40000
I/NativeTester( 1394): connection accepted
I/NativeTester( 1394): stream created
E/IMGSRV ( 667): :0: gralloc_register_buffer: Cannot register a buffer twice (ID=6)
W/GraphicBufferMapper( 667): registerBuffer(0x5d87d560) failed -22 (Invalid argument)
E/GraphicBuffer( 667): unflatten: registerBuffer failed: Invalid argument (-22)
D/MoPub (26612): Ad Unit (agltb3B1Yi1pbmNyDQsSBFNpdGUYh9i_EQw) going invisible: disabling refresh
D/Unity (26612): onDetachedFromWindow
I/Process (26612): Sending signal. PID: 26612 SIG: 9
V/RenderScript( 667): 0x5dfd02b0 Launching thread(s), CPUs 2
I/ActivityManager( 447): Process com.ezone.Diversion (pid 26612) has died.
I/WindowState( 447): WIN DEATH: Window{41edbc50 u0 com.ezone.Diversion/com.unity3d.player.UnityPlayerActivity}
I/WindowState( 447): WIN DEATH: Window{41f63490 u0 Whoops!}
W/InputDispatcher( 447): channel '41f9c0d8 Whoops! (server)' ~ Consumer closed input channel or an error occurred. events=0x9
E/InputDispatcher( 447): channel '41f9c0d8 Whoops! (server)' ~ Channel is unrecoverably broken and will be disposed!
W/InputDispatcher( 447): channel '41fab858 Sorry! (server)' ~ Consumer closed input channel or an error occurred. events=0x9
E/InputDispatcher( 447): channel '41fab858 Sorry! (server)' ~ Channel is unrecoverably broken and will be disposed!
W/InputDispatcher( 447): channel '4239d718 Whoops! (server)' ~ Consumer closed input channel or an error occurred. events=0x9
E/InputDispatcher( 447): channel '4239d718 Whoops! (server)' ~ Channel is unrecoverably broken and will be disposed!
W/InputDispatcher( 447): channel '42656040 Whoops! (server)' ~ Consumer closed input channel or an error occurred. events=0x9
E/InputDispatcher( 447): channel '42656040 Whoops! (server)' ~ Channel is unrecoverably broken and will be disposed!
W/InputDispatcher( 447): Attempted to unregister already unregistered input channel '41f9c0d8 Whoops! (server)'
I/WindowState( 447): WIN DEATH: Window{41f9c0d8 u0 Whoops!}
D/dalvikvm( 447): GC_EXPLICIT freed 469K, 42% free 9436K/16180K, paused 6ms+48ms, total 207ms
W/InputDispatcher( 447): Attempted to unregister already unregistered input channel '4239d718 Whoops! (server)'
I/WindowState( 447): WIN DEATH: Window{4239d718 u0 Whoops!}
W/InputDispatcher( 447): Attempted to unregister already unregistered input channel '41fab858 Sorry! (server)'
I/WindowState( 447): WIN DEATH: Window{41fab858 u0 Sorry!}
W/InputDispatcher( 447): Attempted to unregister already unregistered input channel '42656040 Whoops! (server)'
I/WindowState( 447): WIN DEATH: Window{42656040 u0 Whoops!}
W/Binder ( 626): Caught a RuntimeException from the binder stub implementation.
W/Binder ( 626): java.lang.NullPointerException
W/Binder ( 626): at android.inputmethodservice.IInputMethodWrapper.setSessionEnabled(IInputMethodWrapper.java:280)
W/Binder ( 626): at com.android.internal.view.IInputMethod$Stub.onTransact(IInputMethod.java:129)
W/Binder ( 626): at android.os.Binder.execTransact(Binder.java:404)
W/Binder ( 626): at dalvik.system.NativeStart.run(Native Method)
W/InputMethodManagerService( 447): Got RemoteException sending setActive(false) notification to pid 26612 uid 10058
I/NativeTester( 1394): Process exited with value = 0
I/NativeTester( 1394): stdout update thread joined
I/NativeTester( 1394): stderr update thread joined
I/NativeTester( 1394): socket update thread joined
I/NativeTester( 1394): closing server socket
W/NativeTester( 1394): Monitor: All update threads joined
I/NativeTester( 1394): got port number from env: 56025
I/NativeTester( 1394): socket created
I/NativeTester( 1394): COUNT|0|1|lps
I/NativeTester( 1394): TIME|10.000030
I/NativeTester( 1394): COUNT|0|1|lps|10.000030
I/NativeTester( 1394): ------------------------ process float 10 finish ------------------------
I/NativeTester( 1394): ------------------------ process float 10 start ------------------------
I/NativeTester( 1394): server socket created
I/NativeTester( 1394): command executed
I/NativeTester( 1394): waiting conncetion with timeout 40000
I/NativeTester( 1394): connection accepted
I/NativeTester( 1394): stream created
I/NativeTester( 1394): Process exited with value = 0
I/NativeTester( 1394): stdout update thread joined
I/NativeTester( 1394): stderr update thread joined
I/NativeTester( 1394): socket update thread joined
I/NativeTester( 1394): closing server socket
W/NativeTester( 1394): Monitor: All update threads joined
I/NativeTester( 1394): got port number from env: 45614
I/NativeTester( 1394): socket created
I/NativeTester( 1394): COUNT|0|1|lps
I/NativeTester( 1394): TIME|10.000031
I/NativeTester( 1394): COUNT|0|1|lps|10.000031
I/NativeTester( 1394): ------------------------ process float 10 finish ------------------------
I/NativeTester( 1394): ------------------------ process float 10 start ------------------------
I/NativeTester( 1394): server socket created
I/NativeTester( 1394): command executed
I/NativeTester( 1394): waiting conncetion with timeout 40000
I/NativeTester( 1394): connection accepted
I/NativeTester( 1394): stream created
D/AndroidRuntime(26703):
D/AndroidRuntime(26703): >>>>>> AndroidRuntime START com.android.internal.os.RuntimeInit <<<<<<
D/AndroidRuntime(26703): CheckJNI is ON
D/dalvikvm(26703): Trying to load lib libjavacore.so 0x0
D/dalvikvm(26703): Added shared lib libjavacore.so 0x0
D/dalvikvm(26703): Trying to load lib libnativehelper.so 0x0
D/dalvikvm(26703): Added shared lib libnativehelper.so 0x0
D/dalvikvm(26703): No JNI_OnLoad found in libnativehelper.so 0x0, skipping init
D/dalvikvm(26703): Note: class Landroid/app/ActivityManagerNative; has 179 unimplemented (abstract) methods
E/memtrack(26703): Couldn't load memtrack module (No such file or directory)
E/android.os.Debug(26703): failed to load memtrack module: -2
D/AndroidRuntime(26703): Calling main entry com.android.commands.monkey.Monkey
W/BroadcastQueue( 447): Skipping deliver [background] BroadcastRecord{41f18db8 u-1 android.net.conn.CONNECTIVITY_CHANGE} to ReceiverList{41ec9d10 26703 (unknown name)/0/u-1 remote:41e8fab0}: process crashing
D/MonkeyStub(26703): translateCommand: wake
D/LightsService( 447): Excessive delay setting light: 67ms
D/LightsService( 447): Excessive delay setting light: 67ms
D/AndroidRuntime(26718):
D/AndroidRuntime(26718): >>>>>> AndroidRuntime START com.android.internal.os.RuntimeInit <<<<<<
D/AndroidRuntime(26718): CheckJNI is ON
D/dalvikvm(26718): Trying to load lib libjavacore.so 0x0
D/dalvikvm(26718): Added shared lib libjavacore.so 0x0
D/dalvikvm(26718): Trying to load lib libnativehelper.so 0x0
D/dalvikvm(26718): Added shared lib libnativehelper.so 0x0
D/dalvikvm(26718): No JNI_OnLoad found in libnativehelper.so 0x0, skipping init
D/dalvikvm(26718): Note: class Landroid/app/ActivityManagerNative; has 179 unimplemented (abstract) methods
E/memtrack(26718): Couldn't load memtrack module (No such file or directory)
E/android.os.Debug(26718): failed to load memtrack module: -2
D/AndroidRuntime(26718): Calling main entry com.android.commands.svc.Svc
D/AndroidRuntime(26718): Shutting down VM
D/dalvikvm(26718): GC_CONCURRENT freed 96K, 15% free 554K/652K, paused 1ms+0ms, total 3ms
D/AndroidRuntime(26728):
D/AndroidRuntime(26728): >>>>>> AndroidRuntime START com.android.internal.os.RuntimeInit <<<<<<
D/AndroidRuntime(26728): CheckJNI is ON
D/dalvikvm(26728): Trying to load lib libjavacore.so 0x0
D/dalvikvm(26728): Added shared lib libjavacore.so 0x0
D/dalvikvm(26728): Trying to load lib libnativehelper.so 0x0
D/dalvikvm(26728): Added shared lib libnativehelper.so 0x0
D/dalvikvm(26728): No JNI_OnLoad found in libnativehelper.so 0x0, skipping init
D/dalvikvm(26728): Note: class Landroid/app/ActivityManagerNative; has 179 unimplemented (abstract) methods
E/memtrack(26728): Couldn't load memtrack module (No such file or directory)
E/android.os.Debug(26728): failed to load memtrack module: -2
D/AndroidRuntime(26728): Calling main entry com.android.commands.input.Input
I/Input (26728): injectKeyEvent: KeyEvent { action=ACTION_DOWN, keyCode=KEYCODE_MENU, scanCode=0, metaState=0, flags=0x0, repeatCount=0, eventTime=3435152, downTime=3435152, deviceId=-1, source=0x101 }
I/Input (26728): injectKeyEvent: KeyEvent { action=ACTION_UP, keyCode=KEYCODE_MENU, scanCode=0, metaState=0, flags=0x0, repeatCount=0, eventTime=3435152, downTime=3435152, deviceId=-1, source=0x101 }
D/AndroidRuntime(26728): Shutting down VM
D/dalvikvm(26728): GC_CONCURRENT freed 98K, 16% free 563K/664K, paused 1ms+0ms, total 3ms
D/LightsService( 447): Excessive delay setting light: 67ms
D/LightsService( 447): Excessive delay setting light: 68ms
I/NativeTester( 1394): Process exited with value = 0
I/NativeTester( 1394): stdout update thread joined
I/NativeTester( 1394): stderr update thread joined
I/NativeTester( 1394): socket update thread joined
I/NativeTester( 1394): closing server socket
W/NativeTester( 1394): Monitor: All update threads joined
I/NativeTester( 1394): got port number from env: 41939
I/NativeTester( 1394): socket created
I/NativeTester( 1394): COUNT|0|1|lps
I/NativeTester( 1394): TIME|10.000031
I/NativeTester( 1394): COUNT|0|1|lps|10.000031
I/NativeTester( 1394): ------------------------ process float 10 finish ------------------------
I/NativeTester( 1394): ------------------------ process float 10 start ------------------------
I/NativeTester( 1394): server socket created
I/NativeTester( 1394): command executed
I/NativeTester( 1394): waiting conncetion with timeout 40000
I/NativeTester( 1394): connection accepted
I/NativeTester( 1394): stream created
D/AndroidRuntime(26750):
D/AndroidRuntime(26750): >>>>>> AndroidRuntime START com.android.internal.os.RuntimeInit <<<<<<
D/AndroidRuntime(26750): CheckJNI is ON
D/dalvikvm(26750): Trying to load lib libjavacore.so 0x0
D/dalvikvm(26750): Added shared lib libjavacore.so 0x0
D/dalvikvm(26750): Trying to load lib libnativehelper.so 0x0
D/dalvikvm(26750): Added shared lib libnativehelper.so 0x0
D/dalvikvm(26750): No JNI_OnLoad found in libnativehelper.so 0x0, skipping init
D/dalvikvm(26750): Note: class Landroid/app/ActivityManagerNative; has 179 unimplemented (abstract) methods
E/memtrack(26750): Couldn't load memtrack module (No such file or directory)
E/android.os.Debug(26750): failed to load memtrack module: -2
D/AndroidRuntime(26750): Calling main entry com.android.commands.pm.Pm
W/ActivityManager( 447): No content provider found for permission revoke: file:///data/local/tmp/AngryBirds_1.3.2_rio.apk
W/ActivityManager( 447): No content provider found for permission revoke: file:///data/local/tmp/AngryBirds_1.3.2_rio.apk
I/PackageManager( 447): Copying native libraries to /data/app-lib/vmdl-1672550835
W/PackageParser( 447): No actions in intent filter at /data/app/vmdl-1672550835.tmp Binary XML file line #38
W/PackageParser( 447): Unknown element under : supports-screens at /data/app/vmdl-1672550835.tmp Binary XML file line #50
D/dalvikvm( 447): GC_CONCURRENT freed 1034K, 39% free 9918K/16180K, paused 3ms+5ms, total 44ms
D/dalvikvm( 447): GC_CONCURRENT freed 1203K, 37% free 10327K/16180K, paused 3ms+4ms, total 47ms
D/dalvikvm( 447): GC_CONCURRENT freed 1701K, 36% free 10359K/16180K, paused 2ms+3ms, total 47ms
D/dalvikvm( 447): GC_CONCURRENT freed 1725K, 36% free 10374K/16180K, paused 3ms+4ms, total 48ms
D/dalvikvm( 447): GC_CONCURRENT freed 1791K, 36% free 10371K/16180K, paused 3ms+6ms, total 51ms
D/dalvikvm( 447): GC_CONCURRENT freed 1754K, 36% free 10386K/16180K, paused 3ms+6ms, total 57ms
I/PackageManager( 447): Running dexopt on: com.rovio.angrybirdsrio
I/healthd ( 120): battery l=100 v=4136 t=44.0 h=2 st=4 chg=u
D/dalvikvm(26761): DexOpt: load 81ms, verify+opt 468ms, 1391852 bytes
I/ActivityManager( 447): Force stopping com.rovio.angrybirdsrio appid=10059 user=-1: update pkg
I/InputReader( 447): Reconfiguring input devices. changes=0x00000010
I/PackageManager( 447): Action: "android.intent.action.SENDTO"
I/PackageManager( 447): Category: "android.intent.category.DEFAULT"
I/PackageManager( 447): Scheme: "sms"
I/PackageManager( 447): Adding preferred activity ComponentInfo{com.android.mms/com.android.mms.ui.ComposeMessageActivity} for user 0 :
D/BackupManagerService( 447): Received broadcast Intent { act=android.intent.action.PACKAGE_ADDED dat=package:com.rovio.angrybirdsrio flg=0x4000010 (has extras) }
V/BackupManagerService( 447): addPackageParticipantsLocked: #1
I/PackageManager( 447): Action: "android.intent.action.SENDTO"
I/PackageManager( 447): Category: "android.intent.category.DEFAULT"
I/PackageManager( 447): Scheme: "smsto"
I/PackageManager( 447): Adding preferred activity ComponentInfo{com.android.mms/com.android.mms.ui.ComposeMessageActivity} for user 0 :
D/dalvikvm( 648): GC_CONCURRENT freed 477K, 14% free 3468K/4012K, paused 12ms+1ms, total 62ms
I/PackageManager( 447): Action: "android.intent.action.SENDTO"
I/PackageManager( 447): Category: "android.intent.category.DEFAULT"
I/PackageManager( 447): Adding preferred activity ComponentInfo{com.android.mms/com.android.mms.ui.ComposeMessageActivity} for user 0 :
I/PackageManager( 447): Scheme: "mms"
I/PackageManager( 447): Action: "android.intent.action.SENDTO"
I/PackageManager( 447): Category: "android.intent.category.DEFAULT"
I/PackageManager( 447): Scheme: "mmsto"
W/ResourceType( 447): Failure getting entry for 0x7f060000 (t=5 e=0) in package 0 (error -75)
I/PackageManager( 447): Adding preferred activity ComponentInfo{com.android.mms/com.android.mms.ui.ComposeMessageActivity} for user 0 :
I/PackageManager( 447): Action: "android.intent.action.SENDTO"
I/PackageManager( 447): Category: "android.intent.category.DEFAULT"
I/PackageManager( 447): Adding preferred activity ComponentInfo{com.android.mms/com.android.mms.ui.ComposeMessageActivity} for user 0 :
I/PackageManager( 447): Scheme: "sms"
D/dalvikvm( 447): GC_EXPLICIT freed 906K, 35% free 10557K/16180K, paused 6ms+46ms, total 369ms
D/AndroidRuntime(26750): Shutting down VM
I/PackageManager( 447): Action: "android.intent.action.SENDTO"
I/PackageManager( 447): Category: "android.intent.category.DEFAULT"
I/PackageManager( 447): Scheme: "smsto"
I/PackageManager( 447): Adding preferred activity ComponentInfo{com.android.mms/com.android.mms.ui.ComposeMessageActivity} for user 0 :
D/dalvikvm(26750): GC_CONCURRENT freed 95K, 15% free 561K/660K, paused 1ms+0ms, total 14ms
I/PackageManager( 447): Action: "android.intent.action.SENDTO"
I/PackageManager( 447): Category: "android.intent.category.DEFAULT"
I/PackageManager( 447): Scheme: "mms"
I/PackageManager( 447): Adding preferred activity ComponentInfo{com.android.mms/com.android.mms.ui.ComposeMessageActivity} for user 0 :
I/PackageManager( 447): Action: "android.intent.action.SENDTO"
I/PackageManager( 447): Category: "android.intent.category.DEFAULT"
I/PackageManager( 447): Scheme: "mmsto"
I/PackageManager( 447): Adding preferred activity ComponentInfo{com.android.mms/com.android.mms.ui.ComposeMessageActivity} for user 0 :
D/dalvikvm( 648): GC_CONCURRENT freed 418K, 13% free 3498K/4020K, paused 4ms+4ms, total 59ms
I/Choreographer( 667): Skipped 38 frames! The application may be doing too much work on its main thread.
W/RecognitionManagerService( 447): no available voice recognition services found for user 0
D/AndroidRuntime(26766):
D/AndroidRuntime(26766): >>>>>> AndroidRuntime START com.android.internal.os.RuntimeInit <<<<<<
D/AndroidRuntime(26766): CheckJNI is ON
D/dalvikvm( 667): GC_CONCURRENT freed 2504K, 19% free 11224K/13784K, paused 8ms+29ms, total 132ms
I/NativeTester( 1394): Process exited with value = 0
I/NativeTester( 1394): stdout update thread joined
I/NativeTester( 1394): stderr update thread joined
I/NativeTester( 1394): socket update thread joined
I/NativeTester( 1394): closing server socket
W/NativeTester( 1394): Monitor: All update threads joined
I/NativeTester( 1394): got port number from env: 42027
I/NativeTester( 1394): socket created
I/NativeTester( 1394): COUNT|0|1|lps
I/NativeTester( 1394): TIME|10.009278
I/NativeTester( 1394): COUNT|0|1|lps|10.009278
I/NativeTester( 1394): ------------------------ process float 10 finish ------------------------
I/NativeTester( 1394): ------------------------ process float 10 start ------------------------
I/NativeTester( 1394): server socket created
D/dalvikvm(26766): Trying to load lib libjavacore.so 0x0
D/dalvikvm(26766): Added shared lib libjavacore.so 0x0
D/dalvikvm(26766): Trying to load lib libnativehelper.so 0x0
D/dalvikvm(26766): Added shared lib libnativehelper.so 0x0
D/dalvikvm(26766): No JNI_OnLoad found in libnativehelper.so 0x0, skipping init
I/Choreographer( 667): Skipped 71 frames! The application may be doing too much work on its main thread.
I/NativeTester( 1394): command executed
I/NativeTester( 1394): waiting conncetion with timeout 40000
I/NativeTester( 1394): connection accepted
I/NativeTester( 1394): stream created
D/dalvikvm(26766): Note: class Landroid/app/ActivityManagerNative; has 179 unimplemented (abstract) methods
E/memtrack(26766): Couldn't load memtrack module (No such file or directory)
E/android.os.Debug(26766): failed to load memtrack module: -2
D/AndroidRuntime(26766): Calling main entry com.android.commands.am.Am
I/ActivityManager( 447): START u0 {flg=0x10000000 cmp=com.rovio.angrybirdsrio/com.rovio.ka3d.App} from pid 26766
D/AndroidRuntime(26766): Shutting down VM
D/dalvikvm(26766): GC_CONCURRENT freed 95K, 15% free 586K/684K, paused 1ms+0ms, total 4ms
I/ActivityManager( 447): Start proc com.rovio.angrybirdsrio for activity com.rovio.angrybirdsrio/com.rovio.ka3d.App: pid=26783 uid=10059 gids={50059, 3003, 1028, 1015}
I/dalvikvm(26783): CheckJNI enabled: not enabling JNI app bug workarounds.
I/InputReader( 447): Reconfiguring input devices. changes=0x00000004
I/InputReader( 447): Device reconfigured: id=6, name='Melfas MMSxxx Touchscreen', size 720x1280, orientation 1, mode 1, display id 0
I/ActivityManager( 447): Config changes=480 {1.0 ?mcc?mnc en_US ldltr sw360dp w598dp h335dp 320dpi nrml land finger -keyb/v/h -nav/h s.10}
D/PhoneStatusBar( 508): mSettingsPanelGravity = 55
W/BufferQueue( 131): [AtchDlg:com.android.launcher/com.android.launcher2.Launcher] cancelBuffer: BufferQueue has been abandoned!
V/PhoneStatusBar( 508): setLightsOn(true)
D/dalvikvm(26783): Trying to load lib /data/app-lib/com.rovio.angrybirdsrio-1/libangrybirds.so 0x41c12a58
W/linker (26783): libangrybirds.so has text relocations. This is wasting memory and is a security risk. Please fix.
