E/AndroidRuntime(27231): at android.app.ActivityThread.access$800(ActivityThread.java:135)
E/AndroidRuntime(27231): at android.app.ActivityThread$H.handleMessage(ActivityThread.java:1196)
E/AndroidRuntime(27231): at android.os.Handler.dispatchMessage(Handler.java:102)
E/AndroidRuntime(27231): at android.os.Looper.loop(Looper.java:136)
E/AndroidRuntime(27231): at android.app.ActivityThread.main(ActivityThread.java:5017)
E/AndroidRuntime(27231): at java.lang.reflect.Method.invokeNative(Native Method)
E/AndroidRuntime(27231): at java.lang.reflect.Method.invoke(Method.java:515)
E/AndroidRuntime(27231): at com.android.internal.os.ZygoteInit$MethodAndArgsCaller.run(ZygoteInit.java:779)
E/AndroidRuntime(27231): at com.android.internal.os.ZygoteInit.main(ZygoteInit.java:595)
E/AndroidRuntime(27231): at dalvik.system.NativeStart.main(Native Method)
W/ActivityManager( 447): Force finishing activity org.linaro.glmark2/.MainActivity
E/IMGSRV ( 667): :0: gralloc_unregister_buffer: Cannot unregister unregistered buffer (ID=6)
W/GraphicBufferMapper( 667): unregisterBuffer(0x5dbbc420) failed -22 (Invalid argument)
D/dalvikvm( 447): GC_FOR_ALLOC freed 845K, 40% free 10858K/18024K, paused 46ms, total 48ms
W/ActivityManager( 447): Activity pause timeout for ActivityRecord{41ecca68 u0 org.linaro.glmark2/.MainActivity t17 f}
E/IMGSRV ( 667): :0: gralloc_register_buffer: Cannot register a buffer twice (ID=6)
W/GraphicBufferMapper( 667): registerBuffer(0x5df33f98) failed -22 (Invalid argument)
E/GraphicBuffer( 667): unflatten: registerBuffer failed: Invalid argument (-22)
V/RenderScript( 667): 0x5dc9a1b8 Launching thread(s), CPUs 2
I/Process (27231): Sending signal. PID: 27231 SIG: 9
I/ActivityManager( 447): Process org.linaro.glmark2 (pid 27231) has died.
W/InputMethodManagerService( 447): Window already focused, ignoring focus gain of: com.android.internal.view.IInputMethodClient$Stub$Proxy@41e0b978 attribute=null, token = android.os.BinderProxy@41ec4b70
D/dalvikvm( 508): GC_FOR_ALLOC freed 859K, 28% free 8942K/12356K, paused 26ms, total 26ms
I/ActivityManager( 447): START u0 {act=android.intent.action.MAIN cat=[android.intent.category.HOME] flg=0x10200000 cmp=com.android.launcher/com.android.launcher2.Launcher} from pid 447
D/dalvikvm( 667): GC_CONCURRENT freed 1879K, 14% free 12450K/14416K, paused 2ms+4ms, total 29ms
D/dalvikvm( 667): WAIT_FOR_CONCURRENT_GC blocked 23ms
I/ActivityManager( 447): START u0 {act=android.intent.action.MAIN cat=[android.intent.category.LAUNCHER] flg=0x10200000 cmp=org.linaro.glmark2/.MainActivity} from pid 667
D/dalvikvm( 447): GC_FOR_ALLOC freed 881K, 40% free 10861K/18020K, paused 57ms, total 58ms
W/ResourceType( 447): CREATING STRING CACHE OF 72 bytes
I/ActivityManager( 447): Start proc org.linaro.glmark2 for activity org.linaro.glmark2/.MainActivity: pid=27254 uid=10030 gids={50030, 1028, 1015}
E/dalvikvm(27254): ERROR: couldn't find native method
E/dalvikvm(27254): Requested: Lorg/linaro/glmark2/Glmark2Native;.done:()V
E/ (27254): RegisterNatives failed for 'org/linaro/glmark2/Glmark2Native'
E/ (27254): JNI_OnLoad: glmark2 native registration failed
W/dalvikvm(27254): Exception Ljava/lang/NoSuchMethodError; thrown while initializing Lorg/linaro/glmark2/MainActivity;
W/dalvikvm(27254): Class init failed in newInstance call (Lorg/linaro/glmark2/MainActivity;)
D/AndroidRuntime(27254): Shutting down VM
W/dalvikvm(27254): threadid=1: thread exiting with uncaught exception (group=0x4190cba8)
E/AndroidRuntime(27254): FATAL EXCEPTION: main
E/AndroidRuntime(27254): Process: org.linaro.glmark2, PID: 27254
E/AndroidRuntime(27254): java.lang.NoSuchMethodError: no static or non-static method "Lorg/linaro/glmark2/Glmark2Native;.done()V"
E/AndroidRuntime(27254): at java.lang.Runtime.nativeLoad(Native Method)
E/AndroidRuntime(27254): at java.lang.Runtime.doLoad(Runtime.java:421)
E/AndroidRuntime(27254): at java.lang.Runtime.loadLibrary(Runtime.java:362)
E/AndroidRuntime(27254): at java.lang.System.loadLibrary(System.java:526)
E/AndroidRuntime(27254): at org.linaro.glmark2.MainActivity.(MainActivity.java:480)
E/AndroidRuntime(27254): at java.lang.Class.newInstanceImpl(Native Method)
E/AndroidRuntime(27254): at java.lang.Class.newInstance(Class.java:1208)
E/AndroidRuntime(27254): at android.app.Instrumentation.newActivity(Instrumentation.java:1061)
E/AndroidRuntime(27254): at android.app.ActivityThread.performLaunchActivity(ActivityThread.java:2112)
E/AndroidRuntime(27254): at android.app.ActivityThread.handleLaunchActivity(ActivityThread.java:2245)
E/AndroidRuntime(27254): at android.app.ActivityThread.access$800(ActivityThread.java:135)
E/AndroidRuntime(27254): at android.app.ActivityThread$H.handleMessage(ActivityThread.java:1196)
E/AndroidRuntime(27254): at android.os.Handler.dispatchMessage(Handler.java:102)
E/AndroidRuntime(27254): at android.os.Looper.loop(Looper.java:136)
E/AndroidRuntime(27254): at android.app.ActivityThread.main(ActivityThread.java:5017)
E/AndroidRuntime(27254): at java.lang.reflect.Method.invokeNative(Native Method)
E/AndroidRuntime(27254): at java.lang.reflect.Method.invoke(Method.java:515)
E/AndroidRuntime(27254): at com.android.internal.os.ZygoteInit$MethodAndArgsCaller.run(ZygoteInit.java:779)
E/AndroidRuntime(27254): at com.android.internal.os.ZygoteInit.main(ZygoteInit.java:595)
E/AndroidRuntime(27254): at dalvik.system.NativeStart.main(Native Method)
W/ActivityManager( 447): Force finishing activity org.linaro.glmark2/.MainActivity
E/IMGSRV ( 667): :0: gralloc_unregister_buffer: Cannot unregister unregistered buffer (ID=6)
W/GraphicBufferMapper( 667): unregisterBuffer(0x5e0c0740) failed -22 (Invalid argument)
D/dalvikvm( 447): GC_FOR_ALLOC freed 959K, 40% free 10846K/18020K, paused 49ms, total 49ms
W/ActivityManager( 447): Activity pause timeout for ActivityRecord{41f106b8 u0 org.linaro.glmark2/.MainActivity t18 f}
E/IMGSRV ( 667): :0: gralloc_register_buffer: Cannot register a buffer twice (ID=6)
W/GraphicBufferMapper( 667): registerBuffer(0x5f410438) failed -22 (Invalid argument)
E/GraphicBuffer( 667): unflatten: registerBuffer failed: Invalid argument (-22)
V/RenderScript( 667): 0x5df32148 Launching thread(s), CPUs 2
I/Process (27254): Sending signal. PID: 27254 SIG: 9
W/InputMethodManagerService( 447): Window already focused, ignoring focus gain of: com.android.internal.view.IInputMethodClient$Stub$Proxy@41c23ec8 attribute=null, token = android.os.BinderProxy@41ec4b70
I/ActivityManager( 447): Process org.linaro.glmark2 (pid 27254) has died.
W/ResourceType( 447): CREATING STRING CACHE OF 56 bytes
D/PhoneStatusBar( 508): disable: < EXPAND* icons alerts ticker system_info back home recent clock search > I/PowerManagerService( 447): Going to sleep by user request...
V/KeyguardHostView( 508): Initial transport state: 0, pbstate=0
W/ResourceType( 508): CREATING STRING CACHE OF 132 bytes
D/LightsService( 447): Excessive delay setting light: 92ms
D/SurfaceFlinger( 131): Screen released, type=0 flinger=0x41418450
D/dalvikvm( 508): GC_FOR_ALLOC freed 1994K, 34% free 8269K/12356K, paused 27ms, total 27ms
W/ResourceType( 508): CREATING STRING CACHE OF 92 bytes
W/ResourceType( 508): CREATING STRING CACHE OF 120 bytes
W/ResourceType( 508): CREATING STRING CACHE OF 108 bytes
W/ResourceType( 508): CREATING STRING CACHE OF 44 bytes
D/dalvikvm( 508): GC_FOR_ALLOC freed 428K, 24% free 9408K/12356K, paused 21ms, total 21ms
V/KeyguardHostView( 508): hide transport, gen:4
V/KeyguardHostView( 508): music state changed: 0
I/Choreographer( 508): Skipped 30 frames! The application may be doing too much work on its main thread.
W/InputMethodManagerService( 447): Window already focused, ignoring focus gain of: com.android.internal.view.IInputMethodClient$Stub$Proxy@41fb7f38 attribute=android.view.inputmethod.EditorInfo@426d4b70, token = android.os.BinderProxy@41ec4b70
I/PowerManagerService( 447): Waking up from sleep...
D/dalvikvm( 447): GC_CONCURRENT freed 1585K, 39% free 11151K/18020K, paused 4ms+8ms, total 124ms
V/KeyguardHostView( 508): Initial transport state: 0, pbstate=0
W/ResourceType( 508): CREATING STRING CACHE OF 132 bytes
D/dalvikvm( 508): GC_CONCURRENT freed 1679K, 21% free 9852K/12356K, paused 2ms+5ms, total 36ms
D/dalvikvm( 508): WAIT_FOR_CONCURRENT_GC blocked 13ms
W/ResourceType( 508): CREATING STRING CACHE OF 120 bytes
W/ResourceType( 508): CREATING STRING CACHE OF 108 bytes
W/ResourceType( 508): CREATING STRING CACHE OF 44 bytes
V/KeyguardHostView( 508): hide transport, gen:4
V/KeyguardHostView( 508): music state changed: 0
D/PowerManagerService-JNI( 447): Excessive delay in autosuspend_disable() while turning screen on: 357ms
D/SurfaceFlinger( 131): Screen acquired, type=0 flinger=0x41418450
D/PhoneStatusBar( 508): disable: < expand* icons alerts ticker system_info BACK* HOME* RECENT* CLOCK* SEARCH* > D/NfcService( 653): NFC-C OFF, disconnect
V/KeyguardServiceDelegate( 447): onScreenTurnedOn(showListener = com.android.internal.policy.impl.PhoneWindowManager$17@4209ce78)
D/dalvikvm( 508): GC_CONCURRENT freed 2184K, 20% free 9938K/12356K, paused 1ms+5ms, total 46ms
D/dalvikvm( 508): WAIT_FOR_CONCURRENT_GC blocked 23ms
V/KeyguardServiceDelegate( 447): **** SHOWN CALLED ****
I/WindowManager( 447): Lock screen displayed!
D/LightsService( 447): Excessive delay setting light: 96ms
W/GlowPadView( 508): The number of target drawables must be equal to the number of direction descriptions.
D/NfcService( 653): NFC-C ON
D/PhoneStatusBar( 508): disable: < expand icons alerts ticker system_info back* home* recent* clock* search* > W/InputMethodManagerService( 447): Window already focused, ignoring focus gain of: com.android.internal.view.IInputMethodClient$Stub$Proxy@42675fc8 attribute=android.view.inputmethod.EditorInfo@41f16ad0, token = android.os.BinderProxy@41ec4b70
I/ActivityManager( 447): START u0 {act=android.intent.action.MAIN cat=[android.intent.category.LAUNCHER] flg=0x10200000 cmp=org.linaro.glmark2/.MainActivity} from pid 667
W/ResourceType( 447): CREATING STRING CACHE OF 72 bytes
I/ActivityManager( 447): Start proc org.linaro.glmark2 for activity org.linaro.glmark2/.MainActivity: pid=27289 uid=10030 gids={50030, 1028, 1015}
E/dalvikvm(27289): ERROR: couldn't find native method
E/dalvikvm(27289): Requested: Lorg/linaro/glmark2/Glmark2Native;.done:()V
E/ (27289): RegisterNatives failed for 'org/linaro/glmark2/Glmark2Native'
E/ (27289): JNI_OnLoad: glmark2 native registration failed
W/dalvikvm(27289): Exception Ljava/lang/NoSuchMethodError; thrown while initializing Lorg/linaro/glmark2/MainActivity;
W/dalvikvm(27289): Class init failed in newInstance call (Lorg/linaro/glmark2/MainActivity;)
D/AndroidRuntime(27289): Shutting down VM
W/dalvikvm(27289): threadid=1: thread exiting with uncaught exception (group=0x4190cba8)
E/AndroidRuntime(27289): FATAL EXCEPTION: main
E/AndroidRuntime(27289): Process: org.linaro.glmark2, PID: 27289
E/AndroidRuntime(27289): java.lang.NoSuchMethodError: no static or non-static method "Lorg/linaro/glmark2/Glmark2Native;.done()V"
E/AndroidRuntime(27289): at java.lang.Runtime.nativeLoad(Native Method)
E/AndroidRuntime(27289): at java.lang.Runtime.doLoad(Runtime.java:421)
E/AndroidRuntime(27289): at java.lang.Runtime.loadLibrary(Runtime.java:362)
E/AndroidRuntime(27289): at java.lang.System.loadLibrary(System.java:526)
E/AndroidRuntime(27289): at org.linaro.glmark2.MainActivity.(MainActivity.java:480)
E/AndroidRuntime(27289): at java.lang.Class.newInstanceImpl(Native Method)
E/AndroidRuntime(27289): at java.lang.Class.newInstance(Class.java:1208)
E/AndroidRuntime(27289): at android.app.Instrumentation.newActivity(Instrumentation.java:1061)
E/AndroidRuntime(27289): at android.app.ActivityThread.performLaunchActivity(ActivityThread.java:2112)
E/AndroidRuntime(27289): at android.app.ActivityThread.handleLaunchActivity(ActivityThread.java:2245)
E/AndroidRuntime(27289): at android.app.ActivityThread.access$800(ActivityThread.java:135)
E/AndroidRuntime(27289): at android.app.ActivityThread$H.handleMessage(ActivityThread.java:1196)
E/AndroidRuntime(27289): at android.os.Handler.dispatchMessage(Handler.java:102)
E/AndroidRuntime(27289): at android.os.Looper.loop(Looper.java:136)
E/AndroidRuntime(27289): at android.app.ActivityThread.main(ActivityThread.java:5017)
E/AndroidRuntime(27289): at java.lang.reflect.Method.invokeNative(Native Method)
E/AndroidRuntime(27289): at java.lang.reflect.Method.invoke(Method.java:515)
E/AndroidRuntime(27289): at com.android.internal.os.ZygoteInit$MethodAndArgsCaller.run(ZygoteInit.java:779)
E/AndroidRuntime(27289): at com.android.internal.os.ZygoteInit.main(ZygoteInit.java:595)
E/AndroidRuntime(27289): at dalvik.system.NativeStart.main(Native Method)
W/ActivityManager( 447): Force finishing activity org.linaro.glmark2/.MainActivity
D/dalvikvm( 447): GC_CONCURRENT freed 1890K, 38% free 11208K/18020K, paused 4ms+6ms, total 118ms
E/IMGSRV ( 667): :0: gralloc_unregister_buffer: Cannot unregister unregistered buffer (ID=6)
W/GraphicBufferMapper( 667): unregisterBuffer(0x5f55e828) failed -22 (Invalid argument)
W/ActivityManager( 447): Activity pause timeout for ActivityRecord{42292d88 u0 org.linaro.glmark2/.MainActivity t19 f}
E/IMGSRV ( 667): :0: gralloc_register_buffer: Cannot register a buffer twice (ID=6)
W/GraphicBufferMapper( 667): registerBuffer(0x5dbb9a28) failed -22 (Invalid argument)
E/GraphicBuffer( 667): unflatten: registerBuffer failed: Invalid argument (-22)
V/RenderScript( 667): 0x5f4c65d8 Launching thread(s), CPUs 2
I/Process (27289): Sending signal. PID: 27289 SIG: 9
W/InputMethodManagerService( 447): Window already focused, ignoring focus gain of: com.android.internal.view.IInputMethodClient$Stub$Proxy@41f017b0 attribute=null, token = android.os.BinderProxy@41ec4b70
I/ActivityManager( 447): Process org.linaro.glmark2 (pid 27289) has died.
D/dalvikvm( 508): GC_FOR_ALLOC freed 2335K, 33% free 8239K/12184K, paused 23ms, total 24ms
D/dalvikvm( 508): GC_FOR_ALLOC freed 125K, 27% free 8946K/12184K, paused 16ms, total 16ms
I/dalvikvm-heap( 508): Grow heap (frag case) to 9.158MB for 380496-byte allocation
D/dalvikvm( 508): GC_FOR_ALLOC freed <1K, 26% free 9317K/12556K, paused 24ms, total 24ms
D/dalvikvm( 508): GC_FOR_ALLOC freed 27K, 26% free 9355K/12556K, paused 21ms, total 21ms
I/dalvikvm-heap( 508): Grow heap (frag case) to 9.557MB for 380496-byte allocation
D/dalvikvm( 508): GC_FOR_ALLOC freed 0K, 25% free 9727K/12928K, paused 23ms, total 23ms
I/ActivityManager( 447): START u0 {act=android.intent.action.MAIN cat=[android.intent.category.HOME] flg=0x10200000 cmp=com.android.launcher/com.android.launcher2.Launcher} from pid 447
D/dalvikvm( 508): GC_FOR_ALLOC freed 3K, 25% free 9766K/12928K, paused 25ms, total 26ms
I/dalvikvm-heap( 508): Grow heap (frag case) to 9.958MB for 380496-byte allocation
D/dalvikvm( 508): GC_FOR_ALLOC freed <1K, 24% free 10137K/13300K, paused 20ms, total 20ms
D/dalvikvm( 508): GC_FOR_ALLOC freed 1647K, 37% free 8496K/13300K, paused 22ms, total 23ms
I/ActivityManager( 447): START u0 {act=android.intent.action.MAIN cat=[android.intent.category.HOME] flg=0x10200000 cmp=com.android.launcher/com.android.launcher2.Launcher} from pid 447
D/dalvikvm( 508): GC_FOR_ALLOC freed 2009K, 39% free 8129K/13300K, paused 30ms, total 31ms
I/ActivityManager( 447): START u0 {act=android.intent.action.MAIN cat=[android.intent.category.HOME] flg=0x10200000 cmp=com.android.launcher/com.android.launcher2.Launcher} from pid 447
D/dalvikvm( 508): GC_CONCURRENT freed 1273K, 37% free 8501K/13300K, paused 2ms+6ms, total 36ms
D/LightsService( 447): Excessive delay setting light: 67ms
D/LightsService( 447): Excessive delay setting light: 67ms
D/AndroidRuntime(27317):
D/AndroidRuntime(27317): >>>>>> AndroidRuntime START com.android.internal.os.RuntimeInit <<<<<<
D/AndroidRuntime(27317): CheckJNI is ON
D/dalvikvm(27317): Trying to load lib libjavacore.so 0x0
D/dalvikvm(27317): Added shared lib libjavacore.so 0x0
D/dalvikvm(27317): Trying to load lib libnativehelper.so 0x0
D/dalvikvm(27317): Added shared lib libnativehelper.so 0x0
D/dalvikvm(27317): No JNI_OnLoad found in libnativehelper.so 0x0, skipping init
D/dalvikvm(27317): Note: class Landroid/app/ActivityManagerNative; has 179 unimplemented (abstract) methods
E/memtrack(27317): Couldn't load memtrack module (No such file or directory)
E/android.os.Debug(27317): failed to load memtrack module: -2
D/AndroidRuntime(27317): Calling main entry com.android.commands.pm.Pm
I/ActivityManager( 447): Start proc com.android.defcontainer for service com.android.defcontainer/.DefaultContainerService: pid=27328 uid=10003 gids={50003, 1028, 1015, 1023, 2001, 1035}
D/dalvikvm( 132): GC_EXPLICIT freed 41K, 4% free 3052K/3156K, paused 1ms+2ms, total 21ms
D/dalvikvm( 132): GC_EXPLICIT freed <1K, 4% free 3052K/3156K, paused 0ms+1ms, total 17ms
D/dalvikvm( 132): GC_EXPLICIT freed <1K, 4% free 3052K/3156K, paused 1ms+1ms, total 13ms
W/ActivityManager( 447): No content provider found for permission revoke: file:///data/local/tmp/GLMark2.apk
W/ActivityManager( 447): No content provider found for permission revoke: file:///data/local/tmp/GLMark2.apk
I/PackageManager( 447): Copying native libraries to /data/app-lib/vmdl680144024
D/dalvikvm( 447): GC_CONCURRENT freed 1919K, 38% free 11333K/18020K, paused 2ms+7ms, total 49ms
D/dalvikvm( 447): WAIT_FOR_CONCURRENT_GC blocked 45ms
I/ActivityManager( 447): Force stopping org.linaro.glmark2 appid=10030 user=-1: replace sys pkg
W/PackageManager( 447): Trying to update system app code path from /system/app/GLMark2.apk to /data/app/org.linaro.glmark2-1.apk
I/PackageManager( 447): Running dexopt on: org.linaro.glmark2
D/dalvikvm(27342): DexOpt: load 20ms, verify+opt 56ms, 433436 bytes
W/PackageManager( 447): Code path for pkg : org.linaro.glmark2 changing from /system/app/GLMark2.apk to /data/app/org.linaro.glmark2-1.apk
I/ActivityManager( 447): Force stopping org.linaro.glmark2 appid=10030 user=-1: update pkg
W/PackageManager( 447): Resource path for pkg : org.linaro.glmark2 changing from /system/app/GLMark2.apk to /data/app/org.linaro.glmark2-1.apk
I/ActivityManager( 447): Force stopping org.linaro.glmark2 appid=10030 user=0: pkg removed
I/InputReader( 447): Reconfiguring input devices. changes=0x00000010
I/InputReader( 447): Reconfiguring input devices. changes=0x00000010
I/InputReader( 447): Reconfiguring input devices. changes=0x00000010
I/PackageManager( 447): Action: "android.intent.action.SENDTO"
I/PackageManager( 447): Category: "android.intent.category.DEFAULT"
I/PackageManager( 447): Scheme: "sms"
I/PackageManager( 447): Adding preferred activity ComponentInfo{com.android.mms/com.android.mms.ui.ComposeMessageActivity} for user 0 :
D/dalvikvm( 508): GC_EXPLICIT freed 486K, 37% free 8120K/12860K, paused 2ms+5ms, total 98ms
I/ActivityManager( 447): Start proc android.process.acore for broadcast com.android.providers.contacts/.PackageIntentReceiver: pid=27343 uid=10002 gids={50002, 3003, 1028, 1015}
I/PackageManager( 447): Action: "android.intent.action.SENDTO"
I/PackageManager( 447): Category: "android.intent.category.DEFAULT"
I/PackageManager( 447): Scheme: "smsto"
I/PackageManager( 447): Adding preferred activity ComponentInfo{com.android.mms/com.android.mms.ui.ComposeMessageActivity} for user 0 :
D/BackupManagerService( 447): Received broadcast Intent { act=android.intent.action.PACKAGE_REMOVED dat=package:org.linaro.glmark2 flg=0x4000010 (has extras) }
I/PackageManager( 447): Action: "android.intent.action.SENDTO"
I/PackageManager( 447): Category: "android.intent.category.DEFAULT"
I/PackageManager( 447): Scheme: "mms"
I/PackageManager( 447): Adding preferred activity ComponentInfo{com.android.mms/com.android.mms.ui.ComposeMessageActivity} for user 0 :
D/dalvikvm( 447): GC_EXPLICIT freed 2157K, 38% free 11252K/18020K, paused 3ms+9ms, total 181ms
D/dalvikvm( 447): WAIT_FOR_CONCURRENT_GC blocked 37ms
D/dalvikvm( 447): WAIT_FOR_CONCURRENT_GC blocked 32ms
D/dalvikvm( 447): WAIT_FOR_CONCURRENT_GC blocked 30ms
D/dalvikvm( 447): WAIT_FOR_CONCURRENT_GC blocked 30ms
D/AndroidRuntime(27317): Shutting down VM
D/dalvikvm(27317): GC_CONCURRENT freed 95K, 15% free 561K/660K, paused 0ms+0ms, total 3ms
W/ResourceType( 447): Failure getting entry for 0x7f060000 (t=5 e=0) in package 0 (error -75)
D/BackupManagerService( 447): Received broadcast Intent { act=android.intent.action.PACKAGE_ADDED dat=package:org.linaro.glmark2 flg=0x4000010 (has extras) }
V/BackupManagerService( 447): removePackageParticipantsLocked: uid=10030 #1
V/BackupManagerService( 447): addPackageParticipantsLocked: #1
I/PackageManager( 447): Action: "android.intent.action.SENDTO"
I/PackageManager( 447): Category: "android.intent.category.DEFAULT"
I/PackageManager( 447): Scheme: "mmsto"
I/PackageManager( 447): Adding preferred activity ComponentInfo{com.android.mms/com.android.mms.ui.ComposeMessageActivity} for user 0 :
I/PackageManager( 447): Action: "android.intent.action.SENDTO"
I/PackageManager( 447): Category: "android.intent.category.DEFAULT"
I/PackageManager( 447): Scheme: "sms"
I/PackageManager( 447): Adding preferred activity ComponentInfo{com.android.mms/com.android.mms.ui.ComposeMessageActivity} for user 0 :
I/PackageManager( 447): Action: "android.intent.action.SENDTO"
I/PackageManager( 447): Category: "android.intent.category.DEFAULT"
I/PackageManager( 447): Scheme: "smsto"
I/PackageManager( 447): Adding preferred activity ComponentInfo{com.android.mms/com.android.mms.ui.ComposeMessageActivity} for user 0 :
D/dalvikvm( 648): GC_CONCURRENT freed 359K, 14% free 3483K/4008K, paused 1ms+1ms, total 28ms
I/PackageManager( 447): Adding preferred activity ComponentInfo{com.android.mms/com.android.mms.ui.ComposeMessageActivity} for user 0 :
I/PackageManager( 447): Action: "android.intent.action.SENDTO"
I/PackageManager( 447): Category: "android.intent.category.DEFAULT"
I/PackageManager( 447): Scheme: "mms"
D/dalvikvm(27343): GC_CONCURRENT freed 183K, 7% free 3273K/3516K, paused 2ms+2ms, total 14ms
I/PackageManager( 447): Action: "android.intent.action.SENDTO"
I/PackageManager( 447): Category: "android.intent.category.DEFAULT"
I/PackageManager( 447): Scheme: "mmsto"
I/PackageManager( 447): Adding preferred activity ComponentInfo{com.android.mms/com.android.mms.ui.ComposeMessageActivity} for user 0 :
I/PackageManager( 447): Action: "android.intent.action.SENDTO"
I/PackageManager( 447): Category: "android.intent.category.DEFAULT"
I/PackageManager( 447): Scheme: "sms"
I/PackageManager( 447): Adding preferred activity ComponentInfo{com.android.mms/com.android.mms.ui.ComposeMessageActivity} for user 0 :
I/PackageManager( 447): Action: "android.intent.action.SENDTO"
I/PackageManager( 447): Category: "android.intent.category.DEFAULT"
I/PackageManager( 447): Scheme: "smsto"
I/PackageManager( 447): Adding preferred activity ComponentInfo{com.android.mms/com.android.mms.ui.ComposeMessageActivity} for user 0 :
I/PackageManager( 447): Action: "android.intent.action.SENDTO"
I/PackageManager( 447): Category: "android.intent.category.DEFAULT"
I/PackageManager( 447): Scheme: "mms"
I/PackageManager( 447): Adding preferred activity ComponentInfo{com.android.mms/com.android.mms.ui.ComposeMessageActivity} for user 0 :
I/PackageManager( 447): Action: "android.intent.action.SENDTO"
I/PackageManager( 447): Category: "android.intent.category.DEFAULT"
I/PackageManager( 447): Scheme: "mmsto"
I/PackageManager( 447): Adding preferred activity ComponentInfo{com.android.mms/com.android.mms.ui.ComposeMessageActivity} for user 0 :
D/dalvikvm( 648): GC_CONCURRENT freed 461K, 14% free 3478K/4024K, paused 1ms+1ms, total 12ms
W/RecognitionManagerService( 447): no available voice recognition services found for user 0
I/PackageManager( 447): Action: "android.intent.action.SENDTO"
I/PackageManager( 447): Category: "android.intent.category.DEFAULT"
I/PackageManager( 447): Scheme: "sms"
I/PackageManager( 447): Adding preferred activity ComponentInfo{com.android.mms/com.android.mms.ui.ComposeMessageActivity} for user 0 :
D/dalvikvm( 667): GC_CONCURRENT freed 4428K, 29% free 11077K/15564K, paused 2ms+9ms, total 41ms
I/ContactLocale(27343): AddressBook Labels [en_US]: [, A, B, C, D, E, F, G, H, I, J, K, L, M, N, O, P, Q, R, S, T, U, V, W, X, Y, Z, Α, Β, Γ, Δ, Ε, Ζ, Η, Θ, Ι, Κ, Λ, Μ, Ν, Ξ, Ο, Π, Ρ, Σ, Τ, Υ, Φ, Χ, Ψ, Ω, , А, Б, В, Г, Д, Е, Є, Ж, З, И, І, Ї, Й, К, Л, М, Н, О, П, Р, С, Т, У, Ф, Х, Ц, Ч, Ш, Щ, Ю, Я, , א, ב, ג, ד, ה, ו, ז, ח, ט, י, כ, ל, מ, נ, ס, ע, פ, צ, ק, ר, ש, ת, , ا, ب, ت, ث, ج, ح, خ, د, ذ, ر, ز, س, ش, ص, ض, ط, ظ, ع, غ, ف, ق, ك, ل, م, ن, ه, و, ي, , ก, ข, ฃ, ค, ฅ, ฆ, ง, จ, ฉ, ช, ซ, ฌ, ญ, ฎ, ฏ, ฐ, ฑ, ฒ, ณ, ด, ต, ถ, ท, ธ, น, บ, ป, ผ, ฝ, พ, ฟ, ภ, ม, ย, ร, ฤ, ล, ฦ, ว, ศ, ษ, ส, ห, ฬ, อ, ฮ, , ㄱ, ㄴ, ㄷ, ㄹ, ㅁ, ㅂ, ㅅ, ㅇ, ㅈ, ㅊ, ㅋ, ㅌ, ㅍ, ㅎ, , あ, か, さ, た, な, は, ま, や, ら, わ, #, ]
I/PackageManager( 447): Action: "android.intent.action.SENDTO"
I/PackageManager( 447): Category: "android.intent.category.DEFAULT"
I/PackageManager( 447): Scheme: "smsto"
I/PackageManager( 447): Adding preferred activity ComponentInfo{com.android.mms/com.android.mms.ui.ComposeMessageActivity} for user 0 :
I/PackageManager( 447): Action: "android.intent.action.SENDTO"
I/PackageManager( 447): Category: "android.intent.category.DEFAULT"
I/PackageManager( 447): Scheme: "mms"
I/PackageManager( 447): Adding preferred activity ComponentInfo{com.android.mms/com.android.mms.ui.ComposeMessageActivity} for user 0 :
I/PackageManager( 447): Action: "android.intent.action.SENDTO"
I/PackageManager( 447): Category: "android.intent.category.DEFAULT"
I/PackageManager( 447): Scheme: "mmsto"
I/PackageManager( 447): Adding preferred activity ComponentInfo{com.android.mms/com.android.mms.ui.ComposeMessageActivity} for user 0 :
I/PackageManager( 447): Action: "android.intent.action.SENDTO"
I/PackageManager( 447): Category: "android.intent.category.DEFAULT"
I/PackageManager( 447): Scheme: "sms"
I/PackageManager( 447): Adding preferred activity ComponentInfo{com.android.mms/com.android.mms.ui.ComposeMessageActivity} for user 0 :
I/PackageManager( 447): Action: "android.intent.action.SENDTO"
I/PackageManager( 447): Category: "android.intent.category.DEFAULT"
I/PackageManager( 447): Scheme: "smsto"
I/PackageManager( 447): Adding preferred activity ComponentInfo{com.android.mms/com.android.mms.ui.ComposeMessageActivity} for user 0 :
D/dalvikvm( 648): GC_CONCURRENT freed 448K, 14% free 3484K/4024K, paused 2ms+1ms, total 35ms
I/PackageManager( 447): Action: "android.intent.action.SENDTO"
I/PackageManager( 447): Category: "android.intent.category.DEFAULT"
I/PackageManager( 447): Scheme: "mms"
I/PackageManager( 447): Adding preferred activity ComponentInfo{com.android.mms/com.android.mms.ui.ComposeMessageActivity} for user 0 :
D/dalvikvm( 447): GC_CONCURRENT freed 2159K, 39% free 11143K/18020K, paused 3ms+4ms, total 70ms
I/PackageManager( 447): Action: "android.intent.action.SENDTO"
I/PackageManager( 447): Category: "android.intent.category.DEFAULT"
I/PackageManager( 447): Scheme: "mmsto"
I/PackageManager( 447): Adding preferred activity ComponentInfo{com.android.mms/com.android.mms.ui.ComposeMessageActivity} for user 0 :
I/PackageManager( 447): Action: "android.intent.action.SENDTO"
I/PackageManager( 447): Category: "android.intent.category.DEFAULT"
I/PackageManager( 447): Scheme: "sms"
I/PackageManager( 447): Adding preferred activity ComponentInfo{com.android.mms/com.android.mms.ui.ComposeMessageActivity} for user 0 :
I/PackageManager( 447): Action: "android.intent.action.SENDTO"
I/PackageManager( 447): Category: "android.intent.category.DEFAULT"
I/PackageManager( 447): Scheme: "smsto"
I/PackageManager( 447): Adding preferred activity ComponentInfo{com.android.mms/com.android.mms.ui.ComposeMessageActivity} for user 0 :
I/PackageManager( 447): Action: "android.intent.action.SENDTO"
I/PackageManager( 447): Category: "android.intent.category.DEFAULT"
I/PackageManager( 447): Scheme: "mms"
I/PackageManager( 447): Adding preferred activity ComponentInfo{com.android.mms/com.android.mms.ui.ComposeMessageActivity} for user 0 :
I/ActivityManager( 447): Start proc com.android.musicfx for broadcast com.android.musicfx/.Compatibility$Receiver: pid=27361 uid=10010 gids={50010, 3003, 3002}
I/PackageManager( 447): Action: "android.intent.action.SENDTO"
I/PackageManager( 447): Category: "android.intent.category.DEFAULT"
I/PackageManager( 447): Scheme: "mmsto"
I/PackageManager( 447): Adding preferred activity ComponentInfo{com.android.mms/com.android.mms.ui.ComposeMessageActivity} for user 0 :
D/dalvikvm( 648): GC_CONCURRENT freed 433K, 14% free 3498K/4024K, paused 1ms+1ms, total 23ms
I/ActivityManager( 447): Start proc com.android.voicedialer for broadcast com.android.voicedialer/.VoiceDialerReceiver: pid=27376 uid=10015 gids={50015, 3002}
I/ActivityManager( 447): Start proc com.android.gallery3d for broadcast com.android.gallery3d/.app.PackagesMonitor: pid=27389 uid=10032 gids={50032, 3003, 1028, 1015}
I/ActivityManager( 447): Start proc com.android.keychain for broadcast com.android.keychain/.KeyChainBroadcastReceiver: pid=27405 uid=1000 gids={41000, 1028, 1015, 3002, 3001, 3003}
W/ContextImpl(27405): Calling a method in the system process without a qualified user: android.app.ContextImpl.startService:1479 android.content.ContextWrapper.startService:494 android.content.ContextWrapper.startService:494 com.android.keychain.KeyChainBroadcastReceiver.onReceive:12 android.app.ActivityThread.handleReceiver:2419
I/ActivityManager( 447): Start proc com.svox.pico for broadcast com.svox.pico/.VoiceDataInstallerReceiver: pid=27421 uid=10047 gids={50047, 1028, 1015}
I/healthd ( 120): battery l=100 v=4136 t=42.0 h=2 st=2 chg=u
D/LightsService( 447): Excessive delay setting light: 69ms
D/LightsService( 447): Excessive delay setting light: 67ms
I/ActivityManager( 447): START u0 {act=android.intent.action.MAIN cat=[android.intent.category.LAUNCHER] flg=0x10200000 cmp=org.linaro.glmark2/.MainActivity} from pid 667
W/ResourceType( 447): CREATING STRING CACHE OF 72 bytes
I/ActivityManager( 447): Start proc org.linaro.glmark2 for activity org.linaro.glmark2/.MainActivity: pid=27437 uid=10030 gids={50030, 1028, 1015}
D/dalvikvm(27437): Trying to load lib /data/app-lib/org.linaro.glmark2-1/libglmark2-android.so 0x41c15eb0
D/dalvikvm(27437): Added shared lib /data/app-lib/org.linaro.glmark2-1/libglmark2-android.so 0x41c15eb0
W/ResourceType(27437): CREATING STRING CACHE OF 72 bytes
D/dalvikvm(27437): GC_CONCURRENT freed 81K, 5% free 3379K/3532K, paused 4ms+2ms, total 19ms
D/dalvikvm(27437): WAIT_FOR_CONCURRENT_GC blocked 9ms
I/dalvikvm-heap(27437): Grow heap (frag case) to 4.431MB for 1127536-byte allocation
D/dalvikvm(27437): GC_FOR_ALLOC freed 3K, 4% free 4476K/4636K, paused 15ms, total 15ms
I/ActivityManager( 447): Displayed org.linaro.glmark2/.MainActivity: +482ms (total +2m29s278ms)
I/ActivityManager( 447): START u0 {cmp=org.linaro.glmark2/.Glmark2Activity} from pid 27437
I/ActivityManager( 447): Start proc org.linaro.glmark2:glmark2 for activity org.linaro.glmark2/.Glmark2Activity: pid=27457 uid=10030 gids={50030, 1028, 1015}
D/dalvikvm(27457): Trying to load lib /data/app-lib/org.linaro.glmark2-1/libglmark2-android.so 0x41c16c18
D/dalvikvm(27457): Added shared lib /data/app-lib/org.linaro.glmark2-1/libglmark2-android.so 0x41c16c18
I/glmark2 (27457): glmark2 2012.12
I/glmark2 (27457): OpenGL Information
I/glmark2 (27457): GL_VENDOR: Imagination Technologies
I/glmark2 (27457): GL_RENDERER: PowerVR SGX 540
I/glmark2 (27457): GL_VERSION: OpenGL ES 2.0 build 1.8.GOOGLENEXUS.ED945322@2198402
I/ActivityManager( 447): Displayed org.linaro.glmark2/.Glmark2Activity: +398ms
I/glmark2 (27457): [build] use-vbo=false: FPS: 193 FrameTime: 5.181 ms
I/glmark2 (27457): [build] use-vbo=true: FPS: 147 FrameTime: 6.803 ms
D/ConnectivityService( 447): Sampling interval elapsed, updating statistics ..
D/ConnectivityService( 447): Done.
D/ConnectivityService( 447): Setting timer for 720seconds
D/dalvikvm( 447): GC_CONCURRENT freed 1916K, 38% free 11201K/18020K, paused 4ms+8ms, total 73ms
I/healthd ( 120): battery l=100 v=4191 t=43.0 h=2 st=5 chg=u
I/glmark2 (27457): [texture] texture-filter=nearest: FPS: 147 FrameTime: 6.803 ms
I/glmark2 (27457): [texture] texture-filter=linear: FPS: 147 FrameTime: 6.803 ms
I/glmark2 (27457): [texture] texture-filter=mipmap: FPS: 144 FrameTime: 6.944 ms
I/glmark2 (27457): [shading] shading=gouraud: FPS: 128 FrameTime: 7.812 ms
I/glmark2 (27457): [shading] shading=blinn-phong-inf: FPS: 121 FrameTime: 8.264 ms
I/glmark2 (27457): [shading] shading=phong: FPS: 73 FrameTime: 13.699 ms
D/LightsService( 447): Excessive delay setting light: 66ms
D/LightsService( 447): Excessive delay setting light: 67ms
D/LightsService( 447): Excessive delay setting light: 69ms
D/LightsService( 447): Excessive delay setting light: 64ms
I/glmark2 (27457): [bump] bump-render=high-poly: FPS: 62 FrameTime: 16.129 ms
I/glmark2 (27457): [bump] bump-render=normals: FPS: 78 FrameTime: 12.821 ms
I/glmark2 (27457): [bump] bump-render=height: FPS: 74 FrameTime: 13.514 ms
I/glmark2 (27457): [effect2d] kernel=0,1,0;1,-4,1;0,1,0;: FPS: 30 FrameTime: 33.333 ms
I/glmark2 (27457): [effect2d] kernel=1,1,1,1,1;1,1,1,1,1;1,1,1,1,1;: FPS: 10 FrameTime: 100.000 ms
D/LightsService( 447): Excessive delay setting light: 67ms
D/LightsService( 447): Excessive delay setting light: 67ms
D/LightsService( 447): Excessive delay setting light: 67ms
D/LightsService( 447): Excessive delay setting light: 67ms
I/glmark2 (27457): [pulsar] light=false:quads=5:texture=false: FPS: 145 FrameTime: 6.897 ms
I/glmark2 (27457): [desktop] blur-radius=5:effect=blur:passes=1:separable=true:windows=4: FPS: 13 FrameTime: 76.923 ms
I/glmark2 (27457): [desktop] effect=shadow:windows=4: FPS: 78 FrameTime: 12.821 ms
D/LightsService( 447): Excessive delay setting light: 67ms
D/LightsService( 447): Excessive delay setting light: 67ms
D/LightsService( 447): Excessive delay setting light: 67ms
D/LightsService( 447): Excessive delay setting light: 68ms
I/glmark2 (27457): [buffer] columns=200:interleave=false:update-dispersion=0.9:update-fraction=0.5:update-method=map: FPS: 85 FrameTime: 11.765 ms
I/healthd ( 120): battery l=100 v=4138 t=44.0 h=2 st=2 chg=u
I/glmark2 (27457): [buffer] columns=200:interleave=false:update-dispersion=0.9:update-fraction=0.5:update-method=subdata: FPS: 61 FrameTime: 16.393 ms
I/glmark2 (27457): [buffer] columns=200:interleave=true:update-dispersion=0.9:update-fraction=0.5:update-method=map: FPS: 91 FrameTime: 10.989 ms
D/LightsService( 447): Excessive delay setting light: 68ms
D/LightsService( 447): Excessive delay setting light: 67ms
I/glmark2 (27457): [ideas] speed=duration: FPS: 108 FrameTime: 9.259 ms
I/glmark2 (27457): [jellyfish] : FPS: 19 FrameTime: 52.632 ms
I/glmark2 (27457): [terrain] : FPS: 1 FrameTime: 1000.000 ms
I/healthd ( 120): battery l=100 v=4186 t=45.0 h=2 st=4 chg=u
E/glmark2 (27457): DepthRenderState::setup: glCheckFramebufferStatus failed (0x8cd6)
E/glmark2 (27457): Failed to set up the render target for the depth pass
I/glmark2 (27457): [shadow] : Set up failed
F/libc (27457): Fatal signal 11 (SIGSEGV) at 0x00000020 (code=1), thread 27471 (Thread-165)
I/DEBUG ( 128): *** *** *** *** *** *** *** *** *** *** *** *** *** *** *** ***
I/DEBUG ( 128): Build fingerprint: 'Android/full_maguro/maguro:4.4.2/KVT49L/11:eng/test-keys'
I/DEBUG ( 128): Revision: '9'
I/DEBUG ( 128): pid: 27457, tid: 27471, name: Thread-165 >>> org.linaro.glmark2:glmark2 <<<
I/DEBUG ( 128): signal 11 (SIGSEGV), code 1 (SEGV_MAPERR), fault addr 00000020
I/DEBUG ( 128): r0 00000004 r1 00000000 r2 00000000 r3 0000871d
I/DEBUG ( 128): r4 00000000 r5 5daa9558 r6 00000004 r7 5c2fdf40
I/DEBUG ( 128): r8 5fefea88 r9 5c2fdf38 sl 5c2a8d37 fp 5fefea9c
I/DEBUG ( 128): ip fffb9724 sp 5fefea2c lr 5dbf381d pc 5dc02fde cpsr 200f0030
I/DEBUG ( 128): d0 0000000000000000 d1 0000000000000000
I/DEBUG ( 128): d2 656c706d61736974 d3 7265646e65725f64
I/DEBUG ( 128): d4 667562656d617246 d5 7574617453726566
I/DEBUG ( 128): d6 64656c6961662073 d7 3664633878302820
I/DEBUG ( 128): d8 0000000000000000 d9 0000000000000000
I/DEBUG ( 128): d10 0000000000000000 d11 0000000000000000
I/DEBUG ( 128): d12 0000000000000000 d13 0000000000000000
I/DEBUG ( 128): d14 0000000000000000 d15 0000000000000000
I/DEBUG ( 128): d16 5d776f646168735b d17 6c75616665643c20
I/DEBUG ( 128): d18 3fd287a7636f4361 d19 3ff8000000000000
I/DEBUG ( 128): d20 3ff0000000000000 d21 4024000000000000
I/DEBUG ( 128): d22 0000000000000000 d23 0000000000000000
I/DEBUG ( 128): d24 3fe0000000000000 d25 3fe000000112a880
I/DEBUG ( 128): d26 3fdffffffddaaf00 d27 4000000000000000
I/DEBUG ( 128): d28 4022000000000000 d29 000000003f800000
I/DEBUG ( 128): d30 3fbe9ac83ee93a40 d31 3f8d45242237e4e8
I/DEBUG ( 128): scr 28000015
I/DEBUG ( 128):
I/DEBUG ( 128): backtrace:
I/DEBUG ( 128): #00 pc 00073fde /data/app-lib/org.linaro.glmark2-1/libglmark2-android.so (Program::release()+5)
I/DEBUG ( 128):
I/DEBUG ( 128): stack:
I/DEBUG ( 128): 5fefe9ec 6231b800
I/DEBUG ( 128): 5fefe9f0 5c2f5b18
I/DEBUG ( 128): 5fefe9f4 5c2f7300
I/DEBUG ( 128): 5fefe9f8 6231b7f8
I/DEBUG ( 128): 5fefe9fc 6231b800
I/DEBUG ( 128): 5fefea00 6231b800
I/DEBUG ( 128): 5fefea04 00000001
I/DEBUG ( 128): 5fefea08 5c2f7300
I/DEBUG ( 128): 5fefea0c 401ad881 /system/lib/libc.so (dlfree+432)
I/DEBUG ( 128): 5fefea10 401fe000 /system/lib/libc.so
I/DEBUG ( 128): 5fefea14 5c2f7300
I/DEBUG ( 128): 5fefea18 5c2f5b18
I/DEBUG ( 128): 5fefea1c 6231b800
I/DEBUG ( 128): 5fefea20 00000001
I/DEBUG ( 128): 5fefea24 5c373cc8 /system/vendor/lib/egl/libGLESv2_POWERVR_SGX540_120.so
I/DEBUG ( 128): 5fefea28 5c2f5b18
I/DEBUG ( 128): #00 5fefea2c 00000000
I/DEBUG ( 128): 5fefea30 5daa9558
I/DEBUG ( 128): 5fefea34 00000004
I/DEBUG ( 128): 5fefea38 5c2fdf40
I/DEBUG ( 128): 5fefea3c 5fefea88
I/DEBUG ( 128): 5fefea40 5c2fdf38
I/DEBUG ( 128): 5fefea44 5c2a8d37 /data/dalvik-cache/data@app@org.linaro.glmark2-1.apk@classes.dex
I/DEBUG ( 128): 5fefea48 5fefea9c
I/DEBUG ( 128): 5fefea4c 5dbf381d /data/app-lib/org.linaro.glmark2-1/libglmark2-android.so (SceneShadow::teardown()+20)
I/DEBUG ( 128): 5fefea50 5daa0250
I/DEBUG ( 128): 5fefea54 5dc74cd8 /data/app-lib/org.linaro.glmark2-1/libglmark2-android.so
I/DEBUG ( 128): 5fefea58 00000000
I/DEBUG ( 128): 5fefea5c 5dbac261 /data/app-lib/org.linaro.glmark2-1/libglmark2-android.so (Benchmark::teardown_scene()+12)
I/DEBUG ( 128): 5fefea60 5daaa830
I/DEBUG ( 128): 5fefea64 5dbb4f39 /data/app-lib/org.linaro.glmark2-1/libglmark2-android.so (MainLoop::step()+80)
I/DEBUG ( 128): 5fefea68 5dba554d /data/app-lib/org.linaro.glmark2-1/libglmark2-android.so (Java_org_linaro_glmark2_native_render(_JNIEnv*))
I/DEBUG ( 128):
I/DEBUG ( 128): memory near r3:
I/DEBUG ( 128): 000086fc ffffffff ffffffff ffffffff ffffffff
I/DEBUG ( 128): 0000870c ffffffff ffffffff ffffffff ffffffff
I/DEBUG ( 128): 0000871c ffffffff ffffffff ffffffff ffffffff
I/DEBUG ( 128): 0000872c ffffffff ffffffff ffffffff ffffffff
I/DEBUG ( 128): 0000873c ffffffff ffffffff ffffffff ffffffff
I/DEBUG ( 128): 0000874c ffffffff ffffffff ffffffff ffffffff
I/DEBUG ( 128): 0000875c ffffffff ffffffff ffffffff ffffffff
I/DEBUG ( 128): 0000876c ffffffff ffffffff ffffffff ffffffff
I/DEBUG ( 128): 0000877c ffffffff ffffffff ffffffff ffffffff
I/DEBUG ( 128): 0000878c ffffffff ffffffff ffffffff ffffffff
I/DEBUG ( 128): 0000879c ffffffff ffffffff ffffffff ffffffff
I/DEBUG ( 128): 000087ac ffffffff ffffffff ffffffff ffffffff
I/DEBUG ( 128): 000087bc ffffffff ffffffff ffffffff ffffffff
I/DEBUG ( 128): 000087cc ffffffff ffffffff ffffffff ffffffff
I/DEBUG ( 128): 000087dc ffffffff ffffffff ffffffff ffffffff
I/DEBUG ( 128): 000087ec ffffffff ffffffff ffffffff ffffffff
I/DEBUG ( 128):
I/DEBUG ( 128): memory near r5:
I/DEBUG ( 128): 5daa9538 5da8cddc 5da8cdb8 00000000 00000000
I/DEBUG ( 128): 5daa9548 00000000 00000000 00000000 0000006b
I/DEBUG ( 128): 5daa9558 5dc74678 5da2cde0 64616873 0000776f
I/DEBUG ( 128): 5daa9568 00000000 00000000 5daa9566 5daa9560
I/DEBUG ( 128): 5daa9578 00000000 5daa9980 5daa95c0 5daa9660
I/DEBUG ( 128): 5daa9588 0000000b 00000000 17937dbb 41d4c2cd
I/DEBUG ( 128): 5daa9598 17937dbb 41d4c2cd 00000000 00000000
I/DEBUG ( 128): 5daa95a8 00000000 40240000 00000000 00000000
I/DEBUG ( 128): 5daa95b8 00000000 000000a3 00000000 5daa9840
I/DEBUG ( 128): 5daa95c8 00000000 00000000 61727564 6e6f6974
I/DEBUG ( 128): 5daa95d8 00000000 00000000 5daa95d8 5daa95d0
I/DEBUG ( 128): 5daa95e8 61727564 6e6f6974 00000000 00000000
I/DEBUG ( 128): 5daa95f8 5daa95f0 5daa95e8 302e3031 00000000
I/DEBUG ( 128): 5daa9608 00000000 00000000 5daa9604 5daa9600
I/DEBUG ( 128): 5daa9618 302e3031 00000000 00000000 00000000
I/DEBUG ( 128): 5daa9628 5daa961c 5daa9618 5daa7000 00000000
I/DEBUG ( 128):
I/DEBUG ( 128): memory near r7:
I/DEBUG ( 128): 5c2fdf20 00000000 5c2fdf4c 5c2a52a4 57dd71a0
I/DEBUG ( 128): 5c2fdf30 00000000 609da101 5c2fdf6c 593a75d2
I/DEBUG ( 128): 5c2fdf40 57dd9df0 5c2a52a4 609dacd1 609daaf1
I/DEBUG ( 128): 5c2fdf50 41c22830 41c2ca88 5c2fdfdc 593a7c28
I/DEBUG ( 128): 5c2fdf60 57dd95c8 593a75d2 00000000 41c22830
I/DEBUG ( 128): 5c2fdf70 41c22bb0 00000000 00000000 00000000
I/DEBUG ( 128): 5c2fdf80 00000000 00000000 00000000 41c2ca88
I/DEBUG ( 128): 5c2fdf90 000004a0 00000000 00000000 41c23158
I/DEBUG ( 128): 5c2fdfa0 00000000 00003000 57a95f58 41c20d20
I/DEBUG ( 128): 5c2fdfb0 000002d0 00000000 41c22830 41c20cb0
I/DEBUG ( 128): 5c2fdfc0 00000000 41c22bb0 5c2fe000 00000000
I/DEBUG ( 128): 5c2fdfd0 57dd98a8 593a7c28 00000000 41c23158
I/DEBUG ( 128): 5c2fdfe0 000000a5 00000000 41c22bb0 00000000
I/DEBUG ( 128): 5c2fdff0 00000000 00000000 00000000 00000000
I/DEBUG ( 128): 5c2fe000 ffffffff ffffffff ffffffff ffffffff
I/DEBUG ( 128): 5c2fe010 ffffffff ffffffff ffffffff ffffffff
I/DEBUG ( 128):
I/DEBUG ( 128): memory near r8:
I/DEBUG ( 128): 5fefea68 5dba554d 5dc75220 00000007 5dba5559
I/DEBUG ( 128): 5fefea78 593a75d2 5dba554d 57dd71a0 41834624
I/DEBUG ( 128): 5fefea88 00000000 5787d810 00000001 5c2fdf38
I/DEBUG ( 128): 5fefea98 00000000 418746d9 5c2fdf38 5c2a8d37
I/DEBUG ( 128): 5fefeaa8 5dba554d 5787d820 5787d820 00000000
I/DEBUG ( 128): 5fefeab8 4020239c 41c1efd8 5787d820 5787d8b8
I/DEBUG ( 128): 5fefeac8 57b42118 00000000 00000000 00000000
I/DEBUG ( 128): 5fefead8 418fa574 41c2cf38 5787d810 418fb1f8
I/DEBUG ( 128): 5fefeae8 00000b28 5787d810 5787d838 41841960
I/DEBUG ( 128): 5fefeaf8 5787d838 5787d810 5787d810 418fa6d0
I/DEBUG ( 128): 5fefeb08 00000000 5dab2638 00000008 418b9255
I/DEBUG ( 128): 5fefeb18 00000002 0000003a 00000013 00000013
I/DEBUG ( 128): 5fefeb28 593a73ee 418b93d7 0000562b 000001cd
I/DEBUG ( 128): 5fefeb38 00000001 0000dca1 0000006a 418a39b9
I/DEBUG ( 128): 5fefeb48 00000038 00000001 0000000e 00000002
I/DEBUG ( 128): 5fefeb58 00000002 4020239c 00000074 00000005
I/DEBUG ( 128):
I/DEBUG ( 128): memory near r9:
I/DEBUG ( 128): 5c2fdf18 593a6fc8 57b42118 00000000 5c2fdf4c
I/DEBUG ( 128): 5c2fdf28 5c2a52a4 57dd71a0 00000000 609da101
I/DEBUG ( 128): 5c2fdf38 5c2fdf6c 593a75d2 57dd9df0 5c2a52a4
I/DEBUG ( 128): 5c2fdf48 609dacd1 609daaf1 41c22830 41c2ca88
I/DEBUG ( 128): 5c2fdf58 5c2fdfdc 593a7c28 57dd95c8 593a75d2
I/DEBUG ( 128): 5c2fdf68 00000000 41c22830 41c22bb0 00000000
I/DEBUG ( 128): 5c2fdf78 00000000 00000000 00000000 00000000
I/DEBUG ( 128): 5c2fdf88 00000000 41c2ca88 000004a0 00000000
I/DEBUG ( 128): 5c2fdf98 00000000 41c23158 00000000 00003000
I/DEBUG ( 128): 5c2fdfa8 57a95f58 41c20d20 000002d0 00000000
I/DEBUG ( 128): 5c2fdfb8 41c22830 41c20cb0 00000000 41c22bb0
I/DEBUG ( 128): 5c2fdfc8 5c2fe000 00000000 57dd98a8 593a7c28
I/DEBUG ( 128): 5c2fdfd8 00000000 41c23158 000000a5 00000000
I/DEBUG ( 128): 5c2fdfe8 41c22bb0 00000000 00000000 00000000
I/DEBUG ( 128): 5c2fdff8 00000000 00000000 ffffffff ffffffff
I/DEBUG ( 128): 5c2fe008 ffffffff ffffffff ffffffff ffffffff
I/DEBUG ( 128):
I/DEBUG ( 128): memory near sl:
I/DEBUG ( 128): 5c2a8d14 56050049 4a494c4c 4c560500 004c494c
I/DEBUG ( 128): 5c2a8d24 4c4c5604 5605004c 4c4c4c4c 4c560300
I/DEBUG ( 128): 5c2a8d34 5a01005a 495a0200 495a0300 5a02004c
I/DEBUG ( 128): 5c2a8d44 5a04004c 004c494c 4c4c5a05 05004a49
I/DEBUG ( 128): 5c2a8d54 494c4c5a 5a06004c 494c4c4c 5a03004c
I/DEBUG ( 128): 5c2a8d64 02005a4c 1800495b 6e614c5b 696f7264
I/DEBUG ( 128): 5c2a8d74 736f2f64 7261502f 616c6563 3b656c62
I/DEBUG ( 128): 5c2a8d84 4c5b0f00 6176616a 2f6f692f 656c6946
I/DEBUG ( 128): 5c2a8d94 5b19003b 76616a4c 616c2f61 432f676e
I/DEBUG ( 128): 5c2a8da4 53726168 65757165 3b65636e 4c5b1300
I/DEBUG ( 128): 5c2a8db4 6176616a 6e616c2f 624f2f67 7463656a
I/DEBUG ( 128): 5c2a8dc4 5b13003b 76616a4c 616c2f61 532f676e
I/DEBUG ( 128): 5c2a8dd4 6e697274 2b003b67 616a4c5b 2f786176
I/DEBUG ( 128): 5c2a8de4 7263696d 6964656f 6e6f6974 72686b2f
I/DEBUG ( 128): 5c2a8df4 736f6e6f 6c67652f 4c47452f 666e6f43
I/DEBUG ( 128): 5c2a8e04 003b6769 6f4c5b36 6c2f6772 72616e69
I/DEBUG ( 128):
I/DEBUG ( 128): memory near fp:
I/DEBUG ( 128): 5fefea7c 5dba554d 57dd71a0 41834624 00000000
I/DEBUG ( 128): 5fefea8c 5787d810 00000001 5c2fdf38 00000000
I/DEBUG ( 128): 5fefea9c 418746d9 5c2fdf38 5c2a8d37 5dba554d
I/DEBUG ( 128): 5fefeaac 5787d820 5787d820 00000000 4020239c
I/DEBUG ( 128): 5fefeabc 41c1efd8 5787d820 5787d8b8 57b42118
I/DEBUG ( 128): 5fefeacc 00000000 00000000 00000000 418fa574
I/DEBUG ( 128): 5fefeadc 41c2cf38 5787d810 418fb1f8 00000b28
I/DEBUG ( 128): 5fefeaec 5787d810 5787d838 41841960 5787d838
I/DEBUG ( 128): 5fefeafc 5787d810 5787d810 418fa6d0 00000000
I/DEBUG ( 128): 5fefeb0c 5dab2638 00000008 418b9255 00000002
I/DEBUG ( 128): 5fefeb1c 0000003a 00000013 00000013 593a73ee
I/DEBUG ( 128): 5fefeb2c 418b93d7 0000562b 000001cd 00000001
I/DEBUG ( 128): 5fefeb3c 0000dca1 0000006a 418a39b9 00000038
I/DEBUG ( 128): 5fefeb4c 00000001 0000000e 00000002 00000002
I/DEBUG ( 128): 5fefeb5c 4020239c 00000074 00000005 fffffe9e
I/DEBUG ( 128): 5fefeb6c 9c1d0656 418fa1f8 00000000 00000000
I/DEBUG ( 128):
I/DEBUG ( 128): memory near sp:
I/DEBUG ( 128): 5fefea0c 401ad881 401fe000 5c2f7300 5c2f5b18
I/DEBUG ( 128): 5fefea1c 6231b800 00000001 5c373cc8 5c2f5b18
I/DEBUG ( 128): 5fefea2c 00000000 5daa9558 00000004 5c2fdf40
I/DEBUG ( 128): 5fefea3c 5fefea88 5c2fdf38 5c2a8d37 5fefea9c
I/DEBUG ( 128): 5fefea4c 5dbf381d 5daa0250 5dc74cd8 00000000
I/DEBUG ( 128): 5fefea5c 5dbac261 5daaa830 5dbb4f39 5dba554d
I/DEBUG ( 128): 5fefea6c 5dc75220 00000007 5dba5559 593a75d2
I/DEBUG ( 128): 5fefea7c 5dba554d 57dd71a0 41834624 00000000
I/DEBUG ( 128): 5fefea8c 5787d810 00000001 5c2fdf38 00000000
I/DEBUG ( 128): 5fefea9c 418746d9 5c2fdf38 5c2a8d37 5dba554d
I/DEBUG ( 128): 5fefeaac 5787d820 5787d820 00000000 4020239c
I/DEBUG ( 128): 5fefeabc 41c1efd8 5787d820 5787d8b8 57b42118
I/DEBUG ( 128): 5fefeacc 00000000 00000000 00000000 418fa574
I/DEBUG ( 128): 5fefeadc 41c2cf38 5787d810 418fb1f8 00000b28
I/DEBUG ( 128): 5fefeaec 5787d810 5787d838 41841960 5787d838
I/DEBUG ( 128): 5fefeafc 5787d810 5787d810 418fa6d0 00000000
I/DEBUG ( 128):
I/DEBUG ( 128): code around pc:
I/DEBUG ( 128): 5dc02fbc ed8cf7a0 6be46ba1 e7ee1b0a ed74f7a0
I/DEBUG ( 128): 5dc02fcc 00071dba fffffe20 0006b494 4ff0e92d
I/DEBUG ( 128): 5dc02fdc 69c44606 6a03b083 d01b429c 2700343c
I/DEBUG ( 128): 5dc02fec 4545e00c 7c3cf844 7c38f844 f804462b
I/DEBUG ( 128): 5dc02ffc f1047c04 f804043c d0547c3f 0c3cf854
I/DEBUG ( 128): 5dc0300c 461d46a0 d0ec2800 e83cf7a1 e7e86a35
I/DEBUG ( 128): 5dc0301c 8020f8c6 1d376bf1 42816bb0 2000bf1c
I/DEBUG ( 128): 5dc0302c 68f47008 6bf1bf1c 42bc63b1 6aa5d018
I/DEBUG ( 128): 5dc0303c 69e8b175 0e08f105 d0064570 68abb128
I/DEBUG ( 128): 5dc0304c 29801a19 f7a0d82c 4628ed1e ecdef7a0
I/DEBUG ( 128): 5dc0305c b1ab68e3 689b461c d1fb2b00 d1e642bc
I/DEBUG ( 128): 5dc0306c 2a006972 6830d167 f7a1b108 2500e872
I/DEBUG ( 128): 5dc0307c f8866035 f8865040 b0035041 8ff0e8bd
I/DEBUG ( 128): 5dc0308c 68d16862 d16042a1 e00146a2 46224692
I/DEBUG ( 128): 5dc0309c 68e06854 d0f94290 bf084554 e7c44614
I/DEBUG ( 128): 5dc030ac ecb4f7a0 f8d6e7d1 4545801c 45a8d0b2
I/DEBUG ( 128):
I/DEBUG ( 128): code around lr:
I/DEBUG ( 128): 5dbf37fc 8000f3af 00000000 412e8480 4605b570
I/DEBUG ( 128): 5dbf380c 1d266d84 f00f4630 4630f895 fbdef00f
I/DEBUG ( 128): 5dbf381c 2b006da3 8099f040 b1316de1 f1042001
I/DEBUG ( 128): 5dbf382c f7b0015c 2200eaf8 f10465e2 46300660
I/DEBUG ( 128): 5dbf383c f880f00f f5044630 f00f76aa f648fbc7
I/DEBUG ( 128): 5dbf384c 21000092 ea62f7b0 719af504 f7b02001
I/DEBUG ( 128): 5dbf385c f8d4ea52 2000313c 1140f8d4 0134f8c4
I/DEBUG ( 128): 5dbf386c 0138f8c4 428b4630 f8c4bf18 f00f3140
I/DEBUG ( 128): 5dbf387c 4630f861 fbaaf00f 70d8f504 fde4f7c3
I/DEBUG ( 128): 5dbf388c 2c006dac f504d04d f7c370d8 f8d4fe4f
I/DEBUG ( 128): 5dbf389c b14001a4 21acf8d4 f0231a13 2980013f
I/DEBUG ( 128): 5dbf38ac f7b0d850 f8d4e8f0 b1400198 11a0f8d4
I/DEBUG ( 128): 5dbf38bc f0261a0e 2980013f f7b0d841 f504e8e4
I/DEBUG ( 128): 5dbf38cc f00f70aa f8d4fc45 b1400148 2150f8d4
I/DEBUG ( 128): 5dbf38dc f0231a13 29800107 f7b0d82e f8d4e8d4
I/DEBUG ( 128): 5dbf38ec b140013c 1144f8d4 f0261a0e 29800107
I/BootReceiver( 447): Copying /data/tombstones/tombstone_05 to DropBox (SYSTEM_TOMBSTONE)
W/ActivityManager( 447): Force finishing activity org.linaro.glmark2/.Glmark2Activity
I/WindowState( 447): WIN DEATH: Window{42665ef0 u0 org.linaro.glmark2/org.linaro.glmark2.Glmark2Activity}
I/WindowState( 447): WIN DEATH: Window{42665ab8 u0 SurfaceView}
I/ActivityManager( 447): Process org.linaro.glmark2:glmark2 (pid 27457) has died.
I/ActivityManager( 447): START u0 {cmp=org.linaro.glmark2/.ResultsActivity} from pid 27437
D/Zygote ( 132): Process 27457 terminated by signal (11)
W/ResourceType(27437): CREATING STRING CACHE OF 72 bytes
D/dalvikvm(27437): GC_CONCURRENT freed 167K, 5% free 4704K/4932K, paused 3ms+1ms, total 17ms
I/ActivityManager( 447): Displayed org.linaro.glmark2/.ResultsActivity: +1s63ms
W/Binder ( 626): Caught a RuntimeException from the binder stub implementation.
W/Binder ( 626): java.lang.NullPointerException
W/Binder ( 626): at android.inputmethodservice.IInputMethodWrapper.setSessionEnabled(IInputMethodWrapper.java:280)
W/Binder ( 626): at com.android.internal.view.IInputMethod$Stub.onTransact(IInputMethod.java:129)
