E/chromium(27028): [ERROR:gles2_cmd_decoder.cc(5758)] [.ChromiumCompositor-0x5db3f898]RENDER WARNING: texture bound to texture unit 0 is not renderable. It maybe non-power-of-2 and have incompatible texture filtering or is not 'texture complete'
E/chromium(27028): [ERROR:gles2_cmd_decoder.cc(5758)] [.ChromiumCompositor-0x5db3f898]RENDER WARNING: texture bound to texture unit 0 is not renderable. It maybe non-power-of-2 and have incompatible texture filtering or is not 'texture complete'
E/chromium(27028): [ERROR:gles2_cmd_decoder.cc(5758)] [.ChromiumCompositor-0x5db3f898]RENDER WARNING: texture bound to texture unit 0 is not renderable. It maybe non-power-of-2 and have incompatible texture filtering or is not 'texture complete'
E/chromium(27028): [ERROR:gles2_cmd_decoder.cc(5758)] [.ChromiumCompositor-0x5db3f898]RENDER WARNING: texture bound to texture unit 0 is not renderable. It maybe non-power-of-2 and have incompatible texture filtering or is not 'texture complete'
E/chromium(27028): [ERROR:gles2_cmd_decoder.cc(5758)] [.ChromiumCompositor-0x5db3f898]RENDER WARNING: texture bound to texture unit 0 is not renderable. It maybe non-power-of-2 and have incompatible texture filtering or is not 'texture complete'
E/chromium(27028): [ERROR:gles2_cmd_decoder.cc(5758)] [.ChromiumCompositor-0x5db3f898]RENDER WARNING: texture bound to texture unit 0 is not renderable. It maybe non-power-of-2 and have incompatible texture filtering or is not 'texture complete'
E/chromium(27028): [ERROR:gles2_cmd_decoder.cc(5758)] [.ChromiumCompositor-0x5db3f898]RENDER WARNING: texture bound to texture unit 0 is not renderable. It maybe non-power-of-2 and have incompatible texture filtering or is not 'texture complete'
E/chromium(27028): [ERROR:gles2_cmd_decoder.cc(5758)] [.ChromiumCompositor-0x5db3f898]RENDER WARNING: texture bound to texture unit 0 is not renderable. It maybe non-power-of-2 and have incompatible texture filtering or is not 'texture complete'
E/chromium(27028): [ERROR:gles2_cmd_decoder.cc(5758)] [.ChromiumCompositor-0x5db3f898]RENDER WARNING: texture bound to texture unit 0 is not renderable. It maybe non-power-of-2 and have incompatible texture filtering or is not 'texture complete'
E/chromium(27028): [ERROR:gles2_cmd_decoder.cc(5758)] [.ChromiumCompositor-0x5db3f898]RENDER WARNING: texture bound to texture unit 0 is not renderable. It maybe non-power-of-2 and have incompatible texture filtering or is not 'texture complete'
E/chromium(27028): [ERROR:gles2_cmd_decoder.cc(5758)] [.ChromiumCompositor-0x5db3f898]RENDER WARNING: texture bound to texture unit 0 is not renderable. It maybe non-power-of-2 and have incompatible texture filtering or is not 'texture complete'
E/chromium(27028): [ERROR:gles2_cmd_decoder.cc(5758)] [.ChromiumCompositor-0x5db3f898]RENDER WARNING: texture bound to texture unit 0 is not renderable. It maybe non-power-of-2 and have incompatible texture filtering or is not 'texture complete'
E/chromium(27028): [ERROR:gles2_cmd_decoder.cc(5758)] [.ChromiumCompositor-0x5db3f898]RENDER WARNING: texture bound to texture unit 0 is not renderable. It maybe non-power-of-2 and have incompatible texture filtering or is not 'texture complete'
E/chromium(27028): [ERROR:gles2_cmd_decoder.cc(5758)] [.ChromiumCompositor-0x5db3f898]RENDER WARNING: texture bound to texture unit 0 is not renderable. It maybe non-power-of-2 and have incompatible texture filtering or is not 'texture complete'
E/chromium(27028): [ERROR:gles2_cmd_decoder.cc(5758)] [.ChromiumCompositor-0x5db3f898]RENDER WARNING: texture bound to texture unit 0 is not renderable. It maybe non-power-of-2 and have incompatible texture filtering or is not 'texture complete'
E/chromium(27028): [ERROR:gles2_cmd_decoder.cc(5758)] [.ChromiumCompositor-0x5db3f898]RENDER WARNING: texture bound to texture unit 0 is not renderable. It maybe non-power-of-2 and have incompatible texture filtering or is not 'texture complete'
E/chromium(27028): [ERROR:gles2_cmd_decoder.cc(5758)] [.ChromiumCompositor-0x5db3f898]RENDER WARNING: texture bound to texture unit 0 is not renderable. It maybe non-power-of-2 and have incompatible texture filtering or is not 'texture complete'
E/chromium(27028): [ERROR:gles2_cmd_decoder.cc(5758)] [.ChromiumCompositor-0x5db3f898]RENDER WARNING: texture bound to texture unit 0 is not renderable. It maybe non-power-of-2 and have incompatible texture filtering or is not 'texture complete'
E/chromium(27028): [ERROR:gles2_cmd_decoder.cc(5758)] [.ChromiumCompositor-0x5db3f898]RENDER WARNING: texture bound to texture unit 0 is not renderable. It maybe non-power-of-2 and have incompatible texture filtering or is not 'texture complete'
E/chromium(27028): [ERROR:gles2_cmd_decoder.cc(5758)] [.ChromiumCompositor-0x5db3f898]RENDER WARNING: texture bound to texture unit 0 is not renderable. It maybe non-power-of-2 and have incompatible texture filtering or is not 'texture complete'
E/chromium(27028): [ERROR:gles2_cmd_decoder.cc(5758)] [.ChromiumCompositor-0x5db3f898]RENDER WARNING: texture bound to texture unit 0 is not renderable. It maybe non-power-of-2 and have incompatible texture filtering or is not 'texture complete'
E/chromium(27028): [ERROR:gles2_cmd_decoder.cc(5758)] [.ChromiumCompositor-0x5db3f898]RENDER WARNING: texture bound to texture unit 0 is not renderable. It maybe non-power-of-2 and have incompatible texture filtering or is not 'texture complete'
E/chromium(27028): [ERROR:gles2_cmd_decoder.cc(5758)] [.ChromiumCompositor-0x5db3f898]RENDER WARNING: texture bound to texture unit 0 is not renderable. It maybe non-power-of-2 and have incompatible texture filtering or is not 'texture complete'
E/chromium(27028): [ERROR:gles2_cmd_decoder.cc(5758)] [.ChromiumCompositor-0x5db3f898]RENDER WARNING: texture bound to texture unit 0 is not renderable. It maybe non-power-of-2 and have incompatible texture filtering or is not 'texture complete'
E/chromium(27028): [ERROR:gles2_cmd_decoder.cc(5758)] [.ChromiumCompositor-0x5db3f898]RENDER WARNING: texture bound to texture unit 0 is not renderable. It maybe non-power-of-2 and have incompatible texture filtering or is not 'texture complete'
E/chromium(27028): [ERROR:gles2_cmd_decoder.cc(5758)] [.ChromiumCompositor-0x5db3f898]RENDER WARNING: texture bound to texture unit 0 is not renderable. It maybe non-power-of-2 and have incompatible texture filtering or is not 'texture complete'
E/chromium(27028): [ERROR:gles2_cmd_decoder.cc(5758)] [.ChromiumCompositor-0x5db3f898]RENDER WARNING: texture bound to texture unit 0 is not renderable. It maybe non-power-of-2 and have incompatible texture filtering or is not 'texture complete'
E/chromium(27028): [ERROR:gles2_cmd_decoder.cc(5758)] [.ChromiumCompositor-0x5db3f898]RENDER WARNING: texture bound to texture unit 0 is not renderable. It maybe non-power-of-2 and have incompatible texture filtering or is not 'texture complete'
E/chromium(27028): [ERROR:gles2_cmd_decoder.cc(5758)] [.ChromiumCompositor-0x5db3f898]RENDER WARNING: texture bound to texture unit 0 is not renderable. It maybe non-power-of-2 and have incompatible texture filtering or is not 'texture complete'
E/chromium(27028): [ERROR:gles2_cmd_decoder.cc(5758)] [.ChromiumCompositor-0x5db3f898]RENDER WARNING: texture bound to texture unit 0 is not renderable. It maybe non-power-of-2 and have incompatible texture filtering or is not 'texture complete'
E/chromium(27028): [ERROR:gles2_cmd_decoder.cc(5758)] [.ChromiumCompositor-0x5db3f898]RENDER WARNING: texture bound to texture unit 0 is not renderable. It maybe non-power-of-2 and have incompatible texture filtering or is not 'texture complete'
E/chromium(27028): [ERROR:gles2_cmd_decoder.cc(5758)] [.ChromiumCompositor-0x5db3f898]RENDER WARNING: texture bound to texture unit 0 is not renderable. It maybe non-power-of-2 and have incompatible texture filtering or is not 'texture complete'
E/chromium(27028): [ERROR:gles2_cmd_decoder.cc(5758)] [.ChromiumCompositor-0x5db3f898]RENDER WARNING: texture bound to texture unit 0 is not renderable. It maybe non-power-of-2 and have incompatible texture filtering or is not 'texture complete'
E/chromium(27028): [ERROR:gles2_cmd_decoder.cc(5758)] [.ChromiumCompositor-0x5db3f898]RENDER WARNING: texture bound to texture unit 0 is not renderable. It maybe non-power-of-2 and have incompatible texture filtering or is not 'texture complete'
E/chromium(27028): [ERROR:gles2_cmd_decoder.cc(5758)] [.ChromiumCompositor-0x5db3f898]RENDER WARNING: texture bound to texture unit 0 is not renderable. It maybe non-power-of-2 and have incompatible texture filtering or is not 'texture complete'
E/chromium(27028): [ERROR:gles2_cmd_decoder.cc(5758)] [.ChromiumCompositor-0x5db3f898]RENDER WARNING: texture bound to texture unit 0 is not renderable. It maybe non-power-of-2 and have incompatible texture filtering or is not 'texture complete'
E/chromium(27028): [ERROR:gles2_cmd_decoder.cc(5758)] [.ChromiumCompositor-0x5db3f898]RENDER WARNING: texture bound to texture unit 0 is not renderable. It maybe non-power-of-2 and have incompatible texture filtering or is not 'texture complete'
E/chromium(27028): [ERROR:gles2_cmd_decoder.cc(5758)] [.ChromiumCompositor-0x5db3f898]RENDER WARNING: texture bound to texture unit 0 is not renderable. It maybe non-power-of-2 and have incompatible texture filtering or is not 'texture complete'
E/chromium(27028): [ERROR:gles2_cmd_decoder.cc(5758)] [.ChromiumCompositor-0x5db3f898]RENDER WARNING: texture bound to texture unit 0 is not renderable. It maybe non-power-of-2 and have incompatible texture filtering or is not 'texture complete'
E/chromium(27028): [ERROR:gles2_cmd_decoder.cc(5758)] [.ChromiumCompositor-0x5db3f898]RENDER WARNING: texture bound to texture unit 0 is not renderable. It maybe non-power-of-2 and have incompatible texture filtering or is not 'texture complete'
E/chromium(27028): [ERROR:gles2_cmd_decoder.cc(5758)] [.ChromiumCompositor-0x5db3f898]RENDER WARNING: texture bound to texture unit 0 is not renderable. It maybe non-power-of-2 and have incompatible texture filtering or is not 'texture complete'
E/chromium(27028): [ERROR:gles2_cmd_decoder.cc(5758)] [.ChromiumCompositor-0x5db3f898]RENDER WARNING: texture bound to texture unit 0 is not renderable. It maybe non-power-of-2 and have incompatible texture filtering or is not 'texture complete'
E/chromium(27028): [ERROR:gles2_cmd_decoder.cc(5758)] [.ChromiumCompositor-0x5db3f898]RENDER WARNING: texture bound to texture unit 0 is not renderable. It maybe non-power-of-2 and have incompatible texture filtering or is not 'texture complete'
E/chromium(27028): [ERROR:gles2_cmd_decoder.cc(5758)] [.ChromiumCompositor-0x5db3f898]RENDER WARNING: texture bound to texture unit 0 is not renderable. It maybe non-power-of-2 and have incompatible texture filtering or is not 'texture complete'
E/chromium(27028): [ERROR:gles2_cmd_decoder.cc(5758)] [.ChromiumCompositor-0x5db3f898]RENDER WARNING: texture bound to texture unit 0 is not renderable. It maybe non-power-of-2 and have incompatible texture filtering or is not 'texture complete'
E/chromium(27028): [ERROR:gles2_cmd_decoder.cc(5758)] [.ChromiumCompositor-0x5db3f898]RENDER WARNING: texture bound to texture unit 0 is not renderable. It maybe non-power-of-2 and have incompatible texture filtering or is not 'texture complete'
E/chromium(27028): [ERROR:gles2_cmd_decoder.cc(5758)] [.ChromiumCompositor-0x5db3f898]RENDER WARNING: texture bound to texture unit 0 is not renderable. It maybe non-power-of-2 and have incompatible texture filtering or is not 'texture complete'
E/chromium(27028): [ERROR:gles2_cmd_decoder.cc(5758)] [.ChromiumCompositor-0x5db3f898]RENDER WARNING: texture bound to texture unit 0 is not renderable. It maybe non-power-of-2 and have incompatible texture filtering or is not 'texture complete'
E/chromium(27028): [ERROR:gles2_cmd_decoder.cc(5758)] [.ChromiumCompositor-0x5db3f898]RENDER WARNING: texture bound to texture unit 0 is not renderable. It maybe non-power-of-2 and have incompatible texture filtering or is not 'texture complete'
E/chromium(27028): [ERROR:gles2_cmd_decoder.cc(5758)] [.ChromiumCompositor-0x5db3f898]RENDER WARNING: texture bound to texture unit 0 is not renderable. It maybe non-power-of-2 and have incompatible texture filtering or is not 'texture complete'
E/chromium(27028): [ERROR:logger.cc(46)] Too many GL errors, not reporting any more for this context. use --disable-gl-error-limit to see all errors.
E/IMGSRV (27028): :0: gralloc_module_map: Mismatching lock usage bits 0xP...FHWR=0x00000033 vs requested usage bits 0xP...FHWR=0x00000100
E/IMGSRV (27028): :0: MapBufferObtainParams: Mapping buffer failed
E/IMGSRV (27028): :0: WSEGL_GetDrawableParameters: Failed to obtain buffer parameters
E/chromium(27028): [ERROR:gl_image_egl.cc(59)] Error creating EGLImage: 12300
E/IMGSRV (27028): :0: gralloc_module_map: Mismatching lock usage bits 0xP...FHWR=0x00000033 vs requested usage bits 0xP...FHWR=0x00000100
E/IMGSRV (27028): :0: MapBufferObtainParams: Mapping buffer failed
E/IMGSRV (27028): :0: WSEGL_GetDrawableParameters: Failed to obtain buffer parameters
E/chromium(27028): [ERROR:gl_image_egl.cc(59)] Error creating EGLImage: 12300
E/IMGSRV (27028): :0: gralloc_module_map: Mismatching lock usage bits 0xP...FHWR=0x00000033 vs requested usage bits 0xP...FHWR=0x00000100
E/IMGSRV (27028): :0: MapBufferObtainParams: Mapping buffer failed
E/IMGSRV (27028): :0: WSEGL_GetDrawableParameters: Failed to obtain buffer parameters
E/chromium(27028): [ERROR:gl_image_egl.cc(59)] Error creating EGLImage: 12300
E/IMGSRV (27028): :0: gralloc_module_map: Mismatching lock usage bits 0xP...FHWR=0x00000033 vs requested usage bits 0xP...FHWR=0x00000100
E/IMGSRV (27028): :0: MapBufferObtainParams: Mapping buffer failed
E/IMGSRV (27028): :0: WSEGL_GetDrawableParameters: Failed to obtain buffer parameters
E/chromium(27028): [ERROR:gl_image_egl.cc(59)] Error creating EGLImage: 12300
E/IMGSRV (27028): :0: gralloc_module_map: Mismatching lock usage bits 0xP...FHWR=0x00000033 vs requested usage bits 0xP...FHWR=0x00000100
E/IMGSRV (27028): :0: MapBufferObtainParams: Mapping buffer failed
E/IMGSRV (27028): :0: WSEGL_GetDrawableParameters: Failed to obtain buffer parameters
E/chromium(27028): [ERROR:gl_image_egl.cc(59)] Error creating EGLImage: 12300
E/IMGSRV (27028): :0: gralloc_module_map: Mismatching lock usage bits 0xP...FHWR=0x00000033 vs requested usage bits 0xP...FHWR=0x00000100
E/IMGSRV (27028): :0: MapBufferObtainParams: Mapping buffer failed
E/IMGSRV (27028): :0: WSEGL_GetDrawableParameters: Failed to obtain buffer parameters
E/chromium(27028): [ERROR:gl_image_egl.cc(59)] Error creating EGLImage: 12300
E/IMGSRV (27028): :0: gralloc_module_map: Mismatching lock usage bits 0xP...FHWR=0x00000033 vs requested usage bits 0xP...FHWR=0x00000100
E/IMGSRV (27028): :0: MapBufferObtainParams: Mapping buffer failed
E/IMGSRV (27028): :0: WSEGL_GetDrawableParameters: Failed to obtain buffer parameters
E/chromium(27028): [ERROR:gl_image_egl.cc(59)] Error creating EGLImage: 12300
D/dalvikvm( 447): GC_EXPLICIT freed 408K, 40% free 10196K/16920K, paused 2ms+4ms, total 72ms
D/dalvikvm(27028): GC_CONCURRENT freed 1114K, 15% free 6851K/8024K, paused 1ms+16ms, total 34ms
D/dalvikvm(27028): WAIT_FOR_CONCURRENT_GC blocked 8ms
I/browser (27028): Console: Given URL is not allowed by the Application configuration.: One or more of the given URLs is not allowed by the App's settings. It must match the Website URL or Canvas URL, or the domain must be a subdomain of one of the App's domains. https://www.facebook.com/connect/ping?client_id=172525162793917&domain=www.appsapk.com&origin=2&redirect_uri=http%3A%2F%2Fstatic.ak.facebook.com%2Fconnect%2Fxd_arbiter.php%3Fversion%3D40%23cb%3Df924d124%26domain%3Dwww.appsapk.com%26origin%3Dhttp%253A%252F%252Fwww.appsapk.com%252Ff2b7beb23%26relation%3Dparent&response_type=token%2Csigned_request%2Ccode&sdk=joey:1
E/IMGSRV (27028): :0: gralloc_module_map: Mismatching lock usage bits 0xP...FHWR=0x00000033 vs requested usage bits 0xP...FHWR=0x00000100
E/IMGSRV (27028): :0: MapBufferObtainParams: Mapping buffer failed
E/IMGSRV (27028): :0: WSEGL_GetDrawableParameters: Failed to obtain buffer parameters
E/chromium(27028): [ERROR:gl_image_egl.cc(59)] Error creating EGLImage: 12300
E/IMGSRV (27028): :0: gralloc_module_map: Mismatching lock usage bits 0xP...FHWR=0x00000033 vs requested usage bits 0xP...FHWR=0x00000100
E/IMGSRV (27028): :0: MapBufferObtainParams: Mapping buffer failed
E/IMGSRV (27028): :0: WSEGL_GetDrawableParameters: Failed to obtain buffer parameters
E/chromium(27028): [ERROR:gl_image_egl.cc(59)] Error creating EGLImage: 12300
E/IMGSRV (27028): :0: gralloc_module_map: Mismatching lock usage bits 0xP...FHWR=0x00000033 vs requested usage bits 0xP...FHWR=0x00000100
E/IMGSRV (27028): :0: MapBufferObtainParams: Mapping buffer failed
E/IMGSRV (27028): :0: WSEGL_GetDrawableParameters: Failed to obtain buffer parameters
E/chromium(27028): [ERROR:gl_image_egl.cc(59)] Error creating EGLImage: 12300
E/IMGSRV (27028): :0: gralloc_module_map: Mismatching lock usage bits 0xP...FHWR=0x00000033 vs requested usage bits 0xP...FHWR=0x00000100
E/IMGSRV (27028): :0: MapBufferObtainParams: Mapping buffer failed
E/IMGSRV (27028): :0: WSEGL_GetDrawableParameters: Failed to obtain buffer parameters
E/chromium(27028): [ERROR:gl_image_egl.cc(59)] Error creating EGLImage: 12300
E/IMGSRV (27028): :0: gralloc_module_map: Mismatching lock usage bits 0xP...FHWR=0x00000033 vs requested usage bits 0xP...FHWR=0x00000100
E/IMGSRV (27028): :0: MapBufferObtainParams: Mapping buffer failed
E/IMGSRV (27028): :0: WSEGL_GetDrawableParameters: Failed to obtain buffer parameters
E/chromium(27028): [ERROR:gl_image_egl.cc(59)] Error creating EGLImage: 12300
E/IMGSRV (27028): :0: gralloc_module_map: Mismatching lock usage bits 0xP...FHWR=0x00000033 vs requested usage bits 0xP...FHWR=0x00000100
E/IMGSRV (27028): :0: MapBufferObtainParams: Mapping buffer failed
E/IMGSRV (27028): :0: WSEGL_GetDrawableParameters: Failed to obtain buffer parameters
E/chromium(27028): [ERROR:gl_image_egl.cc(59)] Error creating EGLImage: 12300
E/IMGSRV (27028): :0: gralloc_module_map: Mismatching lock usage bits 0xP...FHWR=0x00000033 vs requested usage bits 0xP...FHWR=0x00000100
E/IMGSRV (27028): :0: MapBufferObtainParams: Mapping buffer failed
E/IMGSRV (27028): :0: WSEGL_GetDrawableParameters: Failed to obtain buffer parameters
E/chromium(27028): [ERROR:gl_image_egl.cc(59)] Error creating EGLImage: 12300
E/IMGSRV (27028): :0: gralloc_module_map: Mismatching lock usage bits 0xP...FHWR=0x00000033 vs requested usage bits 0xP...FHWR=0x00000100
E/IMGSRV (27028): :0: MapBufferObtainParams: Mapping buffer failed
E/IMGSRV (27028): :0: WSEGL_GetDrawableParameters: Failed to obtain buffer parameters
E/chromium(27028): [ERROR:gl_image_egl.cc(59)] Error creating EGLImage: 12300
E/IMGSRV (27028): :0: gralloc_module_map: Mismatching lock usage bits 0xP...FHWR=0x00000033 vs requested usage bits 0xP...FHWR=0x00000100
E/IMGSRV (27028): :0: MapBufferObtainParams: Mapping buffer failed
E/IMGSRV (27028): :0: WSEGL_GetDrawableParameters: Failed to obtain buffer parameters
E/chromium(27028): [ERROR:gl_image_egl.cc(59)] Error creating EGLImage: 12300
E/IMGSRV (27028): :0: gralloc_module_map: Mismatching lock usage bits 0xP...FHWR=0x00000033 vs requested usage bits 0xP...FHWR=0x00000100
E/IMGSRV (27028): :0: MapBufferObtainParams: Mapping buffer failed
E/IMGSRV (27028): :0: WSEGL_GetDrawableParameters: Failed to obtain buffer parameters
E/chromium(27028): [ERROR:gl_image_egl.cc(59)] Error creating EGLImage: 12300
E/IMGSRV (27028): :0: gralloc_module_map: Mismatching lock usage bits 0xP...FHWR=0x00000033 vs requested usage bits 0xP...FHWR=0x00000100
E/IMGSRV (27028): :0: MapBufferObtainParams: Mapping buffer failed
E/IMGSRV (27028): :0: WSEGL_GetDrawableParameters: Failed to obtain buffer parameters
E/chromium(27028): [ERROR:gl_image_egl.cc(59)] Error creating EGLImage: 12300
D/dalvikvm(27028): GC_FOR_ALLOC freed 408K, 16% free 6914K/8160K, paused 31ms, total 31ms
D/dalvikvm(27028): GC_FOR_ALLOC freed 71K, 16% free 6907K/8160K, paused 18ms, total 18ms
I/dalvikvm-heap(27028): Grow heap (frag case) to 7.021MB for 230416-byte allocation
D/dalvikvm(27028): GC_FOR_ALLOC freed 1K, 15% free 7131K/8388K, paused 15ms, total 15ms
D/dalvikvm( 508): GC_EXPLICIT freed 1624K, 29% free 8526K/11984K, paused 4ms+5ms, total 41ms
D/LightsService( 447): Excessive delay setting light: 67ms
D/LightsService( 447): Excessive delay setting light: 68ms
D/dalvikvm( 597): GC_EXPLICIT freed 15K, 12% free 3120K/3536K, paused 3ms+2ms, total 35ms
D/MonkeyStub(26969): translateCommand: press KEYCODE_HOME
I/ActivityManager( 447): START u0 {act=android.intent.action.MAIN cat=[android.intent.category.HOME] flg=0x10200000 cmp=com.android.launcher/com.android.launcher2.Launcher} from pid 447
D/dalvikvm( 447): GC_FOR_ALLOC freed 492K, 40% free 10153K/16920K, paused 41ms, total 41ms
D/WebViewTimersControl(27028): onBrowserActivityPause
D/WebViewTimersControl(27028): Pausing webview timers, view=com.android.browser.BrowserWebView{41c2e3e0 VFEDHVCL .F...... 0,0-720,1030}
D/LightsService( 447): Excessive delay setting light: 68ms
E/IMGSRV ( 667): :0: gralloc_register_buffer: Cannot register a buffer twice (ID=6)
W/GraphicBufferMapper( 667): registerBuffer(0x5df66d90) failed -22 (Invalid argument)
E/GraphicBuffer( 667): unflatten: registerBuffer failed: Invalid argument (-22)
W/IInputConnectionWrapper(27028): showStatusIcon on inactive InputConnection
W/InputMethodManagerService( 447): Starting input on non-focused client com.android.internal.view.IInputMethodClient$Stub$Proxy@41e8e180 (uid=10019 pid=27028)
D/dalvikvm( 667): GC_FOR_ALLOC freed 2316K, 24% free 10689K/13968K, paused 16ms, total 16ms
V/RenderScript( 667): 0x5c2b1de8 Launching thread(s), CPUs 2
D/LightsService( 447): Excessive delay setting light: 67ms
D/dalvikvm(27028): GC_FOR_ALLOC freed 834K, 19% free 6939K/8520K, paused 19ms, total 19ms
W/ManagedEGLContext(27028): doTerminate failed: EGL count is 2 but managed count is 1
D/dalvikvm( 648): GC_EXPLICIT freed 161K, 15% free 3416K/4008K, paused 3ms+2ms, total 32ms
D/dalvikvm( 653): GC_EXPLICIT freed 218K, 8% free 3257K/3540K, paused 3ms+3ms, total 33ms
D/dalvikvm( 727): GC_EXPLICIT freed 12K, 4% free 3060K/3160K, paused 4ms+2ms, total 27ms
D/dalvikvm( 626): GC_EXPLICIT freed 126K, 7% free 3282K/3520K, paused 3ms+3ms, total 45ms
D/MonkeyStub(26969): Quit requested
I/AndroidRuntime(26969): VM exiting with result code 2.
D/LightsService( 447): Excessive delay setting light: 67ms
D/LightsService( 447): Excessive delay setting light: 67ms
D/dalvikvm( 667): GC_EXPLICIT freed 769K, 29% free 9979K/13968K, paused 4ms+4ms, total 43ms
I/ProcessStatsService( 447): Prepared write state in 10ms
D/dalvikvm(26783): GC_EXPLICIT freed 117K, 12% free 5042K/5724K, paused 1ms+2ms, total 26ms
D/ConnectivityService( 447): Sampling interval elapsed, updating statistics ..
D/ConnectivityService( 447): Done.
D/ConnectivityService( 447): Setting timer for 720seconds
I/ActivityManager( 447): Start proc com.android.email for service com.android.email/.service.LegacyImapSyncAdapterService: pid=27113 uid=10028 gids={50028, 3003, 1028, 1015}
D/ActivityThread(27113): Loading provider com.android.email.provider;com.android.email.notifier: com.android.email.provider.EmailProvider
D/ActivityThread(27113): Loading provider com.android.email.provider;com.android.email.notifier: com.android.email.provider.EmailProvider
D/ActivityThread(27113): Loading provider com.android.email.provider;com.android.email.notifier: com.android.email.provider.EmailProvider
D/dalvikvm(27113): GC_CONCURRENT freed 261K, 10% free 3214K/3536K, paused 4ms+3ms, total 25ms
I/Email (27113): Registering for notifications for account 1
D/dalvikvm(27113): GC_CONCURRENT freed 255K, 9% free 3396K/3712K, paused 3ms+3ms, total 18ms
D/dalvikvm(27113): GC_CONCURRENT freed 315K, 10% free 3506K/3876K, paused 3ms+3ms, total 25ms
E/StrictMode(27113): Finalizing a Cursor that has not been deactivated or closed. database = /data/data/com.android.email/databases/EmailProvider.db, table = null, query = SELECT _id AS _id,'SW5ib3g' AS persistentId,'content://com.android.email.provider/uifolder/' || _id AS folderUri,displayName AS name,flags&1 AS hasChildren,'16424' AS capabilities,3 AS syncWindow,'content://com.android.email.provider/uimessages/' || _id AS conversationListUri,'content://com.android.email.provider/uisubfolders/' || _id AS childFoldersListUri,NULL AS unseenCount,unreadCount AS unreadCount,CASE WHEN totalCount<0 OR type=3 OR type=4 OR type=6 THEN messageCount ELSE totalCount END AS totalCount,'content://com.android.email.provider/uirefresh/' || _id AS refreshUri,uiSyncStatus AS syncStatus,uiLastSyncResult AS lastSyncResult,CASE type WHEN 0 THEN 2 WHEN 3 THEN 4 WHEN 4 THEN 8 WHEN 5 THEN 16 WHEN 6 THEN 32 WHEN 7 THEN 64 WHEN 9 THEN 128 WHEN 10 THEN 2048 WHEN 8 THEN 4097 ELSE 1 END AS type,CASE type WHEN 0 THEN 2130837570 WHEN 3 THEN 2130837566 WHEN 4 THEN 2130837574 WHEN 5 THEN 2130837578 WHEN 6 THEN 2130837586 WHEN 9 THEN 2130837582 ELSE -1 END AS iconResId,NULL AS notific
E/StrictMode(27113): android.database.sqlite.DatabaseObjectNotClosedException: Application did not close the cursor or database object that was opened here
E/StrictMode(27113): at android.database.sqlite.SQLiteCursor.(SQLiteCursor.java:98)
E/StrictMode(27113): at android.database.sqlite.SQLiteDirectCursorDriver.query(SQLiteDirectCursorDriver.java:50)
E/StrictMode(27113): at android.database.sqlite.SQLiteDatabase.rawQueryWithFactory(SQLiteDatabase.java:1314)
E/StrictMode(27113): at android.database.sqlite.SQLiteDatabase.rawQuery(SQLiteDatabase.java:1253)
E/StrictMode(27113): at com.android.email.provider.EmailProvider.uiQuery(EmailProvider.java:4302)
E/StrictMode(27113): at com.android.email.provider.EmailProvider.query(EmailProvider.java:1212)
E/StrictMode(27113): at android.content.ContentProvider.query(ContentProvider.java:857)
E/StrictMode(27113): at android.content.ContentProvider$Transport.query(ContentProvider.java:200)
E/StrictMode(27113): at android.content.ContentResolver.query(ContentResolver.java:461)
E/StrictMode(27113): at android.content.ContentResolver.query(ContentResolver.java:404)
E/StrictMode(27113): at com.android.email.NotificationController.refreshNotificationsForAccountInternal(NotificationController.java:635)
E/StrictMode(27113): at com.android.email.NotificationController.refreshNotificationsForAccount(NotificationController.java:588)
E/StrictMode(27113): at com.android.email.NotificationController.access$1200(NotificationController.java:65)
E/StrictMode(27113): at com.android.email.NotificationController$MessageContentObserver.onChange(NotificationController.java:705)
E/StrictMode(27113): at com.android.email.NotificationController.registerMessageNotification(NotificationController.java:290)
E/StrictMode(27113): at com.android.email.NotificationController.registerMessageNotification(NotificationController.java:276)
E/StrictMode(27113): at com.android.email.NotificationController.access$100(NotificationController.java:65)
E/StrictMode(27113): at com.android.email.NotificationController$1.run(NotificationController.java:199)
E/StrictMode(27113): at android.os.Handler.handleCallback(Handler.java:733)
E/StrictMode(27113): at android.os.Handler.dispatchMessage(Handler.java:95)
E/StrictMode(27113): at android.os.Looper.loop(Looper.java:136)
E/StrictMode(27113): at com.android.email.NotificationController$NotificationThread.run(NotificationController.java:792)
E/StrictMode(27113): at java.lang.Thread.run(Thread.java:841)
I/NotifUtils(27113): Validating Notification, mapSize: 1 getAttention: true
I/NotifUtils(27113): validateNotifications - cancelling account 125902019 / folder -1103699138
D/dalvikvm(27113): GC_CONCURRENT freed 359K, 11% free 3552K/3972K, paused 1ms+3ms, total 15ms
I/Email (27113): Observing account changes for notifications
E/StrictMode(27113): A resource was acquired at attached stack trace but never released. See java.io.Closeable for information on avoiding resource leaks.
E/StrictMode(27113): java.lang.Throwable: Explicit termination method 'close' not called
E/StrictMode(27113): at dalvik.system.CloseGuard.open(CloseGuard.java:184)
E/StrictMode(27113): at android.database.CursorWindow.(CursorWindow.java:107)
E/StrictMode(27113): at android.database.AbstractWindowedCursor.clearOrCreateWindow(AbstractWindowedCursor.java:198)
E/StrictMode(27113): at android.database.sqlite.SQLiteCursor.fillWindow(SQLiteCursor.java:139)
E/StrictMode(27113): at android.database.sqlite.SQLiteCursor.getCount(SQLiteCursor.java:133)
E/StrictMode(27113): at android.database.AbstractCursor.moveToPosition(AbstractCursor.java:197)
E/StrictMode(27113): at android.database.AbstractCursor.moveToFirst(AbstractCursor.java:237)
E/StrictMode(27113): at com.android.email.provider.EmailProvider.uiQuery(EmailProvider.java:4306)
E/StrictMode(27113): at com.android.email.provider.EmailProvider.query(EmailProvider.java:1212)
E/StrictMode(27113): at android.content.ContentProvider.query(ContentProvider.java:857)
E/StrictMode(27113): at android.content.ContentProvider$Transport.query(ContentProvider.java:200)
E/StrictMode(27113): at android.content.ContentResolver.query(ContentResolver.java:461)
E/StrictMode(27113): at android.content.ContentResolver.query(ContentResolver.java:404)
E/StrictMode(27113): at com.android.email.provider.EmailProvider.getFolder(EmailProvider.java:3893)
E/StrictMode(27113): at com.android.email.provider.EmailProvider.uiQuery(EmailProvider.java:4257)
E/StrictMode(27113): at com.android.email.provider.EmailProvider.query(EmailProvider.java:1212)
E/StrictMode(27113): at android.content.ContentProvider.query(ContentProvider.java:857)
E/StrictMode(27113): at android.content.ContentProvider$Transport.query(ContentProvider.java:200)
E/StrictMode(27113): at android.content.ContentResolver.query(ContentResolver.java:461)
E/StrictMode(27113): at android.content.ContentResolver.query(ContentResolver.java:404)
E/StrictMode(27113): at com.android.mail.utils.NotificationUtils.validateNotifications(NotificationUtils.java:479)
E/StrictMode(27113): at com.android.mail.utils.NotificationUtils.setNewEmailIndicator(NotificationUtils.java:438)
E/StrictMode(27113): at com.android.email.NotificationController.refreshNotificationsForAccountInternal(NotificationController.java:662)
E/StrictMode(27113): at com.android.email.NotificationController.refreshNotificationsForAccount(NotificationController.java:588)
E/StrictMode(27113): at com.android.email.NotificationController.access$1200(NotificationController.java:65)
E/StrictMode(27113): at com.android.email.NotificationController$MessageContentObserver.onChange(NotificationController.java:705)
E/StrictMode(27113): at com.android.email.NotificationController.registerMessageNotification(NotificationController.java:290)
E/StrictMode(27113): at com.android.email.NotificationController.registerMessageNotification(NotificationController.java:276)
E/StrictMode(27113): at com.android.email.NotificationController.access$100(NotificationController.java:65)
E/StrictMode(27113): at com.android.email.NotificationController$1.run(NotificationController.java:199)
E/StrictMode(27113): at android.os.Handler.handleCallback(Handler.java:733)
E/StrictMode(27113): at android.os.Handler.dispatchMessage(Handler.java:95)
E/StrictMode(27113): at android.os.Looper.loop(Looper.java:136)
E/StrictMode(27113): at com.android.email.NotificationController$NotificationThread.run(NotificationController.java:792)
E/StrictMode(27113): at java.lang.Thread.run(Thread.java:841)
E/StrictMode(27113): Finalizing a Cursor that has not been deactivated or closed. database = /data/data/com.android.email/databases/EmailProvider.db, table = null, query = SELECT _id AS _id,'SW5ib3g' AS persistentId,'content://com.android.email.provider/uifolder/' || _id AS folderUri,displayName AS name,flags&1 AS hasChildren,'16424' AS capabilities,3 AS syncWindow,'content://com.android.email.provider/uimessages/' || _id AS conversationListUri,'content://com.android.email.provider/uisubfolders/' || _id AS childFoldersListUri,NULL AS unseenCount,unreadCount AS unreadCount,CASE WHEN totalCount<0 OR type=3 OR type=4 OR type=6 THEN messageCount ELSE totalCount END AS totalCount,'content://com.android.email.provider/uirefresh/' || _id AS refreshUri,uiSyncStatus AS syncStatus,uiLastSyncResult AS lastSyncResult,CASE type WHEN 0 THEN 2 WHEN 3 THEN 4 WHEN 4 THEN 8 WHEN 5 THEN 16 WHEN 6 THEN 32 WHEN 7 THEN 64 WHEN 9 THEN 128 WHEN 10 THEN 2048 WHEN 8 THEN 4097 ELSE 1 END AS type,CASE type WHEN 0 THEN 2130837570 WHEN 3 THEN 2130837566 WHEN 4 THEN 2130837574 WHEN 5 THEN 2130837578 WHEN 6 THEN 2130837586 WHEN 9 THEN 2130837582 ELSE -1 END AS iconResId,NULL AS notific
E/StrictMode(27113): android.database.sqlite.DatabaseObjectNotClosedException: Application did not close the cursor or database object that was opened here
E/StrictMode(27113): at android.database.sqlite.SQLiteCursor.(SQLiteCursor.java:98)
E/StrictMode(27113): at android.database.sqlite.SQLiteDirectCursorDriver.query(SQLiteDirectCursorDriver.java:50)
E/StrictMode(27113): at android.database.sqlite.SQLiteDatabase.rawQueryWithFactory(SQLiteDatabase.java:1314)
E/StrictMode(27113): at android.database.sqlite.SQLiteDatabase.rawQuery(SQLiteDatabase.java:1253)
E/StrictMode(27113): at com.android.email.provider.EmailProvider.uiQuery(EmailProvider.java:4302)
E/StrictMode(27113): at com.android.email.provider.EmailProvider.query(EmailProvider.java:1212)
E/StrictMode(27113): at android.content.ContentProvider.query(ContentProvider.java:857)
E/StrictMode(27113): at android.content.ContentProvider$Transport.query(ContentProvider.java:200)
E/StrictMode(27113): at android.content.ContentResolver.query(ContentResolver.java:461)
E/StrictMode(27113): at android.content.ContentResolver.query(ContentResolver.java:404)
E/StrictMode(27113): at com.android.mail.utils.NotificationUtils$NotificationMap.loadNotificationMap(NotificationUtils.java:187)
E/StrictMode(27113): at com.android.mail.utils.NotificationUtils.getNotificationMap(NotificationUtils.java:120)
E/StrictMode(27113): at com.android.mail.utils.NotificationUtils.setNewEmailIndicator(NotificationUtils.java:412)
E/StrictMode(27113): at com.android.email.NotificationController.refreshNotificationsForAccountInternal(NotificationController.java:662)
E/StrictMode(27113): at com.android.email.NotificationController.refreshNotificationsForAccount(NotificationController.java:588)
E/StrictMode(27113): at com.android.email.NotificationController.access$1200(NotificationController.java:65)
E/StrictMode(27113): at com.android.email.NotificationController$MessageContentObserver.onChange(NotificationController.java:705)
E/StrictMode(27113): at com.android.email.NotificationController.registerMessageNotification(NotificationController.java:290)
E/StrictMode(27113): at com.android.email.NotificationController.registerMessageNotification(NotificationController.java:276)
E/StrictMode(27113): at com.android.email.NotificationController.access$100(NotificationController.java:65)
E/StrictMode(27113): at com.android.email.NotificationController$1.run(NotificationController.java:199)
E/StrictMode(27113): at android.os.Handler.handleCallback(Handler.java:733)
E/StrictMode(27113): at android.os.Handler.dispatchMessage(Handler.java:95)
E/StrictMode(27113): at android.os.Looper.loop(Looper.java:136)
E/StrictMode(27113): at com.android.email.NotificationController$NotificationThread.run(NotificationController.java:792)
E/StrictMode(27113): at java.lang.Thread.run(Thread.java:841)
E/StrictMode(27113): Finalizing a Cursor that has not been deactivated or closed. database = /data/data/com.android.email/databases/EmailProvider.db, table = null, query = SELECT _id AS _id,'SW5ib3g' AS persistentId,'content://com.android.email.provider/uifolder/' || _id AS folderUri,displayName AS name,flags&1 AS hasChildren,'16424' AS capabilities,3 AS syncWindow,'content://com.android.email.provider/uimessages/' || _id AS conversationListUri,'content://com.android.email.provider/uisubfolders/' || _id AS childFoldersListUri,NULL AS unseenCount,unreadCount AS unreadCount,CASE WHEN totalCount<0 OR type=3 OR type=4 OR type=6 THEN messageCount ELSE totalCount END AS totalCount,'content://com.android.email.provider/uirefresh/' || _id AS refreshUri,uiSyncStatus AS syncStatus,uiLastSyncResult AS lastSyncResult,CASE type WHEN 0 THEN 2 WHEN 3 THEN 4 WHEN 4 THEN 8 WHEN 5 THEN 16 WHEN 6 THEN 32 WHEN 7 THEN 64 WHEN 9 THEN 128 WHEN 10 THEN 2048 WHEN 8 THEN 4097 ELSE 1 END AS type,CASE type WHEN 0 THEN 2130837570 WHEN 3 THEN 2130837566 WHEN 4 THEN 2130837574 WHEN 5 THEN 2130837578 WHEN 6 THEN 2130837586 WHEN 9 THEN 2130837582 ELSE -1 END AS iconResId,NULL AS notific
E/StrictMode(27113): android.database.sqlite.DatabaseObjectNotClosedException: Application did not close the cursor or database object that was opened here
E/StrictMode(27113): at android.database.sqlite.SQLiteCursor.(SQLiteCursor.java:98)
E/StrictMode(27113): at android.database.sqlite.SQLiteDirectCursorDriver.query(SQLiteDirectCursorDriver.java:50)
E/StrictMode(27113): at android.database.sqlite.SQLiteDatabase.rawQueryWithFactory(SQLiteDatabase.java:1314)
E/StrictMode(27113): at android.database.sqlite.SQLiteDatabase.rawQuery(SQLiteDatabase.java:1253)
E/StrictMode(27113): at com.android.email.provider.EmailProvider.uiQuery(EmailProvider.java:4302)
E/StrictMode(27113): at com.android.email.provider.EmailProvider.query(EmailProvider.java:1212)
E/StrictMode(27113): at android.content.ContentProvider.query(ContentProvider.java:857)
E/StrictMode(27113): at android.content.ContentProvider$Transport.query(ContentProvider.java:200)
E/StrictMode(27113): at android.content.ContentResolver.query(ContentResolver.java:461)
E/StrictMode(27113): at android.content.ContentResolver.query(ContentResolver.java:404)
E/StrictMode(27113): at com.android.email.provider.EmailProvider.getFolder(EmailProvider.java:3893)
E/StrictMode(27113): at com.android.email.provider.EmailProvider.uiQuery(EmailProvider.java:4257)
E/StrictMode(27113): at com.android.email.provider.EmailProvider.query(EmailProvider.java:1212)
E/StrictMode(27113): at android.content.ContentProvider.query(ContentProvider.java:857)
E/StrictMode(27113): at android.content.ContentProvider$Transport.query(ContentProvider.java:200)
E/StrictMode(27113): at android.content.ContentResolver.query(ContentResolver.java:461)
E/StrictMode(27113): at android.content.ContentResolver.query(ContentResolver.java:404)
E/StrictMode(27113): at com.android.mail.utils.NotificationUtils.validateNotifications(NotificationUtils.java:479)
E/StrictMode(27113): at com.android.mail.utils.NotificationUtils.setNewEmailIndicator(NotificationUtils.java:438)
E/StrictMode(27113): at com.android.email.NotificationController.refreshNotificationsForAccountInternal(NotificationController.java:662)
E/StrictMode(27113): at com.android.email.NotificationController.refreshNotificationsForAccount(NotificationController.java:588)
E/StrictMode(27113): at com.android.email.NotificationController.access$1200(NotificationController.java:65)
E/StrictMode(27113): at com.android.email.NotificationController$MessageContentObserver.onChange(NotificationController.java:705)
E/StrictMode(27113): at com.android.email.NotificationController.registerMessageNotification(NotificationController.java:290)
E/StrictMode(27113): at com.android.email.NotificationController.registerMessageNotification(NotificationController.java:276)
E/StrictMode(27113): at com.android.email.NotificationController.access$100(NotificationController.java:65)
E/StrictMode(27113): at com.android.email.NotificationController$1.run(NotificationController.java:199)
E/StrictMode(27113): at android.os.Handler.handleCallback(Handler.java:733)
E/StrictMode(27113): at android.os.Handler.dispatchMessage(Handler.java:95)
E/StrictMode(27113): at android.os.Looper.loop(Looper.java:136)
E/StrictMode(27113): at com.android.email.NotificationController$NotificationThread.run(NotificationController.java:792)
E/StrictMode(27113): at java.lang.Thread.run(Thread.java:841)
D/dalvikvm(27113): GC_CONCURRENT freed 491K, 14% free 3480K/4036K, paused 4ms+8ms, total 27ms
I/healthd ( 120): battery l=100 v=4203 t=44.0 h=2 st=5 chg=u
D/dalvikvm(27113): GC_CONCURRENT freed 378K, 14% free 3503K/4036K, paused 2ms+2ms, total 20ms
D/dalvikvm( 447): GC_EXPLICIT freed 2169K, 48% free 8944K/16920K, paused 2ms+7ms, total 66ms
I/ActivityManager( 447): Start proc com.android.deskclock for broadcast com.android.deskclock/com.android.alarmclock.DigitalAppWidgetProvider: pid=27148 uid=10024 gids={50024, 1028}
D/ConnectivityService( 447): Sampling interval elapsed, updating statistics ..
D/ConnectivityService( 447): Done.
D/ConnectivityService( 447): Setting timer for 720seconds
I/ProcessStatsService( 447): Prepared write state in 5ms
D/dalvikvm( 508): GC_CONCURRENT freed 2109K, 33% free 8121K/11984K, paused 5ms+3ms, total 37ms
D/dalvikvm( 447): GC_CONCURRENT freed 1388K, 48% free 8921K/16920K, paused 2ms+6ms, total 63ms
D/dalvikvm(27113): GC_CONCURRENT freed 272K, 10% free 3648K/4036K, paused 2ms+3ms, total 25ms
D/ConnectivityService( 447): Sampling interval elapsed, updating statistics ..
D/ConnectivityService( 447): Done.
D/ConnectivityService( 447): Setting timer for 720seconds
D/dalvikvm(27113): GC_CONCURRENT freed 439K, 13% free 3609K/4108K, paused 4ms+3ms, total 26ms
D/dalvikvm( 447): GC_CONCURRENT freed 1283K, 47% free 8982K/16920K, paused 3ms+6ms, total 73ms
D/ConnectivityService( 447): Sampling interval elapsed, updating statistics ..
D/ConnectivityService( 447): Done.
D/ConnectivityService( 447): Setting timer for 720seconds
I/ProcessStatsService( 447): Prepared write state in 16ms
I/ProcessStatsService( 447): Prepared write state in 10ms
D/ConnectivityService( 447): Sampling interval elapsed, updating statistics ..
D/ConnectivityService( 447): Done.
D/ConnectivityService( 447): Setting timer for 720seconds
D/LightsService( 447): Excessive delay setting light: 67ms
D/LightsService( 447): Excessive delay setting light: 67ms
D/dalvikvm( 667): GC_CONCURRENT freed 750K, 18% free 11525K/13968K, paused 4ms+2ms, total 34ms
D/dalvikvm( 667): WAIT_FOR_CONCURRENT_GC blocked 12ms
D/dalvikvm( 667): WAIT_FOR_CONCURRENT_GC blocked 21ms
D/dalvikvm( 508): GC_CONCURRENT freed 1158K, 29% free 8567K/11984K, paused 3ms+6ms, total 63ms
D/dalvikvm( 508): WAIT_FOR_CONCURRENT_GC blocked 41ms
I/ActivityManager( 447): START u0 {act=android.intent.action.MAIN cat=[android.intent.category.HOME] flg=0x10200000 cmp=com.android.launcher/com.android.launcher2.Launcher} from pid 447
D/dalvikvm( 508): GC_FOR_ALLOC freed 45K, 23% free 9344K/11984K, paused 18ms, total 18ms
I/dalvikvm-heap( 508): Grow heap (frag case) to 9.546MB for 380496-byte allocation
D/dalvikvm( 508): GC_FOR_ALLOC freed <1K, 22% free 9715K/12356K, paused 16ms, total 16ms
D/dalvikvm( 508): GC_FOR_ALLOC freed 1234K, 32% free 8485K/12356K, paused 24ms, total 25ms
D/LightsService( 447): Excessive delay setting light: 67ms
D/LightsService( 447): Excessive delay setting light: 67ms
D/dalvikvm( 447): GC_CONCURRENT freed 1352K, 47% free 8990K/16920K, paused 5ms+6ms, total 68ms
D/LightsService( 447): Excessive delay setting light: 67ms
D/LightsService( 447): Excessive delay setting light: 67ms
I/ActivityManager( 447): START u0 {act=android.intent.action.MAIN cat=[android.intent.category.LAUNCHER] flg=0x10200000 cmp=org.linaro.glmark2/.MainActivity} from pid 667
W/ResourceType( 447): CREATING STRING CACHE OF 72 bytes
I/ActivityManager( 447): Start proc org.linaro.glmark2 for activity org.linaro.glmark2/.MainActivity: pid=27210 uid=10030 gids={50030, 1028, 1015}
I/PackageManager( 447): Running dexopt on: org.linaro.glmark2
D/dalvikvm(27223): DexOpt: load 26ms, verify+opt 55ms, 432484 bytes
E/dalvikvm(27210): ERROR: couldn't find native method
E/dalvikvm(27210): Requested: Lorg/linaro/glmark2/Glmark2Native;.done:()V
E/ (27210): RegisterNatives failed for 'org/linaro/glmark2/Glmark2Native'
E/ (27210): JNI_OnLoad: glmark2 native registration failed
W/dalvikvm(27210): Exception Ljava/lang/NoSuchMethodError; thrown while initializing Lorg/linaro/glmark2/MainActivity;
W/dalvikvm(27210): Class init failed in newInstance call (Lorg/linaro/glmark2/MainActivity;)
D/AndroidRuntime(27210): Shutting down VM
W/dalvikvm(27210): threadid=1: thread exiting with uncaught exception (group=0x4190cba8)
E/AndroidRuntime(27210): FATAL EXCEPTION: main
E/AndroidRuntime(27210): Process: org.linaro.glmark2, PID: 27210
E/AndroidRuntime(27210): java.lang.NoSuchMethodError: no static or non-static method "Lorg/linaro/glmark2/Glmark2Native;.done()V"
E/AndroidRuntime(27210): at java.lang.Runtime.nativeLoad(Native Method)
E/AndroidRuntime(27210): at java.lang.Runtime.doLoad(Runtime.java:421)
E/AndroidRuntime(27210): at java.lang.Runtime.loadLibrary(Runtime.java:362)
E/AndroidRuntime(27210): at java.lang.System.loadLibrary(System.java:526)
E/AndroidRuntime(27210): at org.linaro.glmark2.MainActivity.(MainActivity.java:480)
E/AndroidRuntime(27210): at java.lang.Class.newInstanceImpl(Native Method)
E/AndroidRuntime(27210): at java.lang.Class.newInstance(Class.java:1208)
E/AndroidRuntime(27210): at android.app.Instrumentation.newActivity(Instrumentation.java:1061)
E/AndroidRuntime(27210): at android.app.ActivityThread.performLaunchActivity(ActivityThread.java:2112)
E/AndroidRuntime(27210): at android.app.ActivityThread.handleLaunchActivity(ActivityThread.java:2245)
E/AndroidRuntime(27210): at android.app.ActivityThread.access$800(ActivityThread.java:135)
E/AndroidRuntime(27210): at android.app.ActivityThread$H.handleMessage(ActivityThread.java:1196)
E/AndroidRuntime(27210): at android.os.Handler.dispatchMessage(Handler.java:102)
E/AndroidRuntime(27210): at android.os.Looper.loop(Looper.java:136)
E/AndroidRuntime(27210): at android.app.ActivityThread.main(ActivityThread.java:5017)
E/AndroidRuntime(27210): at java.lang.reflect.Method.invokeNative(Native Method)
E/AndroidRuntime(27210): at java.lang.reflect.Method.invoke(Method.java:515)
E/AndroidRuntime(27210): at com.android.internal.os.ZygoteInit$MethodAndArgsCaller.run(ZygoteInit.java:779)
E/AndroidRuntime(27210): at com.android.internal.os.ZygoteInit.main(ZygoteInit.java:595)
E/AndroidRuntime(27210): at dalvik.system.NativeStart.main(Native Method)
W/ActivityManager( 447): Force finishing activity org.linaro.glmark2/.MainActivity
E/IMGSRV ( 667): :0: gralloc_unregister_buffer: Cannot unregister unregistered buffer (ID=6)
W/GraphicBufferMapper( 667): unregisterBuffer(0x5f40f9e8) failed -22 (Invalid argument)
D/dalvikvm( 447): GC_CONCURRENT freed 542K, 42% free 9879K/16920K, paused 4ms+4ms, total 50ms
D/dalvikvm( 447): WAIT_FOR_CONCURRENT_GC blocked 32ms
D/dalvikvm( 447): GC_FOR_ALLOC freed 1K, 42% free 9976K/16920K, paused 31ms, total 31ms
I/dalvikvm-heap( 447): Grow heap (frag case) to 10.879MB for 1127536-byte allocation
D/dalvikvm( 447): GC_FOR_ALLOC freed 2K, 39% free 11075K/18024K, paused 53ms, total 53ms
W/ActivityManager( 447): Activity pause timeout for ActivityRecord{41eb7f20 u0 org.linaro.glmark2/.MainActivity t16 f}
E/IMGSRV ( 667): :0: gralloc_register_buffer: Cannot register a buffer twice (ID=6)
W/GraphicBufferMapper( 667): registerBuffer(0x5f563a60) failed -22 (Invalid argument)
E/GraphicBuffer( 667): unflatten: registerBuffer failed: Invalid argument (-22)
V/RenderScript( 667): 0x5de353d0 Launching thread(s), CPUs 2
I/Process (27210): Sending signal. PID: 27210 SIG: 9
I/ActivityManager( 447): Process org.linaro.glmark2 (pid 27210) has died.
W/InputMethodManagerService( 447): Window already focused, ignoring focus gain of: com.android.internal.view.IInputMethodClient$Stub$Proxy@41ef0ab8 attribute=null, token = android.os.BinderProxy@41ec4b70
I/ActivityManager( 447): START u0 {act=android.intent.action.MAIN cat=[android.intent.category.LAUNCHER] flg=0x10200000 cmp=org.linaro.glmark2/.MainActivity} from pid 667
W/ResourceType( 447): CREATING STRING CACHE OF 72 bytes
I/ActivityManager( 447): Start proc org.linaro.glmark2 for activity org.linaro.glmark2/.MainActivity: pid=27231 uid=10030 gids={50030, 1028, 1015}
E/dalvikvm(27231): ERROR: couldn't find native method
E/dalvikvm(27231): Requested: Lorg/linaro/glmark2/Glmark2Native;.done:()V
E/ (27231): RegisterNatives failed for 'org/linaro/glmark2/Glmark2Native'
E/ (27231): JNI_OnLoad: glmark2 native registration failed
W/dalvikvm(27231): Exception Ljava/lang/NoSuchMethodError; thrown while initializing Lorg/linaro/glmark2/MainActivity;
W/dalvikvm(27231): Class init failed in newInstance call (Lorg/linaro/glmark2/MainActivity;)
D/AndroidRuntime(27231): Shutting down VM
W/dalvikvm(27231): threadid=1: thread exiting with uncaught exception (group=0x4190cba8)
E/AndroidRuntime(27231): FATAL EXCEPTION: main
E/AndroidRuntime(27231): Process: org.linaro.glmark2, PID: 27231
E/AndroidRuntime(27231): java.lang.NoSuchMethodError: no static or non-static method "Lorg/linaro/glmark2/Glmark2Native;.done()V"
E/AndroidRuntime(27231): at java.lang.Runtime.nativeLoad(Native Method)
E/AndroidRuntime(27231): at java.lang.Runtime.doLoad(Runtime.java:421)
E/AndroidRuntime(27231): at java.lang.Runtime.loadLibrary(Runtime.java:362)
E/AndroidRuntime(27231): at java.lang.System.loadLibrary(System.java:526)
E/AndroidRuntime(27231): at org.linaro.glmark2.MainActivity.(MainActivity.java:480)
E/AndroidRuntime(27231): at java.lang.Class.newInstanceImpl(Native Method)
E/AndroidRuntime(27231): at java.lang.Class.newInstance(Class.java:1208)
E/AndroidRuntime(27231): at android.app.Instrumentation.newActivity(Instrumentation.java:1061)
E/AndroidRuntime(27231): at android.app.ActivityThread.performLaunchActivity(ActivityThread.java:2112)
E/AndroidRuntime(27231): at android.app.ActivityThread.handleLaunchActivity(ActivityThread.java:2245)
