--------- beginning of /dev/log/system
I/Vold ( 122): Vold 2.1 (the revenge) firing up --------- beginning of /dev/log/main
W/Resources( 130): Preloaded drawable resource #0x10803f4 (android:drawable/list_divider_holo_dark) that varies with configuration!!
W/Resources( 130): Preloaded drawable resource #0x10803f5 (android:drawable/list_divider_holo_light) that varies with configuration!!
W/Resources( 130): Preloaded drawable resource #0x10803f5 (android:drawable/list_divider_holo_light) that varies with configuration!!
W/Resources( 130): Preloaded drawable resource #0x10800bd (android:drawable/ab_transparent_dark_holo) that varies with configuration!!
D/dalvikvm( 130): GC_EXPLICIT freed 106K, 28% free 2962K/4100K, paused 1ms+1ms, total 13ms
W/Resources( 130): Preloaded drawable resource #0x10800bb (android:drawable/ab_stacked_transparent_dark_holo) that varies with configuration!!
W/Resources( 130): Preloaded drawable resource #0x10800a1 (android:drawable/ab_bottom_transparent_dark_holo) that varies with configuration!!
W/Resources( 130): Preloaded drawable resource #0x10800b5 (android:drawable/ab_solid_dark_holo) that varies with configuration!!
W/Resources( 130): Preloaded drawable resource #0x10800b8 (android:drawable/ab_stacked_solid_dark_holo) that varies with configuration!!
W/Resources( 130): Preloaded drawable resource #0x108009e (android:drawable/ab_bottom_solid_dark_holo) that varies with configuration!!
D/dalvikvm( 130): GC_EXPLICIT freed 17K, 27% free 2998K/4100K, paused 0ms+1ms, total 12ms
W/Resources( 130): Preloaded drawable resource #0x10800be (android:drawable/ab_transparent_light_holo) that varies with configuration!!
W/Resources( 130): Preloaded drawable resource #0x10800bc (android:drawable/ab_stacked_transparent_light_holo) that varies with configuration!!
W/Resources( 130): Preloaded drawable resource #0x10800a2 (android:drawable/ab_bottom_transparent_light_holo) that varies with configuration!!
W/Resources( 130): Preloaded drawable resource #0x10800b6 (android:drawable/ab_solid_light_holo) that varies with configuration!!
W/Resources( 130): Preloaded drawable resource #0x10800ba (android:drawable/ab_stacked_solid_light_holo) that varies with configuration!!
D/dalvikvm( 130): GC_EXPLICIT freed 53K, 27% free 2999K/4100K, paused 1ms+1ms, total 13ms
W/Resources( 130): Preloaded drawable resource #0x10800a0 (android:drawable/ab_bottom_solid_light_holo) that varies with configuration!!
W/Resources( 130): Preloaded drawable resource #0x10800b7 (android:drawable/ab_solid_shadow_holo) that varies with configuration!!
W/Resources( 130): Preloaded drawable resource #0x10803fe (android:drawable/list_pressed_holo_dark) that varies with configuration!!
W/Resources( 130): Preloaded drawable resource #0x10803fc (android:drawable/list_longpressed_holo_dark) that varies with configuration!!
W/Resources( 130): Preloaded drawable resource #0x108041a (android:drawable/list_selector_background_transition_holo_dark) that varies with configuration!!
W/Resources( 130): Preloaded drawable resource #0x10803fe (android:drawable/list_pressed_holo_dark) that varies with configuration!!
W/Resources( 130): Preloaded drawable resource #0x10803fc (android:drawable/list_longpressed_holo_dark) that varies with configuration!!
W/Resources( 130): Preloaded drawable resource #0x108041a (android:drawable/list_selector_background_transition_holo_dark) that varies with configuration!!
W/Resources( 130): Preloaded drawable resource #0x10803f7 (android:drawable/list_focused_holo) that varies with configuration!!
W/Resources( 130): Preloaded drawable resource #0x10803b3 (android:drawable/item_background_holo_dark) that varies with configuration!!
W/Resources( 130): Preloaded drawable resource #0x10803ff (android:drawable/list_pressed_holo_light) that varies with configuration!!
W/Resources( 130): Preloaded drawable resource #0x10803fd (android:drawable/list_longpressed_holo_light) that varies with configuration!!
W/Resources( 130): Preloaded drawable resource #0x108041b (android:drawable/list_selector_background_transition_holo_light) that varies with configuration!!
W/Resources( 130): Preloaded drawable resource #0x10803ff (android:drawable/list_pressed_holo_light) that varies with configuration!!
W/Resources( 130): Preloaded drawable resource #0x10803fd (android:drawable/list_longpressed_holo_light) that varies with configuration!!
W/Resources( 130): Preloaded drawable resource #0x108041b (android:drawable/list_selector_background_transition_holo_light) that varies with configuration!!
W/Resources( 130): Preloaded drawable resource #0x10803f7 (android:drawable/list_focused_holo) that varies with configuration!!
W/Resources( 130): Preloaded drawable resource #0x10803b4 (android:drawable/item_background_holo_light) that varies with configuration!!
W/Resources( 130): Preloaded drawable resource #0x108027c (android:drawable/fastscroll_thumb_pressed_holo) that varies with configuration!!
W/Resources( 130): Preloaded drawable resource #0x108027a (android:drawable/fastscroll_thumb_default_holo) that varies with configuration!!
W/Resources( 130): Preloaded drawable resource #0x108027b (android:drawable/fastscroll_thumb_holo) that varies with configuration!!
D/dalvikvm( 130): GC_EXPLICIT freed 128K, 28% free 2980K/4100K, paused 1ms+1ms, total 13ms
W/Resources( 130): Preloaded drawable resource #0x108027c (android:drawable/fastscroll_thumb_pressed_holo) that varies with configuration!!
W/Resources( 130): Preloaded drawable resource #0x108027a (android:drawable/fastscroll_thumb_default_holo) that varies with configuration!!
D/dalvikvm( 130): GC_EXPLICIT freed 80K, 28% free 2954K/4100K, paused 1ms+1ms, total 14ms
W/Resources( 130): Preloaded drawable resource #0x1080281 (android:drawable/fastscroll_track_pressed_holo_dark) that varies with configuration!!
W/Resources( 130): Preloaded drawable resource #0x108027d (android:drawable/fastscroll_track_default_holo_dark) that varies with configuration!!
W/Resources( 130): Preloaded drawable resource #0x108027f (android:drawable/fastscroll_track_holo_dark) that varies with configuration!!
W/Resources( 130): Preloaded drawable resource #0x1080281 (android:drawable/fastscroll_track_pressed_holo_dark) that varies with configuration!!
W/Resources( 130): Preloaded drawable resource #0x108027d (android:drawable/fastscroll_track_default_holo_dark) that varies with configuration!!
W/Resources( 130): Preloaded drawable resource #0x1080276 (android:drawable/fastscroll_label_left_holo_dark) that varies with configuration!!
D/dalvikvm( 130): GC_EXPLICIT freed 8K, 26% free 3042K/4100K, paused 1ms+1ms, total 12ms
W/Resources( 130): Preloaded drawable resource #0x1080278 (android:drawable/fastscroll_label_right_holo_dark) that varies with configuration!!
D/dalvikvm( 130): GC_EXPLICIT freed 89K, 26% free 3038K/4100K, paused 1ms+1ms, total 13ms
W/Resources( 130): Preloaded drawable resource #0x1080282 (android:drawable/fastscroll_track_pressed_holo_light) that varies with configuration!!
W/Resources( 130): Preloaded drawable resource #0x108027e (android:drawable/fastscroll_track_default_holo_light) that varies with configuration!!
W/Resources( 130): Preloaded drawable resource #0x1080280 (android:drawable/fastscroll_track_holo_light) that varies with configuration!!
W/Resources( 130): Preloaded drawable resource #0x1080282 (android:drawable/fastscroll_track_pressed_holo_light) that varies with configuration!!
W/Resources( 130): Preloaded drawable resource #0x108027e (android:drawable/fastscroll_track_default_holo_light) that varies with configuration!!
W/Resources( 130): Preloaded drawable resource #0x1080277 (android:drawable/fastscroll_label_left_holo_light) that varies with configuration!!
D/dalvikvm( 130): GC_EXPLICIT freed 92K, 26% free 3042K/4100K, paused 1ms+1ms, total 13ms
W/Resources( 130): Preloaded drawable resource #0x1080279 (android:drawable/fastscroll_label_right_holo_light) that varies with configuration!!
D/dalvikvm( 130): GC_EXPLICIT freed 89K, 26% free 3039K/4100K, paused 1ms+2ms, total 12ms
W/Resources( 130): Preloaded drawable resource #0x1080662 (android:drawable/textfield_search_selected_holo_dark) that varies with configuration!!
W/Resources( 130): Preloaded drawable resource #0x1080656 (android:drawable/textfield_search_default_holo_dark) that varies with configuration!!
W/Resources( 130): Preloaded drawable resource #0x1080664 (android:drawable/textfield_searchview_holo_dark) that varies with configuration!!
W/Resources( 130): Preloaded drawable resource #0x108065f (android:drawable/textfield_search_right_selected_holo_dark) that varies with configuration!!
W/Resources( 130): Preloaded drawable resource #0x108065d (android:drawable/textfield_search_right_default_holo_dark) that varies with configuration!!
W/Resources( 130): Preloaded drawable resource #0x1080666 (android:drawable/textfield_searchview_right_holo_dark) that varies with configuration!!
W/Resources( 130): Preloaded drawable resource #0x1080663 (android:drawable/textfield_search_selected_holo_light) that varies with configuration!!
W/Resources( 130): Preloaded drawable resource #0x1080657 (android:drawable/textfield_search_default_holo_light) that varies with configuration!!
W/Resources( 130): Preloaded drawable resource #0x1080665 (android:drawable/textfield_searchview_holo_light) that varies with configuration!!
W/Resources( 130): Preloaded drawable resource #0x1080660 (android:drawable/textfield_search_right_selected_holo_light) that varies with configuration!!
W/Resources( 130): Preloaded drawable resource #0x108065e (android:drawable/textfield_search_right_default_holo_light) that varies with configuration!!
W/Resources( 130): Preloaded drawable resource #0x1080667 (android:drawable/textfield_searchview_right_holo_light) that varies with configuration!!
W/Resources( 130): Preloaded drawable resource #0x1080662 (android:drawable/textfield_search_selected_holo_dark) that varies with configuration!!
W/Resources( 130): Preloaded drawable resource #0x1080656 (android:drawable/textfield_search_default_holo_dark) that varies with configuration!!
W/Resources( 130): Preloaded drawable resource #0x108065f (android:drawable/textfield_search_right_selected_holo_dark) that varies with configuration!!
W/Resources( 130): Preloaded drawable resource #0x108065d (android:drawable/textfield_search_right_default_holo_dark) that varies with configuration!!
D/dalvikvm( 130): GC_EXPLICIT freed 107K, 28% free 2986K/4100K, paused 1ms+1ms, total 13ms
W/Resources( 130): Preloaded drawable resource #0x1080663 (android:drawable/textfield_search_selected_holo_light) that varies with configuration!!
W/Resources( 130): Preloaded drawable resource #0x1080657 (android:drawable/textfield_search_default_holo_light) that varies with configuration!!
W/Resources( 130): Preloaded drawable resource #0x1080660 (android:drawable/textfield_search_right_selected_holo_light) that varies with configuration!!
W/Resources( 130): Preloaded drawable resource #0x108065e (android:drawable/textfield_search_right_default_holo_light) that varies with configuration!!
W/Resources( 130): Preloaded drawable resource #0x108062b (android:drawable/tab_unselected_holo) that varies with configuration!!
W/Resources( 130): Preloaded drawable resource #0x1080626 (android:drawable/tab_selected_holo) that varies with configuration!!
W/Resources( 130): Preloaded drawable resource #0x108062a (android:drawable/tab_unselected_focused_holo) that varies with configuration!!
W/Resources( 130): Preloaded drawable resource #0x1080625 (android:drawable/tab_selected_focused_holo) that varies with configuration!!
W/Resources( 130): Preloaded drawable resource #0x108062c (android:drawable/tab_unselected_pressed_holo) that varies with configuration!!
W/Resources( 130): Preloaded drawable resource #0x1080627 (android:drawable/tab_selected_pressed_holo) that varies with configuration!!
W/Resources( 130): Preloaded drawable resource #0x108062c (android:drawable/tab_unselected_pressed_holo) that varies with configuration!!
W/Resources( 130): Preloaded drawable resource #0x1080627 (android:drawable/tab_selected_pressed_holo) that varies with configuration!!
W/Resources( 130): Preloaded drawable resource #0x108061a (android:drawable/tab_indicator_holo) that varies with configuration!!
W/Resources( 130): Preloaded drawable resource #0x108062b (android:drawable/tab_unselected_holo) that varies with configuration!!
W/Resources( 130): Preloaded drawable resource #0x1080626 (android:drawable/tab_selected_holo) that varies with configuration!!
W/Resources( 130): Preloaded drawable resource #0x108062a (android:drawable/tab_unselected_focused_holo) that varies with configuration!!
W/Resources( 130): Preloaded drawable resource #0x1080625 (android:drawable/tab_selected_focused_holo) that varies with configuration!!
W/Resources( 130): Preloaded drawable resource #0x108062c (android:drawable/tab_unselected_pressed_holo) that varies with configuration!!
W/Resources( 130): Preloaded drawable resource #0x1080627 (android:drawable/tab_selected_pressed_holo) that varies with configuration!!
D/dalvikvm( 130): GC_EXPLICIT freed 40K, 27% free 3017K/4100K, paused 1ms+2ms, total 13ms
I/Zygote ( 130): ...preloaded 274 resources in 1732ms.
D/dalvikvm( 130): GC_EXPLICIT freed 23K, 26% free 3048K/4100K, paused 1ms+1ms, total 13ms
I/Zygote ( 130): ...preloaded 31 resources in 22ms.
D/libEGL ( 130): loaded /vendor/lib/egl/libEGL_POWERVR_SGX540_120.so
D/libEGL ( 130): loaded /vendor/lib/egl/libGLESv1_CM_POWERVR_SGX540_120.so
D/libEGL ( 130): loaded /vendor/lib/egl/libGLESv2_POWERVR_SGX540_120.so
D/dalvikvm( 130): GC_EXPLICIT freed 10K, 26% free 3043K/4100K, paused 1ms+2ms, total 13ms
D/dalvikvm( 130): GC_EXPLICIT freed 3K, 26% free 3040K/4100K, paused 1ms+1ms, total 12ms
D/dalvikvm( 130): GC_EXPLICIT freed <1K, 26% free 3040K/4100K, paused 0ms+1ms, total 12ms
I/dalvikvm( 130): System server process 446 has been created
I/Zygote ( 130): Accepting command socket connections
D/SensorService( 446): nuSensorService starting...
I/SystemServer( 446): Entered the Android system server!
I/MPL-mlsl( 446): inv_serial_open: /dev/mpu
E/ ( 446): hardware/invensense/60xx/mlsdk/./mllite/mldl_cfg_mpu.c|inv_mpu_get_slave_config|457 returning 4
E/ ( 446): hardware/invensense/60xx/mlsdk/./mllite/compass.c|inv_compass_read_scale|500 returning 4
E/MPL-mlsl( 446): Cannot open file "/data/cal.bin" for read
I/MPL-storeload( 446): Calibration data not loaded
D/ ( 128): [CP BOOT] mipi_xmit_atat: SENT ATAT 0
D/ ( 128): [CP BOOT] __boot_6260: XIMT PSI DONE
I/SensorService( 446): GP2A Light sensor
I/SensorService( 446): GP2A Proximity sensor
I/SensorService( 446): BMP180 Pressure sensor
I/SensorService( 446): MPL Gyroscope
I/SensorService( 446): MPL Accelerometer
I/SensorService( 446): MPL Magnetic Field
I/SensorService( 446): MPL Orientation
I/SensorService( 446): MPL Rotation Vector
I/SensorService( 446): MPL Linear Acceleration
I/SensorService( 446): MPL Gravity
D/SensorService( 446): Max socket buffer size 131071
D/SensorService( 446): nuSensorService thread starting...
I/SystemServer( 446): Waiting for installd to be ready.
I/Installer( 446): connecting...
I/SystemServer( 446): Enabled StrictMode logging for WM Looper
I/installd( 134): new connection
D/ ( 128): [CP BOOT] __boot_6260: XIMT EBL DONE
I/SystemServer( 446): Power Manager
I/SystemServer( 446): Activity Manager
D/ ( 128): [CP BOOT] __boot_6260: SET EBL DONE
D/ ( 128): [CP BOOT] __boot_6260: REQSECSTART CMD DONE
I/ActivityManager( 446): Memory class: 96
W/UsageStats( 446): Usage stats version changed; dropping
I/AppOps ( 446): No existing app ops /data/system/appops.xml; starting empty
D/dalvikvm( 446): GC_CONCURRENT freed 201K, 8% free 3257K/3520K, paused 4ms+2ms, total 22ms
I/UiThread( 446): Enabled StrictMode logging for UI thread
I/IntentFirewall( 446): Read new rules (A:0 B:0 S:0)
W/ResourceType( 446): CREATING STRING CACHE OF 184 bytes
I/ActivityManager( 446): Enabled StrictMode logging for AThread's Looper
I/SystemServer( 446): Display Manager
I/SystemServer( 446): Telephony Registry
I/SystemServer( 446): Scheduling Policy
I/AudioFlinger( 132): Using module 1 has the primary audio interface
I/AudioFlinger( 132): AudioFlinger's thread 0x40e74008 ready to run
I/DisplayManagerService( 446): Display device added: DisplayDeviceInfo{"Built-in Screen": 720 x 1280, 58.981003 fps, density 320, 315.31033 x 318.7451 dpi, touch INTERNAL, rotation 0, type BUILT_IN, FLAG_DEFAULT_DISPLAY, FLAG_ROTATES_WITH_CONTENT, FLAG_SECURE, FLAG_SUPPORTS_PROTECTED_BUFFERS}
I/AudioFlinger( 132): HAL output buffer size 976 frames, normal mix buffer size 976 frames
I/AudioMixer( 132): found effect "Multichannel Downmix To Stereo" from The Android Open Source Project
I/AudioFlinger( 132): AudioFlinger's thread 0x41054008 ready to run
I/SystemServer( 446): Package Manager
W/Binder ( 446): Caught a RuntimeException from the binder stub implementation.
W/Binder ( 446): java.lang.NullPointerException
W/Binder ( 446): at com.android.server.power.PowerManagerService.updateWakeLockWorkSource(PowerManagerService.java:770)
W/Binder ( 446): at com.android.server.power.PowerManagerService.updateWakeLockUids(PowerManagerService.java:761)
W/Binder ( 446): at android.os.IPowerManager$Stub.onTransact(IPowerManager.java:103)
W/Binder ( 446): at android.os.Binder.execTransact(Binder.java:404)
W/Binder ( 446): at dalvik.system.NativeStart.run(Native Method)
W/Binder ( 446): Caught a RuntimeException from the binder stub implementation.
W/Binder ( 446): java.lang.NullPointerException
W/Binder ( 446): at com.android.server.power.PowerManagerService.updateWakeLockWorkSource(PowerManagerService.java:770)
W/Binder ( 446): at com.android.server.power.PowerManagerService.updateWakeLockUids(PowerManagerService.java:761)
W/Binder ( 446): at android.os.IPowerManager$Stub.onTransact(IPowerManager.java:103)
W/Binder ( 446): at android.os.Binder.execTransact(Binder.java:404)
W/Binder ( 446): at dalvik.system.NativeStart.run(Native Method)
I/audio_a2dp_hw( 132): adev_open: adev_open in A2dp_hw module
I/AudioFlinger( 132): loadHwModule() Loaded a2dp audio interface from A2DP Audio HW HAL (audio) handle 4
I/AudioFlinger( 132): loadHwModule() Loaded usb audio interface from USB audio HW HAL (audio) handle 5
I/AudioPolicyService( 132): Loaded audio policy from LEGACY Audio Policy HAL (audio_policy)
D/dalvikvm( 446): GC_CONCURRENT freed 386K, 13% free 3347K/3812K, paused 3ms+2ms, total 17ms
D/dalvikvm( 446): WAIT_FOR_CONCURRENT_GC blocked 3ms
D/dalvikvm( 446): GC_CONCURRENT freed 389K, 14% free 3391K/3916K, paused 1ms+1ms, total 15ms
D/SELinuxMMAC( 446): Couldn't find install policy /data/security/mac_permissions.xml
D/SELinuxMMAC( 446): Using install policy file /system/etc/security/mac_permissions.xml
D/dalvikvm( 446): GC_CONCURRENT freed 269K, 11% free 3522K/3916K, paused 3ms+1ms, total 14ms
W/PackageManager( 446): Running ENG build: no pre-dexopt!
W/PackageParser( 446): No actions in intent filter at /system/priv-app/Contacts.apk Binary XML file line #375
W/PackageParser( 446): No actions in intent filter at /system/priv-app/Dialer.apk Binary XML file line #162
D/dalvikvm( 446): GC_CONCURRENT freed 143K, 6% free 3803K/4008K, paused 2ms+2ms, total 27ms
W/ResourceType( 446): Failure getting entry for 0x7f050000 (t=4 e=0) in package 0 (error -75)
D/dalvikvm( 446): GC_CONCURRENT freed 189K, 6% free 4023K/4276K, paused 2ms+3ms, total 24ms
W/PackageParser( 446): No actions in intent filter at /system/app/Bluetooth.apk Binary XML file line #210
W/ResourceType( 446): Failure getting entry for 0x7f04000f (t=3 e=15) in package 0 (error -75)
W/ResourceType( 446): Failure getting entry for 0x7f04000f (t=3 e=15) in package 0 (error -75)
D/dalvikvm( 446): GC_CONCURRENT freed 221K, 7% free 4240K/4524K, paused 3ms+7ms, total 44ms
W/PackageParser( 446): Unknown element under : permission at /system/app/Gallery2.apk Binary XML file line #242
W/PackageParser( 446): Unknown element under : permission at /system/app/Gallery2.apk Binary XML file line #245
D/dalvikvm( 446): GC_CONCURRENT freed 249K, 7% free 4397K/4708K, paused 2ms+3ms, total 28ms
D/PackageManager( 446): No files in app dir /vendor/app
W/PackageManager( 446): Package com.android.gallery3d desires unavailable shared library com.google.android.media.effects; ignoring!
I/PackageManager( 446): Time to scan packages: 1.645 seconds
W/PackageManager( 446): Not granting permission android.permission.GLOBAL_SEARCH to package com.android.quicksearchbox (protectionLevel=18 flags=0x8be45)
W/PackageManager( 446): Unknown permission com.google.android.gallery3d.permission.GALLERY_PROVIDER in package com.android.bluetooth
W/PackageManager( 446): Unknown permission com.google.android.googleapps.permission.GOOGLE_AUTH in package com.android.providers.calendar
W/PackageManager( 446): Unknown permission com.google.android.googleapps.permission.GOOGLE_AUTH.cl in package com.android.providers.calendar
W/PackageManager( 446): Unknown permission com.google.android.googleapps.permission.GOOGLE_AUTH.mail in package com.android.calendar
W/PackageManager( 446): Not granting permission android.permission.ACCESS_DOWNLOAD_MANAGER to package com.android.browser (protectionLevel=18 flags=0x9be45)
W/PackageManager( 446): Not granting permission android.permission.SEND_DOWNLOAD_COMPLETED_INTENTS to package com.android.browser (protectionLevel=2 flags=0x9be45)
W/PackageManager( 446): Not granting permission android.permission.BIND_WALLPAPER to package com.android.camera2 (protectionLevel=18 flags=0x58bc45)
W/PackageManager( 446): Unknown permission android.permission.INSTALL_DRM in package com.android.mms
W/PackageManager( 446): Unknown permission com.google.android.gallery3d.permission.PICASA_STORE in package com.android.dreams.phototable
W/PackageManager( 446): Unknown permission com.google.android.googleapps.permission.GOOGLE_AUTH in package com.android.settings
W/PackageManager( 446): Unknown permission android.permission.ACCESS_SUPERUSER in package jackpal.androidterm
W/PackageManager( 446): Unknown permission com.google.android.googleapps.permission.ACCESS_GOOGLE_PASSWORD in package com.android.development
W/PackageManager( 446): Unknown permission com.google.android.googleapps.permission.GOOGLE_AUTH in package com.android.development
W/PackageManager( 446): Unknown permission com.google.android.googleapps.permission.GOOGLE_AUTH.ALL_SERVICES in package com.android.development
W/PackageManager( 446): Unknown permission com.google.android.googleapps.permission.GOOGLE_AUTH.YouTubeUser in package com.android.development
W/PackageManager( 446): Not granting permission android.permission.DELETE_PACKAGES to package com.svox.pico (protectionLevel=18 flags=0x8be45)
W/PackageManager( 446): Not granting permission android.permission.DEVICE_POWER to package com.android.deskclock (protectionLevel=2 flags=0x48be45)
D/dalvikvm( 446): GC_CONCURRENT freed 360K, 9% free 4490K/4912K, paused 2ms+9ms, total 59ms
D/ ( 128): [CP BOOT] __boot_6260: XMIT MODEM_MAIN DONE
D/dalvikvm( 446): GC_EXPLICIT freed 192K, 12% free 4372K/4924K, paused 2ms+3ms, total 36ms
I/SystemServer( 446): Entropy Mixer
I/EntropyMixer( 446): Writing entropy...
I/SystemServer( 446): User Service
I/SystemServer( 446): Account Manager
I/SystemServer( 446): Content Manager
I/SystemServer( 446): System Content Providers
I/healthd ( 119): battery l=40 v=3825 t=38.0 h=2 st=2 chg=u
I/SystemServer( 446): Lights Service
I/SystemServer( 446): Battery Service
E/ConsumerIrService( 446): Can't open consumer IR HW Module, error: -2
I/SystemServer( 446): Vibrator Service
I/SystemServer( 446): Consumer IR Service
I/libsuspend( 446): Selected early suspend
I/libsuspend( 446): Starting early suspend unblocker thread
D/PermissionCache( 129): checking android.permission.ACCESS_SURFACE_FLINGER for uid=1000 => granted (457 us)
D/SurfaceFlinger( 129): Screen acquired, type=0 flinger=0x418b4450
D/SurfaceFlinger( 129): screen was previously acquired
I/SystemServer( 446): Alarm Manager
I/SystemServer( 446): Init Watchdog
I/SystemServer( 446): Input Manager
I/InputManager( 446): Initializing input manager, mUseDevInputEventForAudioJack=false
I/SystemServer( 446): Window Manager
I/WindowManager( 446): No existing display settings /data/system/display_settings.xml; starting empty
W/ResourceType( 446): CREATING STRING CACHE OF 12 bytes
I/WindowManager( 446): No keyguard interface!
D/BluetoothManagerService( 446): Loading stored name and address
I/InputManager( 446): Starting input manager
I/SystemServer( 446): Bluetooth Manager Service
D/BluetoothManagerService( 446): Stored bluetooth Name=null,Address=null
I/SystemServer( 446): Input Method Service
W/InputMethodManagerService( 446): Couldn't create dir.: /data/system/inputmethod
D/EventHub( 446): No input device configuration file found for device 'lightsensor-level'.
D/dalvikvm( 446): GC_CONCURRENT freed 266K, 8% free 4597K/4944K, paused 3ms+10ms, total 52ms
D/EventHub( 446): No input device configuration file found for device 'proximity'.
W/ResourceType( 446): Failure getting entry for 0x7f060000 (t=5 e=0) in package 0 (error -75)
I/SystemServer( 446): Accessibility Manager
D/EventHub( 446): No input device configuration file found for device 'tuna-gpio-keypad'.
W/EventHub( 446): Unable to disable kernel key repeat for /dev/input/event2: Function not implemented
I/EventHub( 446): New device: id=3, fd=106, path='/dev/input/event2', name='tuna-gpio-keypad', classes=0x1, configuration='', keyLayout='/system/usr/keylayout/tuna-gpio-keypad.kl', keyCharacterMap='/system/usr/keychars/tuna-gpio-keypad.kcm', builtinKeyboard=false, usingSuspendBlockIoctl=true, usingClockIoctl=false
D/EventHub( 446): No input device configuration file found for device 'barometer'.
I/ActivityManager( 446): Config changes=1df8 {1.0 ?mcc?mnc en_US ldltr sw360dp w360dp h640dp 320dpi nrml long port ?uimode ?night -touch -keyb/v/h -nav/h s.2}
I/ActivityManager( 446): Config changes=500 {1.0 ?mcc?mnc en_US ldltr sw360dp w360dp h567dp 320dpi nrml port ?uimode ?night -touch -keyb/v/h -nav/h s.3}
I/SystemServer( 446): Mount Service
D/MountService( 446): got storage path: null description: Internal storage primary: false removable: false emulated: true mtpReserve: 100 allowMassStorage: false maxFileSize: 0
D/MountService( 446): addVolumeLocked() StorageVolume:
D/MountService( 446): mStorageId=65537 mPath=/storage/emulated/0 mDescriptionId=17040662
D/MountService( 446): mPrimary=true mRemovable=false mEmulated=true mMtpReserveSpace=100
D/MountService( 446): mAllowMassStorage=false mMaxFileSize=0 mOwner=UserHandle{0} mUuid=null
D/MountService( 446): mUserLabel=null mState=null
I/SystemServer( 446): LockSettingsService
I/SystemServer( 446): Device Policy
I/SystemServer( 446): Status Bar
D/EventHub( 446): No input device configuration file found for device 'Tuna Headset Jack'.
I/EventHub( 446): New device: id=5, fd=111, path='/dev/input/event5', name='Tuna Headset Jack', classes=0x80, configuration='', keyLayout='', keyCharacterMap='', builtinKeyboard=false, usingSuspendBlockIoctl=true, usingClockIoctl=false
I/EventHub( 446): New device: id=6, fd=112, path='/dev/input/event1', name='Melfas MMSxxx Touchscreen', classes=0x14, configuration='/system/usr/idc/Melfas_MMSxxx_Touchscreen.idc', keyLayout='', keyCharacterMap='', builtinKeyboard=false, usingSuspendBlockIoctl=true, usingClockIoctl=false
I/SystemServer( 446): Clipboard Service
I/SystemServer( 446): NetworkManagement Service
I/SystemServer( 446): Text Service Manager Service
I/InputReader( 446): Device added: id=-1, name='Virtual', sources=0x00000301
I/InputReader( 446): Touch device 'Melfas MMSxxx Touchscreen' could not query the properties of its associated display. The device will be inoperable until the display size becomes available.
I/InputReader( 446): Device added: id=6, name='Melfas MMSxxx Touchscreen', sources=0x00001002
I/InputReader( 446): Device added: id=5, name='Tuna Headset Jack', sources=0x80000000
I/InputReader( 446): Device added: id=3, name='tuna-gpio-keypad', sources=0x00000101
I/InputReader( 446): Reconfiguring input devices. changes=0x00000004
I/InputReader( 446): Device reconfigured: id=6, name='Melfas MMSxxx Touchscreen', size 720x1280, orientation 0, mode 1, display id 0
I/PackageManager( 446): No secure containers on sdcard
I/ActivityManager( 446): Config changes=8 {1.0 ?mcc?mnc en_US ldltr sw360dp w360dp h567dp 320dpi nrml port ?uimode ?night finger -keyb/v/h -nav/h s.4}
W/PackageManager( 446): Not granting permission android.permission.GLOBAL_SEARCH to package com.android.quicksearchbox (protectionLevel=18 flags=0x8be45)
W/PackageManager( 446): Unknown permission com.google.android.gallery3d.permission.GALLERY_PROVIDER in package com.android.bluetooth
W/PackageManager( 446): Unknown permission com.google.android.googleapps.permission.GOOGLE_AUTH in package com.android.providers.calendar
W/PackageManager( 446): Unknown permission com.google.android.googleapps.permission.GOOGLE_AUTH.cl in package com.android.providers.calendar
W/PackageManager( 446): Unknown permission com.google.android.googleapps.permission.GOOGLE_AUTH.mail in package com.android.calendar
W/PackageManager( 446): Not granting permission android.permission.ACCESS_DOWNLOAD_MANAGER to package com.android.browser (protectionLevel=18 flags=0x9be45)
W/PackageManager( 446): Not granting permission android.permission.SEND_DOWNLOAD_COMPLETED_INTENTS to package com.android.browser (protectionLevel=2 flags=0x9be45)
W/PackageManager( 446): Not granting permission android.permission.BIND_WALLPAPER to package com.android.camera2 (protectionLevel=18 flags=0x58bc45)
W/PackageManager( 446): Unknown permission android.permission.INSTALL_DRM in package com.android.mms
W/PackageManager( 446): Unknown permission com.google.android.gallery3d.permission.PICASA_STORE in package com.android.dreams.phototable
W/PackageManager( 446): Unknown permission com.google.android.googleapps.permission.GOOGLE_AUTH in package com.android.settings
W/PackageManager( 446): Unknown permission android.permission.ACCESS_SUPERUSER in package jackpal.androidterm
W/PackageManager( 446): Unknown permission com.google.android.googleapps.permission.ACCESS_GOOGLE_PASSWORD in package com.android.development
W/PackageManager( 446): Unknown permission com.google.android.googleapps.permission.GOOGLE_AUTH in package com.android.development
W/PackageManager( 446): Unknown permission com.google.android.googleapps.permission.GOOGLE_AUTH.ALL_SERVICES in package com.android.development
W/PackageManager( 446): Unknown permission com.google.android.googleapps.permission.GOOGLE_AUTH.YouTubeUser in package com.android.development
W/PackageManager( 446): Not granting permission android.permission.DELETE_PACKAGES to package com.svox.pico (protectionLevel=18 flags=0x8be45)
W/PackageManager( 446): Not granting permission android.permission.DEVICE_POWER to package com.android.deskclock (protectionLevel=2 flags=0x48be45)
D/ ( 128): [CP BOOT] __boot_6260: XMIT MODEM_NV DONE
D/ ( 128): [CP BOOT] __boot_6260: READ MPS DATA DONE : GEN
D/ ( 128): [CP BOOT] __boot_6260: SEND MPS DONE : GEN(0x61080000)
D/ ( 128): [CP BOOT] __boot_6260: REQSECEND CMD DONE
D/ ( 128): [CP BOOT] __boot_6260: REQFORCEHWRESET CMD DONE
D/ ( 128): [CP BOOT] boot_6260_mipi: CP FLASHLESS ALL DONE
D/dalvikvm( 446): GC_CONCURRENT freed 334K, 8% free 4677K/5080K, paused 4ms+2ms, total 36ms
I/SystemServer( 446): NetworkStats Service
I/SystemServer( 446): NetworkPolicy Service
I/SystemServer( 446): Wi-Fi P2pService
I/SystemServer( 446): Wi-Fi Service
I/SystemServer( 446): Connectivity Service
D/ConnectivityService( 446): ConnectivityService starting up
D/ConnectivityService( 446): wifiOnly=false
E/ConnectivityService( 446): Ignoring protectedNetwork 10
E/ConnectivityService( 446): Ignoring protectedNetwork 11
E/ConnectivityService( 446): Ignoring protectedNetwork 12
E/ConnectivityService( 446): Ignoring protectedNetwork 14
D/BluetoothTethering( 446): startMonitoring: target: Handler (com.android.server.ConnectivityService$NetworkStateTrackerHandler) {41f4df28}
D/BluetoothTethering( 446): startMonitoring: mCsHandler: Handler (com.android.server.ConnectivityService$NetworkStateTrackerHandler) {41f4df28}
D/BluetoothManagerService( 446): Message: 20
D/BluetoothManagerService( 446): Added callback: android.bluetooth.BluetoothAdapter$1@41f4bb30:true
D/BluetoothManagerService( 446): Message: 30
W/ContextImpl( 446): Calling a method in the system process without a qualified user: android.app.ContextImpl.bindService:1543 android.bluetooth.BluetoothPan.doBind:149 android.bluetooth.BluetoothPan.:141 android.bluetooth.BluetoothAdapter.getProfileProxy:1190 android.bluetooth.BluetoothTetheringDataTracker.startMonitoring:116
E/MobileDataStateTracker( 446): default: Ignoring feature request because could not acquire PhoneService
E/MobileDataStateTracker( 446): default: Could not enable APN type "default"
I/WifiService( 446): WifiService starting up with Wi-Fi disabled
I/SystemServer( 446): Network Service Discovery Service
D/NsdService( 446): Network service discovery enabled true
I/SystemServer( 446): UpdateLock Service
D/dalvikvm( 446): GC_CONCURRENT freed 219K, 6% free 4858K/5156K, paused 3ms+2ms, total 24ms
I/SystemServer( 446): Notification Manager
I/SystemServer( 446): Device Storage Monitor
I/SystemServer( 446): Location Manager
I/SystemServer( 446): Country Detector
I/SystemServer( 446): Search Service
I/SystemServer( 446): DropBox Service
I/SystemServer( 446): Wallpaper Service
I/SystemServer( 446): Audio Service
I/SystemServer( 446): Dock Observer
I/SystemServer( 446): Wired Accessory Manager
I/SystemServer( 446): USB Service
I/SystemServer( 446): Serial Service
I/SystemServer( 446): Twilight Service
I/SystemServer( 446): UI Mode Manager Service
I/SystemServer( 446): Backup Service
V/BackupManagerService( 446): Initializing package tracking
V/BackupManagerService( 446): No ancestral data
V/BackupManagerService( 446): addPackageParticipantsLocked: all
I/BackupManagerService( 446): Scheduling backup for new app com.android.calendar
D/BackupManagerService( 446): Now staging backup of com.android.calendar
D/dalvikvm( 446): GC_CONCURRENT freed 228K, 6% free 5057K/5356K, paused 2ms+3ms, total 32ms
I/BackupManagerService( 446): Scheduling backup for new app com.android.browser
D/BackupManagerService( 446): Now staging backup of com.android.browser
I/BackupManagerService( 446): Scheduling backup for new app com.android.nfc
D/BackupManagerService( 446): Now staging backup of com.android.nfc
I/BackupManagerService( 446): Scheduling backup for new app com.android.providers.userdictionary
D/BackupManagerService( 446): Now staging backup of com.android.providers.userdictionary
I/BackupManagerService( 446): Scheduling backup for new app com.android.sharedstoragebackup
D/BackupManagerService( 446): Now staging backup of com.android.sharedstoragebackup
I/BackupManagerService( 446): Scheduling backup for new app android
D/BackupManagerService( 446): Now staging backup of android
I/BackupManagerService( 446): Scheduling backup for new app com.android.dialer
D/BackupManagerService( 446): Now staging backup of com.android.dialer
I/BackupManagerService( 446): Scheduling backup for new app org.pocketworkstation.pckeyboard
D/BackupManagerService( 446): Now staging backup of org.pocketworkstation.pckeyboard
I/BackupManagerService( 446): Scheduling backup for new app com.android.providers.settings
D/BackupManagerService( 446): Now staging backup of com.android.providers.settings
V/BackupManagerService( 446): Starting with transport android/com.android.internal.backup.LocalTransport
V/BackupManagerService( 446): Found transports: 1
I/BackupManagerService( 446): Binding to transport host ComponentInfo{android/com.android.internal.backup.LocalTransportService}
I/BackupManagerService( 446): Found stale backup journal, scheduling
I/BackupManagerService( 446): com.android.calendar
I/BackupManagerService( 446): com.android.browser
I/BackupManagerService( 446): com.android.nfc
I/BackupManagerService( 446): com.android.providers.userdictionary
I/BackupManagerService( 446): com.android.sharedstoragebackup
I/BackupManagerService( 446): android
I/BackupManagerService( 446): com.android.dialer
I/BackupManagerService( 446): org.pocketworkstation.pckeyboard
I/BackupManagerService( 446): com.android.providers.settings
I/BackupManagerService( 446): Backup enabled => false
I/BackupManagerService( 446): Opting out of backup
I/SystemServer( 446): AppWidget Service
I/SystemServer( 446): Recognition Service
I/SystemServer( 446): DiskStats Service
I/SystemServer( 446): SamplingProfiler Service
I/SystemServer( 446): NetworkTimeUpdateService
I/SystemServer( 446): CommonTimeManagementService
I/SystemServer( 446): CertBlacklister
I/SystemServer( 446): Dreams Service
D/Atlas ( 446): Loaded configuration: SliceMinArea (768x768) flags=0x2 count=34
I/WindowManager( 446): SAFE MODE not enabled
I/SystemServer( 446): Assets Atlas Service
I/SystemServer( 446): IdleMaintenanceService
I/SystemServer( 446): Print Service
I/SystemServer( 446): Media Router Service
D/dalvikvm( 446): JIT started for system_server
I/Zygote ( 446): Process: zygote socket opened
V/KeyguardServiceDelegate( 446): *** Keyguard started
V/KeyguardServiceDelegate( 446): onSystemReady() called before keyguard service was ready
I/ActivityManager( 446): Start proc com.android.systemui for service com.android.keyguard/.KeyguardService: pid=503 uid=10007 gids={50007, 1028, 1015, 1035, 3002, 3001}
W/ActivityManager( 446): Failure reading last done pre-boot receivers
W/ActivityManager( 446): java.io.EOFException
W/ActivityManager( 446): at libcore.io.Streams.readFully(Streams.java:83)
W/ActivityManager( 446): at java.io.DataInputStream.readInt(DataInputStream.java:103)
W/ActivityManager( 446): at com.android.server.am.ActivityManagerService.readLastDonePreBootReceivers(ActivityManagerService.java:9129)
W/ActivityManager( 446): at com.android.server.am.ActivityManagerService.systemReady(ActivityManagerService.java:9221)
W/ActivityManager( 446): at com.android.server.ServerThread.initAndLoop(SystemServer.java:938)
W/ActivityManager( 446): at com.android.server.SystemServer.main(SystemServer.java:1179)
W/ActivityManager( 446): at java.lang.reflect.Method.invokeNative(Native Method)
W/ActivityManager( 446): at java.lang.reflect.Method.invoke(Method.java:515)
W/ActivityManager( 446): at com.android.internal.os.ZygoteInit$MethodAndArgsCaller.run(ZygoteInit.java:779)
W/ActivityManager( 446): at com.android.internal.os.ZygoteInit.main(ZygoteInit.java:595)
W/ActivityManager( 446): at dalvik.system.NativeStart.main(Native Method)
I/ActivityManager( 446): Sending system update to ComponentInfo{com.android.providers.calendar/com.android.providers.calendar.CalendarUpgradeReceiver} for user 0
I/ActivityManager( 446): Sending system update to ComponentInfo{com.android.providers.contacts/com.android.providers.contacts.ContactsUpgradeReceiver} for user 0
I/ActivityManager( 446): Sending system update to ComponentInfo{com.android.providers.media/com.android.providers.media.MediaUpgradeReceiver} for user 0
I/SystemServer( 446): Enabled StrictMode for system server main thread.
I/ActivityManager( 446): Start proc com.android.providers.calendar for broadcast com.android.providers.calendar/.CalendarUpgradeReceiver: pid=517 uid=10001 gids={50001, 3003, 1028, 1015}
D/Atlas ( 446): Rendered atlas in 156.40ms (7.51+148.90ms)
I/ActivityManager( 446): Launching preboot mode app: ProcessRecord{41ff7f88 517:com.android.providers.calendar/u0a1}
W/InputMethodManagerService( 446): Focus gain on non-focused client android.view.inputmethod.InputMethodManager$1@41fc5fa8 (uid=1000 pid=446)
V/BackupManagerService( 446): Connected to transport ComponentInfo{android/com.android.internal.backup.LocalTransportService}
V/BackupManagerService( 446): Registering transport android/com.android.internal.backup.LocalTransportService::android/com.android.internal.backup.LocalTransport = com.android.internal.backup.LocalTransport@41ffa4a0
D/LightsService( 446): Excessive delay setting light: 67ms
I/ActivityManager( 446): Start proc android.process.acore for broadcast com.android.providers.contacts/.ContactsUpgradeReceiver: pid=532 uid=10002 gids={50002, 3003, 1028, 1015}
I/ActivityManager( 446): Launching preboot mode app: ProcessRecord{42000ad8 532:android.process.acore/u0a2}
D/dalvikvm( 446): GC_CONCURRENT freed 277K, 7% free 5215K/5564K, paused 3ms+2ms, total 33ms
V/KeyguardService( 503): onCreate()
I/ActivityManager( 446): Start proc android.process.media for broadcast com.android.providers.media/.MediaUpgradeReceiver: pid=551 uid=10005 gids={50005, 1028, 1015, 1023, 1024, 2001, 3003, 3007}
V/KeyguardServiceDelegate( 446): *** Keyguard connected (yay!)
V/KeyguardServiceDelegate( 446): **** SHOWN CALLED ****
E/WVMExtractor( 132): Failed to open libwvm.so
D/dalvikvm( 446): DexOpt: incorrect opt magic number (0xff ff ff ff)
I/PackageManager( 446): Running dexopt on: com.android.providers.media
I/ActivityManager( 446): Launching preboot mode app: ProcessRecord{41f87400 551:android.process.media/u0a5}
D/dalvikvm( 564): Note: class Landroid/app/ActivityManagerNative; has 179 unimplemented (abstract) methods
D/dalvikvm( 564): DexOpt: load 14ms, verify+opt 95ms, 531932 bytes
I/ActivityManager( 446): Writing new set of last done pre-boot receivers...
I/ActivityManager( 446): Removing system update proc: ProcessRecord{41ff7f88 517:com.android.providers.calendar/u0a1}
I/ActivityManager( 446): Killing 517:com.android.providers.calendar/u0a1 (adj 13): system update done
I/ActivityManager( 446): Removing system update proc: ProcessRecord{42000ad8 532:android.process.acore/u0a2}
I/ActivityManager( 446): Killing 532:android.process.acore/u0a2 (adj 11): system update done
I/ActivityManager( 446): Removing system update proc: ProcessRecord{41f87400 551:android.process.media/u0a5}
I/ActivityManager( 446): Killing 551:android.process.media/u0a5 (adj 9): system update done
I/ActivityManager( 446): System now ready
D/dalvikvm( 446): DexOpt: incorrect opt magic number (0xff ff ff ff)
I/PackageManager( 446): Running dexopt on: com.android.systemui
I/SystemServer( 446): Making services ready
D/dalvikvm( 575): Note: class Landroid/app/ActivityManagerNative; has 179 unimplemented (abstract) methods
D/dalvikvm( 575): DexOpt: load 79ms, verify+opt 178ms, 1248092 bytes
D/NetworkManagementService( 446): enabling bandwidth control
W/MountService( 446): Duplicate state transition (mounted -> mounted) for /storage/emulated/0
D/SystemUIService( 503): loading: class com.android.systemui.recent.Recents
D/SystemUIService( 503): running: com.android.systemui.recent.Recents@41e04390
D/SystemUIService( 503): loading: class com.android.systemui.statusbar.SystemBars
D/SystemUIService( 503): running: com.android.systemui.statusbar.SystemBars@41e04978
D/SystemUIService( 503): loading: class com.android.systemui.usb.StorageNotification
D/SystemUIService( 503): running: com.android.systemui.usb.StorageNotification@41e066c8
D/SystemUIService( 503): loading: class com.android.systemui.power.PowerUI
D/SystemUIService( 503): running: com.android.systemui.power.PowerUI@41e07df8
D/SystemUIService( 503): loading: class com.android.systemui.media.RingtonePlayer
D/SystemUIService( 503): running: com.android.systemui.media.RingtonePlayer@41e08f48
D/SystemUIService( 503): loading: class com.android.systemui.settings.SettingsUI
D/SystemUIService( 503): running: com.android.systemui.settings.SettingsUI@41e0a230
D/PhoneStatusBar( 503): mSettingsPanelGravity = 55
I/StatusBarManagerService( 446): registerStatusBar bar=com.android.internal.statusbar.IStatusBar$Stub$Proxy@41f8fe50
W/ResourceType( 503): CREATING STRING CACHE OF 80 bytes
D/dalvikvm( 503): GC_CONCURRENT freed 283K, 10% free 3155K/3500K, paused 4ms+2ms, total 33ms
W/ResourceType( 503): CREATING STRING CACHE OF 172 bytes
W/ResourceType( 503): CREATING STRING CACHE OF 140 bytes
D/dalvikvm( 503): GC_FOR_ALLOC freed 37K, 5% free 3479K/3652K, paused 9ms, total 9ms
I/dalvikvm-heap( 503): Grow heap (frag case) to 4.530MB for 1127536-byte allocation
D/dalvikvm( 503): GC_CONCURRENT freed 4K, 4% free 4576K/4756K, paused 3ms+1ms, total 11ms
D/dalvikvm( 503): GC_FOR_ALLOC freed 19K, 3% free 4927K/5076K, paused 9ms, total 10ms
D/dalvikvm( 503): GC_CONCURRENT freed 8K, 2% free 5471K/5560K, paused 2ms+1ms, total 15ms
V/PhoneStatusBar/NavigationBarView( 503): touchEnabled:false
D/BluetoothManagerService( 446): Message: 20
D/BluetoothManagerService( 446): Added callback: android.bluetooth.IBluetoothManagerCallback$Stub$Proxy@41f4f890:true
D/BluetoothAdapter( 503): 1107492640: getState() : mService = null. Returning STATE_OFF
D/BluetoothAdapter( 503): 1107492640: getState() : mService = null. Returning STATE_OFF
D/BluetoothAdapter( 503): 1107492640: getState() : mService = null. Returning STATE_OFF
I/ActivityManager( 446): Start proc android.process.acore for content provider com.android.providers.contacts/.ContactsProvider2: pid=612 uid=10002 gids={50002, 3003, 1028, 1015}
D/PhoneStatusBar( 503): disable: < expand icons alerts ticker system_info back home recent clock search > D/dalvikvm( 503): GC_CONCURRENT freed 137K, 3% free 6087K/6272K, paused 3ms+12ms, total 51ms
D/dalvikvm( 446): DexOpt: incorrect opt magic number (0xff ff ff ff)
I/PackageManager( 446): Running dexopt on: com.android.providers.userdictionary
D/dalvikvm( 626): DexOpt: load 5ms, verify+opt 9ms, 173356 bytes
D/BluetoothAdapter( 503): 1107492640: getState() : mService = null. Returning STATE_OFF
D/BluetoothAdapter( 503): 1107492640: getState() : mService = null. Returning STATE_OFF
D/PhoneStatusBar( 503): heads up is disabled
V/KeyguardTouchDelegate( 503): Connected to keyguard
D/dalvikvm( 612): GC_CONCURRENT freed 199K, 8% free 3274K/3536K, paused 2ms+2ms, total 21ms
I/ActivityManager( 446): Config changes=200 {1.0 ?mcc?mnc en_US ldltr sw360dp w360dp h567dp 320dpi nrml port finger -keyb/v/h -nav/h s.5}
W/RecognitionManagerService( 446): no available voice recognition services found for user 0
D/dalvikvm( 446): GC_CONCURRENT freed 329K, 7% free 5352K/5752K, paused 1ms+3ms, total 48ms
W/AppWidgetServiceImpl( 446): Failed to read state: java.io.FileNotFoundException: /data/system/users/0/appwidgets.xml: open failed: ENOENT (No such file or directory)
D/OpenGLRenderer( 503): Enabling debug mode 0
I/ActivityManager( 446): Start proc com.android.phasebeam for service com.android.phasebeam/.PhaseBeamWallpaper: pid=643 uid=10047 gids={50047}
W/InputMethodManagerService( 446): Ignoring setImeWindowStatus of uid 1000 token: null
W/ResourceType( 446): Failure getting entry for 0x7f060000 (t=5 e=0) in package 0 (error -75)
I/ActivityManager( 446): Start proc com.android.inputmethod.latin for service com.android.inputmethod.latin/.LatinIME: pid=652 uid=10036 gids={50036, 1028, 1015}
V/InputMethodManagerService( 446): Adding window token: android.os.Binder@41faed60
D/dalvikvm( 446): DexOpt: incorrect opt magic number (0xff ff ff ff)
I/PackageManager( 446): Running dexopt on: com.android.inputmethod.latin
W/linker ( 446): gps.omap4.so has text relocations. This is wasting memory and is a security risk. Please fix.
I/ContactLocale( 612): AddressBook Labels [en_US]: [, A, B, C, D, E, F, G, H, I, J, K, L, M, N, O, P, Q, R, S, T, U, V, W, X, Y, Z, Α, Β, Γ, Δ, Ε, Ζ, Η, Θ, Ι, Κ, Λ, Μ, Ν, Ξ, Ο, Π, Ρ, Σ, Τ, Υ, Φ, Χ, Ψ, Ω, , А, Б, В, Г, Д, Е, Є, Ж, З, И, І, Ї, Й, К, Л, М, Н, О, П, Р, С, Т, У, Ф, Х, Ц, Ч, Ш, Щ, Ю, Я, , א, ב, ג, ד, ה, ו, ז, ח, ט, י, כ, ל, מ, נ, ס, ע, פ, צ, ק, ר, ש, ת, , ا, ب, ت, ث, ج, ح, خ, د, ذ, ر, ز, س, ش, ص, ض, ط, ظ, ع, غ, ف, ق, ك, ل, م, ن, ه, و, ي, , ก, ข, ฃ, ค, ฅ, ฆ, ง, จ, ฉ, ช, ซ, ฌ, ญ, ฎ, ฏ, ฐ, ฑ, ฒ, ณ, ด, ต, ถ, ท, ธ, น, บ, ป, ผ, ฝ, พ, ฟ, ภ, ม, ย, ร, ฤ, ล, ฦ, ว, ศ, ษ, ส, ห, ฬ, อ, ฮ, , ㄱ, ㄴ, ㄷ, ㄹ, ㅁ, ㅂ, ㅅ, ㅇ, ㅈ, ㅊ, ㅋ, ㅌ, ㅍ, ㅎ, , あ, か, さ, た, な, は, ま, や, ら, わ, #, ]
D/dalvikvm( 668): DexOpt: load 70ms, verify+opt 311ms, 1342220 bytes
D/dalvikvm( 446): DexOpt: incorrect opt magic number (0xff ff ff ff)
I/PackageManager( 446): Running dexopt on: com.android.phasebeam
I/Choreographer( 503): Skipped 59 frames! The application may be doing too much work on its main thread.
D/dalvikvm( 675): DexOpt: load 17ms, verify+opt 11ms, 263428 bytes
W/LocationManagerService( 446): no network location provider found
D/dalvikvm( 446): DexOpt: incorrect opt magic number (0xff ff ff ff)
I/PackageManager( 446): Running dexopt on: com.android.location.fused
I/LatinIME( 652): Hardware accelerated drawing: true
W/ResourceType( 446): Failure getting entry for 0x7f060000 (t=5 e=0) in package 0 (error -75)
D/dalvikvm( 678): DexOpt: load 26ms, verify+opt 5ms, 150300 bytes
D/PhoneStatusBar( 503): mSettingsPanelGravity = 55
E/FlpHardwareProvider( 446): Error hw_get_module 'flp': -2
E/FlpHardwareProvider( 446): Error hw_get_module 'flp': -2
E/LocationManagerService( 446): no geocoder provider found
E/LocationManagerService( 446): No FusedProvider found.
E/LocationManagerService( 446): no geofence provider found
W/InputAttributes( 652): No editor info for this field. Bug?
I/CommonTimeManagementService( 446): No common time service detected on this platform. Common time services will be unavailable.
I/InputReader( 446): Reconfiguring input devices. changes=0x00000020
I/InputReader( 446): Reconfiguring input devices. changes=0x00000010
I/ResourceUtils( 652): Found default value: resource=keypress_vibration_durations build=[HARDWARE=tuna MODEL=AOSP on Maguro BRAND=Android MANUFACTURER=unknown] default=-1
I/ResourceUtils( 652): Find override value: resource=keypress_volumes build=[HARDWARE=tuna MODEL=AOSP on Maguro BRAND=Android MANUFACTURER=unknown] override=0.5f
D/dalvikvm( 652): GC_CONCURRENT freed 210K, 8% free 3229K/3500K, paused 1ms+6ms, total 31ms
D/dalvikvm( 446): GC_CONCURRENT freed 409K, 8% free 5522K/6000K, paused 3ms+5ms, total 61ms
D/dalvikvm( 446): WAIT_FOR_CONCURRENT_GC blocked 31ms
