D/AndroidRuntime( 1848): >>>>>> AndroidRuntime START com.android.internal.os.RuntimeInit <<<<<<
D/AndroidRuntime( 1848): CheckJNI is ON
D/dalvikvm( 1848): Trying to load lib libjavacore.so 0x0
D/dalvikvm( 1848): Added shared lib libjavacore.so 0x0
D/dalvikvm( 1848): Trying to load lib libnativehelper.so 0x0
D/dalvikvm( 1848): Added shared lib libnativehelper.so 0x0
D/dalvikvm( 1848): No JNI_OnLoad found in libnativehelper.so 0x0, skipping init
D/dalvikvm( 1848): Note: class Landroid/app/ActivityManagerNative; has 179 unimplemented (abstract) methods
E/memtrack( 1848): Couldn't load memtrack module (No such file or directory)
E/android.os.Debug( 1848): failed to load memtrack module: -2
D/AndroidRuntime( 1848): Calling main entry com.android.commands.pm.Pm
W/PackageManager( 446): Package named 'GLMark2' doesn't exist.
D/dalvikvm( 446): GC_EXPLICIT freed 1101K, 21% free 9726K/12168K, paused 1ms+3ms, total 38ms
D/AndroidRuntime( 1848): Shutting down VM
D/dalvikvm( 1848): GC_CONCURRENT freed 94K, 15% free 558K/656K, paused 0ms+0ms, total 3ms
D/LightsService( 446): Excessive delay setting light: 68ms
D/LightsService( 446): Excessive delay setting light: 67ms
I/PowerManagerService( 446): Going to sleep due to screen timeout...
D/SurfaceFlinger( 129): Screen released, type=0 flinger=0x418b4450
D/NfcService( 696): NFC-C OFF, disconnect
V/KeyguardHostView( 503): Initial transport state: 0, pbstate=0
W/ResourceType( 503): CREATING STRING CACHE OF 132 bytes
W/ResourceType( 503): CREATING STRING CACHE OF 120 bytes
W/ResourceType( 503): CREATING STRING CACHE OF 108 bytes
W/ResourceType( 503): CREATING STRING CACHE OF 44 bytes
D/dalvikvm( 503): GC_FOR_ALLOC freed 2499K, 31% free 9007K/12960K, paused 22ms, total 22ms
V/KeyguardHostView( 503): hide transport, gen:3
V/KeyguardHostView( 503): music state changed: 0
D/dalvikvm( 503): GC_CONCURRENT freed 1159K, 25% free 9834K/12960K, paused 2ms+3ms, total 31ms
D/dalvikvm( 503): WAIT_FOR_CONCURRENT_GC blocked 16ms
D/PhoneStatusBar( 503): disable: < expand icons alerts ticker system_info BACK* HOME* RECENT* CLOCK* SEARCH* > W/SocketClient( 126): write error (Broken pipe)
V/KeyguardServiceDelegate( 446): onScreenTurnedOn(showListener = com.android.internal.policy.impl.PhoneWindowManager$17@424c51e8)
I/PowerManagerService( 446): Waking up from sleep...
V/KeyguardServiceDelegate( 446): **** SHOWN CALLED ****
I/WindowManager( 446): Lock screen displayed!
D/dalvikvm( 681): GC_CONCURRENT freed 454K, 14% free 3477K/4032K, paused 2ms+1ms, total 19ms
D/PowerManagerService-JNI( 446): Excessive delay in autosuspend_disable() while turning screen on: 355ms
D/SurfaceFlinger( 129): Screen acquired, type=0 flinger=0x418b4450
D/LightsService( 446): Excessive delay setting light: 76ms
D/LightsService( 446): Excessive delay setting light: 67ms
D/NfcService( 696): NFC-C ON
D/PhoneStatusBar( 503): disable: < expand icons alerts ticker system_info back* home* recent* clock* search* > W/InputMethodManagerService( 446): Window already focused, ignoring focus gain of: com.android.internal.view.IInputMethodClient$Stub$Proxy@421437c0 attribute=android.view.inputmethod.EditorInfo@421e0340, token = android.os.BinderProxy@42430000
D/dalvikvm( 446): GC_CONCURRENT freed 1587K, 20% free 9764K/12168K, paused 2ms+5ms, total 87ms
D/dalvikvm( 1472): GC_CONCURRENT freed 390K, 13% free 3091K/3548K, paused 3ms+1ms, total 15ms
V/NotificationService( 446): disabling notifications for org.linaro.glmark2
W/InputMethodManagerService( 446): Window already focused, ignoring focus gain of: com.android.internal.view.IInputMethodClient$Stub$Proxy@4220c2c0 attribute=null, token = android.os.BinderProxy@42430000
V/NotificationService( 446): enabling notifications for org.linaro.glmark2
D/dalvikvm( 446): GC_FOR_ALLOC freed 950K, 18% free 10031K/12168K, paused 52ms, total 55ms
I/dalvikvm-heap( 446): Grow heap (frag case) to 10.225MB for 380496-byte allocation
D/dalvikvm( 446): GC_FOR_ALLOC freed 9K, 18% free 10394K/12540K, paused 41ms, total 41ms
D/dalvikvm( 503): GC_FOR_ALLOC freed 2806K, 36% free 8175K/12596K, paused 25ms, total 29ms
D/dalvikvm( 446): GC_FOR_ALLOC freed 376K, 21% free 10019K/12540K, paused 48ms, total 48ms
D/dalvikvm( 446): GC_FOR_ALLOC freed 372K, 21% free 10020K/12540K, paused 31ms, total 31ms
I/ActivityManager( 446): START u0 {act=android.intent.action.MAIN cat=[android.intent.category.HOME] flg=0x10200000 cmp=com.android.launcher/com.android.launcher2.Launcher} from pid 446
D/dalvikvm( 503): GC_FOR_ALLOC freed 108K, 33% free 8478K/12596K, paused 30ms, total 30ms
I/dalvikvm-heap( 503): Grow heap (frag case) to 8.704MB for 380496-byte allocation
D/dalvikvm( 446): GC_FOR_ALLOC freed 376K, 21% free 10020K/12540K, paused 34ms, total 34ms
D/dalvikvm( 503): GC_FOR_ALLOC freed 0K, 32% free 8849K/12968K, paused 23ms, total 23ms
D/dalvikvm( 503): GC_FOR_ALLOC freed 412K, 35% free 8479K/12968K, paused 25ms, total 26ms
E/IMGSRV ( 871): :0: gralloc_register_buffer: Cannot register a buffer twice (ID=6)
W/GraphicBufferMapper( 871): registerBuffer(0x5d8807a8) failed -22 (Invalid argument)
E/GraphicBuffer( 871): unflatten: registerBuffer failed: Invalid argument (-22)
E/IMGSRV ( 708): :0: gralloc_unregister_buffer: Cannot unregister unregistered buffer (ID=6)
W/GraphicBufferMapper( 708): unregisterBuffer(0x5f2e3d10) failed -22 (Invalid argument)
D/dalvikvm( 503): GC_FOR_ALLOC freed 892K, 38% free 8069K/12968K, paused 20ms, total 20ms
I/ActivityManager( 446): START u0 {act=android.intent.action.MAIN cat=[android.intent.category.HOME] flg=0x10200000 cmp=com.android.launcher/com.android.launcher2.Launcher} from pid 446
V/RenderScript( 871): 0x5f3152c8 Launching thread(s), CPUs 2
I/ActivityManager( 446): START u0 {act=android.intent.action.MAIN cat=[android.intent.category.HOME] flg=0x10200000 cmp=com.android.launcher/com.android.launcher2.Launcher} from pid 446
D/dalvikvm( 503): GC_FOR_ALLOC freed 921K, 38% free 8072K/12968K, paused 29ms, total 29ms
I/ActivityManager( 446): START u0 {act=android.intent.action.MAIN cat=[android.intent.category.HOME] flg=0x10200000 cmp=com.android.launcher/com.android.launcher2.Launcher} from pid 446
D/dalvikvm( 503): GC_FOR_ALLOC freed 448K, 35% free 8478K/12968K, paused 35ms, total 35ms
I/healthd ( 119): battery l=100 v=4167 t=34.0 h=2 st=5 chg=
I/healthd ( 119): battery l=100 v=4167 t=34.0 h=2 st=5 chg=
I/healthd ( 119): battery l=100 v=4127 t=35.0 h=2 st=3 chg=
D/dalvikvm( 503): GC_FOR_ALLOC freed 949K, 30% free 9101K/12968K, paused 19ms, total 20ms
D/MtpService( 730): updating state; isCurrentUser=true, mMtpLocked=false
D/MtpService( 730): addStorageLocked 65537 /storage/emulated/0
D/MtpService( 730): updating state; isCurrentUser=true, mMtpLocked=false
D/MtpService( 730): starting MTP server in MTP mode
D/MtpService( 730): addStorageLocked 65537 /storage/emulated/0
I/healthd ( 119): battery l=100 v=4171 t=35.0 h=2 st=3 chg=u
I/EntropyMixer( 446): Writing entropy...
I/healthd ( 119): battery l=100 v=4171 t=35.0 h=2 st=5 chg=u
D/dalvikvm( 730): GC_CONCURRENT freed 279K, 13% free 3511K/4000K, paused 1ms+3ms, total 19ms
D/LightsService( 446): Excessive delay setting light: 66ms
D/LightsService( 446): Excessive delay setting light: 68ms
I/PowerManagerService( 446): Going to sleep due to screen timeout...
D/SurfaceFlinger( 129): Screen released, type=0 flinger=0x418b4450
D/NfcService( 696): NFC-C OFF, disconnect
V/KeyguardHostView( 503): Initial transport state: 0, pbstate=0
W/ResourceType( 503): CREATING STRING CACHE OF 132 bytes
D/dalvikvm( 503): GC_FOR_ALLOC freed 1770K, 35% free 8471K/12968K, paused 20ms, total 20ms
W/ResourceType( 503): CREATING STRING CACHE OF 92 bytes
W/ResourceType( 503): CREATING STRING CACHE OF 120 bytes
W/ResourceType( 503): CREATING STRING CACHE OF 108 bytes
W/ResourceType( 503): CREATING STRING CACHE OF 44 bytes
D/dalvikvm( 503): GC_CONCURRENT freed 445K, 25% free 9755K/12968K, paused 3ms+3ms, total 33ms
V/KeyguardHostView( 503): hide transport, gen:3
V/KeyguardHostView( 503): music state changed: 0
D/dalvikvm( 446): GC_CONCURRENT freed 2911K, 30% free 8856K/12540K, paused 2ms+6ms, total 52ms
D/dalvikvm( 446): WAIT_FOR_CONCURRENT_GC blocked 21ms
D/PhoneStatusBar( 503): disable: < expand icons alerts ticker system_info BACK* HOME* RECENT* CLOCK* SEARCH* > I/ProcessStatsService( 446): Prepared write state in 7ms
D/AndroidRuntime( 1893):
D/AndroidRuntime( 1893): >>>>>> AndroidRuntime START com.android.internal.os.RuntimeInit <<<<<<
D/AndroidRuntime( 1893): CheckJNI is ON
D/dalvikvm( 1893): Trying to load lib libjavacore.so 0x0
D/dalvikvm( 1893): Added shared lib libjavacore.so 0x0
D/dalvikvm( 1893): Trying to load lib libnativehelper.so 0x0
D/dalvikvm( 1893): Added shared lib libnativehelper.so 0x0
D/dalvikvm( 1893): No JNI_OnLoad found in libnativehelper.so 0x0, skipping init
D/dalvikvm( 1893): Note: class Landroid/app/ActivityManagerNative; has 179 unimplemented (abstract) methods
E/memtrack( 1893): Couldn't load memtrack module (No such file or directory)
E/android.os.Debug( 1893): failed to load memtrack module: -2
D/AndroidRuntime( 1893): Calling main entry com.android.commands.pm.Pm
W/ActivityManager( 446): No content provider found for permission revoke: file:///data/local/tmp/GLMark2.apk
W/ActivityManager( 446): No content provider found for permission revoke: file:///data/local/tmp/GLMark2.apk
I/PackageManager( 446): Copying native libraries to /data/app-lib/vmdl257061627
D/dalvikvm( 446): GC_CONCURRENT freed 1349K, 29% free 8946K/12540K, paused 3ms+6ms, total 59ms
I/ActivityManager( 446): Force stopping org.linaro.glmark2 appid=10031 user=-1: replace sys pkg
W/PackageManager( 446): Trying to update system app code path from /system/app/GLMark2.apk to /data/app/org.linaro.glmark2-1.apk
I/PackageManager( 446): Running dexopt on: org.linaro.glmark2
D/dalvikvm( 1904): DexOpt: load 17ms, verify+opt 65ms, 433436 bytes
W/PackageManager( 446): Code path for pkg : org.linaro.glmark2 changing from /system/app/GLMark2.apk to /data/app/org.linaro.glmark2-1.apk
I/ActivityManager( 446): Force stopping org.linaro.glmark2 appid=10031 user=-1: update pkg
W/PackageManager( 446): Resource path for pkg : org.linaro.glmark2 changing from /system/app/GLMark2.apk to /data/app/org.linaro.glmark2-1.apk
I/ActivityManager( 446): Force stopping org.linaro.glmark2 appid=10031 user=0: pkg removed
D/dalvikvm( 446): GC_CONCURRENT freed 1337K, 29% free 8984K/12540K, paused 2ms+7ms, total 57ms
D/dalvikvm( 871): GC_EXPLICIT freed 2253K, 66% free 9701K/27932K, paused 2ms+6ms, total 39ms
I/InputReader( 446): Reconfiguring input devices. changes=0x00000010
I/PackageManager( 446): Action: "android.intent.action.SENDTO"
I/PackageManager( 446): Category: "android.intent.category.DEFAULT"
I/PackageManager( 446): Scheme: "sms"
I/PackageManager( 446): Adding preferred activity ComponentInfo{com.android.mms/com.android.mms.ui.ComposeMessageActivity} for user 0 :
D/BackupManagerService( 446): Received broadcast Intent { act=android.intent.action.PACKAGE_REMOVED dat=package:org.linaro.glmark2 flg=0x4000010 (has extras) }
I/PackageManager( 446): Action: "android.intent.action.SENDTO"
I/PackageManager( 446): Category: "android.intent.category.DEFAULT"
I/PackageManager( 446): Scheme: "smsto"
I/PackageManager( 446): Adding preferred activity ComponentInfo{com.android.mms/com.android.mms.ui.ComposeMessageActivity} for user 0 :
D/dalvikvm( 503): GC_EXPLICIT freed 1595K, 24% free 9771K/12820K, paused 2ms+14ms, total 114ms
D/dalvikvm( 708): GC_EXPLICIT freed 1529K, 11% free 12952K/14548K, paused 3ms+31ms, total 157ms
I/PackageManager( 446): Action: "android.intent.action.SENDTO"
I/PackageManager( 446): Category: "android.intent.category.DEFAULT"
I/PackageManager( 446): Scheme: "mms"
I/PackageManager( 446): Adding preferred activity ComponentInfo{com.android.mms/com.android.mms.ui.ComposeMessageActivity} for user 0 :
I/InputReader( 446): Reconfiguring input devices. changes=0x00000010
I/Launcher( 871): Deferring update until onResume
I/ActivityManager( 446): Start proc com.android.keychain for broadcast com.android.keychain/.KeyChainBroadcastReceiver: pid=1908 uid=1000 gids={41000, 1028, 1015, 3002, 3001, 3003}
W/ResourceType( 446): Failure getting entry for 0x7f060000 (t=5 e=0) in package 0 (error -75)
D/BackupManagerService( 446): Received broadcast Intent { act=android.intent.action.PACKAGE_ADDED dat=package:org.linaro.glmark2 flg=0x4000010 (has extras) }
V/BackupManagerService( 446): removePackageParticipantsLocked: uid=10031 #1
V/BackupManagerService( 446): addPackageParticipantsLocked: #1
I/PackageManager( 446): Action: "android.intent.action.SENDTO"
I/PackageManager( 446): Category: "android.intent.category.DEFAULT"
I/PackageManager( 446): Scheme: "mmsto"
I/PackageManager( 446): Adding preferred activity ComponentInfo{com.android.mms/com.android.mms.ui.ComposeMessageActivity} for user 0 :
I/InputReader( 446): Reconfiguring input devices. changes=0x00000010
I/PackageManager( 446): Running dexopt on: com.android.keychain
I/Launcher( 871): Deferring update until onResume
D/dalvikvm( 681): GC_CONCURRENT freed 318K, 13% free 3543K/4032K, paused 1ms+1ms, total 25ms
I/PackageManager( 446): Action: "android.intent.action.SENDTO"
I/PackageManager( 446): Category: "android.intent.category.DEFAULT"
I/PackageManager( 446): Scheme: "sms"
I/PackageManager( 446): Adding preferred activity ComponentInfo{com.android.mms/com.android.mms.ui.ComposeMessageActivity} for user 0 :
I/PackageManager( 446): Action: "android.intent.action.SENDTO"
I/PackageManager( 446): Category: "android.intent.category.DEFAULT"
I/PackageManager( 446): Scheme: "smsto"
I/PackageManager( 446): Adding preferred activity ComponentInfo{com.android.mms/com.android.mms.ui.ComposeMessageActivity} for user 0 :
I/PackageManager( 446): Action: "android.intent.action.SENDTO"
I/PackageManager( 446): Category: "android.intent.category.DEFAULT"
I/PackageManager( 446): Scheme: "mms"
I/PackageManager( 446): Adding preferred activity ComponentInfo{com.android.mms/com.android.mms.ui.ComposeMessageActivity} for user 0 :
D/dalvikvm( 446): GC_EXPLICIT freed 1152K, 30% free 8854K/12540K, paused 40ms+19ms, total 111ms
D/AndroidRuntime( 1893): Shutting down VM
D/dalvikvm( 1893): GC_CONCURRENT freed 95K, 15% free 561K/660K, paused 0ms+1ms, total 4ms
I/PackageManager( 446): Action: "android.intent.action.SENDTO"
I/PackageManager( 446): Category: "android.intent.category.DEFAULT"
I/PackageManager( 446): Scheme: "mmsto"
I/PackageManager( 446): Adding preferred activity ComponentInfo{com.android.mms/com.android.mms.ui.ComposeMessageActivity} for user 0 :
D/dalvikvm( 1921): DexOpt: load 27ms, verify+opt 86ms, 392148 bytes
I/PackageManager( 446): Action: "android.intent.action.SENDTO"
I/PackageManager( 446): Category: "android.intent.category.DEFAULT"
I/PackageManager( 446): Scheme: "sms"
I/PackageManager( 446): Adding preferred activity ComponentInfo{com.android.mms/com.android.mms.ui.ComposeMessageActivity} for user 0 :
W/ContextImpl( 1908): Calling a method in the system process without a qualified user: android.app.ContextImpl.startService:1479 android.content.ContextWrapper.startService:494 android.content.ContextWrapper.startService:494 com.android.keychain.KeyChainBroadcastReceiver.onReceive:12 android.app.ActivityThread.handleReceiver:2419
I/PackageManager( 446): Action: "android.intent.action.SENDTO"
I/PackageManager( 446): Category: "android.intent.category.DEFAULT"
I/PackageManager( 446): Scheme: "smsto"
I/PackageManager( 446): Adding preferred activity ComponentInfo{com.android.mms/com.android.mms.ui.ComposeMessageActivity} for user 0 :
I/PackageManager( 446): Action: "android.intent.action.SENDTO"
I/PackageManager( 446): Category: "android.intent.category.DEFAULT"
I/PackageManager( 446): Scheme: "mms"
I/PackageManager( 446): Adding preferred activity ComponentInfo{com.android.mms/com.android.mms.ui.ComposeMessageActivity} for user 0 :
D/dalvikvm( 681): GC_CONCURRENT freed 477K, 14% free 3520K/4072K, paused 2ms+2ms, total 23ms
I/PackageManager( 446): Action: "android.intent.action.SENDTO"
I/PackageManager( 446): Category: "android.intent.category.DEFAULT"
I/PackageManager( 446): Scheme: "mmsto"
I/PackageManager( 446): Adding preferred activity ComponentInfo{com.android.mms/com.android.mms.ui.ComposeMessageActivity} for user 0 :
W/RecognitionManagerService( 446): no available voice recognition services found for user 0
I/PackageManager( 446): Action: "android.intent.action.SENDTO"
I/PackageManager( 446): Category: "android.intent.category.DEFAULT"
I/PackageManager( 446): Scheme: "sms"
I/PackageManager( 446): Adding preferred activity ComponentInfo{com.android.mms/com.android.mms.ui.ComposeMessageActivity} for user 0 :
I/PackageManager( 446): Adding preferred activity ComponentInfo{com.android.mms/com.android.mms.ui.ComposeMessageActivity} for user 0 :
I/PackageManager( 446): Action: "android.intent.action.SENDTO"
I/PackageManager( 446): Category: "android.intent.category.DEFAULT"
I/PackageManager( 446): Scheme: "smsto"
I/ActivityManager( 446): Start proc com.svox.pico for broadcast com.svox.pico/.VoiceDataInstallerReceiver: pid=1928 uid=10049 gids={50049, 1028, 1015}
I/PackageManager( 446): Running dexopt on: com.svox.pico
I/PackageManager( 446): Action: "android.intent.action.SENDTO"
I/PackageManager( 446): Category: "android.intent.category.DEFAULT"
I/PackageManager( 446): Scheme: "mms"
I/PackageManager( 446): Adding preferred activity ComponentInfo{com.android.mms/com.android.mms.ui.ComposeMessageActivity} for user 0 :
I/PackageManager( 446): Action: "android.intent.action.SENDTO"
I/PackageManager( 446): Category: "android.intent.category.DEFAULT"
I/PackageManager( 446): Scheme: "mmsto"
I/PackageManager( 446): Adding preferred activity ComponentInfo{com.android.mms/com.android.mms.ui.ComposeMessageActivity} for user 0 :
I/PackageManager( 446): Action: "android.intent.action.SENDTO"
I/PackageManager( 446): Category: "android.intent.category.DEFAULT"
I/PackageManager( 446): Scheme: "sms"
I/PackageManager( 446): Adding preferred activity ComponentInfo{com.android.mms/com.android.mms.ui.ComposeMessageActivity} for user 0 :
D/dalvikvm( 1941): DexOpt: load 15ms, verify+opt 24ms, 225028 bytes
D/dalvikvm( 681): GC_CONCURRENT freed 414K, 13% free 3559K/4072K, paused 2ms+8ms, total 31ms
I/PackageManager( 446): Adding preferred activity ComponentInfo{com.android.mms/com.android.mms.ui.ComposeMessageActivity} for user 0 :
I/PackageManager( 446): Action: "android.intent.action.SENDTO"
I/PackageManager( 446): Category: "android.intent.category.DEFAULT"
I/PackageManager( 446): Scheme: "smsto"
D/dalvikvm( 446): GC_CONCURRENT freed 1395K, 29% free 8903K/12540K, paused 2ms+6ms, total 57ms
I/PackageManager( 446): Action: "android.intent.action.SENDTO"
I/PackageManager( 446): Category: "android.intent.category.DEFAULT"
I/PackageManager( 446): Scheme: "mms"
I/PackageManager( 446): Adding preferred activity ComponentInfo{com.android.mms/com.android.mms.ui.ComposeMessageActivity} for user 0 :
I/PackageManager( 446): Action: "android.intent.action.SENDTO"
I/PackageManager( 446): Category: "android.intent.category.DEFAULT"
I/PackageManager( 446): Scheme: "mmsto"
I/PackageManager( 446): Adding preferred activity ComponentInfo{com.android.mms/com.android.mms.ui.ComposeMessageActivity} for user 0 :
I/PackageManager( 446): Action: "android.intent.action.SENDTO"
I/PackageManager( 446): Category: "android.intent.category.DEFAULT"
I/PackageManager( 446): Scheme: "sms"
I/PackageManager( 446): Adding preferred activity ComponentInfo{com.android.mms/com.android.mms.ui.ComposeMessageActivity} for user 0 :
I/PackageManager( 446): Action: "android.intent.action.SENDTO"
I/PackageManager( 446): Category: "android.intent.category.DEFAULT"
I/PackageManager( 446): Scheme: "smsto"
I/PackageManager( 446): Adding preferred activity ComponentInfo{com.android.mms/com.android.mms.ui.ComposeMessageActivity} for user 0 :
I/PackageManager( 446): Action: "android.intent.action.SENDTO"
I/PackageManager( 446): Category: "android.intent.category.DEFAULT"
I/PackageManager( 446): Scheme: "mms"
I/PackageManager( 446): Adding preferred activity ComponentInfo{com.android.mms/com.android.mms.ui.ComposeMessageActivity} for user 0 :
D/dalvikvm( 681): GC_CONCURRENT freed 451K, 13% free 3558K/4080K, paused 1ms+2ms, total 18ms
I/PackageManager( 446): Action: "android.intent.action.SENDTO"
I/PackageManager( 446): Category: "android.intent.category.DEFAULT"
I/PackageManager( 446): Scheme: "mmsto"
I/PackageManager( 446): Adding preferred activity ComponentInfo{com.android.mms/com.android.mms.ui.ComposeMessageActivity} for user 0 :
I/PowerManagerService( 446): Waking up from sleep...
V/KeyguardServiceDelegate( 446): onScreenTurnedOn(showListener = com.android.internal.policy.impl.PhoneWindowManager$17@4251cf48)
V/KeyguardServiceDelegate( 446): **** SHOWN CALLED ****
I/WindowManager( 446): Lock screen displayed!
D/PowerManagerService-JNI( 446): Excessive delay in autosuspend_disable() while turning screen on: 362ms
D/SurfaceFlinger( 129): Screen acquired, type=0 flinger=0x418b4450
D/LightsService( 446): Excessive delay setting light: 83ms
D/LightsService( 446): Excessive delay setting light: 67ms
D/NfcService( 696): NFC-C ON
D/dalvikvm( 446): GC_CONCURRENT freed 1533K, 31% free 8749K/12540K, paused 2ms+14ms, total 65ms
D/PhoneStatusBar( 503): disable: < expand icons alerts ticker system_info back* home* recent* clock* search* > W/InputMethodManagerService( 446): Window already focused, ignoring focus gain of: com.android.internal.view.IInputMethodClient$Stub$Proxy@42090548 attribute=android.view.inputmethod.EditorInfo@42257c00, token = android.os.BinderProxy@4204e700
D/dalvikvm( 871): GC_CONCURRENT freed 1120K, 62% free 10793K/27932K, paused 3ms+4ms, total 36ms
D/dalvikvm( 871): WAIT_FOR_CONCURRENT_GC blocked 31ms
D/dalvikvm( 871): WAIT_FOR_CONCURRENT_GC blocked 10ms
I/InputReader( 446): Reconfiguring input devices. changes=0x00000010
I/PackageManager( 446): Action: "android.intent.action.SENDTO"
I/PackageManager( 446): Category: "android.intent.category.DEFAULT"
I/PackageManager( 446): Scheme: "sms"
I/PackageManager( 446): Adding preferred activity ComponentInfo{com.android.mms/com.android.mms.ui.ComposeMessageActivity} for user 0 :
I/PackageManager( 446): Action: "android.intent.action.SENDTO"
I/PackageManager( 446): Category: "android.intent.category.DEFAULT"
I/PackageManager( 446): Scheme: "smsto"
I/PackageManager( 446): Adding preferred activity ComponentInfo{com.android.mms/com.android.mms.ui.ComposeMessageActivity} for user 0 :
I/PackageManager( 446): Action: "android.intent.action.SENDTO"
I/PackageManager( 446): Category: "android.intent.category.DEFAULT"
I/PackageManager( 446): Scheme: "mms"
I/PackageManager( 446): Adding preferred activity ComponentInfo{com.android.mms/com.android.mms.ui.ComposeMessageActivity} for user 0 :
I/PackageManager( 446): Action: "android.intent.action.SENDTO"
I/PackageManager( 446): Category: "android.intent.category.DEFAULT"
I/PackageManager( 446): Scheme: "mmsto"
I/PackageManager( 446): Adding preferred activity ComponentInfo{com.android.mms/com.android.mms.ui.ComposeMessageActivity} for user 0 :
D/dalvikvm( 681): GC_CONCURRENT freed 418K, 14% free 3539K/4072K, paused 2ms+2ms, total 20ms
I/PackageManager( 446): Action: "android.intent.action.SENDTO"
I/PackageManager( 446): Category: "android.intent.category.DEFAULT"
I/PackageManager( 446): Scheme: "sms"
I/PackageManager( 446): Adding preferred activity ComponentInfo{com.android.mms/com.android.mms.ui.ComposeMessageActivity} for user 0 :
I/PackageManager( 446): Action: "android.intent.action.SENDTO"
I/PackageManager( 446): Category: "android.intent.category.DEFAULT"
I/PackageManager( 446): Scheme: "smsto"
I/PackageManager( 446): Adding preferred activity ComponentInfo{com.android.mms/com.android.mms.ui.ComposeMessageActivity} for user 0 :
I/PackageManager( 446): Action: "android.intent.action.SENDTO"
I/PackageManager( 446): Category: "android.intent.category.DEFAULT"
I/PackageManager( 446): Scheme: "mms"
I/PackageManager( 446): Adding preferred activity ComponentInfo{com.android.mms/com.android.mms.ui.ComposeMessageActivity} for user 0 :
I/PackageManager( 446): Action: "android.intent.action.SENDTO"
I/PackageManager( 446): Category: "android.intent.category.DEFAULT"
I/PackageManager( 446): Scheme: "mmsto"
I/PackageManager( 446): Adding preferred activity ComponentInfo{com.android.mms/com.android.mms.ui.ComposeMessageActivity} for user 0 :
D/LightsService( 446): Excessive delay setting light: 67ms
D/LightsService( 446): Excessive delay setting light: 67ms
I/PowerManagerService( 446): Going to sleep due to screen timeout...
D/SurfaceFlinger( 129): Screen released, type=0 flinger=0x418b4450
D/NfcService( 696): NFC-C OFF, disconnect
V/KeyguardHostView( 503): Initial transport state: 0, pbstate=0
W/ResourceType( 503): CREATING STRING CACHE OF 132 bytes
W/ResourceType( 503): CREATING STRING CACHE OF 120 bytes
W/ResourceType( 503): CREATING STRING CACHE OF 108 bytes
W/ResourceType( 503): CREATING STRING CACHE OF 44 bytes
D/dalvikvm( 446): GC_CONCURRENT freed 1391K, 30% free 8785K/12540K, paused 4ms+12ms, total 61ms
D/dalvikvm( 503): GC_CONCURRENT freed 1716K, 21% free 10255K/12820K, paused 1ms+5ms, total 42ms
V/KeyguardHostView( 503): hide transport, gen:3
V/KeyguardHostView( 503): music state changed: 0
D/PhoneStatusBar( 503): disable: < expand icons alerts ticker system_info BACK* HOME* RECENT* CLOCK* SEARCH* > V/KeyguardServiceDelegate( 446): onScreenTurnedOn(showListener = com.android.internal.policy.impl.PhoneWindowManager$17@42134cd0)
I/PowerManagerService( 446): Waking up from sleep...
V/KeyguardServiceDelegate( 446): **** SHOWN CALLED ****
I/WindowManager( 446): Lock screen displayed!
D/PowerManagerService-JNI( 446): Excessive delay in autosuspend_disable() while turning screen on: 354ms
D/SurfaceFlinger( 129): Screen acquired, type=0 flinger=0x418b4450
D/LightsService( 446): Excessive delay setting light: 87ms
D/LightsService( 446): Excessive delay setting light: 64ms
D/NfcService( 696): NFC-C ON
D/PhoneStatusBar( 503): disable: < expand icons alerts ticker system_info back* home* recent* clock* search* > W/InputMethodManagerService( 446): Window already focused, ignoring focus gain of: com.android.internal.view.IInputMethodClient$Stub$Proxy@421226b8 attribute=android.view.inputmethod.EditorInfo@42208b80, token = android.os.BinderProxy@4204e700
I/ActivityManager( 446): START u0 {act=android.intent.action.MAIN cat=[android.intent.category.LAUNCHER] flg=0x10200000 cmp=org.linaro.glmark2/.MainActivity} from pid 871
W/ResourceType( 446): CREATING STRING CACHE OF 72 bytes
I/ActivityManager( 446): Start proc org.linaro.glmark2 for activity org.linaro.glmark2/.MainActivity: pid=1960 uid=10031 gids={50031, 1028, 1015}
D/dalvikvm( 446): GC_CONCURRENT freed 954K, 27% free 9269K/12540K, paused 3ms+5ms, total 107ms
D/dalvikvm( 446): WAIT_FOR_CONCURRENT_GC blocked 25ms
D/dalvikvm( 446): WAIT_FOR_CONCURRENT_GC blocked 9ms
D/dalvikvm( 1960): Trying to load lib /data/app-lib/org.linaro.glmark2-1/libglmark2-android.so 0x41dc9be8
D/dalvikvm( 1960): Added shared lib /data/app-lib/org.linaro.glmark2-1/libglmark2-android.so 0x41dc9be8
W/ResourceType( 1960): CREATING STRING CACHE OF 72 bytes
D/dalvikvm( 1960): GC_CONCURRENT freed 93K, 5% free 3379K/3548K, paused 3ms+1ms, total 15ms
D/dalvikvm( 1960): WAIT_FOR_CONCURRENT_GC blocked 6ms
I/dalvikvm-heap( 1960): Grow heap (frag case) to 4.435MB for 1127536-byte allocation
D/dalvikvm( 1960): GC_FOR_ALLOC freed 3K, 4% free 4476K/4652K, paused 12ms, total 12ms
E/IMGSRV ( 871): :0: gralloc_unregister_buffer: Cannot unregister unregistered buffer (ID=6)
W/GraphicBufferMapper( 871): unregisterBuffer(0x5f3917f8) failed -22 (Invalid argument)
D/dalvikvm( 1960): GC_CONCURRENT freed <1K, 4% free 4476K/4652K, paused 2ms+1ms, total 18ms
I/ActivityManager( 446): Displayed org.linaro.glmark2/.MainActivity: +596ms
I/ActivityManager( 446): START u0 {cmp=org.linaro.glmark2/.Glmark2Activity} from pid 1960
I/ActivityManager( 446): Start proc org.linaro.glmark2:glmark2 for activity org.linaro.glmark2/.Glmark2Activity: pid=1979 uid=10031 gids={50031, 1028, 1015}
D/dalvikvm( 130): GC_EXPLICIT freed 41K, 4% free 3052K/3160K, paused 5ms+2ms, total 66ms
D/dalvikvm( 130): GC_EXPLICIT freed <1K, 4% free 3052K/3160K, paused 1ms+1ms, total 33ms
D/dalvikvm( 1979): Trying to load lib /data/app-lib/org.linaro.glmark2-1/libglmark2-android.so 0x41dca950
D/dalvikvm( 1979): Added shared lib /data/app-lib/org.linaro.glmark2-1/libglmark2-android.so 0x41dca950
D/dalvikvm( 130): GC_EXPLICIT freed <1K, 4% free 3052K/3160K, paused 1ms+2ms, total 16ms
I/glmark2 ( 1979): glmark2 2012.12
I/glmark2 ( 1979): OpenGL Information
I/glmark2 ( 1979): GL_VENDOR: Imagination Technologies
I/glmark2 ( 1979): GL_RENDERER: PowerVR SGX 540
I/glmark2 ( 1979): GL_VERSION: OpenGL ES 2.0 build 1.8.GOOGLENEXUS.ED945322@2198402
I/ActivityManager( 446): Displayed org.linaro.glmark2/.Glmark2Activity: +374ms
I/glmark2 ( 1979): [build] use-vbo=false: FPS: 176 FrameTime: 5.682 ms
I/glmark2 ( 1979): [build] use-vbo=true: FPS: 136 FrameTime: 7.353 ms
D/LightsService( 446): Excessive delay setting light: 68ms
D/LightsService( 446): Excessive delay setting light: 67ms
I/glmark2 ( 1979): [texture] texture-filter=nearest: FPS: 234 FrameTime: 4.274 ms
D/dalvikvm( 681): GC_CONCURRENT freed 447K, 15% free 3478K/4064K, paused 3ms+1ms, total 27ms
I/glmark2 ( 1979): [texture] texture-filter=linear: FPS: 134 FrameTime: 7.463 ms
I/glmark2 ( 1979): [texture] texture-filter=mipmap: FPS: 127 FrameTime: 7.874 ms
I/glmark2 ( 1979): [shading] shading=gouraud: FPS: 118 FrameTime: 8.475 ms
I/glmark2 ( 1979): [shading] shading=blinn-phong-inf: FPS: 118 FrameTime: 8.475 ms
I/glmark2 ( 1979): [shading] shading=phong: FPS: 69 FrameTime: 14.493 ms
I/glmark2 ( 1979): [bump] bump-render=high-poly: FPS: 69 FrameTime: 14.493 ms
I/glmark2 ( 1979): [bump] bump-render=normals: FPS: 73 FrameTime: 13.699 ms
I/glmark2 ( 1979): [bump] bump-render=height: FPS: 70 FrameTime: 14.286 ms
I/glmark2 ( 1979): [effect2d] kernel=0,1,0;1,-4,1;0,1,0;: FPS: 29 FrameTime: 34.483 ms
I/glmark2 ( 1979): [effect2d] kernel=1,1,1,1,1;1,1,1,1,1;1,1,1,1,1;: FPS: 10 FrameTime: 100.000 ms
I/glmark2 ( 1979): [pulsar] light=false:quads=5:texture=false: FPS: 77 FrameTime: 12.987 ms
I/glmark2 ( 1979): [desktop] blur-radius=5:effect=blur:passes=1:separable=true:windows=4: FPS: 13 FrameTime: 76.923 ms
I/glmark2 ( 1979): [desktop] effect=shadow:windows=4: FPS: 85 FrameTime: 11.765 ms
I/glmark2 ( 1979): [buffer] columns=200:interleave=false:update-dispersion=0.9:update-fraction=0.5:update-method=map: FPS: 94 FrameTime: 10.638 ms
I/glmark2 ( 1979): [buffer] columns=200:interleave=false:update-dispersion=0.9:update-fraction=0.5:update-method=subdata: FPS: 82 FrameTime: 12.195 ms
D/ConnectivityService( 446): Sampling interval elapsed, updating statistics ..
D/ConnectivityService( 446): Done.
D/ConnectivityService( 446): Setting timer for 720seconds
I/glmark2 ( 1979): [buffer] columns=200:interleave=true:update-dispersion=0.9:update-fraction=0.5:update-method=map: FPS: 115 FrameTime: 8.696 ms
I/glmark2 ( 1979): [ideas] speed=duration: FPS: 117 FrameTime: 8.547 ms
I/glmark2 ( 1979): [jellyfish] : FPS: 19 FrameTime: 52.632 ms
I/glmark2 ( 1979): [terrain] : FPS: 1 FrameTime: 1000.000 ms
E/glmark2 ( 1979): DepthRenderState::setup: glCheckFramebufferStatus failed (0x8cd6)
E/glmark2 ( 1979): Failed to set up the render target for the depth pass
I/glmark2 ( 1979): [shadow] : Set up failed
F/libc ( 1979): Fatal signal 11 (SIGSEGV) at 0x00000020 (code=1), thread 1992 (Thread-141)
I/DEBUG ( 127): *** *** *** *** *** *** *** *** *** *** *** *** *** *** *** ***
I/DEBUG ( 127): Build fingerprint: 'Android/full_maguro/maguro:4.4.2/KOT49H/551:eng/test-keys'
I/DEBUG ( 127): Revision: '9'
I/DEBUG ( 127): pid: 1979, tid: 1992, name: Thread-141 >>> org.linaro.glmark2:glmark2 <<<
I/DEBUG ( 127): signal 11 (SIGSEGV), code 1 (SEGV_MAPERR), fault addr 00000020
I/DEBUG ( 127): r0 00000004 r1 00000000 r2 00000000 r3 0000871d
I/DEBUG ( 127): r4 00000000 r5 5dc185a8 r6 00000004 r7 5d858f40
I/DEBUG ( 127): r8 5fe79a88 r9 5d858f38 sl 5d7dfd37 fp 5fe79a9c
I/DEBUG ( 127): ip fffb9734 sp 5fe79a2c lr 5da6c81d pc 5da7bfde cpsr 200f0030
I/DEBUG ( 127): d0 0000000000000000 d1 0000000000000000
I/DEBUG ( 127): d2 656c706d61736974 d3 7265646e65725f64
I/DEBUG ( 127): d4 667562656d617246 d5 7574617453726566
I/DEBUG ( 127): d6 64656c6961662073 d7 3664633878302820
I/DEBUG ( 127): d8 0000000000000000 d9 0000000000000000
I/DEBUG ( 127): d10 0000000000000000 d11 0000000000000000
I/DEBUG ( 127): d12 0000000000000000 d13 0000000000000000
I/DEBUG ( 127): d14 0000000000000000 d15 0000000000000000
I/DEBUG ( 127): d16 5d776f646168735b d17 6c75616665643c20
I/DEBUG ( 127): d18 3fd287a7636f4361 d19 3ff8000000000000
I/DEBUG ( 127): d20 3ff0000000000000 d21 4024000000000000
I/DEBUG ( 127): d22 0000000000000000 d23 0000000000000000
I/DEBUG ( 127): d24 3fe0000000000000 d25 3fe000000112a880
I/DEBUG ( 127): d26 3fdffffffddaaf00 d27 4000000000000000
I/DEBUG ( 127): d28 4022000000000000 d29 000000003f800000
I/DEBUG ( 127): d30 3fbe9ac83ee93a40 d31 3f8d45242237e4e8
I/DEBUG ( 127): scr 28000015
I/DEBUG ( 127):
I/DEBUG ( 127): backtrace:
I/DEBUG ( 127): #00 pc 00073fde /data/app-lib/org.linaro.glmark2-1/libglmark2-android.so (Program::release()+5)
I/DEBUG ( 127):
I/DEBUG ( 127): stack:
I/DEBUG ( 127): 5fe799ec 624a8068
I/DEBUG ( 127): 5fe799f0 5d84f008
I/DEBUG ( 127): 5fe799f4 5d7eecf0
I/DEBUG ( 127): 5fe799f8 624a8060
I/DEBUG ( 127): 5fe799fc 624a8068
I/DEBUG ( 127): 5fe79a00 624a8068
I/DEBUG ( 127): 5fe79a04 00000001
I/DEBUG ( 127): 5fe79a08 5d7eecf0
I/DEBUG ( 127): 5fe79a0c 40177451 /system/lib/libc.so (dlfree+432)
I/DEBUG ( 127): 5fe79a10 401c8000 /system/lib/libc.so
I/DEBUG ( 127): 5fe79a14 5d7eecf0
I/DEBUG ( 127): 5fe79a18 5d84f008
I/DEBUG ( 127): 5fe79a1c 624a8068
I/DEBUG ( 127): 5fe79a20 00000001
I/DEBUG ( 127): 5fe79a24 5d80dcc8 /system/vendor/lib/egl/libGLESv2_POWERVR_SGX540_120.so
I/DEBUG ( 127): 5fe79a28 5d84f008
I/DEBUG ( 127): #00 5fe79a2c 00000000
I/DEBUG ( 127): 5fe79a30 5dc185a8
I/DEBUG ( 127): 5fe79a34 00000004
I/DEBUG ( 127): 5fe79a38 5d858f40
I/DEBUG ( 127): 5fe79a3c 5fe79a88
I/DEBUG ( 127): 5fe79a40 5d858f38
I/DEBUG ( 127): 5fe79a44 5d7dfd37 /data/dalvik-cache/data@app@org.linaro.glmark2-1.apk@classes.dex
I/DEBUG ( 127): 5fe79a48 5fe79a9c
I/DEBUG ( 127): 5fe79a4c 5da6c81d /data/app-lib/org.linaro.glmark2-1/libglmark2-android.so (SceneShadow::teardown()+20)
I/DEBUG ( 127): 5fe79a50 5dc19438
I/DEBUG ( 127): 5fe79a54 5daedcd8 /data/app-lib/org.linaro.glmark2-1/libglmark2-android.so
I/DEBUG ( 127): 5fe79a58 00000000
I/DEBUG ( 127): 5fe79a5c 5da25261 /data/app-lib/org.linaro.glmark2-1/libglmark2-android.so (Benchmark::teardown_scene()+12)
I/DEBUG ( 127): 5fe79a60 5dc19880
I/DEBUG ( 127): 5fe79a64 5da2df39 /data/app-lib/org.linaro.glmark2-1/libglmark2-android.so (MainLoop::step()+80)
I/DEBUG ( 127): 5fe79a68 5da1e54d /data/app-lib/org.linaro.glmark2-1/libglmark2-android.so (Java_org_linaro_glmark2_native_render(_JNIEnv*))
I/DEBUG ( 127):
I/DEBUG ( 127): memory near r3:
I/DEBUG ( 127): 000086fc ffffffff ffffffff ffffffff ffffffff
I/DEBUG ( 127): 0000870c ffffffff ffffffff ffffffff ffffffff
I/DEBUG ( 127): 0000871c ffffffff ffffffff ffffffff ffffffff
I/DEBUG ( 127): 0000872c ffffffff ffffffff ffffffff ffffffff
I/DEBUG ( 127): 0000873c ffffffff ffffffff ffffffff ffffffff
I/DEBUG ( 127): 0000874c ffffffff ffffffff ffffffff ffffffff
I/DEBUG ( 127): 0000875c ffffffff ffffffff ffffffff ffffffff
I/DEBUG ( 127): 0000876c ffffffff ffffffff ffffffff ffffffff
I/DEBUG ( 127): 0000877c ffffffff ffffffff ffffffff ffffffff
I/DEBUG ( 127): 0000878c ffffffff ffffffff ffffffff ffffffff
I/DEBUG ( 127): 0000879c ffffffff ffffffff ffffffff ffffffff
I/DEBUG ( 127): 000087ac ffffffff ffffffff ffffffff ffffffff
I/DEBUG ( 127): 000087bc ffffffff ffffffff ffffffff ffffffff
I/DEBUG ( 127): 000087cc ffffffff ffffffff ffffffff ffffffff
I/DEBUG ( 127): 000087dc ffffffff ffffffff ffffffff ffffffff
I/DEBUG ( 127): 000087ec ffffffff ffffffff ffffffff ffffffff
I/DEBUG ( 127):
I/DEBUG ( 127): memory near r5:
I/DEBUG ( 127): 5dc18588 5dc0a824 5dc0a800 00000000 00000000
I/DEBUG ( 127): 5dc18598 00000000 00000000 00000000 0000006b
I/DEBUG ( 127): 5dc185a8 5daed678 5d7ee870 64616873 0000776f
I/DEBUG ( 127): 5dc185b8 00000000 00000000 5dc185b6 5dc185b0
I/DEBUG ( 127): 5dc185c8 00000000 5dc189d0 5dc18610 5dc186b0
I/DEBUG ( 127): 5dc185d8 0000000b 00000000 da57a6fc 41d4b1a4
I/DEBUG ( 127): 5dc185e8 da57a6fc 41d4b1a4 00000000 00000000
I/DEBUG ( 127): 5dc185f8 00000000 40240000 00000000 00000000
I/DEBUG ( 127): 5dc18608 00000000 000000a3 00000000 5dc18890
I/DEBUG ( 127): 5dc18618 00000000 00000000 61727564 6e6f6974
I/DEBUG ( 127): 5dc18628 00000000 00000000 5dc18628 5dc18620
I/DEBUG ( 127): 5dc18638 61727564 6e6f6974 00000000 00000000
I/DEBUG ( 127): 5dc18648 5dc18640 5dc18638 302e3031 00000000
I/DEBUG ( 127): 5dc18658 00000000 00000000 5dc18654 5dc18650
I/DEBUG ( 127): 5dc18668 302e3031 00000000 00000000 00000000
I/DEBUG ( 127): 5dc18678 5dc1866c 5dc18668 5dc16050 00000000
I/DEBUG ( 127):
I/DEBUG ( 127): memory near r7:
I/DEBUG ( 127): 5d858f20 00000000 5d858f4c 5d7dc2a4 57f3b1a0
I/DEBUG ( 127): 5d858f30 00000000 60955b39 5d858f6c 5950b5d2
I/DEBUG ( 127): 5d858f40 57f3ddf0 5d7dc2a4 60955cb9 60955421
I/DEBUG ( 127): 5d858f50 41dd6648 41de0860 5d858fdc 5950bc28
I/DEBUG ( 127): 5d858f60 57f3d5c8 5950b5d2 00000000 41dd6648
I/DEBUG ( 127): 5d858f70 41dd69c8 00000000 00000000 00000000
I/DEBUG ( 127): 5d858f80 00000000 00000000 00000000 41de0860
I/DEBUG ( 127): 5d858f90 000004a0 00000000 00000000 41dd6f70
I/DEBUG ( 127): 5d858fa0 00000000 00003000 57bf9f58 41dd4b38
I/DEBUG ( 127): 5d858fb0 000002d0 00000000 41dd6648 41dd4ac8
I/DEBUG ( 127): 5d858fc0 00000000 41dd69c8 5d859000 00000000
I/DEBUG ( 127): 5d858fd0 57f3d8a8 5950bc28 00000000 41dd6f70
I/DEBUG ( 127): 5d858fe0 0000008d 00000000 41dd69c8 00000000
I/DEBUG ( 127): 5d858ff0 00000000 00000000 00000000 00000000
I/DEBUG ( 127): 5d859000 00000000 00000000 00000000 00000000
I/DEBUG ( 127): 5d859010 00000000 00000000 00000000 00000000
I/DEBUG ( 127):
I/DEBUG ( 127): memory near r8:
I/DEBUG ( 127): 5fe79a68 5da1e54d 5daee220 00000007 5da1e559
I/DEBUG ( 127): 5fe79a78 5950b5d2 5da1e54d 57f3b1a0 419e29a4
I/DEBUG ( 127): 5fe79a88 00000000 5c2d3138 00000001 5d858f38
I/DEBUG ( 127): 5fe79a98 00000000 41a22b39 5d858f38 5d7dfd37
I/DEBUG ( 127): 5fe79aa8 5da1e54d 5c2d3148 5c2d3148 00000000
I/DEBUG ( 127): 5fe79ab8 401cc39c 41dd2ed8 5c2d3148 5c2d31e0
I/DEBUG ( 127): 5fe79ac8 57ca6118 00000000 00000000 00000000
I/DEBUG ( 127): 5fe79ad8 41aaa574 41de0dd8 5c2d3138 41aab1f8
I/DEBUG ( 127): 5fe79ae8 00000b28 5c2d3138 5c2d3160 419efcfc
I/DEBUG ( 127): 5fe79af8 5c2d3160 5c2d3138 5c2d3138 41aaa6d0
I/DEBUG ( 127): 5fe79b08 00000000 5dc1e198 00000008 41a6775d
I/DEBUG ( 127): 5fe79b18 00000002 0000003a 00000013 00000013
I/DEBUG ( 127): 5fe79b28 00000028 41a6775d 0000562b 00000000
I/DEBUG ( 127): 5fe79b38 00000008 000000ee 0000006a 41a51ebd
I/DEBUG ( 127): 5fe79b48 00000038 00000001 00000014 00000016
I/DEBUG ( 127): 5fe79b58 00000002 401cc39c 00000071 00000005
I/DEBUG ( 127):
I/DEBUG ( 127): memory near r9:
I/DEBUG ( 127): 5d858f18 5950afc8 57ca6118 00000000 5d858f4c
I/DEBUG ( 127): 5d858f28 5d7dc2a4 57f3b1a0 00000000 60955b39
I/DEBUG ( 127): 5d858f38 5d858f6c 5950b5d2 57f3ddf0 5d7dc2a4
I/DEBUG ( 127): 5d858f48 60955cb9 60955421 41dd6648 41de0860
I/DEBUG ( 127): 5d858f58 5d858fdc 5950bc28 57f3d5c8 5950b5d2
I/DEBUG ( 127): 5d858f68 00000000 41dd6648 41dd69c8 00000000
I/DEBUG ( 127): 5d858f78 00000000 00000000 00000000 00000000
I/DEBUG ( 127): 5d858f88 00000000 41de0860 000004a0 00000000
I/DEBUG ( 127): 5d858f98 00000000 41dd6f70 00000000 00003000
I/DEBUG ( 127): 5d858fa8 57bf9f58 41dd4b38 000002d0 00000000
I/DEBUG ( 127): 5d858fb8 41dd6648 41dd4ac8 00000000 41dd69c8
I/DEBUG ( 127): 5d858fc8 5d859000 00000000 57f3d8a8 5950bc28
I/DEBUG ( 127): 5d858fd8 00000000 41dd6f70 0000008d 00000000
I/DEBUG ( 127): 5d858fe8 41dd69c8 00000000 00000000 00000000
I/DEBUG ( 127): 5d858ff8 00000000 00000000 00000000 00000000
I/DEBUG ( 127): 5d859008 00000000 00000000 00000000 00000000
I/DEBUG ( 127):
I/DEBUG ( 127): memory near sl:
I/DEBUG ( 127): 5d7dfd14 56050049 4a494c4c 4c560500 004c494c
I/DEBUG ( 127): 5d7dfd24 4c4c5604 5605004c 4c4c4c4c 4c560300
I/DEBUG ( 127): 5d7dfd34 5a01005a 495a0200 495a0300 5a02004c
I/DEBUG ( 127): 5d7dfd44 5a04004c 004c494c 4c4c5a05 05004a49
I/DEBUG ( 127): 5d7dfd54 494c4c5a 5a06004c 494c4c4c 5a03004c
I/DEBUG ( 127): 5d7dfd64 02005a4c 1800495b 6e614c5b 696f7264
I/DEBUG ( 127): 5d7dfd74 736f2f64 7261502f 616c6563 3b656c62
I/DEBUG ( 127): 5d7dfd84 4c5b0f00 6176616a 2f6f692f 656c6946
I/DEBUG ( 127): 5d7dfd94 5b19003b 76616a4c 616c2f61 432f676e
I/DEBUG ( 127): 5d7dfda4 53726168 65757165 3b65636e 4c5b1300
I/DEBUG ( 127): 5d7dfdb4 6176616a 6e616c2f 624f2f67 7463656a
I/DEBUG ( 127): 5d7dfdc4 5b13003b 76616a4c 616c2f61 532f676e
I/DEBUG ( 127): 5d7dfdd4 6e697274 2b003b67 616a4c5b 2f786176
I/DEBUG ( 127): 5d7dfde4 7263696d 6964656f 6e6f6974 72686b2f
I/DEBUG ( 127): 5d7dfdf4 736f6e6f 6c67652f 4c47452f 666e6f43
I/DEBUG ( 127): 5d7dfe04 003b6769 6f4c5b36 6c2f6772 72616e69
I/DEBUG ( 127):
I/DEBUG ( 127): memory near fp:
I/DEBUG ( 127): 5fe79a7c 5da1e54d 57f3b1a0 419e29a4 00000000
I/DEBUG ( 127): 5fe79a8c 5c2d3138 00000001 5d858f38 00000000
I/DEBUG ( 127): 5fe79a9c 41a22b39 5d858f38 5d7dfd37 5da1e54d
I/DEBUG ( 127): 5fe79aac 5c2d3148 5c2d3148 00000000 401cc39c
I/DEBUG ( 127): 5fe79abc 41dd2ed8 5c2d3148 5c2d31e0 57ca6118
I/DEBUG ( 127): 5fe79acc 00000000 00000000 00000000 41aaa574
I/DEBUG ( 127): 5fe79adc 41de0dd8 5c2d3138 41aab1f8 00000b28
I/DEBUG ( 127): 5fe79aec 5c2d3138 5c2d3160 419efcfc 5c2d3160
I/DEBUG ( 127): 5fe79afc 5c2d3138 5c2d3138 41aaa6d0 00000000
I/DEBUG ( 127): 5fe79b0c 5dc1e198 00000008 41a6775d 00000002
I/DEBUG ( 127): 5fe79b1c 0000003a 00000013 00000013 00000028
I/DEBUG ( 127): 5fe79b2c 41a6775d 0000562b 00000000 00000008
I/DEBUG ( 127): 5fe79b3c 000000ee 0000006a 41a51ebd 00000038
I/DEBUG ( 127): 5fe79b4c 00000001 00000014 00000016 00000002
I/DEBUG ( 127): 5fe79b5c 401cc39c 00000071 00000005 00000000
I/DEBUG ( 127): 5fe79b6c e174717c 41aaa1f8 00000000 00000000
I/DEBUG ( 127):
I/DEBUG ( 127): memory near sp:
I/DEBUG ( 127): 5fe79a0c 40177451 401c8000 5d7eecf0 5d84f008
I/DEBUG ( 127): 5fe79a1c 624a8068 00000001 5d80dcc8 5d84f008
I/DEBUG ( 127): 5fe79a2c 00000000 5dc185a8 00000004 5d858f40
I/DEBUG ( 127): 5fe79a3c 5fe79a88 5d858f38 5d7dfd37 5fe79a9c
I/DEBUG ( 127): 5fe79a4c 5da6c81d 5dc19438 5daedcd8 00000000
I/DEBUG ( 127): 5fe79a5c 5da25261 5dc19880 5da2df39 5da1e54d
I/DEBUG ( 127): 5fe79a6c 5daee220 00000007 5da1e559 5950b5d2
I/DEBUG ( 127): 5fe79a7c 5da1e54d 57f3b1a0 419e29a4 00000000
I/DEBUG ( 127): 5fe79a8c 5c2d3138 00000001 5d858f38 00000000
I/DEBUG ( 127): 5fe79a9c 41a22b39 5d858f38 5d7dfd37 5da1e54d
I/DEBUG ( 127): 5fe79aac 5c2d3148 5c2d3148 00000000 401cc39c
I/DEBUG ( 127): 5fe79abc 41dd2ed8 5c2d3148 5c2d31e0 57ca6118
I/DEBUG ( 127): 5fe79acc 00000000 00000000 00000000 41aaa574
I/DEBUG ( 127): 5fe79adc 41de0dd8 5c2d3138 41aab1f8 00000b28
I/DEBUG ( 127): 5fe79aec 5c2d3138 5c2d3160 419efcfc 5c2d3160
I/DEBUG ( 127): 5fe79afc 5c2d3138 5c2d3138 41aaa6d0 00000000
I/DEBUG ( 127):
I/DEBUG ( 127): code around pc:
I/DEBUG ( 127): 5da7bfbc ed8cf7a0 6be46ba1 e7ee1b0a ed74f7a0
I/DEBUG ( 127): 5da7bfcc 00071dba fffffe20 0006b494 4ff0e92d
I/DEBUG ( 127): 5da7bfdc 69c44606 6a03b083 d01b429c 2700343c
I/DEBUG ( 127): 5da7bfec 4545e00c 7c3cf844 7c38f844 f804462b
I/DEBUG ( 127): 5da7bffc f1047c04 f804043c d0547c3f 0c3cf854
I/DEBUG ( 127): 5da7c00c 461d46a0 d0ec2800 e83cf7a1 e7e86a35
I/DEBUG ( 127): 5da7c01c 8020f8c6 1d376bf1 42816bb0 2000bf1c
I/DEBUG ( 127): 5da7c02c 68f47008 6bf1bf1c 42bc63b1 6aa5d018
I/DEBUG ( 127): 5da7c03c 69e8b175 0e08f105 d0064570 68abb128
I/DEBUG ( 127): 5da7c04c 29801a19 f7a0d82c 4628ed1e ecdef7a0
I/DEBUG ( 127): 5da7c05c b1ab68e3 689b461c d1fb2b00 d1e642bc
I/DEBUG ( 127): 5da7c06c 2a006972 6830d167 f7a1b108 2500e872
I/DEBUG ( 127): 5da7c07c f8866035 f8865040 b0035041 8ff0e8bd
I/DEBUG ( 127): 5da7c08c 68d16862 d16042a1 e00146a2 46224692
I/DEBUG ( 127): 5da7c09c 68e06854 d0f94290 bf084554 e7c44614
I/DEBUG ( 127): 5da7c0ac ecb4f7a0 f8d6e7d1 4545801c 45a8d0b2
I/DEBUG ( 127):
I/DEBUG ( 127): code around lr:
I/DEBUG ( 127): 5da6c7fc 8000f3af 00000000 412e8480 4605b570
I/DEBUG ( 127): 5da6c80c 1d266d84 f00f4630 4630f895 fbdef00f
I/DEBUG ( 127): 5da6c81c 2b006da3 8099f040 b1316de1 f1042001
I/DEBUG ( 127): 5da6c82c f7b0015c 2200eaf8 f10465e2 46300660
I/DEBUG ( 127): 5da6c83c f880f00f f5044630 f00f76aa f648fbc7
I/DEBUG ( 127): 5da6c84c 21000092 ea62f7b0 719af504 f7b02001
I/DEBUG ( 127): 5da6c85c f8d4ea52 2000313c 1140f8d4 0134f8c4
I/DEBUG ( 127): 5da6c86c 0138f8c4 428b4630 f8c4bf18 f00f3140
I/DEBUG ( 127): 5da6c87c 4630f861 fbaaf00f 70d8f504 fde4f7c3
I/DEBUG ( 127): 5da6c88c 2c006dac f504d04d f7c370d8 f8d4fe4f
I/DEBUG ( 127): 5da6c89c b14001a4 21acf8d4 f0231a13 2980013f
I/DEBUG ( 127): 5da6c8ac f7b0d850 f8d4e8f0 b1400198 11a0f8d4
I/DEBUG ( 127): 5da6c8bc f0261a0e 2980013f f7b0d841 f504e8e4
I/DEBUG ( 127): 5da6c8cc f00f70aa f8d4fc45 b1400148 2150f8d4
I/DEBUG ( 127): 5da6c8dc f0231a13 29800107 f7b0d82e f8d4e8d4
I/DEBUG ( 127): 5da6c8ec b140013c 1144f8d4 f0261a0e 29800107
W/ActivityManager( 446): Force finishing activity org.linaro.glmark2/.Glmark2Activity
W/InputDispatcher( 446): channel '420bf2c0 org.linaro.glmark2/org.linaro.glmark2.Glmark2Activity (server)' ~ Consumer closed input channel or an error occurred. events=0x9
E/InputDispatcher( 446): channel '420bf2c0 org.linaro.glmark2/org.linaro.glmark2.Glmark2Activity (server)' ~ Channel is unrecoverably broken and will be disposed!
D/dalvikvm( 446): GC_FOR_ALLOC freed 1054K, 31% free 8698K/12540K, paused 34ms, total 35ms
I/PowerManagerService( 446): Going to sleep due to screen timeout...
I/WindowState( 446): WIN DEATH: Window{420da1a0 u0 SurfaceView}
W/InputDispatcher( 446): Attempted to unregister already unregistered input channel '420bf2c0 org.linaro.glmark2/org.linaro.glmark2.Glmark2Activity (server)'
I/WindowState( 446): WIN DEATH: Window{420bf2c0 u0 org.linaro.glmark2/org.linaro.glmark2.Glmark2Activity}
D/Zygote ( 130): Process 1979 terminated by signal (11)
I/ActivityManager( 446): Process org.linaro.glmark2:glmark2 (pid 1979) has died.
I/ActivityManager( 446): START u0 {cmp=org.linaro.glmark2/.ResultsActivity} from pid 1960
W/ResourceType( 1960): CREATING STRING CACHE OF 72 bytes
D/dalvikvm( 1960): GC_CONCURRENT freed 167K, 5% free 4710K/4940K, paused 3ms+1ms, total 17ms
I/ActivityManager( 446): Displayed org.linaro.glmark2/.ResultsActivity: +323ms
D/SurfaceFlinger( 129): Screen released, type=0 flinger=0x418b4450
W/InputMethodManagerService( 446): Got RemoteException sending setActive(false) notification to pid 1979 uid 10031
D/NfcService( 696): NFC-C OFF, disconnect
D/dalvikvm( 446): GC_CONCURRENT freed 287K, 23% free 9715K/12540K, paused 5ms+4ms, total 51ms
V/KeyguardHostView( 503): Initial transport state: 0, pbstate=0
W/ResourceType( 503): CREATING STRING CACHE OF 132 bytes
D/dalvikvm( 503): GC_CONCURRENT freed 4422K, 36% free 8247K/12820K, paused 1ms+6ms, total 37ms
W/ResourceType( 503): CREATING STRING CACHE OF 92 bytes
W/ResourceType( 503): CREATING STRING CACHE OF 120 bytes
W/ResourceType( 503): CREATING STRING CACHE OF 108 bytes
W/ResourceType( 503): CREATING STRING CACHE OF 44 bytes
D/dalvikvm( 503): GC_FOR_ALLOC freed 805K, 30% free 8998K/12820K, paused 20ms, total 20ms
V/KeyguardHostView( 503): hide transport, gen:3
V/KeyguardHostView( 503): music state changed: 0
D/dalvikvm( 503): GC_CONCURRENT freed 1135K, 24% free 9844K/12820K, paused 3ms+3ms, total 35ms
D/dalvikvm( 503): WAIT_FOR_CONCURRENT_GC blocked 19ms
D/PhoneStatusBar( 503): disable: < expand icons alerts ticker system_info BACK* HOME* RECENT* CLOCK* SEARCH* > I/PowerManagerService( 446): Waking up from sleep...
V/KeyguardServiceDelegate( 446): onScreenTurnedOn(showListener = com.android.internal.policy.impl.PhoneWindowManager$17@41ddd0d0)
W/InputMethodManagerService( 446): Got RemoteException sending setActive(false) notification to pid 1979 uid 10031
V/KeyguardServiceDelegate( 446): **** SHOWN CALLED ****
I/WindowManager( 446): Lock screen displayed!
D/dalvikvm( 503): GC_FOR_ALLOC freed 648K, 23% free 9952K/12780K, paused 23ms, total 23ms
I/dalvikvm-heap( 503): Grow heap (frag case) to 9.958MB for 186640-byte allocation
D/dalvikvm( 503): GC_FOR_ALLOC freed 2K, 22% free 10131K/12964K, paused 26ms, total 26ms
D/PowerManagerService-JNI( 446): Excessive delay in autosuspend_disable() while turning screen on: 366ms
D/SurfaceFlinger( 129): Screen acquired, type=0 flinger=0x418b4450
D/LightsService( 446): Excessive delay setting light: 84ms
D/LightsService( 446): Excessive delay setting light: 67ms
D/NfcService( 696): NFC-C ON
D/PhoneStatusBar( 503): disable: < expand icons alerts ticker system_info back* home* recent* clock* search* > W/InputMethodManagerService( 446): Got RemoteException sending setActive(false) notification to pid 1979 uid 10031
W/Binder ( 652): Caught a RuntimeException from the binder stub implementation.
W/Binder ( 652): java.lang.NullPointerException
W/Binder ( 652): at android.inputmethodservice.IInputMethodWrapper.setSessionEnabled(IInputMethodWrapper.java:280)
W/Binder ( 652): at com.android.internal.view.IInputMethod$Stub.onTransact(IInputMethod.java:129)
W/Binder ( 652): at android.os.Binder.execTransact(Binder.java:404)
W/Binder ( 652): at dalvik.system.NativeStart.run(Native Method)
D/dalvikvm( 446): GC_FOR_ALLOC freed 1316K, 23% free 9760K/12540K, paused 49ms, total 51ms
D/dalvikvm( 503): GC_FOR_ALLOC freed 2144K, 35% free 8543K/12964K, paused 20ms, total 23ms
D/dalvikvm( 446): GC_FOR_ALLOC freed 820K, 23% free 9686K/12540K, paused 31ms, total 31ms
