D/dalvikvm( 446): WAIT_FOR_CONCURRENT_GC blocked 33ms
D/dalvikvm( 446): WAIT_FOR_CONCURRENT_GC blocked 33ms
D/dalvikvm( 446): WAIT_FOR_CONCURRENT_GC blocked 30ms
D/GpsLocationProvider( 446): set_capabilities_callback: 6u
D/dalvikvm( 446): WAIT_FOR_CONCURRENT_GC blocked 21ms
I/ActivityManager( 446): Start proc com.android.phone for added application com.android.phone: pid=681 uid=1001 gids={41001, 3002, 3001, 3003, 1028, 1015}
W/SocketClient( 126): write error (Broken pipe)
I/ActivityManager( 446): Start proc com.android.nfc for added application com.android.nfc: pid=696 uid=1027 gids={41027, 3002, 3001, 1028, 1015}
I/ActivityManager( 446): START u0 {act=android.intent.action.MAIN cat=[android.intent.category.HOME] flg=0x10000000 cmp=com.android.settings/.CryptKeeper} from pid 0
D/dalvikvm( 503): GC_FOR_ALLOC freed 248K, 5% free 6722K/7032K, paused 14ms, total 17ms
D/dalvikvm( 130): GC_EXPLICIT freed 38K, 4% free 3052K/3152K, paused 1ms+1ms, total 30ms
D/dalvikvm( 130): GC_EXPLICIT freed <1K, 4% free 3052K/3152K, paused 1ms+1ms, total 19ms
D/dalvikvm( 130): GC_EXPLICIT freed <1K, 4% free 3052K/3152K, paused 1ms+1ms, total 13ms
D/dalvikvm( 503): GC_FOR_ALLOC freed 14K, 5% free 7621K/7944K, paused 15ms, total 15ms
I/ActivityManager( 446): Start proc com.android.settings for activity com.android.settings/.CryptKeeper: pid=708 uid=1000 gids={41000, 1028, 1015, 3002, 3001, 3003}
I/PackageManager( 446): Running dexopt on: com.android.providers.telephony
V/RenderScript( 643): 0x5c2d0ba0 Launching thread(s), CPUs 2
V/RenderScript( 643): 0x5c2d0ba0 initEGL start
V/RenderScript( 643): 0x5c2d0ba0 initGLThread end
V/RenderScript( 643): normal pri
D/dalvikvm( 716): DexOpt: load 8ms, verify+opt 64ms, 229852 bytes
I/PackageManager( 446): Running dexopt on: com.android.phone
D/dalvikvm( 727): Note: class Landroid/app/ActivityManagerNative; has 179 unimplemented (abstract) methods
D/dalvikvm( 727): DexOpt: load 37ms, verify+opt 295ms, 1186876 bytes
I/PackageManager( 446): Running dexopt on: com.android.nfc
W/ResourceType( 681): CREATING STRING CACHE OF 12 bytes
D/dalvikvm( 652): GC_CONCURRENT freed 386K, 12% free 3338K/3788K, paused 2ms+20ms, total 44ms
D/dalvikvm( 652): WAIT_FOR_CONCURRENT_GC blocked 1ms
D/dalvikvm( 728): Note: class Landroid/app/ActivityManagerNative; has 179 unimplemented (abstract) methods
D/dalvikvm( 643): GC_CONCURRENT freed 291K, 11% free 3199K/3556K, paused 2ms+3ms, total 45ms
D/dalvikvm( 728): DexOpt: load 15ms, verify+opt 146ms, 764724 bytes
I/ActivityManager( 446): Start proc android.process.media for broadcast com.android.providers.media/.MtpReceiver: pid=730 uid=10005 gids={50005, 1028, 1015, 1023, 1024, 2001, 3003, 3007}
I/PackageManager( 446): Running dexopt on: com.android.settings
I/Choreographer( 503): Skipped 102 frames! The application may be doing too much work on its main thread.
D/dalvikvm( 735): Note: class Landroid/app/ActivityManagerNative; has 179 unimplemented (abstract) methods
D/dalvikvm( 735): DexOpt: load 85ms, verify+opt 509ms, 2338492 bytes
I/ActivityManager( 446): Start proc com.android.exchange for content provider com.android.exchange/.provider.ExchangeDirectoryProvider: pid=746 uid=10030 gids={50030, 3003, 1028, 1015}
I/PackageManager( 446): Running dexopt on: com.android.providers.downloads
I/NfcService( 696): Starting NFC service
I/LatinIME:LogUtils( 652): Dictionary info: dictionary = UserHistoryDictionary.en_US.dic ; version = ? ; date = 1388728750
W/ResourceType( 708): CREATING STRING CACHE OF 28 bytes
I/LatinIME:LogUtils( 652): Dictionary info: dictionary = personalization.en_US.dict ; version = ? ; date = 1388728750
I/LatinIME:LogUtils( 652): Dictionary info: dictionary = PersonalizationPredictionDictio ; version = ? ; date = 1388728750
D/dalvikvm( 652): GC_CONCURRENT freed 414K, 13% free 3324K/3808K, paused 8ms+2ms, total 33ms
I/NFCJNI ( 696): NFC Service: loading nxp JNI
D/BluetoothManagerService( 446): Message: 20
D/BluetoothManagerService( 446): Added callback: android.bluetooth.IBluetoothManagerCallback$Stub$Proxy@420233a0:true
D/dalvikvm( 759): DexOpt: load 18ms, verify+opt 80ms, 540948 bytes
I/PackageManager( 446): Running dexopt on: com.android.exchange
D/BluetoothManagerService( 446): Message: 300
D/BluetoothManagerService( 446): MESSAGE_USER_SWITCHED
D/dalvikvm( 765): DexOpt: load 102ms, verify+opt 623ms, 2147868 bytes
D/dalvikvm( 446): GC_CONCURRENT freed 558K, 11% free 5520K/6148K, paused 5ms+4ms, total 61ms
V/StatusBar( 503): userId 0 is in the house
I/Choreographer( 503): Skipped 176 frames! The application may be doing too much work on its main thread.
I/ActivityManager( 446): START u0 {act=android.intent.action.MAIN cat=[android.intent.category.HOME] flg=0x10000000 cmp=com.android.provision/.DefaultActivity} from pid 0
I/ActivityManager( 446): Start proc com.android.provision for activity com.android.provision/.DefaultActivity: pid=780 uid=10052 gids={50052}
I/ActivityManager( 446): Start proc com.android.email for content provider com.android.email/.provider.EmailProvider: pid=790 uid=10029 gids={50029, 3003, 1028, 1015}
I/LatinIME:LogUtils( 652): Dictionary info: dictionary = main:en ; version = 42 ; date = 1381226429
I/NfceeAccess( 696): read 3 signature(s) for NFCEE access
I/PackageManager( 446): Running dexopt on: com.android.provision
W/Settings( 696): Setting airplane_mode_radios has moved from android.provider.Settings.System to android.provider.Settings.Global, returning read-only value.
D/dalvikvm( 809): DexOpt: load 6ms, verify+opt 1ms, 139988 bytes
I/MediaProvider( 730): Upgrading media database from version 0 to 700, which will destroy all old data
I/LatinIME:LogUtils( 652): Dictionary info: dictionary = main:en ; version = 42 ; date = 1381226429
D/MediaProvider( 730): Adjusting external storage paths to: /storage/emulated/0
W/Settings( 696): Setting airplane_mode_toggleable_radios has moved from android.provider.Settings.System to android.provider.Settings.Global, returning read-only value.
I/PackageManager( 446): Running dexopt on: com.android.email
E/SQLiteLog( 730): (1) no such table: album_info
D/dalvikvm( 813): DexOpt: load 248ms, verify+opt 990ms, 3354836 bytes
I/LatinIME:LogUtils( 652): Dictionary info: dictionary = userunigram.en_US.dict ; version = ? ; date = ?
I/ContactDirectoryManager( 612): deleted 0 stale rows which don't have any relevant directory
D/dalvikvm( 730): GC_CONCURRENT freed 214K, 8% free 3239K/3520K, paused 3ms+1ms, total 52ms
D/NfcService( 696): checking on firmware download
W/Settings( 696): Setting airplane_mode_on has moved from android.provider.Settings.System to android.provider.Settings.Global, returning read-only value.
D/NfcService( 696): NFC is on. Doing normal stuff
I/NfcService( 696): Enabling NFC
I/ActivityManager( 446): Start proc com.android.smspush for service com.android.smspush/.WapPushManager: pid=821 uid=10058 gids={50058}
W/BackupManagerService( 446): dataChanged but no participant pkg='com.android.providers.settings' uid=10052
D/NFCJNI ( 696): Start Initialization
D/BluetoothManagerService( 446): Message: 20
D/BluetoothManagerService( 446): Added callback: android.bluetooth.IBluetoothManagerCallback$Stub$Proxy@420264c0:true
D/BluetoothAdapter( 708): 1105068440: getState() : mService = null. Returning STATE_OFF
D/BluetoothManagerService( 446): Message: 30
D/BluetoothManagerService( 446): Message: 30
W/ContextImpl( 708): Calling a method in the system process without a qualified user: android.app.ContextImpl.bindService:1543 android.content.ContextWrapper.bindService:517 android.bluetooth.BluetoothInputDevice.doBind:245 android.bluetooth.BluetoothInputDevice.:238 android.bluetooth.BluetoothAdapter.getProfileProxy:1187
D/dalvikvm( 696): GC_CONCURRENT freed 196K, 8% free 3268K/3528K, paused 3ms+13ms, total 77ms
D/MtpService( 730): updating state; isCurrentUser=true, mMtpLocked=false
D/MtpService( 730): addStorageLocked 65537 /storage/emulated/0
W/ContextImpl( 708): Calling a method in the system process without a qualified user: android.app.ContextImpl.bindService:1543 android.content.ContextWrapper.bindService:517 android.bluetooth.BluetoothPan.doBind:149 android.bluetooth.BluetoothPan.:141 android.bluetooth.BluetoothAdapter.getProfileProxy:1190
I/PackageManager( 446): Running dexopt on: com.android.smspush
I/LatinIME:LogUtils( 652): Dictionary info: dictionary = main:en ; version = 42 ; date = 1381226429
W/BackupManagerService( 446): dataChanged but no participant pkg='com.android.providers.settings' uid=10052
I/ContactDirectoryManager( 612): Discovered 0 contact directories in 7848ms
D/dalvikvm( 681): GC_CONCURRENT freed 164K, 7% free 3266K/3492K, paused 3ms+1ms, total 31ms
D/dalvikvm( 446): GC_CONCURRENT freed 526K, 10% free 5618K/6212K, paused 3ms+2ms, total 103ms
D/dalvikvm( 446): WAIT_FOR_CONCURRENT_GC blocked 77ms
D/dalvikvm( 446): WAIT_FOR_CONCURRENT_GC blocked 22ms
D/dalvikvm( 846): DexOpt: load 5ms, verify+opt 26ms, 145668 bytes
W/linker ( 696): libpn544_fw.so has text relocations. This is wasting memory and is a security risk. Please fix.
I/ContactsProvider( 612): Upgrading aggregation algorithm
D/dalvikvm( 612): GC_CONCURRENT freed 261K, 9% free 3402K/3724K, paused 3ms+2ms, total 26ms
D/NFCJNI ( 696): NFC capabilities: HAL = 8150100, FW = a76d0e, HW = 620003, Model = 10, HCI = 1, Full_FW = 109, Rev = 14, FW Update Info = 0
I/ContactAggregator( 612): Marked all visible contacts for aggregation: 0 raw contacts, 32 ms
D/LocalBluetoothProfileManager( 708): Adding local MAP profile
D/BluetoothMap( 708): Create BluetoothMap proxy object
D/BluetoothManagerService( 446): Message: 30
D/ActivityThread( 790): Loading provider com.android.email.provider;com.android.email.notifier: com.android.email.provider.EmailProvider
D/ActivityThread( 790): Loading provider com.android.email.provider;com.android.email.notifier: com.android.email.provider.EmailProvider
W/BackupManagerService( 446): dataChanged but no participant pkg='com.android.providers.settings' uid=1001
I/PackageManager( 446): Action: "android.intent.action.SENDTO"
I/PackageManager( 446): Category: "android.intent.category.DEFAULT"
I/PackageManager( 446): Scheme: "sms"
I/PackageManager( 446): Adding preferred activity ComponentInfo{com.android.mms/com.android.mms.ui.ComposeMessageActivity} for user 0 :
D/MtpService( 730): updating state; isCurrentUser=true, mMtpLocked=false
W/ContextImpl( 708): Calling a method in the system process without a qualified user: android.app.ContextImpl.bindService:1543 android.content.ContextWrapper.bindService:517 android.bluetooth.BluetoothMap.doBind:109 android.bluetooth.BluetoothMap.:102 android.bluetooth.BluetoothAdapter.getProfileProxy:1196
I/DownloadManager( 730): Upgrading downloads database from version 0 to version 109, which will destroy all old data
I/PackageManager( 446): Action: "android.intent.action.SENDTO"
I/PackageManager( 446): Category: "android.intent.category.DEFAULT"
I/PackageManager( 446): Scheme: "smsto"
I/PackageManager( 446): Adding preferred activity ComponentInfo{com.android.mms/com.android.mms.ui.ComposeMessageActivity} for user 0 :
D/BluetoothManagerService( 446): Message: 30
I/LatinIME:LogUtils( 652): Dictionary info: dictionary = main:en ; version = 42 ; date = 1381226429
D/NFCJNI ( 696): phLibNfc_SE_GetSecureElementList()
D/NFCJNI ( 696):
D/NFCJNI ( 696): > Number of Secure Element(s) : 1
D/NFCJNI ( 696): phLibNfc_SE_GetSecureElementList(): SMX detected, handle=0xabcdef
D/NFCJNI ( 696): phLibNfc_SE_SetMode() returned 0x000d[NFCSTATUS_PENDING]
D/dalvikvm( 446): GC_FOR_ALLOC freed 292K, 11% free 5621K/6280K, paused 38ms, total 39ms
I/dalvikvm-heap( 446): Grow heap (frag case) to 5.649MB for 99514-byte allocation
I/NFCJNI ( 696): NFC Initialized
D/dalvikvm( 446): GC_FOR_ALLOC freed 66K, 12% free 5652K/6380K, paused 33ms, total 33ms
I/PackageManager( 446): Action: "android.intent.action.SENDTO"
I/PackageManager( 446): Category: "android.intent.category.DEFAULT"
I/PackageManager( 446): Scheme: "mms"
D/MtpService( 730): starting MTP server in MTP mode
D/MtpService( 730): addStorageLocked 65537 /storage/emulated/0
I/PackageManager( 446): Adding preferred activity ComponentInfo{com.android.mms/com.android.mms.ui.ComposeMessageActivity} for user 0 :
D/NdefPushServer( 696): start, thread = null
D/NdefPushServer( 696): starting new server thread
D/NdefPushServer( 696): about create LLCP service socket
D/NdefPushServer( 696): created LLCP service socket
D/NdefPushServer( 696): about to accept
W/ContextImpl( 708): Calling a method in the system process without a qualified user: android.app.ContextImpl.bindService:1543 android.content.ContextWrapper.bindService:517 android.bluetooth.BluetoothPbap.doBind:164 android.bluetooth.BluetoothPbap.:157 com.android.settings.bluetooth.PbapServerProfile.:68
I/PackageManager( 446): Action: "android.intent.action.SENDTO"
I/PackageManager( 446): Category: "android.intent.category.DEFAULT"
I/PackageManager( 446): Scheme: "mmsto"
I/PackageManager( 446): Adding preferred activity ComponentInfo{com.android.mms/com.android.mms.ui.ComposeMessageActivity} for user 0 :
D/LocalBluetoothProfileManager( 708): LocalBluetoothProfileManager construction complete
D/BluetoothAdapter( 708): 1105068440: getState() : mService = null. Returning STATE_OFF
D/BluetoothAdapter( 708): 1105068440: getState() : mService = null. Returning STATE_OFF
I/ContactsProvider( 612): Aggregation algorithm upgraded for 0 raw contacts in 427ms
I/ActivityManager( 446): START u0 {act=android.intent.action.MAIN cat=[android.intent.category.HOME] flg=0x10000000 cmp=com.android.launcher/com.android.launcher2.Launcher} from pid 0
I/LatinIME:LogUtils( 652): Dictionary info: dictionary = main:en ; version = 42 ; date = 1381226429
D/NfcService( 696): NFC-EE OFF
D/NfcService( 696): NFC-C OFF
I/ActivityManager( 446): Start proc com.android.launcher for activity com.android.launcher/com.android.launcher2.Launcher: pid=871 uid=10008 gids={50008}
I/NfcService( 696): First Boot
I/LatinIME:LogUtils( 652): Dictionary info: dictionary = main:en ; version = 42 ; date = 1381226429
I/PackageManager( 446): Running dexopt on: com.android.launcher
I/ActivityManager( 446): Start proc com.android.music for broadcast com.android.music/.MediaButtonIntentReceiver: pid=883 uid=10041 gids={50041, 3003, 1028, 1015}
I/NfcService( 696): Executing SE wipe
I/PackageManager( 446): Action: "android.intent.action.SENDTO"
I/PackageManager( 446): Category: "android.intent.category.DEFAULT"
I/PackageManager( 446): Scheme: "sms"
I/PackageManager( 446): Adding preferred activity ComponentInfo{com.android.mms/com.android.mms.ui.ComposeMessageActivity} for user 0 :
I/dalvikvm( 883): CheckJNI enabled: not enabling JNI app bug workarounds.
I/PackageManager( 446): Action: "android.intent.action.SENDTO"
I/PackageManager( 446): Category: "android.intent.category.DEFAULT"
I/PackageManager( 446): Scheme: "smsto"
I/PackageManager( 446): Adding preferred activity ComponentInfo{com.android.mms/com.android.mms.ui.ComposeMessageActivity} for user 0 :
I/PackageManager( 446): Action: "android.intent.action.SENDTO"
I/PackageManager( 446): Category: "android.intent.category.DEFAULT"
I/PackageManager( 446): Scheme: "mms"
I/PackageManager( 446): Adding preferred activity ComponentInfo{com.android.mms/com.android.mms.ui.ComposeMessageActivity} for user 0 :
I/PackageManager( 446): Action: "android.intent.action.SENDTO"
I/PackageManager( 446): Category: "android.intent.category.DEFAULT"
I/PackageManager( 446): Scheme: "mmsto"
I/PackageManager( 446): Adding preferred activity ComponentInfo{com.android.mms/com.android.mms.ui.ComposeMessageActivity} for user 0 :
I/ContactsFTS( 612): Rebuild contact search index in 117ms, 0 contacts
D/dalvikvm( 790): GC_CONCURRENT freed 205K, 8% free 3236K/3508K, paused 2ms+1ms, total 21ms
D/dalvikvm( 891): DexOpt: load 76ms, verify+opt 276ms, 987780 bytes
I/PackageManager( 446): Running dexopt on: com.android.music
D/gps_sirf( 446): GSD4t Firmware Upload Done
D/gps_sirf( 446): ### Samsung Proxima-HSPA, CSR SiRF Software 2.0, B16 2012,06,13 FG ###
D/dalvikvm( 446): GC_CONCURRENT freed 507K, 12% free 5672K/6380K, paused 2ms+3ms, total 39ms
W/linker ( 446): libsecril-client.so has text relocations. This is wasting memory and is a security risk. Please fix.
I/NfcService( 696): SE wipe done
D/NfcService( 696): NFC-C ON
D/dalvikvm( 913): DexOpt: load 76ms, verify+opt 173ms, 753588 bytes
W/ActivityManager( 446): Unable to start service Intent { cmp=com.android.email/.service.AttachmentDownloadService } U=0: not found
W/ActivityManager( 446): Unable to start service Intent { cmp=com.android.email/.service.AttachmentDownloadService } U=0: not found
I/ActivityManager( 446): Start proc com.android.printspooler for service com.android.printspooler/.PrintSpoolerService: pid=922 uid=10051 gids={50051}
W/ActivityManager( 446): Unable to start service Intent { cmp=com.android.email/.service.AttachmentDownloadService } U=0: not found
D/BluetoothManagerService( 446): Message: 20
D/BluetoothManagerService( 446): Added callback: android.bluetooth.IBluetoothManagerCallback$Stub$Proxy@41f81330:true
I/PackageManager( 446): Running dexopt on: com.android.printspooler
I/Email ( 790): Observing account changes for notifications
D/dalvikvm( 936): DexOpt: load 46ms, verify+opt 95ms, 610212 bytes
I/MediaFocusControl( 446): Remote Control registerMediaButtonIntent() for PendingIntent{4203c210: PendingIntentRecord{42030060 com.android.music broadcastIntent}}
D/BluetoothManagerService( 446): Message: 30
D/CallNotifier( 681): CallNotifier: mSignalInfoToneGenerator created when toneplay
D/BluetoothManagerService( 446): Message: 30
I/PrintSpoolerService( 922): No existing print spooler state.
I/FusedLocation( 446): engine started (com.android.location.fused)
I/FusedLocation( 446): engine stopped (com.android.location.fused)
I/FusedLocation( 446): engine started (com.android.location.fused)
D/BluetoothAdapter( 708): 1105068440: getState() : mService = null. Returning STATE_OFF
D/GpsLocationProvider( 446): set_capabilities_callback: 6u
D/MobileDataStateTracker( 446): dun: Broadcast received: android.intent.action.ANY_DATA_STATE apnType=dun
D/MobileDataStateTracker( 446): dun: Received state=DISCONNECTED, old=DISCONNECTED, reason=radioTurnedOff
D/MobileDataStateTracker( 446): supl: Broadcast received: android.intent.action.ANY_DATA_STATE apnType=supl
D/MobileDataStateTracker( 446): supl: Received state=DISCONNECTED, old=DISCONNECTED, reason=radioTurnedOff
D/MobileDataStateTracker( 446): hipri: Broadcast received: android.intent.action.ANY_DATA_STATE apnType=hipri
D/MobileDataStateTracker( 446): hipri: Received state=DISCONNECTED, old=DISCONNECTED, reason=radioTurnedOff
D/MobileDataStateTracker( 446): default: Broadcast received: android.intent.action.ANY_DATA_STATE apnType=default
D/MobileDataStateTracker( 446): default: Received state=DISCONNECTED, old=DISCONNECTED, reason=radioTurnedOff
D/MobileDataStateTracker( 446): mms: Broadcast received: android.intent.action.ANY_DATA_STATE apnType=mms
D/MobileDataStateTracker( 446): mms: Received state=DISCONNECTED, old=DISCONNECTED, reason=radioTurnedOff
D/MobileDataStateTracker( 446): dun: Broadcast received: android.intent.action.ANY_DATA_STATE apnType=dun
D/MobileDataStateTracker( 446): dun: Received state=DISCONNECTED, old=DISCONNECTED, reason=radioTurnedOff
D/MobileDataStateTracker( 446): supl: Broadcast received: android.intent.action.ANY_DATA_STATE apnType=supl
D/MobileDataStateTracker( 446): supl: Received state=DISCONNECTED, old=DISCONNECTED, reason=radioTurnedOff
D/MobileDataStateTracker( 446): hipri: Broadcast received: android.intent.action.ANY_DATA_STATE apnType=hipri
D/MobileDataStateTracker( 446): hipri: Received state=DISCONNECTED, old=DISCONNECTED, reason=radioTurnedOff
D/MobileDataStateTracker( 446): default: Broadcast received: android.intent.action.ANY_DATA_STATE apnType=default
D/MobileDataStateTracker( 446): default: Received state=DISCONNECTED, old=DISCONNECTED, reason=radioTurnedOff
D/MobileDataStateTracker( 446): mms: Broadcast received: android.intent.action.ANY_DATA_STATE apnType=mms
D/MobileDataStateTracker( 446): mms: Received state=DISCONNECTED, old=DISCONNECTED, reason=radioTurnedOff
D/MobileDataStateTracker( 446): dun: Broadcast received: android.intent.action.ANY_DATA_STATE apnType=dun
D/MobileDataStateTracker( 446): dun: Received state=DISCONNECTED, old=DISCONNECTED, reason=dataDetached
W/ResourceType( 871): CREATING STRING CACHE OF 168 bytes
D/MobileDataStateTracker( 446): supl: Broadcast received: android.intent.action.ANY_DATA_STATE apnType=supl
D/MobileDataStateTracker( 446): supl: Received state=DISCONNECTED, old=DISCONNECTED, reason=dataDetached
D/MobileDataStateTracker( 446): hipri: Broadcast received: android.intent.action.ANY_DATA_STATE apnType=hipri
D/MobileDataStateTracker( 446): hipri: Received state=DISCONNECTED, old=DISCONNECTED, reason=dataDetached
D/MobileDataStateTracker( 446): default: Broadcast received: android.intent.action.ANY_DATA_STATE apnType=default
D/MobileDataStateTracker( 446): default: Received state=DISCONNECTED, old=DISCONNECTED, reason=dataDetached
D/MobileDataStateTracker( 446): mms: Broadcast received: android.intent.action.ANY_DATA_STATE apnType=mms
D/MobileDataStateTracker( 446): mms: Received state=DISCONNECTED, old=DISCONNECTED, reason=dataDetached
D/MobileDataStateTracker( 446): dun: Broadcast received: android.intent.action.ANY_DATA_STATE apnType=dun
D/MobileDataStateTracker( 446): dun: Received state=DISCONNECTED, old=DISCONNECTED, reason=roamingOff
D/MobileDataStateTracker( 446): supl: Broadcast received: android.intent.action.ANY_DATA_STATE apnType=supl
D/MobileDataStateTracker( 446): supl: Received state=DISCONNECTED, old=DISCONNECTED, reason=roamingOff
D/MobileDataStateTracker( 446): hipri: Broadcast received: android.intent.action.ANY_DATA_STATE apnType=hipri
D/MobileDataStateTracker( 446): hipri: Received state=DISCONNECTED, old=DISCONNECTED, reason=roamingOff
D/MobileDataStateTracker( 446): default: Broadcast received: android.intent.action.ANY_DATA_STATE apnType=default
D/MobileDataStateTracker( 446): default: Received state=DISCONNECTED, old=DISCONNECTED, reason=roamingOff
D/MobileDataStateTracker( 446): mms: Broadcast received: android.intent.action.ANY_DATA_STATE apnType=mms
D/MobileDataStateTracker( 446): mms: Received state=DISCONNECTED, old=DISCONNECTED, reason=roamingOff
D/MobileDataStateTracker( 446): dun: Broadcast received: android.intent.action.ANY_DATA_STATE apnType=dun
D/MobileDataStateTracker( 446): dun: Received state=DISCONNECTED, old=DISCONNECTED, reason=roamingOff
D/MobileDataStateTracker( 446): supl: Broadcast received: android.intent.action.ANY_DATA_STATE apnType=supl
D/MobileDataStateTracker( 446): supl: Received state=DISCONNECTED, old=DISCONNECTED, reason=roamingOff
D/MobileDataStateTracker( 446): hipri: Broadcast received: android.intent.action.ANY_DATA_STATE apnType=hipri
D/MobileDataStateTracker( 446): hipri: Received state=DISCONNECTED, old=DISCONNECTED, reason=roamingOff
D/MobileDataStateTracker( 446): default: Broadcast received: android.intent.action.ANY_DATA_STATE apnType=default
D/MobileDataStateTracker( 446): default: Received state=DISCONNECTED, old=DISCONNECTED, reason=roamingOff
D/TelephonyDebugService( 681): TelephonyDebugService()
D/MobileDataStateTracker( 446): mms: Broadcast received: android.intent.action.ANY_DATA_STATE apnType=mms
D/MobileDataStateTracker( 446): mms: Received state=DISCONNECTED, old=DISCONNECTED, reason=roamingOff
D/dalvikvm( 681): GC_CONCURRENT freed 258K, 9% free 3411K/3732K, paused 2ms+1ms, total 35ms
D/BluetoothManagerService( 446): Message: 30
E/BluetoothPhoneService( 681): Could not get a handle on Connection object for the call
D/dalvikvm( 871): GC_CONCURRENT freed 194K, 8% free 3314K/3572K, paused 5ms+4ms, total 29ms
I/PhoneApp( 681): Headset phone created, binding local service.
W/ResourceType( 871): CREATING STRING CACHE OF 56 bytes
W/ResourceType( 871): CREATING STRING CACHE OF 164 bytes
D/dalvikvm( 871): GC_CONCURRENT freed 50K, 4% free 3660K/3776K, paused 2ms+3ms, total 18ms
D/dalvikvm( 871): GC_FOR_ALLOC freed 21K, 3% free 3677K/3776K, paused 12ms, total 12ms
I/dalvikvm-heap( 871): Grow heap (frag case) to 6.092MB for 2560016-byte allocation
D/dalvikvm( 871): GC_FOR_ALLOC freed 2K, 2% free 6175K/6280K, paused 11ms, total 11ms
D/dalvikvm( 871): GC_CONCURRENT freed <1K, 2% free 6174K/6280K, paused 5ms+4ms, total 27ms
W/ResourceType( 681): CREATING STRING CACHE OF 2560 bytes
D/AlarmManagerService( 446): Kernel timezone updated to -330 minutes west of GMT
I/ActivityManager( 446): Start proc com.android.calendar for broadcast com.android.calendar/.widget.CalendarAppWidgetService$CalendarFactory: pid=953 uid=10022 gids={50022, 3003}
I/PackageManager( 446): Running dexopt on: com.android.calendar
W/Resources( 871): Converting to int: TypedValue{t=0x3/d=0x12 "4" a=-1}
W/Resources( 871): Converting to int: TypedValue{t=0x3/d=0xf "1" a=-1}
D/dalvikvm( 965): DexOpt: load 113ms, verify+opt 319ms, 1407708 bytes
W/Resources( 871): Converting to int: TypedValue{t=0x3/d=0x15 "2" a=-1}
W/Resources( 871): Converting to int: TypedValue{t=0x3/d=0x15 "2" a=-1}
D/dalvikvm( 446): GC_CONCURRENT freed 559K, 11% free 5686K/6380K, paused 4ms+8ms, total 65ms
D/ExtensionsFactory( 953): No custom extensions.
I/ActivityManager( 446): Start proc com.android.providers.calendar for content provider com.android.providers.calendar/.CalendarProvider2: pid=972 uid=10001 gids={50001, 3003, 1028, 1015}
D/dalvikvm( 130): GC_EXPLICIT freed 41K, 4% free 3052K/3160K, paused 1ms+1ms, total 22ms
D/dalvikvm( 130): GC_EXPLICIT freed <1K, 4% free 3052K/3160K, paused 1ms+2ms, total 24ms
D/dalvikvm( 130): GC_EXPLICIT freed <1K, 4% free 3052K/3160K, paused 1ms+2ms, total 25ms
I/PackageManager( 446): Running dexopt on: com.android.deskclock
I/ActivityManager( 446): Start proc com.android.deskclock for broadcast com.android.deskclock/.AlarmInitReceiver: pid=986 uid=10025 gids={50025, 1028}
D/OpenGLRenderer( 871): Enabling debug mode 0
D/dalvikvm( 871): GC_FOR_ALLOC freed 99K, 3% free 6587K/6756K, paused 11ms, total 11ms
I/dalvikvm-heap( 871): Grow heap (frag case) to 9.607MB for 3265936-byte allocation
D/dalvikvm( 871): GC_FOR_ALLOC freed 1K, 2% free 9774K/9948K, paused 12ms, total 12ms
D/dalvikvm( 871): GC_CONCURRENT freed 5K, 2% free 9944K/10116K, paused 2ms+5ms, total 20ms
I/CalendarDatabaseHelper( 972): Bootstrapping database
V/RenderScript( 871): 0x5db427a8 Launching thread(s), CPUs 2
D/dalvikvm( 871): GC_FOR_ALLOC freed 97K, 2% free 9997K/10196K, paused 11ms, total 12ms
I/dalvikvm-heap( 871): Grow heap (frag case) to 12.937MB for 3265936-byte allocation
D/dalvikvm( 871): GC_FOR_ALLOC freed <1K, 2% free 13185K/13388K, paused 12ms, total 12ms
D/dalvikvm( 871): GC_CONCURRENT freed 2K, 2% free 13221K/13388K, paused 2ms+7ms, total 22ms
D/dalvikvm( 999): DexOpt: load 125ms, verify+opt 264ms, 1099324 bytes
I/ActivityManager( 446): Displayed com.android.launcher/com.android.launcher2.Launcher: +4s210ms (total +12s677ms)
I/CalendarProvider2( 972): Created com.android.providers.calendar.CalendarAlarmManager@41deac48(com.android.providers.calendar.CalendarProvider2@41dd77a8)
V/AlarmClock( 986): AlarmInitReceiver android.intent.action.TIMEZONE_CHANGED
D/dalvikvm( 871): GC_CONCURRENT freed 3473K, 22% free 13046K/16584K, paused 2ms+3ms, total 19ms
I/AlarmClock( 986): Alarms Table created
I/AlarmClock( 986): Instance table created
I/AlarmClock( 986): Cities table created
I/AlarmClock( 986): Inserting default alarms
I/SurfaceFlinger( 129): Boot is finished (28263 ms)
I/AlarmClock( 986): Displaying next alarm time: ''
V/AlarmClock( 986): AlarmInitReceiver finished
W/BackupManagerService( 446): dataChanged but no participant pkg='com.android.providers.settings' uid=10025
D/BluetoothAdapter( 708): 1105068440: getState() : mService = null. Returning STATE_OFF
W/BroadcastQueue( 446): Permission Denial: broadcasting Intent { act=android.appwidget.action.APPWIDGET_UPDATE_OPTIONS flg=0x10 cmp=com.android.settings/.widget.SettingsAppWidgetProvider (has extras) } from android (pid=871, uid=10008) is not exported from uid 1000 due to receiver com.android.settings/.widget.SettingsAppWidgetProvider
I/ActivityManager( 446): Start proc com.android.dialer for broadcast com.android.dialer/.calllog.CallLogReceiver: pid=1009 uid=10004 gids={50004, 3003, 1028, 1015}
I/PackageManager( 446): Running dexopt on: com.android.dialer
I/CalendarProvider2( 972): Sending notification intent: Intent { act=android.intent.action.PROVIDER_CHANGED dat=content://com.android.calendar }
W/ContentResolver( 972): Failed to get type for: content://com.android.calendar (Unknown URL content://com.android.calendar)
D/dalvikvm( 1022): DexOpt: load 129ms, verify+opt 382ms, 1621980 bytes
D/ExtensionsFactory( 1009): No custom extensions.
D/BluetoothManagerService( 446): Retrieving Bluetooth Adapter name and address...
D/BluetoothManagerService( 446): getNameAndAddress(): mBluetooth = null mBinding = false
D/BluetoothManagerService( 446): Message: 200
D/BluetoothManagerService( 446): MESSAGE_GET_NAME_AND_ADDRESS
D/BluetoothManagerService( 446): Binding to service to get name and address
W/ResourceType( 446): CREATING STRING CACHE OF 100 bytes
I/ActivityManager( 446): Start proc com.android.bluetooth for service com.android.bluetooth/.btservice.AdapterService: pid=1027 uid=1002 gids={41002, 3003, 3002, 3001, 1028, 1015, 3005, 1016, 3008}
D/BluetoothManagerService( 446): Message: 30
W/ContextImpl( 446): Calling a method in the system process without a qualified user: android.app.ContextImpl.bindService:1543 android.bluetooth.BluetoothHeadset.doBind:283 android.bluetooth.BluetoothHeadset.:276 android.bluetooth.BluetoothAdapter.getProfileProxy:1181 android.media.AudioService.getBluetoothHeadset:2245
D/BluetoothManagerService( 446): Message: 30
W/ContextImpl( 446): Calling a method in the system process without a qualified user: android.app.ContextImpl.bindService:1543 android.bluetooth.BluetoothA2dp.doBind:165 android.bluetooth.BluetoothA2dp.:158 android.bluetooth.BluetoothAdapter.getProfileProxy:1184 android.media.AudioService$AudioServiceBroadcastReceiver.onReceive:4166
V/WiredAccessoryManager( 446): init()
I/PackageManager( 446): Running dexopt on: com.android.bluetooth
D/dalvikvm( 446): GC_CONCURRENT freed 535K, 10% free 5813K/6416K, paused 3ms+3ms, total 117ms
D/dalvikvm( 446): WAIT_FOR_CONCURRENT_GC blocked 79ms
D/dalvikvm( 446): WAIT_FOR_CONCURRENT_GC blocked 74ms
D/AlarmManagerService( 446): Kernel timezone updated to -330 minutes west of GMT
D/dalvikvm( 446): WAIT_FOR_CONCURRENT_GC blocked 74ms
D/dalvikvm( 1042): DexOpt: load 27ms, verify+opt 269ms, 911004 bytes
I/InputReader( 446): Reconfiguring input devices. changes=0x00000010
I/InputReader( 446): Reconfiguring input devices. changes=0x00000010
I/InputReader( 446): Reconfiguring input devices. changes=0x00000010
I/PackageManager( 446): Action: "android.intent.action.SENDTO"
I/PackageManager( 446): Category: "android.intent.category.DEFAULT"
I/PackageManager( 446): Scheme: "sms"
I/PackageManager( 446): Adding preferred activity ComponentInfo{com.android.mms/com.android.mms.ui.ComposeMessageActivity} for user 0 :
I/PackageManager( 446): Action: "android.intent.action.SENDTO"
I/PackageManager( 446): Category: "android.intent.category.DEFAULT"
I/PackageManager( 446): Scheme: "smsto"
I/PackageManager( 446): Adding preferred activity ComponentInfo{com.android.mms/com.android.mms.ui.ComposeMessageActivity} for user 0 :
D/AdapterServiceConfig( 1027): Adding HeadsetService
D/AdapterServiceConfig( 1027): Adding A2dpService
D/AdapterServiceConfig( 1027): Adding HidService
D/AdapterServiceConfig( 1027): Adding HealthService
D/AdapterServiceConfig( 1027): Adding PanService
D/AdapterServiceConfig( 1027): Adding GattService
D/AdapterServiceConfig( 1027): Adding BluetoothMapService
D/dalvikvm( 681): GC_CONCURRENT freed 289K, 10% free 3522K/3876K, paused 3ms+2ms, total 18ms
I/PackageManager( 446): Action: "android.intent.action.SENDTO"
I/PackageManager( 446): Category: "android.intent.category.DEFAULT"
I/PackageManager( 446): Scheme: "mms"
I/PackageManager( 446): Adding preferred activity ComponentInfo{com.android.mms/com.android.mms.ui.ComposeMessageActivity} for user 0 :
D/dalvikvm( 446): GC_CONCURRENT freed 635K, 11% free 5846K/6552K, paused 4ms+3ms, total 46ms
D/BluetoothAdapterService( 1027): REFCOUNT: CREATED. INSTANCE_COUNT1
D/BluetoothManagerService( 446): Message: 20
D/BluetoothManagerService( 446): Added callback: android.bluetooth.IBluetoothManagerCallback$Stub$Proxy@420932f0:true
D/BluetoothAdapterState( 1027): make
I/bluedroid( 1027): init
I/BluetoothAdapterState( 1027): Entering OffState
E/bt-btif ( 1027): btif_config_get(L189): assert failed: section && *section && key && *key && name && *name && bytes && type
I/bte_conf( 1027): Attempt to load stack conf from /etc/bluetooth/bt_stack.conf
I/bluedroid( 1027): get_profile_interface socket
I/GKI_LINUX( 1027): gki_task_entry: gki_task_entry task_id=1 [BTIF] starting
I/BluetoothAdapterProperties( 1027): adapterPropertyChangedCallback with type:2 len:6
D/BluetoothAdapterProperties( 1027): Address is:38:0A:94:B6:B3:33
I/BluetoothAdapterProperties( 1027): adapterPropertyChangedCallback with type:1 len:12
D/BluetoothAdapterProperties( 1027): Name is: Galaxy Nexus
I/PowerManagerService( 446): Boot animation finished.
I/PackageManager( 446): Action: "android.intent.action.SENDTO"
I/PackageManager( 446): Category: "android.intent.category.DEFAULT"
I/PackageManager( 446): Scheme: "mmsto"
I/PackageManager( 446): Adding preferred activity ComponentInfo{com.android.mms/com.android.mms.ui.ComposeMessageActivity} for user 0 :
D/BluetoothManagerService( 446): BluetoothServiceConnection: com.android.bluetooth.btservice.AdapterService
D/BluetoothManagerService( 446): Bluetooth Adapter name changed to Galaxy Nexus
D/BluetoothManagerService( 446): Message: 40
D/BluetoothManagerService( 446): MESSAGE_BLUETOOTH_SERVICE_CONNECTED: 1
I/bluedroid( 1027): config_hci_snoop_log
D/BluetoothManagerService( 446): Message: 200
D/BluetoothManagerService( 446): MESSAGE_GET_NAME_AND_ADDRESS
D/BluetoothManagerService( 446): Message: 201
D/BluetoothManagerService( 446): MESSAGE_SAVE_NAME_AND_ADDRESS
D/BluetoothAdapterState( 1027): CURRENT_STATE=OFF, MESSAGE = USER_TURN_ON
D/BluetoothAdapterProperties( 1027): Setting state to 11
I/BluetoothAdapterState( 1027): Bluetooth adapter state changed: 10-> 11
D/BluetoothAdapterService( 1027): Broadcasting updateAdapterState() to 0 receivers.
D/BluetoothBondStateMachine( 1027): make
I/PackageManager( 446): Action: "android.intent.action.SENDTO"
I/PackageManager( 446): Category: "android.intent.category.DEFAULT"
I/PackageManager( 446): Scheme: "sms"
I/BluetoothBondStateMachine( 1027): StableState(): Entering Off State
I/PackageManager( 446): Adding preferred activity ComponentInfo{com.android.mms/com.android.mms.ui.ComposeMessageActivity} for user 0 :
I/PackageManager( 446): Action: "android.intent.action.SENDTO"
I/PackageManager( 446): Category: "android.intent.category.DEFAULT"
I/PackageManager( 446): Scheme: "smsto"
I/PackageManager( 446): Adding preferred activity ComponentInfo{com.android.mms/com.android.mms.ui.ComposeMessageActivity} for user 0 :
D/HeadsetService( 1027): Received start request. Starting profile...
D/BluetoothManagerService( 446): Stored Bluetooth name: Galaxy Nexus
I/BluetoothHeadsetServiceJni( 1027): classInitNative: succeeds
D/HeadsetStateMachine( 1027): make
D/BluetoothHeadset( 446): Proxy object connected
D/BluetoothAdapter( 446): 1106556952: getState() : mService = null. Returning STATE_OFF
I/BluetoothAdapterState( 1027): Entering PendingCommandState State: isTurningOn()=true, isTurningOff()=false
I/PackageManager( 446): Action: "android.intent.action.SENDTO"
I/PackageManager( 446): Category: "android.intent.category.DEFAULT"
I/PackageManager( 446): Scheme: "mms"
I/RecoverySystem( 446): No recovery log file
I/PackageManager( 446): Adding preferred activity ComponentInfo{com.android.mms/com.android.mms.ui.ComposeMessageActivity} for user 0 :
I/BootReceiver( 446): Copying /proc/last_kmsg to DropBox (SYSTEM_LAST_KMSG)
I/PackageManager( 446): Action: "android.intent.action.SENDTO"
I/PackageManager( 446): Category: "android.intent.category.DEFAULT"
I/PackageManager( 446): Scheme: "mmsto"
I/PackageManager( 446): Adding preferred activity ComponentInfo{com.android.mms/com.android.mms.ui.ComposeMessageActivity} for user 0 :
D/dalvikvm( 446): GC_CONCURRENT freed 580K, 10% free 5984K/6616K, paused 5ms+12ms, total 55ms
D/dalvikvm( 446): WAIT_FOR_CONCURRENT_GC blocked 48ms
D/dalvikvm( 446): GC_FOR_ALLOC freed 164K, 12% free 5916K/6716K, paused 29ms, total 29ms
I/dalvikvm-heap( 446): Grow heap (frag case) to 5.946MB for 109386-byte allocation
D/dalvikvm( 446): WAIT_FOR_CONCURRENT_GC blocked 34ms
I/dalvikvm-heap( 446): Grow heap (frag case) to 5.946MB for 24-byte allocation
D/dalvikvm( 446): GC_FOR_ALLOC freed 4K, 12% free 6018K/6824K, paused 28ms, total 28ms
D/dalvikvm( 446): GC_FOR_ALLOC freed 115K, 14% free 5914K/6824K, paused 30ms, total 31ms
I/dalvikvm-heap( 446): Grow heap (frag case) to 5.945MB for 110022-byte allocation
D/dalvikvm( 446): GC_FOR_ALLOC freed 1K, 14% free 6020K/6932K, paused 34ms, total 34ms
I/bluedroid( 1027): get_profile_interface handsfree
D/BluetoothA2dp( 446): Proxy object connected
D/BluetoothAdapter( 446): 1106556952: getState() : mService = null. Returning STATE_OFF
D/A2dpService( 1027): Received start request. Starting profile...
I/BluetoothA2dpServiceJni( 1027): classInitNative: succeeds
D/A2dpStateMachine( 1027): make
D/dalvikvm( 681): GC_CONCURRENT freed 427K, 13% free 3543K/4044K, paused 8ms+1ms, total 37ms
I/bluedroid( 1027): get_profile_interface a2dp
I/GKI_LINUX( 1027): gki_task_entry: gki_task_entry task_id=2 [A2DP-MEDIA] starting
I/BluetoothAvrcpServiceJni( 1027): classInitNative: succeeds
V/Avrcp ( 1027): make
I/bluedroid( 1027): get_profile_interface avrcp
D/A2dpStateMachine( 1027): Enter Disconnected: -2
I/BluetoothHidServiceJni( 1027): classInitNative: succeeds
D/BluetoothInputDevice( 708): Proxy object connected
D/HidProfile( 708): Bluetooth service connected
D/BluetoothAdapter( 708): 1105068440: getState() : mService = null. Returning STATE_OFF
D/HidService( 1027): Received start request. Starting profile...
I/bluedroid( 1027): get_profile_interface hidhost
I/BluetoothHealthServiceJni( 1027): classInitNative: succeeds
D/HealthService( 1027): Received start request. Starting profile...
I/bluedroid( 1027): get_profile_interface health
I/BluetoothPanServiceJni( 1027): classInitNative(L105): succeeds
D/dalvikvm( 446): GC_FOR_ALLOC freed 203K, 13% free 6097K/6932K, paused 28ms, total 29ms
D/BluetoothPan( 708): BluetoothPAN Proxy object connected
D/PanProfile( 708): Bluetooth service connected
I/BootReceiver( 446): Copying audit failures to DropBox
D/dalvikvm( 446): GC_FOR_ALLOC freed 360K, 16% free 5839K/6932K, paused 26ms, total 26ms
D/BluetoothPan( 446): BluetoothPAN Proxy object connected
D/PanService( 1027): Received start request. Starting profile...
D/BluetoothPanServiceJni( 1027): initializeNative(L110): pan
I/bluedroid( 1027): get_profile_interface pan
D/BluetoothTethering( 446): got CMD_CHANNEL_HALF_CONNECTED
I/BtGatt.JNI( 1027): classInitNative(L685): classInitNative: Success!
D/BtGatt.DebugUtils( 1027): handleDebugAction() action=null
D/BtGatt.GattService( 1027): Received start request. Starting profile...
D/BtGatt.GattService( 1027): start()
I/bluedroid( 1027): get_profile_interface gatt
E/BtGatt.JNI( 1027): ERROR: initializeNative(L713): Failed to get Bluetooth GATT Interface##
I/PackageManager( 446): Action: "android.intent.action.SENDTO"
I/PackageManager( 446): Category: "android.intent.category.DEFAULT"
I/PackageManager( 446): Scheme: "sms"
I/PackageManager( 446): Adding preferred activity ComponentInfo{com.android.mms/com.android.mms.ui.ComposeMessageActivity} for user 0 :
D/BluetoothMap( 708): Proxy object connected
D/MapProfile( 708): Bluetooth service connected
D/BluetoothMap( 708): getConnectedDevices()
D/BluetoothAdapter( 708): 1105068440: getState() : mService = null. Returning STATE_OFF
D/BluetoothMap( 708): Bluetooth is Not enabled
I/BootReceiver( 446): Copied 529 worth of audits to DropBox
D/BluetoothMapService( 1027): Received start request. Starting profile...
D/BluetoothMapService( 1027): start()
D/BluetoothAdapterService( 1027): Profile still not running:com.android.bluetooth.hdp.HealthService
D/BluetoothAdapterService( 1027): Profile still not running:com.android.bluetooth.hdp.HealthService
D/BluetoothAdapterService( 1027): Profile still not running:com.android.bluetooth.hdp.HealthService
D/BluetoothAdapterService( 1027): Profile still not running:com.android.bluetooth.map.BluetoothMapService
D/BluetoothAdapterService( 1027): Profile still not running:com.android.bluetooth.map.BluetoothMapService
D/BluetoothAdapterService( 1027): Profile still not running:com.android.bluetooth.map.BluetoothMapService
D/HeadsetPhoneState( 1027): sendDeviceStateChanged. mService=0 mSignal=0 mRoam=0 mBatteryCharge=2
D/BluetoothAdapterState( 1027): CURRENT_STATE=PENDING, MESSAGE = STARTED, isTurningOn=true, isTurningOff=false
I/bluedroid( 1027): enable
I/PackageManager( 446): Action: "android.intent.action.SENDTO"
I/PackageManager( 446): Category: "android.intent.category.DEFAULT"
I/PackageManager( 446): Scheme: "smsto"
I/BootReceiver( 446): Checking for fsck errors
I/PackageManager( 446): Adding preferred activity ComponentInfo{com.android.mms/com.android.mms.ui.ComposeMessageActivity} for user 0 :
I/bt_hci_bdroid( 1027): init
I/bt_vendor( 1027): init
I/bt_vnd_conf( 1027): Attempt to load conf from /etc/bluetooth/bt_vendor.conf
I/bt_hci_bdroid( 1027): bt_hc_worker_thread started
I/bt_userial_vendor( 1027): userial vendor open: opening /dev/ttyO1
I/bt_userial_vendor( 1027): device fd = 68 open
I/GKI_LINUX( 1027): gki_task_entry: gki_task_entry task_id=0 [BTU] starting
I/bt-btu ( 1027): btu_task pending for preload complete event
D/dalvikvm( 446): GC_CONCURRENT freed 552K, 15% free 5896K/6932K, paused 2ms+3ms, total 33ms
I/bt_hwcfg( 1027): bt vendor lib: set UART baud 3000000
I/PackageManager( 446): Action: "android.intent.action.SENDTO"
I/PackageManager( 446): Category: "android.intent.category.DEFAULT"
I/PackageManager( 446): Scheme: "mms"
I/PackageManager( 446): Adding preferred activity ComponentInfo{com.android.mms/com.android.mms.ui.ComposeMessageActivity} for user 0 :
I/PackageManager( 446): Action: "android.intent.action.SENDTO"
I/PackageManager( 446): Category: "android.intent.category.DEFAULT"
I/PackageManager( 446): Scheme: "mmsto"
I/PackageManager( 446): Adding preferred activity ComponentInfo{com.android.mms/com.android.mms.ui.ComposeMessageActivity} for user 0 :
D/bt_hwcfg( 1027): Chipset BCM4330B1
D/bt_hwcfg( 1027): Target name = [BCM4330B1]
D/bt_hwcfg( 1027): Target name = [BCM4330]
I/bt_hwcfg( 1027): Found patchfile: /vendor/firmware//bcm4330.hcd
I/PackageManager( 446): Action: "android.intent.action.SENDTO"
I/PackageManager( 446): Category: "android.intent.category.DEFAULT"
I/PackageManager( 446): Scheme: "sms"
I/PackageManager( 446): Adding preferred activity ComponentInfo{com.android.mms/com.android.mms.ui.ComposeMessageActivity} for user 0 :
I/ActivityManager( 446): Start proc com.android.mms for broadcast com.android.mms/.transaction.MmsSystemEventReceiver: pid=1097 uid=10009 gids={50009, 3003, 1028, 1015}
I/PackageManager( 446): Running dexopt on: com.android.mms
D/MtpService( 730): updating state; isCurrentUser=true, mMtpLocked=false
I/PackageManager( 446): Action: "android.intent.action.SENDTO"
I/PackageManager( 446): Category: "android.intent.category.DEFAULT"
I/PackageManager( 446): Scheme: "smsto"
I/PackageManager( 446): Adding preferred activity ComponentInfo{com.android.mms/com.android.mms.ui.ComposeMessageActivity} for user 0 :
D/dalvikvm( 681): GC_CONCURRENT freed 388K, 13% free 3547K/4044K, paused 1ms+2ms, total 18ms
I/PackageManager( 446): Action: "android.intent.action.SENDTO"
I/PackageManager( 446): Category: "android.intent.category.DEFAULT"
I/PackageManager( 446): Scheme: "mms"
I/PackageManager( 446): Adding preferred activity ComponentInfo{com.android.mms/com.android.mms.ui.ComposeMessageActivity} for user 0 :
I/PackageManager( 446): Action: "android.intent.action.SENDTO"
I/PackageManager( 446): Category: "android.intent.category.DEFAULT"
I/PackageManager( 446): Scheme: "mmsto"
I/PackageManager( 446): Adding preferred activity ComponentInfo{com.android.mms/com.android.mms.ui.ComposeMessageActivity} for user 0 :
I/PackageManager( 446): Action: "android.intent.action.SENDTO"
I/PackageManager( 446): Category: "android.intent.category.DEFAULT"
I/PackageManager( 446): Scheme: "sms"
I/PackageManager( 446): Adding preferred activity ComponentInfo{com.android.mms/com.android.mms.ui.ComposeMessageActivity} for user 0 :
D/dalvikvm( 446): GC_CONCURRENT freed 633K, 14% free 5985K/6932K, paused 3ms+5ms, total 73ms
D/dalvikvm( 446): WAIT_FOR_CONCURRENT_GC blocked 3ms
I/PackageManager( 446): Action: "android.intent.action.SENDTO"
I/PackageManager( 446): Category: "android.intent.category.DEFAULT"
I/PackageManager( 446): Scheme: "smsto"
I/PackageManager( 446): Adding preferred activity ComponentInfo{com.android.mms/com.android.mms.ui.ComposeMessageActivity} for user 0 :
I/bt_hwcfg( 1027): bt vendor lib: set UART baud 115200
D/bt_hwcfg( 1027): Settlement delay -- 100 ms
I/PackageManager( 446): Action: "android.intent.action.SENDTO"
I/PackageManager( 446): Category: "android.intent.category.DEFAULT"
I/PackageManager( 446): Scheme: "mms"
I/PackageManager( 446): Adding preferred activity ComponentInfo{com.android.mms/com.android.mms.ui.ComposeMessageActivity} for user 0 :
I/MediaProvider( 730): Upgrading media database from version 0 to 700, which will destroy all old data
I/PackageManager( 446): Action: "android.intent.action.SENDTO"
I/PackageManager( 446): Category: "android.intent.category.DEFAULT"
I/PackageManager( 446): Scheme: "mmsto"
I/PackageManager( 446): Adding preferred activity ComponentInfo{com.android.mms/com.android.mms.ui.ComposeMessageActivity} for user 0 :
D/dalvikvm( 681): GC_CONCURRENT freed 463K, 13% free 3540K/4068K, paused 1ms+1ms, total 22ms
I/PackageManager( 446): Action: "android.intent.action.SENDTO"
I/PackageManager( 446): Category: "android.intent.category.DEFAULT"
I/PackageManager( 446): Scheme: "sms"
I/PackageManager( 446): Adding preferred activity ComponentInfo{com.android.mms/com.android.mms.ui.ComposeMessageActivity} for user 0 :
I/bt_hwcfg( 1027): bt vendor lib: set UART baud 3000000
I/bt_hwcfg( 1027): Setting local bd addr to 38:0A:94:B6:B3:33
I/PackageManager( 446): Action: "android.intent.action.SENDTO"
I/PackageManager( 446): Category: "android.intent.category.DEFAULT"
I/PackageManager( 446): Scheme: "smsto"
I/PackageManager( 446): Adding preferred activity ComponentInfo{com.android.mms/com.android.mms.ui.ComposeMessageActivity} for user 0 :
I/bt_hwcfg( 1027): vendor lib fwcfg completed
I/bt-btu ( 1027): btu_task received preload complete event
I/ ( 1027): BTE_InitTraceLevels -- TRC_HCI
I/ ( 1027): BTE_InitTraceLevels -- TRC_L2CAP
I/ ( 1027): BTE_InitTraceLevels -- TRC_RFCOMM
I/ ( 1027): BTE_InitTraceLevels -- TRC_AVDT
I/ ( 1027): BTE_InitTraceLevels -- TRC_AVRC
I/ ( 1027): BTE_InitTraceLevels -- TRC_A2D
I/ ( 1027): BTE_InitTraceLevels -- TRC_BNEP
I/ ( 1027): BTE_InitTraceLevels -- TRC_BTM
I/ ( 1027): BTE_InitTraceLevels -- TRC_GAP
I/ ( 1027): BTE_InitTraceLevels -- TRC_PAN
I/ ( 1027): BTE_InitTraceLevels -- TRC_SDP
I/ ( 1027): BTE_InitTraceLevels -- TRC_BTAPP
I/ ( 1027): BTE_InitTraceLevels -- TRC_BTIF
I/PackageManager( 446): Action: "android.intent.action.SENDTO"
I/PackageManager( 446): Category: "android.intent.category.DEFAULT"
I/PackageManager( 446): Scheme: "mms"
I/PackageManager( 446): Adding preferred activity ComponentInfo{com.android.mms/com.android.mms.ui.ComposeMessageActivity} for user 0 :
I/PackageManager( 446): Action: "android.intent.action.SENDTO"
I/PackageManager( 446): Category: "android.intent.category.DEFAULT"
I/PackageManager( 446): Scheme: "mmsto"
I/PackageManager( 446): Adding preferred activity ComponentInfo{com.android.mms/com.android.mms.ui.ComposeMessageActivity} for user 0 :
D/dalvikvm( 446): GC_CONCURRENT freed 763K, 15% free 5936K/6932K, paused 3ms+3ms, total 44ms
D/BluetoothHeadset( 681): Proxy object connected
D/BluetoothHeadset( 681): Proxy object connected
D/BluetoothHeadset( 681): Proxy object connected
E/bt-btif ( 1027): Calling BTA_HhEnable
E/bt-btif ( 1027): btif_config_get(L189): assert failed: section && *section && key && *key && name && *name && bytes && type
E/bt-btif ( 1027): btif_storage_get_adapter_property service_mask:0x140040
I/BluetoothAdapterProperties( 1027): adapterPropertyChangedCallback with type:2 len:6
D/BluetoothAdapterProperties( 1027): Address is:38:0A:94:B6:B3:33
I/BluetoothAdapterProperties( 1027): adapterPropertyChangedCallback with type:1 len:12
D/MediaProvider( 730): Adjusting external storage paths to: /storage/emulated/0
D/dalvikvm( 730): GC_CONCURRENT freed 317K, 11% free 3317K/3700K, paused 2ms+2ms, total 12ms
E/SQLiteLog( 730): (1) no such table: files
D/dalvikvm( 1110): DexOpt: load 109ms, verify+opt 315ms, 1353636 bytes
D/BluetoothAdapterProperties( 1027): Name is: Galaxy Nexus
I/BluetoothAdapterProperties( 1027): adapterPropertyChangedCallback with type:7 len:4
D/BluetoothManagerService( 446): Bluetooth Adapter name changed to Galaxy Nexus
D/BluetoothManagerService( 446): Stored Bluetooth name: Galaxy Nexus
D/BluetoothAdapterProperties( 1027): Scan Mode:20
I/BluetoothAdapterProperties( 1027): adapterPropertyChangedCallback with type:9 len:4
D/BluetoothAdapterProperties( 1027): Discoverable Timeout:120
I/BluetoothAdapterProperties( 1027): adapterPropertyChangedCallback with type:8 len:0
I/BluetoothAdapterProperties( 1027): adapterPropertyChangedCallback with type:3 len:48
