I/PackageManager( 446): Action: "android.intent.action.SENDTO"
I/PackageManager( 446): Category: "android.intent.category.DEFAULT"
I/PackageManager( 446): Scheme: "smsto"
I/PackageManager( 446): Adding preferred activity ComponentInfo{com.android.mms/com.android.mms.ui.ComposeMessageActivity} for user 0 :
I/PackageManager( 446): Action: "android.intent.action.SENDTO"
I/PackageManager( 446): Category: "android.intent.category.DEFAULT"
I/PackageManager( 446): Scheme: "mms"
I/PackageManager( 446): Adding preferred activity ComponentInfo{com.android.mms/com.android.mms.ui.ComposeMessageActivity} for user 0 :
W/ResourceType( 446): Failure getting entry for 0x7f060000 (t=5 e=0) in package 0 (error -75)
I/PackageManager( 446): Action: "android.intent.action.SENDTO"
I/PackageManager( 446): Category: "android.intent.category.DEFAULT"
I/PackageManager( 446): Scheme: "mmsto"
I/PackageManager( 446): Adding preferred activity ComponentInfo{com.android.mms/com.android.mms.ui.ComposeMessageActivity} for user 0 :
I/PackageManager( 446): Action: "android.intent.action.SENDTO"
I/PackageManager( 446): Category: "android.intent.category.DEFAULT"
I/PackageManager( 446): Scheme: "sms"
I/PackageManager( 446): Adding preferred activity ComponentInfo{com.android.mms/com.android.mms.ui.ComposeMessageActivity} for user 0 :
I/PackageManager( 446): Action: "android.intent.action.SENDTO"
I/PackageManager( 446): Category: "android.intent.category.DEFAULT"
I/PackageManager( 446): Scheme: "smsto"
I/PackageManager( 446): Adding preferred activity ComponentInfo{com.android.mms/com.android.mms.ui.ComposeMessageActivity} for user 0 :
I/PackageManager( 446): Action: "android.intent.action.SENDTO"
I/PackageManager( 446): Category: "android.intent.category.DEFAULT"
I/PackageManager( 446): Scheme: "mms"
I/PackageManager( 446): Adding preferred activity ComponentInfo{com.android.mms/com.android.mms.ui.ComposeMessageActivity} for user 0 :
D/dalvikvm( 681): GC_CONCURRENT freed 395K, 13% free 3544K/4060K, paused 1ms+2ms, total 27ms
I/PackageManager( 446): Action: "android.intent.action.SENDTO"
I/PackageManager( 446): Category: "android.intent.category.DEFAULT"
I/PackageManager( 446): Scheme: "mmsto"
I/PackageManager( 446): Adding preferred activity ComponentInfo{com.android.mms/com.android.mms.ui.ComposeMessageActivity} for user 0 :
W/InputEventReceiver( 708): Attempted to finish an input event but the input event receiver has already been disposed.
W/InputMethodManagerService( 446): Window already focused, ignoring focus gain of: com.android.internal.view.IInputMethodClient$Stub$Proxy@42036cd8 attribute=null, token = android.os.BinderProxy@4213d5d8
D/dalvikvm( 446): GC_CONCURRENT freed 1304K, 25% free 8942K/11796K, paused 2ms+6ms, total 48ms
D/dalvikvm( 1472): GC_CONCURRENT freed 387K, 13% free 3088K/3540K, paused 1ms+2ms, total 13ms
D/dalvikvm( 708): GC_EXPLICIT freed 1412K, 12% free 11477K/12956K, paused 2ms+6ms, total 56ms
E/StrictMode( 708): class com.android.settings.SubSettings; instances=4; limit=2
E/StrictMode( 708): android.os.StrictMode$InstanceCountViolation: class com.android.settings.SubSettings; instances=4; limit=2
E/StrictMode( 708): at android.os.StrictMode.setClassInstanceLimit(StrictMode.java:1)
D/dalvikvm( 503): GC_FOR_ALLOC freed 2140K, 38% free 8110K/12960K, paused 24ms, total 29ms
D/dalvikvm( 446): GC_FOR_ALLOC freed 1392K, 25% free 8878K/11796K, paused 40ms, total 41ms
I/ActivityManager( 446): START u0 {act=android.intent.action.MAIN cat=[android.intent.category.HOME] flg=0x10200000 cmp=com.android.launcher/com.android.launcher2.Launcher} from pid 446
D/dalvikvm( 446): GC_FOR_ALLOC freed 753K, 25% free 8876K/11796K, paused 34ms, total 34ms
E/IMGSRV ( 871): :0: gralloc_register_buffer: Cannot register a buffer twice (ID=6)
W/GraphicBufferMapper( 871): registerBuffer(0x5f5c4928) failed -22 (Invalid argument)
E/GraphicBuffer( 871): unflatten: registerBuffer failed: Invalid argument (-22)
W/IInputConnectionWrapper( 708): showStatusIcon on inactive InputConnection
V/RenderScript( 871): 0x5f59e550 Launching thread(s), CPUs 2
E/IMGSRV ( 708): :0: gralloc_unregister_buffer: Cannot unregister unregistered buffer (ID=6)
W/GraphicBufferMapper( 708): unregisterBuffer(0x5dd6c810) failed -22 (Invalid argument)
D/dalvikvm( 871): GC_CONCURRENT freed 3885K, 67% free 9864K/29052K, paused 4ms+6ms, total 52ms
I/ActivityManager( 446): START u0 {act=android.intent.action.MAIN cat=[android.intent.category.LAUNCHER] flg=0x10200000 cmp=org.linaro.glmark2/.MainActivity} from pid 871
W/ResourceType( 446): CREATING STRING CACHE OF 72 bytes
I/ActivityManager( 446): Start proc org.linaro.glmark2 for activity org.linaro.glmark2/.MainActivity: pid=1623 uid=10031 gids={50031, 1028, 1015}
E/dalvikvm( 1623): ERROR: couldn't find native method
E/dalvikvm( 1623): Requested: Lorg/linaro/glmark2/Glmark2Native;.done:()V
E/ ( 1623): RegisterNatives failed for 'org/linaro/glmark2/Glmark2Native'
E/ ( 1623): JNI_OnLoad: glmark2 native registration failed
W/dalvikvm( 1623): Exception Ljava/lang/NoSuchMethodError; thrown while initializing Lorg/linaro/glmark2/MainActivity;
W/dalvikvm( 1623): Class init failed in newInstance call (Lorg/linaro/glmark2/MainActivity;)
D/AndroidRuntime( 1623): Shutting down VM
W/dalvikvm( 1623): threadid=1: thread exiting with uncaught exception (group=0x41abcba8)
E/AndroidRuntime( 1623): FATAL EXCEPTION: main
E/AndroidRuntime( 1623): Process: org.linaro.glmark2, PID: 1623
E/AndroidRuntime( 1623): java.lang.NoSuchMethodError: no static or non-static method "Lorg/linaro/glmark2/Glmark2Native;.done()V"
E/AndroidRuntime( 1623): at java.lang.Runtime.nativeLoad(Native Method)
E/AndroidRuntime( 1623): at java.lang.Runtime.doLoad(Runtime.java:421)
E/AndroidRuntime( 1623): at java.lang.Runtime.loadLibrary(Runtime.java:362)
E/AndroidRuntime( 1623): at java.lang.System.loadLibrary(System.java:526)
E/AndroidRuntime( 1623): at org.linaro.glmark2.MainActivity.(MainActivity.java:480)
E/AndroidRuntime( 1623): at java.lang.Class.newInstanceImpl(Native Method)
E/AndroidRuntime( 1623): at java.lang.Class.newInstance(Class.java:1208)
E/AndroidRuntime( 1623): at android.app.Instrumentation.newActivity(Instrumentation.java:1061)
E/AndroidRuntime( 1623): at android.app.ActivityThread.performLaunchActivity(ActivityThread.java:2112)
E/AndroidRuntime( 1623): at android.app.ActivityThread.handleLaunchActivity(ActivityThread.java:2245)
E/AndroidRuntime( 1623): at android.app.ActivityThread.access$800(ActivityThread.java:135)
E/AndroidRuntime( 1623): at android.app.ActivityThread$H.handleMessage(ActivityThread.java:1196)
E/AndroidRuntime( 1623): at android.os.Handler.dispatchMessage(Handler.java:102)
E/AndroidRuntime( 1623): at android.os.Looper.loop(Looper.java:136)
E/AndroidRuntime( 1623): at android.app.ActivityThread.main(ActivityThread.java:5017)
E/AndroidRuntime( 1623): at java.lang.reflect.Method.invokeNative(Native Method)
E/AndroidRuntime( 1623): at java.lang.reflect.Method.invoke(Method.java:515)
E/AndroidRuntime( 1623): at com.android.internal.os.ZygoteInit$MethodAndArgsCaller.run(ZygoteInit.java:779)
E/AndroidRuntime( 1623): at com.android.internal.os.ZygoteInit.main(ZygoteInit.java:595)
E/AndroidRuntime( 1623): at dalvik.system.NativeStart.main(Native Method)
W/ActivityManager( 446): Force finishing activity org.linaro.glmark2/.MainActivity
D/dalvikvm( 446): GC_FOR_ALLOC freed 822K, 24% free 9046K/11796K, paused 33ms, total 34ms
E/IMGSRV ( 871): :0: gralloc_unregister_buffer: Cannot unregister unregistered buffer (ID=6)
W/GraphicBufferMapper( 871): unregisterBuffer(0x5f363240) failed -22 (Invalid argument)
W/ActivityManager( 446): Activity pause timeout for ActivityRecord{420490c0 u0 org.linaro.glmark2/.MainActivity t8 f}
E/IMGSRV ( 871): :0: gralloc_register_buffer: Cannot register a buffer twice (ID=6)
W/GraphicBufferMapper( 871): registerBuffer(0x5f5be740) failed -22 (Invalid argument)
E/GraphicBuffer( 871): unflatten: registerBuffer failed: Invalid argument (-22)
D/dalvikvm( 871): GC_CONCURRENT freed 2026K, 66% free 10022K/29052K, paused 2ms+6ms, total 47ms
V/RenderScript( 871): 0x602061e0 Launching thread(s), CPUs 2
I/Process ( 1623): Sending signal. PID: 1623 SIG: 9
I/ActivityManager( 446): Process org.linaro.glmark2 (pid 1623) has died.
W/InputMethodManagerService( 446): Window already focused, ignoring focus gain of: com.android.internal.view.IInputMethodClient$Stub$Proxy@4202d070 attribute=null, token = android.os.BinderProxy@4204e700
D/AndroidRuntime( 1644):
D/AndroidRuntime( 1644): >>>>>> AndroidRuntime START com.android.internal.os.RuntimeInit <<<<<<
D/AndroidRuntime( 1644): CheckJNI is ON
D/dalvikvm( 1644): Trying to load lib libjavacore.so 0x0
D/dalvikvm( 1644): Added shared lib libjavacore.so 0x0
D/dalvikvm( 1644): Trying to load lib libnativehelper.so 0x0
D/dalvikvm( 1644): Added shared lib libnativehelper.so 0x0
D/dalvikvm( 1644): No JNI_OnLoad found in libnativehelper.so 0x0, skipping init
D/dalvikvm( 1644): Note: class Landroid/app/ActivityManagerNative; has 179 unimplemented (abstract) methods
E/memtrack( 1644): Couldn't load memtrack module (No such file or directory)
E/android.os.Debug( 1644): failed to load memtrack module: -2
D/AndroidRuntime( 1644): Calling main entry com.android.commands.pm.Pm
W/ActivityManager( 446): No content provider found for permission revoke: file:///data/local/tmp/GLMark2.apk
W/ActivityManager( 446): No content provider found for permission revoke: file:///data/local/tmp/GLMark2.apk
I/PackageManager( 446): Copying native libraries to /data/app-lib/vmdl889908352
D/dalvikvm( 446): GC_CONCURRENT freed 1191K, 21% free 9338K/11796K, paused 2ms+4ms, total 40ms
W/PackageManager( 446): Attempt to re-install org.linaro.glmark2 without first uninstalling.
D/dalvikvm( 446): GC_CONCURRENT freed 1740K, 23% free 9175K/11796K, paused 2ms+3ms, total 34ms
D/dalvikvm( 446): GC_EXPLICIT freed 49K, 23% free 9126K/11796K, paused 1ms+5ms, total 35ms
D/AndroidRuntime( 1644): Shutting down VM
D/dalvikvm( 1644): GC_CONCURRENT freed 124K, 19% free 568K/696K, paused 0ms+0ms, total 2ms
D/LightsService( 446): Excessive delay setting light: 67ms
D/LightsService( 446): Excessive delay setting light: 65ms
D/LightsService( 446): Excessive delay setting light: 68ms
D/LightsService( 446): Excessive delay setting light: 66ms
I/ActivityManager( 446): START u0 {act=android.intent.action.MAIN cat=[android.intent.category.LAUNCHER] flg=0x10200000 cmp=org.linaro.glmark2/.MainActivity} from pid 871
W/ResourceType( 446): CREATING STRING CACHE OF 72 bytes
I/ActivityManager( 446): Start proc org.linaro.glmark2 for activity org.linaro.glmark2/.MainActivity: pid=1658 uid=10031 gids={50031, 1028, 1015}
E/dalvikvm( 1658): ERROR: couldn't find native method
E/dalvikvm( 1658): Requested: Lorg/linaro/glmark2/Glmark2Native;.done:()V
E/ ( 1658): RegisterNatives failed for 'org/linaro/glmark2/Glmark2Native'
E/ ( 1658): JNI_OnLoad: glmark2 native registration failed
W/dalvikvm( 1658): Exception Ljava/lang/NoSuchMethodError; thrown while initializing Lorg/linaro/glmark2/MainActivity;
W/dalvikvm( 1658): Class init failed in newInstance call (Lorg/linaro/glmark2/MainActivity;)
D/AndroidRuntime( 1658): Shutting down VM
W/dalvikvm( 1658): threadid=1: thread exiting with uncaught exception (group=0x41abcba8)
E/AndroidRuntime( 1658): FATAL EXCEPTION: main
E/AndroidRuntime( 1658): Process: org.linaro.glmark2, PID: 1658
E/AndroidRuntime( 1658): java.lang.NoSuchMethodError: no static or non-static method "Lorg/linaro/glmark2/Glmark2Native;.done()V"
E/AndroidRuntime( 1658): at java.lang.Runtime.nativeLoad(Native Method)
E/AndroidRuntime( 1658): at java.lang.Runtime.doLoad(Runtime.java:421)
E/AndroidRuntime( 1658): at java.lang.Runtime.loadLibrary(Runtime.java:362)
E/AndroidRuntime( 1658): at java.lang.System.loadLibrary(System.java:526)
E/AndroidRuntime( 1658): at org.linaro.glmark2.MainActivity.(MainActivity.java:480)
E/AndroidRuntime( 1658): at java.lang.Class.newInstanceImpl(Native Method)
E/AndroidRuntime( 1658): at java.lang.Class.newInstance(Class.java:1208)
E/AndroidRuntime( 1658): at android.app.Instrumentation.newActivity(Instrumentation.java:1061)
E/AndroidRuntime( 1658): at android.app.ActivityThread.performLaunchActivity(ActivityThread.java:2112)
E/AndroidRuntime( 1658): at android.app.ActivityThread.handleLaunchActivity(ActivityThread.java:2245)
E/AndroidRuntime( 1658): at android.app.ActivityThread.access$800(ActivityThread.java:135)
E/AndroidRuntime( 1658): at android.app.ActivityThread$H.handleMessage(ActivityThread.java:1196)
E/AndroidRuntime( 1658): at android.os.Handler.dispatchMessage(Handler.java:102)
E/AndroidRuntime( 1658): at android.os.Looper.loop(Looper.java:136)
E/AndroidRuntime( 1658): at android.app.ActivityThread.main(ActivityThread.java:5017)
E/AndroidRuntime( 1658): at java.lang.reflect.Method.invokeNative(Native Method)
E/AndroidRuntime( 1658): at java.lang.reflect.Method.invoke(Method.java:515)
E/AndroidRuntime( 1658): at com.android.internal.os.ZygoteInit$MethodAndArgsCaller.run(ZygoteInit.java:779)
E/AndroidRuntime( 1658): at com.android.internal.os.ZygoteInit.main(ZygoteInit.java:595)
E/AndroidRuntime( 1658): at dalvik.system.NativeStart.main(Native Method)
W/ActivityManager( 446): Force finishing activity org.linaro.glmark2/.MainActivity
E/IMGSRV ( 871): :0: gralloc_unregister_buffer: Cannot unregister unregistered buffer (ID=6)
W/GraphicBufferMapper( 871): unregisterBuffer(0x5f5b8308) failed -22 (Invalid argument)
D/dalvikvm( 446): GC_FOR_ALLOC freed 997K, 24% free 9081K/11796K, paused 33ms, total 33ms
W/ActivityManager( 446): Activity pause timeout for ActivityRecord{420ea9c8 u0 org.linaro.glmark2/.MainActivity t9 f}
E/IMGSRV ( 871): :0: gralloc_register_buffer: Cannot register a buffer twice (ID=6)
W/GraphicBufferMapper( 871): registerBuffer(0x5de429a0) failed -22 (Invalid argument)
E/GraphicBuffer( 871): unflatten: registerBuffer failed: Invalid argument (-22)
V/RenderScript( 871): 0x419c31a0 Launching thread(s), CPUs 2
I/Process ( 1658): Sending signal. PID: 1658 SIG: 9
I/ActivityManager( 446): Process org.linaro.glmark2 (pid 1658) has died.
W/InputMethodManagerService( 446): Window already focused, ignoring focus gain of: com.android.internal.view.IInputMethodClient$Stub$Proxy@41dfc660 attribute=null, token = android.os.BinderProxy@4204e700
D/dalvikvm( 871): GC_CONCURRENT freed 1151K, 61% free 11126K/27932K, paused 2ms+7ms, total 32ms
D/Launcher.Model( 871): DbDebug Add item (GLMark2) to db, id: 18 (-100, 3, 0, 2)
I/ActivityManager( 446): START u0 {act=android.settings.APPLICATION_DETAILS_SETTINGS dat=package:org.linaro.glmark2 flg=0x10800000 cmp=com.android.settings/.applications.InstalledAppDetails} from pid 871
W/ResourceType( 446): CREATING STRING CACHE OF 72 bytes
W/ResourceType( 708): CREATING STRING CACHE OF 72 bytes
W/ResourceType( 708): CREATING STRING CACHE OF 124 bytes
W/ResourceType( 708): CREATING STRING CACHE OF 188 bytes
W/ResourceType( 708): CREATING STRING CACHE OF 76 bytes
D/android.widget.GridLayout( 708): vertical constraints: y1-y0>=53, y2-y1>=500, y2-y0<=96 are inconsistent; permanently removing: y2-y0<=96.
E/IMGSRV ( 708): :0: gralloc_register_buffer: Cannot register a buffer twice (ID=6)
W/GraphicBufferMapper( 708): registerBuffer(0x5df68008) failed -22 (Invalid argument)
E/GraphicBuffer( 708): unflatten: registerBuffer failed: Invalid argument (-22)
D/dalvikvm( 446): GC_CONCURRENT freed 805K, 19% free 9666K/11796K, paused 8ms+5ms, total 65ms
I/ActivityManager( 446): Displayed com.android.settings/.applications.InstalledAppDetails: +561ms (total +41s693ms)
D/dalvikvm( 1472): GC_CONCURRENT freed 383K, 13% free 3090K/3540K, paused 2ms+1ms, total 13ms
E/IMGSRV ( 871): :0: gralloc_unregister_buffer: Cannot unregister unregistered buffer (ID=6)
W/GraphicBufferMapper( 871): unregisterBuffer(0x5f537888) failed -22 (Invalid argument)
I/ActivityManager( 446): Force stopping org.linaro.glmark2 appid=10031 user=0: from pid 708
W/ResourceType( 708): CREATING STRING CACHE OF 76 bytes
W/InputMethodManagerService( 446): Window already focused, ignoring focus gain of: com.android.internal.view.IInputMethodClient$Stub$Proxy@420b4d18 attribute=null, token = android.os.BinderProxy@420acd18
D/AndroidRuntime( 1688):
D/AndroidRuntime( 1688): >>>>>> AndroidRuntime START com.android.internal.os.RuntimeInit <<<<<<
D/AndroidRuntime( 1688): CheckJNI is ON
D/dalvikvm( 1688): Trying to load lib libjavacore.so 0x0
D/dalvikvm( 1688): Added shared lib libjavacore.so 0x0
D/dalvikvm( 1688): Trying to load lib libnativehelper.so 0x0
D/dalvikvm( 1688): Added shared lib libnativehelper.so 0x0
D/dalvikvm( 1688): No JNI_OnLoad found in libnativehelper.so 0x0, skipping init
D/dalvikvm( 1688): Note: class Landroid/app/ActivityManagerNative; has 179 unimplemented (abstract) methods
E/memtrack( 1688): Couldn't load memtrack module (No such file or directory)
E/android.os.Debug( 1688): failed to load memtrack module: -2
D/AndroidRuntime( 1688): Calling main entry com.android.commands.pm.Pm
W/ActivityManager( 446): No content provider found for permission revoke: file:///data/local/tmp/GLMark2.apk
W/ActivityManager( 446): No content provider found for permission revoke: file:///data/local/tmp/GLMark2.apk
I/PackageManager( 446): Copying native libraries to /data/app-lib/vmdl-345109088
D/dalvikvm( 446): GC_CONCURRENT freed 1553K, 18% free 9698K/11796K, paused 3ms+6ms, total 42ms
D/dalvikvm( 446): GC_FOR_ALLOC freed 1316K, 20% free 9538K/11796K, paused 28ms, total 28ms
W/PackageManager( 446): Attempt to re-install org.linaro.glmark2 without first uninstalling.
D/dalvikvm( 446): GC_EXPLICIT freed 110K, 20% free 9507K/11796K, paused 2ms+5ms, total 36ms
D/AndroidRuntime( 1688): Shutting down VM
D/dalvikvm( 1688): GC_CONCURRENT freed 124K, 19% free 568K/696K, paused 0ms+0ms, total 2ms
D/dalvikvm( 1688): Compiler shutdown in progress - discarding request
D/dalvikvm( 1688): Compiler shutdown in progress - discarding request
D/dalvikvm( 446): GC_FOR_ALLOC freed 640K, 22% free 9303K/11796K, paused 39ms, total 40ms
E/IMGSRV ( 871): :0: gralloc_register_buffer: Cannot register a buffer twice (ID=6)
W/GraphicBufferMapper( 871): registerBuffer(0x5f2bada0) failed -22 (Invalid argument)
E/GraphicBuffer( 871): unflatten: registerBuffer failed: Invalid argument (-22)
V/RenderScript( 871): 0x5db256b8 Launching thread(s), CPUs 2
E/IMGSRV ( 708): :0: gralloc_unregister_buffer: Cannot unregister unregistered buffer (ID=6)
W/GraphicBufferMapper( 708): unregisterBuffer(0x5dd6c810) failed -22 (Invalid argument)
I/ActivityManager( 446): START u0 {act=android.intent.action.MAIN cat=[android.intent.category.LAUNCHER] flg=0x10200000 cmp=com.android.settings/.Settings} from pid 871
D/dalvikvm( 446): GC_FOR_ALLOC freed 393K, 22% free 9309K/11796K, paused 38ms, total 38ms
D/dalvikvm( 708): GC_EXPLICIT freed 594K, 10% free 11735K/12956K, paused 4ms+11ms, total 60ms
E/StrictMode( 708): class com.android.settings.SubSettings; instances=4; limit=1
E/StrictMode( 708): android.os.StrictMode$InstanceCountViolation: class com.android.settings.SubSettings; instances=4; limit=1
E/StrictMode( 708): at android.os.StrictMode.setClassInstanceLimit(StrictMode.java:1)
D/BluetoothAdapter( 708): 1105068440: getState() : mService = null. Returning STATE_OFF
E/IMGSRV ( 708): :0: gralloc_register_buffer: Cannot register a buffer twice (ID=6)
W/GraphicBufferMapper( 708): registerBuffer(0x5df5d280) failed -22 (Invalid argument)
E/GraphicBuffer( 708): unflatten: registerBuffer failed: Invalid argument (-22)
E/IMGSRV ( 871): :0: gralloc_unregister_buffer: Cannot unregister unregistered buffer (ID=6)
W/GraphicBufferMapper( 871): unregisterBuffer(0x5deefbb8) failed -22 (Invalid argument)
D/dalvikvm( 446): GC_FOR_ALLOC freed 522K, 22% free 9303K/11796K, paused 43ms, total 43ms
D/dalvikvm( 446): GC_FOR_ALLOC freed 380K, 22% free 9294K/11796K, paused 38ms, total 38ms
D/dalvikvm( 503): GC_FOR_ALLOC freed 1386K, 38% free 8069K/12960K, paused 23ms, total 23ms
D/dalvikvm( 446): GC_FOR_ALLOC freed 372K, 22% free 9296K/11796K, paused 32ms, total 32ms
D/dalvikvm( 446): GC_FOR_ALLOC freed 373K, 22% free 9295K/11796K, paused 40ms, total 40ms
I/ActivityManager( 446): START u0 {act=android.intent.action.MAIN cat=[android.intent.category.HOME] flg=0x10200000 cmp=com.android.launcher/com.android.launcher2.Launcher} from pid 446
D/dalvikvm( 446): GC_FOR_ALLOC freed 4K, 19% free 9667K/11796K, paused 42ms, total 42ms
I/dalvikvm-heap( 446): Grow heap (frag case) to 9.870MB for 380496-byte allocation
D/dalvikvm( 446): GC_FOR_ALLOC freed 371K, 21% free 9667K/12168K, paused 46ms, total 46ms
E/IMGSRV ( 871): :0: gralloc_register_buffer: Cannot register a buffer twice (ID=6)
W/GraphicBufferMapper( 871): registerBuffer(0x5f5a7620) failed -22 (Invalid argument)
E/GraphicBuffer( 871): unflatten: registerBuffer failed: Invalid argument (-22)
E/IMGSRV ( 708): :0: gralloc_unregister_buffer: Cannot unregister unregistered buffer (ID=6)
W/GraphicBufferMapper( 708): unregisterBuffer(0x5df68008) failed -22 (Invalid argument)
D/LightsService( 446): Excessive delay setting light: 67ms
D/LightsService( 446): Excessive delay setting light: 67ms
I/PowerManagerService( 446): Going to sleep due to screen timeout...
D/SurfaceFlinger( 129): Screen released, type=0 flinger=0x418b4450
D/NfcService( 696): NFC-C OFF, disconnect
V/KeyguardHostView( 503): Initial transport state: 0, pbstate=0
W/ResourceType( 503): CREATING STRING CACHE OF 132 bytes
D/dalvikvm( 503): GC_CONCURRENT freed 1556K, 37% free 8188K/12960K, paused 2ms+3ms, total 32ms
D/dalvikvm( 503): WAIT_FOR_CONCURRENT_GC blocked 13ms
W/ResourceType( 503): CREATING STRING CACHE OF 92 bytes
W/ResourceType( 503): CREATING STRING CACHE OF 120 bytes
W/ResourceType( 503): CREATING STRING CACHE OF 108 bytes
W/ResourceType( 503): CREATING STRING CACHE OF 44 bytes
D/dalvikvm( 503): GC_FOR_ALLOC freed 590K, 30% free 9168K/12960K, paused 20ms, total 21ms
V/KeyguardHostView( 503): hide transport, gen:3
V/KeyguardHostView( 503): music state changed: 0
D/dalvikvm( 503): GC_CONCURRENT freed 1389K, 25% free 9820K/12960K, paused 1ms+3ms, total 29ms
D/dalvikvm( 503): WAIT_FOR_CONCURRENT_GC blocked 15ms
D/PhoneStatusBar( 503): disable: < expand icons alerts ticker system_info BACK* HOME* RECENT* CLOCK* SEARCH* > I/PowerManagerService( 446): Waking up from sleep...
V/KeyguardServiceDelegate( 446): onScreenTurnedOn(showListener = com.android.internal.policy.impl.PhoneWindowManager$17@421ce7a8)
V/KeyguardServiceDelegate( 446): **** SHOWN CALLED ****
I/WindowManager( 446): Lock screen displayed!
D/PowerManagerService-JNI( 446): Excessive delay in autosuspend_disable() while turning screen on: 357ms
D/SurfaceFlinger( 129): Screen acquired, type=0 flinger=0x418b4450
D/LightsService( 446): Excessive delay setting light: 83ms
D/LightsService( 446): Excessive delay setting light: 66ms
D/NfcService( 696): NFC-C ON
D/PhoneStatusBar( 503): disable: < expand icons alerts ticker system_info back* home* recent* clock* search* > W/InputMethodManagerService( 446): Window already focused, ignoring focus gain of: com.android.internal.view.IInputMethodClient$Stub$Proxy@42042ed0 attribute=android.view.inputmethod.EditorInfo@421c0118, token = android.os.BinderProxy@4204e700
D/dalvikvm( 871): GC_CONCURRENT freed 3889K, 65% free 9836K/27932K, paused 2ms+7ms, total 42ms
I/ActivityManager( 446): START u0 {act=android.intent.action.MAIN cat=[android.intent.category.LAUNCHER] flg=0x10200000 cmp=org.linaro.glmark2/.MainActivity} from pid 871
D/dalvikvm( 446): GC_FOR_ALLOC freed 1718K, 23% free 9391K/12168K, paused 42ms, total 42ms
W/ResourceType( 446): CREATING STRING CACHE OF 72 bytes
I/ActivityManager( 446): Start proc org.linaro.glmark2 for activity org.linaro.glmark2/.MainActivity: pid=1723 uid=10031 gids={50031, 1028, 1015}
E/dalvikvm( 1723): ERROR: couldn't find native method
E/dalvikvm( 1723): Requested: Lorg/linaro/glmark2/Glmark2Native;.done:()V
E/ ( 1723): RegisterNatives failed for 'org/linaro/glmark2/Glmark2Native'
E/ ( 1723): JNI_OnLoad: glmark2 native registration failed
W/dalvikvm( 1723): Exception Ljava/lang/NoSuchMethodError; thrown while initializing Lorg/linaro/glmark2/MainActivity;
W/dalvikvm( 1723): Class init failed in newInstance call (Lorg/linaro/glmark2/MainActivity;)
D/AndroidRuntime( 1723): Shutting down VM
W/dalvikvm( 1723): threadid=1: thread exiting with uncaught exception (group=0x41abcba8)
E/AndroidRuntime( 1723): FATAL EXCEPTION: main
E/AndroidRuntime( 1723): Process: org.linaro.glmark2, PID: 1723
E/AndroidRuntime( 1723): java.lang.NoSuchMethodError: no static or non-static method "Lorg/linaro/glmark2/Glmark2Native;.done()V"
E/AndroidRuntime( 1723): at java.lang.Runtime.nativeLoad(Native Method)
E/AndroidRuntime( 1723): at java.lang.Runtime.doLoad(Runtime.java:421)
E/AndroidRuntime( 1723): at java.lang.Runtime.loadLibrary(Runtime.java:362)
E/AndroidRuntime( 1723): at java.lang.System.loadLibrary(System.java:526)
E/AndroidRuntime( 1723): at org.linaro.glmark2.MainActivity.(MainActivity.java:480)
E/AndroidRuntime( 1723): at java.lang.Class.newInstanceImpl(Native Method)
E/AndroidRuntime( 1723): at java.lang.Class.newInstance(Class.java:1208)
E/AndroidRuntime( 1723): at android.app.Instrumentation.newActivity(Instrumentation.java:1061)
E/AndroidRuntime( 1723): at android.app.ActivityThread.performLaunchActivity(ActivityThread.java:2112)
E/AndroidRuntime( 1723): at android.app.ActivityThread.handleLaunchActivity(ActivityThread.java:2245)
E/AndroidRuntime( 1723): at android.app.ActivityThread.access$800(ActivityThread.java:135)
E/AndroidRuntime( 1723): at android.app.ActivityThread$H.handleMessage(ActivityThread.java:1196)
E/AndroidRuntime( 1723): at android.os.Handler.dispatchMessage(Handler.java:102)
E/AndroidRuntime( 1723): at android.os.Looper.loop(Looper.java:136)
E/AndroidRuntime( 1723): at android.app.ActivityThread.main(ActivityThread.java:5017)
E/AndroidRuntime( 1723): at java.lang.reflect.Method.invokeNative(Native Method)
E/AndroidRuntime( 1723): at java.lang.reflect.Method.invoke(Method.java:515)
E/AndroidRuntime( 1723): at com.android.internal.os.ZygoteInit$MethodAndArgsCaller.run(ZygoteInit.java:779)
E/AndroidRuntime( 1723): at com.android.internal.os.ZygoteInit.main(ZygoteInit.java:595)
E/AndroidRuntime( 1723): at dalvik.system.NativeStart.main(Native Method)
W/ActivityManager( 446): Force finishing activity org.linaro.glmark2/.MainActivity
E/IMGSRV ( 871): :0: gralloc_unregister_buffer: Cannot unregister unregistered buffer (ID=6)
W/GraphicBufferMapper( 871): unregisterBuffer(0x5de40ce0) failed -22 (Invalid argument)
D/dalvikvm( 446): GC_FOR_ALLOC freed 863K, 23% free 9457K/12168K, paused 50ms, total 51ms
W/ActivityManager( 446): Activity pause timeout for ActivityRecord{4212f050 u0 org.linaro.glmark2/.MainActivity t11 f}
E/IMGSRV ( 871): :0: gralloc_register_buffer: Cannot register a buffer twice (ID=6)
W/GraphicBufferMapper( 871): registerBuffer(0x5f5d2080) failed -22 (Invalid argument)
E/GraphicBuffer( 871): unflatten: registerBuffer failed: Invalid argument (-22)
D/dalvikvm( 871): GC_CONCURRENT freed 1869K, 64% free 10150K/27932K, paused 2ms+5ms, total 44ms
I/Process ( 1723): Sending signal. PID: 1723 SIG: 9
I/ActivityManager( 446): Process org.linaro.glmark2 (pid 1723) has died.
W/InputMethodManagerService( 446): Window already focused, ignoring focus gain of: com.android.internal.view.IInputMethodClient$Stub$Proxy@41ff5d78 attribute=null, token = android.os.BinderProxy@4204e700
I/ActivityManager( 446): START u0 {act=android.intent.action.MAIN cat=[android.intent.category.LAUNCHER] flg=0x10200000 cmp=org.linaro.glmark2/.MainActivity} from pid 871
W/ResourceType( 446): CREATING STRING CACHE OF 72 bytes
I/ActivityManager( 446): Start proc org.linaro.glmark2 for activity org.linaro.glmark2/.MainActivity: pid=1741 uid=10031 gids={50031, 1028, 1015}
E/dalvikvm( 1741): ERROR: couldn't find native method
E/dalvikvm( 1741): Requested: Lorg/linaro/glmark2/Glmark2Native;.done:()V
E/ ( 1741): RegisterNatives failed for 'org/linaro/glmark2/Glmark2Native'
E/ ( 1741): JNI_OnLoad: glmark2 native registration failed
W/dalvikvm( 1741): Exception Ljava/lang/NoSuchMethodError; thrown while initializing Lorg/linaro/glmark2/MainActivity;
W/dalvikvm( 1741): Class init failed in newInstance call (Lorg/linaro/glmark2/MainActivity;)
D/AndroidRuntime( 1741): Shutting down VM
W/dalvikvm( 1741): threadid=1: thread exiting with uncaught exception (group=0x41abcba8)
E/AndroidRuntime( 1741): FATAL EXCEPTION: main
E/AndroidRuntime( 1741): Process: org.linaro.glmark2, PID: 1741
E/AndroidRuntime( 1741): java.lang.NoSuchMethodError: no static or non-static method "Lorg/linaro/glmark2/Glmark2Native;.done()V"
E/AndroidRuntime( 1741): at java.lang.Runtime.nativeLoad(Native Method)
E/AndroidRuntime( 1741): at java.lang.Runtime.doLoad(Runtime.java:421)
E/AndroidRuntime( 1741): at java.lang.Runtime.loadLibrary(Runtime.java:362)
E/AndroidRuntime( 1741): at java.lang.System.loadLibrary(System.java:526)
E/AndroidRuntime( 1741): at org.linaro.glmark2.MainActivity.(MainActivity.java:480)
E/AndroidRuntime( 1741): at java.lang.Class.newInstanceImpl(Native Method)
E/AndroidRuntime( 1741): at java.lang.Class.newInstance(Class.java:1208)
E/AndroidRuntime( 1741): at android.app.Instrumentation.newActivity(Instrumentation.java:1061)
E/AndroidRuntime( 1741): at android.app.ActivityThread.performLaunchActivity(ActivityThread.java:2112)
E/AndroidRuntime( 1741): at android.app.ActivityThread.handleLaunchActivity(ActivityThread.java:2245)
E/AndroidRuntime( 1741): at android.app.ActivityThread.access$800(ActivityThread.java:135)
E/AndroidRuntime( 1741): at android.app.ActivityThread$H.handleMessage(ActivityThread.java:1196)
E/AndroidRuntime( 1741): at android.os.Handler.dispatchMessage(Handler.java:102)
E/AndroidRuntime( 1741): at android.os.Looper.loop(Looper.java:136)
E/AndroidRuntime( 1741): at android.app.ActivityThread.main(ActivityThread.java:5017)
E/AndroidRuntime( 1741): at java.lang.reflect.Method.invokeNative(Native Method)
E/AndroidRuntime( 1741): at java.lang.reflect.Method.invoke(Method.java:515)
E/AndroidRuntime( 1741): at com.android.internal.os.ZygoteInit$MethodAndArgsCaller.run(ZygoteInit.java:779)
E/AndroidRuntime( 1741): at com.android.internal.os.ZygoteInit.main(ZygoteInit.java:595)
E/AndroidRuntime( 1741): at dalvik.system.NativeStart.main(Native Method)
W/ActivityManager( 446): Force finishing activity org.linaro.glmark2/.MainActivity
E/IMGSRV ( 871): :0: gralloc_unregister_buffer: Cannot unregister unregistered buffer (ID=6)
W/GraphicBufferMapper( 871): unregisterBuffer(0x5f529408) failed -22 (Invalid argument)
D/dalvikvm( 446): GC_FOR_ALLOC freed 822K, 22% free 9551K/12168K, paused 43ms, total 44ms
W/ActivityManager( 446): Activity pause timeout for ActivityRecord{42034928 u0 org.linaro.glmark2/.MainActivity t12 f}
E/IMGSRV ( 871): :0: gralloc_register_buffer: Cannot register a buffer twice (ID=6)
W/GraphicBufferMapper( 871): registerBuffer(0x5f2c1ed0) failed -22 (Invalid argument)
E/GraphicBuffer( 871): unflatten: registerBuffer failed: Invalid argument (-22)
I/Process ( 1741): Sending signal. PID: 1741 SIG: 9
I/ActivityManager( 446): Process org.linaro.glmark2 (pid 1741) has died.
W/InputMethodManagerService( 446): Window already focused, ignoring focus gain of: com.android.internal.view.IInputMethodClient$Stub$Proxy@42053b30 attribute=null, token = android.os.BinderProxy@4204e700
W/ProcessCpuTracker( 446): Skipping unknown process pid 1741
I/ActivityManager( 446): START u0 {act=android.intent.action.MAIN cat=[android.intent.category.LAUNCHER] flg=0x10200000 cmp=com.android.settings/.Settings} from pid 871
D/dalvikvm( 446): GC_FOR_ALLOC freed 898K, 22% free 9548K/12168K, paused 51ms, total 51ms
D/BluetoothAdapter( 708): 1105068440: getState() : mService = null. Returning STATE_OFF
E/IMGSRV ( 708): :0: gralloc_register_buffer: Cannot register a buffer twice (ID=6)
W/GraphicBufferMapper( 708): registerBuffer(0x612a88e0) failed -22 (Invalid argument)
E/GraphicBuffer( 708): unflatten: registerBuffer failed: Invalid argument (-22)
E/IMGSRV ( 871): :0: gralloc_unregister_buffer: Cannot unregister unregistered buffer (ID=6)
W/GraphicBufferMapper( 871): unregisterBuffer(0x5db3b478) failed -22 (Invalid argument)
I/ActivityManager( 446): START u0 {act=android.intent.action.MAIN cmp=com.android.settings/.SubSettings (has extras)} from pid 708
W/ResourceType( 708): CREATING STRING CACHE OF 72 bytes
W/ResourceType( 708): CREATING STRING CACHE OF 124 bytes
D/SubSettings( 708): Launching fragment com.android.settings.deviceinfo.Memory
D/StorageMeasurement( 708): getDirectorySize(/storage/emulated/0/Android) returned 0
D/StorageMeasurement( 708): getDirectorySize(/storage/emulated/0/Podcasts) returned 8192
D/StorageMeasurement( 708): getDirectorySize(/storage/emulated/0/DCIM) returned 8192
D/StorageMeasurement( 708): getDirectorySize(/storage/emulated/0/Ringtones) returned 8192
D/StorageMeasurement( 708): getDirectorySize(/storage/emulated/0/Movies) returned 8192
D/StorageMeasurement( 708): getDirectorySize(/storage/emulated/0/Alarms) returned 8192
D/StorageMeasurement( 708): getDirectorySize(/storage/emulated/0/Music) returned 8192
D/StorageMeasurement( 708): getDirectorySize(/storage/emulated/0/Notifications) returned 8192
D/StorageMeasurement( 708): getDirectorySize(/storage/emulated/0/Pictures) returned 8192
D/StorageMeasurement( 708): getDirectorySize(/storage/emulated/0/Download) returned 8192
D/StorageMeasurement( 708): getDirectorySize(/storage/emulated/0) returned 118784
I/ActivityManager( 446): Displayed com.android.settings/.SubSettings: +297ms (total +19s862ms)
D/dalvikvm( 1472): GC_CONCURRENT freed 394K, 13% free 3091K/3552K, paused 2ms+2ms, total 15ms
D/BluetoothAdapter( 708): 1105068440: getState() : mService = null. Returning STATE_OFF
D/dalvikvm( 708): GC_EXPLICIT freed 628K, 9% free 11840K/12956K, paused 11ms+11ms, total 70ms
E/StrictMode( 708): class com.android.settings.SubSettings; instances=5; limit=1
E/StrictMode( 708): android.os.StrictMode$InstanceCountViolation: class com.android.settings.SubSettings; instances=5; limit=1
E/StrictMode( 708): at android.os.StrictMode.setClassInstanceLimit(StrictMode.java:1)
I/ActivityManager( 446): START u0 {act=android.intent.action.MAIN cmp=com.android.settings/.SubSettings (has extras)} from pid 708
W/ResourceType( 708): CREATING STRING CACHE OF 72 bytes
W/ResourceType( 708): CREATING STRING CACHE OF 124 bytes
D/SubSettings( 708): Launching fragment com.android.settings.SecuritySettings
D/dalvikvm( 446): GC_CONCURRENT freed 1750K, 23% free 9427K/12168K, paused 1ms+5ms, total 54ms
D/dalvikvm( 446): WAIT_FOR_CONCURRENT_GC blocked 9ms
I/ActivityManager( 446): Displayed com.android.settings/.SubSettings: +384ms
D/BluetoothAdapter( 708): 1105068440: getState() : mService = null. Returning STATE_OFF
D/dalvikvm( 708): GC_EXPLICIT freed 935K, 9% free 11910K/12956K, paused 9ms+10ms, total 69ms
E/StrictMode( 708): class com.android.settings.SubSettings; instances=6; limit=1
E/StrictMode( 708): android.os.StrictMode$InstanceCountViolation: class com.android.settings.SubSettings; instances=6; limit=1
E/StrictMode( 708): at android.os.StrictMode.setClassInstanceLimit(StrictMode.java:1)
I/ActivityManager( 446): START u0 {act=android.intent.action.MAIN cmp=com.android.settings/.SubSettings (has extras)} from pid 708
W/ResourceType( 708): CREATING STRING CACHE OF 72 bytes
W/ResourceType( 708): CREATING STRING CACHE OF 124 bytes
D/SubSettings( 708): Launching fragment com.android.settings.accessibility.AccessibilitySettings
I/ActivityManager( 446): Displayed com.android.settings/.SubSettings: +446ms
D/BluetoothAdapter( 708): 1105068440: getState() : mService = null. Returning STATE_OFF
D/dalvikvm( 708): GC_EXPLICIT freed 354K, 8% free 12014K/12956K, paused 2ms+11ms, total 54ms
E/StrictMode( 708): class com.android.settings.SubSettings; instances=7; limit=1
E/StrictMode( 708): android.os.StrictMode$InstanceCountViolation: class com.android.settings.SubSettings; instances=7; limit=1
E/StrictMode( 708): at android.os.StrictMode.setClassInstanceLimit(StrictMode.java:1)
I/ActivityManager( 446): START u0 {act=android.intent.action.MAIN cmp=com.android.settings/.SubSettings (has extras)} from pid 708
W/ResourceType( 708): CREATING STRING CACHE OF 72 bytes
W/ResourceType( 708): CREATING STRING CACHE OF 124 bytes
D/SubSettings( 708): Launching fragment com.android.settings.DevelopmentSettings
W/Settings( 708): Setting bugreport_in_power_menu has moved from android.provider.Settings.Secure to android.provider.Settings.Global.
E/Cryptfs ( 122): not running with encryption, aborting
D/PermissionCache( 129): checking android.permission.HARDWARE_TEST for uid=1000 => granted (213 us)
W/Settings( 708): Setting bugreport_in_power_menu has moved from android.provider.Settings.Secure to android.provider.Settings.Global.
E/Cryptfs ( 122): not running with encryption, aborting
I/ActivityManager( 446): Displayed com.android.settings/.SubSettings: +662ms
I/dalvikvm( 708): Jit: resizing JitTable from 4096 to 8192
D/BluetoothAdapter( 708): 1105068440: getState() : mService = null. Returning STATE_OFF
D/dalvikvm( 708): GC_EXPLICIT freed 1227K, 10% free 12156K/13452K, paused 6ms+12ms, total 69ms
E/StrictMode( 708): class com.android.settings.SubSettings; instances=7; limit=1
E/StrictMode( 708): android.os.StrictMode$InstanceCountViolation: class com.android.settings.SubSettings; instances=7; limit=1
E/StrictMode( 708): at android.os.StrictMode.setClassInstanceLimit(StrictMode.java:1)
D/dalvikvm( 446): GC_FOR_ALLOC freed 1494K, 21% free 9365K/11796K, paused 46ms, total 49ms
E/IMGSRV ( 871): :0: gralloc_register_buffer: Cannot register a buffer twice (ID=6)
W/GraphicBufferMapper( 871): registerBuffer(0x5de45438) failed -22 (Invalid argument)
E/GraphicBuffer( 871): unflatten: registerBuffer failed: Invalid argument (-22)
D/dalvikvm( 871): GC_CONCURRENT freed 1915K, 63% free 10532K/27932K, paused 3ms+11ms, total 56ms
I/ActivityManager( 446): START u0 {act=android.intent.action.MAIN cat=[android.intent.category.LAUNCHER] flg=0x10200000 cmp=org.linaro.glmark2/.MainActivity} from pid 871
D/dalvikvm( 446): GC_FOR_ALLOC freed 463K, 21% free 9346K/11796K, paused 40ms, total 41ms
W/ResourceType( 446): CREATING STRING CACHE OF 72 bytes
I/ActivityManager( 446): Start proc org.linaro.glmark2 for activity org.linaro.glmark2/.MainActivity: pid=1791 uid=10031 gids={50031, 1028, 1015}
E/dalvikvm( 1791): ERROR: couldn't find native method
E/dalvikvm( 1791): Requested: Lorg/linaro/glmark2/Glmark2Native;.done:()V
E/ ( 1791): RegisterNatives failed for 'org/linaro/glmark2/Glmark2Native'
E/ ( 1791): JNI_OnLoad: glmark2 native registration failed
W/dalvikvm( 1791): Exception Ljava/lang/NoSuchMethodError; thrown while initializing Lorg/linaro/glmark2/MainActivity;
W/dalvikvm( 1791): Class init failed in newInstance call (Lorg/linaro/glmark2/MainActivity;)
D/AndroidRuntime( 1791): Shutting down VM
W/dalvikvm( 1791): threadid=1: thread exiting with uncaught exception (group=0x41abcba8)
E/AndroidRuntime( 1791): FATAL EXCEPTION: main
E/AndroidRuntime( 1791): Process: org.linaro.glmark2, PID: 1791
E/AndroidRuntime( 1791): java.lang.NoSuchMethodError: no static or non-static method "Lorg/linaro/glmark2/Glmark2Native;.done()V"
E/AndroidRuntime( 1791): at java.lang.Runtime.nativeLoad(Native Method)
E/AndroidRuntime( 1791): at java.lang.Runtime.doLoad(Runtime.java:421)
E/AndroidRuntime( 1791): at java.lang.Runtime.loadLibrary(Runtime.java:362)
E/AndroidRuntime( 1791): at java.lang.System.loadLibrary(System.java:526)
E/AndroidRuntime( 1791): at org.linaro.glmark2.MainActivity.(MainActivity.java:480)
E/AndroidRuntime( 1791): at java.lang.Class.newInstanceImpl(Native Method)
E/AndroidRuntime( 1791): at java.lang.Class.newInstance(Class.java:1208)
E/AndroidRuntime( 1791): at android.app.Instrumentation.newActivity(Instrumentation.java:1061)
E/AndroidRuntime( 1791): at android.app.ActivityThread.performLaunchActivity(ActivityThread.java:2112)
E/AndroidRuntime( 1791): at android.app.ActivityThread.handleLaunchActivity(ActivityThread.java:2245)
E/AndroidRuntime( 1791): at android.app.ActivityThread.access$800(ActivityThread.java:135)
E/AndroidRuntime( 1791): at android.app.ActivityThread$H.handleMessage(ActivityThread.java:1196)
E/AndroidRuntime( 1791): at android.os.Handler.dispatchMessage(Handler.java:102)
E/AndroidRuntime( 1791): at android.os.Looper.loop(Looper.java:136)
E/AndroidRuntime( 1791): at android.app.ActivityThread.main(ActivityThread.java:5017)
E/AndroidRuntime( 1791): at java.lang.reflect.Method.invokeNative(Native Method)
E/AndroidRuntime( 1791): at java.lang.reflect.Method.invoke(Method.java:515)
E/AndroidRuntime( 1791): at com.android.internal.os.ZygoteInit$MethodAndArgsCaller.run(ZygoteInit.java:779)
E/AndroidRuntime( 1791): at com.android.internal.os.ZygoteInit.main(ZygoteInit.java:595)
E/AndroidRuntime( 1791): at dalvik.system.NativeStart.main(Native Method)
W/ActivityManager( 446): Force finishing activity org.linaro.glmark2/.MainActivity
D/dalvikvm( 446): GC_FOR_ALLOC freed 422K, 20% free 9464K/11796K, paused 30ms, total 31ms
D/dalvikvm( 446): GC_FOR_ALLOC freed 9K, 17% free 9827K/11796K, paused 56ms, total 56ms
I/dalvikvm-heap( 446): Grow heap (frag case) to 10.026MB for 380496-byte allocation
D/dalvikvm( 446): GC_FOR_ALLOC freed <1K, 17% free 10198K/12168K, paused 41ms, total 41ms
W/ActivityManager( 446): Activity pause timeout for ActivityRecord{42034928 u0 org.linaro.glmark2/.MainActivity t13 f}
I/ActivityManager( 446): Killing 1097:com.android.mms/u0a9 (adj 15): empty for 15894s
D/CountryDetector( 446): No listener is left
I/Process ( 1791): Sending signal. PID: 1791 SIG: 9
I/ActivityManager( 446): Process org.linaro.glmark2 (pid 1791) has died.
E/IMGSRV ( 708): :0: gralloc_unregister_buffer: Cannot unregister unregistered buffer (ID=6)
W/GraphicBufferMapper( 708): unregisterBuffer(0x5df68008) failed -22 (Invalid argument)
W/InputMethodManagerService( 446): Window already focused, ignoring focus gain of: com.android.internal.view.IInputMethodClient$Stub$Proxy@4200e9f0 attribute=null, token = android.os.BinderProxy@4204e700
I/ActivityManager( 446): START u0 {act=android.intent.action.MAIN cat=[android.intent.category.LAUNCHER] flg=0x10200000 cmp=com.android.settings/.Settings} from pid 871
D/dalvikvm( 446): GC_FOR_ALLOC freed 419K, 19% free 9882K/12168K, paused 42ms, total 42ms
W/ResourceType( 446): CREATING STRING CACHE OF 72 bytes
W/ResourceType( 708): CREATING STRING CACHE OF 72 bytes
W/ResourceType( 708): CREATING STRING CACHE OF 124 bytes
D/BluetoothAdapter( 708): 1105068440: getState() : mService = null. Returning STATE_OFF
E/IMGSRV ( 708): :0: gralloc_register_buffer: Cannot register a buffer twice (ID=6)
W/GraphicBufferMapper( 708): registerBuffer(0x6155ba50) failed -22 (Invalid argument)
E/GraphicBuffer( 708): unflatten: registerBuffer failed: Invalid argument (-22)
D/BluetoothAdapter( 708): 1105068440: getState() : mService = null. Returning STATE_OFF
I/ActivityManager( 446): Displayed com.android.settings/.Settings: +447ms
E/IMGSRV ( 871): :0: gralloc_unregister_buffer: Cannot unregister unregistered buffer (ID=6)
W/GraphicBufferMapper( 871): unregisterBuffer(0x5f474f18) failed -22 (Invalid argument)
D/ConnectivityService( 446): Sampling interval elapsed, updating statistics ..
D/ConnectivityService( 446): Done.
D/ConnectivityService( 446): Setting timer for 720seconds
D/LightsService( 446): Excessive delay setting light: 67ms
D/LightsService( 446): Excessive delay setting light: 66ms
I/PowerManagerService( 446): Going to sleep due to screen timeout...
D/SurfaceFlinger( 129): Screen released, type=0 flinger=0x418b4450
D/NfcService( 696): NFC-C OFF, disconnect
V/KeyguardHostView( 503): Initial transport state: 0, pbstate=0
W/ResourceType( 503): CREATING STRING CACHE OF 132 bytes
W/ResourceType( 503): CREATING STRING CACHE OF 120 bytes
W/ResourceType( 503): CREATING STRING CACHE OF 108 bytes
W/ResourceType( 503): CREATING STRING CACHE OF 44 bytes
D/dalvikvm( 503): GC_CONCURRENT freed 2128K, 24% free 9907K/12960K, paused 3ms+5ms, total 34ms
V/KeyguardHostView( 503): hide transport, gen:3
V/KeyguardHostView( 503): music state changed: 0
D/dalvikvm( 446): GC_CONCURRENT freed 1658K, 19% free 9935K/12168K, paused 3ms+6ms, total 58ms
D/dalvikvm( 446): WAIT_FOR_CONCURRENT_GC blocked 28ms
D/PhoneStatusBar( 503): disable: < expand icons alerts ticker system_info BACK* HOME* RECENT* CLOCK* SEARCH* > D/AndroidRuntime( 1812):
D/AndroidRuntime( 1812): >>>>>> AndroidRuntime START com.android.internal.os.RuntimeInit <<<<<<
D/AndroidRuntime( 1812): CheckJNI is ON
D/dalvikvm( 1812): Trying to load lib libjavacore.so 0x0
D/dalvikvm( 1812): Added shared lib libjavacore.so 0x0
D/dalvikvm( 1812): Trying to load lib libnativehelper.so 0x0
D/dalvikvm( 1812): Added shared lib libnativehelper.so 0x0
D/dalvikvm( 1812): No JNI_OnLoad found in libnativehelper.so 0x0, skipping init
D/dalvikvm( 1812): Note: class Landroid/app/ActivityManagerNative; has 179 unimplemented (abstract) methods
E/memtrack( 1812): Couldn't load memtrack module (No such file or directory)
E/android.os.Debug( 1812): failed to load memtrack module: -2
D/AndroidRuntime( 1812): Calling main entry com.android.commands.pm.Pm
W/PackageManager( 446): Package named 'GLMark2.apk' doesn't exist.
D/dalvikvm( 446): GC_EXPLICIT freed 448K, 21% free 9718K/12168K, paused 2ms+6ms, total 50ms
D/AndroidRuntime( 1812): Shutting down VM
D/dalvikvm( 1812): GC_CONCURRENT freed 94K, 15% free 558K/656K, paused 1ms+0ms, total 4ms
D/AndroidRuntime( 1823):
D/AndroidRuntime( 1823): >>>>>> AndroidRuntime START com.android.internal.os.RuntimeInit <<<<<<
D/AndroidRuntime( 1823): CheckJNI is ON
D/dalvikvm( 1823): Trying to load lib libjavacore.so 0x0
D/dalvikvm( 1823): Added shared lib libjavacore.so 0x0
D/dalvikvm( 1823): Trying to load lib libnativehelper.so 0x0
D/dalvikvm( 1823): Added shared lib libnativehelper.so 0x0
D/dalvikvm( 1823): No JNI_OnLoad found in libnativehelper.so 0x0, skipping init
D/dalvikvm( 1823): Note: class Landroid/app/ActivityManagerNative; has 179 unimplemented (abstract) methods
E/memtrack( 1823): Couldn't load memtrack module (No such file or directory)
E/android.os.Debug( 1823): failed to load memtrack module: -2
D/AndroidRuntime( 1823): Calling main entry com.android.commands.pm.Pm
W/PackageManager( 446): Package named 'GLMark2' doesn't exist.
D/dalvikvm( 446): GC_EXPLICIT freed 11K, 21% free 9707K/12168K, paused 3ms+5ms, total 49ms
D/AndroidRuntime( 1823): Shutting down VM
D/dalvikvm( 1823): GC_CONCURRENT freed 94K, 15% free 558K/656K, paused 1ms+0ms, total 4ms
I/PowerManagerService( 446): Waking up from sleep...
V/KeyguardServiceDelegate( 446): onScreenTurnedOn(showListener = com.android.internal.policy.impl.PhoneWindowManager$17@42038018)
V/KeyguardServiceDelegate( 446): **** SHOWN CALLED ****
I/WindowManager( 446): Lock screen displayed!
D/PowerManagerService-JNI( 446): Excessive delay in autosuspend_disable() while turning screen on: 359ms
D/SurfaceFlinger( 129): Screen acquired, type=0 flinger=0x418b4450
D/LightsService( 446): Excessive delay setting light: 83ms
D/LightsService( 446): Excessive delay setting light: 67ms
D/dalvikvm( 503): GC_CONCURRENT freed 1978K, 22% free 10204K/12960K, paused 2ms+3ms, total 26ms
D/BluetoothAdapter( 708): 1105068440: getState() : mService = null. Returning STATE_OFF
D/NfcService( 696): NFC-C ON
D/PhoneStatusBar( 503): disable: < expand icons alerts ticker system_info back* home* recent* clock* search* > I/Choreographer( 708): Skipped 63 frames! The application may be doing too much work on its main thread.
W/InputMethodManagerService( 446): Window already focused, ignoring focus gain of: com.android.internal.view.IInputMethodClient$Stub$Proxy@420e40a8 attribute=android.view.inputmethod.EditorInfo@42027320, token = android.os.BinderProxy@42512bb8
I/ActivityManager( 446): START u0 {act=android.intent.action.MAIN cmp=com.android.settings/.SubSettings (has extras)} from pid 708
W/ResourceType( 708): CREATING STRING CACHE OF 72 bytes
W/ResourceType( 708): CREATING STRING CACHE OF 124 bytes
D/SubSettings( 708): Launching fragment com.android.settings.applications.ManageApplications
W/ContextImpl( 708): Calling a method in the system process without a qualified user: android.app.ContextImpl.bindService:1543 android.content.ContextWrapper.bindService:517 com.android.settings.applications.ManageApplications.onCreate:863 android.app.Fragment.performCreate:1678 android.app.FragmentManagerImpl.moveToState:859
W/ResourceType( 708): CREATING STRING CACHE OF 152 bytes
W/ResourceType( 708): CREATING STRING CACHE OF 88 bytes
W/ResourceType( 708): CREATING STRING CACHE OF 160 bytes
V/RenderScript( 708): 0x5f550410 Launching thread(s), CPUs 2
I/ActivityManager( 446): Displayed com.android.settings/.SubSettings: +303ms
D/dalvikvm( 1472): GC_CONCURRENT freed 393K, 13% free 3092K/3548K, paused 1ms+2ms, total 22ms
W/ResourceType( 708): CREATING STRING CACHE OF 152 bytes
D/dalvikvm( 1472): GC_CONCURRENT freed 394K, 13% free 3091K/3548K, paused 1ms+1ms, total 14ms
D/dalvikvm( 446): GC_CONCURRENT freed 1534K, 20% free 9749K/12168K, paused 2ms+4ms, total 43ms
I/ActivityManager( 446): START u0 {act=android.intent.action.MAIN cmp=com.android.settings/.SubSettings (has extras)} from pid 708
W/ResourceType( 708): CREATING STRING CACHE OF 72 bytes
W/ResourceType( 708): CREATING STRING CACHE OF 124 bytes
D/SubSettings( 708): Launching fragment com.android.settings.applications.InstalledAppDetails
W/ResourceType( 708): CREATING STRING CACHE OF 188 bytes
W/ResourceType( 708): CREATING STRING CACHE OF 76 bytes
D/android.widget.GridLayout( 708): vertical constraints: y1-y0>=53, y2-y1>=500, y2-y0<=96 are inconsistent; permanently removing: y2-y0<=96.
I/ActivityManager( 446): Displayed com.android.settings/.SubSettings: +431ms
D/dalvikvm( 1472): GC_CONCURRENT freed 388K, 13% free 3090K/3544K, paused 1ms+1ms, total 15ms
D/AndroidRuntime( 1848):
