I/bt_hwcfg( 1027): SCO over I2SPCM interface {1, 1, 0, 1}
I/bte_conf( 1027): Attempt to load did conf from /etc/bluetooth/bt_did.conf
I/bte_conf( 1027): [1] primary_record=1 vendor_id=0x000F vendor_id_source=0x0001 product_id=0x1200 version=0x1436
I/bte_conf( 1027): Attempt to load did conf from /etc/bluetooth/bt_did.conf
I/bte_conf( 1027): Attempt to load did conf from /etc/bluetooth/bt_did.conf
E/bt-btif ( 1027): btif_config_get(L189): assert failed: section && *section && key && *key && name && *name && bytes && type
D/BluetoothPanServiceJni( 1027): control_state_callback(L61): state:0, local_role:0, ifname:bt-pan
D/BluetoothAdapterState( 1027): CURRENT_STATE=PENDING, MESSAGE = ENABLE_READY, isTurningOn=true, isTurningOff=false
D/BluetoothAdapterProperties( 1027): ScanMode = 20
D/BluetoothAdapterProperties( 1027): State = 11
D/BluetoothAdapterProperties( 1027): Setting state to 12
I/BluetoothAdapterState( 1027): Bluetooth adapter state changed: 11-> 12
D/BluetoothAdapterService( 1027): Broadcasting updateAdapterState() to 0 receivers.
I/BluetoothAdapterState( 1027): Entering On State
I/BluetoothAdapterProperties( 1027): adapterPropertyChangedCallback with type:7 len:4
D/BluetoothAdapterProperties( 1027): Scan Mode:21
I/BluetoothAdapterProperties( 1027): adapterPropertyChangedCallback with type:9 len:4
D/BluetoothAdapterProperties( 1027): Discoverable Timeout:120 D/BluetoothAdapterService(1104998272)( 1027): Get Bonded Devices being called D/BluetoothAdapterService(1104998272)( 1027): Get Bonded Devices being called
E/bt_h4 ( 1027): vendor lib postload completed
D/CountryDetector( 446): The first listener is added
E/MetadataRetrieverClient( 132): failed to extract an album art
V/MmsConfig( 1097): mnc/mcc:
V/MmsConfig( 1097): tag: bool value: enabledMMS - true
V/MmsConfig( 1097): tag: int value: maxMessageSize - 307200
V/MmsConfig( 1097): tag: int value: maxImageHeight - 480
V/MmsConfig( 1097): tag: int value: maxImageWidth - 640
V/MmsConfig( 1097): tag: int value: defaultSMSMessagesPerThread - 500
V/MmsConfig( 1097): tag: int value: defaultMMSMessagesPerThread - 50
V/MmsConfig( 1097): tag: int value: minMessageCountPerThread - 10
V/MmsConfig( 1097): tag: int value: maxMessageCountPerThread - 5000
V/MmsConfig( 1097): tag: string value: uaProfUrl - http://wap.samsungmobile.com/uaprof/galaxynexus.xml
V/MmsConfig( 1097): tag: int value: recipientLimit - -1
V/MmsConfig( 1097): tag: bool value: enableSlideDuration - true
V/MmsConfig( 1097): tag: int value: maxMessageTextSize - -1
V/MmsConfig( 1097): tag: string value: userAgent - GalaxyNexus
I/ActivityManager( 446): Delay finish: com.android.mms/.transaction.MmsSystemEventReceiver
D/dalvikvm( 681): GC_CONCURRENT freed 452K, 15% free 3478K/4068K, paused 4ms+7ms, total 24ms
D/BluetoothManagerService( 446): Stored Bluetooth name: Galaxy Nexus
D/Mms:app ( 1097): cancelNotification
D/BluetoothManagerService( 446): Stored Bluetoothaddress: 38:0A:94:B6:B3:33
D/dalvikvm( 1097): GC_CONCURRENT freed 179K, 7% free 3263K/3508K, paused 2ms+1ms, total 19ms
I/ActivityManager( 446): Resuming delayed broadcast
I/ActivityManager( 446): Delay finish: com.android.mms/.transaction.SmsReceiver
D/MmsSmsDatabaseHelper( 681): [MmsSmsDb] tableName: threads hasAutoIncrement: CREATE TABLE threads (_id INTEGER PRIMARY KEY AUTOINCREMENT,date INTEGER DEFAULT 0,message_count INTEGER DEFAULT 0,recipient_ids TEXT,snippet TEXT,snippet_cs INTEGER DEFAULT 0,read INTEGER DEFAULT 1,type INTEGER DEFAULT 0,error INTEGER DEFAULT 0,has_attachment INTEGER DEFAULT 0) result: true
D/MmsSmsDatabaseHelper( 681): [MmsSmsDb] tableName: canonical_addresses hasAutoIncrement: CREATE TABLE canonical_addresses (_id INTEGER PRIMARY KEY AUTOINCREMENT,address TEXT) result: true
D/MmsSmsDatabaseHelper( 681): [MmsSmsDb] tableName: part hasAutoIncrement: CREATE TABLE part (_id INTEGER PRIMARY KEY AUTOINCREMENT,mid INTEGER,seq INTEGER DEFAULT 0,ct TEXT,name TEXT,chset INTEGER,cd TEXT,fn TEXT,cid TEXT,cl TEXT,ctt_s INTEGER,ctt_t TEXT,_data TEXT,text TEXT) result: true
D/BluetoothAdapterState( 1027): CURRENT_STATE=ON, MESSAGE = USER_TURN_OFF
D/BluetoothAdapterProperties( 1027): Setting state to 13
I/BluetoothAdapterState( 1027): Bluetooth adapter state changed: 12-> 13
D/BluetoothAdapterService( 1027): Broadcasting updateAdapterState() to 0 receivers.
D/BluetoothAdapterProperties( 1027): onBluetoothDisable()
D/MmsSmsDatabaseHelper( 681): [MmsSmsDb] tableName: pdu hasAutoIncrement: CREATE TABLE pdu (_id INTEGER PRIMARY KEY AUTOINCREMENT,thread_id INTEGER,date INTEGER,date_sent INTEGER DEFAULT 0,msg_box INTEGER,read INTEGER DEFAULT 0,m_id TEXT,sub TEXT,sub_cs INTEGER,ct_t TEXT,ct_l TEXT,exp INTEGER,m_cls TEXT,m_type INTEGER,v INTEGER,m_size INTEGER,pri INTEGER,rr INTEGER,rpt_a INTEGER,resp_st INTEGER,st INTEGER,tr_id TEXT,retr_st INTEGER,retr_txt TEXT,retr_txt_cs INTEGER,read_status INTEGER,ct_cls INTEGER,resp_txt TEXT,d_tm INTEGER,d_rpt INTEGER,locked INTEGER DEFAULT 0,seen INTEGER DEFAULT 0,text_only INTEGER DEFAULT 0) result: true
I/BluetoothAdapterProperties( 1027): adapterPropertyChangedCallback with type:7 len:4
I/BluetoothAdapterState( 1027): Entering PendingCommandState State: isTurningOn()=false, isTurningOff()=true
D/MmsSmsDatabaseHelper( 681): [getWritableDatabase] hasAutoIncrementThreads: true hasAutoIncrementAddresses: true hasAutoIncrementPart: true hasAutoIncrementPdu: true
D/BluetoothAdapterProperties( 1027): Scan Mode:20
D/BluetoothAdapterState( 1027): CURRENT_STATE=PENDING, MESSAGE = BEGIN_DISABLE, isTurningOn=false, isTurningOff=true
D/btif_config_util( 1027): btif_config_save_file(L153): in file name:/data/misc/bluedroid/bt_config.new
W/bt-btif ( 1027): bta_dm_disable BTA_DISABLE_DELAY set to 200 ms
W/bt-l2cap( 1027): L2CAP - PSM: 0x0019 not found for deregistration
W/bt-l2cap( 1027): L2CAP - PSM: 0x0017 not found for deregistration
D/Mms:app ( 1097): cancelNotification
I/ActivityManager( 446): Resuming delayed broadcast
I/ActivityManager( 446): Start proc com.android.onetimeinitializer for broadcast com.android.onetimeinitializer/.OneTimeInitializerReceiver: pid=1129 uid=10011 gids={50011}
I/PackageManager( 446): Running dexopt on: com.android.onetimeinitializer
D/dalvikvm( 1142): DexOpt: load 6ms, verify+opt 4ms, 141100 bytes
V/OneTimeInitializerRece( 1129): OneTimeInitializerReceiver.onReceive
I/OneTimeInitializerServ( 1129): Updating to version 1.
I/ActivityManager( 446): Delay finish: com.android.onetimeinitializer/.OneTimeInitializerReceiver
W/bt-btif ( 1027): ag scb idx 1 not allocated
E/bt-btif ( 1027): BTA AG is already disabled, ignoring ...
W/bt-l2cap( 1027): L2CAP - PSM: 0x0019 not found for deregistration
W/bt-l2cap( 1027): L2CAP - PSM: 0x0017 not found for deregistration
W/bt-l2cap( 1027): L2CAP - PSM: 0x0019 not found for deregistration
W/bt-l2cap( 1027): L2CAP - PSM: 0x0017 not found for deregistration
W/bt-l2cap( 1027): L2CAP - PSM: 0x0019 not found for deregistration
W/bt-l2cap( 1027): L2CAP - PSM: 0x0017 not found for deregistration
I/ActivityManager( 446): Resuming delayed broadcast
I/ActivityManager( 446): Start proc com.android.voicedialer for broadcast com.android.voicedialer/.VoiceDialerReceiver: pid=1146 uid=10015 gids={50015, 3002}
I/PackageManager( 446): Running dexopt on: com.android.voicedialer
D/dalvikvm( 1159): DexOpt: load 12ms, verify+opt 55ms, 377220 bytes
D/AlertReceiver( 953): onReceive: a=android.intent.action.BOOT_COMPLETED Intent { act=android.intent.action.BOOT_COMPLETED flg=0x8000010 cmp=com.android.calendar/.alerts.AlertReceiver (has extras) }
I/ActivityManager( 446): Delay finish: com.android.calendar/.alerts.AlertReceiver
D/AlertUtils( 953): Flushing old alerts from shared prefs table
D/AlertService( 953): 0 Action = android.intent.action.BOOT_COMPLETED
D/AlertService( 953): Scheduling next alarm with AlarmScheduler. sEventReminderReceived: null
D/AlarmScheduler( 953): No events found starting within 1 week.
E/BluetoothManagerService( 446): waitForOnOff time out
D/BluetoothManagerService( 446): unbindAndFinish(): android.bluetooth.IBluetooth$Stub$Proxy@42052568 mBinding = false
D/BluetoothManagerService( 446): Sending unbind request.
D/BluetoothAdapterService( 1027): Cleaning up adapter native....
I/bt_hci_bdroid( 1027): ...epilog_wait_timeout...
I/bt_hci_bdroid( 1027): bt_hc_worker_thread exiting
W/bt_userial( 1027): select_read return size <=0:-1, exiting userial_read_thread
I/bt_userial_vendor( 1027): device fd = 68 close
D/BTSNOOP-DISP( 1027): btsnoop_close
I/GKI_LINUX( 1027): gki_task_entry: gki_task task_id=0 [BTU] terminating
I/GKI_LINUX( 1027): GKI_exit_task: GKI_exit_task 0 done
I/GKI_LINUX( 1027): GKI_destroy_task: GKI_shutdown(): task [BTU] terminated
I/GKI_LINUX( 1027): gki_task_entry: gki_task task_id=1 [BTIF] terminating
I/GKI_LINUX( 1027): GKI_exit_task: GKI_exit_task 1 done
I/GKI_LINUX( 1027): GKI_destroy_task: GKI_shutdown(): task [BTIF] terminated
I/GKI_LINUX( 1027): gki_task_entry: gki_task task_id=2 [A2DP-MEDIA] terminating
I/GKI_LINUX( 1027): GKI_exit_task: GKI_exit_task 2 done
I/BluetoothServiceJni( 1027): cleanupNative: return from cleanup
D/BluetoothAdapterService( 1027): Done cleaning up adapter native.... D/BluetoothAdapterService(1104998272)( 1027): ****onDestroy()********
W/BackupManagerService( 446): dataChanged but no participant pkg='com.android.providers.settings' uid=10005
D/dalvikvm( 730): GC_CONCURRENT freed 270K, 9% free 3436K/3772K, paused 1ms+1ms, total 12ms
I/ActivityManager( 446): Waited long enough for: ServiceRecord{4203e330 u0 com.android.music/.MediaPlaybackService}
I/ActivityManager( 446): Resuming delayed broadcast
I/ActivityManager( 446): Start proc com.android.camera2 for broadcast com.android.camera2/com.android.camera.DisableCameraReceiver: pid=1164 uid=10023 gids={50023, 3003, 1028, 1015}
I/PackageManager( 446): Running dexopt on: com.android.camera2
D/dalvikvm( 1177): DexOpt: load 59ms, verify+opt 273ms, 1265452 bytes
E/ ( 132): num_cameras = 2
I/DisableCameraReceiver( 1164): back camera found: 0
V/AlarmClock( 986): AlarmInitReceiver android.intent.action.BOOT_COMPLETED
D/dalvikvm( 986): GC_CONCURRENT freed 327K, 11% free 3165K/3556K, paused 5ms+2ms, total 28ms
V/AlarmClock( 986): AlarmInitReceiver - Reset timers and clear stopwatch data
V/AlarmClock( 986): AlarmInitReceiver - resetting volume button default
I/AlarmClock( 986): Displaying next alarm time: ''
V/AlarmClock( 986): AlarmInitReceiver finished
I/ActivityManager( 446): Delay finish: com.android.email/.service.EmailUpgradeBroadcastReceiver
D/dalvikvm( 446): GC_CONCURRENT freed 702K, 15% free 5900K/6900K, paused 2ms+5ms, total 52ms
I/ActivityManager( 446): Resuming delayed broadcast
I/Email ( 790): Onetime initialization: 1
I/Email ( 790): Onetime initialization: 2
I/ActivityManager( 446): Delay finish: com.android.email/.service.EmailBroadcastReceiver
I/Email ( 790): Onetime initialization: completed.
I/ActivityManager( 446): Delaying start of: ServiceRecord{420e64c8 u0 com.android.exchange/.service.EmailSyncAdapterService}
I/ActivityManager( 446): Resuming delayed broadcast
I/ActivityManager( 446): Start proc com.android.gallery3d for broadcast com.android.gallery3d/com.android.camera.DisableCameraReceiver: pid=1184 uid=10033 gids={50033, 3003, 1028, 1015}
I/PackageManager( 446): Running dexopt on: com.android.gallery3d
D/dalvikvm( 1197): DexOpt: 'Landroid/util/Pools$Pool;' has an earlier definition; blocking out
D/dalvikvm( 1197): DexOpt: 'Landroid/util/Pools$SimplePool;' has an earlier definition; blocking out
D/dalvikvm( 1197): DexOpt: 'Landroid/util/Pools$SynchronizedPool;' has an earlier definition; blocking out
D/dalvikvm( 1197): DexOpt: 'Landroid/util/Pools;' has an earlier definition; blocking out
D/dalvikvm( 730): GC_CONCURRENT freed 325K, 11% free 3508K/3900K, paused 2ms+1ms, total 13ms
D/dalvikvm( 1197): DexOpt: not verifying/optimizing 'Landroid/util/Pools$Pool;': multiple definitions
D/dalvikvm( 1197): DexOpt: not verifying/optimizing 'Landroid/util/Pools$SimplePool;': multiple definitions
D/dalvikvm( 1197): DexOpt: not verifying/optimizing 'Landroid/util/Pools$SynchronizedPool;': multiple definitions
D/dalvikvm( 1197): DexOpt: not verifying/optimizing 'Landroid/util/Pools;': multiple definitions
E/MetadataRetrieverClient( 132): failed to extract an album art
D/dalvikvm( 730): GC_CONCURRENT freed 441K, 13% free 3485K/3992K, paused 2ms+1ms, total 13ms
E/MetadataRetrieverClient( 132): failed to extract an album art
I/dalvikvm( 1197): DexOpt: not resolving ambiguous class 'Landroid/util/Pools$SynchronizedPool;'
I/dalvikvm( 1197): DexOpt: not resolving ambiguous class 'Landroid/util/Pools$SimplePool;'
I/dalvikvm( 1197): DexOpt: not resolving ambiguous class 'Landroid/util/Pools$Pool;'
I/dalvikvm( 1197): DexOpt: not resolving ambiguous class 'Landroid/util/Pools$SynchronizedPool;'
D/dalvikvm( 1197): DexOpt: load 112ms, verify+opt 599ms, 2327236 bytes
I/G:DisableCameraReceiver( 1184): back camera found: 0
I/LauncherIconVisibilityManager( 652): Boot has been completed
I/LauncherIconVisibilityManager( 652): Disable activity: ComponentInfo{com.android.inputmethod.latin/com.android.inputmethod.latin.setup.SetupActivity}
D/AlertReceiver( 953): onReceive: a=android.intent.action.PROVIDER_CHANGED Intent { act=android.intent.action.PROVIDER_CHANGED dat=content://com.android.calendar flg=0x10 cmp=com.android.calendar/.alerts.AlertReceiver }
I/ActivityManager( 446): Delay finish: com.android.calendar/.alerts.AlertReceiver
D/AlertService( 953): 0 Action = android.intent.action.PROVIDER_CHANGED
D/dalvikvm( 652): GC_CONCURRENT freed 340K, 11% free 3430K/3832K, paused 3ms+8ms, total 38ms
I/ActivityManager( 446): Waited long enough for: ServiceRecord{420579c0 u0 com.android.providers.media/.MediaScannerService}
I/ActivityManager( 446): Resuming delayed broadcast
I/ActivityManager( 446): Delay finish: com.android.gallery3d/.app.PackagesMonitor
I/ActivityManager( 446): Resuming delayed broadcast
I/ActivityManager( 446): Delay finish: com.android.gallery3d/.app.PackagesMonitor
I/ActivityManager( 446): Resuming delayed broadcast
I/ActivityManager( 446): Delay finish: com.android.gallery3d/.app.PackagesMonitor
I/ActivityManager( 446): Resuming delayed broadcast
D/BluetoothAdapter( 708): 1105068440: getState() : mService = null. Returning STATE_OFF
D/BluetoothAdapter( 708): 1105068440: getState() : mService = null. Returning STATE_OFF
V/SmsReceiverService( 1097): onStart: #1 mResultCode: -1 = Activity.RESULT_OK
I/ActivityManager( 446): Delay finish: com.android.mms/.transaction.SmsReceiver
I/ActivityManager( 446): Resuming delayed broadcast
I/ActivityManager( 446): Delay finish: com.android.providers.calendar/.CalendarProviderBroadcastReceiver
I/ActivityManager( 446): Resuming delayed broadcast
D/dalvikvm( 972): GC_CONCURRENT freed 227K, 9% free 3236K/3528K, paused 2ms+2ms, total 26ms
I/ActivityManager( 446): Waited long enough for: ServiceRecord{42016128 u0 com.android.calendar/.alerts.InitAlarmsService}
I/GlobalDismissManager( 953): no sender configured
D/AlertService( 953): Beginning updateAlertNotification
D/AlertService( 953): No fired or scheduled alerts
D/dalvikvm( 953): GC_CONCURRENT freed 285K, 10% free 3158K/3508K, paused 13ms+2ms, total 39ms
D/AlertService( 953): Scheduling next alarm with AlarmScheduler. sEventReminderReceived: null
D/AlarmScheduler( 953): No events found starting within 1 week.
I/InputReader( 446): Reconfiguring input devices. changes=0x00000010
I/InputReader( 446): Reconfiguring input devices. changes=0x00000010
I/PackageManager( 446): Action: "android.intent.action.SENDTO"
I/PackageManager( 446): Category: "android.intent.category.DEFAULT"
I/PackageManager( 446): Scheme: "sms"
I/PackageManager( 446): Adding preferred activity ComponentInfo{com.android.mms/com.android.mms.ui.ComposeMessageActivity} for user 0 :
D/dalvikvm( 446): GC_CONCURRENT freed 716K, 15% free 5900K/6896K, paused 4ms+6ms, total 97ms
D/dalvikvm( 446): WAIT_FOR_CONCURRENT_GC blocked 28ms
D/dalvikvm( 446): WAIT_FOR_CONCURRENT_GC blocked 28ms
D/dalvikvm( 446): WAIT_FOR_CONCURRENT_GC blocked 29ms
D/dalvikvm( 446): WAIT_FOR_CONCURRENT_GC blocked 31ms
D/dalvikvm( 446): WAIT_FOR_CONCURRENT_GC blocked 32ms
I/InputReader( 446): Reconfiguring input devices. changes=0x00000010
I/PackageManager( 446): Action: "android.intent.action.SENDTO"
I/PackageManager( 446): Category: "android.intent.category.DEFAULT"
I/PackageManager( 446): Scheme: "smsto"
I/PackageManager( 446): Adding preferred activity ComponentInfo{com.android.mms/com.android.mms.ui.ComposeMessageActivity} for user 0 :
I/PackageManager( 446): Action: "android.intent.action.SENDTO"
I/PackageManager( 446): Category: "android.intent.category.DEFAULT"
I/PackageManager( 446): Scheme: "mms"
I/InputReader( 446): Reconfiguring input devices. changes=0x00000010
I/PackageManager( 446): Adding preferred activity ComponentInfo{com.android.mms/com.android.mms.ui.ComposeMessageActivity} for user 0 :
I/PackageManager( 446): Action: "android.intent.action.SENDTO"
I/PackageManager( 446): Category: "android.intent.category.DEFAULT"
I/PackageManager( 446): Scheme: "mmsto"
I/PackageManager( 446): Adding preferred activity ComponentInfo{com.android.mms/com.android.mms.ui.ComposeMessageActivity} for user 0 :
I/PackageManager( 446): Action: "android.intent.action.SENDTO"
I/PackageManager( 446): Category: "android.intent.category.DEFAULT"
I/PackageManager( 446): Scheme: "sms"
I/PackageManager( 446): Adding preferred activity ComponentInfo{com.android.mms/com.android.mms.ui.ComposeMessageActivity} for user 0 :
D/dalvikvm( 681): GC_CONCURRENT freed 284K, 11% free 3595K/4032K, paused 3ms+2ms, total 24ms
I/PackageManager( 446): Action: "android.intent.action.SENDTO"
I/PackageManager( 446): Category: "android.intent.category.DEFAULT"
I/PackageManager( 446): Scheme: "smsto"
I/PackageManager( 446): Adding preferred activity ComponentInfo{com.android.mms/com.android.mms.ui.ComposeMessageActivity} for user 0 :
D/dalvikvm( 446): GC_CONCURRENT freed 684K, 15% free 5888K/6896K, paused 3ms+7ms, total 48ms
I/PackageManager( 446): Action: "android.intent.action.SENDTO"
I/PackageManager( 446): Category: "android.intent.category.DEFAULT"
I/PackageManager( 446): Scheme: "mms"
I/PackageManager( 446): Adding preferred activity ComponentInfo{com.android.mms/com.android.mms.ui.ComposeMessageActivity} for user 0 :
D/dalvikvm( 1184): GC_CONCURRENT freed 315K, 12% free 3127K/3516K, paused 2ms+1ms, total 17ms
I/PackageManager( 446): Action: "android.intent.action.SENDTO"
I/PackageManager( 446): Category: "android.intent.category.DEFAULT"
I/PackageManager( 446): Scheme: "mmsto"
I/PackageManager( 446): Adding preferred activity ComponentInfo{com.android.mms/com.android.mms.ui.ComposeMessageActivity} for user 0 :
I/PackageManager( 446): Action: "android.intent.action.SENDTO"
I/PackageManager( 446): Category: "android.intent.category.DEFAULT"
I/PackageManager( 446): Scheme: "sms"
I/PackageManager( 446): Adding preferred activity ComponentInfo{com.android.mms/com.android.mms.ui.ComposeMessageActivity} for user 0 :
I/PackageManager( 446): Action: "android.intent.action.SENDTO"
I/PackageManager( 446): Category: "android.intent.category.DEFAULT"
I/PackageManager( 446): Scheme: "smsto"
I/PackageManager( 446): Adding preferred activity ComponentInfo{com.android.mms/com.android.mms.ui.ComposeMessageActivity} for user 0 :
I/PackageManager( 446): Action: "android.intent.action.SENDTO"
I/PackageManager( 446): Category: "android.intent.category.DEFAULT"
I/PackageManager( 446): Scheme: "mms"
I/PackageManager( 446): Adding preferred activity ComponentInfo{com.android.mms/com.android.mms.ui.ComposeMessageActivity} for user 0 :
D/dalvikvm( 681): GC_CONCURRENT freed 516K, 15% free 3532K/4152K, paused 2ms+2ms, total 24ms
I/PackageManager( 446): Action: "android.intent.action.SENDTO"
I/PackageManager( 446): Category: "android.intent.category.DEFAULT"
I/PackageManager( 446): Scheme: "mmsto"
I/PackageManager( 446): Adding preferred activity ComponentInfo{com.android.mms/com.android.mms.ui.ComposeMessageActivity} for user 0 :
D/dalvikvm( 446): GC_CONCURRENT freed 610K, 15% free 5905K/6896K, paused 2ms+4ms, total 45ms
I/PackageManager( 446): Action: "android.intent.action.SENDTO"
I/PackageManager( 446): Category: "android.intent.category.DEFAULT"
I/PackageManager( 446): Scheme: "sms"
I/PackageManager( 446): Adding preferred activity ComponentInfo{com.android.mms/com.android.mms.ui.ComposeMessageActivity} for user 0 :
I/PackageManager( 446): Action: "android.intent.action.SENDTO"
I/PackageManager( 446): Category: "android.intent.category.DEFAULT"
I/PackageManager( 446): Scheme: "smsto"
I/PackageManager( 446): Adding preferred activity ComponentInfo{com.android.mms/com.android.mms.ui.ComposeMessageActivity} for user 0 :
I/PackageManager( 446): Action: "android.intent.action.SENDTO"
I/PackageManager( 446): Category: "android.intent.category.DEFAULT"
I/PackageManager( 446): Scheme: "mms"
I/PackageManager( 446): Adding preferred activity ComponentInfo{com.android.mms/com.android.mms.ui.ComposeMessageActivity} for user 0 :
I/PackageManager( 446): Action: "android.intent.action.SENDTO"
I/PackageManager( 446): Category: "android.intent.category.DEFAULT"
I/PackageManager( 446): Scheme: "mmsto"
I/PackageManager( 446): Adding preferred activity ComponentInfo{com.android.mms/com.android.mms.ui.ComposeMessageActivity} for user 0 :
I/PackageManager( 446): Action: "android.intent.action.SENDTO"
I/PackageManager( 446): Category: "android.intent.category.DEFAULT"
I/PackageManager( 446): Scheme: "sms"
I/PackageManager( 446): Adding preferred activity ComponentInfo{com.android.mms/com.android.mms.ui.ComposeMessageActivity} for user 0 :
D/dalvikvm( 681): GC_CONCURRENT freed 487K, 16% free 3500K/4152K, paused 3ms+2ms, total 22ms
I/PackageManager( 446): Action: "android.intent.action.SENDTO"
I/PackageManager( 446): Category: "android.intent.category.DEFAULT"
I/PackageManager( 446): Scheme: "smsto"
I/PackageManager( 446): Adding preferred activity ComponentInfo{com.android.mms/com.android.mms.ui.ComposeMessageActivity} for user 0 :
D/dalvikvm( 446): GC_CONCURRENT freed 717K, 15% free 5866K/6896K, paused 3ms+5ms, total 45ms
I/PackageManager( 446): Action: "android.intent.action.SENDTO"
I/PackageManager( 446): Category: "android.intent.category.DEFAULT"
I/PackageManager( 446): Scheme: "mms"
I/PackageManager( 446): Adding preferred activity ComponentInfo{com.android.mms/com.android.mms.ui.ComposeMessageActivity} for user 0 :
I/PackageManager( 446): Adding preferred activity ComponentInfo{com.android.mms/com.android.mms.ui.ComposeMessageActivity} for user 0 :
I/PackageManager( 446): Action: "android.intent.action.SENDTO"
I/PackageManager( 446): Category: "android.intent.category.DEFAULT"
I/PackageManager( 446): Scheme: "mmsto"
I/PackageManager( 446): Action: "android.intent.action.SENDTO"
I/PackageManager( 446): Category: "android.intent.category.DEFAULT"
I/PackageManager( 446): Scheme: "sms"
I/PackageManager( 446): Adding preferred activity ComponentInfo{com.android.mms/com.android.mms.ui.ComposeMessageActivity} for user 0 :
I/PackageManager( 446): Action: "android.intent.action.SENDTO"
I/PackageManager( 446): Category: "android.intent.category.DEFAULT"
I/PackageManager( 446): Scheme: "smsto"
I/PackageManager( 446): Adding preferred activity ComponentInfo{com.android.mms/com.android.mms.ui.ComposeMessageActivity} for user 0 :
I/PackageManager( 446): Action: "android.intent.action.SENDTO"
I/PackageManager( 446): Category: "android.intent.category.DEFAULT"
I/PackageManager( 446): Scheme: "mms"
I/PackageManager( 446): Adding preferred activity ComponentInfo{com.android.mms/com.android.mms.ui.ComposeMessageActivity} for user 0 :
D/dalvikvm( 681): GC_CONCURRENT freed 406K, 15% free 3543K/4152K, paused 2ms+2ms, total 20ms
I/PackageManager( 446): Action: "android.intent.action.SENDTO"
I/PackageManager( 446): Category: "android.intent.category.DEFAULT"
I/PackageManager( 446): Scheme: "mmsto"
I/PackageManager( 446): Adding preferred activity ComponentInfo{com.android.mms/com.android.mms.ui.ComposeMessageActivity} for user 0 :
D/dalvikvm( 446): GC_CONCURRENT freed 605K, 15% free 5902K/6896K, paused 3ms+8ms, total 58ms
I/PackageManager( 446): Action: "android.intent.action.SENDTO"
I/PackageManager( 446): Category: "android.intent.category.DEFAULT"
I/PackageManager( 446): Scheme: "sms"
I/PackageManager( 446): Adding preferred activity ComponentInfo{com.android.mms/com.android.mms.ui.ComposeMessageActivity} for user 0 :
I/PackageManager( 446): Action: "android.intent.action.SENDTO"
I/PackageManager( 446): Category: "android.intent.category.DEFAULT"
I/PackageManager( 446): Scheme: "smsto"
I/PackageManager( 446): Adding preferred activity ComponentInfo{com.android.mms/com.android.mms.ui.ComposeMessageActivity} for user 0 :
I/PackageManager( 446): Action: "android.intent.action.SENDTO"
I/PackageManager( 446): Category: "android.intent.category.DEFAULT"
I/PackageManager( 446): Scheme: "mms"
I/PackageManager( 446): Adding preferred activity ComponentInfo{com.android.mms/com.android.mms.ui.ComposeMessageActivity} for user 0 :
I/PackageManager( 446): Action: "android.intent.action.SENDTO"
I/PackageManager( 446): Category: "android.intent.category.DEFAULT"
I/PackageManager( 446): Scheme: "mmsto"
I/PackageManager( 446): Adding preferred activity ComponentInfo{com.android.mms/com.android.mms.ui.ComposeMessageActivity} for user 0 :
I/PackageManager( 446): Action: "android.intent.action.SENDTO"
I/PackageManager( 446): Category: "android.intent.category.DEFAULT"
I/PackageManager( 446): Scheme: "sms"
I/PackageManager( 446): Adding preferred activity ComponentInfo{com.android.mms/com.android.mms.ui.ComposeMessageActivity} for user 0 :
D/dalvikvm( 681): GC_CONCURRENT freed 445K, 15% free 3559K/4152K, paused 3ms+1ms, total 19ms
I/PackageManager( 446): Action: "android.intent.action.SENDTO"
I/PackageManager( 446): Category: "android.intent.category.DEFAULT"
I/PackageManager( 446): Scheme: "smsto"
I/PackageManager( 446): Adding preferred activity ComponentInfo{com.android.mms/com.android.mms.ui.ComposeMessageActivity} for user 0 :
I/PackageManager( 446): Action: "android.intent.action.SENDTO"
I/PackageManager( 446): Category: "android.intent.category.DEFAULT"
I/PackageManager( 446): Scheme: "mms"
I/PackageManager( 446): Adding preferred activity ComponentInfo{com.android.mms/com.android.mms.ui.ComposeMessageActivity} for user 0 :
D/dalvikvm( 446): GC_CONCURRENT freed 690K, 15% free 5928K/6896K, paused 3ms+5ms, total 47ms
I/PackageManager( 446): Action: "android.intent.action.SENDTO"
I/PackageManager( 446): Category: "android.intent.category.DEFAULT"
I/PackageManager( 446): Scheme: "mmsto"
I/PackageManager( 446): Adding preferred activity ComponentInfo{com.android.mms/com.android.mms.ui.ComposeMessageActivity} for user 0 :
D/dalvikvm( 871): GC_CONCURRENT freed 2727K, 18% free 13629K/16584K, paused 3ms+4ms, total 32ms
D/dalvikvm( 871): WAIT_FOR_CONCURRENT_GC blocked 12ms
D/LightsService( 446): Excessive delay setting light: 68ms
D/LightsService( 446): Excessive delay setting light: 66ms
I/PowerManagerService( 446): Going to sleep due to screen timeout...
D/PermissionCache( 129): checking android.permission.READ_FRAME_BUFFER for uid=1000 => granted (305 us)
V/KeyguardServiceDelegate( 446): onScreenTurnedOn(showListener = com.android.internal.policy.impl.PhoneWindowManager$17@420d3ce8)
V/KeyguardServiceDelegate( 446): **** SHOWN CALLED ****
I/WindowManager( 446): No lock screen! windowToken=null
D/SurfaceFlinger( 129): Screen released, type=0 flinger=0x418b4450
D/NfcService( 696): NFC-C OFF, disconnect
D/InitAlarmsService( 953): Clearing and rescheduling alarms.
V/KeyguardHostView( 503): Initial transport state: 1, pbstate=0
W/ResourceType( 503): CREATING STRING CACHE OF 132 bytes
D/dalvikvm( 446): GC_CONCURRENT freed 661K, 13% free 5901K/6772K, paused 2ms+5ms, total 46ms
D/dalvikvm( 503): GC_CONCURRENT freed 792K, 10% free 8278K/9132K, paused 3ms+4ms, total 37ms
D/dalvikvm( 503): WAIT_FOR_CONCURRENT_GC blocked 7ms
W/ResourceType( 503): CREATING STRING CACHE OF 92 bytes
W/ResourceType( 503): CREATING STRING CACHE OF 120 bytes
W/ResourceType( 503): CREATING STRING CACHE OF 108 bytes
W/ResourceType( 503): CREATING STRING CACHE OF 44 bytes
D/dalvikvm( 503): GC_FOR_ALLOC freed 569K, 8% free 9299K/10040K, paused 19ms, total 19ms
D/dalvikvm( 446): GC_CONCURRENT freed 696K, 13% free 5901K/6772K, paused 2ms+4ms, total 43ms
D/dalvikvm( 446): WAIT_FOR_CONCURRENT_GC blocked 15ms
D/dalvikvm( 446): GC_FOR_ALLOC freed 74K, 14% free 5888K/6772K, paused 33ms, total 33ms
I/dalvikvm-heap( 446): Grow heap (frag case) to 5.881MB for 69572-byte allocation
D/dalvikvm( 446): GC_FOR_ALLOC freed 45K, 14% free 5910K/6840K, paused 34ms, total 34ms
D/dalvikvm( 446): GC_FOR_ALLOC freed 32K, 14% free 5910K/6840K, paused 32ms, total 32ms
I/dalvikvm-heap( 446): Grow heap (frag case) to 5.936MB for 104354-byte allocation
D/dalvikvm( 446): GC_FOR_ALLOC freed 67K, 15% free 5944K/6944K, paused 33ms, total 33ms
I/Choreographer( 503): Skipped 40 frames! The application may be doing too much work on its main thread.
V/KeyguardHostView( 503): music state changed: 0
D/dalvikvm( 446): GC_FOR_ALLOC freed 182K, 15% free 5955K/6944K, paused 34ms, total 34ms
I/dalvikvm-heap( 446): Grow heap (frag case) to 6.030MB for 156526-byte allocation
D/dalvikvm( 446): GC_FOR_ALLOC freed 103K, 16% free 6005K/7100K, paused 34ms, total 34ms
D/PhoneStatusBar( 503): disable: < expand icons alerts ticker system_info BACK* HOME* RECENT* CLOCK* SEARCH* > V/KeyguardServiceDelegate( 446): onScreenTurnedOn(showListener = com.android.internal.policy.impl.PhoneWindowManager$17@41ee2258)
I/PowerManagerService( 446): Waking up from sleep...
D/dalvikvm( 503): GC_CONCURRENT freed 1622K, 15% free 9762K/11444K, paused 1ms+4ms, total 36ms
D/dalvikvm( 503): WAIT_FOR_CONCURRENT_GC blocked 17ms
V/KeyguardServiceDelegate( 446): **** SHOWN CALLED ****
I/WindowManager( 446): Lock screen displayed!
D/PowerManagerService-JNI( 446): Excessive delay in autosuspend_disable() while turning screen on: 356ms
D/SurfaceFlinger( 129): Screen acquired, type=0 flinger=0x418b4450
D/LightsService( 446): Excessive delay setting light: 82ms
D/LightsService( 446): Excessive delay setting light: 67ms
W/SocketClient( 126): write error (Broken pipe)
D/dalvikvm( 446): GC_CONCURRENT freed 792K, 17% free 5929K/7100K, paused 2ms+4ms, total 50ms
D/dalvikvm( 446): WAIT_FOR_CONCURRENT_GC blocked 19ms
I/AudioMixer( 132): found effect "Multichannel Downmix To Stereo" from The Android Open Source Project
D/NfcService( 696): NFC-C ON
D/PhoneStatusBar( 503): disable: < expand icons alerts ticker system_info back* home* recent* clock* search* > W/InputMethodManagerService( 446): Window already focused, ignoring focus gain of: com.android.internal.view.IInputMethodClient$Stub$Proxy@42013788 attribute=android.view.inputmethod.EditorInfo@4206d640, token = android.os.BinderProxy@4204e700
D/dalvikvm( 871): GC_FOR_ALLOC freed 346K, 18% free 13608K/16584K, paused 18ms, total 18ms
I/dalvikvm-heap( 871): Grow heap (frag case) to 16.463MB for 3265936-byte allocation
D/dalvikvm( 871): GC_FOR_ALLOC freed <1K, 16% free 16797K/19776K, paused 19ms, total 19ms
D/dalvikvm( 871): GC_FOR_ALLOC freed 3194K, 32% free 13608K/19776K, paused 17ms, total 17ms
D/ConnectivityService( 446): Sampling interval elapsed, updating statistics ..
D/ConnectivityService( 446): Done.
D/ConnectivityService( 446): Setting timer for 720seconds
D/dalvikvm( 871): GC_CONCURRENT freed 6004K, 33% free 11123K/16584K, paused 3ms+4ms, total 31ms
D/dalvikvm( 871): GC_FOR_ALLOC freed 551K, 34% free 11049K/16584K, paused 19ms, total 19ms
D/dalvikvm( 871): GC_CONCURRENT freed 21K, 19% free 13587K/16584K, paused 3ms+2ms, total 21ms
D/dalvikvm( 871): GC_FOR_ALLOC freed 419K, 18% free 14046K/17104K, paused 13ms, total 13ms
D/dalvikvm( 871): GC_FOR_ALLOC freed 48K, 16% free 14389K/17104K, paused 14ms, total 14ms
I/dalvikvm-heap( 871): Grow heap (frag case) to 15.680MB for 1644560-byte allocation
D/dalvikvm( 871): GC_FOR_ALLOC freed 167K, 16% free 15827K/18712K, paused 16ms, total 16ms
D/dalvikvm( 871): GC_FOR_ALLOC freed 1K, 16% free 15826K/18712K, paused 15ms, total 16ms
I/dalvikvm-heap( 871): Grow heap (frag case) to 18.630MB for 3265936-byte allocation
D/dalvikvm( 871): GC_FOR_ALLOC freed 0K, 14% free 19016K/21904K, paused 14ms, total 14ms
D/dalvikvm( 871): GC_FOR_ALLOC freed 2140K, 20% free 19531K/24256K, paused 29ms, total 29ms
I/Choreographer( 871): Skipped 42 frames! The application may be doing too much work on its main thread.
D/dalvikvm( 871): GC_FOR_ALLOC freed 904K, 16% free 20963K/24768K, paused 18ms, total 18ms
D/dalvikvm( 871): GC_FOR_ALLOC freed 3K, 15% free 21297K/24768K, paused 21ms, total 21ms
I/dalvikvm-heap( 871): Grow heap (frag case) to 23.972MB for 3265936-byte allocation
D/dalvikvm( 871): GC_FOR_ALLOC freed 1256K, 17% free 23229K/27960K, paused 23ms, total 24ms
D/dalvikvm( 871): GC_FOR_ALLOC freed 6178K, 29% free 21036K/29256K, paused 22ms, total 23ms
D/dalvikvm( 871): GC_FOR_ALLOC freed 3525K, 30% free 20735K/29256K, paused 19ms, total 19ms
D/dalvikvm( 446): GC_CONCURRENT freed 604K, 16% free 5924K/7044K, paused 2ms+10ms, total 58ms
I/ActivityManager( 446): START u0 {act=android.intent.action.MAIN cat=[android.intent.category.HOME] flg=0x10200000 cmp=com.android.launcher/com.android.launcher2.Launcher} from pid 446
I/PowerManagerService( 446): Going to sleep by user request...
V/KeyguardHostView( 503): Initial transport state: 1, pbstate=0
W/ResourceType( 503): CREATING STRING CACHE OF 132 bytes
D/LightsService( 446): Excessive delay setting light: 101ms
D/SurfaceFlinger( 129): Screen released, type=0 flinger=0x418b4450
W/ResourceType( 503): CREATING STRING CACHE OF 120 bytes
W/ResourceType( 503): CREATING STRING CACHE OF 108 bytes
W/ResourceType( 503): CREATING STRING CACHE OF 44 bytes
D/dalvikvm( 503): GC_CONCURRENT freed 1733K, 15% free 10265K/12060K, paused 3ms+4ms, total 35ms
D/dalvikvm( 503): WAIT_FOR_CONCURRENT_GC blocked 13ms
V/KeyguardHostView( 503): music state changed: 0
D/dalvikvm( 446): GC_CONCURRENT freed 728K, 16% free 5939K/7044K, paused 2ms+6ms, total 61ms
D/PhoneStatusBar( 503): disable: < expand icons alerts ticker system_info BACK* HOME* RECENT* CLOCK* SEARCH* > D/NfcService( 696): NFC-C OFF, disconnect
I/MediaFocusControl( 446): AudioFocus abandonAudioFocus() from android.media.AudioManager@41dccbb8com.android.music.MediaPlaybackService$3@41dcba38
I/ActivityManager( 446): Start proc com.android.musicfx for broadcast com.android.musicfx/.ControlPanelReceiver: pid=1246 uid=10010 gids={50010, 3003, 3002}
I/PackageManager( 446): Running dexopt on: com.android.musicfx
D/dalvikvm( 1259): DexOpt: load 18ms, verify+opt 113ms, 540564 bytes
V/MusicFXControlPanelReceiver( 1246): onReceive
V/MusicFXControlPanelReceiver( 1246): Action: android.media.action.CLOSE_AUDIO_EFFECT_CONTROL_SESSION
V/MusicFXControlPanelReceiver( 1246): Package name: com.android.music
V/MusicFXControlPanelReceiver( 1246): Audio session: 6
V/MusicFXControlPanelEffect( 1246): closeSession(android.app.ReceiverRestrictedContext@41dca020, com.android.music, 6)
I/ActivityManager( 446): Killing 883:com.android.music/u0a41 (adj 15): empty #17
W/MediaFocusControl( 446): RemoteControlClient died
V/KeyguardHostView( 503): hide transport, gen:3
V/KeyguardHostView( 503): update widget: transport state changed
V/Avrcp ( 1027): New genId = 3, clearing = 1
W/BackupManagerService( 446): dataChanged but no participant pkg='com.android.providers.settings' uid=10005
D/dalvikvm( 730): GC_CONCURRENT freed 489K, 16% free 3383K/3992K, paused 3ms+1ms, total 31ms
D/dalvikvm( 730): GC_CONCURRENT freed 272K, 13% free 3496K/3992K, paused 1ms+3ms, total 18ms
E/MetadataRetrieverClient( 132): failed to extract an album art
D/dalvikvm( 730): GC_CONCURRENT freed 402K, 13% free 3481K/3992K, paused 3ms+2ms, total 18ms
D/dalvikvm( 730): GC_CONCURRENT freed 418K, 14% free 3468K/3992K, paused 2ms+2ms, total 19ms
W/SocketClient( 126): write error (Broken pipe)
E/MetadataRetrieverClient( 132): failed to extract an album art
W/SocketClient( 126): write error (Broken pipe)
I/healthd ( 119): battery l=41 v=3920 t=36.0 h=2 st=2 chg=u
W/BackupManagerService( 446): dataChanged but no participant pkg='com.android.providers.settings' uid=10005
D/dalvikvm( 730): GC_CONCURRENT freed 430K, 14% free 3461K/3988K, paused 4ms+2ms, total 24ms
E/MetadataRetrieverClient( 132): failed to extract an album art
V/MediaScanner( 730): pruneDeadThumbnailFiles... android.database.sqlite.SQLiteCursor@41e6eed8
V/MediaScanner( 730): /pruneDeadThumbnailFiles... android.database.sqlite.SQLiteCursor@41e6eed8
D/dalvikvm( 730): GC_CONCURRENT freed 465K, 15% free 3395K/3988K, paused 2ms+3ms, total 20ms
I/healthd ( 119): battery l=42 v=3927 t=35.0 h=2 st=2 chg=u
D/dalvikvm( 681): GC_CONCURRENT freed 468K, 15% free 3479K/4068K, paused 2ms+1ms, total 17ms
I/healthd ( 119): battery l=43 v=3933 t=34.0 h=2 st=2 chg=u
D/dalvikvm( 446): GC_CONCURRENT freed 628K, 13% free 5915K/6772K, paused 4ms+4ms, total 46ms
I/healthd ( 119): battery l=44 v=3937 t=33.0 h=2 st=2 chg=u
I/healthd ( 119): battery l=45 v=3943 t=33.0 h=2 st=2 chg=u
I/healthd ( 119): battery l=46 v=3948 t=32.0 h=2 st=2 chg=u
I/healthd ( 119): battery l=47 v=3955 t=32.0 h=2 st=2 chg=u
D/ConnectivityService( 446): Sampling interval elapsed, updating statistics ..
D/ConnectivityService( 446): Done.
D/ConnectivityService( 446): Setting timer for 720seconds
I/healthd ( 119): battery l=48 v=3960 t=31.0 h=2 st=2 chg=u
I/healthd ( 119): battery l=49 v=3966 t=31.0 h=2 st=2 chg=u
I/healthd ( 119): battery l=50 v=3971 t=31.0 h=2 st=2 chg=u
I/healthd ( 119): battery l=51 v=3976 t=30.0 h=2 st=2 chg=u
I/healthd ( 119): battery l=52 v=3980 t=30.0 h=2 st=2 chg=u
D/dalvikvm( 503): GC_CONCURRENT freed 2770K, 23% free 9776K/12608K, paused 2ms+4ms, total 31ms
I/healthd ( 119): battery l=53 v=3986 t=30.0 h=2 st=2 chg=u
D/dalvikvm( 446): GC_CONCURRENT freed 589K, 13% free 5919K/6772K, paused 5ms+4ms, total 62ms
I/healthd ( 119): battery l=54 v=3988 t=30.0 h=2 st=2 chg=u
I/ActivityManager( 446): Killing 746:com.android.exchange/u0a30 (adj 15): empty for 1825s
I/ActivityManager( 446): Killing 790:com.android.email/u0a29 (adj 15): empty for 1825s
I/ActivityManager( 446): Killing 1164:com.android.camera2/u0a23 (adj 15): empty for 1826s
I/ActivityManager( 446): Killing 1129:com.android.onetimeinitializer/u0a11 (adj 15): empty for 1834s
I/ActivityManager( 446): Killing 922:com.android.printspooler/u0a51 (adj 15): empty for 1836s
I/ActivityManager( 446): Killing 1009:com.android.dialer/u0a4 (adj 15): empty for 1838s
I/ActivityManager( 446): Killing 780:com.android.provision/u0a52 (adj 15): empty for 1839s
I/dalvikvm( 446): Jit: resizing JitTable from 4096 to 8192
I/ProcessStatsService( 446): Prepared write state in 21ms
D/ConnectivityService( 446): Sampling interval elapsed, updating statistics ..
W/SocketClient( 126): write error (Broken pipe)
D/ConnectivityService( 446): Done.
D/ConnectivityService( 446): Setting timer for 720seconds
I/healthd ( 119): battery l=55 v=3993 t=30.0 h=2 st=2 chg=u
I/healthd ( 119): battery l=56 v=3996 t=30.0 h=2 st=2 chg=u
I/healthd ( 119): battery l=57 v=4000 t=30.0 h=2 st=2 chg=u
I/healthd ( 119): battery l=58 v=4006 t=30.0 h=2 st=2 chg=u
I/healthd ( 119): battery l=59 v=4008 t=30.0 h=2 st=2 chg=u
I/healthd ( 119): battery l=60 v=4013 t=30.0 h=2 st=2 chg=u
D/HeadsetPhoneState( 1027): sendDeviceStateChanged. mService=0 mSignal=0 mRoam=0 mBatteryCharge=3
I/healthd ( 119): battery l=61 v=4017 t=30.0 h=2 st=2 chg=u
D/ConnectivityService( 446): Sampling interval elapsed, updating statistics ..
D/ConnectivityService( 446): Done.
D/ConnectivityService( 446): Setting timer for 720seconds
I/healthd ( 119): battery l=62 v=4017 t=30.0 h=2 st=2 chg=u
D/dalvikvm( 446): GC_CONCURRENT freed 610K, 13% free 5938K/6772K, paused 5ms+5ms, total 49ms
I/healthd ( 119): battery l=63 v=4027 t=30.0 h=2 st=2 chg=u
I/healthd ( 119): battery l=64 v=4031 t=30.0 h=2 st=2 chg=u
I/healthd ( 119): battery l=65 v=4036 t=30.0 h=2 st=2 chg=u
I/healthd ( 119): battery l=66 v=4043 t=30.0 h=2 st=2 chg=u
I/healthd ( 119): battery l=67 v=4047 t=30.0 h=2 st=2 chg=u
I/healthd ( 119): battery l=68 v=4053 t=30.0 h=2 st=2 chg=u
I/ProcessStatsService( 446): Prepared write state in 5ms
D/ConnectivityService( 446): Sampling interval elapsed, updating statistics ..
D/ConnectivityService( 446): Done.
D/ConnectivityService( 446): Setting timer for 720seconds
I/healthd ( 119): battery l=69 v=4048 t=30.0 h=2 st=2 chg=u
I/healthd ( 119): battery l=70 v=4063 t=30.0 h=2 st=2 chg=u
I/healthd ( 119): battery l=71 v=4071 t=30.0 h=2 st=2 chg=u
D/dalvikvm( 446): GC_CONCURRENT freed 636K, 13% free 5922K/6772K, paused 4ms+4ms, total 43ms
I/healthd ( 119): battery l=72 v=4073 t=30.0 h=2 st=2 chg=u
I/healthd ( 119): battery l=73 v=4082 t=30.0 h=2 st=2 chg=u
I/healthd ( 119): battery l=74 v=4086 t=30.0 h=2 st=2 chg=u
I/healthd ( 119): battery l=75 v=4095 t=30.0 h=2 st=2 chg=u
W/SocketClient( 126): write error (Broken pipe)
I/healthd ( 119): battery l=76 v=4100 t=30.0 h=2 st=2 chg=u
D/ConnectivityService( 446): Sampling interval elapsed, updating statistics ..
D/ConnectivityService( 446): Done.
D/ConnectivityService( 446): Setting timer for 720seconds
D/dalvikvm( 503): GC_CONCURRENT freed 2100K, 23% free 9807K/12608K, paused 9ms+4ms, total 50ms
I/healthd ( 119): battery l=77 v=4108 t=30.0 h=2 st=2 chg=u
I/healthd ( 119): battery l=78 v=4113 t=30.0 h=2 st=2 chg=u
I/healthd ( 119): battery l=79 v=4121 t=30.0 h=2 st=2 chg=u
I/healthd ( 119): battery l=80 v=4127 t=30.0 h=2 st=2 chg=u
D/HeadsetPhoneState( 1027): sendDeviceStateChanged. mService=0 mSignal=0 mRoam=0 mBatteryCharge=4
I/healthd ( 119): battery l=81 v=4136 t=30.0 h=2 st=2 chg=u
I/healthd ( 119): battery l=82 v=4142 t=30.0 h=2 st=2 chg=u
D/dalvikvm( 446): GC_CONCURRENT freed 571K, 13% free 5948K/6772K, paused 3ms+4ms, total 43ms
I/ProcessStatsService( 446): Prepared write state in 4ms
I/ProcessStatsService( 446): Prepared write state in 4ms
D/ConnectivityService( 446): Sampling interval elapsed, updating statistics ..
W/SocketClient( 126): write error (Broken pipe)
D/ConnectivityService( 446): Done.
D/ConnectivityService( 446): Setting timer for 720seconds
I/healthd ( 119): battery l=83 v=4152 t=30.0 h=2 st=2 chg=u
I/healthd ( 119): battery l=84 v=4158 t=30.0 h=2 st=2 chg=u
I/healthd ( 119): battery l=85 v=4167 t=30.0 h=2 st=2 chg=u
I/healthd ( 119): battery l=86 v=4173 t=30.0 h=2 st=2 chg=u
I/healthd ( 119): battery l=87 v=4183 t=30.0 h=2 st=2 chg=u
I/healthd ( 119): battery l=88 v=4190 t=30.0 h=2 st=2 chg=u
I/healthd ( 119): battery l=89 v=4196 t=30.0 h=2 st=2 chg=u
D/ConnectivityService( 446): Sampling interval elapsed, updating statistics ..
D/ConnectivityService( 446): Done.
D/ConnectivityService( 446): Setting timer for 720seconds
I/healthd ( 119): battery l=90 v=4201 t=30.0 h=2 st=2 chg=u
D/dalvikvm( 446): GC_CONCURRENT freed 601K, 13% free 5954K/6772K, paused 4ms+4ms, total 44ms
I/healthd ( 119): battery l=91 v=4202 t=30.0 h=2 st=2 chg=u
I/healthd ( 119): battery l=92 v=4203 t=30.0 h=2 st=2 chg=u
I/healthd ( 119): battery l=93 v=4203 t=30.0 h=2 st=2 chg=u
I/healthd ( 119): battery l=94 v=4203 t=30.0 h=2 st=2 chg=u
V/KeyguardServiceDelegate( 446): onScreenTurnedOn(showListener = com.android.internal.policy.impl.PhoneWindowManager$17@42018ca0)
I/PowerManagerService( 446): Waking up from sleep...
D/ConnectivityService( 446): Sampling interval elapsed, updating statistics ..
D/ConnectivityService( 446): Done.
D/ConnectivityService( 446): Setting timer for 720seconds
V/KeyguardServiceDelegate( 446): **** SHOWN CALLED ****
I/WindowManager( 446): Lock screen displayed!
D/PowerManagerService-JNI( 446): Excessive delay in autosuspend_disable() while turning screen on: 356ms
D/SurfaceFlinger( 129): Screen acquired, type=0 flinger=0x418b4450
D/LightsService( 446): Excessive delay setting light: 111ms
D/dalvikvm( 503): GC_CONCURRENT freed 2137K, 22% free 9922K/12608K, paused 3ms+3ms, total 34ms
D/dalvikvm( 503): WAIT_FOR_CONCURRENT_GC blocked 23ms
D/NfcService( 696): NFC-C ON
D/PhoneStatusBar( 503): disable: < expand icons alerts ticker system_info back* home* recent* clock* search* > W/InputMethodManagerService( 446): Window already focused, ignoring focus gain of: com.android.internal.view.IInputMethodClient$Stub$Proxy@41db68f0 attribute=android.view.inputmethod.EditorInfo@42097818, token = android.os.BinderProxy@4204e700
I/ActivityManager( 446): START u0 {act=android.intent.action.MAIN cat=[android.intent.category.LAUNCHER] flg=0x10200000 cmp=com.android.settings/.Settings} from pid 871
W/ResourceType( 446): CREATING STRING CACHE OF 72 bytes
D/dalvikvm( 446): GC_CONCURRENT freed 548K, 11% free 6092K/6772K, paused 4ms+9ms, total 52ms
D/dalvikvm( 446): WAIT_FOR_CONCURRENT_GC blocked 36ms
I/dalvikvm-heap( 446): Grow heap (frag case) to 6.376MB for 380496-byte allocation
D/dalvikvm( 446): GC_FOR_ALLOC freed 14K, 10% free 6448K/7144K, paused 31ms, total 31ms
D/dalvikvm( 446): GC_FOR_ALLOC freed 30K, 11% free 6422K/7144K, paused 37ms, total 37ms
I/dalvikvm-heap( 446): Grow heap (frag case) to 6.700MB for 380496-byte allocation
D/dalvikvm( 446): GC_FOR_ALLOC freed <1K, 10% free 6794K/7516K, paused 34ms, total 34ms
D/dalvikvm( 708): GC_CONCURRENT freed 281K, 10% free 3196K/3544K, paused 2ms+8ms, total 54ms
W/ResourceType( 708): CREATING STRING CACHE OF 72 bytes
D/dalvikvm( 708): GC_FOR_ALLOC freed 9K, 9% free 3385K/3684K, paused 9ms, total 10ms
I/dalvikvm-heap( 708): Grow heap (frag case) to 4.441MB for 1127536-byte allocation
D/dalvikvm( 708): GC_FOR_ALLOC freed 1K, 7% free 4484K/4788K, paused 13ms, total 13ms
D/dalvikvm( 708): GC_CONCURRENT freed <1K, 7% free 4484K/4788K, paused 2ms+1ms, total 11ms
W/ResourceType( 708): CREATING STRING CACHE OF 124 bytes
D/BluetoothAdapter( 708): 1105068440: getState() : mService = null. Returning STATE_OFF
D/dalvikvm( 708): GC_CONCURRENT freed 134K, 4% free 4751K/4948K, paused 2ms+4ms, total 25ms
D/OpenGLRenderer( 708): Enabling debug mode 0
D/BluetoothAdapter( 708): 1105068440: getState() : mService = null. Returning STATE_OFF
I/ActivityManager( 446): Displayed com.android.settings/.Settings: +846ms
D/dalvikvm( 708): GC_CONCURRENT freed 131K, 4% free 5089K/5284K, paused 3ms+4ms, total 29ms
I/ActivityManager( 446): START u0 {act=android.intent.action.MAIN cmp=com.android.settings/.SubSettings (has extras)} from pid 708
W/ResourceType( 708): CREATING STRING CACHE OF 72 bytes
W/ResourceType( 708): CREATING STRING CACHE OF 124 bytes
D/SubSettings( 708): Launching fragment com.android.settings.DeviceInfoSettings
D/dalvikvm( 708): GC_CONCURRENT freed 410K, 9% free 5244K/5720K, paused 2ms+4ms, total 22ms
I/ActivityManager( 446): Displayed com.android.settings/.SubSettings: +401ms
D/dalvikvm( 446): GC_FOR_ALLOC freed 513K, 12% free 6901K/7800K, paused 57ms, total 57ms
D/dalvikvm( 446): GC_FOR_ALLOC freed 264K, 15% free 6686K/7800K, paused 48ms, total 49ms
I/dalvikvm-heap( 446): Grow heap (frag case) to 6.957MB for 380496-byte allocation
D/dalvikvm( 446): GC_FOR_ALLOC freed <1K, 14% free 7057K/8172K, paused 43ms, total 43ms
D/dalvikvm( 446): GC_FOR_ALLOC freed <1K, 14% free 7057K/8172K, paused 35ms, total 35ms
I/dalvikvm-heap( 446): Grow heap (frag case) to 7.319MB for 380496-byte allocation
D/dalvikvm( 446): GC_FOR_ALLOC freed <1K, 14% free 7428K/8544K, paused 31ms, total 31ms
D/dalvikvm( 503): GC_FOR_ALLOC freed 1977K, 36% free 8117K/12604K, paused 31ms, total 31ms
D/dalvikvm( 446): GC_FOR_ALLOC freed 371K, 18% free 7058K/8544K, paused 40ms, total 40ms
D/dalvikvm( 446): GC_FOR_ALLOC freed 372K, 18% free 7058K/8544K, paused 36ms, total 37ms
I/ActivityManager( 446): START u0 {act=android.intent.action.MAIN cat=[android.intent.category.HOME] flg=0x10200000 cmp=com.android.launcher/com.android.launcher2.Launcher} from pid 446
D/dalvikvm( 446): GC_FOR_ALLOC freed 4K, 14% free 7430K/8544K, paused 39ms, total 39ms
I/dalvikvm-heap( 446): Grow heap (frag case) to 7.683MB for 380496-byte allocation
D/dalvikvm( 446): GC_FOR_ALLOC freed 372K, 17% free 7429K/8916K, paused 35ms, total 35ms
I/PowerManagerService( 446): Going to sleep by user request...
V/KeyguardHostView( 503): Initial transport state: 0, pbstate=0
W/ResourceType( 503): CREATING STRING CACHE OF 132 bytes
D/LightsService( 446): Excessive delay setting light: 96ms
D/SurfaceFlinger( 129): Screen released, type=0 flinger=0x418b4450
D/dalvikvm( 503): GC_FOR_ALLOC freed 1141K, 33% free 8450K/12604K, paused 25ms, total 26ms
W/ResourceType( 503): CREATING STRING CACHE OF 92 bytes
W/ResourceType( 503): CREATING STRING CACHE OF 120 bytes
W/ResourceType( 503): CREATING STRING CACHE OF 108 bytes
W/ResourceType( 503): CREATING STRING CACHE OF 44 bytes
D/dalvikvm( 503): GC_CONCURRENT freed 433K, 23% free 9774K/12604K, paused 4ms+7ms, total 36ms
V/KeyguardHostView( 503): hide transport, gen:3
V/KeyguardHostView( 503): music state changed: 0
D/dalvikvm( 446): GC_CONCURRENT freed 1326K, 21% free 7122K/8916K, paused 3ms+19ms, total 94ms
D/PhoneStatusBar( 503): disable: < expand icons alerts ticker system_info BACK* HOME* RECENT* CLOCK* SEARCH* > D/NfcService( 696): NFC-C OFF, disconnect
I/PowerManagerService( 446): Waking up from sleep...
V/KeyguardServiceDelegate( 446): onScreenTurnedOn(showListener = com.android.internal.policy.impl.PhoneWindowManager$17@42060070)
V/KeyguardServiceDelegate( 446): **** SHOWN CALLED ****
I/WindowManager( 446): Lock screen displayed!
D/dalvikvm( 503): GC_FOR_ALLOC freed 1791K, 22% free 9955K/12604K, paused 29ms, total 29ms
I/dalvikvm-heap( 503): Grow heap (frag case) to 9.957MB for 186640-byte allocation
D/dalvikvm( 503): GC_FOR_ALLOC freed 14K, 21% free 10122K/12788K, paused 25ms, total 25ms
D/PowerManagerService-JNI( 446): Excessive delay in autosuspend_disable() while turning screen on: 357ms
D/SurfaceFlinger( 129): Screen acquired, type=0 flinger=0x418b4450
D/LightsService( 446): Excessive delay setting light: 117ms
