I/ActivityManager( 446): START u0 {act=android.intent.action.MAIN cat=[android.intent.category.HOME] flg=0x10200000 cmp=com.android.launcher/com.android.launcher2.Launcher} from pid 446
D/dalvikvm( 446): GC_FOR_ALLOC freed 376K, 20% free 10058K/12540K, paused 31ms, total 31ms
E/IMGSRV ( 871): :0: gralloc_register_buffer: Cannot register a buffer twice (ID=6)
W/GraphicBufferMapper( 871): registerBuffer(0x5f52ffc8) failed -22 (Invalid argument)
E/GraphicBuffer( 871): unflatten: registerBuffer failed: Invalid argument (-22)
V/RenderScript( 871): 0x5f58e720 Launching thread(s), CPUs 2
D/dalvikvm( 871): GC_CONCURRENT freed 3376K, 65% free 9897K/27932K, paused 3ms+6ms, total 36ms
I/ActivityManager( 446): START u0 {act=android.intent.action.MAIN cat=[android.intent.category.LAUNCHER] flg=0x10200000 cmp=org.linaro.glmark2/.MainActivity} from pid 871
D/dalvikvm( 446): GC_FOR_ALLOC freed 771K, 23% free 9693K/12540K, paused 41ms, total 41ms
I/ActivityManager( 446): START u0 {cmp=org.linaro.glmark2/.Glmark2Activity} from pid 1960
I/ActivityManager( 446): Start proc org.linaro.glmark2:glmark2 for activity org.linaro.glmark2/.Glmark2Activity: pid=2034 uid=10031 gids={50031, 1028, 1015}
D/dalvikvm( 2034): Trying to load lib /data/app-lib/org.linaro.glmark2-1/libglmark2-android.so 0x41dbef30
D/dalvikvm( 2034): Added shared lib /data/app-lib/org.linaro.glmark2-1/libglmark2-android.so 0x41dbef30
I/ActivityManager( 446): Displayed org.linaro.glmark2/.Glmark2Activity: +339ms
I/glmark2 ( 2034): glmark2 2012.12
I/glmark2 ( 2034): OpenGL Information
I/glmark2 ( 2034): GL_VENDOR: Imagination Technologies
I/glmark2 ( 2034): GL_RENDERER: PowerVR SGX 540
I/glmark2 ( 2034): GL_VERSION: OpenGL ES 2.0 build 1.8.GOOGLENEXUS.ED945322@2198402
I/glmark2 ( 2034): [build] use-vbo=false: FPS: 175 FrameTime: 5.714 ms
I/glmark2 ( 2034): [build] use-vbo=true: FPS: 132 FrameTime: 7.576 ms
D/LightsService( 446): Excessive delay setting light: 67ms
D/LightsService( 446): Excessive delay setting light: 66ms
I/glmark2 ( 2034): [texture] texture-filter=nearest: FPS: 135 FrameTime: 7.407 ms
D/LightsService( 446): Excessive delay setting light: 69ms
D/LightsService( 446): Excessive delay setting light: 67ms
I/glmark2 ( 2034): [texture] texture-filter=linear: FPS: 123 FrameTime: 8.130 ms
I/glmark2 ( 2034): [texture] texture-filter=mipmap: FPS: 126 FrameTime: 7.937 ms
D/LightsService( 446): Excessive delay setting light: 67ms
D/LightsService( 446): Excessive delay setting light: 66ms
I/glmark2 ( 2034): [shading] shading=gouraud: FPS: 118 FrameTime: 8.475 ms
I/glmark2 ( 2034): [shading] shading=blinn-phong-inf: FPS: 118 FrameTime: 8.475 ms
I/glmark2 ( 2034): [shading] shading=phong: FPS: 70 FrameTime: 14.286 ms
I/glmark2 ( 2034): [bump] bump-render=high-poly: FPS: 69 FrameTime: 14.493 ms
I/glmark2 ( 2034): [bump] bump-render=normals: FPS: 74 FrameTime: 13.514 ms
I/glmark2 ( 2034): [bump] bump-render=height: FPS: 71 FrameTime: 14.085 ms
I/PowerManagerService( 446): Going to sleep by user request...
V/KeyguardHostView( 503): Initial transport state: 0, pbstate=0
W/ResourceType( 503): CREATING STRING CACHE OF 132 bytes
D/SurfaceFlinger( 129): Screen released, type=0 flinger=0x418b4450
D/dalvikvm( 503): GC_FOR_ALLOC freed 1646K, 35% free 8458K/12964K, paused 27ms, total 27ms
W/ResourceType( 503): CREATING STRING CACHE OF 92 bytes
I/Process ( 2034): Sending signal. PID: 2034 SIG: 9
W/InputDispatcher( 446): channel '421ef280 org.linaro.glmark2/org.linaro.glmark2.Glmark2Activity (server)' ~ Consumer closed input channel or an error occurred. events=0x9
E/InputDispatcher( 446): channel '421ef280 org.linaro.glmark2/org.linaro.glmark2.Glmark2Activity (server)' ~ Channel is unrecoverably broken and will be disposed!
I/ActivityManager( 446): Process org.linaro.glmark2:glmark2 (pid 2034) has died.
I/WindowState( 446): WIN DEATH: Window{4225bbf8 u0 SurfaceView}
W/InputDispatcher( 446): Attempted to unregister already unregistered input channel '421ef280 org.linaro.glmark2/org.linaro.glmark2.Glmark2Activity (server)'
I/WindowState( 446): WIN DEATH: Window{421ef280 u0 org.linaro.glmark2/org.linaro.glmark2.Glmark2Activity}
W/ResourceType( 503): CREATING STRING CACHE OF 120 bytes
I/ActivityManager( 446): START u0 {cmp=org.linaro.glmark2/.ResultsActivity} from pid 1960
W/ResourceType( 1960): CREATING STRING CACHE OF 72 bytes
W/ResourceType( 503): CREATING STRING CACHE OF 108 bytes
W/ResourceType( 503): CREATING STRING CACHE OF 44 bytes
D/dalvikvm( 503): GC_CONCURRENT freed 434K, 25% free 9825K/12964K, paused 1ms+12ms, total 48ms
V/KeyguardHostView( 503): hide transport, gen:3
V/KeyguardHostView( 503): music state changed: 0
W/Binder ( 652): Caught a RuntimeException from the binder stub implementation.
W/Binder ( 652): java.lang.NullPointerException
W/Binder ( 652): at android.inputmethodservice.IInputMethodWrapper.setSessionEnabled(IInputMethodWrapper.java:280)
W/Binder ( 652): at com.android.internal.view.IInputMethod$Stub.onTransact(IInputMethod.java:129)
W/Binder ( 652): at android.os.Binder.execTransact(Binder.java:404)
W/Binder ( 652): at dalvik.system.NativeStart.run(Native Method)
W/InputMethodManagerService( 446): Got RemoteException sending setActive(false) notification to pid 2034 uid 10031
I/ActivityManager( 446): Displayed org.linaro.glmark2/.ResultsActivity: +231ms (total +233ms)
W/IInputConnectionWrapper( 1960): showStatusIcon on inactive InputConnection
D/PhoneStatusBar( 503): disable: < expand icons alerts ticker system_info BACK* HOME* RECENT* CLOCK* SEARCH* > D/NfcService( 696): NFC-C OFF, disconnect
D/dalvikvm( 446): GC_CONCURRENT freed 1451K, 22% free 9783K/12540K, paused 4ms+9ms, total 78ms
V/KeyguardServiceDelegate( 446): onScreenTurnedOn(showListener = com.android.internal.policy.impl.PhoneWindowManager$17@42253e18)
I/PowerManagerService( 446): Waking up from sleep...
V/KeyguardServiceDelegate( 446): **** SHOWN CALLED ****
I/WindowManager( 446): Lock screen displayed!
D/PowerManagerService-JNI( 446): Excessive delay in autosuspend_disable() while turning screen on: 363ms
D/SurfaceFlinger( 129): Screen acquired, type=0 flinger=0x418b4450
D/LightsService( 446): Excessive delay setting light: 82ms
D/LightsService( 446): Excessive delay setting light: 67ms
D/NfcService( 696): NFC-C ON
D/dalvikvm( 503): GC_CONCURRENT freed 2176K, 24% free 9855K/12964K, paused 1ms+8ms, total 40ms
D/PhoneStatusBar( 503): disable: < expand icons alerts ticker system_info back* home* recent* clock* search* > W/InputMethodManagerService( 446): Window already focused, ignoring focus gain of: com.android.internal.view.IInputMethodClient$Stub$Proxy@424ce6b0 attribute=null, token = android.os.BinderProxy@420206a0
D/dalvikvm( 446): GC_FOR_ALLOC freed 1091K, 23% free 9701K/12536K, paused 36ms, total 36ms
I/ActivityManager( 446): START u0 {act=android.intent.action.MAIN cat=[android.intent.category.HOME] flg=0x10200000 cmp=com.android.launcher/com.android.launcher2.Launcher} from pid 446
D/dalvikvm( 446): GC_FOR_ALLOC freed 402K, 20% free 10048K/12536K, paused 51ms, total 51ms
D/dalvikvm( 503): GC_FOR_ALLOC freed 1834K, 35% free 8536K/12960K, paused 35ms, total 38ms
I/PowerManagerService( 446): Going to sleep by user request...
V/KeyguardHostView( 503): Initial transport state: 0, pbstate=0
W/ResourceType( 503): CREATING STRING CACHE OF 132 bytes
D/LightsService( 446): Excessive delay setting light: 93ms
D/SurfaceFlinger( 129): Screen released, type=0 flinger=0x418b4450
W/ResourceType( 503): CREATING STRING CACHE OF 92 bytes
W/ResourceType( 503): CREATING STRING CACHE OF 120 bytes
D/dalvikvm( 503): GC_CONCURRENT freed 1357K, 31% free 9011K/12960K, paused 3ms+3ms, total 33ms
D/dalvikvm( 503): WAIT_FOR_CONCURRENT_GC blocked 11ms
W/ResourceType( 503): CREATING STRING CACHE OF 108 bytes
W/ResourceType( 503): CREATING STRING CACHE OF 44 bytes
V/KeyguardHostView( 503): hide transport, gen:3
V/KeyguardHostView( 503): music state changed: 0
D/dalvikvm( 503): GC_CONCURRENT freed 1138K, 24% free 9863K/12960K, paused 1ms+4ms, total 29ms
D/dalvikvm( 503): WAIT_FOR_CONCURRENT_GC blocked 15ms
D/PhoneStatusBar( 503): disable: < expand icons alerts ticker system_info BACK* HOME* RECENT* CLOCK* SEARCH* > D/NfcService( 696): NFC-C OFF, disconnect
I/PowerManagerService( 446): Waking up from sleep...
V/KeyguardServiceDelegate( 446): onScreenTurnedOn(showListener = com.android.internal.policy.impl.PhoneWindowManager$17@424e7340)
V/KeyguardServiceDelegate( 446): **** SHOWN CALLED ****
I/WindowManager( 446): Lock screen displayed!
D/dalvikvm( 696): GC_CONCURRENT freed 378K, 12% free 3275K/3716K, paused 3ms+2ms, total 24ms
D/PowerManagerService-JNI( 446): Excessive delay in autosuspend_disable() while turning screen on: 360ms
D/SurfaceFlinger( 129): Screen acquired, type=0 flinger=0x418b4450
D/LightsService( 446): Excessive delay setting light: 117ms
D/NfcService( 696): NFC-C ON
D/PhoneStatusBar( 503): disable: < expand icons alerts ticker system_info back* home* recent* clock* search* > W/InputMethodManagerService( 446): Window already focused, ignoring focus gain of: com.android.internal.view.IInputMethodClient$Stub$Proxy@42013628 attribute=android.view.inputmethod.EditorInfo@420b7c40, token = android.os.BinderProxy@4204e700
D/dalvikvm( 446): GC_CONCURRENT freed 3225K, 33% free 8518K/12536K, paused 3ms+8ms, total 132ms
D/dalvikvm( 871): GC_CONCURRENT freed 904K, 60% free 11271K/27764K, paused 3ms+5ms, total 37ms
D/dalvikvm( 871): WAIT_FOR_CONCURRENT_GC blocked 30ms
D/LightsService( 446): Excessive delay setting light: 67ms
D/LightsService( 446): Excessive delay setting light: 66ms
I/PowerManagerService( 446): Going to sleep due to screen timeout...
D/SurfaceFlinger( 129): Screen released, type=0 flinger=0x418b4450
D/NfcService( 696): NFC-C OFF, disconnect
V/KeyguardHostView( 503): Initial transport state: 0, pbstate=0
W/ResourceType( 503): CREATING STRING CACHE OF 132 bytes
D/dalvikvm( 503): GC_CONCURRENT freed 2691K, 28% free 9403K/12960K, paused 3ms+4ms, total 37ms
W/ResourceType( 503): CREATING STRING CACHE OF 120 bytes
W/ResourceType( 503): CREATING STRING CACHE OF 108 bytes
W/ResourceType( 503): CREATING STRING CACHE OF 44 bytes
V/KeyguardHostView( 503): hide transport, gen:3
V/KeyguardHostView( 503): music state changed: 0
D/dalvikvm( 503): GC_CONCURRENT freed 1667K, 24% free 9856K/12960K, paused 2ms+3ms, total 25ms
D/dalvikvm( 503): WAIT_FOR_CONCURRENT_GC blocked 13ms
D/PhoneStatusBar( 503): disable: < expand icons alerts ticker system_info BACK* HOME* RECENT* CLOCK* SEARCH* > V/KeyguardServiceDelegate( 446): onScreenTurnedOn(showListener = com.android.internal.policy.impl.PhoneWindowManager$17@42223ef8)
I/PowerManagerService( 446): Waking up from sleep...
D/dalvikvm( 446): GC_CONCURRENT freed 1372K, 31% free 8437K/12164K, paused 2ms+8ms, total 64ms
V/KeyguardServiceDelegate( 446): **** SHOWN CALLED ****
I/WindowManager( 446): Lock screen displayed!
D/PowerManagerService-JNI( 446): Excessive delay in autosuspend_disable() while turning screen on: 355ms
D/SurfaceFlinger( 129): Screen acquired, type=0 flinger=0x418b4450
D/LightsService( 446): Excessive delay setting light: 83ms
D/LightsService( 446): Excessive delay setting light: 68ms
D/NfcService( 696): NFC-C ON
D/PhoneStatusBar( 503): disable: < expand icons alerts ticker system_info back* home* recent* clock* search* > W/InputMethodManagerService( 446): Window already focused, ignoring focus gain of: com.android.internal.view.IInputMethodClient$Stub$Proxy@4209ab10 attribute=android.view.inputmethod.EditorInfo@420fce40, token = android.os.BinderProxy@4204e700
I/ActivityManager( 446): START u0 {act=android.intent.action.MAIN cat=[android.intent.category.LAUNCHER] flg=0x10200000 cmp=com.android.settings/.Settings} from pid 871
D/dalvikvm( 708): GC_EXPLICIT freed 644K, 16% free 12313K/14548K, paused 3ms+9ms, total 67ms
E/StrictMode( 708): class com.android.settings.SubSettings; instances=7; limit=2
E/StrictMode( 708): android.os.StrictMode$InstanceCountViolation: class com.android.settings.SubSettings; instances=7; limit=2
E/StrictMode( 708): at android.os.StrictMode.setClassInstanceLimit(StrictMode.java:1)
D/dalvikvm( 708): GC_EXPLICIT freed 9K, 16% free 12311K/14548K, paused 2ms+8ms, total 48ms
E/StrictMode( 708): class com.android.settings.SubSettings; instances=7; limit=1
E/StrictMode( 708): android.os.StrictMode$InstanceCountViolation: class com.android.settings.SubSettings; instances=7; limit=1
E/StrictMode( 708): at android.os.StrictMode.setClassInstanceLimit(StrictMode.java:1)
D/BluetoothAdapter( 708): 1105068440: getState() : mService = null. Returning STATE_OFF
E/IMGSRV ( 708): :0: gralloc_register_buffer: Cannot register a buffer twice (ID=6)
W/GraphicBufferMapper( 708): registerBuffer(0x5f2b9520) failed -22 (Invalid argument)
E/GraphicBuffer( 708): unflatten: registerBuffer failed: Invalid argument (-22)
D/dalvikvm( 446): GC_FOR_ALLOC freed 1069K, 32% free 8388K/12164K, paused 41ms, total 43ms
D/dalvikvm( 503): GC_FOR_ALLOC freed 3201K, 35% free 8190K/12596K, paused 40ms, total 43ms
I/ActivityManager( 446): START u0 {act=android.intent.action.MAIN cat=[android.intent.category.HOME] flg=0x10200000 cmp=com.android.launcher/com.android.launcher2.Launcher} from pid 446
D/dalvikvm( 446): GC_FOR_ALLOC freed 789K, 29% free 8734K/12164K, paused 39ms, total 39ms
D/dalvikvm( 503): GC_FOR_ALLOC freed 487K, 33% free 8489K/12596K, paused 22ms, total 23ms
D/ConnectivityService( 446): Sampling interval elapsed, updating statistics ..
D/ConnectivityService( 446): Done.
D/ConnectivityService( 446): Setting timer for 720seconds
D/LightsService( 446): Excessive delay setting light: 67ms
D/LightsService( 446): Excessive delay setting light: 68ms
I/PowerManagerService( 446): Going to sleep due to screen timeout...
D/SurfaceFlinger( 129): Screen released, type=0 flinger=0x418b4450
D/NfcService( 696): NFC-C OFF, disconnect
V/KeyguardHostView( 503): Initial transport state: 0, pbstate=0
W/ResourceType( 503): CREATING STRING CACHE OF 132 bytes
D/dalvikvm( 503): GC_FOR_ALLOC freed 1348K, 33% free 8459K/12596K, paused 20ms, total 21ms
W/ResourceType( 503): CREATING STRING CACHE OF 92 bytes
W/ResourceType( 503): CREATING STRING CACHE OF 120 bytes
W/ResourceType( 503): CREATING STRING CACHE OF 108 bytes
W/ResourceType( 503): CREATING STRING CACHE OF 44 bytes
D/dalvikvm( 503): GC_CONCURRENT freed 433K, 23% free 9763K/12596K, paused 1ms+4ms, total 26ms
V/KeyguardHostView( 503): hide transport, gen:3
V/KeyguardHostView( 503): music state changed: 0
D/dalvikvm( 446): GC_CONCURRENT freed 1723K, 31% free 8435K/12164K, paused 2ms+6ms, total 49ms
D/dalvikvm( 446): WAIT_FOR_CONCURRENT_GC blocked 21ms
D/PhoneStatusBar( 503): disable: < expand icons alerts ticker system_info BACK* HOME* RECENT* CLOCK* SEARCH* > W/SocketClient( 126): write error (Broken pipe)
I/LatinIME:LogUtils( 652): Dictionary info: dictionary = UserHistoryDictionary.en_US.dic ; version = ? ; date = 1388746801
D/ConnectivityService( 446): Sampling interval elapsed, updating statistics ..
D/ConnectivityService( 446): Done.
D/ConnectivityService( 446): Setting timer for 720seconds
I/ProcessStatsService( 446): Prepared write state in 6ms
D/ConnectivityService( 446): Sampling interval elapsed, updating statistics ..
D/ConnectivityService( 446): Done.
D/ConnectivityService( 446): Setting timer for 720seconds
D/dalvikvm( 503): GC_CONCURRENT freed 2094K, 23% free 9789K/12596K, paused 3ms+5ms, total 39ms
D/ConnectivityService( 446): Sampling interval elapsed, updating statistics ..
W/SocketClient( 126): write error (Broken pipe)
D/ConnectivityService( 446): Done.
D/ConnectivityService( 446): Setting timer for 720seconds
I/ProcessStatsService( 446): Prepared write state in 4ms
D/MDnsDS ( 126): MDnsSdListener::Monitor poll timed out
D/MDnsDS ( 126): Going to poll with pollCount 1
D/ConnectivityService( 446): Sampling interval elapsed, updating statistics ..
D/ConnectivityService( 446): Done.
D/ConnectivityService( 446): Setting timer for 720seconds
D/dalvikvm( 446): GC_CONCURRENT freed 1218K, 27% free 8442K/11436K, paused 5ms+6ms, total 54ms
D/ConnectivityService( 446): Sampling interval elapsed, updating statistics ..
D/ConnectivityService( 446): Done.
D/ConnectivityService( 446): Setting timer for 720seconds
I/EntropyMixer( 446): Writing entropy...
I/ProcessStatsService( 446): Prepared write state in 9ms
W/SocketClient( 126): write error (Broken pipe)
D/ConnectivityService( 446): Sampling interval elapsed, updating statistics ..
D/ConnectivityService( 446): Done.
D/ConnectivityService( 446): Setting timer for 720seconds
I/PowerManagerService( 446): Waking up from sleep...
V/KeyguardServiceDelegate( 446): onScreenTurnedOn(showListener = com.android.internal.policy.impl.PhoneWindowManager$17@420df568)
V/KeyguardServiceDelegate( 446): **** SHOWN CALLED ****
I/WindowManager( 446): Lock screen displayed!
D/dalvikvm( 503): GC_FOR_ALLOC freed 1256K, 23% free 9797K/12596K, paused 27ms, total 27ms
I/dalvikvm-heap( 503): Grow heap (frag case) to 9.807MB for 186640-byte allocation
D/dalvikvm( 503): GC_FOR_ALLOC freed 1K, 22% free 9977K/12780K, paused 20ms, total 20ms
D/dalvikvm( 503): GC_FOR_ALLOC freed 7K, 22% free 9971K/12780K, paused 20ms, total 20ms
I/dalvikvm-heap( 503): Grow heap (frag case) to 9.977MB for 186640-byte allocation
D/dalvikvm( 503): GC_FOR_ALLOC freed <1K, 22% free 10153K/12964K, paused 20ms, total 20ms
D/dalvikvm( 681): GC_CONCURRENT freed 394K, 14% free 3477K/4032K, paused 1ms+2ms, total 20ms
D/PowerManagerService-JNI( 446): Excessive delay in autosuspend_disable() while turning screen on: 351ms
D/SurfaceFlinger( 129): Screen acquired, type=0 flinger=0x418b4450
D/LightsService( 446): Excessive delay setting light: 82ms
D/LightsService( 446): Excessive delay setting light: 67ms
D/dalvikvm( 446): GC_CONCURRENT freed 1314K, 26% free 8474K/11436K, paused 2ms+7ms, total 66ms
D/NfcService( 696): NFC-C ON
D/PhoneStatusBar( 503): disable: < expand icons alerts ticker system_info back* home* recent* clock* search* > W/InputMethodManagerService( 446): Window already focused, ignoring focus gain of: com.android.internal.view.IInputMethodClient$Stub$Proxy@421088b0 attribute=android.view.inputmethod.EditorInfo@424e9920, token = android.os.BinderProxy@4204e700
D/LightsService( 446): Excessive delay setting light: 67ms
D/LightsService( 446): Excessive delay setting light: 67ms
I/PowerManagerService( 446): Going to sleep due to screen timeout...
D/SurfaceFlinger( 129): Screen released, type=0 flinger=0x418b4450
D/NfcService( 696): NFC-C OFF, disconnect
V/KeyguardHostView( 503): Initial transport state: 0, pbstate=0
W/ResourceType( 503): CREATING STRING CACHE OF 132 bytes
W/ResourceType( 503): CREATING STRING CACHE OF 120 bytes
W/ResourceType( 503): CREATING STRING CACHE OF 108 bytes
W/ResourceType( 503): CREATING STRING CACHE OF 44 bytes
V/KeyguardHostView( 503): hide transport, gen:3
V/KeyguardHostView( 503): music state changed: 0
D/dalvikvm( 503): GC_CONCURRENT freed 2268K, 21% free 10254K/12964K, paused 3ms+4ms, total 40ms
D/dalvikvm( 503): WAIT_FOR_CONCURRENT_GC blocked 14ms
D/dalvikvm( 446): GC_CONCURRENT freed 1288K, 27% free 8422K/11436K, paused 4ms+9ms, total 63ms
D/PhoneStatusBar( 503): disable: < expand icons alerts ticker system_info BACK* HOME* RECENT* CLOCK* SEARCH* > V/KeyguardServiceDelegate( 446): onScreenTurnedOn(showListener = com.android.internal.policy.impl.PhoneWindowManager$17@42017500)
I/PowerManagerService( 446): Waking up from sleep...
V/KeyguardServiceDelegate( 446): **** SHOWN CALLED ****
I/WindowManager( 446): Lock screen displayed!
D/PowerManagerService-JNI( 446): Excessive delay in autosuspend_disable() while turning screen on: 357ms
D/SurfaceFlinger( 129): Screen acquired, type=0 flinger=0x418b4450
D/LightsService( 446): Excessive delay setting light: 82ms
D/LightsService( 446): Excessive delay setting light: 75ms
D/NfcService( 696): NFC-C ON
D/PhoneStatusBar( 503): disable: < expand icons alerts ticker system_info back* home* recent* clock* search* > W/InputMethodManagerService( 446): Window already focused, ignoring focus gain of: com.android.internal.view.IInputMethodClient$Stub$Proxy@4204de98 attribute=android.view.inputmethod.EditorInfo@4201ff90, token = android.os.BinderProxy@4204e700
I/ActivityManager( 446): START u0 {act=android.intent.action.MAIN cat=[android.intent.category.LAUNCHER] flg=0x10200000 cmp=org.linaro.glmark2/.MainActivity} from pid 871
D/dalvikvm( 1960): GC_EXPLICIT freed 181K, 5% free 4753K/5000K, paused 3ms+4ms, total 39ms
E/StrictMode( 1960): class org.linaro.glmark2.ResultsActivity; instances=2; limit=1
E/StrictMode( 1960): android.os.StrictMode$InstanceCountViolation: class org.linaro.glmark2.ResultsActivity; instances=2; limit=1
E/StrictMode( 1960): at android.os.StrictMode.setClassInstanceLimit(StrictMode.java:1)
I/ActivityManager( 446): START u0 {cmp=org.linaro.glmark2/.Glmark2Activity} from pid 1960
I/ActivityManager( 446): Start proc org.linaro.glmark2:glmark2 for activity org.linaro.glmark2/.Glmark2Activity: pid=2195 uid=10031 gids={50031, 1028, 1015}
D/dalvikvm( 2195): Trying to load lib /data/app-lib/org.linaro.glmark2-1/libglmark2-android.so 0x41dc2248
D/dalvikvm( 2195): Added shared lib /data/app-lib/org.linaro.glmark2-1/libglmark2-android.so 0x41dc2248
I/glmark2 ( 2195): glmark2 2012.12
I/glmark2 ( 2195): OpenGL Information
I/glmark2 ( 2195): GL_VENDOR: Imagination Technologies
I/glmark2 ( 2195): GL_RENDERER: PowerVR SGX 540
I/glmark2 ( 2195): GL_VERSION: OpenGL ES 2.0 build 1.8.GOOGLENEXUS.ED945322@2198402
I/ActivityManager( 446): Displayed org.linaro.glmark2/.Glmark2Activity: +393ms
I/glmark2 ( 2195): [build] use-vbo=false: FPS: 182 FrameTime: 5.495 ms
I/glmark2 ( 2195): [build] use-vbo=true: FPS: 147 FrameTime: 6.803 ms
D/LightsService( 446): Excessive delay setting light: 67ms
D/LightsService( 446): Excessive delay setting light: 66ms
I/glmark2 ( 2195): [texture] texture-filter=nearest: FPS: 168 FrameTime: 5.952 ms
I/glmark2 ( 2195): [texture] texture-filter=linear: FPS: 167 FrameTime: 5.988 ms
D/LightsService( 446): Excessive delay setting light: 68ms
D/LightsService( 446): Excessive delay setting light: 67ms
I/glmark2 ( 2195): [texture] texture-filter=mipmap: FPS: 160 FrameTime: 6.250 ms
I/glmark2 ( 2195): [shading] shading=gouraud: FPS: 118 FrameTime: 8.475 ms
I/glmark2 ( 2195): [shading] shading=blinn-phong-inf: FPS: 118 FrameTime: 8.475 ms
D/LightsService( 446): Excessive delay setting light: 68ms
D/LightsService( 446): Excessive delay setting light: 67ms
I/glmark2 ( 2195): [shading] shading=phong: FPS: 71 FrameTime: 14.085 ms
D/LightsService( 446): Excessive delay setting light: 67ms
D/LightsService( 446): Excessive delay setting light: 68ms
I/glmark2 ( 2195): [bump] bump-render=high-poly: FPS: 69 FrameTime: 14.493 ms
I/glmark2 ( 2195): [bump] bump-render=normals: FPS: 75 FrameTime: 13.333 ms
D/LightsService( 446): Excessive delay setting light: 67ms
D/LightsService( 446): Excessive delay setting light: 68ms
I/glmark2 ( 2195): [bump] bump-render=height: FPS: 72 FrameTime: 13.889 ms
I/glmark2 ( 2195): [effect2d] kernel=0,1,0;1,-4,1;0,1,0;: FPS: 29 FrameTime: 34.483 ms
I/glmark2 ( 2195): [effect2d] kernel=1,1,1,1,1;1,1,1,1,1;1,1,1,1,1;: FPS: 10 FrameTime: 100.000 ms
I/glmark2 ( 2195): [pulsar] light=false:quads=5:texture=false: FPS: 77 FrameTime: 12.987 ms
D/LightsService( 446): Excessive delay setting light: 67ms
D/LightsService( 446): Excessive delay setting light: 67ms
I/glmark2 ( 2195): [desktop] blur-radius=5:effect=blur:passes=1:separable=true:windows=4: FPS: 13 FrameTime: 76.923 ms
I/glmark2 ( 2195): [desktop] effect=shadow:windows=4: FPS: 73 FrameTime: 13.699 ms
D/LightsService( 446): Excessive delay setting light: 67ms
D/LightsService( 446): Excessive delay setting light: 67ms
I/glmark2 ( 2195): [buffer] columns=200:interleave=false:update-dispersion=0.9:update-fraction=0.5:update-method=map: FPS: 91 FrameTime: 10.989 ms
I/glmark2 ( 2195): [buffer] columns=200:interleave=false:update-dispersion=0.9:update-fraction=0.5:update-method=subdata: FPS: 78 FrameTime: 12.821 ms
D/LightsService( 446): Excessive delay setting light: 68ms
D/LightsService( 446): Excessive delay setting light: 68ms
I/glmark2 ( 2195): [buffer] columns=200:interleave=true:update-dispersion=0.9:update-fraction=0.5:update-method=map: FPS: 120 FrameTime: 8.333 ms
I/glmark2 ( 2195): [ideas] speed=duration: FPS: 111 FrameTime: 9.009 ms
D/LightsService( 446): Excessive delay setting light: 67ms
D/LightsService( 446): Excessive delay setting light: 68ms
I/glmark2 ( 2195): [jellyfish] : FPS: 18 FrameTime: 55.556 ms
I/glmark2 ( 2195): [terrain] : FPS: 1 FrameTime: 1000.000 ms
E/glmark2 ( 2195): DepthRenderState::setup: glCheckFramebufferStatus failed (0x8cd6)
E/glmark2 ( 2195): Failed to set up the render target for the depth pass
I/glmark2 ( 2195): [shadow] : Set up failed
F/libc ( 2195): Fatal signal 11 (SIGSEGV) at 0x00000020 (code=1), thread 2208 (Thread-147)
I/DEBUG ( 127): *** *** *** *** *** *** *** *** *** *** *** *** *** *** *** ***
I/DEBUG ( 127): Build fingerprint: 'Android/full_maguro/maguro:4.4.2/KOT49H/551:eng/test-keys'
I/DEBUG ( 127): Revision: '9'
I/DEBUG ( 127): pid: 2195, tid: 2208, name: Thread-147 >>> org.linaro.glmark2:glmark2 <<<
I/DEBUG ( 127): signal 11 (SIGSEGV), code 1 (SEGV_MAPERR), fault addr 00000020
I/DEBUG ( 127): r0 00000004 r1 00000000 r2 00000000 r3 0000871d
I/DEBUG ( 127): r4 00000000 r5 5dc18140 r6 00000004 r7 5d858f40
I/DEBUG ( 127): r8 5fe79a88 r9 5d858f38 sl 5d7dfd37 fp 5fe79a9c
I/DEBUG ( 127): ip fffb9734 sp 5fe79a2c lr 5da6c81d pc 5da7bfde cpsr 200f0030
I/DEBUG ( 127): d0 0000000000000000 d1 0000000000000000
I/DEBUG ( 127): d2 656c706d61736974 d3 7265646e65725f64
I/DEBUG ( 127): d4 667562656d617246 d5 7574617453726566
I/DEBUG ( 127): d6 64656c6961662073 d7 3664633878302820
I/DEBUG ( 127): d8 0000000000000000 d9 0000000000000000
I/DEBUG ( 127): d10 0000000000000000 d11 0000000000000000
I/DEBUG ( 127): d12 0000000000000000 d13 0000000000000000
I/DEBUG ( 127): d14 0000000000000000 d15 0000000000000000
I/DEBUG ( 127): d16 5d776f646168735b d17 6c75616665643c20
I/DEBUG ( 127): d18 3fd287a7636f4361 d19 3ff8000000000000
I/DEBUG ( 127): d20 3ff0000000000000 d21 4024000000000000
I/DEBUG ( 127): d22 0000000000000000 d23 0000000000000000
I/DEBUG ( 127): d24 3fe0000000000000 d25 3fe000000112a880
I/DEBUG ( 127): d26 3fdffffffddaaf00 d27 4000000000000000
I/DEBUG ( 127): d28 4022000000000000 d29 000000003f800000
I/DEBUG ( 127): d30 3fbe9ac83ee93a40 d31 3f8d45242237e4e8
I/DEBUG ( 127): scr 28000015
I/DEBUG ( 127):
I/DEBUG ( 127): backtrace:
I/DEBUG ( 127): #00 pc 00073fde /data/app-lib/org.linaro.glmark2-1/libglmark2-android.so (Program::release()+5)
I/DEBUG ( 127):
I/DEBUG ( 127): stack:
I/DEBUG ( 127): 5fe799ec 625028c8
I/DEBUG ( 127): 5fe799f0 5d7f1e08
I/DEBUG ( 127): 5fe799f4 5d84f228
I/DEBUG ( 127): 5fe799f8 625028c0
I/DEBUG ( 127): 5fe799fc 625028c8
I/DEBUG ( 127): 5fe79a00 625028c8
I/DEBUG ( 127): 5fe79a04 00000001
I/DEBUG ( 127): 5fe79a08 5d84f228
I/DEBUG ( 127): 5fe79a0c 40177451 /system/lib/libc.so (dlfree+432)
I/DEBUG ( 127): 5fe79a10 401c8000 /system/lib/libc.so
I/DEBUG ( 127): 5fe79a14 5d84f228
I/DEBUG ( 127): 5fe79a18 5d7f1e08
I/DEBUG ( 127): 5fe79a1c 625028c8
I/DEBUG ( 127): 5fe79a20 00000001
I/DEBUG ( 127): 5fe79a24 5d80dcc8 /system/vendor/lib/egl/libGLESv2_POWERVR_SGX540_120.so
I/DEBUG ( 127): 5fe79a28 5d7f1e08
I/DEBUG ( 127): #00 5fe79a2c 00000000
I/DEBUG ( 127): 5fe79a30 5dc18140
I/DEBUG ( 127): 5fe79a34 00000004
I/DEBUG ( 127): 5fe79a38 5d858f40
I/DEBUG ( 127): 5fe79a3c 5fe79a88
I/DEBUG ( 127): 5fe79a40 5d858f38
I/DEBUG ( 127): 5fe79a44 5d7dfd37 /data/dalvik-cache/data@app@org.linaro.glmark2-1.apk@classes.dex
I/DEBUG ( 127): 5fe79a48 5fe79a9c
I/DEBUG ( 127): 5fe79a4c 5da6c81d /data/app-lib/org.linaro.glmark2-1/libglmark2-android.so (SceneShadow::teardown()+20)
I/DEBUG ( 127): 5fe79a50 5dc18fd0
I/DEBUG ( 127): 5fe79a54 5daedcd8 /data/app-lib/org.linaro.glmark2-1/libglmark2-android.so
I/DEBUG ( 127): 5fe79a58 00000000
I/DEBUG ( 127): 5fe79a5c 5da25261 /data/app-lib/org.linaro.glmark2-1/libglmark2-android.so (Benchmark::teardown_scene()+12)
I/DEBUG ( 127): 5fe79a60 5dc19418
I/DEBUG ( 127): 5fe79a64 5da2df39 /data/app-lib/org.linaro.glmark2-1/libglmark2-android.so (MainLoop::step()+80)
I/DEBUG ( 127): 5fe79a68 5da1e54d /data/app-lib/org.linaro.glmark2-1/libglmark2-android.so (Java_org_linaro_glmark2_native_render(_JNIEnv*))
I/DEBUG ( 127):
I/DEBUG ( 127): memory near r3:
I/DEBUG ( 127): 000086fc ffffffff ffffffff ffffffff ffffffff
I/DEBUG ( 127): 0000870c ffffffff ffffffff ffffffff ffffffff
I/DEBUG ( 127): 0000871c ffffffff ffffffff ffffffff ffffffff
I/DEBUG ( 127): 0000872c ffffffff ffffffff ffffffff ffffffff
I/DEBUG ( 127): 0000873c ffffffff ffffffff ffffffff ffffffff
I/DEBUG ( 127): 0000874c ffffffff ffffffff ffffffff ffffffff
I/DEBUG ( 127): 0000875c ffffffff ffffffff ffffffff ffffffff
I/DEBUG ( 127): 0000876c ffffffff ffffffff ffffffff ffffffff
I/DEBUG ( 127): 0000877c ffffffff ffffffff ffffffff ffffffff
I/DEBUG ( 127): 0000878c ffffffff ffffffff ffffffff ffffffff
I/DEBUG ( 127): 0000879c ffffffff ffffffff ffffffff ffffffff
I/DEBUG ( 127): 000087ac ffffffff ffffffff ffffffff ffffffff
I/DEBUG ( 127): 000087bc ffffffff ffffffff ffffffff ffffffff
I/DEBUG ( 127): 000087cc ffffffff ffffffff ffffffff ffffffff
I/DEBUG ( 127): 000087dc ffffffff ffffffff ffffffff ffffffff
I/DEBUG ( 127): 000087ec ffffffff ffffffff ffffffff ffffffff
I/DEBUG ( 127):
I/DEBUG ( 127): memory near r5:
I/DEBUG ( 127): 5dc18120 5dc0a3c4 5dc0a3a0 00000000 00000000
I/DEBUG ( 127): 5dc18130 00000000 00000000 00000000 0000006b
I/DEBUG ( 127): 5dc18140 5daed678 5d7f19e0 64616873 0000776f
I/DEBUG ( 127): 5dc18150 00000000 00000000 5dc1814e 5dc18148
I/DEBUG ( 127): 5dc18160 00000000 5dc18568 5dc181a8 5dc18248
I/DEBUG ( 127): 5dc18170 0000000b 00000000 fe8ee400 41d4b1aa
I/DEBUG ( 127): 5dc18180 fe8ee400 41d4b1aa 00000000 00000000
I/DEBUG ( 127): 5dc18190 00000000 40240000 00000000 00000000
I/DEBUG ( 127): 5dc181a0 00000000 000000a3 00000000 5dc18428
I/DEBUG ( 127): 5dc181b0 00000000 00000000 61727564 6e6f6974
I/DEBUG ( 127): 5dc181c0 00000000 00000000 5dc181c0 5dc181b8
I/DEBUG ( 127): 5dc181d0 61727564 6e6f6974 00000000 00000000
I/DEBUG ( 127): 5dc181e0 5dc181d8 5dc181d0 302e3031 00000000
I/DEBUG ( 127): 5dc181f0 00000000 00000000 5dc181ec 5dc181e8
I/DEBUG ( 127): 5dc18200 302e3031 00000000 00000000 00000000
I/DEBUG ( 127): 5dc18210 5dc18204 5dc18200 5dc15be8 00000000
I/DEBUG ( 127):
I/DEBUG ( 127): memory near r7:
I/DEBUG ( 127): 5d858f20 00000000 5d858f4c 5d7dc2a4 57f3b1a0
I/DEBUG ( 127): 5d858f30 00000000 609560e9 5d858f6c 5950b5d2
I/DEBUG ( 127): 5d858f40 57f3ddf0 5d7dc2a4 60955a99 60955951
I/DEBUG ( 127): 5d858f50 41dcde98 41dd80f0 5d858fdc 5950bc28
I/DEBUG ( 127): 5d858f60 57f3d5c8 5950b5d2 00000000 41dcde98
I/DEBUG ( 127): 5d858f70 41dce218 00000000 00000000 00000000
I/DEBUG ( 127): 5d858f80 00000000 00000000 00000000 41dd80f0
I/DEBUG ( 127): 5d858f90 000004a0 00000000 00000000 41dce7c0
I/DEBUG ( 127): 5d858fa0 00000000 00003000 57bf9f58 41dcc388
I/DEBUG ( 127): 5d858fb0 000002d0 00000000 41dcde98 41dcc318
I/DEBUG ( 127): 5d858fc0 00000000 41dce218 5d859000 00000000
I/DEBUG ( 127): 5d858fd0 57f3d8a8 5950bc28 00000000 41dce7c0
I/DEBUG ( 127): 5d858fe0 00000093 00000000 41dce218 00000000
I/DEBUG ( 127): 5d858ff0 00000000 00000000 00000000 00000000
I/DEBUG ( 127): 5d859000 00000000 00000000 00000000 00000000
I/DEBUG ( 127): 5d859010 00000000 00000000 00000000 00000000
I/DEBUG ( 127):
I/DEBUG ( 127): memory near r8:
I/DEBUG ( 127): 5fe79a68 5da1e54d 5daee220 00000007 5da1e559
I/DEBUG ( 127): 5fe79a78 5950b5d2 5da1e54d 57f3b1a0 419e29a4
I/DEBUG ( 127): 5fe79a88 00000000 5c180828 00000001 5d858f38
I/DEBUG ( 127): 5fe79a98 00000000 41a22b39 5d858f38 5d7dfd37
I/DEBUG ( 127): 5fe79aa8 5da1e54d 5c180838 5c180838 00000000
I/DEBUG ( 127): 5fe79ab8 401cc39c 41dca640 5c180838 5c1808d0
I/DEBUG ( 127): 5fe79ac8 57ca6118 00000000 00000000 00000000
I/DEBUG ( 127): 5fe79ad8 41aaa574 41dd85a0 5c180828 41aab1f8
I/DEBUG ( 127): 5fe79ae8 00000b28 5c180828 5c180850 419efcfc
I/DEBUG ( 127): 5fe79af8 5c180850 5c180828 5c180828 41aaa6d0
I/DEBUG ( 127): 5fe79b08 00000000 5dc288d0 00000008 41a6775d
I/DEBUG ( 127): 5fe79b18 00000002 0000003a 00000013 00000013
I/DEBUG ( 127): 5fe79b28 5d7dc2a4 41a678df 0000562b 00000000
I/DEBUG ( 127): 5fe79b38 00000000 000000ee 0000006a 41a51ebd
I/DEBUG ( 127): 5fe79b48 00000038 00000001 0000000e 00000016
I/DEBUG ( 127): 5fe79b58 00000002 401cc39c 00000071 00000005
I/DEBUG ( 127):
I/DEBUG ( 127): memory near r9:
I/DEBUG ( 127): 5d858f18 5950afc8 57ca6118 00000000 5d858f4c
I/DEBUG ( 127): 5d858f28 5d7dc2a4 57f3b1a0 00000000 609560e9
I/DEBUG ( 127): 5d858f38 5d858f6c 5950b5d2 57f3ddf0 5d7dc2a4
I/DEBUG ( 127): 5d858f48 60955a99 60955951 41dcde98 41dd80f0
I/DEBUG ( 127): 5d858f58 5d858fdc 5950bc28 57f3d5c8 5950b5d2
I/DEBUG ( 127): 5d858f68 00000000 41dcde98 41dce218 00000000
I/DEBUG ( 127): 5d858f78 00000000 00000000 00000000 00000000
I/DEBUG ( 127): 5d858f88 00000000 41dd80f0 000004a0 00000000
I/DEBUG ( 127): 5d858f98 00000000 41dce7c0 00000000 00003000
I/DEBUG ( 127): 5d858fa8 57bf9f58 41dcc388 000002d0 00000000
I/DEBUG ( 127): 5d858fb8 41dcde98 41dcc318 00000000 41dce218
I/DEBUG ( 127): 5d858fc8 5d859000 00000000 57f3d8a8 5950bc28
I/DEBUG ( 127): 5d858fd8 00000000 41dce7c0 00000093 00000000
I/DEBUG ( 127): 5d858fe8 41dce218 00000000 00000000 00000000
I/DEBUG ( 127): 5d858ff8 00000000 00000000 00000000 00000000
I/DEBUG ( 127): 5d859008 00000000 00000000 00000000 00000000
I/DEBUG ( 127):
I/DEBUG ( 127): memory near sl:
I/DEBUG ( 127): 5d7dfd14 56050049 4a494c4c 4c560500 004c494c
I/DEBUG ( 127): 5d7dfd24 4c4c5604 5605004c 4c4c4c4c 4c560300
I/DEBUG ( 127): 5d7dfd34 5a01005a 495a0200 495a0300 5a02004c
I/DEBUG ( 127): 5d7dfd44 5a04004c 004c494c 4c4c5a05 05004a49
I/DEBUG ( 127): 5d7dfd54 494c4c5a 5a06004c 494c4c4c 5a03004c
I/DEBUG ( 127): 5d7dfd64 02005a4c 1800495b 6e614c5b 696f7264
I/DEBUG ( 127): 5d7dfd74 736f2f64 7261502f 616c6563 3b656c62
I/DEBUG ( 127): 5d7dfd84 4c5b0f00 6176616a 2f6f692f 656c6946
I/DEBUG ( 127): 5d7dfd94 5b19003b 76616a4c 616c2f61 432f676e
I/DEBUG ( 127): 5d7dfda4 53726168 65757165 3b65636e 4c5b1300
I/DEBUG ( 127): 5d7dfdb4 6176616a 6e616c2f 624f2f67 7463656a
I/DEBUG ( 127): 5d7dfdc4 5b13003b 76616a4c 616c2f61 532f676e
I/DEBUG ( 127): 5d7dfdd4 6e697274 2b003b67 616a4c5b 2f786176
I/DEBUG ( 127): 5d7dfde4 7263696d 6964656f 6e6f6974 72686b2f
I/DEBUG ( 127): 5d7dfdf4 736f6e6f 6c67652f 4c47452f 666e6f43
I/DEBUG ( 127): 5d7dfe04 003b6769 6f4c5b36 6c2f6772 72616e69
I/DEBUG ( 127):
I/DEBUG ( 127): memory near fp:
I/DEBUG ( 127): 5fe79a7c 5da1e54d 57f3b1a0 419e29a4 00000000
I/DEBUG ( 127): 5fe79a8c 5c180828 00000001 5d858f38 00000000
I/DEBUG ( 127): 5fe79a9c 41a22b39 5d858f38 5d7dfd37 5da1e54d
I/DEBUG ( 127): 5fe79aac 5c180838 5c180838 00000000 401cc39c
I/DEBUG ( 127): 5fe79abc 41dca640 5c180838 5c1808d0 57ca6118
I/DEBUG ( 127): 5fe79acc 00000000 00000000 00000000 41aaa574
I/DEBUG ( 127): 5fe79adc 41dd85a0 5c180828 41aab1f8 00000b28
I/DEBUG ( 127): 5fe79aec 5c180828 5c180850 419efcfc 5c180850
I/DEBUG ( 127): 5fe79afc 5c180828 5c180828 41aaa6d0 00000000
I/DEBUG ( 127): 5fe79b0c 5dc288d0 00000008 41a6775d 00000002
I/DEBUG ( 127): 5fe79b1c 0000003a 00000013 00000013 5d7dc2a4
I/DEBUG ( 127): 5fe79b2c 41a678df 0000562b 00000000 00000000
I/DEBUG ( 127): 5fe79b3c 000000ee 0000006a 41a51ebd 00000038
I/DEBUG ( 127): 5fe79b4c 00000001 0000000e 00000016 00000002
I/DEBUG ( 127): 5fe79b5c 401cc39c 00000071 00000005 00000000
I/DEBUG ( 127): 5fe79b6c e174717c 41aaa1f8 00000000 00000000
I/DEBUG ( 127):
I/DEBUG ( 127): memory near sp:
I/DEBUG ( 127): 5fe79a0c 40177451 401c8000 5d84f228 5d7f1e08
I/DEBUG ( 127): 5fe79a1c 625028c8 00000001 5d80dcc8 5d7f1e08
I/DEBUG ( 127): 5fe79a2c 00000000 5dc18140 00000004 5d858f40
I/DEBUG ( 127): 5fe79a3c 5fe79a88 5d858f38 5d7dfd37 5fe79a9c
I/DEBUG ( 127): 5fe79a4c 5da6c81d 5dc18fd0 5daedcd8 00000000
I/DEBUG ( 127): 5fe79a5c 5da25261 5dc19418 5da2df39 5da1e54d
I/DEBUG ( 127): 5fe79a6c 5daee220 00000007 5da1e559 5950b5d2
I/DEBUG ( 127): 5fe79a7c 5da1e54d 57f3b1a0 419e29a4 00000000
I/DEBUG ( 127): 5fe79a8c 5c180828 00000001 5d858f38 00000000
I/DEBUG ( 127): 5fe79a9c 41a22b39 5d858f38 5d7dfd37 5da1e54d
I/DEBUG ( 127): 5fe79aac 5c180838 5c180838 00000000 401cc39c
I/DEBUG ( 127): 5fe79abc 41dca640 5c180838 5c1808d0 57ca6118
I/DEBUG ( 127): 5fe79acc 00000000 00000000 00000000 41aaa574
I/DEBUG ( 127): 5fe79adc 41dd85a0 5c180828 41aab1f8 00000b28
I/DEBUG ( 127): 5fe79aec 5c180828 5c180850 419efcfc 5c180850
I/DEBUG ( 127): 5fe79afc 5c180828 5c180828 41aaa6d0 00000000
I/DEBUG ( 127):
I/DEBUG ( 127): code around pc:
I/DEBUG ( 127): 5da7bfbc ed8cf7a0 6be46ba1 e7ee1b0a ed74f7a0
I/DEBUG ( 127): 5da7bfcc 00071dba fffffe20 0006b494 4ff0e92d
I/DEBUG ( 127): 5da7bfdc 69c44606 6a03b083 d01b429c 2700343c
I/DEBUG ( 127): 5da7bfec 4545e00c 7c3cf844 7c38f844 f804462b
I/DEBUG ( 127): 5da7bffc f1047c04 f804043c d0547c3f 0c3cf854
I/DEBUG ( 127): 5da7c00c 461d46a0 d0ec2800 e83cf7a1 e7e86a35
I/DEBUG ( 127): 5da7c01c 8020f8c6 1d376bf1 42816bb0 2000bf1c
I/DEBUG ( 127): 5da7c02c 68f47008 6bf1bf1c 42bc63b1 6aa5d018
I/DEBUG ( 127): 5da7c03c 69e8b175 0e08f105 d0064570 68abb128
I/DEBUG ( 127): 5da7c04c 29801a19 f7a0d82c 4628ed1e ecdef7a0
I/DEBUG ( 127): 5da7c05c b1ab68e3 689b461c d1fb2b00 d1e642bc
I/DEBUG ( 127): 5da7c06c 2a006972 6830d167 f7a1b108 2500e872
I/DEBUG ( 127): 5da7c07c f8866035 f8865040 b0035041 8ff0e8bd
I/DEBUG ( 127): 5da7c08c 68d16862 d16042a1 e00146a2 46224692
I/DEBUG ( 127): 5da7c09c 68e06854 d0f94290 bf084554 e7c44614
I/DEBUG ( 127): 5da7c0ac ecb4f7a0 f8d6e7d1 4545801c 45a8d0b2
I/DEBUG ( 127):
I/DEBUG ( 127): code around lr:
I/DEBUG ( 127): 5da6c7fc 8000f3af 00000000 412e8480 4605b570
I/DEBUG ( 127): 5da6c80c 1d266d84 f00f4630 4630f895 fbdef00f
I/DEBUG ( 127): 5da6c81c 2b006da3 8099f040 b1316de1 f1042001
I/DEBUG ( 127): 5da6c82c f7b0015c 2200eaf8 f10465e2 46300660
I/DEBUG ( 127): 5da6c83c f880f00f f5044630 f00f76aa f648fbc7
I/DEBUG ( 127): 5da6c84c 21000092 ea62f7b0 719af504 f7b02001
I/DEBUG ( 127): 5da6c85c f8d4ea52 2000313c 1140f8d4 0134f8c4
I/DEBUG ( 127): 5da6c86c 0138f8c4 428b4630 f8c4bf18 f00f3140
I/DEBUG ( 127): 5da6c87c 4630f861 fbaaf00f 70d8f504 fde4f7c3
I/DEBUG ( 127): 5da6c88c 2c006dac f504d04d f7c370d8 f8d4fe4f
I/DEBUG ( 127): 5da6c89c b14001a4 21acf8d4 f0231a13 2980013f
I/DEBUG ( 127): 5da6c8ac f7b0d850 f8d4e8f0 b1400198 11a0f8d4
I/DEBUG ( 127): 5da6c8bc f0261a0e 2980013f f7b0d841 f504e8e4
I/DEBUG ( 127): 5da6c8cc f00f70aa f8d4fc45 b1400148 2150f8d4
I/DEBUG ( 127): 5da6c8dc f0231a13 29800107 f7b0d82e f8d4e8d4
I/DEBUG ( 127): 5da6c8ec b140013c 1144f8d4 f0261a0e 29800107
W/ActivityManager( 446): Force finishing activity org.linaro.glmark2/.Glmark2Activity
W/InputDispatcher( 446): channel '420f4760 org.linaro.glmark2/org.linaro.glmark2.Glmark2Activity (server)' ~ Consumer closed input channel or an error occurred. events=0x9
E/InputDispatcher( 446): channel '420f4760 org.linaro.glmark2/org.linaro.glmark2.Glmark2Activity (server)' ~ Channel is unrecoverably broken and will be disposed!
D/dalvikvm( 446): GC_FOR_ALLOC freed 858K, 26% free 8573K/11436K, paused 38ms, total 39ms
I/dalvikvm-heap( 446): Grow heap (frag case) to 9.513MB for 1127536-byte allocation
I/PowerManagerService( 446): Going to sleep due to screen timeout...
D/Zygote ( 130): Process 2195 terminated by signal (11)
D/dalvikvm( 446): GC_FOR_ALLOC freed 16K, 23% free 9658K/12540K, paused 34ms, total 34ms
I/WindowState( 446): WIN DEATH: Window{424a5c48 u0 SurfaceView}
W/InputDispatcher( 446): Attempted to unregister already unregistered input channel '420f4760 org.linaro.glmark2/org.linaro.glmark2.Glmark2Activity (server)'
I/WindowState( 446): WIN DEATH: Window{420f4760 u0 org.linaro.glmark2/org.linaro.glmark2.Glmark2Activity}
I/ActivityManager( 446): Process org.linaro.glmark2:glmark2 (pid 2195) has died.
I/ActivityManager( 446): START u0 {cmp=org.linaro.glmark2/.ResultsActivity} from pid 1960
W/ResourceType( 1960): CREATING STRING CACHE OF 72 bytes
I/ActivityManager( 446): Displayed org.linaro.glmark2/.ResultsActivity: +299ms
D/SurfaceFlinger( 129): Screen released, type=0 flinger=0x418b4450
W/InputMethodManagerService( 446): Got RemoteException sending setActive(false) notification to pid 2195 uid 10031
D/NfcService( 696): NFC-C OFF, disconnect
V/KeyguardHostView( 503): Initial transport state: 0, pbstate=0
W/ResourceType( 503): CREATING STRING CACHE OF 132 bytes
D/dalvikvm( 503): GC_FOR_ALLOC freed 3855K, 34% free 8561K/12960K, paused 24ms, total 24ms
W/ResourceType( 503): CREATING STRING CACHE OF 120 bytes
W/ResourceType( 503): CREATING STRING CACHE OF 108 bytes
W/ResourceType( 503): CREATING STRING CACHE OF 44 bytes
D/dalvikvm( 503): GC_CONCURRENT freed 535K, 25% free 9818K/12960K, paused 1ms+4ms, total 27ms
V/KeyguardHostView( 503): hide transport, gen:3
V/KeyguardHostView( 503): music state changed: 0
D/PhoneStatusBar( 503): disable: < expand icons alerts ticker system_info BACK* HOME* RECENT* CLOCK* SEARCH* > I/PowerManagerService( 446): Waking up from sleep...
V/KeyguardServiceDelegate( 446): onScreenTurnedOn(showListener = com.android.internal.policy.impl.PhoneWindowManager$17@421c2eb0)
W/InputMethodManagerService( 446): Got RemoteException sending setActive(false) notification to pid 2195 uid 10031
V/KeyguardServiceDelegate( 446): **** SHOWN CALLED ****
I/WindowManager( 446): Lock screen displayed!
D/dalvikvm( 503): GC_CONCURRENT freed 1771K, 22% free 10187K/12960K, paused 3ms+4ms, total 32ms
D/PowerManagerService-JNI( 446): Excessive delay in autosuspend_disable() while turning screen on: 359ms
D/SurfaceFlinger( 129): Screen acquired, type=0 flinger=0x418b4450
D/LightsService( 446): Excessive delay setting light: 83ms
D/LightsService( 446): Excessive delay setting light: 67ms
D/NfcService( 696): NFC-C ON
D/PhoneStatusBar( 503): disable: < expand icons alerts ticker system_info back* home* recent* clock* search* > E/AudioTrack( 503): did not receive expected priority boost on time
W/Binder ( 652): Caught a RuntimeException from the binder stub implementation.
W/Binder ( 652): java.lang.NullPointerException
W/Binder ( 652): at android.inputmethodservice.IInputMethodWrapper.setSessionEnabled(IInputMethodWrapper.java:280)
W/Binder ( 652): at com.android.internal.view.IInputMethod$Stub.onTransact(IInputMethod.java:129)
W/Binder ( 652): at android.os.Binder.execTransact(Binder.java:404)
W/Binder ( 652): at dalvik.system.NativeStart.run(Native Method)
W/InputMethodManagerService( 446): Got RemoteException sending setActive(false) notification to pid 2195 uid 10031
D/LightsService( 446): Excessive delay setting light: 68ms
D/LightsService( 446): Excessive delay setting light: 67ms
I/PowerManagerService( 446): Going to sleep due to screen timeout...
D/SurfaceFlinger( 129): Screen released, type=0 flinger=0x418b4450
D/NfcService( 696): NFC-C OFF, disconnect
V/KeyguardHostView( 503): Initial transport state: 0, pbstate=0
W/ResourceType( 503): CREATING STRING CACHE OF 132 bytes
D/dalvikvm( 446): GC_CONCURRENT freed 1531K, 22% free 9782K/12540K, paused 15ms+6ms, total 80ms
D/dalvikvm( 446): WAIT_FOR_CONCURRENT_GC blocked 27ms
W/ResourceType( 503): CREATING STRING CACHE OF 120 bytes
W/ResourceType( 503): CREATING STRING CACHE OF 108 bytes
W/ResourceType( 503): CREATING STRING CACHE OF 44 bytes
V/KeyguardHostView( 503): hide transport, gen:3
V/KeyguardHostView( 503): music state changed: 0
D/dalvikvm( 503): GC_CONCURRENT freed 2705K, 24% free 9863K/12960K, paused 3ms+4ms, total 41ms
D/dalvikvm( 503): WAIT_FOR_CONCURRENT_GC blocked 15ms
D/PhoneStatusBar( 503): disable: < expand icons alerts ticker system_info BACK* HOME* RECENT* CLOCK* SEARCH* > I/healthd ( 119): battery l=100 v=4161 t=33.0 h=2 st=5 chg=
I/healthd ( 119): battery l=100 v=4161 t=33.0 h=2 st=5 chg=
I/PowerManagerService( 446): Waking up from sleep...
I/healthd ( 119): battery l=100 v=4161 t=33.0 h=2 st=3 chg=
V/KeyguardServiceDelegate( 446): onScreenTurnedOn(showListener = com.android.internal.policy.impl.PhoneWindowManager$17@420f3b68)
I/ActivityManager( 446): Killing 972:com.android.providers.calendar/u0a1 (adj 15): empty for 23020s
V/KeyguardServiceDelegate( 446): **** SHOWN CALLED ****
I/WindowManager( 446): Lock screen displayed!
D/PowerManagerService-JNI( 446): Excessive delay in autosuspend_disable() while turning screen on: 374ms
D/SurfaceFlinger( 129): Screen acquired, type=0 flinger=0x418b4450
D/LightsService( 446): Excessive delay setting light: 84ms
D/LightsService( 446): Excessive delay setting light: 67ms
D/dalvikvm( 503): GC_FOR_ALLOC freed 1077K, 21% free 10232K/12900K, paused 23ms, total 23ms
I/dalvikvm-heap( 503): Grow heap (frag case) to 10.203MB for 155152-byte allocation
D/dalvikvm( 503): GC_FOR_ALLOC freed 8K, 21% free 10375K/13052K, paused 25ms, total 25ms
D/dalvikvm( 503): GC_FOR_ALLOC freed 1283K, 31% free 9093K/13052K, paused 26ms, total 26ms
D/MtpService( 730): updating state; isCurrentUser=true, mMtpLocked=false
D/MtpService( 730): addStorageLocked 65537 /storage/emulated/0
D/dalvikvm( 730): GC_FOR_ALLOC freed 385K, 17% free 3431K/4088K, paused 15ms, total 15ms
D/MtpService( 730): updating state; isCurrentUser=true, mMtpLocked=false
D/MtpService( 730): starting MTP server in MTP mode
D/MtpService( 730): addStorageLocked 65537 /storage/emulated/0
D/dalvikvm( 446): GC_CONCURRENT freed 1698K, 23% free 9748K/12536K, paused 3ms+5ms, total 60ms
I/healthd ( 119): battery l=100 v=4166 t=33.0 h=2 st=3 chg=u
I/EntropyMixer( 446): Writing entropy...
I/healthd ( 119): battery l=100 v=4166 t=33.0 h=2 st=5 chg=u
D/NfcService( 696): NFC-C ON
D/PhoneStatusBar( 503): disable: < expand icons alerts ticker system_info back* home* recent* clock* search* > W/InputMethodManagerService( 446): Window already focused, ignoring focus gain of: com.android.internal.view.IInputMethodClient$Stub$Proxy@41fc8430 attribute=android.view.inputmethod.EditorInfo@424d9088, token = android.os.BinderProxy@420741c8
D/LightsService( 446): Excessive delay setting light: 67ms
D/LightsService( 446): Excessive delay setting light: 67ms
I/PowerManagerService( 446): Going to sleep due to screen timeout...
D/SurfaceFlinger( 129): Screen released, type=0 flinger=0x418b4450
D/NfcService( 696): NFC-C OFF, disconnect
V/KeyguardHostView( 503): Initial transport state: 0, pbstate=0
W/ResourceType( 503): CREATING STRING CACHE OF 132 bytes
D/dalvikvm( 503): GC_CONCURRENT freed 2807K, 37% free 8303K/13052K, paused 3ms+4ms, total 37ms
D/dalvikvm( 503): WAIT_FOR_CONCURRENT_GC blocked 9ms
W/ResourceType( 503): CREATING STRING CACHE OF 92 bytes
W/ResourceType( 503): CREATING STRING CACHE OF 120 bytes
W/ResourceType( 503): CREATING STRING CACHE OF 108 bytes
W/ResourceType( 503): CREATING STRING CACHE OF 44 bytes
D/dalvikvm( 503): GC_CONCURRENT freed 562K, 29% free 9368K/13052K, paused 3ms+3ms, total 25ms
D/dalvikvm( 503): WAIT_FOR_CONCURRENT_GC blocked 16ms
V/KeyguardHostView( 503): hide transport, gen:3
V/KeyguardHostView( 503): music state changed: 0
D/dalvikvm( 446): GC_CONCURRENT freed 1555K, 23% free 9754K/12536K, paused 2ms+13ms, total 71ms
D/PhoneStatusBar( 503): disable: < expand icons alerts ticker system_info BACK* HOME* RECENT* CLOCK* SEARCH* > D/ConnectivityService( 446): Sampling interval elapsed, updating statistics ..
D/ConnectivityService( 446): Done.
D/ConnectivityService( 446): Setting timer for 720seconds
I/PowerManagerService( 446): Waking up from sleep...
V/KeyguardServiceDelegate( 446): onScreenTurnedOn(showListener = com.android.internal.policy.impl.PhoneWindowManager$17@4204a828)
D/dalvikvm( 503): GC_CONCURRENT freed 1660K, 25% free 9807K/13052K, paused 3ms+5ms, total 42ms
V/KeyguardServiceDelegate( 446): **** SHOWN CALLED ****
I/WindowManager( 446): Lock screen displayed!
D/PowerManagerService-JNI( 446): Excessive delay in autosuspend_disable() while turning screen on: 358ms
D/SurfaceFlinger( 129): Screen acquired, type=0 flinger=0x418b4450
D/LightsService( 446): Excessive delay setting light: 82ms
D/LightsService( 446): Excessive delay setting light: 67ms
D/NfcService( 696): NFC-C ON
D/PhoneStatusBar( 503): disable: < expand icons alerts ticker system_info back* home* recent* clock* search* > W/InputMethodManagerService( 446): Window already focused, ignoring focus gain of: com.android.internal.view.IInputMethodClient$Stub$Proxy@41faf910 attribute=android.view.inputmethod.EditorInfo@420d06f0, token = android.os.BinderProxy@420741c8
D/LightsService( 446): Excessive delay setting light: 67ms
D/LightsService( 446): Excessive delay setting light: 67ms
I/PowerManagerService( 446): Going to sleep due to screen timeout...
D/SurfaceFlinger( 129): Screen released, type=0 flinger=0x418b4450
D/NfcService( 696): NFC-C OFF, disconnect
V/KeyguardHostView( 503): Initial transport state: 0, pbstate=0
W/ResourceType( 503): CREATING STRING CACHE OF 132 bytes
W/ResourceType( 503): CREATING STRING CACHE OF 120 bytes
W/ResourceType( 503): CREATING STRING CACHE OF 108 bytes
W/ResourceType( 503): CREATING STRING CACHE OF 44 bytes
D/dalvikvm( 503): GC_CONCURRENT freed 1782K, 22% free 10279K/13052K, paused 2ms+4ms, total 34ms
D/dalvikvm( 503): WAIT_FOR_CONCURRENT_GC blocked 18ms
V/KeyguardHostView( 503): hide transport, gen:3
V/KeyguardHostView( 503): music state changed: 0
D/PhoneStatusBar( 503): disable: < expand icons alerts ticker system_info BACK* HOME* RECENT* CLOCK* SEARCH* >