D/LightsService( 446): Excessive delay setting light: 67ms
D/LightsService( 446): Excessive delay setting light: 67ms
I/PowerManagerService( 446): Going to sleep due to screen timeout...
D/SurfaceFlinger( 129): Screen released, type=0 flinger=0x418b4450
V/KeyguardHostView( 503): Initial transport state: 0, pbstate=0
W/ResourceType( 503): CREATING STRING CACHE OF 132 bytes
W/ResourceType( 503): CREATING STRING CACHE OF 120 bytes
W/ResourceType( 503): CREATING STRING CACHE OF 108 bytes
W/ResourceType( 503): CREATING STRING CACHE OF 44 bytes
V/KeyguardHostView( 503): hide transport, gen:3
V/KeyguardHostView( 503): music state changed: 0
D/dalvikvm( 446): GC_CONCURRENT freed 1002K, 18% free 7142K/8628K, paused 4ms+5ms, total 58ms
D/dalvikvm( 446): WAIT_FOR_CONCURRENT_GC blocked 15ms
W/SocketClient( 126): write error (Broken pipe)
I/LatinIME:LogUtils( 652): Dictionary info: dictionary = UserHistoryDictionary.en_US.dic ; version = ? ; date = 1388736001
I/ProcessStatsService( 446): Prepared write state in 4ms
I/ProcessStatsService( 446): Prepared write state in 9ms
I/ProcessStatsService( 446): Prepared write state in 7ms
I/ProcessStatsService( 446): Prepared write state in 7ms
I/healthd ( 119): battery l=95 v=4203 t=30.0 h=2 st=2 chg=u
D/dalvikvm( 503): GC_CONCURRENT freed 2104K, 20% free 10297K/12780K, paused 3ms+4ms, total 37ms
I/healthd ( 119): battery l=96 v=4205 t=30.0 h=2 st=2 chg=u
I/healthd ( 119): battery l=97 v=4206 t=29.0 h=2 st=2 chg=u
D/dalvikvm( 446): GC_CONCURRENT freed 954K, 18% free 7089K/8628K, paused 5ms+4ms, total 59ms
I/healthd ( 119): battery l=98 v=4206 t=29.0 h=2 st=2 chg=u
D/ConnectivityService( 446): Sampling interval elapsed, updating statistics ..
D/ConnectivityService( 446): Done.
D/ConnectivityService( 446): Setting timer for 720seconds
I/healthd ( 119): battery l=99 v=4206 t=29.0 h=2 st=2 chg=u
V/KeyguardServiceDelegate( 446): onScreenTurnedOn(showListener = com.android.internal.policy.impl.PhoneWindowManager$17@41f80248)
I/PowerManagerService( 446): Waking up from sleep...
V/KeyguardServiceDelegate( 446): **** SHOWN CALLED ****
I/WindowManager( 446): Lock screen displayed!
D/PowerManagerService-JNI( 446): Excessive delay in autosuspend_disable() while turning screen on: 357ms
D/SurfaceFlinger( 129): Screen acquired, type=0 flinger=0x418b4450
D/LightsService( 446): Excessive delay setting light: 83ms
D/LightsService( 446): Excessive delay setting light: 67ms
D/NfcService( 696): NFC-C ON
D/PhoneStatusBar( 503): disable: < expand icons alerts ticker system_info back* home* recent* clock* search* > W/InputMethodManagerService( 446): Window already focused, ignoring focus gain of: com.android.internal.view.IInputMethodClient$Stub$Proxy@420dbd70 attribute=android.view.inputmethod.EditorInfo@420dbd80, token = android.os.BinderProxy@4204e700
I/ActivityManager( 446): START u0 {act=android.intent.action.MAIN cat=[android.intent.category.LAUNCHER] flg=0x10200000 cmp=org.linaro.glmark2/.MainActivity} from pid 871
W/ResourceType( 446): CREATING STRING CACHE OF 72 bytes
I/ActivityManager( 446): Start proc org.linaro.glmark2 for activity org.linaro.glmark2/.MainActivity: pid=1342 uid=10031 gids={50031, 1028, 1015}
D/dalvikvm( 446): GC_CONCURRENT freed 501K, 13% free 7577K/8628K, paused 6ms+6ms, total 91ms
D/dalvikvm( 446): WAIT_FOR_CONCURRENT_GC blocked 31ms
I/PackageManager( 446): Running dexopt on: org.linaro.glmark2
D/dalvikvm( 1355): DexOpt: load 28ms, verify+opt 78ms, 432484 bytes
E/dalvikvm( 1342): ERROR: couldn't find native method
E/dalvikvm( 1342): Requested: Lorg/linaro/glmark2/Glmark2Native;.done:()V
E/ ( 1342): RegisterNatives failed for 'org/linaro/glmark2/Glmark2Native'
E/ ( 1342): JNI_OnLoad: glmark2 native registration failed
W/dalvikvm( 1342): Exception Ljava/lang/NoSuchMethodError; thrown while initializing Lorg/linaro/glmark2/MainActivity;
W/dalvikvm( 1342): Class init failed in newInstance call (Lorg/linaro/glmark2/MainActivity;)
D/AndroidRuntime( 1342): Shutting down VM
W/dalvikvm( 1342): threadid=1: thread exiting with uncaught exception (group=0x41abcba8)
E/AndroidRuntime( 1342): FATAL EXCEPTION: main
E/AndroidRuntime( 1342): Process: org.linaro.glmark2, PID: 1342
E/AndroidRuntime( 1342): java.lang.NoSuchMethodError: no static or non-static method "Lorg/linaro/glmark2/Glmark2Native;.done()V"
E/AndroidRuntime( 1342): at java.lang.Runtime.nativeLoad(Native Method)
E/AndroidRuntime( 1342): at java.lang.Runtime.doLoad(Runtime.java:421)
E/AndroidRuntime( 1342): at java.lang.Runtime.loadLibrary(Runtime.java:362)
E/AndroidRuntime( 1342): at java.lang.System.loadLibrary(System.java:526)
E/AndroidRuntime( 1342): at org.linaro.glmark2.MainActivity.(MainActivity.java:480)
E/AndroidRuntime( 1342): at java.lang.Class.newInstanceImpl(Native Method)
E/AndroidRuntime( 1342): at java.lang.Class.newInstance(Class.java:1208)
E/AndroidRuntime( 1342): at android.app.Instrumentation.newActivity(Instrumentation.java:1061)
E/AndroidRuntime( 1342): at android.app.ActivityThread.performLaunchActivity(ActivityThread.java:2112)
E/AndroidRuntime( 1342): at android.app.ActivityThread.handleLaunchActivity(ActivityThread.java:2245)
E/AndroidRuntime( 1342): at android.app.ActivityThread.access$800(ActivityThread.java:135)
E/AndroidRuntime( 1342): at android.app.ActivityThread$H.handleMessage(ActivityThread.java:1196)
E/AndroidRuntime( 1342): at android.os.Handler.dispatchMessage(Handler.java:102)
E/AndroidRuntime( 1342): at android.os.Looper.loop(Looper.java:136)
E/AndroidRuntime( 1342): at android.app.ActivityThread.main(ActivityThread.java:5017)
E/AndroidRuntime( 1342): at java.lang.reflect.Method.invokeNative(Native Method)
E/AndroidRuntime( 1342): at java.lang.reflect.Method.invoke(Method.java:515)
E/AndroidRuntime( 1342): at com.android.internal.os.ZygoteInit$MethodAndArgsCaller.run(ZygoteInit.java:779)
E/AndroidRuntime( 1342): at com.android.internal.os.ZygoteInit.main(ZygoteInit.java:595)
E/AndroidRuntime( 1342): at dalvik.system.NativeStart.main(Native Method)
W/ActivityManager( 446): Force finishing activity org.linaro.glmark2/.MainActivity
D/dalvikvm( 446): GC_FOR_ALLOC freed 85K, 12% free 7620K/8628K, paused 34ms, total 34ms
I/dalvikvm-heap( 446): Grow heap (frag case) to 7.870MB for 380496-byte allocation
D/dalvikvm( 446): GC_FOR_ALLOC freed 1K, 12% free 7990K/9000K, paused 43ms, total 43ms
D/dalvikvm( 446): GC_FOR_ALLOC freed 371K, 16% free 7619K/9000K, paused 41ms, total 41ms
D/dalvikvm( 446): GC_FOR_ALLOC freed 15K, 12% free 8008K/9000K, paused 45ms, total 45ms
D/dalvikvm( 446): GC_FOR_ALLOC freed 3K, 11% free 8103K/9100K, paused 45ms, total 45ms
I/dalvikvm-heap( 446): Grow heap (frag case) to 9.053MB for 1127536-byte allocation
D/dalvikvm( 446): GC_FOR_ALLOC freed <1K, 10% free 9204K/10204K, paused 56ms, total 56ms
W/ActivityManager( 446): Activity pause timeout for ActivityRecord{420c8c98 u0 org.linaro.glmark2/.MainActivity t5 f}
I/Process ( 1342): Sending signal. PID: 1342 SIG: 9
I/ActivityManager( 446): Process org.linaro.glmark2 (pid 1342) has died.
W/InputMethodManagerService( 446): Window already focused, ignoring focus gain of: com.android.internal.view.IInputMethodClient$Stub$Proxy@4203e858 attribute=null, token = android.os.BinderProxy@4204e700
D/dalvikvm( 503): GC_FOR_ALLOC freed 3596K, 36% free 8199K/12780K, paused 30ms, total 30ms
I/ActivityManager( 446): START u0 {act=android.intent.action.MAIN cat=[android.intent.category.HOME] flg=0x10200000 cmp=com.android.launcher/com.android.launcher2.Launcher} from pid 446
I/PowerManagerService( 446): Going to sleep by user request...
V/KeyguardHostView( 503): Initial transport state: 0, pbstate=0
W/ResourceType( 503): CREATING STRING CACHE OF 132 bytes
D/LightsService( 446): Excessive delay setting light: 95ms
D/SurfaceFlinger( 129): Screen released, type=0 flinger=0x418b4450
D/dalvikvm( 503): GC_FOR_ALLOC freed 1253K, 34% free 8453K/12780K, paused 22ms, total 22ms
W/ResourceType( 503): CREATING STRING CACHE OF 92 bytes
W/ResourceType( 503): CREATING STRING CACHE OF 120 bytes
W/ResourceType( 503): CREATING STRING CACHE OF 108 bytes
W/ResourceType( 503): CREATING STRING CACHE OF 44 bytes
D/dalvikvm( 503): GC_CONCURRENT freed 433K, 24% free 9813K/12780K, paused 2ms+5ms, total 33ms
V/KeyguardHostView( 503): hide transport, gen:3
V/KeyguardHostView( 503): music state changed: 0
D/PhoneStatusBar( 503): disable: < expand icons alerts ticker system_info BACK* HOME* RECENT* CLOCK* SEARCH* > D/NfcService( 696): NFC-C OFF, disconnect
I/healthd ( 119): battery l=99 v=4206 t=29.0 h=2 st=2 chg=
I/healthd ( 119): battery l=99 v=4206 t=29.0 h=2 st=2 chg=
I/healthd ( 119): battery l=99 v=4182 t=29.0 h=2 st=3 chg=
I/PowerManagerService( 446): Waking up from sleep...
V/KeyguardServiceDelegate( 446): onScreenTurnedOn(showListener = com.android.internal.policy.impl.PhoneWindowManager$17@424fd588)
V/KeyguardServiceDelegate( 446): **** SHOWN CALLED ****
I/WindowManager( 446): Lock screen displayed!
D/dalvikvm( 503): GC_FOR_ALLOC freed 2043K, 24% free 9818K/12780K, paused 23ms, total 23ms
I/dalvikvm-heap( 503): Grow heap (frag case) to 9.823MB for 186640-byte allocation
D/dalvikvm( 503): GC_FOR_ALLOC freed 1253K, 33% free 8747K/12964K, paused 20ms, total 20ms
D/dalvikvm( 446): GC_CONCURRENT freed 1638K, 16% free 8988K/10696K, paused 2ms+6ms, total 62ms
D/PowerManagerService-JNI( 446): Excessive delay in autosuspend_disable() while turning screen on: 350ms
D/SurfaceFlinger( 129): Screen acquired, type=0 flinger=0x418b4450
D/LightsService( 446): Excessive delay setting light: 123ms
D/LightsService( 446): Excessive delay setting light: 67ms
D/LightsService( 446): Excessive delay setting light: 67ms
I/PowerManagerService( 446): Going to sleep due to screen timeout...
D/SurfaceFlinger( 129): Screen released, type=0 flinger=0x418b4450
V/KeyguardHostView( 503): Initial transport state: 0, pbstate=0
W/ResourceType( 503): CREATING STRING CACHE OF 132 bytes
W/ResourceType( 503): CREATING STRING CACHE OF 120 bytes
W/ResourceType( 503): CREATING STRING CACHE OF 108 bytes
W/ResourceType( 503): CREATING STRING CACHE OF 44 bytes
V/KeyguardHostView( 503): hide transport, gen:3
V/KeyguardHostView( 503): music state changed: 0
D/dalvikvm( 503): GC_CONCURRENT freed 1647K, 31% free 8992K/12964K, paused 3ms+4ms, total 32ms
D/dalvikvm( 503): WAIT_FOR_CONCURRENT_GC blocked 19ms
I/healthd ( 119): battery l=99 v=4175 t=28.0 h=2 st=4 chg=
D/dalvikvm( 730): GC_FOR_ALLOC freed 97K, 16% free 3375K/3988K, paused 14ms, total 14ms
D/dalvikvm( 730): GC_FOR_ALLOC freed 22K, 16% free 3379K/3988K, paused 13ms, total 13ms
D/dalvikvm( 730): GC_FOR_ALLOC freed 27K, 16% free 3374K/3988K, paused 12ms, total 12ms
D/dalvikvm( 730): GC_FOR_ALLOC freed 2K, 16% free 3388K/3988K, paused 12ms, total 12ms
I/dalvikvm-heap( 730): Grow heap (frag case) to 3.379MB for 12184-byte allocation
D/dalvikvm( 730): GC_FOR_ALLOC freed 8K, 16% free 3391K/4000K, paused 14ms, total 14ms
D/MtpService( 730): updating state; isCurrentUser=true, mMtpLocked=false
D/MtpService( 730): addStorageLocked 65537 /storage/emulated/0
D/dalvikvm( 730): GC_FOR_ALLOC freed 79K, 17% free 3349K/4000K, paused 13ms, total 13ms
D/dalvikvm( 503): GC_CONCURRENT freed 1139K, 25% free 9785K/12964K, paused 1ms+4ms, total 27ms
D/dalvikvm( 730): GC_FOR_ALLOC freed 27K, 16% free 3375K/4000K, paused 16ms, total 16ms
D/dalvikvm( 730): GC_FOR_ALLOC freed 27K, 16% free 3378K/4000K, paused 12ms, total 12ms
D/dalvikvm( 730): GC_FOR_ALLOC freed 8K, 16% free 3390K/4000K, paused 12ms, total 12ms
D/MtpService( 730): updating state; isCurrentUser=true, mMtpLocked=false
D/MtpService( 730): starting MTP server in MTP mode
D/MtpService( 730): addStorageLocked 65537 /storage/emulated/0
D/dalvikvm( 446): GC_CONCURRENT freed 1553K, 17% free 8882K/10696K, paused 2ms+5ms, total 46ms
I/healthd ( 119): battery l=99 v=4175 t=28.0 h=2 st=4 chg=u
I/PowerManagerService( 446): Waking up from sleep...
V/KeyguardServiceDelegate( 446): onScreenTurnedOn(showListener = com.android.internal.policy.impl.PhoneWindowManager$17@41f9ab70)
I/EntropyMixer( 446): Writing entropy...
I/healthd ( 119): battery l=99 v=4195 t=28.0 h=2 st=2 chg=u
V/KeyguardServiceDelegate( 446): **** SHOWN CALLED ****
I/WindowManager( 446): Lock screen displayed!
D/PowerManagerService-JNI( 446): Excessive delay in autosuspend_disable() while turning screen on: 352ms
D/SurfaceFlinger( 129): Screen acquired, type=0 flinger=0x418b4450
D/LightsService( 446): Excessive delay setting light: 81ms
D/LightsService( 446): Excessive delay setting light: 67ms
D/LightsService( 446): Excessive delay setting light: 68ms
D/LightsService( 446): Excessive delay setting light: 66ms
D/ConnectivityService( 446): Sampling interval elapsed, updating statistics ..
D/ConnectivityService( 446): Done.
D/ConnectivityService( 446): Setting timer for 720seconds
I/PowerManagerService( 446): Going to sleep due to screen timeout...
D/SurfaceFlinger( 129): Screen released, type=0 flinger=0x418b4450
V/KeyguardHostView( 503): Initial transport state: 0, pbstate=0
W/ResourceType( 503): CREATING STRING CACHE OF 132 bytes
W/ResourceType( 503): CREATING STRING CACHE OF 120 bytes
W/ResourceType( 503): CREATING STRING CACHE OF 108 bytes
W/ResourceType( 503): CREATING STRING CACHE OF 44 bytes
D/dalvikvm( 503): GC_FOR_ALLOC freed 1218K, 20% free 10383K/12960K, paused 25ms, total 25ms
I/dalvikvm-heap( 503): Grow heap (frag case) to 10.375MB for 186640-byte allocation
D/dalvikvm( 503): GC_FOR_ALLOC freed 74K, 21% free 10491K/13144K, paused 20ms, total 20ms
D/dalvikvm( 503): GC_FOR_ALLOC freed <1K, 21% free 10495K/13144K, paused 21ms, total 21ms
I/dalvikvm-heap( 503): Grow heap (frag case) to 10.483MB for 186640-byte allocation
D/dalvikvm( 503): GC_FOR_ALLOC freed 1K, 20% free 10676K/13328K, paused 21ms, total 21ms
D/dalvikvm( 503): GC_FOR_ALLOC freed <1K, 20% free 10676K/13328K, paused 21ms, total 21ms
I/dalvikvm-heap( 503): Grow heap (frag case) to 10.661MB for 186640-byte allocation
D/dalvikvm( 503): GC_FOR_ALLOC freed <1K, 20% free 10858K/13512K, paused 21ms, total 21ms
V/KeyguardHostView( 503): hide transport, gen:3
V/KeyguardHostView( 503): music state changed: 0
D/dalvikvm( 446): GC_CONCURRENT freed 1368K, 18% free 8866K/10696K, paused 3ms+7ms, total 64ms
I/healthd ( 119): battery l=100 v=4206 t=29.0 h=2 st=2 chg=u
D/HeadsetPhoneState( 1027): sendDeviceStateChanged. mService=0 mSignal=0 mRoam=0 mBatteryCharge=5
I/healthd ( 119): battery l=100 v=4206 t=29.0 h=2 st=5 chg=u
W/SocketClient( 126): write error (Broken pipe)
I/ProcessStatsService( 446): Prepared write state in 16ms
I/ProcessStatsService( 446): Prepared write state in 9ms
D/ConnectivityService( 446): Sampling interval elapsed, updating statistics ..
D/ConnectivityService( 446): Done.
D/ConnectivityService( 446): Setting timer for 720seconds
D/MDnsDS ( 126): MDnsSdListener::Monitor poll timed out
D/MDnsDS ( 126): Going to poll with pollCount 1
D/ConnectivityService( 446): Sampling interval elapsed, updating statistics ..
D/ConnectivityService( 446): Done.
D/ConnectivityService( 446): Setting timer for 720seconds
W/SocketClient( 126): write error (Broken pipe)
I/EntropyMixer( 446): Writing entropy...
I/ProcessStatsService( 446): Prepared write state in 11ms
D/ConnectivityService( 446): Sampling interval elapsed, updating statistics ..
D/ConnectivityService( 446): Done.
D/ConnectivityService( 446): Setting timer for 720seconds
D/ConnectivityService( 446): Sampling interval elapsed, updating statistics ..
D/ConnectivityService( 446): Done.
D/ConnectivityService( 446): Setting timer for 720seconds
I/ProcessStatsService( 446): Prepared write state in 4ms
I/ProcessStatsService( 446): Prepared write state in 3ms
D/dalvikvm( 446): GC_CONCURRENT freed 2540K, 29% free 7664K/10696K, paused 3ms+6ms, total 49ms
W/SocketClient( 126): write error (Broken pipe)
D/ConnectivityService( 446): Sampling interval elapsed, updating statistics ..
D/ConnectivityService( 446): Done.
D/ConnectivityService( 446): Setting timer for 720seconds
D/dalvikvm( 503): GC_CONCURRENT freed 2938K, 23% free 10408K/13512K, paused 4ms+4ms, total 43ms
D/ConnectivityService( 446): Sampling interval elapsed, updating statistics ..
W/SocketClient( 126): write error (Broken pipe)
D/ConnectivityService( 446): Done.
D/ConnectivityService( 446): Setting timer for 720seconds
I/ProcessStatsService( 446): Prepared write state in 3ms
I/ProcessStatsService( 446): Prepared write state in 3ms
I/PowerManagerService( 446): Waking up from sleep...
V/KeyguardServiceDelegate( 446): onScreenTurnedOn(showListener = com.android.internal.policy.impl.PhoneWindowManager$17@4209c278)
D/ConnectivityService( 446): Sampling interval elapsed, updating statistics ..
D/ConnectivityService( 446): Done.
D/ConnectivityService( 446): Setting timer for 720seconds
V/KeyguardServiceDelegate( 446): **** SHOWN CALLED ****
I/WindowManager( 446): Lock screen displayed!
D/PowerManagerService-JNI( 446): Excessive delay in autosuspend_disable() while turning screen on: 355ms
D/SurfaceFlinger( 129): Screen acquired, type=0 flinger=0x418b4450
D/LightsService( 446): Excessive delay setting light: 81ms
D/LightsService( 446): Excessive delay setting light: 67ms
D/NfcService( 696): NFC-C ON
D/PhoneStatusBar( 503): disable: < expand icons alerts ticker system_info back* home* recent* clock* search* > W/InputMethodManagerService( 446): Window already focused, ignoring focus gain of: com.android.internal.view.IInputMethodClient$Stub$Proxy@422ba6a0 attribute=android.view.inputmethod.EditorInfo@422ba6b0, token = android.os.BinderProxy@4204e700
E/AudioTrack( 503): did not receive expected priority boost on time
I/ActivityManager( 446): START u0 {act=android.intent.action.MAIN cat=[android.intent.category.LAUNCHER] flg=0x10200000 cmp=org.linaro.glmark2/.MainActivity} from pid 871
D/dalvikvm( 446): GC_FOR_ALLOC freed 946K, 30% free 7585K/10696K, paused 50ms, total 51ms
W/ResourceType( 446): CREATING STRING CACHE OF 72 bytes
I/ActivityManager( 446): Start proc org.linaro.glmark2 for activity org.linaro.glmark2/.MainActivity: pid=1437 uid=10031 gids={50031, 1028, 1015}
E/dalvikvm( 1437): ERROR: couldn't find native method
E/dalvikvm( 1437): Requested: Lorg/linaro/glmark2/Glmark2Native;.done:()V
E/ ( 1437): RegisterNatives failed for 'org/linaro/glmark2/Glmark2Native'
E/ ( 1437): JNI_OnLoad: glmark2 native registration failed
W/dalvikvm( 1437): Exception Ljava/lang/NoSuchMethodError; thrown while initializing Lorg/linaro/glmark2/MainActivity;
W/dalvikvm( 1437): Class init failed in newInstance call (Lorg/linaro/glmark2/MainActivity;)
D/AndroidRuntime( 1437): Shutting down VM
W/dalvikvm( 1437): threadid=1: thread exiting with uncaught exception (group=0x41abcba8)
D/dalvikvm( 130): GC_EXPLICIT freed 41K, 4% free 3052K/3160K, paused 2ms+2ms, total 72ms
E/AndroidRuntime( 1437): FATAL EXCEPTION: main
E/AndroidRuntime( 1437): Process: org.linaro.glmark2, PID: 1437
E/AndroidRuntime( 1437): java.lang.NoSuchMethodError: no static or non-static method "Lorg/linaro/glmark2/Glmark2Native;.done()V"
E/AndroidRuntime( 1437): at java.lang.Runtime.nativeLoad(Native Method)
E/AndroidRuntime( 1437): at java.lang.Runtime.doLoad(Runtime.java:421)
E/AndroidRuntime( 1437): at java.lang.Runtime.loadLibrary(Runtime.java:362)
E/AndroidRuntime( 1437): at java.lang.System.loadLibrary(System.java:526)
E/AndroidRuntime( 1437): at org.linaro.glmark2.MainActivity.(MainActivity.java:480)
E/AndroidRuntime( 1437): at java.lang.Class.newInstanceImpl(Native Method)
E/AndroidRuntime( 1437): at java.lang.Class.newInstance(Class.java:1208)
E/AndroidRuntime( 1437): at android.app.Instrumentation.newActivity(Instrumentation.java:1061)
E/AndroidRuntime( 1437): at android.app.ActivityThread.performLaunchActivity(ActivityThread.java:2112)
E/AndroidRuntime( 1437): at android.app.ActivityThread.handleLaunchActivity(ActivityThread.java:2245)
E/AndroidRuntime( 1437): at android.app.ActivityThread.access$800(ActivityThread.java:135)
E/AndroidRuntime( 1437): at android.app.ActivityThread$H.handleMessage(ActivityThread.java:1196)
E/AndroidRuntime( 1437): at android.os.Handler.dispatchMessage(Handler.java:102)
E/AndroidRuntime( 1437): at android.os.Looper.loop(Looper.java:136)
E/AndroidRuntime( 1437): at android.app.ActivityThread.main(ActivityThread.java:5017)
E/AndroidRuntime( 1437): at java.lang.reflect.Method.invokeNative(Native Method)
E/AndroidRuntime( 1437): at java.lang.reflect.Method.invoke(Method.java:515)
E/AndroidRuntime( 1437): at com.android.internal.os.ZygoteInit$MethodAndArgsCaller.run(ZygoteInit.java:779)
E/AndroidRuntime( 1437): at com.android.internal.os.ZygoteInit.main(ZygoteInit.java:595)
E/AndroidRuntime( 1437): at dalvik.system.NativeStart.main(Native Method)
W/ActivityManager( 446): Force finishing activity org.linaro.glmark2/.MainActivity
D/dalvikvm( 130): GC_EXPLICIT freed <1K, 4% free 3052K/3160K, paused 7ms+8ms, total 30ms
D/dalvikvm( 130): GC_EXPLICIT freed <1K, 4% free 3052K/3160K, paused 1ms+1ms, total 18ms
D/dalvikvm( 446): GC_FOR_ALLOC freed 869K, 29% free 7666K/10696K, paused 38ms, total 39ms
D/dalvikvm( 446): GC_FOR_ALLOC freed 11K, 24% free 8147K/10696K, paused 37ms, total 37ms
I/dalvikvm-heap( 446): Grow heap (frag case) to 9.096MB for 1127536-byte allocation
D/dalvikvm( 446): GC_FOR_ALLOC freed <1K, 22% free 9248K/11800K, paused 34ms, total 34ms
W/ActivityManager( 446): Activity pause timeout for ActivityRecord{424a2d70 u0 org.linaro.glmark2/.MainActivity t6 f}
I/Process ( 1437): Sending signal. PID: 1437 SIG: 9
I/ActivityManager( 446): Process org.linaro.glmark2 (pid 1437) has died.
W/InputMethodManagerService( 446): Window already focused, ignoring focus gain of: com.android.internal.view.IInputMethodClient$Stub$Proxy@42014908 attribute=null, token = android.os.BinderProxy@4204e700
D/dalvikvm( 503): GC_FOR_ALLOC freed 3349K, 37% free 8555K/13508K, paused 26ms, total 27ms
D/dalvikvm( 503): GC_FOR_ALLOC freed 511K, 38% free 8484K/13508K, paused 24ms, total 25ms
I/ActivityManager( 446): START u0 {act=android.intent.action.MAIN cat=[android.intent.category.HOME] flg=0x10200000 cmp=com.android.launcher/com.android.launcher2.Launcher} from pid 446
D/dalvikvm( 871): GC_CONCURRENT freed 15604K, 63% free 10928K/29052K, paused 2ms+4ms, total 31ms
D/LightsService( 446): Excessive delay setting light: 68ms
D/LightsService( 446): Excessive delay setting light: 67ms
I/PowerManagerService( 446): Going to sleep due to screen timeout...
D/SurfaceFlinger( 129): Screen released, type=0 flinger=0x418b4450
D/NfcService( 696): NFC-C OFF, disconnect
V/KeyguardHostView( 503): Initial transport state: 0, pbstate=0
W/ResourceType( 503): CREATING STRING CACHE OF 132 bytes
W/ResourceType( 503): CREATING STRING CACHE OF 92 bytes
D/dalvikvm( 503): GC_CONCURRENT freed 1354K, 34% free 8942K/13508K, paused 3ms+3ms, total 34ms
D/dalvikvm( 503): WAIT_FOR_CONCURRENT_GC blocked 11ms
W/ResourceType( 503): CREATING STRING CACHE OF 120 bytes
W/ResourceType( 503): CREATING STRING CACHE OF 108 bytes
W/ResourceType( 503): CREATING STRING CACHE OF 44 bytes
V/KeyguardHostView( 503): hide transport, gen:3
V/KeyguardHostView( 503): music state changed: 0
D/dalvikvm( 503): GC_EXPLICIT freed 972K, 28% free 9807K/13508K, paused 2ms+4ms, total 34ms
D/PhoneStatusBar( 503): disable: < expand icons alerts ticker system_info BACK* HOME* RECENT* CLOCK* SEARCH* > D/AndroidRuntime( 1461):
D/AndroidRuntime( 1461): >>>>>> AndroidRuntime START com.android.internal.os.RuntimeInit <<<<<<
D/AndroidRuntime( 1461): CheckJNI is ON
D/dalvikvm( 1461): Trying to load lib libjavacore.so 0x0
D/dalvikvm( 1461): Added shared lib libjavacore.so 0x0
D/dalvikvm( 1461): Trying to load lib libnativehelper.so 0x0
D/dalvikvm( 1461): Added shared lib libnativehelper.so 0x0
D/dalvikvm( 1461): No JNI_OnLoad found in libnativehelper.so 0x0, skipping init
D/dalvikvm( 1461): Note: class Landroid/app/ActivityManagerNative; has 179 unimplemented (abstract) methods
E/memtrack( 1461): Couldn't load memtrack module (No such file or directory)
E/android.os.Debug( 1461): failed to load memtrack module: -2
D/AndroidRuntime( 1461): Calling main entry com.android.commands.pm.Pm
I/ActivityManager( 446): Start proc com.android.defcontainer for service com.android.defcontainer/.DefaultContainerService: pid=1472 uid=10003 gids={50003, 1028, 1015, 1023, 2001, 1035}
I/PackageManager( 446): Running dexopt on: com.android.defcontainer
D/dalvikvm( 1485): DexOpt: load 8ms, verify+opt 13ms, 201428 bytes
W/ActivityManager( 446): No content provider found for permission revoke: file:///data/local/tmp/GLMark2.apk
W/ActivityManager( 446): No content provider found for permission revoke: file:///data/local/tmp/GLMark2.apk
I/PackageManager( 446): Copying native libraries to /data/app-lib/vmdl802498105
D/dalvikvm( 446): GC_CONCURRENT freed 1612K, 23% free 9189K/11800K, paused 4ms+6ms, total 50ms
D/dalvikvm( 446): WAIT_FOR_CONCURRENT_GC blocked 20ms
D/dalvikvm( 446): GC_CONCURRENT freed 1533K, 23% free 9101K/11800K, paused 3ms+5ms, total 57ms
W/PackageManager( 446): Attempt to re-install org.linaro.glmark2 without first uninstalling.
D/dalvikvm( 446): GC_EXPLICIT freed 540K, 24% free 9068K/11800K, paused 2ms+7ms, total 50ms
D/AndroidRuntime( 1461): Shutting down VM
D/dalvikvm( 1461): GC_CONCURRENT freed 124K, 19% free 568K/696K, paused 1ms+0ms, total 5ms
D/dalvikvm( 1461): Compiler shutdown in progress - discarding request
V/KeyguardServiceDelegate( 446): onScreenTurnedOn(showListener = com.android.internal.policy.impl.PhoneWindowManager$17@425091a0)
I/PowerManagerService( 446): Waking up from sleep...
V/KeyguardServiceDelegate( 446): **** SHOWN CALLED ****
I/WindowManager( 446): Lock screen displayed!
D/PowerManagerService-JNI( 446): Excessive delay in autosuspend_disable() while turning screen on: 356ms
D/SurfaceFlinger( 129): Screen acquired, type=0 flinger=0x418b4450
D/LightsService( 446): Excessive delay setting light: 80ms
D/LightsService( 446): Excessive delay setting light: 68ms
D/NfcService( 696): NFC-C ON
D/PhoneStatusBar( 503): disable: < expand icons alerts ticker system_info back* home* recent* clock* search* > W/InputMethodManagerService( 446): Window already focused, ignoring focus gain of: com.android.internal.view.IInputMethodClient$Stub$Proxy@41f56210 attribute=android.view.inputmethod.EditorInfo@4208e050, token = android.os.BinderProxy@4204e700
I/ActivityManager( 446): START u0 {act=android.intent.action.MAIN cat=[android.intent.category.LAUNCHER] flg=0x10200000 cmp=org.linaro.glmark2/.MainActivity} from pid 871
W/ResourceType( 446): CREATING STRING CACHE OF 72 bytes
I/ActivityManager( 446): Start proc org.linaro.glmark2 for activity org.linaro.glmark2/.MainActivity: pid=1496 uid=10031 gids={50031, 1028, 1015}
E/dalvikvm( 1496): ERROR: couldn't find native method
E/dalvikvm( 1496): Requested: Lorg/linaro/glmark2/Glmark2Native;.done:()V
E/ ( 1496): RegisterNatives failed for 'org/linaro/glmark2/Glmark2Native'
E/ ( 1496): JNI_OnLoad: glmark2 native registration failed
W/dalvikvm( 1496): Exception Ljava/lang/NoSuchMethodError; thrown while initializing Lorg/linaro/glmark2/MainActivity;
W/dalvikvm( 1496): Class init failed in newInstance call (Lorg/linaro/glmark2/MainActivity;)
D/AndroidRuntime( 1496): Shutting down VM
W/dalvikvm( 1496): threadid=1: thread exiting with uncaught exception (group=0x41abcba8)
E/AndroidRuntime( 1496): FATAL EXCEPTION: main
E/AndroidRuntime( 1496): Process: org.linaro.glmark2, PID: 1496
E/AndroidRuntime( 1496): java.lang.NoSuchMethodError: no static or non-static method "Lorg/linaro/glmark2/Glmark2Native;.done()V"
E/AndroidRuntime( 1496): at java.lang.Runtime.nativeLoad(Native Method)
E/AndroidRuntime( 1496): at java.lang.Runtime.doLoad(Runtime.java:421)
E/AndroidRuntime( 1496): at java.lang.Runtime.loadLibrary(Runtime.java:362)
E/AndroidRuntime( 1496): at java.lang.System.loadLibrary(System.java:526)
E/AndroidRuntime( 1496): at org.linaro.glmark2.MainActivity.(MainActivity.java:480)
E/AndroidRuntime( 1496): at java.lang.Class.newInstanceImpl(Native Method)
E/AndroidRuntime( 1496): at java.lang.Class.newInstance(Class.java:1208)
E/AndroidRuntime( 1496): at android.app.Instrumentation.newActivity(Instrumentation.java:1061)
E/AndroidRuntime( 1496): at android.app.ActivityThread.performLaunchActivity(ActivityThread.java:2112)
E/AndroidRuntime( 1496): at android.app.ActivityThread.handleLaunchActivity(ActivityThread.java:2245)
E/AndroidRuntime( 1496): at android.app.ActivityThread.access$800(ActivityThread.java:135)
E/AndroidRuntime( 1496): at android.app.ActivityThread$H.handleMessage(ActivityThread.java:1196)
E/AndroidRuntime( 1496): at android.os.Handler.dispatchMessage(Handler.java:102)
E/AndroidRuntime( 1496): at android.os.Looper.loop(Looper.java:136)
E/AndroidRuntime( 1496): at android.app.ActivityThread.main(ActivityThread.java:5017)
E/AndroidRuntime( 1496): at java.lang.reflect.Method.invokeNative(Native Method)
E/AndroidRuntime( 1496): at java.lang.reflect.Method.invoke(Method.java:515)
E/AndroidRuntime( 1496): at com.android.internal.os.ZygoteInit$MethodAndArgsCaller.run(ZygoteInit.java:779)
E/AndroidRuntime( 1496): at com.android.internal.os.ZygoteInit.main(ZygoteInit.java:595)
E/AndroidRuntime( 1496): at dalvik.system.NativeStart.main(Native Method)
W/ActivityManager( 446): Force finishing activity org.linaro.glmark2/.MainActivity
D/dalvikvm( 446): GC_FOR_ALLOC freed 1245K, 24% free 9035K/11796K, paused 43ms, total 44ms
W/ActivityManager( 446): Activity pause timeout for ActivityRecord{420d5e28 u0 org.linaro.glmark2/.MainActivity t7 f}
I/ActivityManager( 446): Killing 953:com.android.calendar/u0a22 (adj 15): empty for 15289s
I/Process ( 1496): Sending signal. PID: 1496 SIG: 9
I/ActivityManager( 446): Process org.linaro.glmark2 (pid 1496) has died.
W/InputMethodManagerService( 446): Window already focused, ignoring focus gain of: com.android.internal.view.IInputMethodClient$Stub$Proxy@42024a88 attribute=null, token = android.os.BinderProxy@4204e700
D/Launcher.Model( 871): DbDebug Add item (GLMark2) to db, id: 17 (-100, 2, 3, 2)
D/Launcher.Model( 871): DbDebug Delete item (GLMark2) from db, id: 17 (-100, 2, 3, 2)
D/dalvikvm( 871): GC_CONCURRENT freed 2295K, 62% free 11243K/29052K, paused 3ms+3ms, total 29ms
D/dalvikvm( 871): WAIT_FOR_CONCURRENT_GC blocked 12ms
I/ActivityManager( 446): START u0 {act=android.intent.action.MAIN cat=[android.intent.category.LAUNCHER] flg=0x10200000 cmp=com.android.settings/.Settings} from pid 871
D/BluetoothAdapter( 708): 1105068440: getState() : mService = null. Returning STATE_OFF
E/IMGSRV ( 708): :0: gralloc_register_buffer: Cannot register a buffer twice (ID=6)
W/GraphicBufferMapper( 708): registerBuffer(0x5f253e78) failed -22 (Invalid argument)
E/GraphicBuffer( 708): unflatten: registerBuffer failed: Invalid argument (-22)
I/ActivityManager( 446): START u0 {act=android.intent.action.MAIN cmp=com.android.settings/.SubSettings (has extras)} from pid 708
W/ResourceType( 708): CREATING STRING CACHE OF 72 bytes
W/ResourceType( 708): CREATING STRING CACHE OF 124 bytes
D/SubSettings( 708): Launching fragment com.android.settings.applications.ManageApplications
W/ContextImpl( 708): Calling a method in the system process without a qualified user: android.app.ContextImpl.bindService:1543 android.content.ContextWrapper.bindService:517 com.android.settings.applications.ManageApplications.onCreate:863 android.app.Fragment.performCreate:1678 android.app.FragmentManagerImpl.moveToState:859
W/ResourceType( 708): CREATING STRING CACHE OF 152 bytes
D/dalvikvm( 708): GC_CONCURRENT freed 338K, 7% free 5600K/6004K, paused 2ms+4ms, total 21ms
D/dalvikvm( 708): WAIT_FOR_CONCURRENT_GC blocked 14ms
W/ResourceType( 708): CREATING STRING CACHE OF 88 bytes
W/ResourceType( 708): CREATING STRING CACHE OF 160 bytes
W/ResourceType( 708): Failure getting entry for 0x7f050000 (t=4 e=0) in package 0 (error -75)
W/PackageManager( 708): Failure retrieving text 0x7f050000 in package com.android.keyguard
W/PackageManager( 708): android.content.res.Resources$NotFoundException: String resource ID #0x7f050000
W/PackageManager( 708): at android.content.res.Resources.getText(Resources.java:244)
W/PackageManager( 708): at android.app.ApplicationPackageManager.getText(ApplicationPackageManager.java:994)
W/PackageManager( 708): at android.content.pm.PackageItemInfo.loadLabel(PackageItemInfo.java:115)
W/PackageManager( 708): at com.android.settings.applications.ApplicationsState$AppEntry.ensureLabel(ApplicationsState.java:134)
W/PackageManager( 708): at com.android.settings.applications.ApplicationsState$AppEntry.(ApplicationsState.java:124)
W/PackageManager( 708): at com.android.settings.applications.ApplicationsState.getEntryLocked(ApplicationsState.java:832)
W/PackageManager( 708): at com.android.settings.applications.ApplicationsState$BackgroundHandler.handleMessage(ApplicationsState.java:971)
W/PackageManager( 708): at android.os.Handler.dispatchMessage(Handler.java:102)
W/PackageManager( 708): at android.os.Looper.loop(Looper.java:136)
W/PackageManager( 708): at android.os.HandlerThread.run(HandlerThread.java:61)
D/dalvikvm( 708): GC_FOR_ALLOC freed 238K, 5% free 6007K/6312K, paused 15ms, total 15ms
V/RenderScript( 708): 0x5f2e3ef0 Launching thread(s), CPUs 2
D/dalvikvm( 708): GC_FOR_ALLOC freed 60K, 5% free 6742K/7060K, paused 18ms, total 18ms
I/ActivityManager( 446): Displayed com.android.settings/.SubSettings: +476ms (total +1h53m5s114ms)
D/dalvikvm( 708): GC_FOR_ALLOC freed 37K, 5% free 7227K/7552K, paused 15ms, total 15ms
I/dalvikvm-heap( 708): Grow heap (frag case) to 9.034MB for 2009296-byte allocation
D/dalvikvm( 708): GC_FOR_ALLOC freed 1K, 4% free 9188K/9516K, paused 15ms, total 15ms
D/dalvikvm( 708): GC_CONCURRENT freed 9K, 4% free 9217K/9556K, paused 2ms+2ms, total 23ms
D/dalvikvm( 446): GC_CONCURRENT freed 1361K, 24% free 9080K/11796K, paused 2ms+4ms, total 43ms
D/dalvikvm( 1472): GC_CONCURRENT freed 353K, 12% free 3090K/3508K, paused 2ms+1ms, total 16ms
W/ResourceType( 708): CREATING STRING CACHE OF 152 bytes
D/dalvikvm( 1472): GC_CONCURRENT freed 392K, 13% free 3087K/3544K, paused 1ms+1ms, total 11ms
I/ActivityManager( 446): START u0 {act=android.intent.action.MAIN cmp=com.android.settings/.SubSettings (has extras)} from pid 708
W/ResourceType( 708): CREATING STRING CACHE OF 72 bytes
W/ResourceType( 708): CREATING STRING CACHE OF 124 bytes
D/SubSettings( 708): Launching fragment com.android.settings.applications.InstalledAppDetails
W/ResourceType( 708): CREATING STRING CACHE OF 188 bytes
W/ResourceType( 708): getEntry failing because entryIndex 129 is beyond type entryCount 4
D/dalvikvm( 708): GC_CONCURRENT freed 670K, 7% free 10543K/11280K, paused 3ms+9ms, total 55ms
W/ResourceType( 708): CREATING STRING CACHE OF 76 bytes
D/android.widget.GridLayout( 708): vertical constraints: y1-y0>=53, y2-y1>=500, y2-y0<=96 are inconsistent; permanently removing: y2-y0<=96.
D/dalvikvm( 446): GC_CONCURRENT freed 1634K, 25% free 8921K/11796K, paused 1ms+6ms, total 73ms
I/ActivityManager( 446): Displayed com.android.settings/.SubSettings: +577ms
D/dalvikvm( 1472): GC_CONCURRENT freed 397K, 14% free 3086K/3548K, paused 2ms+5ms, total 25ms
I/ActivityManager( 446): Force stopping org.linaro.glmark2 appid=10031 user=0: pkg changed
W/InputMethodManagerService( 446): Window already focused, ignoring focus gain of: com.android.internal.view.IInputMethodClient$Stub$Proxy@420bd2c0 attribute=null, token = android.os.BinderProxy@421f1278
I/InputReader( 446): Reconfiguring input devices. changes=0x00000010
I/Launcher( 871): Deferring update until onResume
I/PackageManager( 446): Action: "android.intent.action.SENDTO"
I/PackageManager( 446): Category: "android.intent.category.DEFAULT"
I/PackageManager( 446): Scheme: "sms"
I/PackageManager( 446): Adding preferred activity ComponentInfo{com.android.mms/com.android.mms.ui.ComposeMessageActivity} for user 0 :
I/Launcher( 871): Deferring update until onResume
I/PackageManager( 446): Action: "android.intent.action.SENDTO"
I/PackageManager( 446): Category: "android.intent.category.DEFAULT"
I/PackageManager( 446): Scheme: "smsto"
I/PackageManager( 446): Adding preferred activity ComponentInfo{com.android.mms/com.android.mms.ui.ComposeMessageActivity} for user 0 :
W/ResourceType( 446): Failure getting entry for 0x7f060000 (t=5 e=0) in package 0 (error -75)
I/PackageManager( 446): Action: "android.intent.action.SENDTO"
I/PackageManager( 446): Category: "android.intent.category.DEFAULT"
I/PackageManager( 446): Scheme: "mms"
I/PackageManager( 446): Adding preferred activity ComponentInfo{com.android.mms/com.android.mms.ui.ComposeMessageActivity} for user 0 :
I/dalvikvm( 446): Jit: resizing JitTable from 8192 to 16384
I/PackageManager( 446): Action: "android.intent.action.SENDTO"
I/PackageManager( 446): Category: "android.intent.category.DEFAULT"
I/PackageManager( 446): Scheme: "mmsto"
I/PackageManager( 446): Adding preferred activity ComponentInfo{com.android.mms/com.android.mms.ui.ComposeMessageActivity} for user 0 :
I/PackageManager( 446): Action: "android.intent.action.SENDTO"
I/PackageManager( 446): Category: "android.intent.category.DEFAULT"
I/PackageManager( 446): Scheme: "sms"
W/ResourceType( 708): CREATING STRING CACHE OF 76 bytes
I/PackageManager( 446): Adding preferred activity ComponentInfo{com.android.mms/com.android.mms.ui.ComposeMessageActivity} for user 0 :
D/dalvikvm( 681): GC_CONCURRENT freed 379K, 12% free 3560K/4032K, paused 3ms+2ms, total 48ms
I/PackageManager( 446): Action: "android.intent.action.SENDTO"
I/PackageManager( 446): Category: "android.intent.category.DEFAULT"
I/PackageManager( 446): Scheme: "smsto"
I/PackageManager( 446): Adding preferred activity ComponentInfo{com.android.mms/com.android.mms.ui.ComposeMessageActivity} for user 0 :
I/PackageManager( 446): Action: "android.intent.action.SENDTO"
I/PackageManager( 446): Category: "android.intent.category.DEFAULT"
I/PackageManager( 446): Scheme: "mms"
I/PackageManager( 446): Adding preferred activity ComponentInfo{com.android.mms/com.android.mms.ui.ComposeMessageActivity} for user 0 :
D/dalvikvm( 446): GC_CONCURRENT freed 1400K, 24% free 8993K/11796K, paused 5ms+6ms, total 62ms
D/dalvikvm( 446): WAIT_FOR_CONCURRENT_GC blocked 21ms
D/dalvikvm( 446): WAIT_FOR_CONCURRENT_GC blocked 22ms
D/dalvikvm( 446): WAIT_FOR_CONCURRENT_GC blocked 22ms
I/PackageManager( 446): Action: "android.intent.action.SENDTO"
I/PackageManager( 446): Category: "android.intent.category.DEFAULT"
I/PackageManager( 446): Scheme: "mmsto"
I/PackageManager( 446): Adding preferred activity ComponentInfo{com.android.mms/com.android.mms.ui.ComposeMessageActivity} for user 0 :
I/ActivityManager( 446): Force stopping org.linaro.glmark2 appid=10031 user=0: from pid 708
W/InputMethodManagerService( 446): Window already focused, ignoring focus gain of: com.android.internal.view.IInputMethodClient$Stub$Proxy@42258458 attribute=null, token = android.os.BinderProxy@421f1278
D/dalvikvm( 446): GC_FOR_ALLOC freed 1306K, 25% free 8923K/11796K, paused 41ms, total 43ms
I/ActivityManager( 446): START u0 {act=android.intent.action.MAIN cat=[android.intent.category.HOME] flg=0x10200000 cmp=com.android.launcher/com.android.launcher2.Launcher} from pid 446
D/dalvikvm( 446): GC_FOR_ALLOC freed 403K, 22% free 9269K/11796K, paused 38ms, total 38ms
D/dalvikvm( 503): GC_FOR_ALLOC freed 3341K, 34% free 8583K/12968K, paused 57ms, total 61ms
E/IMGSRV ( 871): :0: gralloc_register_buffer: Cannot register a buffer twice (ID=6)
W/GraphicBufferMapper( 871): registerBuffer(0x5de4ee20) failed -22 (Invalid argument)
E/GraphicBuffer( 871): unflatten: registerBuffer failed: Invalid argument (-22)
V/RenderScript( 871): 0x5f5cd460 Launching thread(s), CPUs 2
E/IMGSRV ( 708): :0: gralloc_unregister_buffer: Cannot unregister unregistered buffer (ID=6)
W/GraphicBufferMapper( 708): unregisterBuffer(0x5dd3cc70) failed -22 (Invalid argument)
D/dalvikvm( 503): GC_FOR_ALLOC freed 1005K, 38% free 8064K/12968K, paused 27ms, total 28ms
I/ActivityManager( 446): START u0 {act=android.intent.action.MAIN cat=[android.intent.category.HOME] flg=0x10200000 cmp=com.android.launcher/com.android.launcher2.Launcher} from pid 446
D/AndroidRuntime( 1550):
D/AndroidRuntime( 1550): >>>>>> AndroidRuntime START com.android.internal.os.RuntimeInit <<<<<<
D/AndroidRuntime( 1550): CheckJNI is ON
D/dalvikvm( 1550): Trying to load lib libjavacore.so 0x0
D/dalvikvm( 1550): Added shared lib libjavacore.so 0x0
D/dalvikvm( 1550): Trying to load lib libnativehelper.so 0x0
D/dalvikvm( 1550): Added shared lib libnativehelper.so 0x0
D/dalvikvm( 1550): No JNI_OnLoad found in libnativehelper.so 0x0, skipping init
D/dalvikvm( 1550): Note: class Landroid/app/ActivityManagerNative; has 179 unimplemented (abstract) methods
E/memtrack( 1550): Couldn't load memtrack module (No such file or directory)
E/android.os.Debug( 1550): failed to load memtrack module: -2
D/AndroidRuntime( 1550): Calling main entry com.android.commands.pm.Pm
W/ActivityManager( 446): No content provider found for permission revoke: file:///data/local/tmp/GLMark2.apk
W/ActivityManager( 446): No content provider found for permission revoke: file:///data/local/tmp/GLMark2.apk
I/PackageManager( 446): Copying native libraries to /data/app-lib/vmdl304391581
D/dalvikvm( 446): GC_CONCURRENT freed 1696K, 23% free 9131K/11796K, paused 1ms+4ms, total 36ms
D/dalvikvm( 446): WAIT_FOR_CONCURRENT_GC blocked 26ms
W/PackageManager( 446): Attempt to re-install org.linaro.glmark2 without first uninstalling.
D/dalvikvm( 446): GC_EXPLICIT freed 1102K, 23% free 9116K/11796K, paused 5ms+9ms, total 65ms
D/AndroidRuntime( 1550): Shutting down VM
D/dalvikvm( 1550): GC_CONCURRENT freed 124K, 19% free 568K/696K, paused 1ms+0ms, total 4ms
I/ActivityManager( 446): START u0 {act=android.intent.action.MAIN cat=[android.intent.category.HOME] flg=0x10200000 cmp=com.android.launcher/com.android.launcher2.Launcher} from pid 446
D/dalvikvm( 503): GC_FOR_ALLOC freed 936K, 38% free 8063K/12968K, paused 25ms, total 26ms
I/ActivityManager( 446): START u0 {act=android.intent.action.MAIN cat=[android.intent.category.HOME] flg=0x10200000 cmp=com.android.launcher/com.android.launcher2.Launcher} from pid 446
D/dalvikvm( 871): GC_CONCURRENT freed 2706K, 62% free 11163K/29052K, paused 3ms+5ms, total 33ms
I/ActivityManager( 446): START u0 {act=android.intent.action.MAIN cat=[android.intent.category.HOME] flg=0x10200000 cmp=com.android.launcher/com.android.launcher2.Launcher} from pid 446
D/dalvikvm( 503): GC_FOR_ALLOC freed 936K, 38% free 8061K/12968K, paused 22ms, total 22ms
I/ActivityManager( 446): START u0 {act=android.intent.action.MAIN cat=[android.intent.category.HOME] flg=0x10200000 cmp=com.android.launcher/com.android.launcher2.Launcher} from pid 446
D/LightsService( 446): Excessive delay setting light: 68ms
D/LightsService( 446): Excessive delay setting light: 67ms
I/PowerManagerService( 446): Going to sleep due to screen timeout...
D/SurfaceFlinger( 129): Screen released, type=0 flinger=0x418b4450
D/NfcService( 696): NFC-C OFF, disconnect
V/KeyguardHostView( 503): Initial transport state: 0, pbstate=0
W/ResourceType( 503): CREATING STRING CACHE OF 132 bytes
W/ResourceType( 503): CREATING STRING CACHE OF 92 bytes
D/dalvikvm( 503): GC_CONCURRENT freed 931K, 33% free 8747K/12968K, paused 1ms+3ms, total 23ms
D/dalvikvm( 503): WAIT_FOR_CONCURRENT_GC blocked 6ms
W/ResourceType( 503): CREATING STRING CACHE OF 120 bytes
W/ResourceType( 503): CREATING STRING CACHE OF 108 bytes
W/ResourceType( 503): CREATING STRING CACHE OF 44 bytes
D/dalvikvm( 503): GC_CONCURRENT freed 808K, 25% free 9840K/12968K, paused 2ms+3ms, total 28ms
D/dalvikvm( 503): WAIT_FOR_CONCURRENT_GC blocked 15ms
V/KeyguardHostView( 503): hide transport, gen:3
V/KeyguardHostView( 503): music state changed: 0
D/PhoneStatusBar( 503): disable: < expand icons alerts ticker system_info BACK* HOME* RECENT* CLOCK* SEARCH* > I/PowerManagerService( 446): Waking up from sleep...
V/KeyguardServiceDelegate( 446): onScreenTurnedOn(showListener = com.android.internal.policy.impl.PhoneWindowManager$17@41dd7df8)
V/KeyguardServiceDelegate( 446): **** SHOWN CALLED ****
I/WindowManager( 446): Lock screen displayed!
D/PowerManagerService-JNI( 446): Excessive delay in autosuspend_disable() while turning screen on: 357ms
D/SurfaceFlinger( 129): Screen acquired, type=0 flinger=0x418b4450
D/LightsService( 446): Excessive delay setting light: 83ms
D/LightsService( 446): Excessive delay setting light: 67ms
D/dalvikvm( 446): GC_CONCURRENT freed 1627K, 24% free 8973K/11796K, paused 2ms+7ms, total 58ms
D/NfcService( 696): NFC-C ON
D/PhoneStatusBar( 503): disable: < expand icons alerts ticker system_info back* home* recent* clock* search* > W/InputMethodManagerService( 446): Window already focused, ignoring focus gain of: com.android.internal.view.IInputMethodClient$Stub$Proxy@420d51f8 attribute=android.view.inputmethod.EditorInfo@424c2220, token = android.os.BinderProxy@4204e700
D/dalvikvm( 503): GC_CONCURRENT freed 1815K, 22% free 10175K/12964K, paused 2ms+2ms, total 30ms
E/AudioTrack( 503): did not receive expected priority boost on time
I/ActivityManager( 446): START u0 {act=android.intent.action.MAIN cat=[android.intent.category.LAUNCHER] flg=0x10200000 cmp=com.android.settings/.Settings} from pid 871
D/dalvikvm( 708): GC_EXPLICIT freed 515K, 6% free 10830K/11432K, paused 2ms+5ms, total 46ms
E/StrictMode( 708): class com.android.settings.SubSettings; instances=2; limit=1
E/StrictMode( 708): android.os.StrictMode$InstanceCountViolation: class com.android.settings.SubSettings; instances=2; limit=1
E/StrictMode( 708): at android.os.StrictMode.setClassInstanceLimit(StrictMode.java:1)
D/BluetoothAdapter( 708): 1105068440: getState() : mService = null. Returning STATE_OFF
E/IMGSRV ( 708): :0: gralloc_register_buffer: Cannot register a buffer twice (ID=6)
W/GraphicBufferMapper( 708): registerBuffer(0x5dd70b40) failed -22 (Invalid argument)
E/GraphicBuffer( 708): unflatten: registerBuffer failed: Invalid argument (-22)
E/IMGSRV ( 871): :0: gralloc_unregister_buffer: Cannot unregister unregistered buffer (ID=6)
W/GraphicBufferMapper( 871): unregisterBuffer(0x5f2b6338) failed -22 (Invalid argument)
I/ActivityManager( 446): START u0 {act=android.intent.action.MAIN cmp=com.android.settings/.SubSettings (has extras)} from pid 708
W/ResourceType( 708): CREATING STRING CACHE OF 72 bytes
W/ResourceType( 708): CREATING STRING CACHE OF 124 bytes
D/SubSettings( 708): Launching fragment com.android.settings.applications.ManageApplications
W/ContextImpl( 708): Calling a method in the system process without a qualified user: android.app.ContextImpl.bindService:1543 android.content.ContextWrapper.bindService:517 com.android.settings.applications.ManageApplications.onCreate:863 android.app.Fragment.performCreate:1678 android.app.FragmentManagerImpl.moveToState:859
W/ResourceType( 708): CREATING STRING CACHE OF 152 bytes
W/ResourceType( 708): CREATING STRING CACHE OF 88 bytes
W/ResourceType( 708): CREATING STRING CACHE OF 160 bytes
V/RenderScript( 708): 0x5ddf56a0 Launching thread(s), CPUs 2
I/ActivityManager( 446): Displayed com.android.settings/.SubSettings: +262ms
D/dalvikvm( 1472): GC_CONCURRENT freed 388K, 13% free 3089K/3544K, paused 1ms+1ms, total 17ms
W/ResourceType( 708): CREATING STRING CACHE OF 152 bytes
D/dalvikvm( 446): GC_CONCURRENT freed 1416K, 25% free 8931K/11796K, paused 3ms+3ms, total 41ms
D/dalvikvm( 1472): GC_CONCURRENT freed 391K, 13% free 3088K/3544K, paused 1ms+2ms, total 11ms
I/ActivityManager( 446): START u0 {act=android.intent.action.MAIN cmp=com.android.settings/.SubSettings (has extras)} from pid 708
W/ResourceType( 708): CREATING STRING CACHE OF 72 bytes
W/ResourceType( 708): CREATING STRING CACHE OF 124 bytes
D/SubSettings( 708): Launching fragment com.android.settings.applications.InstalledAppDetails
W/ResourceType( 708): CREATING STRING CACHE OF 188 bytes
W/ResourceType( 708): CREATING STRING CACHE OF 76 bytes
D/android.widget.GridLayout( 708): vertical constraints: y1-y0>=53, y2-y1>=500, y2-y0<=96 are inconsistent; permanently removing: y2-y0<=96.
I/ActivityManager( 446): Displayed com.android.settings/.SubSettings: +412ms
D/dalvikvm( 1472): GC_CONCURRENT freed 388K, 13% free 3088K/3540K, paused 2ms+1ms, total 12ms
D/dalvikvm( 446): GC_CONCURRENT freed 1390K, 25% free 8921K/11796K, paused 3ms+3ms, total 44ms
D/AndroidRuntime( 1597):
D/AndroidRuntime( 1597): >>>>>> AndroidRuntime START com.android.internal.os.RuntimeInit <<<<<<
D/AndroidRuntime( 1597): CheckJNI is ON
D/dalvikvm( 1597): Trying to load lib libjavacore.so 0x0
D/dalvikvm( 1597): Added shared lib libjavacore.so 0x0
D/dalvikvm( 1597): Trying to load lib libnativehelper.so 0x0
D/dalvikvm( 1597): Added shared lib libnativehelper.so 0x0
D/dalvikvm( 1597): No JNI_OnLoad found in libnativehelper.so 0x0, skipping init
D/dalvikvm( 1597): Note: class Landroid/app/ActivityManagerNative; has 179 unimplemented (abstract) methods
E/memtrack( 1597): Couldn't load memtrack module (No such file or directory)
E/android.os.Debug( 1597): failed to load memtrack module: -2
D/AndroidRuntime( 1597): Calling main entry com.android.commands.pm.Pm
W/PackageManager( 446): Package named 'GLMark2' doesn't exist.
D/dalvikvm( 446): GC_EXPLICIT freed 152K, 25% free 8882K/11796K, paused 2ms+3ms, total 35ms
D/AndroidRuntime( 1597): Shutting down VM
D/dalvikvm( 1597): GC_CONCURRENT freed 94K, 15% free 558K/656K, paused 1ms+0ms, total 3ms
I/ActivityManager( 446): Force stopping org.linaro.glmark2 appid=10031 user=0: pkg changed
I/InputReader( 446): Reconfiguring input devices. changes=0x00000010
I/PackageManager( 446): Action: "android.intent.action.SENDTO"
I/PackageManager( 446): Category: "android.intent.category.DEFAULT"
I/PackageManager( 446): Scheme: "sms"
I/PackageManager( 446): Adding preferred activity ComponentInfo{com.android.mms/com.android.mms.ui.ComposeMessageActivity} for user 0 :
I/Launcher( 871): Deferring update until onResume
D/dalvikvm( 681): GC_CONCURRENT freed 459K, 14% free 3489K/4032K, paused 3ms+3ms, total 39ms
I/Launcher( 871): Deferring update until onResume
