D/Nat464Xlat( 1944): requiresClat: netType=9, hasIPv4Address=true
I/ContactsDatabaseHelper( 2080): Locale change completed in 265ms
D/dalvikvm( 1944): GC_CONCURRENT freed 358K, 54% free 4933K/10688K, paused 3ms+4ms, total 47ms
D/Tethering( 1944): MasterInitialState.processMessage what=3
D/Tethering( 1944): MasterInitialState.processMessage what=3
I/ActivityManager( 1944): Writing new set of last done pre-boot receivers...
I/AppOps ( 1944): Pruning old package media/1013: new uid=-1
I/ActivityManager( 1944): Removing system update proc: ProcessRecord{4212a290 2036:android.process.media/u0a9}
I/ActivityManager( 1944): Killing 2036:android.process.media/u0a9 (adj 13): system update done
I/ActivityManager( 1944): Removing system update proc: ProcessRecord{42133700 2057:com.android.providers.calendar/u0a13}
I/ActivityManager( 1944): Killing 2057:com.android.providers.calendar/u0a13 (adj 11): system update done
I/ActivityManager( 1944): Removing system update proc: ProcessRecord{41fa7370 2080:android.process.acore/u0a12}
I/ActivityManager( 1944): Killing 2080:android.process.acore/u0a12 (adj 9): system update done
I/ActivityManager( 1944): System now ready
W/ActivityManager( 1944): Can't find mystery application for StrictMode from pid=2080 uid=10012: android.os.BinderProxy@41fed910
I/SystemServer( 1944): Making services ready
I/PackageManager( 1944): Running dexopt on: com.android.systemui
D/dalvikvm( 2119): Note: class Landroid/app/ActivityManagerNative; has 179 unimplemented (abstract) methods
D/dalvikvm( 2119): DexOpt: load 219ms, verify+opt 225ms, 1243884 bytes
D/NetworkManagementService( 1944): not enabling bandwidth control
I/Vold ( 1338): /dev/block/vold/179:6 being considered for volume sdcard0
D/Vold ( 1338): Volume sdcard0 state changing 1 (Idle-Unmounted) -> 3 (Checking)
D/MountService( 1944): volume state changed for /storage/sdcard0 (unmounted -> checking)
D/MountService( 1944): sendStorageIntent Intent { act=android.intent.action.MEDIA_CHECKING dat=file:///storage/sdcard0 (has extras) } to UserHandle{-1}
D/SystemUIService( 2022): loading: class com.android.systemui.recent.Recents
D/SystemUIService( 2022): running: com.android.systemui.recent.Recents@41db04b0
D/SystemUIService( 2022): loading: class com.android.systemui.statusbar.SystemBars
D/SystemUIService( 2022): running: com.android.systemui.statusbar.SystemBars@41db0a98
D/SystemUIService( 2022): loading: class com.android.systemui.usb.StorageNotification
D/SystemUIService( 2022): running: com.android.systemui.usb.StorageNotification@41db27e8
D/SystemUIService( 2022): loading: class com.android.systemui.power.PowerUI
D/SystemUIService( 2022): running: com.android.systemui.power.PowerUI@41db3e50
D/SystemUIService( 2022): loading: class com.android.systemui.media.RingtonePlayer
D/SystemUIService( 2022): running: com.android.systemui.media.RingtonePlayer@41db4c30
D/SystemUIService( 2022): loading: class com.android.systemui.settings.SettingsUI
D/SystemUIService( 2022): running: com.android.systemui.settings.SettingsUI@41db5f78
I/ip6tables( 1339): ip6tables terminated by exit(3)
E/Netd ( 1339): exec() res=0, status=768 for /system/bin/ip6tables -F fw_INPUT
I/fsck_msdos( 1338): ** /dev/block/vold/179:6
D/PhoneStatusBar( 2022): mSettingsPanelGravity = 8388661
I/StatusBarManagerService( 1944): registerStatusBar bar=com.android.internal.statusbar.IStatusBar$Stub$Proxy@4244ef78
I/fsck_msdos( 1338): Invalid signature in fsinfo block
I/fsck_msdos( 1338): FIXED
I/fsck_msdos( 1338): ** Phase 1 - Read FAT (compare skipped)
I/fsck_msdos( 1338): Attempting to allocate 5904 KB for FAT
I/ip6tables( 1339): ip6tables terminated by exit(3)
E/Netd ( 1339): exec() res=0, status=768 for /system/bin/ip6tables -F fw_OUTPUT
I/ip6tables( 1339): ip6tables terminated by exit(3)
E/Netd ( 1339): exec() res=0, status=768 for /system/bin/ip6tables -F fw_FORWARD
F/SystemServer( 1944): BOOT FAILURE making Network Managment Service ready
F/SystemServer( 1944): java.lang.IllegalStateException: command '12 firewall disable' failed with '400 12 Firewall command failed'
F/SystemServer( 1944): at com.android.server.NetworkManagementService.setFirewallEnabled(NetworkManagementService.java:1617)
F/SystemServer( 1944): at com.android.server.NetworkManagementService.prepareNativeDaemon(NetworkManagementService.java:401)
F/SystemServer( 1944): at com.android.server.NetworkManagementService.systemReady(NetworkManagementService.java:224)
F/SystemServer( 1944): at com.android.server.ServerThread$2.run(SystemServer.java:948)
F/SystemServer( 1944): at com.android.server.am.ActivityManagerService.systemReady(ActivityManagerService.java:9211)
F/SystemServer( 1944): at com.android.server.am.ActivityManagerService$13$1.run(ActivityManagerService.java:9106)
F/SystemServer( 1944): at android.os.Handler.handleCallback(Handler.java:733)
F/SystemServer( 1944): at android.os.Handler.dispatchMessage(Handler.java:95)
F/SystemServer( 1944): at android.os.Looper.loop(Looper.java:137)
F/SystemServer( 1944): at com.android.server.am.ActivityManagerService$AThread.run(ActivityManagerService.java:1848)
F/SystemServer( 1944): Caused by: com.android.server.NativeDaemonConnector$NativeDaemonFailureException: command '12 firewall disable' failed with '400 12 Firewall command failed'
F/SystemServer( 1944): at com.android.server.NativeDaemonConnector.execute(NativeDaemonConnector.java:391)
F/SystemServer( 1944): at com.android.server.NativeDaemonConnector.executeForList(NativeDaemonConnector.java:327)
F/SystemServer( 1944): at com.android.server.NativeDaemonConnector.execute(NativeDaemonConnector.java:292)
F/SystemServer( 1944): at com.android.server.NetworkManagementService.setFirewallEnabled(NetworkManagementService.java:1614)
F/SystemServer( 1944): ... 9 more
W/SystemServer( 1944): ***********************************************
D/dalvikvm( 1944): GC_CONCURRENT freed 428K, 54% free 4983K/10612K, paused 3ms+3ms, total 47ms
W/ResourceType( 2022): CREATING STRING CACHE OF 80 bytes
W/ResourceType( 2022): CREATING STRING CACHE OF 172 bytes
W/ResourceType( 2022): CREATING STRING CACHE OF 140 bytes
W/NetworkStats( 1944): bandwidth controls disabled, unable to track stats
W/NetworkPolicy( 1944): bandwidth controls disabled, unable to enforce policy
D/dalvikvm( 2022): GC_CONCURRENT freed 188K, 9% free 2957K/3228K, paused 7ms+15ms, total 87ms
I/ip6tables( 1339): ip6tables terminated by exit(3)
E/Netd ( 1339): exec() res=0, status=768 for /system/bin/ip6tables -F fw_INPUT
I/ip6tables( 1339): ip6tables terminated by exit(3)
E/Netd ( 1339): exec() res=0, status=768 for /system/bin/ip6tables -F fw_OUTPUT
I/ip6tables( 1339): ip6tables terminated by exit(3)
E/Netd ( 1339): exec() res=0, status=768 for /system/bin/ip6tables -F fw_FORWARD
F/SystemServer( 1944): BOOT FAILURE making Connectivity Service ready
F/SystemServer( 1944): java.lang.IllegalStateException: command '13 firewall disable' failed with '400 13 Firewall command failed'
F/SystemServer( 1944): at com.android.server.NetworkManagementService.setFirewallEnabled(NetworkManagementService.java:1617)
F/SystemServer( 1944): at com.android.server.ConnectivityService.setLockdownTracker(ConnectivityService.java:3873)
F/SystemServer( 1944): at com.android.server.ConnectivityService.updateLockdownVpn(ConnectivityService.java:3848)
F/SystemServer( 1944): at com.android.server.ConnectivityService.systemReady(ConnectivityService.java:2214)
F/SystemServer( 1944): at com.android.server.ServerThread$2.run(SystemServer.java:963)
F/SystemServer( 1944): at com.android.server.am.ActivityManagerService.systemReady(ActivityManagerService.java:9211)
F/SystemServer( 1944): at com.android.server.am.ActivityManagerService$13$1.run(ActivityManagerService.java:9106)
F/SystemServer( 1944): at android.os.Handler.handleCallback(Handler.java:733)
F/SystemServer( 1944): at android.os.Handler.dispatchMessage(Handler.java:95)
F/SystemServer( 1944): at android.os.Looper.loop(Looper.java:137)
F/SystemServer( 1944): at com.android.server.am.ActivityManagerService$AThread.run(ActivityManagerService.java:1848)
F/SystemServer( 1944): Caused by: com.android.server.NativeDaemonConnector$NativeDaemonFailureException: command '13 firewall disable' failed with '400 13 Firewall command failed'
F/SystemServer( 1944): at com.android.server.NativeDaemonConnector.execute(NativeDaemonConnector.java:391)
F/SystemServer( 1944): at com.android.server.NativeDaemonConnector.executeForList(NativeDaemonConnector.java:327)
F/SystemServer( 1944): at com.android.server.NativeDaemonConnector.execute(NativeDaemonConnector.java:292)
F/SystemServer( 1944): at com.android.server.NetworkManagementService.setFirewallEnabled(NetworkManagementService.java:1614)
F/SystemServer( 1944): ... 10 more
W/SystemServer( 1944): ***********************************************
I/fsck_msdos( 1338): ** Phase 2 - Check Cluster Chains
I/ActivityManager( 1944): Config changes=200 {1.0 ?mcc?mnc en_US ldltr sw720dp w1280dp h647dp 160dpi lrg long land -touch -keyb/h/h -nav/h s.4}
W/RecognitionManagerService( 1944): no available voice recognition services found for user 0
D/dalvikvm( 2022): GC_FOR_ALLOC freed 18K, 7% free 3298K/3532K, paused 43ms, total 43ms
W/ResourceType( 1944): Failure getting entry for 0x7f060000 (t=5 e=0) in package 0 (error -75)
I/ActivityManager( 1944): Start proc org.linaro.wallpaper for service org.linaro.wallpaper/.LogoWallpaper: pid=2144 uid=10054 gids={50054}
W/InputMethodManagerService( 1944): Ignoring setImeWindowStatus of uid 1000 token: null
W/ResourceType( 1944): Failure getting entry for 0x7f060000 (t=5 e=0) in package 0 (error -75)
W/ResourceType( 1944): Failure getting entry for 0x7f060000 (t=5 e=0) in package 0 (error -75)
W/InputMethodUtils( 1944): Found no subtypes in a system IME: com.android.inputmethod.pinyin
W/InputMethodManagerService( 1944): Reset the default IME as "Resource" is ready here.
W/ResourceType( 1944): Failure getting entry for 0x7f060000 (t=5 e=0) in package 0 (error -75)
W/ResourceType( 1944): Failure getting entry for 0x7f060000 (t=5 e=0) in package 0 (error -75)
I/fsck_msdos( 1338): ** Phase 3 - Checking Directories
W/InputMethodUtils( 1944): Found no subtypes in a system IME: com.android.inputmethod.pinyin
W/InputMethodUtils( 1944): Found no subtypes in a system IME: com.android.inputmethod.pinyin
I/InputMethodManagerService( 1944): Selected default: com.android.inputmethod.latin/.LatinIME
I/PackageManager( 1944): Running dexopt on: org.linaro.wallpaper
I/fsck_msdos( 1338): ** Phase 4 - Checking for Lost Files
W/ContextImpl( 1944): Calling a method in the system process without a qualified user: android.app.ContextImpl.sendBroadcast:1123 com.android.server.usb.UsbSettingsManager.deviceAttached:621 com.android.server.usb.UsbHostManager.usbDeviceAdded:156 com.android.server.usb.UsbHostManager.monitorUsbHostBus:-2 com.android.server.usb.UsbHostManager.access$000:38
V/PhoneStatusBar/NavigationBarView( 2022): touchEnabled:false
I/fsck_msdos( 1338): Next free cluster in FSInfo block (2) not free
I/fsck_msdos( 1338): FIXED
I/fsck_msdos( 1338): 1 files, 1847740 free (1510511 clusters)
D/dalvikvm( 2157): DexOpt: load 13ms, verify+opt 8ms, 190804 bytes
I/Vold ( 1338): Filesystem check completed OK
I/ActivityManager( 1944): Config changes=20 {1.0 ?mcc?mnc en_US ldltr sw720dp w1280dp h647dp 160dpi lrg long land -touch -keyb/v/h -nav/h s.5}
I/PackageManager( 1944): Updating external media status from unmounted to mounted
D/Vold ( 1338): Volume sdcard0 state changing 3 (Checking) -> 4 (Mounted)
D/MountService( 1944): volume state changed for /storage/sdcard0 (checking -> mounted)
E/VoldConnector( 1944): NDC Command {3 volume mount /storage/sdcard0} took too long (1120ms)
D/MountService( 1944): sendStorageIntent Intent { act=android.intent.action.MEDIA_MOUNTED dat=file:///storage/sdcard0 (has extras) } to UserHandle{-1}
I/ActivityManager( 1944): Start proc com.android.inputmethod.latin for service com.android.inputmethod.latin/.LatinIME: pid=2158 uid=10047 gids={50047, 1028, 1015}
V/InputMethodManagerService( 1944): Adding window token: android.os.Binder@42200718
W/GpsLocationProvider( 1944): Could not open GPS configuration file /etc/gps.conf
I/PackageManager( 1944): Running dexopt on: com.android.location.fused
W/LocationManagerService( 1944): no network location provider found
D/dalvikvm( 1944): GC_CONCURRENT freed 414K, 53% free 5038K/10612K, paused 2ms+10ms, total 76ms
D/dalvikvm( 2174): DexOpt: load 13ms, verify+opt 3ms, 150324 bytes
W/InputMethodManagerService( 1944): Illegal subtype state: old subtype = null, new subtype = android.view.inputmethod.InputMethodSubtype@c9194f98
E/FlpHardwareProvider( 1944): Error hw_get_module 'flp': -2
I/PackageManager( 1944): Running dexopt on: com.android.inputmethod.latin
E/FlpHardwareProvider( 1944): Error hw_get_module 'flp': -2
E/LocationManagerService( 1944): no geocoder provider found
E/LocationManagerService( 1944): No FusedProvider found.
I/PackageManager( 1944): No secure containers on sdcard
E/VoldConnector( 1944): NDC Command {4 asec list} took too long (516ms)
W/PackageManager( 1944): Not granting permission android.permission.GLOBAL_SEARCH to package com.android.quicksearchbox (protectionLevel=18 flags=0x88be45)
W/PackageManager( 1944): Unknown permission com.google.android.gallery3d.permission.GALLERY_PROVIDER in package com.android.bluetooth
W/PackageManager( 1944): Unknown permission com.google.android.googleapps.permission.GOOGLE_AUTH in package com.android.providers.calendar
W/PackageManager( 1944): Unknown permission com.google.android.googleapps.permission.GOOGLE_AUTH.cl in package com.android.providers.calendar
W/PackageManager( 1944): Unknown permission com.google.android.googleapps.permission.GOOGLE_AUTH.mail in package com.android.calendar
W/PackageManager( 1944): Not granting permission android.permission.ACCESS_DOWNLOAD_MANAGER to package com.android.browser (protectionLevel=18 flags=0x89be45)
W/PackageManager( 1944): Not granting permission android.permission.SEND_DOWNLOAD_COMPLETED_INTENTS to package com.android.browser (protectionLevel=2 flags=0x89be45)
W/PackageManager( 1944): Not granting permission android.permission.BIND_WALLPAPER to package com.android.camera2 (protectionLevel=18 flags=0x98bc45)
W/PackageManager( 1944): Unknown permission android.permission.INSTALL_DRM in package com.android.mms
W/PackageManager( 1944): Unknown permission com.google.android.gallery3d.permission.PICASA_STORE in package com.android.dreams.phototable
W/PackageManager( 1944): Unknown permission com.google.android.googleapps.permission.GOOGLE_AUTH in package com.android.settings
W/PackageManager( 1944): Unknown permission com.google.android.googleapps.permission.ACCESS_GOOGLE_PASSWORD in package com.android.development
W/PackageManager( 1944): Unknown permission com.google.android.googleapps.permission.GOOGLE_AUTH in package com.android.development
W/PackageManager( 1944): Unknown permission com.google.android.googleapps.permission.GOOGLE_AUTH.ALL_SERVICES in package com.android.development
W/PackageManager( 1944): Unknown permission com.google.android.googleapps.permission.GOOGLE_AUTH.YouTubeUser in package com.android.development
W/PackageManager( 1944): Not granting permission android.permission.DELETE_PACKAGES to package com.svox.pico (protectionLevel=18 flags=0x88be45)
W/PackageManager( 1944): Not granting permission android.permission.DEVICE_POWER to package com.android.deskclock (protectionLevel=2 flags=0xc8be45)
D/dalvikvm( 2176): DexOpt: load 88ms, verify+opt 308ms, 1342212 bytes
E/LocationManagerService( 1944): no geofence provider found
I/CommonTimeManagementService( 1944): No common time service detected on this platform. Common time services will be unavailable.
I/InputReader( 1944): Reconfiguring input devices. changes=0x00000020
I/InputReader( 1944): Reconfiguring input devices. changes=0x00000010
I/ActivityManager( 1944): Start proc com.android.phone for added application com.android.phone: pid=2181 uid=1001 gids={41001, 3002, 3001, 3003, 1028, 1015}
I/ActivityManager( 1944): START u0 {act=android.intent.action.MAIN cat=[android.intent.category.HOME] flg=0x10000000 cmp=com.android.settings/.CryptKeeper} from pid 0
I/ActivityManager( 1944): Start proc com.android.settings for activity com.android.settings/.CryptKeeper: pid=2193 uid=1000 gids={41000, 1028, 1015, 3002, 3001, 3003}
D/Tethering( 1944): MasterInitialState.processMessage what=3
D/ ( 1944): Setting time of day to sec=1386749825
D/CaptivePortalTracker( 1944): NoActiveNetworkState{ what=1 when=0 obj=NetworkInfo: type: ETHERNET[], state: CONNECTED/CONNECTED, reason: (unspecified), extra: 0a:40:f7:96:3b:0a, roaming: false, failover: false, isAvailable: true, isConnectedToProvisioningNetwork: false }
D/CaptivePortalTracker( 1944): NoActiveNetworkState not a wifi connectivity change, ignore
D/dalvikvm( 1944): GC_CONCURRENT freed 446K, 52% free 5150K/10612K, paused 2ms+23ms, total 119ms
I/ActivityManager( 1944): Start proc com.android.mms for broadcast com.android.mms/.transaction.MmsSystemEventReceiver: pid=2202 uid=10005 gids={50005, 3003, 1028, 1015}
I/PackageManager( 1944): Running dexopt on: com.android.providers.telephony
D/BluetoothManagerService( 1944): Message: 300
D/BluetoothManagerService( 1944): MESSAGE_USER_SWITCHED
D/dalvikvm( 1342): GC_EXPLICIT freed 37K, 5% free 2713K/2832K, paused 4ms+2ms, total 57ms
D/dalvikvm( 1342): GC_EXPLICIT freed <1K, 5% free 2713K/2832K, paused 3ms+2ms, total 25ms
D/dalvikvm( 1342): GC_EXPLICIT freed <1K, 5% free 2713K/2832K, paused 1ms+2ms, total 20ms
D/dalvikvm( 2210): DexOpt: load 5ms, verify+opt 43ms, 229868 bytes
I/PackageManager( 1944): Running dexopt on: com.android.phone
D/dalvikvm( 2224): Note: class Landroid/app/ActivityManagerNative; has 179 unimplemented (abstract) methods
D/dalvikvm( 2224): DexOpt: load 50ms, verify+opt 292ms, 1182372 bytes
D/BluetoothManagerService( 1944): Message: 20
D/BluetoothManagerService( 1944): Added callback: android.bluetooth.IBluetoothManagerCallback$Stub$Proxy@424f45f8:true
D/BluetoothAdapter( 2022): 1104806456: getState() : mService = null. Returning STATE_OFF
D/BluetoothAdapter( 2022): 1104806456: getState() : mService = null. Returning STATE_OFF
I/PackageManager( 1944): Running dexopt on: com.android.settings
I/ActivityManager( 1944): Start proc com.android.printspooler for service com.android.printspooler/.PrintSpoolerService: pid=2225 uid=10020 gids={50020}
I/LatinIME( 2158): Hardware accelerated drawing: true
W/ResourceType( 2181): CREATING STRING CACHE OF 12 bytes
W/ResourceType( 1944): Failure getting entry for 0x7f060000 (t=5 e=0) in package 0 (error -75)
D/dalvikvm( 2230): Note: class Landroid/app/ActivityManagerNative; has 179 unimplemented (abstract) methods
D/dalvikvm( 2230): DexOpt: load 112ms, verify+opt 547ms, 2326596 bytes
I/PackageManager( 1944): Running dexopt on: com.android.mms
W/ResourceType( 2193): CREATING STRING CACHE OF 28 bytes
D/dalvikvm( 2243): DexOpt: load 113ms, verify+opt 331ms, 1352948 bytes
I/PackageManager( 1944): Running dexopt on: com.android.printspooler
D/dalvikvm( 2245): DexOpt: load 32ms, verify+opt 72ms, 607756 bytes
W/InputAttributes( 2158): No editor info for this field. Bug?
I/FusedLocation( 1944): engine started (com.android.location.fused)
I/ResourceUtils( 2158): Found default value: resource=keypress_vibration_durations build=[HARDWARE=omap4pandaboard MODEL=pandaboard BRAND=pandaboard MANUFACTURER=unknown] default=-1
D/CountryDetector( 1944): The first listener is added
D/dalvikvm( 2022): GC_CONCURRENT freed 59K, 4% free 3687K/3828K, paused 8ms+47ms, total 188ms
I/PrintSpoolerService( 2225): No existing print spooler state.
I/ResourceUtils( 2158): Found default value: resource=keypress_volumes build=[HARDWARE=omap4pandaboard MODEL=pandaboard BRAND=pandaboard MANUFACTURER=unknown] default=-1.0f
I/ActivityManager( 1944): START u0 {act=android.intent.action.MAIN cat=[android.intent.category.HOME] flg=0x10000000 cmp=com.android.provision/.DefaultActivity} from pid 0
D/dalvikvm( 2158): GC_CONCURRENT freed 233K, 10% free 2911K/3224K, paused 6ms+5ms, total 145ms
V/MmsConfig( 2202): mnc/mcc:
V/MmsConfig( 2202): tag: bool value: enabledMMS - true
V/MmsConfig( 2202): tag: int value: maxMessageSize - 307200
V/MmsConfig( 2202): tag: int value: maxImageHeight - 480
V/MmsConfig( 2202): tag: int value: maxImageWidth - 640
V/MmsConfig( 2202): tag: int value: defaultSMSMessagesPerThread - 10000
V/MmsConfig( 2202): tag: int value: defaultMMSMessagesPerThread - 1000
V/MmsConfig( 2202): tag: int value: minMessageCountPerThread - 10
V/MmsConfig( 2202): tag: int value: maxMessageCountPerThread - 5000
V/MmsConfig( 2202): tag: string value: uaProfUrl - http://www.google.com/oha/rdf/ua-profile-kila.xml
I/ActivityManager( 1944): Start proc com.android.provision for activity com.android.provision/.DefaultActivity: pid=2255 uid=10039 gids={50039}
V/MmsConfig( 2202): tag: int value: recipientLimit - -1
V/MmsConfig( 2202): tag: bool value: enableMultipartSMS - true
V/MmsConfig( 2202): tag: int value: smsToMmsTextThreshold - -1
V/MmsConfig( 2202): tag: bool value: enableSlideDuration - true
V/MmsConfig( 2202): tag: int value: maxMessageTextSize - -1
I/ActivityManager( 1944): Start proc android.process.acore for content provider com.android.providers.userdictionary/.UserDictionaryProvider: pid=2271 uid=10012 gids={50012, 3003, 1028, 1015}
I/PackageManager( 1944): Running dexopt on: com.android.provision
D/dalvikvm( 1944): GC_CONCURRENT freed 528K, 52% free 5164K/10612K, paused 15ms+15ms, total 320ms
D/BluetoothAdapter( 2022): 1104806456: getState() : mService = null. Returning STATE_OFF
D/dalvikvm( 2285): DexOpt: load 7ms, verify+opt 2ms, 140044 bytes
I/PackageManager( 1944): Running dexopt on: com.android.providers.userdictionary
D/dalvikvm( 2288): DexOpt: load 6ms, verify+opt 8ms, 173396 bytes
I/FusedLocation( 1944): engine stopped (com.android.location.fused)
I/FusedLocation( 1944): engine started (com.android.location.fused)
W/MmsSystemEventReceiver( 2202): Network Information for TYPE_MOBILE_MMS connection is not available!!
I/ActivityManager( 1944): Start proc android.process.media for broadcast com.android.providers.downloads/.DownloadReceiver: pid=2291 uid=10009 gids={50009, 1028, 1015, 1023, 1024, 2001, 3003, 3007}
W/BackupManagerService( 1944): dataChanged but no participant pkg='com.android.providers.settings' uid=10039
I/PackageManager( 1944): Running dexopt on: com.android.providers.downloads
D/PhoneStatusBar( 2022): disable: < expand icons alerts ticker system_info back home recent clock search > W/BackupManagerService( 1944): dataChanged but no participant pkg='com.android.providers.settings' uid=10039
D/dalvikvm( 2271): GC_CONCURRENT freed 254K, 11% free 2971K/3308K, paused 3ms+3ms, total 49ms
D/dalvikvm( 2271): WAIT_FOR_CONCURRENT_GC blocked 13ms
D/dalvikvm( 2158): GC_CONCURRENT freed 467K, 16% free 2956K/3504K, paused 2ms+3ms, total 40ms
D/dalvikvm( 2308): DexOpt: load 35ms, verify+opt 96ms, 541108 bytes
I/ActivityManager( 1944): Start proc com.android.smspush for service com.android.smspush/.WapPushManager: pid=2316 uid=10034 gids={50034}
I/LatinIME:LogUtils( 2158): Dictionary info: dictionary = personalization.en_US.dict ; version = ? ; date = 1386749830
I/LatinIME:LogUtils( 2158): Dictionary info: dictionary = UserHistoryDictionary.en_US.dic ; version = ? ; date = 1386749830
I/ActivityManager( 1944): START u0 {act=android.intent.action.MAIN cat=[android.intent.category.HOME] flg=0x10000000 cmp=com.android.launcher/com.android.launcher2.Launcher} from pid 0
I/LatinIME:LogUtils( 2158): Dictionary info: dictionary = PersonalizationPredictionDictio ; version = ? ; date = 1386749830
I/ActivityManager( 1944): Start proc com.android.launcher for activity com.android.launcher/com.android.launcher2.Launcher: pid=2335 uid=10003 gids={50003}
I/PackageManager( 1944): Running dexopt on: com.android.smspush
D/GpsLocationProvider( 1944): NTP server returned: 1386749825653 (Wed Dec 11 08:17:05 GMT+00:00 2013) reference: 75528 certainty: 27 system time offset: -4768
D/dalvikvm( 2022): GC_CONCURRENT freed 102K, 5% free 3992K/4176K, paused 2ms+3ms, total 70ms
D/dalvikvm( 2181): GC_CONCURRENT freed 144K, 8% free 2952K/3176K, paused 3ms+3ms, total 40ms
D/dalvikvm( 2342): DexOpt: load 13ms, verify+opt 15ms, 145668 bytes
I/MediaProvider( 2291): Upgrading media database from version 0 to 700, which will destroy all old data
I/PackageManager( 1944): Running dexopt on: com.android.launcher
D/BluetoothAdapter( 2022): 1104806456: getState() : mService = null. Returning STATE_OFF
D/BluetoothAdapter( 2022): 1104806456: getState() : mService = null. Returning STATE_OFF
D/PhoneStatusBar( 2022): heads up is disabled
D/PhoneStatusBar( 2022): mSettingsPanelGravity = 8388661
I/Choreographer( 2022): Skipped 434 frames! The application may be doing too much work on its main thread.
I/ContactLocale( 2271): AddressBook Labels [en_US]: [, A, B, C, D, E, F, G, H, I, J, K, L, M, N, O, P, Q, R, S, T, U, V, W, X, Y, Z, Α, Β, Γ, Δ, Ε, Ζ, Η, Θ, Ι, Κ, \CE Μ, Ν, Ξ, Ο, Π, Ρ, Σ, Τ, Υ, Φ, Χ, Ψ, Ω, , А, Б, В, Г, Д, Е, Є, Ж, З, И, І, Ї, Й, К, \D0 М, Н, О, П, Р, С, Т, У, Ф, Х, Ц, Ч, Ш, Щ, Ю, Я, , א, ב, ג, ד, ה, ו, ז, ח, ט, י, \D7 ל, מ, נ, ס, ע, פ, צ, ק, ר, ש, ת, , ا, ب, ت, ث, ج, ح, خ, د, ذ, ر, ز, س, ش, ص, ض, ط, ظ, ع, غ, ف, ق, ك, ل, م, ن, ه, و, ي, , ก, ข, ฃ, ค, ฅ, ฆ, ง, จ, ฉ, ช, ซ, ฌ, ญ, ฎ, ฏ, ฐ, ฑ, ฒ, ณ, ด, ต, ถ, ท, ธ, น, บ, \E0\B8 ผ, ฝ, พ, ฟ, ภ, ม, ย, ร, ฤ, ล, ฦ, ว, ศ, ษ, ส, ห, ฬ, อ, ฮ, , ㄱ, ㄴ, ㄷ, ㄹ, ㅁ, ㅂ, ㅅ, ㅇ, ㅈ, ㅊ, ㅋ, ㅌ, ㅍ, ㅎ, , あ, か, さ, た, な, は, ま, や, ら, わ, #, ]
D/dalvikvm( 2355): DexOpt: load 88ms, verify+opt 217ms, 987476 bytes
I/LatinIME:LogUtils( 2158): Dictionary info: dictionary = userunigram.en_US.dict ; version = ? ; date = ?
D/BluetoothManagerService( 1944): Message: 20
D/BluetoothManagerService( 1944): Added callback: android.bluetooth.IBluetoothManagerCallback$Stub$Proxy@423761d8:true
D/dalvikvm( 2158): GC_CONCURRENT freed 378K, 15% free 3006K/3504K, paused 5ms+3ms, total 80ms
I/LatinIME:LogUtils( 2158): Dictionary info: dictionary = main:en ; version = 42 ; date = 1381226429
D/BluetoothManagerService( 1944): Message: 30
D/CallNotifier( 2181): CallNotifier: mSignalInfoToneGenerator created when toneplay
D/BluetoothManagerService( 1944): Message: 30
I/LatinIME:LogUtils( 2158): Dictionary info: dictionary = main:en ; version = 42 ; date = 1381226429
I/LatinIME:LogUtils( 2158): Dictionary info: dictionary = main:en ; version = 42 ; date = 1381226429
I/LatinIME:LogUtils( 2158): Dictionary info: dictionary = main:en ; version = 42 ; date = 1381226429
D/TelephonyDebugService( 2181): TelephonyDebugService()
D/OpenGLRenderer( 2022): Enabling debug mode 0
I/LatinIME:LogUtils( 2158): Dictionary info: dictionary = main:en ; version = 42 ; date = 1381226429
D/dalvikvm( 1944): GC_CONCURRENT freed 410K, 51% free 5281K/10612K, paused 6ms+6ms, total 104ms
D/BluetoothManagerService( 1944): Message: 30
E/BluetoothPhoneService( 2181): Could not get a handle on Connection object for the call
W/CallNotifier( 2181): Got onMwiChanged() on non-voice-capable device! Ignoring...
I/PhoneApp( 2181): Headset phone created, binding local service.
I/Choreographer( 2022): Skipped 81 frames! The application may be doing too much work on its main thread.
W/ResourceType( 2335): CREATING STRING CACHE OF 172 bytes
E/SQLiteLog( 2291): (1) no such table: album_info
D/dalvikvm( 2335): GC_CONCURRENT freed 185K, 9% free 2965K/3236K, paused 4ms+3ms, total 42ms
W/ResourceType( 2335): CREATING STRING CACHE OF 56 bytes
D/dalvikvm( 2291): GC_CONCURRENT freed 215K, 10% free 2896K/3196K, paused 4ms+3ms, total 29ms
D/MediaScannerReceiver( 2291): action: android.intent.action.MEDIA_MOUNTED path: /storage/sdcard0
I/DownloadManager( 2291): Upgrading downloads database from version 0 to version 109, which will destroy all old data
W/ResourceType( 2335): CREATING STRING CACHE OF 164 bytes
I/ActivityManager( 1944): Start proc com.android.exchange for content provider com.android.exchange/.provider.ExchangeDirectoryProvider: pid=2383 uid=10044 gids={50044, 3003, 1028, 1015}
D/BluetoothManagerService( 1944): Message: 20
D/BluetoothManagerService( 1944): Added callback: android.bluetooth.IBluetoothManagerCallback$Stub$Proxy@421374d8:true
I/PackageManager( 1944): Running dexopt on: com.android.exchange
D/BluetoothAdapter( 2193): 1104897656: getState() : mService = null. Returning STATE_OFF
D/BluetoothManagerService( 1944): Message: 30
W/ContextImpl( 2193): Calling a method in the system process without a qualified user: android.app.ContextImpl.bindService:1543 android.content.ContextWrapper.bindService:517 android.bluetooth.BluetoothInputDevice.doBind:245 android.bluetooth.BluetoothInputDevice.:238 android.bluetooth.BluetoothAdapter.getProfileProxy:1187
D/dalvikvm( 2271): GC_CONCURRENT freed 298K, 12% free 3096K/3480K, paused 1ms+2ms, total 25ms
W/MediaScanner( 2291): Error opening directory '/storage/sdcard0/.android_secure/', skipping: Permission denied.
D/dalvikvm( 2335): GC_FOR_ALLOC freed 50K, 5% free 3150K/3284K, paused 19ms, total 20ms
I/dalvikvm-heap( 2335): Grow heap (frag case) to 3.765MB for 640016-byte allocation
V/MediaScanner( 2291): pruneDeadThumbnailFiles... android.database.sqlite.SQLiteCursor@41d88d40
V/MediaScanner( 2291): /pruneDeadThumbnailFiles... android.database.sqlite.SQLiteCursor@41d88d40
D/dalvikvm( 2335): GC_FOR_ALLOC freed 2K, 4% free 3773K/3912K, paused 30ms, total 30ms
D/dalvikvm( 2335): GC_CONCURRENT freed 10K, 4% free 3766K/3912K, paused 2ms+1ms, total 24ms
W/Resources( 2335): Converting to int: TypedValue{t=0x3/d=0x11 "4" a=-1}
W/Resources( 2335): Converting to int: TypedValue{t=0x3/d=0xe "1" a=-1}
W/Resources( 2335): Converting to int: TypedValue{t=0x3/d=0x14 "2" a=-1}
W/Resources( 2335): Converting to int: TypedValue{t=0x3/d=0x14 "2" a=-1}
W/Launcher.LauncherProvider( 2335): Unable to add favorite: com.android.camera/com.android.camera.Camera
W/Launcher.LauncherProvider( 2335): android.content.pm.PackageManager$NameNotFoundException: ComponentInfo{com.android.camera/com.android.camera.Camera}
W/Launcher.LauncherProvider( 2335): at android.app.ApplicationPackageManager.getActivityInfo(ApplicationPackageManager.java:242)
W/Launcher.LauncherProvider( 2335): at com.android.launcher2.LauncherProvider$DatabaseHelper.addAppShortcut(LauncherProvider.java:939)
W/Launcher.LauncherProvider( 2335): at com.android.launcher2.LauncherProvider$DatabaseHelper.loadFavorites(LauncherProvider.java:843)
W/Launcher.LauncherProvider( 2335): at com.android.launcher2.LauncherProvider$DatabaseHelper.access$000(LauncherProvider.java:233)
W/Launcher.LauncherProvider( 2335): at com.android.launcher2.LauncherProvider.loadDefaultFavoritesIfNecessary(LauncherProvider.java:228)
W/Launcher.LauncherProvider( 2335): at com.android.launcher2.LauncherModel$LoaderTask.loadWorkspace(LauncherModel.java:1263)
W/Launcher.LauncherProvider( 2335): at com.android.launcher2.LauncherModel$LoaderTask.loadAndBindWorkspace(LauncherModel.java:1005)
W/Launcher.LauncherProvider( 2335): at com.android.launcher2.LauncherModel$LoaderTask.run(LauncherModel.java:1111)
W/Launcher.LauncherProvider( 2335): at android.os.Handler.handleCallback(Handler.java:733)
W/Launcher.LauncherProvider( 2335): at android.os.Handler.dispatchMessage(Handler.java:95)
W/Launcher.LauncherProvider( 2335): at android.os.Looper.loop(Looper.java:137)
W/Launcher.LauncherProvider( 2335): at android.os.HandlerThread.run(HandlerThread.java:61)
E/Launcher.Model( 2335): Deleting widget that isn't installed anymore: id=1 appWidgetId=-1
E/Launcher.Model( 2335): Deleting widget that isn't installed anymore: id=2 appWidgetId=-1
D/dalvikvm( 2397): DexOpt: load 128ms, verify+opt 614ms, 2129884 bytes
D/BluetoothManagerService( 1944): Message: 30
W/ContextImpl( 2193): Calling a method in the system process without a qualified user: android.app.ContextImpl.bindService:1543 android.content.ContextWrapper.bindService:517 android.bluetooth.BluetoothPan.doBind:149 android.bluetooth.BluetoothPan.:141 android.bluetooth.BluetoothAdapter.getProfileProxy:1190
D/LocalBluetoothProfileManager( 2193): Adding local MAP profile
D/BluetoothMap( 2193): Create BluetoothMap proxy object
D/BluetoothManagerService( 1944): Message: 30
D/BluetoothManagerService( 1944): Message: 30
W/ContextImpl( 2193): Calling a method in the system process without a qualified user: android.app.ContextImpl.bindService:1543 android.content.ContextWrapper.bindService:517 android.bluetooth.BluetoothMap.doBind:109 android.bluetooth.BluetoothMap.:102 android.bluetooth.BluetoothAdapter.getProfileProxy:1196
D/LocalBluetoothProfileManager( 2193): LocalBluetoothProfileManager construction complete
D/BluetoothAdapter( 2193): 1104897656: getState() : mService = null. Returning STATE_OFF
D/BluetoothAdapter( 2193): 1104897656: getState() : mService = null. Returning STATE_OFF
W/ContextImpl( 2193): Calling a method in the system process without a qualified user: android.app.ContextImpl.bindService:1543 android.content.ContextWrapper.bindService:517 android.bluetooth.BluetoothPbap.doBind:164 android.bluetooth.BluetoothPbap.:157 com.android.settings.bluetooth.PbapServerProfile.:68
I/ActivityManager( 1944): Start proc com.android.calendar for broadcast com.android.calendar/.widget.CalendarAppWidgetService$CalendarFactory: pid=2399 uid=10019 gids={50019, 3003}
I/ActivityManager( 1944): Start proc com.android.email for content provider com.android.email/.provider.EmailProvider: pid=2410 uid=10025 gids={50025, 3003, 1028, 1015}
I/PackageManager( 1944): Running dexopt on: com.android.calendar
D/dalvikvm( 2423): DexOpt: load 92ms, verify+opt 333ms, 1407316 bytes
I/PackageManager( 1944): Running dexopt on: com.android.email
I/ContactDirectoryManager( 2271): deleted 0 stale rows which don't have any relevant directory
I/Choreographer( 2335): Skipped 52 frames! The application may be doing too much work on its main thread.
I/ContactDirectoryManager( 2271): Discovered 0 contact directories in 2746ms
I/ContactsProvider( 2271): Upgrading aggregation algorithm
I/ContactAggregator( 2271): Marked all visible contacts for aggregation: 0 raw contacts, 2 ms
I/ContactsProvider( 2271): Aggregation algorithm upgraded for 0 raw contacts in 52ms
I/ContactsFTS( 2271): Rebuild contact search index in 56ms, 0 contacts
D/dalvikvm( 2429): DexOpt: load 325ms, verify+opt 1063ms, 3348316 bytes
I/ContactDirectoryManager( 2271): deleted 0 stale rows which don't have any relevant directory
D/ExtensionsFactory( 2399): No custom extensions.
I/ContactDirectoryManager( 2271): Discovered 0 contact directories in 5849ms
I/ActivityManager( 1944): Start proc com.android.providers.calendar for content provider com.android.providers.calendar/.CalendarProvider2: pid=2437 uid=10013 gids={50013, 3003, 1028, 1015}
I/ActivityManager( 1944): Start proc com.android.deskclock for broadcast com.android.deskclock/.AlarmInitReceiver: pid=2448 uid=10050 gids={50050, 1028}
I/PackageManager( 1944): Running dexopt on: com.android.deskclock
D/ActivityThread( 2410): Loading provider com.android.email.provider;com.android.email.notifier: com.android.email.provider.EmailProvider
D/dalvikvm( 1342): GC_EXPLICIT freed 39K, 5% free 2713K/2836K, paused 10ms+38ms, total 146ms
D/OpenGLRenderer( 2335): Enabling debug mode 0
D/dalvikvm( 1342): GC_EXPLICIT freed <1K, 5% free 2713K/2836K, paused 4ms+2ms, total 59ms
I/Choreographer( 2335): Skipped 31 frames! The application may be doing too much work on its main thread.
D/dalvikvm( 1342): GC_EXPLICIT freed <1K, 5% free 2713K/2836K, paused 1ms+2ms, total 21ms
D/dalvikvm( 2335): GC_FOR_ALLOC freed 184K, 7% free 3970K/4240K, paused 18ms, total 18ms
I/dalvikvm-heap( 2335): Grow heap (frag case) to 7.115MB for 3312656-byte allocation
D/dalvikvm( 2335): GC_FOR_ALLOC freed 3K, 4% free 7202K/7476K, paused 19ms, total 19ms
E/StrictMode( 2335): A resource was acquired at attached stack trace but never released. See java.io.Closeable for information on avoiding resource leaks.
E/StrictMode( 2335): java.lang.Throwable: Explicit termination method 'release' not called
E/StrictMode( 2335): at dalvik.system.CloseGuard.open(CloseGuard.java:184)
E/StrictMode( 2335): at android.content.ContentProviderClient.(ContentProviderClient.java:78)
E/StrictMode( 2335): at android.content.ContentResolver.acquireContentProviderClient(ContentResolver.java:1454)
E/StrictMode( 2335): at com.android.launcher2.LauncherModel$LoaderTask.loadWorkspace(LauncherModel.java:1483)
E/StrictMode( 2335): at com.android.launcher2.LauncherModel$LoaderTask.loadAndBindWorkspace(LauncherModel.java:1005)
E/StrictMode( 2335): at com.android.launcher2.LauncherModel$LoaderTask.run(LauncherModel.java:1111)
E/StrictMode( 2335): at android.os.Handler.handleCallback(Handler.java:733)
E/StrictMode( 2335): at android.os.Handler.dispatchMessage(Handler.java:95)
E/StrictMode( 2335): at android.os.Looper.loop(Looper.java:137)
E/StrictMode( 2335): at android.os.HandlerThread.run(HandlerThread.java:61)
D/dalvikvm( 2335): GC_CONCURRENT freed 31K, 4% free 7239K/7520K, paused 1ms+3ms, total 17ms
I/CalendarDatabaseHelper( 2437): Bootstrapping database
V/RenderScript( 2335): 0x5db790c0 Launching thread(s), CPUs 2
D/dalvikvm( 2335): GC_FOR_ALLOC freed 8K, 4% free 7261K/7520K, paused 16ms, total 17ms
I/dalvikvm-heap( 2335): Grow heap (frag case) to 10.329MB for 3312656-byte allocation
D/dalvikvm( 2335): GC_FOR_ALLOC freed <1K, 3% free 10496K/10756K, paused 23ms, total 23ms
D/dalvikvm( 2335): GC_CONCURRENT freed 1K, 3% free 10494K/10756K, paused 2ms+1ms, total 34ms
D/dalvikvm( 2410): GC_CONCURRENT freed 204K, 10% free 2894K/3184K, paused 3ms+2ms, total 33ms
D/dalvikvm( 2466): DexOpt: load 65ms, verify+opt 409ms, 1099052 bytes
I/SurfaceFlinger( 1341): Boot is finished (80556 ms)
V/AlarmClock( 2448): AlarmInitReceiver android.intent.action.TIME_SET
D/dalvikvm( 1944): GC_CONCURRENT freed 518K, 50% free 5410K/10612K, paused 2ms+5ms, total 101ms
D/dalvikvm( 1944): WAIT_FOR_CONCURRENT_GC blocked 53ms
D/dalvikvm( 1944): WAIT_FOR_CONCURRENT_GC blocked 53ms
D/dalvikvm( 1944): WAIT_FOR_CONCURRENT_GC blocked 48ms
D/dalvikvm( 1944): WAIT_FOR_CONCURRENT_GC blocked 39ms
D/dalvikvm( 1944): WAIT_FOR_CONCURRENT_GC blocked 29ms
I/ActivityManager( 1944): Displayed com.android.launcher/com.android.launcher2.Launcher: +9s123ms (total +13s861ms)
I/InputReader( 1944): Reconfiguring input devices. changes=0x00000010
I/InputReader( 1944): Reconfiguring input devices. changes=0x00000010
W/ActivityManager( 1944): Unable to start service Intent { cmp=com.android.email/.service.AttachmentDownloadService } U=0: not found
W/ActivityManager( 1944): Unable to start service Intent { cmp=com.android.email/.service.AttachmentDownloadService } U=0: not found
I/Email ( 2410): Observing account changes for notifications
I/AlarmClock( 2448): Alarms Table created
I/AlarmClock( 2448): Instance table created
I/AlarmClock( 2448): Cities table created
I/AlarmClock( 2448): Inserting default alarms
I/AlarmClock( 2448): Displaying next alarm time: ''
W/BackupManagerService( 1944): dataChanged but no participant pkg='com.android.providers.settings' uid=10050
V/AlarmClock( 2448): AlarmInitReceiver finished
D/AlarmManagerService( 1944): Kernel timezone updated to 0 minutes west of GMT
I/ActivityManager( 1944): Start proc com.android.music for broadcast com.android.music/.MediaButtonIntentReceiver: pid=2485 uid=10030 gids={50030, 3003, 1028, 1015}
I/dalvikvm( 2485): CheckJNI enabled: not enabling JNI app bug workarounds.
I/PackageManager( 1944): Running dexopt on: com.android.music
D/Launcher.Model( 2335): going to save icon bitmap for info=ShortcutInfo(title=Galleryintent=Intent { act=android.intent.action.MAIN cat=[android.intent.category.LAUNCHER] flg=0x10200000 cmp=com.android.gallery3d/.app.Gallery }id=4 type=0 container=-100 screen=3 cellX=1 cellY=3 spanX=1 spanY=1 dropPos=null)
D/dalvikvm( 2498): DexOpt: load 57ms, verify+opt 144ms, 753628 bytes
D/Launcher.Model( 2335): going to save icon bitmap for info=ShortcutInfo(title=Settingsintent=Intent { act=android.intent.action.MAIN cat=[android.intent.category.LAUNCHER] flg=0x10200000 cmp=com.android.settings/.Settings }id=6 type=0 container=-100 screen=3 cellX=2 cellY=3 spanX=1 spanY=1 dropPos=null)
D/BluetoothAdapter( 2193): 1104897656: getState() : mService = null. Returning STATE_OFF
I/MediaFocusControl( 1944): Remote Control registerMediaButtonIntent() for PendingIntent{41fdc248: PendingIntentRecord{4220f650 com.android.music broadcastIntent}}
V/SmsReceiverService( 2202): onStart: #1 mResultCode: -1 = Activity.RESULT_OK
I/ActivityManager( 1944): Delay finish: com.android.mms/.transaction.SmsReceiver
I/ActivityManager( 1944): Resuming delayed broadcast
I/CalendarProvider2( 2437): Sending notification intent: Intent { act=android.intent.action.PROVIDER_CHANGED dat=content://com.android.calendar }
W/ContentResolver( 2437): Failed to get type for: content://com.android.calendar (Unknown URL content://com.android.calendar)
D/BluetoothManagerService( 1944): Retrieving Bluetooth Adapter name and address...
D/BluetoothManagerService( 1944): getNameAndAddress(): mBluetooth = null mBinding = false
D/BluetoothManagerService( 1944): Message: 200
D/BluetoothManagerService( 1944): MESSAGE_GET_NAME_AND_ADDRESS
D/BluetoothManagerService( 1944): Binding to service to get name and address
I/ActivityManager( 1944): Start proc com.android.bluetooth for service com.android.bluetooth/.btservice.AdapterService: pid=2502 uid=1002 gids={41002, 3003, 3002, 3001, 1028, 1015, 3005, 1016, 3008}
D/BluetoothManagerService( 1944): Message: 20
D/BluetoothManagerService( 1944): Added callback: android.bluetooth.BluetoothAdapter$1@41dee7c8:true
D/BluetoothManagerService( 1944): Message: 30
D/BluetoothManagerService( 1944): Message: 30
W/ContextImpl( 1944): Calling a method in the system process without a qualified user: android.app.ContextImpl.bindService:1543 android.bluetooth.BluetoothHeadset.doBind:283 android.bluetooth.BluetoothHeadset.:276 android.bluetooth.BluetoothAdapter.getProfileProxy:1181 android.media.AudioService.getBluetoothHeadset:2245
W/ContextImpl( 1944): Calling a method in the system process without a qualified user: android.app.ContextImpl.bindService:1543 android.bluetooth.BluetoothA2dp.doBind:165 android.bluetooth.BluetoothA2dp.:158 android.bluetooth.BluetoothAdapter.getProfileProxy:1184 android.media.AudioService$AudioServiceBroadcastReceiver.onReceive:4155
V/WiredAccessoryManager( 1944): init()
V/WiredAccessoryManager( 1944): newName=hdmi newState=16 headsetState=16 prev headsetState=0
V/WiredAccessoryManager( 1944): device hdmi connected
I/PackageManager( 1944): Running dexopt on: com.android.bluetooth
I/PowerManagerService( 1944): Boot animation finished.
W/ResourceType( 1944): CREATING STRING CACHE OF 100 bytes
D/dalvikvm( 2516): DexOpt: load 45ms, verify+opt 358ms, 912756 bytes
W/AudioPolicyManagerBase( 1344): checkOutputsForDevice(): No output available for device 0400
I/RecoverySystem( 1944): No recovery log file
I/BootReceiver( 1944): Copying audit failures to DropBox
I/BootReceiver( 1944): Checking for fsck errors
I/ActivityManager( 1944): Delay finish: com.android.mms/.transaction.SmsReceiver
I/ActivityManager( 1944): Resuming delayed broadcast
D/AdapterServiceConfig( 2502): Adding HeadsetService
D/AdapterServiceConfig( 2502): Adding A2dpService
D/AdapterServiceConfig( 2502): Adding HidService
D/AdapterServiceConfig( 2502): Adding HealthService
D/AdapterServiceConfig( 2502): Adding PanService
D/AdapterServiceConfig( 2502): Adding GattService
D/AdapterServiceConfig( 2502): Adding BluetoothMapService
I/ActivityManager( 1944): Start proc com.android.onetimeinitializer for broadcast com.android.onetimeinitializer/.OneTimeInitializerReceiver: pid=2552 uid=10006 gids={50006}
D/Mms:app ( 2202): cancelNotification
D/BluetoothAdapterService( 2502): REFCOUNT: CREATED. INSTANCE_COUNT1
D/BluetoothManagerService( 1944): Message: 20
D/BluetoothManagerService( 1944): Added callback: android.bluetooth.IBluetoothManagerCallback$Stub$Proxy@41f774b0:true
D/BluetoothAdapterState( 2502): make
I/PackageManager( 1944): Running dexopt on: com.android.onetimeinitializer
I/bluedroid( 2502): init
E/bt-btif ( 2502): btif_config_get(L189): assert failed: section && *section && key && *key && name && *name && bytes && type
I/BluetoothAdapterState( 2502): Entering OffState
I/bte_conf( 2502): Attempt to load stack conf from /etc/bluetooth/bt_stack.conf
I/bluedroid( 2502): get_profile_interface socket
I/GKI_LINUX( 2502): gki_task_entry: gki_task_entry task_id=1 [BTIF] starting
I/BluetoothAdapterProperties( 2502): adapterPropertyChangedCallback with type:2 len:6
D/BluetoothAdapterProperties( 2502): Address is:22:22:8C:17:92:DB
I/BluetoothAdapterProperties( 2502): adapterPropertyChangedCallback with type:1 len:10
D/dalvikvm( 1944): GC_CONCURRENT freed 553K, 49% free 5425K/10612K, paused 3ms+4ms, total 159ms
D/dalvikvm( 2565): DexOpt: load 7ms, verify+opt 4ms, 141100 bytes
D/BluetoothManagerService( 1944): BluetoothServiceConnection: com.android.bluetooth.btservice.AdapterService
D/BluetoothManagerService( 1944): Message: 40
D/BluetoothManagerService( 1944): MESSAGE_BLUETOOTH_SERVICE_CONNECTED: 1
D/BluetoothAdapterProperties( 2502): Name is: pandaboard
D/BluetoothManagerService( 1944): Bluetooth Adapter name changed to pandaboard
I/bluedroid( 2502): config_hci_snoop_log
D/BluetoothManagerService( 1944): Message: 200
D/BluetoothManagerService( 1944): MESSAGE_GET_NAME_AND_ADDRESS
D/BluetoothManagerService( 1944): Message: 201
D/BluetoothManagerService( 1944): MESSAGE_SAVE_NAME_AND_ADDRESS
D/BluetoothAdapterState( 2502): CURRENT_STATE=OFF, MESSAGE = USER_TURN_ON
D/BluetoothAdapterProperties( 2502): Setting state to 11
I/BluetoothAdapterState( 2502): Bluetooth adapter state changed: 10-> 11
D/BluetoothAdapterService( 2502): Broadcasting updateAdapterState() to 0 receivers.
D/BluetoothBondStateMachine( 2502): make
I/BluetoothBondStateMachine( 2502): StableState(): Entering Off State
D/BluetoothHeadset( 2181): Proxy object connected
D/BluetoothHeadset( 2181): Proxy object connected
D/BluetoothHeadset( 2181): Proxy object connected
D/HeadsetService( 2502): Received start request. Starting profile...
I/BluetoothHeadsetServiceJni( 2502): classInitNative: succeeds
D/HeadsetStateMachine( 2502): make
V/OneTimeInitializerRece( 2552): OneTimeInitializerReceiver.onReceive
I/BluetoothAdapterState( 2502): Entering PendingCommandState State: isTurningOn()=true, isTurningOff()=false
I/bluedroid( 2502): get_profile_interface handsfree
I/OneTimeInitializerServ( 2552): Updating to version 1.
I/ActivityManager( 1944): Delay finish: com.android.providers.media/.MediaScannerReceiver
D/A2dpService( 2502): Received start request. Starting profile...
I/BluetoothA2dpServiceJni( 2502): classInitNative: succeeds
D/A2dpStateMachine( 2502): make
I/bluedroid( 2502): get_profile_interface a2dp
I/GKI_LINUX( 2502): gki_task_entry: gki_task_entry task_id=2 [A2DP-MEDIA] starting
I/BluetoothAvrcpServiceJni( 2502): classInitNative: succeeds
V/Avrcp ( 2502): make
I/bluedroid( 2502): get_profile_interface avrcp
D/A2dpStateMachine( 2502): Enter Disconnected: -2
I/BluetoothHidServiceJni( 2502): classInitNative: succeeds
D/BluetoothInputDevice( 2193): Proxy object connected
D/HidProfile( 2193): Bluetooth service connected
D/BluetoothAdapter( 2193): 1104897656: getState() : mService = null. Returning STATE_OFF
D/HidService( 2502): Received start request. Starting profile...
I/bluedroid( 2502): get_profile_interface hidhost
I/BluetoothHealthServiceJni( 2502): classInitNative: succeeds
D/HealthService( 2502): Received start request. Starting profile...
I/bluedroid( 2502): get_profile_interface health
I/BluetoothPanServiceJni( 2502): classInitNative(L105): succeeds
D/BluetoothPan( 2193): BluetoothPAN Proxy object connected
D/PanProfile( 2193): Bluetooth service connected
D/PanService( 2502): Received start request. Starting profile...
D/BluetoothPanServiceJni( 2502): initializeNative(L110): pan
I/bluedroid( 2502): get_profile_interface pan
I/BtGatt.JNI( 2502): classInitNative(L685): classInitNative: Success!
D/BtGatt.DebugUtils( 2502): handleDebugAction() action=null
D/BtGatt.GattService( 2502): Received start request. Starting profile...
D/BtGatt.GattService( 2502): start()
I/bluedroid( 2502): get_profile_interface gatt
I/ActivityManager( 1944): Resuming delayed broadcast
D/BluetoothMap( 2193): Proxy object connected
D/MapProfile( 2193): Bluetooth service connected
D/BluetoothMap( 2193): getConnectedDevices()
D/BluetoothAdapter( 2193): 1104897656: getState() : mService = null. Returning STATE_OFF
D/BluetoothMap( 2193): Bluetooth is Not enabled
D/BluetoothManagerService( 1944): Stored Bluetooth name: pandaboard
D/BluetoothHeadset( 1944): Proxy object connected
D/BluetoothAdapter( 1944): 1105127128: getState() : mService = null. Returning STATE_OFF
D/BluetoothA2dp( 1944): Proxy object connected
D/BluetoothAdapter( 1944): 1105127128: getState() : mService = null. Returning STATE_OFF
D/BluetoothMapService( 2502): Received start request. Starting profile...
D/BluetoothMapService( 2502): start()
I/ActivityManager( 1944): Delay finish: com.android.providers.downloads/.DownloadReceiver
D/BluetoothAdapterService( 2502): Profile still not running:com.android.bluetooth.hdp.HealthService
D/BluetoothAdapterService( 2502): Profile still not running:com.android.bluetooth.hdp.HealthService
D/BluetoothAdapterService( 2502): Profile still not running:com.android.bluetooth.hdp.HealthService
D/BluetoothAdapterService( 2502): Profile still not running:com.android.bluetooth.map.BluetoothMapService
D/BluetoothAdapterService( 2502): Profile still not running:com.android.bluetooth.map.BluetoothMapService
D/HeadsetPhoneState( 2502): sendDeviceStateChanged. mService=0 mSignal=0 mRoam=0 mBatteryCharge=5
D/BluetoothAdapterService( 2502): Profile still not running:com.android.bluetooth.map.BluetoothMapService
