root@pandaboard:/ # logcat --------- beginning of /dev/log/main
I/installd( 1345): installd firing up
E/cutils ( 1345): Failed to read /data/.layout_version: No such file or directory
D/installd( 1345): Upgrading /data/media for multi-user
D/installd( 1345): Upgrading to shared /data/media/obb
I/DEBUG ( 1340): debuggerd: Dec 8 2013 01:39:51
I/Netd ( 1339): Netd 1.0 starting
W/InterfaceController( 1339): Warning (dlopen failed: library "/system/lib/libnetcmdiface.so" not found) while opening the net interface command library --------- beginning of /dev/log/system
I/Vold ( 1338): Vold 2.1 (the revenge) firing up
D/Vold ( 1338): Volume sdcard0 state changing -1 (Initializing) -> 0 (No-Media)
D/Vold ( 1338): Volume sdcard0 state changing 0 (No-Media) -> 2 (Pending)
I/SurfaceFlinger( 1341): SurfaceFlinger is starting
D/Vold ( 1338): Volume sdcard0 state changing 2 (Pending) -> 1 (Idle-Unmounted)
I/SurfaceFlinger( 1341): SurfaceFlinger's main thread ready to run. Initializing graphics H/W...
D/libEGL ( 1341): loaded /vendor/lib/egl/libEGL_POWERVR_SGX540_120.so
D/libEGL ( 1341): loaded /vendor/lib/egl/libGLESv1_CM_POWERVR_SGX540_120.so
D/libEGL ( 1341): loaded /vendor/lib/egl/libGLESv2_POWERVR_SGX540_120.so
E/ti_hwc ( 1341): x resolution or the height is not populated setting lcd_xpy to 1.0
I/ti_hwc ( 1341): clone region is set to (0,0) to (1280,720)
D/ti_hwc ( 1341): #0: 1920x1080 60Hz
D/ti_hwc ( 1341): #1: 640x480 60Hz
D/ti_hwc ( 1341): #2: 640x480 75Hz
D/ti_hwc ( 1341): #3: 800x600 60Hz
D/ti_hwc ( 1341): #4: 800x600 75Hz
D/ti_hwc ( 1341): #5: 1024x768 60Hz
D/ti_hwc ( 1341): #6: 1024x768 75Hz
D/ti_hwc ( 1341): #7: 1280x1024 75Hz
D/ti_hwc ( 1341): #8: 1152x864 75Hz
D/ti_hwc ( 1341): #9: 1280x1024 60Hz
D/ti_hwc ( 1341): #10: 1920x1080 60Hz
D/ti_hwc ( 1341): #11: 1280x720 60Hz
D/ti_hwc ( 1341): #12: 720x480 59Hz
D/ti_hwc ( 1341): #13: 720x480 59Hz
D/ti_hwc ( 1341): #14: 720x480 59Hz
D/ti_hwc ( 1341): #15: 640x480 59Hz
D/ti_hwc ( 1341): #16: 720x576 50Hz
D/ti_hwc ( 1341): #17: 720x576 50Hz
D/ti_hwc ( 1341): #18: 1280x720 50Hz
D/ti_hwc ( 1341): #20: 1920x1080 50Hz
D/ti_hwc ( 1341): picking #11
I/ip6tables( 1339): ip6tables terminated by exit(3)
E/Netd ( 1339): exec() res=0, status=768 for /system/bin/ip6tables -t filter -N bw_INPUT
I/ip6tables( 1339): ip6tables terminated by exit(3)
E/Netd ( 1339): exec() res=0, status=768 for /system/bin/ip6tables -t filter -A INPUT -j bw_INPUT
I/ti_hwc ( 1341): external display changed (state=1, mirror={enabled tform=0deg}, dock={enabled tform=0deg}, tv=1
I/ti_hwc ( 1341): omap4_hwc_device_open(rgb_order=1 nv12_only=0)
I/SurfaceFlinger( 1341): Using composer version 1.0
W/SurfaceFlinger( 1341): getting VSYNC period from fb HAL: 14159292
W/SurfaceFlinger( 1341): no suitable EGLConfig found, trying a simpler query
I/SurfaceFlinger( 1341): EGL informations:
I/SurfaceFlinger( 1341): vendor : Android
I/SurfaceFlinger( 1341): version : 1.4 Android META-EGL
I/SurfaceFlinger( 1341): extensions: EGL_KHR_get_all_proc_addresses EGL_ANDROID_presentation_time EGL_KHR_image EGL_KHR_image_base EGL_KHR_gl_texture_2D_image EGL_KHR_gl_texture_cubemap_image EGL_KHR_gl_renderbuffer_image EGL_KHR_fence_sync EGL_ANDROID_image_native_buffer EGL_ANDROID_recordable
I/SurfaceFlinger( 1341): Client API: OpenGL_ES
I/SurfaceFlinger( 1341): EGLSurface: 8-8-8-8, config=0x2
I/ip6tables( 1339): ip6tables terminated by exit(3)
E/Netd ( 1339): exec() res=0, status=768 for /system/bin/ip6tables -t filter -N fw_INPUT
I/SurfaceFlinger( 1341): OpenGL ES informations:
I/SurfaceFlinger( 1341): vendor : Imagination Technologies
I/SurfaceFlinger( 1341): renderer : PowerVR SGX 540
I/SurfaceFlinger( 1341): version : OpenGL ES-CM 1.1
I/SurfaceFlinger( 1341): extensions: GL_EXT_debug_marker GL_OES_byte_coordinates GL_OES_fixed_point GL_OES_single_precision GL_OES_matrix_get GL_OES_read_format GL_OES_compressed_paletted_texture GL_OES_point_sprite GL_OES_point_size_array GL_OES_matrix_palette GL_OES_draw_texture GL_OES_query_matrix GL_OES_texture_env_crossbar GL_OES_texture_mirrored_repeat GL_OES_texture_cube_map GL_OES_blend_subtract GL_OES_blend_func_separate GL_OES_blend_equation_separate GL_OES_stencil_wrap GL_OES_extended_matrix_palette GL_OES_framebuffer_object GL_OES_rgb8_rgba8 GL_OES_depth24 GL_OES_stencil8 GL_OES_compressed_ETC1_RGB8_texture GL_OES_mapbuffer GL_OES_EGL_image GL_OES_EGL_image_external GL_EXT_multi_draw_arrays GL_OES_required_internalformat GL_IMG_read_format GL_IMG_texture_compression_pvrtc GL_IMG_texture_format_BGRA8888 GL_EXT_texture_format_BGRA8888 GL_OES_egl_sync GL_IMG_vertex_array_object
I/SurfaceFlinger( 1341): GL_MAX_TEXTURE_SIZE = 2048
I/SurfaceFlinger( 1341): GL_MAX_VIEWPORT_DIMS = 2048
I/ip6tables( 1339): ip6tables terminated by exit(3)
E/Netd ( 1339): exec() res=0, status=768 for /system/bin/ip6tables -t filter -A INPUT -j fw_INPUT
D/SurfaceFlinger( 1341): Screen acquired, type=0 flinger=0x40e2d450
I/ip6tables( 1339): ip6tables terminated by exit(3)
E/Netd ( 1339): exec() res=0, status=768 for /system/bin/ip6tables -t filter -N oem_fwd
I/ip6tables( 1339): ip6tables terminated by exit(3)
E/Netd ( 1339): exec() res=0, status=768 for /system/bin/ip6tables -t filter -A FORWARD -j oem_fwd
I/ip6tables( 1339): ip6tables terminated by exit(3)
E/Netd ( 1339): exec() res=0, status=768 for /system/bin/ip6tables -t filter -N fw_FORWARD
I/ip6tables( 1339): ip6tables terminated by exit(3)
E/Netd ( 1339): exec() res=0, status=768 for /system/bin/ip6tables -t filter -A FORWARD -j fw_FORWARD
I/ip6tables( 1339): ip6tables terminated by exit(3)
E/Netd ( 1339): exec() res=0, status=768 for /system/bin/ip6tables -t filter -N bw_FORWARD
I/ip6tables( 1339): ip6tables terminated by exit(3)
E/Netd ( 1339): exec() res=0, status=768 for /system/bin/ip6tables -t filter -A FORWARD -j bw_FORWARD
I/mediaserver( 1344): ServiceManager: 0x40c5a178
I/AudioFlinger( 1344): Using default 3000 mSec as standby time.
I/CameraService( 1344): CameraService started (pid=1344)
I/ip6tables( 1339): ip6tables terminated by exit(3)
E/Netd ( 1339): exec() res=0, status=768 for /system/bin/ip6tables -t filter -N natctrl_FORWARD
D/libEGL ( 1435): loaded /vendor/lib/egl/libEGL_POWERVR_SGX540_120.so
D/libEGL ( 1435): loaded /vendor/lib/egl/libGLESv1_CM_POWERVR_SGX540_120.so
I/ip6tables( 1339): ip6tables terminated by exit(3)
E/Netd ( 1339): exec() res=0, status=768 for /system/bin/ip6tables -t filter -A FORWARD -j natctrl_FORWARD
D/libEGL ( 1435): loaded /vendor/lib/egl/libGLESv2_POWERVR_SGX540_120.so
I/CameraService( 1344): Loaded "TI OMAP CameraHal Module" camera module
E/AudioPolicyManagerBase( 1344): could not load audio policy configuration file, setting defaults
V/tiny_hw ( 1344): Reading configuration from /system/etc/sound/pandaboard.xml
V/tiny_hw ( 1344): Parsing control DL1 Mixer Multimedia => 1
V/tiny_hw ( 1344): Parsing control Sidetone Mixer Playback => 1
V/tiny_hw ( 1344): Parsing control DL1 PDM Switch => 1
V/tiny_hw ( 1344): Parsing control DL1 Media Playback Volume => 120,120
V/tiny_hw ( 1344): Parsing control SDT DL Volume => 120
V/tiny_hw ( 1344): Parsing control MUX_UL00 => 11
V/tiny_hw ( 1344): Parsing control Headset Left Playback => 1
V/tiny_hw ( 1344): Parsing control Headset Right Playback => 1
V/tiny_hw ( 1344): Parsing control Analog Left Capture Route => 0
V/tiny_hw ( 1344): Parsing control Capture Preamplifier Volume => 2
V/tiny_hw ( 1344): Applying 10 element default route
V/tiny_hw ( 1344): Set 'DL1 Mixer Multimedia'.0 to 1
V/tiny_hw ( 1344): Set 'Sidetone Mixer Playback'.0 to 1
V/tiny_hw ( 1344): Set 'DL1 PDM Switch'.0 to 1
I/ip6tables( 1339): ip6tables terminated by exit(3)
E/Netd ( 1339): exec() res=0, status=768 for /system/bin/ip6tables -t filter -N oem_out
V/tiny_hw ( 1344): Set 'DL1 Media Playback Volume'.0 to 120
V/tiny_hw ( 1344): Set 'SDT DL Volume'.0 to 120
V/tiny_hw ( 1344): Set 'MUX_UL00'.0 to 11
V/tiny_hw ( 1344): Set 'Headset Left Playback'.0 to 1
V/tiny_hw ( 1344): Set 'Headset Right Playback'.0 to 1
V/tiny_hw ( 1344): Set 'Analog Left Capture Route'.0 to 0
V/tiny_hw ( 1344): Set 'Capture Preamplifier Volume'.0 to 2
V/tiny_hw ( 1344): Set 'Capture Preamplifier Volume'.1 to 2
I/tiny_hw ( 1344): Allocating device speaker
V/tiny_hw ( 1344): Parsing control SPK Switch => 1
V/tiny_hw ( 1344): 1 element on sequence
V/tiny_hw ( 1344): Parsing control SPK Switch => 0
V/tiny_hw ( 1344): 1 element off sequence
E/tiny_hw ( 1344): Unknown control 'SPK Switch'
I/tiny_hw ( 1344): Allocating device headphone
V/tiny_hw ( 1344): Parsing control HP Switch => 1
V/tiny_hw ( 1344): 1 element on sequence
V/tiny_hw ( 1344): Parsing control HP Switch => 0
V/tiny_hw ( 1344): 1 element off sequence
E/tiny_hw ( 1344): Unknown control 'HP Switch'
I/tiny_hw ( 1344): Allocating device earpiece
V/tiny_hw ( 1344): Parsing control EP Switch => 1
V/tiny_hw ( 1344): 1 element on sequence
V/tiny_hw ( 1344): Parsing control EP Switch => 0
V/tiny_hw ( 1344): 1 element off sequence
E/tiny_hw ( 1344): Unknown control 'EP Switch'
I/tiny_hw ( 1344): Allocating device builtin-mic
V/tiny_hw ( 1344): Parsing control MIXINL IN1L Switch => 1
V/tiny_hw ( 1344): 1 element on sequence
V/tiny_hw ( 1344): Parsing control MIXINL IN1L Switch => 0
V/tiny_hw ( 1344): 1 element off sequence
E/tiny_hw ( 1344): Unknown control 'MIXINL IN1L Switch'
I/tiny_hw ( 1344): Allocating device headset
V/tiny_hw ( 1344): Parsing control MIXINR IN1R Switch => 1
V/tiny_hw ( 1344): 1 element on sequence
V/tiny_hw ( 1344): Parsing control MIXINR IN1R Switch => 0
V/tiny_hw ( 1344): 1 element off sequence
E/tiny_hw ( 1344): Unknown control 'MIXINR IN1R Switch'
V/tiny_hw ( 1344): Changing devices 0 => 80000006
E/tiny_hw ( 1344): Unknown control 'SPK Switch'
E/tiny_hw ( 1344): Unknown control 'HP Switch'
E/tiny_hw ( 1344): Unknown control 'MIXINL IN1L Switch'
E/tiny_hw ( 1344): Unknown control 'MIXINR IN1R Switch'
I/AudioFlinger( 1344): loadHwModule() Loaded primary audio interface from TinyHAL (audio) handle 1
V/tiny_hw ( 1344): Changing devices 80000006 => 80000002
E/tiny_hw ( 1344): Unknown control 'HP Switch'
V/tiny_hw ( 1344): Opened output stream 0x4008d468
I/AudioFlinger( 1344): HAL output buffer size 1024 frames, normal mix buffer size 1024 frames
I/ip6tables( 1339): ip6tables terminated by exit(3)
E/Netd ( 1339): exec() res=0, status=768 for /system/bin/ip6tables -t filter -A OUTPUT -j oem_out
I/ip6tables( 1339): ip6tables terminated by exit(3)
E/Netd ( 1339): exec() res=0, status=768 for /system/bin/ip6tables -t filter -N fw_OUTPUT
I/AudioMixer( 1344): found effect "Multichannel Downmix To Stereo" from The Android Open Source Project
I/AudioFlinger( 1344): Using module 1 has the primary audio interface
I/AudioFlinger( 1344): AudioFlinger's thread 0x40d7a008 ready to run
W/AudioFlinger( 1344): Thread AudioOut_2 cannot connect to the power manager service
W/AudioFlinger( 1344): Thread AudioOut_2 cannot connect to the power manager service
I/AudioPolicyService( 1344): Loaded audio policy from LEGACY Audio Policy HAL (audio_policy)
I/ip6tables( 1339): ip6tables terminated by exit(3)
E/Netd ( 1339): exec() res=0, status=768 for /system/bin/ip6tables -t filter -A OUTPUT -j fw_OUTPUT
I/ip6tables( 1339): ip6tables terminated by exit(3)
E/Netd ( 1339): exec() res=0, status=768 for /system/bin/ip6tables -t filter -N bw_OUTPUT
I/ip6tables( 1339): ip6tables terminated by exit(3)
E/Netd ( 1339): exec() res=0, status=768 for /system/bin/ip6tables -t filter -A OUTPUT -j bw_OUTPUT
I/ip6tables( 1339): ip6tables terminated by exit(3)
E/Netd ( 1339): exec() res=0, status=768 for /system/bin/ip6tables -t filter -N st_filter_OUTPUT
I/ip6tables( 1339): ip6tables terminated by exit(3)
E/Netd ( 1339): exec() res=0, status=768 for /system/bin/ip6tables -t filter -A OUTPUT -j st_filter_OUTPUT
I/iptables( 1339): iptables v1.4.11.1: can't initialize iptables table `raw': Table does not exist (do you need to insmod?)
I/iptables( 1339): Perhaps iptables or your kernel needs to be upgraded.
I/iptables( 1339): iptables terminated by exit(3)
E/Netd ( 1339): exec() res=0, status=768 for /system/bin/iptables -t raw -N bw_raw_PREROUTING
I/ip6tables( 1339): ip6tables terminated by exit(3)
E/Netd ( 1339): exec() res=0, status=768 for /system/bin/ip6tables -t raw -N bw_raw_PREROUTING
I/iptables( 1339): iptables v1.4.11.1: can't initialize iptables table `raw': Table does not exist (do you need to insmod?)
I/iptables( 1339): Perhaps iptables or your kernel needs to be upgraded.
I/iptables( 1339): iptables terminated by exit(3)
E/Netd ( 1339): exec() res=0, status=768 for /system/bin/iptables -t raw -A PREROUTING -j bw_raw_PREROUTING
I/ip6tables( 1339): ip6tables terminated by exit(3)
E/Netd ( 1339): exec() res=0, status=768 for /system/bin/ip6tables -t raw -A PREROUTING -j bw_raw_PREROUTING
I/iptables( 1339): iptables v1.4.11.1: can't initialize iptables table `raw': Table does not exist (do you need to insmod?)
I/iptables( 1339): Perhaps iptables or your kernel needs to be upgraded.
I/iptables( 1339): iptables terminated by exit(3)
E/Netd ( 1339): exec() res=0, status=768 for /system/bin/iptables -t raw -N idletimer_raw_PREROUTING
I/ip6tables( 1339): ip6tables terminated by exit(3)
E/Netd ( 1339): exec() res=0, status=768 for /system/bin/ip6tables -t raw -N idletimer_raw_PREROUTING
I/iptables( 1339): iptables v1.4.11.1: can't initialize iptables table `raw': Table does not exist (do you need to insmod?)
I/iptables( 1339): Perhaps iptables or your kernel needs to be upgraded.
I/iptables( 1339): iptables terminated by exit(3)
E/Netd ( 1339): exec() res=0, status=768 for /system/bin/iptables -t raw -A PREROUTING -j idletimer_raw_PREROUTING
I/ip6tables( 1339): ip6tables terminated by exit(3)
E/Netd ( 1339): exec() res=0, status=768 for /system/bin/ip6tables -t raw -A PREROUTING -j idletimer_raw_PREROUTING
I/iptables( 1339): iptables v1.4.11.1: can't initialize iptables table `mangle': Table does not exist (do you need to insmod?)
I/iptables( 1339): Perhaps iptables or your kernel needs to be upgraded.
I/iptables( 1339): iptables terminated by exit(3)
E/Netd ( 1339): exec() res=0, status=768 for /system/bin/iptables -t mangle -N bw_mangle_POSTROUTING
I/ip6tables( 1339): ip6tables terminated by exit(3)
E/Netd ( 1339): exec() res=0, status=768 for /system/bin/ip6tables -t mangle -N bw_mangle_POSTROUTING
I/iptables( 1339): iptables v1.4.11.1: can't initialize iptables table `mangle': Table does not exist (do you need to insmod?)
I/iptables( 1339): Perhaps iptables or your kernel needs to be upgraded.
I/iptables( 1339): iptables terminated by exit(3)
E/Netd ( 1339): exec() res=0, status=768 for /system/bin/iptables -t mangle -A POSTROUTING -j bw_mangle_POSTROUTING
I/ip6tables( 1339): ip6tables terminated by exit(3)
E/Netd ( 1339): exec() res=0, status=768 for /system/bin/ip6tables -t mangle -A POSTROUTING -j bw_mangle_POSTROUTING
I/iptables( 1339): iptables v1.4.11.1: can't initialize iptables table `mangle': Table does not exist (do you need to insmod?)
I/iptables( 1339): Perhaps iptables or your kernel needs to be upgraded.
I/iptables( 1339): iptables terminated by exit(3)
E/Netd ( 1339): exec() res=0, status=768 for /system/bin/iptables -t mangle -N idletimer_mangle_POSTROUTING
I/ip6tables( 1339): ip6tables terminated by exit(3)
E/Netd ( 1339): exec() res=0, status=768 for /system/bin/ip6tables -t mangle -N idletimer_mangle_POSTROUTING
I/iptables( 1339): iptables v1.4.11.1: can't initialize iptables table `mangle': Table does not exist (do you need to insmod?)
I/iptables( 1339): Perhaps iptables or your kernel needs to be upgraded.
I/iptables( 1339): iptables terminated by exit(3)
E/Netd ( 1339): exec() res=0, status=768 for /system/bin/iptables -t mangle -A POSTROUTING -j idletimer_mangle_POSTROUTING
D/AndroidRuntime( 1342):
D/AndroidRuntime( 1342): >>>>>> AndroidRuntime START com.android.internal.os.ZygoteInit <<<<<<
I/ip6tables( 1339): ip6tables terminated by exit(3)
E/Netd ( 1339): exec() res=0, status=768 for /system/bin/ip6tables -t mangle -A POSTROUTING -j idletimer_mangle_POSTROUTING
D/AndroidRuntime( 1342): CheckJNI is ON
I/iptables( 1339): iptables v1.4.11.1: can't initialize iptables table `mangle': Table does not exist (do you need to insmod?)
I/iptables( 1339): Perhaps iptables or your kernel needs to be upgraded.
I/iptables( 1339): iptables terminated by exit(3)
E/Netd ( 1339): exec() res=0, status=768 for /system/bin/iptables -t mangle -N st_mangle_EXEMPT
I/ip6tables( 1339): ip6tables terminated by exit(3)
E/Netd ( 1339): exec() res=0, status=768 for /system/bin/ip6tables -t mangle -N st_mangle_EXEMPT
I/iptables( 1339): iptables v1.4.11.1: can't initialize iptables table `mangle': Table does not exist (do you need to insmod?)
I/iptables( 1339): Perhaps iptables or your kernel needs to be upgraded.
I/iptables( 1339): iptables terminated by exit(3)
E/Netd ( 1339): exec() res=0, status=768 for /system/bin/iptables -t mangle -A OUTPUT -j st_mangle_EXEMPT
I/ip6tables( 1339): ip6tables terminated by exit(3)
E/Netd ( 1339): exec() res=0, status=768 for /system/bin/ip6tables -t mangle -A OUTPUT -j st_mangle_EXEMPT
I/iptables( 1339): iptables v1.4.11.1: can't initialize iptables table `mangle': Table does not exist (do you need to insmod?)
I/iptables( 1339): Perhaps iptables or your kernel needs to be upgraded.
I/iptables( 1339): iptables terminated by exit(3)
E/Netd ( 1339): exec() res=0, status=768 for /system/bin/iptables -t mangle -N st_mangle_OUTPUT
I/ip6tables( 1339): ip6tables terminated by exit(3)
E/Netd ( 1339): exec() res=0, status=768 for /system/bin/ip6tables -t mangle -N st_mangle_OUTPUT
I/iptables( 1339): iptables v1.4.11.1: can't initialize iptables table `mangle': Table does not exist (do you need to insmod?)
I/iptables( 1339): Perhaps iptables or your kernel needs to be upgraded.
I/iptables( 1339): iptables terminated by exit(3)
E/Netd ( 1339): exec() res=0, status=768 for /system/bin/iptables -t mangle -A OUTPUT -j st_mangle_OUTPUT
I/ip6tables( 1339): ip6tables terminated by exit(3)
E/Netd ( 1339): exec() res=0, status=768 for /system/bin/ip6tables -t mangle -A OUTPUT -j st_mangle_OUTPUT
D/dalvikvm( 1342): DexOpt: --- BEGIN 'core.jar' (bootstrap=1) ---
V/NatController( 1339): runCmd(/system/bin/iptables -F natctrl_FORWARD) res=0
V/NatController( 1339): runCmd(/system/bin/iptables -A natctrl_FORWARD -j DROP) res=0
D/dalvikvm( 1780): Ignoring duplicate verify attempt on Ljava/lang/Object;
V/NatController( 1339): runCmd(/system/bin/iptables -t nat -F natctrl_nat_POSTROUTING) res=0
V/NatController( 1339): runCmd(/system/bin/ip rule flush) res=0
V/NatController( 1339): runCmd(/system/bin/ip -6 rule flush) res=0
V/NatController( 1339): runCmd(/system/bin/ip rule add from all lookup default prio 32767) res=254
V/NatController( 1339): runCmd(/system/bin/ip rule add from all lookup main prio 32766) res=254
V/NatController( 1339): runCmd(/system/bin/ip -6 rule add from all lookup default prio 32767) res=0
D/dalvikvm( 1780): Ignoring duplicate verify attempt on Ljava/lang/Class;
D/dalvikvm( 1780): Ignoring duplicate verify attempt on Ljava/lang/ref/Reference;
D/dalvikvm( 1780): Ignoring duplicate verify attempt on Ljava/lang/ref/ReferenceQueue;
V/NatController( 1339): runCmd(/system/bin/ip -6 rule add from all lookup main prio 32766) res=0
V/NatController( 1339): runCmd(/system/bin/ip route flush cache) res=0
D/dalvikvm( 1780): Ignoring duplicate verify attempt on Ljava/lang/ref/FinalizerReference;
V/NatController( 1339): runCmd(/system/bin/iptables -F natctrl_tether_counters) res=1
V/NatController( 1339): runCmd(/system/bin/iptables -X natctrl_tether_counters) res=1
V/NatController( 1339): runCmd(/system/bin/iptables -N natctrl_tether_counters) res=0
I/ip6tables( 1339): ip6tables terminated by exit(3)
E/BandwidthController( 1339): runIptablesCmd(): res=1 status=768 failed /system/bin/ip6tables -N bw_happy_box
I/iptables( 1339): iptables: Invalid argument. Run `dmesg' for more information.
I/iptables( 1339): iptables terminated by exit(1)
E/BandwidthController( 1339): runIptablesCmd(): res=1 status=256 failed /system/bin/iptables -A bw_INPUT -m owner --socket-exists
I/ip6tables( 1339): ip6tables terminated by exit(2)
E/BandwidthController( 1339): runIptablesCmd(): res=1 status=512 failed /system/bin/ip6tables -A bw_INPUT -m owner --socket-exists
I/iptables( 1339): iptables v1.4.11.1: can't initialize iptables table `mangle': Table does not exist (do you need to insmod?)
I/iptables( 1339): Perhaps iptables or your kernel needs to be upgraded.
I/iptables( 1339): iptables terminated by exit(3)
E/Netd ( 1339): exec() res=0, status=768 for /system/bin/iptables -t mangle -F st_mangle_OUTPUT
I/ip6tables( 1339): ip6tables terminated by exit(3)
E/Netd ( 1339): exec() res=0, status=768 for /system/bin/ip6tables -t mangle -F st_mangle_OUTPUT
I/iptables( 1339): iptables v1.4.11.1: can't initialize iptables table `mangle': Table does not exist (do you need to insmod?)
I/iptables( 1339): Perhaps iptables or your kernel needs to be upgraded.
I/iptables( 1339): iptables terminated by exit(3)
E/Netd ( 1339): exec() res=0, status=768 for /system/bin/iptables -t mangle -F st_mangle_EXEMPT
I/ip6tables( 1339): ip6tables terminated by exit(3)
E/Netd ( 1339): exec() res=0, status=768 for /system/bin/ip6tables -t mangle -F st_mangle_EXEMPT
I/iptables( 1339): iptables v1.4.11.1: can't initialize iptables table `mangle': Table does not exist (do you need to insmod?)
I/iptables( 1339): Perhaps iptables or your kernel needs to be upgraded.
I/iptables( 1339): iptables terminated by exit(3)
E/Netd ( 1339): exec() res=0, status=768 for /system/bin/iptables -t mangle -A st_mangle_OUTPUT -m mark --mark 1 -j RETURN
I/ip6tables( 1339): ip6tables terminated by exit(3)
E/Netd ( 1339): exec() res=0, status=768 for /system/bin/ip6tables -t mangle -A st_mangle_OUTPUT -m mark --mark 1 -j RETURN
I/iptables( 1339): iptables v1.4.11.1: can't initialize iptables table `mangle': Table does not exist (do you need to insmod?)
I/iptables( 1339): Perhaps iptables or your kernel needs to be upgraded.
I/iptables( 1339): iptables terminated by exit(3)
E/Netd ( 1339): exec() res=0, status=768 for /system/bin/iptables -t mangle -A st_mangle_OUTPUT -m owner --uid-owner vpn -j RETURN
I/ip6tables( 1339): ip6tables terminated by exit(3)
E/Netd ( 1339): exec() res=0, status=768 for /system/bin/ip6tables -t mangle -A st_mangle_OUTPUT -m owner --uid-owner vpn -j RETURN
E/Netd ( 1339): Unable to create netlink socket: Protocol not supported
E/Netd ( 1339): Unable to open quota2 logging socket
D/MDnsDS ( 1339): MDnsSdListener::Hander starting up
D/MDnsDS ( 1339): MDnsSdListener starting to monitor
D/MDnsDS ( 1339): Going to poll with pollCount 1
D/dalvikvm( 1780): DexOpt: load 54ms, verify+opt 721ms, 1509756 bytes
D/dalvikvm( 1342): DexOpt: --- END 'core.jar' (success) ---
D/dalvikvm( 1342): DEX prep '/system/framework/core.jar': unzip in 99ms, rewrite 1435ms
D/dalvikvm( 1342): DexOpt: --- BEGIN 'conscrypt.jar' (bootstrap=1) ---
D/dalvikvm( 1926): DexOpt: load 31ms, verify+opt 319ms, 420372 bytes
D/dalvikvm( 1342): DexOpt: --- END 'conscrypt.jar' (success) ---
D/dalvikvm( 1342): DEX prep '/system/framework/conscrypt.jar': unzip in 34ms, rewrite 677ms
D/dalvikvm( 1342): DexOpt: --- BEGIN 'okhttp.jar' (bootstrap=1) ---
D/dalvikvm( 1928): DexOpt: load 20ms, verify+opt 175ms, 344028 bytes
D/dalvikvm( 1342): DexOpt: --- END 'okhttp.jar' (success) ---
D/dalvikvm( 1342): DEX prep '/system/framework/okhttp.jar': unzip in 19ms, rewrite 355ms
D/dalvikvm( 1342): DexOpt: --- BEGIN 'core-junit.jar' (bootstrap=1) ---
D/dalvikvm( 1929): DexOpt: load 10ms, verify+opt 23ms, 143956 bytes
D/dalvikvm( 1342): DexOpt: --- END 'core-junit.jar' (success) ---
D/dalvikvm( 1342): DEX prep '/system/framework/core-junit.jar': unzip in 2ms, rewrite 150ms
D/dalvikvm( 1342): DexOpt: --- BEGIN 'bouncycastle.jar' (bootstrap=1) ---
D/dalvikvm( 1930): DexOpt: load 67ms, verify+opt 376ms, 694804 bytes
D/dalvikvm( 1342): DexOpt: --- END 'bouncycastle.jar' (success) ---
D/dalvikvm( 1342): DEX prep '/system/framework/bouncycastle.jar': unzip in 100ms, rewrite 731ms
D/dalvikvm( 1342): DexOpt: --- BEGIN 'ext.jar' (bootstrap=1) ---
D/dalvikvm( 1931): DexOpt: load 29ms, verify+opt 390ms, 943100 bytes
D/dalvikvm( 1342): DexOpt: --- END 'ext.jar' (success) ---
D/dalvikvm( 1342): DEX prep '/system/framework/ext.jar': unzip in 74ms, rewrite 908ms
D/dalvikvm( 1342): DexOpt: --- BEGIN 'framework.jar' (bootstrap=1) ---
D/dalvikvm( 1932): Note: class Landroid/app/ActivityManagerNative; has 179 unimplemented (abstract) methods
D/dalvikvm( 1932): DexOpt: load 277ms, verify+opt 3309ms, 4795260 bytes
D/dalvikvm( 1342): DexOpt: --- END 'framework.jar' (success) ---
D/dalvikvm( 1342): DEX prep '/system/framework/framework.jar': unzip in 613ms, rewrite 5105ms
D/dalvikvm( 1342): DexOpt: --- BEGIN 'framework2.jar' (bootstrap=1) ---
D/dalvikvm( 1933): Note: class Landroid/app/ActivityManagerNative; has 179 unimplemented (abstract) methods
D/dalvikvm( 1933): DexOpt: load 186ms, verify+opt 395ms, 1846380 bytes
D/dalvikvm( 1342): DexOpt: --- END 'framework2.jar' (success) ---
D/dalvikvm( 1342): DEX prep '/system/framework/framework2.jar': unzip in 138ms, rewrite 987ms
D/dalvikvm( 1342): DexOpt: --- BEGIN 'telephony-common.jar' (bootstrap=1) ---
D/dalvikvm( 1934): Note: class Landroid/app/ActivityManagerNative; has 179 unimplemented (abstract) methods
D/dalvikvm( 1934): DexOpt: load 42ms, verify+opt 418ms, 1070692 bytes
D/dalvikvm( 1342): DexOpt: --- END 'telephony-common.jar' (success) ---
D/dalvikvm( 1342): DEX prep '/system/framework/telephony-common.jar': unzip in 57ms, rewrite 903ms
D/dalvikvm( 1342): DexOpt: --- BEGIN 'voip-common.jar' (bootstrap=1) ---
D/dalvikvm( 1935): DexOpt: load 19ms, verify+opt 158ms, 347364 bytes
D/dalvikvm( 1342): DexOpt: --- END 'voip-common.jar' (success) ---
D/dalvikvm( 1342): DEX prep '/system/framework/voip-common.jar': unzip in 13ms, rewrite 593ms
D/dalvikvm( 1342): DexOpt: --- BEGIN 'mms-common.jar' (bootstrap=1) ---
D/dalvikvm( 1936): DexOpt: load 12ms, verify+opt 151ms, 223668 bytes
D/dalvikvm( 1342): DexOpt: --- END 'mms-common.jar' (success) ---
D/dalvikvm( 1342): DEX prep '/system/framework/mms-common.jar': unzip in 10ms, rewrite 309ms
D/dalvikvm( 1342): DexOpt: --- BEGIN 'android.policy.jar' (bootstrap=1) ---
D/dalvikvm( 1937): Note: class Landroid/app/ActivityManagerNative; has 179 unimplemented (abstract) methods
D/dalvikvm( 1937): DexOpt: load 72ms, verify+opt 357ms, 844636 bytes
D/dalvikvm( 1342): DexOpt: --- END 'android.policy.jar' (success) ---
D/dalvikvm( 1342): DEX prep '/system/framework/android.policy.jar': unzip in 26ms, rewrite 579ms
D/dalvikvm( 1342): DexOpt: --- BEGIN 'services.jar' (bootstrap=1) ---
D/dalvikvm( 1938): Note: class Landroid/app/ActivityManagerNative; has 179 unimplemented (abstract) methods
D/dalvikvm( 1938): DexOpt: load 65ms, verify+opt 1216ms, 2543684 bytes
D/dalvikvm( 1342): DexOpt: --- END 'services.jar' (success) ---
D/dalvikvm( 1342): DEX prep '/system/framework/services.jar': unzip in 104ms, rewrite 1651ms
D/dalvikvm( 1342): DexOpt: --- BEGIN 'apache-xml.jar' (bootstrap=1) ---
D/dalvikvm( 1939): DexOpt: load 57ms, verify+opt 332ms, 837444 bytes
D/dalvikvm( 1342): DexOpt: --- END 'apache-xml.jar' (success) ---
D/dalvikvm( 1342): DEX prep '/system/framework/apache-xml.jar': unzip in 65ms, rewrite 909ms
D/dalvikvm( 1342): DexOpt: --- BEGIN 'webviewchromium.jar' (bootstrap=1) ---
D/dalvikvm( 1940): DexOpt: load 129ms, verify+opt 309ms, 1302164 bytes
D/dalvikvm( 1342): DexOpt: --- END 'webviewchromium.jar' (success) ---
D/dalvikvm( 1342): DEX prep '/system/framework/webviewchromium.jar': unzip in 65ms, rewrite 693ms
D/dalvikvm( 1342): Trying to load lib libjavacore.so 0x0
D/dalvikvm( 1342): Added shared lib libjavacore.so 0x0
D/dalvikvm( 1342): Trying to load lib libnativehelper.so 0x0
D/dalvikvm( 1342): Added shared lib libnativehelper.so 0x0
D/dalvikvm( 1342): No JNI_OnLoad found in libnativehelper.so 0x0, skipping init
D/dalvikvm( 1342): Note: class Landroid/app/ActivityManagerNative; has 179 unimplemented (abstract) methods
E/memtrack( 1342): Couldn't load memtrack module (No such file or directory)
E/android.os.Debug( 1342): failed to load memtrack module: -2
I/SamplingProfilerIntegration( 1342): Profiling disabled.
I/Zygote ( 1342): Preloading classes...
D/dalvikvm( 1342): GC_EXPLICIT freed 39K, 8% free 520K/564K, paused 1ms+0ms, total 4ms
D/dalvikvm( 1342): GC_EXPLICIT freed 2K, 4% free 594K/616K, paused 0ms+1ms, total 3ms
D/dalvikvm( 1342): GC_EXPLICIT freed 16K, 3% free 637K/656K, paused 1ms+1ms, total 4ms
D/dalvikvm( 1342): GC_EXPLICIT freed 20K, 4% free 671K/696K, paused 1ms+1ms, total 4ms
D/dalvikvm( 1342): GC_EXPLICIT freed 10K, 2% free 715K/728K, paused 0ms+1ms, total 4ms
D/dalvikvm( 1342): GC_EXPLICIT freed 27K, 4% free 743K/772K, paused 0ms+0ms, total 4ms
D/dalvikvm( 1342): GC_EXPLICIT freed 35K, 5% free 812K/852K, paused 1ms+1ms, total 6ms
D/dalvikvm( 1342): GC_EXPLICIT freed 29K, 4% free 839K/872K, paused 1ms+1ms, total 10ms
D/TextLayoutCache( 1342): Using debug level = 0 - Debug Enabled = 0
D/dalvikvm( 1342): GC_EXPLICIT freed 19K, 3% free 880K/904K, paused 0ms+0ms, total 5ms
I/dalvikvm( 1342): threadid=1: recursive native library load attempt (/system/lib/libmedia_jni.so)
D/MtpDeviceJNI( 1342): register_android_mtp_MtpDevice
I/dalvikvm( 1342): threadid=1: recursive native library load attempt (/system/lib/libmedia_jni.so)
I/dalvikvm( 1342): threadid=1: recursive native library load attempt (/system/lib/libmedia_jni.so)
I/dalvikvm( 1342): threadid=1: recursive native library load attempt (/system/lib/libmedia_jni.so)
D/dalvikvm( 1342): GC_EXPLICIT freed 19K, 3% free 916K/936K, paused 0ms+1ms, total 5ms
D/dalvikvm( 1342): GC_EXPLICIT freed 21K, 3% free 951K/976K, paused 0ms+1ms, total 5ms
D/dalvikvm( 1342): GC_EXPLICIT freed 14K, 2% free 990K/1008K, paused 0ms+0ms, total 5ms
D/dalvikvm( 1342): GC_EXPLICIT freed 28K, 4% free 1016K/1048K, paused 0ms+0ms, total 5ms
D/dalvikvm( 1342): GC_EXPLICIT freed 16K, 2% free 1070K/1088K, paused 1ms+1ms, total 6ms
E/EmojiFactory_jni( 1342): Failed to load libemoji.so: dlopen failed: library "libemoji.so" not found
D/dalvikvm( 1342): GC_EXPLICIT freed 30K, 3% free 1385K/1420K, paused 1ms+0ms, total 9ms
D/dalvikvm( 1342): GC_EXPLICIT freed 35K, 3% free 1409K/1448K, paused 0ms+0ms, total 8ms
D/dalvikvm( 1342): GC_EXPLICIT freed 30K, 3% free 1434K/1468K, paused 0ms+1ms, total 8ms
D/dalvikvm( 1342): GC_EXPLICIT freed 37K, 3% free 1451K/1492K, paused 1ms+1ms, total 9ms
I/LibraryLoader( 1342): loading: webviewchromium
I/LibraryLoader( 1342): loaded: webviewchromium
D/dalvikvm( 1342): GC_EXPLICIT freed 16K, 2% free 1493K/1512K, paused 1ms+1ms, total 12ms
D/dalvikvm( 1342): GC_EXPLICIT freed 24K, 2% free 1522K/1552K, paused 1ms+1ms, total 13ms
D/dalvikvm( 1342): GC_EXPLICIT freed 81K, 6% free 1570K/1656K, paused 2ms+1ms, total 14ms
D/dalvikvm( 1342): GC_EXPLICIT freed 36K, 5% free 1588K/1656K, paused 1ms+2ms, total 14ms
D/dalvikvm( 1342): GC_EXPLICIT freed 31K, 3% free 1614K/1656K, paused 1ms+1ms, total 14ms
D/dalvikvm( 1342): GC_EXPLICIT freed 19K, 2% free 1676K/1700K, paused 1ms+1ms, total 14ms
D/dalvikvm( 1342): GC_EXPLICIT freed 23K, 2% free 1708K/1736K, paused 1ms+1ms, total 15ms
D/dalvikvm( 1342): GC_EXPLICIT freed 29K, 2% free 1734K/1768K, paused 1ms+1ms, total 11ms
D/dalvikvm( 1342): GC_FOR_ALLOC freed 251K, 12% free 1995K/2248K, paused 13ms, total 13ms
D/dalvikvm( 1342): GC_EXPLICIT freed 209K, 10% free 2115K/2332K, paused 1ms+1ms, total 15ms
D/dalvikvm( 1342): GC_EXPLICIT freed 35K, 9% free 2134K/2332K, paused 0ms+1ms, total 14ms
D/dalvikvm( 1342): GC_EXPLICIT freed 25K, 8% free 2167K/2340K, paused 1ms+1ms, total 14ms
D/dalvikvm( 1342): GC_EXPLICIT freed 36K, 7% free 2187K/2340K, paused 1ms+1ms, total 14ms
D/dalvikvm( 1342): GC_EXPLICIT freed 39K, 6% free 2204K/2340K, paused 1ms+2ms, total 15ms
D/dalvikvm( 1342): GC_EXPLICIT freed 42K, 6% free 2217K/2340K, paused 1ms+2ms, total 14ms
I/System ( 1342): Loaded time zone names for "" in 86ms (80ms in ICU)
I/System ( 1342): Loaded time zone names for "en_US" in 57ms (50ms in ICU)
D/dalvikvm( 1342): GC_EXPLICIT freed 202K, 9% free 2386K/2604K, paused 1ms+1ms, total 16ms
D/dalvikvm( 1342): GC_EXPLICIT freed 14K, 6% free 2449K/2604K, paused 1ms+2ms, total 15ms
D/dalvikvm( 1342): GC_EXPLICIT freed 30K, 5% free 2475K/2604K, paused 1ms+1ms, total 17ms
D/dalvikvm( 1342): GC_EXPLICIT freed 34K, 5% free 2495K/2604K, paused 1ms+2ms, total 17ms
D/dalvikvm( 1342): GC_EXPLICIT freed 32K, 4% free 2517K/2604K, paused 1ms+1ms, total 16ms
D/dalvikvm( 1342): GC_EXPLICIT freed 29K, 3% free 2542K/2604K, paused 1ms+1ms, total 16ms
I/Zygote ( 1342): ...preloaded 2778 classes in 3521ms.
D/dalvikvm( 1342): GC_EXPLICIT freed 17K, 3% free 2545K/2604K, paused 1ms+2ms, total 17ms
I/Zygote ( 1342): Preloading resources...
W/Resources( 1342): Preloaded drawable resource #0x108066a (android:drawable/toast_frame_holo) that varies with configuration!!
W/Resources( 1342): Preloaded drawable resource #0x1080105 (android:drawable/btn_check_on_pressed_holo_light) that varies with configuration!!
W/Resources( 1342): Preloaded drawable resource #0x1080104 (android:drawable/btn_check_on_pressed_holo_dark) that varies with configuration!!
W/Resources( 1342): Preloaded drawable resource #0x1080102 (android:drawable/btn_check_on_holo_light) that varies with configuration!!
W/Resources( 1342): Preloaded drawable resource #0x1080101 (android:drawable/btn_check_on_holo_dark) that varies with configuration!!
W/Resources( 1342): Preloaded drawable resource #0x10800ff (android:drawable/btn_check_on_focused_holo_light) that varies with configuration!!
W/Resources( 1342): Preloaded drawable resource #0x10800fe (android:drawable/btn_check_on_focused_holo_dark) that varies with configuration!!
D/dalvikvm( 1342): GC_EXPLICIT freed 34K, 3% free 2565K/2640K, paused 1ms+1ms, total 16ms
W/Resources( 1342): Preloaded drawable resource #0x10800fd (android:drawable/btn_check_on_disabled_holo_light) that varies with configuration!!
W/Resources( 1342): Preloaded drawable resource #0x10800fc (android:drawable/btn_check_on_disabled_holo_dark) that varies with configuration!!
W/Resources( 1342): Preloaded drawable resource #0x10800fb (android:drawable/btn_check_on_disabled_focused_holo_light) that varies with configuration!!
W/Resources( 1342): Preloaded drawable resource #0x10800fa (android:drawable/btn_check_on_disabled_focused_holo_dark) that varies with configuration!!
W/Resources( 1342): Preloaded drawable resource #0x10800f2 (android:drawable/btn_check_off_pressed_holo_light) that varies with configuration!!
W/Resources( 1342): Preloaded drawable resource #0x10800f1 (android:drawable/btn_check_off_pressed_holo_dark) that varies with configuration!!
W/Resources( 1342): Preloaded drawable resource #0x10800ed (android:drawable/btn_check_off_holo_light) that varies with configuration!!
W/Resources( 1342): Preloaded drawable resource #0x10800ec (android:drawable/btn_check_off_holo_dark) that varies with configuration!!
W/Resources( 1342): Preloaded drawable resource #0x10800ea (android:drawable/btn_check_off_focused_holo_light) that varies with configuration!!
D/dalvikvm( 1342): GC_EXPLICIT freed 59K, 4% free 2558K/2656K, paused 1ms+1ms, total 17ms
W/Resources( 1342): Preloaded drawable resource #0x10800e9 (android:drawable/btn_check_off_focused_holo_dark) that varies with configuration!!
W/Resources( 1342): Preloaded drawable resource #0x10800e8 (android:drawable/btn_check_off_disabled_holo_light) that varies with configuration!!
W/Resources( 1342): Preloaded drawable resource #0x10800e7 (android:drawable/btn_check_off_disabled_holo_dark) that varies with configuration!!
W/Resources( 1342): Preloaded drawable resource #0x10800e6 (android:drawable/btn_check_off_disabled_focused_holo_light) that varies with configuration!!
W/Resources( 1342): Preloaded drawable resource #0x10800e5 (android:drawable/btn_check_off_disabled_focused_holo_dark) that varies with configuration!!
W/Resources( 1342): Preloaded drawable resource #0x1080102 (android:drawable/btn_check_on_holo_light) that varies with configuration!!
W/Resources( 1342): Preloaded drawable resource #0x10800ed (android:drawable/btn_check_off_holo_light) that varies with configuration!!
W/Resources( 1342): Preloaded drawable resource #0x1080105 (android:drawable/btn_check_on_pressed_holo_light) that varies with configuration!!
W/Resources( 1342): Preloaded drawable resource #0x10800f2 (android:drawable/btn_check_off_pressed_holo_light) that varies with configuration!!
W/Resources( 1342): Preloaded drawable resource #0x10800ff (android:drawable/btn_check_on_focused_holo_light) that varies with configuration!!
W/Resources( 1342): Preloaded drawable resource #0x10800ea (android:drawable/btn_check_off_focused_holo_light) that varies with configuration!!
W/Resources( 1342): Preloaded drawable resource #0x10800ed (android:drawable/btn_check_off_holo_light) that varies with configuration!!
W/Resources( 1342): Preloaded drawable resource #0x1080102 (android:drawable/btn_check_on_holo_light) that varies with configuration!!
W/Resources( 1342): Preloaded drawable resource #0x10800fd (android:drawable/btn_check_on_disabled_holo_light) that varies with configuration!!
W/Resources( 1342): Preloaded drawable resource #0x10800e8 (android:drawable/btn_check_off_disabled_holo_light) that varies with configuration!!
W/Resources( 1342): Preloaded drawable resource #0x10800fb (android:drawable/btn_check_on_disabled_focused_holo_light) that varies with configuration!!
W/Resources( 1342): Preloaded drawable resource #0x10800e6 (android:drawable/btn_check_off_disabled_focused_holo_light) that varies with configuration!!
W/Resources( 1342): Preloaded drawable resource #0x10800e8 (android:drawable/btn_check_off_disabled_holo_light) that varies with configuration!!
W/Resources( 1342): Preloaded drawable resource #0x10800fd (android:drawable/btn_check_on_disabled_holo_light) that varies with configuration!!
W/Resources( 1342): Preloaded drawable resource #0x10800dc (android:drawable/btn_check_holo_light) that varies with configuration!!
D/dalvikvm( 1342): GC_EXPLICIT freed 108K, 5% free 2563K/2688K, paused 1ms+1ms, total 17ms
W/Resources( 1342): Preloaded drawable resource #0x1080101 (android:drawable/btn_check_on_holo_dark) that varies with configuration!!
W/Resources( 1342): Preloaded drawable resource #0x10800ec (android:drawable/btn_check_off_holo_dark) that varies with configuration!!
W/Resources( 1342): Preloaded drawable resource #0x1080104 (android:drawable/btn_check_on_pressed_holo_dark) that varies with configuration!!
W/Resources( 1342): Preloaded drawable resource #0x10800f1 (android:drawable/btn_check_off_pressed_holo_dark) that varies with configuration!!
W/Resources( 1342): Preloaded drawable resource #0x10800fe (android:drawable/btn_check_on_focused_holo_dark) that varies with configuration!!
W/Resources( 1342): Preloaded drawable resource #0x10800e9 (android:drawable/btn_check_off_focused_holo_dark) that varies with configuration!!
W/Resources( 1342): Preloaded drawable resource #0x10800ec (android:drawable/btn_check_off_holo_dark) that varies with configuration!!
W/Resources( 1342): Preloaded drawable resource #0x1080101 (android:drawable/btn_check_on_holo_dark) that varies with configuration!!
W/Resources( 1342): Preloaded drawable resource #0x10800fc (android:drawable/btn_check_on_disabled_holo_dark) that varies with configuration!!
W/Resources( 1342): Preloaded drawable resource #0x10800e7 (android:drawable/btn_check_off_disabled_holo_dark) that varies with configuration!!
W/Resources( 1342): Preloaded drawable resource #0x10800fa (android:drawable/btn_check_on_disabled_focused_holo_dark) that varies with configuration!!
W/Resources( 1342): Preloaded drawable resource #0x10800e5 (android:drawable/btn_check_off_disabled_focused_holo_dark) that varies with configuration!!
W/Resources( 1342): Preloaded drawable resource #0x10800e7 (android:drawable/btn_check_off_disabled_holo_dark) that varies with configuration!!
W/Resources( 1342): Preloaded drawable resource #0x10800fc (android:drawable/btn_check_on_disabled_holo_dark) that varies with configuration!!
W/Resources( 1342): Preloaded drawable resource #0x10800db (android:drawable/btn_check_holo_dark) that varies with configuration!!
D/dalvikvm( 1342): GC_EXPLICIT freed 84K, 5% free 2562K/2688K, paused 1ms+1ms, total 18ms
W/Resources( 1342): Preloaded drawable resource #0x1080195 (android:drawable/btn_radio_on_pressed_holo_light) that varies with configuration!!
W/Resources( 1342): Preloaded drawable resource #0x1080194 (android:drawable/btn_radio_on_pressed_holo_dark) that varies with configuration!!
W/Resources( 1342): Preloaded drawable resource #0x1080192 (android:drawable/btn_radio_on_holo_light) that varies with configuration!!
W/Resources( 1342): Preloaded drawable resource #0x1080191 (android:drawable/btn_radio_on_holo_dark) that varies with configuration!!
W/Resources( 1342): Preloaded drawable resource #0x108018f (android:drawable/btn_radio_on_focused_holo_light) that varies with configuration!!
W/Resources( 1342): Preloaded drawable resource #0x108018e (android:drawable/btn_radio_on_focused_holo_dark) that varies with configuration!!
W/Resources( 1342): Preloaded drawable resource #0x108018d (android:drawable/btn_radio_on_disabled_holo_light) that varies with configuration!!
W/Resources( 1342): Preloaded drawable resource #0x108018c (android:drawable/btn_radio_on_disabled_holo_dark) that varies with configuration!!
W/Resources( 1342): Preloaded drawable resource #0x108018b (android:drawable/btn_radio_on_disabled_focused_holo_light) that varies with configuration!!
D/dalvikvm( 1342): GC_EXPLICIT freed 53K, 5% free 2562K/2688K, paused 1ms+1ms, total 17ms
W/Resources( 1342): Preloaded drawable resource #0x108018a (android:drawable/btn_radio_on_disabled_focused_holo_dark) that varies with configuration!!
W/Resources( 1342): Preloaded drawable resource #0x1080187 (android:drawable/btn_radio_off_pressed_holo_light) that varies with configuration!!
W/Resources( 1342): Preloaded drawable resource #0x1080186 (android:drawable/btn_radio_off_pressed_holo_dark) that varies with configuration!!
W/Resources( 1342): Preloaded drawable resource #0x1080184 (android:drawable/btn_radio_off_holo_light) that varies with configuration!!
W/Resources( 1342): Preloaded drawable resource #0x1080183 (android:drawable/btn_radio_off_holo_dark) that varies with configuration!!
W/Resources( 1342): Preloaded drawable resource #0x1080181 (android:drawable/btn_radio_off_focused_holo_light) that varies with configuration!!
W/Resources( 1342): Preloaded drawable resource #0x1080180 (android:drawable/btn_radio_off_focused_holo_dark) that varies with configuration!!
W/Resources( 1342): Preloaded drawable resource #0x108017f (android:drawable/btn_radio_off_disabled_holo_light) that varies with configuration!!
W/Resources( 1342): Preloaded drawable resource #0x108017e (android:drawable/btn_radio_off_disabled_holo_dark) that varies with configuration!!
D/dalvikvm( 1342): GC_EXPLICIT freed 51K, 5% free 2563K/2688K, paused 1ms+1ms, total 17ms
W/Resources( 1342): Preloaded drawable resource #0x108017d (android:drawable/btn_radio_off_disabled_focused_holo_light) that varies with configuration!!
W/Resources( 1342): Preloaded drawable resource #0x108017c (android:drawable/btn_radio_off_disabled_focused_holo_dark) that varies with configuration!!
W/Resources( 1342): Preloaded drawable resource #0x1080128 (android:drawable/btn_default_pressed_holo_light) that varies with configuration!!
W/Resources( 1342): Preloaded drawable resource #0x1080127 (android:drawable/btn_default_pressed_holo_dark) that varies with configuration!!
W/Resources( 1342): Preloaded drawable resource #0x1080124 (android:drawable/btn_default_normal_holo_light) that varies with configuration!!
W/Resources( 1342): Preloaded drawable resource #0x1080123 (android:drawable/btn_default_normal_holo_dark) that varies with configuration!!
W/Resources( 1342): Preloaded drawable resource #0x108011c (android:drawable/btn_default_focused_holo_light) that varies with configuration!!
W/Resources( 1342): Preloaded drawable resource #0x108011b (android:drawable/btn_default_focused_holo_dark) that varies with configuration!!
W/Resources( 1342): Preloaded drawable resource #0x1080119 (android:drawable/btn_default_disabled_holo_light) that varies with configuration!!
W/Resources( 1342): Preloaded drawable resource #0x1080118 (android:drawable/btn_default_disabled_holo_dark) that varies with configuration!!
D/dalvikvm( 1342): GC_EXPLICIT freed 24K, 4% free 2592K/2688K, paused 1ms+1ms, total 17ms
W/Resources( 1342): Preloaded drawable resource #0x1080116 (android:drawable/btn_default_disabled_focused_holo_light) that varies with configuration!!
W/Resources( 1342): Preloaded drawable resource #0x1080115 (android:drawable/btn_default_disabled_focused_holo_dark) that varies with configuration!!
W/Resources( 1342): Preloaded drawable resource #0x1080123 (android:drawable/btn_default_normal_holo_dark) that varies with configuration!!
W/Resources( 1342): Preloaded drawable resource #0x1080118 (android:drawable/btn_default_disabled_holo_dark) that varies with configuration!!
W/Resources( 1342): Preloaded drawable resource #0x1080127 (android:drawable/btn_default_pressed_holo_dark) that varies with configuration!!
W/Resources( 1342): Preloaded drawable resource #0x108011b (android:drawable/btn_default_focused_holo_dark) that varies with configuration!!
W/Resources( 1342): Preloaded drawable resource #0x1080123 (android:drawable/btn_default_normal_holo_dark) that varies with configuration!!
W/Resources( 1342): Preloaded drawable resource #0x1080115 (android:drawable/btn_default_disabled_focused_holo_dark) that varies with configuration!!
W/Resources( 1342): Preloaded drawable resource #0x1080118 (android:drawable/btn_default_disabled_holo_dark) that varies with configuration!!
W/Resources( 1342): Preloaded drawable resource #0x108011d (android:drawable/btn_default_holo_dark) that varies with configuration!!
W/Resources( 1342): Preloaded drawable resource #0x1080124 (android:drawable/btn_default_normal_holo_light) that varies with configuration!!
W/Resources( 1342): Preloaded drawable resource #0x1080119 (android:drawable/btn_default_disabled_holo_light) that varies with configuration!!
W/Resources( 1342): Preloaded drawable resource #0x1080128 (android:drawable/btn_default_pressed_holo_light) that varies with configuration!!
W/Resources( 1342): Preloaded drawable resource #0x108011c (android:drawable/btn_default_focused_holo_light) that varies with configuration!!
W/Resources( 1342): Preloaded drawable resource #0x1080124 (android:drawable/btn_default_normal_holo_light) that varies with configuration!!
W/Resources( 1342): Preloaded drawable resource #0x1080116 (android:drawable/btn_default_disabled_focused_holo_light) that varies with configuration!!
W/Resources( 1342): Preloaded drawable resource #0x1080119 (android:drawable/btn_default_disabled_holo_light) that varies with configuration!!
W/Resources( 1342): Preloaded drawable resource #0x108011e (android:drawable/btn_default_holo_light) that varies with configuration!!
D/dalvikvm( 1342): GC_EXPLICIT freed 55K, 3% free 2623K/2696K, paused 1ms+1ms, total 17ms
W/Resources( 1342): Preloaded drawable resource #0x10801d1 (android:drawable/btn_star_off_normal_holo_light) that varies with configuration!!
W/Resources( 1342): Preloaded drawable resource #0x10801db (android:drawable/btn_star_on_normal_holo_light) that varies with configuration!!
W/Resources( 1342): Preloaded drawable resource #0x10801d7 (android:drawable/btn_star_on_disabled_holo_light) that varies with configuration!!
W/Resources( 1342): Preloaded drawable resource #0x10801cd (android:drawable/btn_star_off_disabled_holo_light) that varies with configuration!!
W/Resources( 1342): Preloaded drawable resource #0x10801dd (android:drawable/btn_star_on_pressed_holo_light) that varies with configuration!!
W/Resources( 1342): Preloaded drawable resource #0x10801d3 (android:drawable/btn_star_off_pressed_holo_light) that varies with configuration!!
W/Resources( 1342): Preloaded drawable resource #0x10801d9 (android:drawable/btn_star_on_focused_holo_light) that varies with configuration!!
W/Resources( 1342): Preloaded drawable resource #0x10801cf (android:drawable/btn_star_off_focused_holo_light) that varies with configuration!!
W/Resources( 1342): Preloaded drawable resource #0x10801d5 (android:drawable/btn_star_on_disabled_focused_holo_light) that varies with configuration!!
D/dalvikvm( 1342): GC_EXPLICIT freed 108K, 6% free 2568K/2712K, paused 2ms+1ms, total 19ms
W/Resources( 1342): Preloaded drawable resource #0x10801cb (android:drawable/btn_star_off_disabled_focused_holo_light) that varies with configuration!!
W/Resources( 1342): Preloaded drawable resource #0x10801d1 (android:drawable/btn_star_off_normal_holo_light) that varies with configuration!!
W/Resources( 1342): Preloaded drawable resource #0x10801db (android:drawable/btn_star_on_normal_holo_light) that varies with configuration!!
W/Resources( 1342): Preloaded drawable resource #0x10801d7 (android:drawable/btn_star_on_disabled_holo_light) that varies with configuration!!
W/Resources( 1342): Preloaded drawable resource #0x10801cd (android:drawable/btn_star_off_disabled_holo_light) that varies with configuration!!
W/Resources( 1342): Preloaded drawable resource #0x10801dd (android:drawable/btn_star_on_pressed_holo_light) that varies with configuration!!
W/Resources( 1342): Preloaded drawable resource #0x10801d3 (android:drawable/btn_star_off_pressed_holo_light) that varies with configuration!!
W/Resources( 1342): Preloaded drawable resource #0x10801d9 (android:drawable/btn_star_on_focused_holo_light) that varies with configuration!!
W/Resources( 1342): Preloaded drawable resource #0x10801cf (android:drawable/btn_star_off_focused_holo_light) that varies with configuration!!
