W/Resources( 1342): Preloaded drawable resource #0x1080624 (android:drawable/tab_selected_holo) that varies with configuration!!
W/Resources( 1342): Preloaded drawable resource #0x1080628 (android:drawable/tab_unselected_focused_holo) that varies with configuration!!
W/Resources( 1342): Preloaded drawable resource #0x1080623 (android:drawable/tab_selected_focused_holo) that varies with configuration!!
W/Resources( 1342): Preloaded drawable resource #0x108062a (android:drawable/tab_unselected_pressed_holo) that varies with configuration!!
W/Resources( 1342): Preloaded drawable resource #0x1080625 (android:drawable/tab_selected_pressed_holo) that varies with configuration!!
W/Resources( 1342): Preloaded drawable resource #0x108062a (android:drawable/tab_unselected_pressed_holo) that varies with configuration!!
W/Resources( 1342): Preloaded drawable resource #0x1080625 (android:drawable/tab_selected_pressed_holo) that varies with configuration!!
W/Resources( 1342): Preloaded drawable resource #0x1080618 (android:drawable/tab_indicator_holo) that varies with configuration!!
D/dalvikvm( 1342): GC_EXPLICIT freed 86K, 13% free 2692K/3064K, paused 1ms+2ms, total 18ms
W/Resources( 1342): Preloaded drawable resource #0x1080629 (android:drawable/tab_unselected_holo) that varies with configuration!!
W/Resources( 1342): Preloaded drawable resource #0x1080624 (android:drawable/tab_selected_holo) that varies with configuration!!
W/Resources( 1342): Preloaded drawable resource #0x1080628 (android:drawable/tab_unselected_focused_holo) that varies with configuration!!
W/Resources( 1342): Preloaded drawable resource #0x1080623 (android:drawable/tab_selected_focused_holo) that varies with configuration!!
W/Resources( 1342): Preloaded drawable resource #0x108062a (android:drawable/tab_unselected_pressed_holo) that varies with configuration!!
W/Resources( 1342): Preloaded drawable resource #0x1080625 (android:drawable/tab_selected_pressed_holo) that varies with configuration!!
I/Zygote ( 1342): ...preloaded 274 resources in 1727ms.
D/dalvikvm( 1342): GC_EXPLICIT freed 35K, 12% free 2711K/3064K, paused 1ms+2ms, total 18ms
I/Zygote ( 1342): ...preloaded 31 resources in 28ms.
D/libEGL ( 1342): loaded /vendor/lib/egl/libEGL_POWERVR_SGX540_120.so
D/libEGL ( 1342): loaded /vendor/lib/egl/libGLESv1_CM_POWERVR_SGX540_120.so
D/libEGL ( 1342): loaded /vendor/lib/egl/libGLESv2_POWERVR_SGX540_120.so
D/dalvikvm( 1342): GC_EXPLICIT freed 15K, 12% free 2705K/3064K, paused 1ms+2ms, total 17ms
D/dalvikvm( 1342): GC_EXPLICIT freed 4K, 12% free 2700K/3064K, paused 1ms+1ms, total 17ms
D/dalvikvm( 1342): GC_EXPLICIT freed <1K, 12% free 2700K/3064K, paused 1ms+2ms, total 16ms
I/dalvikvm( 1342): System server process 1944 has been created
I/Zygote ( 1342): Accepting command socket connections
D/SensorService( 1944): nuSensorService starting...
E/SensorService( 1944): couldn't load sensors module (No such file or directory)
I/installd( 1345): new connection
I/SystemServer( 1944): Entered the Android system server!
I/SystemServer( 1944): Waiting for installd to be ready.
I/Installer( 1944): connecting...
I/SystemServer( 1944): Enabled StrictMode logging for WM Looper
I/SystemServer( 1944): Power Manager
I/SystemServer( 1944): Activity Manager
I/ActivityManager( 1944): Memory class: 48
I/AppOps ( 1944): No existing app ops /data/system/appops.xml; starting empty
I/UiThread( 1944): Enabled StrictMode logging for UI thread
I/IntentFirewall( 1944): Read new rules (A:0 B:0 S:0)
D/dalvikvm( 1944): GC_CONCURRENT freed 173K, 9% free 2916K/3172K, paused 2ms+1ms, total 15ms
W/ResourceType( 1944): CREATING STRING CACHE OF 116 bytes
I/ActivityManager( 1944): Enabled StrictMode logging for AThread's Looper
I/SystemServer( 1944): Display Manager
I/SystemServer( 1944): Telephony Registry
I/DisplayManagerService( 1944): Display device added: DisplayDeviceInfo{"Built-in Screen": 1280 x 720, 70.625 fps, density 160, 361.24445 x 338.66666 dpi, touch INTERNAL, rotation 0, type BUILT_IN, FLAG_DEFAULT_DISPLAY, FLAG_ROTATES_WITH_CONTENT, FLAG_SECURE, FLAG_SUPPORTS_PROTECTED_BUFFERS}
I/SystemServer( 1944): Scheduling Policy
I/SystemServer( 1944): Package Manager
W/FileUtils( 1944): Failed to chmod(/data/system/packages.list): libcore.io.ErrnoException: chmod failed: ENOENT (No such file or directory)
D/SELinuxMMAC( 1944): Couldn't find install policy /data/security/mac_permissions.xml
D/SELinuxMMAC( 1944): Using install policy file /system/etc/security/mac_permissions.xml
D/dalvikvm( 1944): GC_CONCURRENT freed 311K, 14% free 2991K/3444K, paused 2ms+1ms, total 16ms
I/PackageManager( 1944): No settings file; creating initial state
W/PackageManager( 1944): Running ENG build: no pre-dexopt!
D/dalvikvm( 1967): DexOpt: load 16ms, verify+opt 85ms, 534004 bytes
D/dalvikvm( 1968): DexOpt: load 7ms, verify+opt 8ms, 154604 bytes
D/dalvikvm( 1969): DexOpt: load 6ms, verify+opt 25ms, 135508 bytes
D/dalvikvm( 1970): DexOpt: load 5ms, verify+opt 5ms, 121628 bytes
D/dalvikvm( 1971): DexOpt: load 5ms, verify+opt 7ms, 130620 bytes
D/dalvikvm( 1972): Note: class Landroid/app/ActivityManagerNative; has 179 unimplemented (abstract) methods
D/dalvikvm( 1972): DexOpt: load 5ms, verify+opt 12ms, 159892 bytes
D/dalvikvm( 1973): DexOpt: load 5ms, verify+opt 5ms, 121732 bytes
D/dalvikvm( 1974): Note: class Landroid/app/ActivityManagerNative; has 179 unimplemented (abstract) methods
D/dalvikvm( 1974): DexOpt: load 9ms, verify+opt 15ms, 141204 bytes
D/dalvikvm( 1975): Note: class Landroid/app/ActivityManagerNative; has 179 unimplemented (abstract) methods
D/dalvikvm( 1975): DexOpt: load 13ms, verify+opt 61ms, 224396 bytes
D/dalvikvm( 1976): Note: class Landroid/app/ActivityManagerNative; has 179 unimplemented (abstract) methods
D/dalvikvm( 1976): DexOpt: load 11ms, verify+opt 57ms, 228604 bytes
D/dalvikvm( 1977): Note: class Landroid/app/ActivityManagerNative; has 179 unimplemented (abstract) methods
D/dalvikvm( 1977): DexOpt: load 16ms, verify+opt 206ms, 481644 bytes
D/dalvikvm( 1978): DexOpt: load 9ms, verify+opt 12ms, 114860 bytes
D/dalvikvm( 1979): DexOpt: load 9ms, verify+opt 11ms, 111220 bytes
D/dalvikvm( 1980): DexOpt: load 12ms, verify+opt 12ms, 142036 bytes
D/dalvikvm( 1981): DexOpt: load 10ms, verify+opt 13ms, 131188 bytes
D/dalvikvm( 1982): DexOpt: load 10ms, verify+opt 13ms, 113684 bytes
D/dalvikvm( 1983): Note: class Landroid/app/ActivityManagerNative; has 179 unimplemented (abstract) methods
D/dalvikvm( 1983): DexOpt: load 18ms, verify+opt 130ms, 377692 bytes
D/dalvikvm( 1984): DexOpt: load 9ms, verify+opt 10ms, 107668 bytes
I/PackageManager( 1944): /system/framework/framework-res.apk changed; collecting certs
D/dalvikvm( 1944): GC_CONCURRENT freed 185K, 8% free 3264K/3532K, paused 3ms+7ms, total 39ms
D/dalvikvm( 1944): GC_CONCURRENT freed 169K, 7% free 3600K/3856K, paused 5ms+6ms, total 72ms
D/dalvikvm( 1944): GC_CONCURRENT freed 132K, 6% free 3966K/4192K, paused 4ms+2ms, total 24ms
D/dalvikvm( 1944): WAIT_FOR_CONCURRENT_GC blocked 6ms
D/dalvikvm( 1944): GC_CONCURRENT freed 284K, 9% free 4172K/4560K, paused 1ms+1ms, total 20ms
D/dalvikvm( 1944): WAIT_FOR_CONCURRENT_GC blocked 11ms
D/dalvikvm( 1944): GC_FOR_ALLOC freed 254K, 10% free 4236K/4656K, paused 19ms, total 19ms
D/dalvikvm( 1944): GC_FOR_ALLOC freed 62K, 8% free 4300K/4656K, paused 18ms, total 18ms
I/dalvikvm-heap( 1944): Grow heap (frag case) to 4.522MB for 260112-byte allocation
D/dalvikvm( 1944): GC_FOR_ALLOC freed 126K, 10% free 4428K/4912K, paused 17ms, total 17ms
I/dalvikvm-heap( 1944): Grow heap (frag case) to 4.896MB for 520502-byte allocation
D/dalvikvm( 1944): GC_CONCURRENT freed 254K, 14% free 4682K/5424K, paused 2ms+1ms, total 20ms
D/dalvikvm( 1944): WAIT_FOR_CONCURRENT_GC blocked 12ms
I/dalvikvm-heap( 1944): Grow heap (frag case) to 5.063MB for 435718-byte allocation
D/dalvikvm( 1944): GC_CONCURRENT freed <1K, 13% free 5107K/5852K, paused 4ms+2ms, total 23ms
D/dalvikvm( 1944): WAIT_FOR_CONCURRENT_GC blocked 19ms
D/dalvikvm( 1944): GC_FOR_ALLOC freed 628K, 20% free 4727K/5852K, paused 18ms, total 18ms
D/dalvikvm( 1944): GC_FOR_ALLOC freed 126K, 18% free 4855K/5852K, paused 17ms, total 17ms
I/dalvikvm-heap( 1944): Grow heap (frag case) to 5.314MB for 521188-byte allocation
D/dalvikvm( 1944): GC_CONCURRENT freed 254K, 20% free 5110K/6364K, paused 2ms+2ms, total 21ms
D/dalvikvm( 1944): WAIT_FOR_CONCURRENT_GC blocked 14ms
D/dalvikvm( 1944): GC_CONCURRENT freed 563K, 21% free 5053K/6364K, paused 1ms+1ms, total 19ms
D/dalvikvm( 1944): WAIT_FOR_CONCURRENT_GC blocked 17ms
D/dalvikvm( 1944): GC_FOR_ALLOC freed 188K, 18% free 5245K/6364K, paused 18ms, total 18ms
I/dalvikvm-heap( 1944): Grow heap (frag case) to 5.695MB for 521188-byte allocation
D/dalvikvm( 1944): GC_CONCURRENT freed 254K, 20% free 5500K/6876K, paused 2ms+1ms, total 20ms
D/dalvikvm( 1944): WAIT_FOR_CONCURRENT_GC blocked 12ms
D/dalvikvm( 1944): GC_CONCURRENT freed 594K, 19% free 5581K/6876K, paused 2ms+3ms, total 27ms
D/dalvikvm( 1944): GC_CONCURRENT freed 215K, 12% free 6085K/6876K, paused 2ms+3ms, total 31ms
D/dalvikvm( 1944): WAIT_FOR_CONCURRENT_GC blocked 5ms
D/dalvikvm( 1944): GC_CONCURRENT freed 251K, 5% free 6674K/7008K, paused 1ms+4ms, total 35ms
D/dalvikvm( 1944): WAIT_FOR_CONCURRENT_GC blocked 10ms
D/dalvikvm( 1944): GC_CONCURRENT freed 304K, 5% free 7365K/7748K, paused 1ms+3ms, total 42ms
D/dalvikvm( 1944): WAIT_FOR_CONCURRENT_GC blocked 17ms
D/dalvikvm( 1944): GC_CONCURRENT freed 1089K, 14% free 7434K/8608K, paused 3ms+2ms, total 45ms
D/dalvikvm( 1944): WAIT_FOR_CONCURRENT_GC blocked 17ms
D/dalvikvm( 1944): GC_CONCURRENT freed 410K, 6% free 8198K/8696K, paused 2ms+3ms, total 51ms
D/dalvikvm( 1944): WAIT_FOR_CONCURRENT_GC blocked 23ms
D/dalvikvm( 1944): GC_CONCURRENT freed 477K, 6% free 9095K/9652K, paused 1ms+3ms, total 57ms
D/dalvikvm( 1944): WAIT_FOR_CONCURRENT_GC blocked 30ms
I/PackageManager( 1944): /system/priv-app/SharedStorageBackup.apk changed; collecting certs
I/PackageManager( 1944): /system/priv-app/SystemUI.apk changed; collecting certs
D/dalvikvm( 1944): GC_FOR_ALLOC freed 1954K, 20% free 8597K/10688K, paused 57ms, total 58ms
D/dalvikvm( 1944): GC_CONCURRENT freed 5755K, 60% free 4296K/10688K, paused 1ms+3ms, total 56ms
I/PackageManager( 1944): New shared user android.uid.systemui: id=10001
I/PackageManager( 1944): /system/priv-app/TeleService.apk changed; collecting certs
D/dalvikvm( 1944): GC_CONCURRENT freed 439K, 60% free 4367K/10688K, paused 3ms+10ms, total 32ms
D/dalvikvm( 1944): WAIT_FOR_CONCURRENT_GC blocked 14ms
I/PackageManager( 1944): /system/priv-app/MusicFX.apk changed; collecting certs
D/dalvikvm( 1944): GC_CONCURRENT freed 1283K, 67% free 3573K/10688K, paused 2ms+5ms, total 33ms
I/PackageManager( 1944): /system/priv-app/SettingsProvider.apk changed; collecting certs
W/ResourceType( 1944): Failure getting entry for 0x7f050000 (t=4 e=0) in package 0 (error -75)
I/PackageManager( 1944): /system/priv-app/Keyguard.apk changed; collecting certs
D/dalvikvm( 1944): GC_CONCURRENT freed 587K, 68% free 3491K/10688K, paused 1ms+3ms, total 24ms
D/dalvikvm( 1944): WAIT_FOR_CONCURRENT_GC blocked 21ms
D/dalvikvm( 1944): GC_CONCURRENT freed 358K, 67% free 3543K/10688K, paused 3ms+2ms, total 40ms
I/PackageManager( 1944): /system/priv-app/Launcher2.apk changed; collecting certs
D/dalvikvm( 1944): GC_CONCURRENT freed 346K, 66% free 3708K/10688K, paused 3ms+4ms, total 29ms
D/dalvikvm( 1944): WAIT_FOR_CONCURRENT_GC blocked 16ms
D/dalvikvm( 1944): GC_CONCURRENT freed 478K, 66% free 3699K/10688K, paused 4ms+3ms, total 34ms
I/PackageManager( 1944): /system/priv-app/ExternalStorageProvider.apk changed; collecting certs
I/PackageManager( 1944): /system/priv-app/Shell.apk changed; collecting certs
I/PackageManager( 1944): /system/priv-app/Mms.apk changed; collecting certs
D/dalvikvm( 1944): GC_CONCURRENT freed 356K, 65% free 3828K/10688K, paused 2ms+9ms, total 34ms
D/dalvikvm( 1944): GC_CONCURRENT freed 737K, 67% free 3554K/10688K, paused 3ms+5ms, total 34ms
D/dalvikvm( 1944): GC_CONCURRENT freed 247K, 65% free 3776K/10688K, paused 3ms+3ms, total 32ms
I/PackageManager( 1944): /system/priv-app/OneTimeInitializer.apk changed; collecting certs
I/PackageManager( 1944): /system/priv-app/VpnDialogs.apk changed; collecting certs
I/PackageManager( 1944): /system/priv-app/FusedLocation.apk changed; collecting certs
D/dalvikvm( 1944): GC_CONCURRENT freed 386K, 65% free 3829K/10688K, paused 3ms+7ms, total 32ms
I/PackageManager( 1944): /system/priv-app/BackupRestoreConfirmation.apk changed; collecting certs
I/PackageManager( 1944): /system/priv-app/MediaProvider.apk changed; collecting certs
I/PackageManager( 1944): New shared user android.media: id=10009
I/PackageManager( 1944): /system/priv-app/DefaultContainerService.apk changed; collecting certs
I/PackageManager( 1944): /system/priv-app/ProxyHandler.apk changed; collecting certs
D/dalvikvm( 1944): GC_CONCURRENT freed 786K, 68% free 3522K/10688K, paused 2ms+4ms, total 31ms
I/PackageManager( 1944): /system/priv-app/Contacts.apk changed; collecting certs
W/PackageParser( 1944): No actions in intent filter at /system/priv-app/Contacts.apk Binary XML file line #375
D/dalvikvm( 1944): GC_CONCURRENT freed 357K, 66% free 3637K/10688K, paused 2ms+3ms, total 28ms
D/dalvikvm( 1944): WAIT_FOR_CONCURRENT_GC blocked 25ms
D/dalvikvm( 1944): GC_CONCURRENT freed 383K, 65% free 3769K/10688K, paused 3ms+5ms, total 50ms
D/dalvikvm( 1944): GC_CONCURRENT freed 262K, 64% free 3948K/10688K, paused 4ms+3ms, total 34ms
I/PackageManager( 1944): New shared user android.uid.shared: id=10012
I/PackageManager( 1944): /system/priv-app/DownloadProvider.apk changed; collecting certs
D/dalvikvm( 1944): GC_CONCURRENT freed 343K, 62% free 4089K/10688K, paused 2ms+9ms, total 34ms
I/PackageManager( 1944): /system/priv-app/CalendarProvider.apk changed; collecting certs
I/PackageManager( 1944): New shared user android.uid.calendar: id=10013
I/PackageManager( 1944): /system/priv-app/Settings.apk changed; collecting certs
D/dalvikvm( 1944): GC_CONCURRENT freed 839K, 66% free 3730K/10688K, paused 4ms+10ms, total 62ms
D/dalvikvm( 1944): GC_CONCURRENT freed 317K, 64% free 3924K/10688K, paused 16ms+5ms, total 61ms
D/dalvikvm( 1944): WAIT_FOR_CONCURRENT_GC blocked 45ms
D/dalvikvm( 1944): GC_CONCURRENT freed 425K, 64% free 3926K/10688K, paused 6ms+5ms, total 51ms
D/dalvikvm( 1944): WAIT_FOR_CONCURRENT_GC blocked 41ms
D/dalvikvm( 1944): GC_CONCURRENT freed 272K, 62% free 4119K/10688K, paused 3ms+7ms, total 53ms
D/dalvikvm( 1944): GC_CONCURRENT freed 210K, 59% free 4419K/10688K, paused 28ms+6ms, total 96ms
D/dalvikvm( 1944): GC_CONCURRENT freed 265K, 57% free 4629K/10688K, paused 4ms+6ms, total 65ms
I/PackageManager( 1944): /system/priv-app/ContactsProvider.apk changed; collecting certs
I/PackageManager( 1944): /system/priv-app/InputDevices.apk changed; collecting certs
I/PackageManager( 1944): /system/priv-app/WallpaperCropper.apk changed; collecting certs
D/dalvikvm( 1944): GC_CONCURRENT freed 499K, 57% free 4611K/10688K, paused 4ms+31ms, total 77ms
I/PackageManager( 1944): /system/app/GLMark2.apk changed; collecting certs
D/dalvikvm( 1944): GC_CONCURRENT freed 1237K, 64% free 3882K/10688K, paused 4ms+10ms, total 67ms
I/PackageManager( 1944): /system/app/NoiseField.apk changed; collecting certs
I/PackageManager( 1944): /system/app/VideoEditor.apk changed; collecting certs
D/dalvikvm( 1944): GC_CONCURRENT freed 473K, 64% free 3917K/10688K, paused 3ms+10ms, total 58ms
D/dalvikvm( 1944): WAIT_FOR_CONCURRENT_GC blocked 37ms
D/dalvikvm( 1944): GC_CONCURRENT freed 479K, 64% free 3924K/10688K, paused 6ms+9ms, total 109ms
I/PackageManager( 1944): /system/app/MagicSmokeWallpapers.apk changed; collecting certs
I/PackageManager( 1944): /system/app/Calendar.apk changed; collecting certs
D/dalvikvm( 1944): GC_CONCURRENT freed 359K, 62% free 4076K/10688K, paused 7ms+13ms, total 85ms
D/dalvikvm( 1944): WAIT_FOR_CONCURRENT_GC blocked 21ms
D/dalvikvm( 1944): GC_CONCURRENT freed 637K, 64% free 3912K/10688K, paused 7ms+4ms, total 58ms
D/dalvikvm( 1944): WAIT_FOR_CONCURRENT_GC blocked 48ms
D/dalvikvm( 1944): GC_CONCURRENT freed 199K, 61% free 4199K/10688K, paused 9ms+8ms, total 63ms
D/dalvikvm( 1944): WAIT_FOR_CONCURRENT_GC blocked 19ms
D/dalvikvm( 1944): GC_CONCURRENT freed 298K, 60% free 4346K/10688K, paused 3ms+7ms, total 63ms
I/PackageManager( 1944): /system/app/PrintSpooler.apk changed; collecting certs
I/PackageManager( 1944): /system/app/PackageInstaller.apk changed; collecting certs
I/PackageManager( 1944): /system/app/CertInstaller.apk changed; collecting certs
D/dalvikvm( 1944): GC_CONCURRENT freed 458K, 60% free 4375K/10688K, paused 21ms+24ms, total 86ms
W/PackageParser( 1944): Unknown element under : permission at /system/app/Gallery2.apk Binary XML file line #243
W/PackageParser( 1944): Unknown element under : permission at /system/app/Gallery2.apk Binary XML file line #246
I/PackageManager( 1944): /system/app/Gallery2.apk changed; collecting certs
D/dalvikvm( 1944): GC_CONCURRENT freed 894K, 64% free 3929K/10688K, paused 6ms+5ms, total 62ms
D/dalvikvm( 1944): WAIT_FOR_CONCURRENT_GC blocked 39ms
D/dalvikvm( 1944): GC_CONCURRENT freed 396K, 63% free 4021K/10688K, paused 7ms+5ms, total 54ms
D/dalvikvm( 1944): WAIT_FOR_CONCURRENT_GC blocked 41ms
D/dalvikvm( 1944): GC_CONCURRENT freed 196K, 60% free 4319K/10688K, paused 8ms+9ms, total 89ms
D/dalvikvm( 1944): GC_CONCURRENT freed 292K, 58% free 4506K/10688K, paused 4ms+9ms, total 65ms
I/PackageManager( 1944): /system/app/BasicDreams.apk changed; collecting certs
I/PackageManager( 1944): /system/app/KeyChain.apk changed; collecting certs
D/dalvikvm( 1944): GC_CONCURRENT freed 469K, 58% free 4534K/10688K, paused 63ms+24ms, total 138ms
I/PackageManager( 1944): /system/app/Email.apk changed; collecting certs
D/dalvikvm( 1944): GC_CONCURRENT freed 1022K, 63% free 4006K/10688K, paused 10ms+6ms, total 75ms
D/dalvikvm( 1944): WAIT_FOR_CONCURRENT_GC blocked 43ms
D/dalvikvm( 1944): GC_FOR_ALLOC freed 474K, 63% free 4043K/10688K, paused 46ms, total 46ms
D/dalvikvm( 1944): GC_CONCURRENT freed 131K, 60% free 4287K/10688K, paused 6ms+20ms, total 70ms
D/dalvikvm( 1944): GC_CONCURRENT freed 288K, 58% free 4503K/10688K, paused 3ms+8ms, total 64ms
D/dalvikvm( 1944): WAIT_FOR_CONCURRENT_GC blocked 16ms
D/dalvikvm( 1944): GC_CONCURRENT freed 306K, 57% free 4681K/10688K, paused 3ms+10ms, total 70ms
W/ResourceType( 1944): Failure getting entry for 0x7f04000f (t=3 e=15) in package 0 (error -75)
W/ResourceType( 1944): Failure getting entry for 0x7f04000f (t=3 e=15) in package 0 (error -75)
I/PackageManager( 1944): /system/app/Camera2.apk changed; collecting certs
D/dalvikvm( 1944): GC_CONCURRENT freed 398K, 56% free 4780K/10688K, paused 4ms+17ms, total 67ms
D/dalvikvm( 1944): WAIT_FOR_CONCURRENT_GC blocked 58ms
D/dalvikvm( 1944): GC_CONCURRENT freed 1179K, 62% free 4111K/10688K, paused 6ms+13ms, total 123ms
D/dalvikvm( 1944): GC_CONCURRENT freed 276K, 60% free 4346K/10688K, paused 26ms+8ms, total 138ms
D/dalvikvm( 1944): WAIT_FOR_CONCURRENT_GC blocked 15ms
I/PackageManager( 1944): /system/app/SpeechRecorder.apk changed; collecting certs
I/PackageManager( 1944): /system/app/SoundRecorder.apk changed; collecting certs
D/dalvikvm( 1944): GC_CONCURRENT freed 376K, 59% free 4453K/10688K, paused 3ms+29ms, total 78ms
I/PackageManager( 1944): /system/app/Development.apk changed; collecting certs
I/PackageManager( 1944): /system/app/Music.apk changed; collecting certs
D/dalvikvm( 1944): GC_CONCURRENT freed 992K, 63% free 3973K/10688K, paused 4ms+9ms, total 65ms
D/dalvikvm( 1944): WAIT_FOR_CONCURRENT_GC blocked 49ms
I/PackageManager( 1944): /system/app/Calculator.apk changed; collecting certs
D/dalvikvm( 1944): GC_CONCURRENT freed 425K, 63% free 4059K/10688K, paused 39ms+10ms, total 96ms
D/dalvikvm( 1944): WAIT_FOR_CONCURRENT_GC blocked 24ms
I/PackageManager( 1944): /system/app/LiveWallpapers.apk changed; collecting certs
I/PackageManager( 1944): /system/app/LiveWallpapersPicker.apk changed; collecting certs
D/dalvikvm( 1944): GC_CONCURRENT freed 480K, 63% free 4029K/10688K, paused 6ms+10ms, total 69ms
I/PackageManager( 1944): /system/app/DownloadProviderUi.apk changed; collecting certs
I/PackageManager( 1944): /system/app/WAPPushManager.apk changed; collecting certs
W/PackageParser( 1944): No actions in intent filter at /system/app/Bluetooth.apk Binary XML file line #210
I/PackageManager( 1944): /system/app/Bluetooth.apk changed; collecting certs
D/dalvikvm( 1944): GC_CONCURRENT freed 503K, 63% free 4019K/10688K, paused 6ms+9ms, total 77ms
I/PackageManager( 1944): /system/app/PinyinIME.apk changed; collecting certs
I/PackageManager( 1944): /system/app/HoloSpiralWallpaper.apk changed; collecting certs
D/dalvikvm( 1944): GC_CONCURRENT freed 392K, 62% free 4139K/10688K, paused 16ms+21ms, total 90ms
D/dalvikvm( 1944): WAIT_FOR_CONCURRENT_GC blocked 6ms
I/PackageManager( 1944): /system/app/Galaxy4.apk changed; collecting certs
I/PackageManager( 1944): /system/app/PicoTts.apk changed; collecting certs
I/PackageManager( 1944): /system/app/TelephonyProvider.apk changed; collecting certs
D/dalvikvm( 1944): GC_CONCURRENT freed 407K, 61% free 4196K/10688K, paused 7ms+13ms, total 72ms
I/PackageManager( 1944): /system/app/Provision.apk changed; collecting certs
I/PackageManager( 1944): /system/app/DisableSuspend.apk changed; collecting certs
I/PackageManager( 1944): /system/app/PhotoTable.apk changed; collecting certs
D/dalvikvm( 1944): GC_CONCURRENT freed 620K, 62% free 4087K/10688K, paused 7ms+9ms, total 79ms
D/dalvikvm( 1944): WAIT_FOR_CONCURRENT_GC blocked 33ms
I/PackageManager( 1944): /system/app/VisualizationWallpapers.apk changed; collecting certs
I/PackageManager( 1944): /system/app/HTMLViewer.apk changed; collecting certs
I/PackageManager( 1944): /system/app/Exchange2.apk changed; collecting certs
D/dalvikvm( 1944): GC_CONCURRENT freed 465K, 62% free 4123K/10688K, paused 7ms+10ms, total 85ms
I/PackageManager( 1944): /system/app/ZeroXBenchmark.apk changed; collecting certs
I/PackageManager( 1944): /system/app/Browser.apk changed; collecting certs
D/dalvikvm( 1944): GC_CONCURRENT freed 451K, 61% free 4182K/10688K, paused 4ms+10ms, total 66ms
D/dalvikvm( 1944): WAIT_FOR_CONCURRENT_GC blocked 20ms
D/dalvikvm( 1944): GC_CONCURRENT freed 406K, 61% free 4264K/10688K, paused 4ms+10ms, total 67ms
D/dalvikvm( 1944): GC_CONCURRENT freed 253K, 59% free 4423K/10688K, paused 6ms+9ms, total 83ms
I/PackageManager( 1944): /system/app/LatinIME.apk changed; collecting certs
D/dalvikvm( 1944): GC_CONCURRENT freed 266K, 57% free 4627K/10688K, paused 4ms+11ms, total 64ms
D/dalvikvm( 1944): WAIT_FOR_CONCURRENT_GC blocked 56ms
D/dalvikvm( 1944): GC_FOR_ALLOC freed 696K, 60% free 4378K/10688K, paused 55ms, total 56ms
D/dalvikvm( 1944): GC_CONCURRENT freed 410K, 59% free 4480K/10688K, paused 6ms+13ms, total 127ms
D/dalvikvm( 1944): WAIT_FOR_CONCURRENT_GC blocked 22ms
D/dalvikvm( 1944): GC_CONCURRENT freed 150K, 55% free 4809K/10688K, paused 1ms+3ms, total 28ms
D/dalvikvm( 1944): WAIT_FOR_CONCURRENT_GC blocked 16ms
D/dalvikvm( 1944): GC_CONCURRENT freed 327K, 54% free 5009K/10688K, paused 3ms+3ms, total 48ms
D/dalvikvm( 1944): WAIT_FOR_CONCURRENT_GC blocked 7ms
I/PackageManager( 1944): /system/app/QuickSearchBox.apk changed; collecting certs
D/dalvikvm( 1944): GC_CONCURRENT freed 457K, 53% free 5113K/10688K, paused 3ms+10ms, total 40ms
I/PackageManager( 1944): /system/app/PacProcessor.apk changed; collecting certs
I/PackageManager( 1944): /system/app/UserDictionaryProvider.apk changed; collecting certs
I/PackageManager( 1944): /system/app/DeskClock.apk changed; collecting certs
D/dalvikvm( 1944): GC_CONCURRENT freed 1305K, 59% free 4410K/10688K, paused 2ms+3ms, total 46ms
D/dalvikvm( 1944): WAIT_FOR_CONCURRENT_GC blocked 21ms
D/dalvikvm( 1944): GC_CONCURRENT freed 537K, 59% free 4383K/10688K, paused 2ms+2ms, total 27ms
D/dalvikvm( 1944): WAIT_FOR_CONCURRENT_GC blocked 23ms
D/dalvikvm( 1944): GC_CONCURRENT freed 277K, 57% free 4617K/10688K, paused 3ms+4ms, total 31ms
D/dalvikvm( 1944): WAIT_FOR_CONCURRENT_GC blocked 7ms
D/dalvikvm( 1944): GC_CONCURRENT freed 301K, 55% free 4827K/10688K, paused 2ms+3ms, total 32ms
D/dalvikvm( 1944): WAIT_FOR_CONCURRENT_GC blocked 10ms
I/PackageManager( 1944): /system/app/PhaseBeam.apk changed; collecting certs
I/PackageManager( 1944): /system/app/OpenWnn.apk changed; collecting certs
D/dalvikvm( 1944): GC_CONCURRENT freed 411K, 54% free 4944K/10688K, paused 4ms+12ms, total 46ms
D/dalvikvm( 1944): GC_CONCURRENT freed 1152K, 60% free 4332K/10688K, paused 3ms+2ms, total 41ms
D/dalvikvm( 1944): WAIT_FOR_CONCURRENT_GC blocked 36ms
D/dalvikvm( 1944): GC_CONCURRENT freed 206K, 57% free 4623K/10688K, paused 2ms+4ms, total 38ms
D/dalvikvm( 1944): WAIT_FOR_CONCURRENT_GC blocked 16ms
D/dalvikvm( 1944): GC_CONCURRENT freed 280K, 56% free 4801K/10688K, paused 3ms+4ms, total 45ms
I/PackageManager( 1944): /system/app/DocumentsUI.apk changed; collecting certs
D/dalvikvm( 1944): GC_CONCURRENT freed 398K, 54% free 4927K/10688K, paused 2ms+10ms, total 45ms
D/dalvikvm( 1944): WAIT_FOR_CONCURRENT_GC blocked 17ms
I/PackageManager( 1944): /system/app/LinaroWallpaper.apk changed; collecting certs
D/PackageManager( 1944): No files in app dir /vendor/app
I/PackageManager( 1944): /data/app/ConnectivityManagerTest.apk changed; collecting certs
D/dalvikvm( 1944): GC_CONCURRENT freed 1086K, 59% free 4397K/10688K, paused 3ms+6ms, total 43ms
D/dalvikvm( 1944): WAIT_FOR_CONCURRENT_GC blocked 22ms
I/PackageManager( 1944): /data/app/mediaframeworktest.apk changed; collecting certs
I/PackageManager( 1944): /data/app/ObjenesisTck.apk changed; collecting certs
D/dalvikvm( 1944): GC_CONCURRENT freed 730K, 61% free 4169K/10688K, paused 3ms+7ms, total 43ms
W/PackageManager( 1944): Package com.android.gallery3d desires unavailable shared library com.google.android.media.effects; ignoring!
I/PackageManager( 1944): Time to scan packages: 18.65 seconds
W/PackageManager( 1944): Not granting permission android.permission.GLOBAL_SEARCH to package com.android.quicksearchbox (protectionLevel=18 flags=0x8be45)
W/PackageManager( 1944): Unknown permission com.google.android.gallery3d.permission.GALLERY_PROVIDER in package com.android.bluetooth
W/PackageManager( 1944): Unknown permission com.google.android.googleapps.permission.GOOGLE_AUTH in package com.android.providers.calendar
W/PackageManager( 1944): Unknown permission com.google.android.googleapps.permission.GOOGLE_AUTH.cl in package com.android.providers.calendar
W/PackageManager( 1944): Unknown permission com.google.android.googleapps.permission.GOOGLE_AUTH.mail in package com.android.calendar
W/PackageManager( 1944): Not granting permission android.permission.ACCESS_DOWNLOAD_MANAGER to package com.android.browser (protectionLevel=18 flags=0x9be45)
W/PackageManager( 1944): Not granting permission android.permission.SEND_DOWNLOAD_COMPLETED_INTENTS to package com.android.browser (protectionLevel=2 flags=0x9be45)
W/PackageManager( 1944): Not granting permission android.permission.BIND_WALLPAPER to package com.android.camera2 (protectionLevel=18 flags=0x18bc45)
W/PackageManager( 1944): Unknown permission android.permission.INSTALL_DRM in package com.android.mms
W/PackageManager( 1944): Unknown permission com.google.android.gallery3d.permission.PICASA_STORE in package com.android.dreams.phototable
W/PackageManager( 1944): Unknown permission com.google.android.googleapps.permission.GOOGLE_AUTH in package com.android.settings
W/PackageManager( 1944): Unknown permission com.google.android.googleapps.permission.ACCESS_GOOGLE_PASSWORD in package com.android.development
W/PackageManager( 1944): Unknown permission com.google.android.googleapps.permission.GOOGLE_AUTH in package com.android.development
W/PackageManager( 1944): Unknown permission com.google.android.googleapps.permission.GOOGLE_AUTH.ALL_SERVICES in package com.android.development
W/PackageManager( 1944): Unknown permission com.google.android.googleapps.permission.GOOGLE_AUTH.YouTubeUser in package com.android.development
W/PackageManager( 1944): Not granting permission android.permission.DELETE_PACKAGES to package com.svox.pico (protectionLevel=18 flags=0x8be45)
W/PackageManager( 1944): Not granting permission android.permission.DEVICE_POWER to package com.android.deskclock (protectionLevel=2 flags=0x48be45)
D/dalvikvm( 1944): GC_CONCURRENT freed 411K, 61% free 4201K/10688K, paused 2ms+4ms, total 39ms
D/dalvikvm( 1944): WAIT_FOR_CONCURRENT_GC blocked 3ms
D/dalvikvm( 1944): GC_EXPLICIT freed 90K, 62% free 4110K/10688K, paused 2ms+4ms, total 43ms
I/SystemServer( 1944): Entropy Mixer
W/EntropyMixer( 1944): No existing entropy file -- first boot?
I/EntropyMixer( 1944): Writing entropy...
I/SystemServer( 1944): User Service
I/SystemServer( 1944): Account Manager
I/PackageManager( 1944): Running dexopt on: com.android.providers.settings
I/SystemServer( 1944): Content Manager
I/SystemServer( 1944): System Content Providers
D/dalvikvm( 1985): Note: class Landroid/app/ActivityManagerNative; has 179 unimplemented (abstract) methods
D/dalvikvm( 1985): DexOpt: load 9ms, verify+opt 52ms, 399172 bytes
W/ResourceType( 1944): CREATING STRING CACHE OF 80 bytes
I/SyncManager( 1944): No initial accounts
I/SyncManager( 1944): No initial status
W/SyncManagerFile( 1944): Error reading pending data.
W/SyncManagerFile( 1944): java.io.FileNotFoundException: /data/system/sync/pending.xml: open failed: ENOENT (No such file or directory)
W/SyncManagerFile( 1944): at libcore.io.IoBridge.open(IoBridge.java:409)
W/SyncManagerFile( 1944): at java.io.FileInputStream.(FileInputStream.java:78)
W/SyncManagerFile( 1944): at android.util.AtomicFile.openRead(AtomicFile.java:199)
W/SyncManagerFile( 1944): at com.android.server.content.SyncStorageEngine.readPendingOperationsLocked(SyncStorageEngine.java:2266)
W/SyncManagerFile( 1944): at com.android.server.content.SyncStorageEngine.(SyncStorageEngine.java:434)
W/SyncManagerFile( 1944): at com.android.server.content.SyncStorageEngine.init(SyncStorageEngine.java:454)
W/SyncManagerFile( 1944): at com.android.server.content.SyncManager.(SyncManager.java:383)
W/SyncManagerFile( 1944): at com.android.server.content.ContentService.getSyncManager(ContentService.java:75)
W/SyncManagerFile( 1944): at com.android.server.content.ContentService.notifyChange(ContentService.java:283)
W/SyncManagerFile( 1944): at android.content.ContentResolver.notifyChange(ContentResolver.java:1621)
W/SyncManagerFile( 1944): at com.android.providers.settings.SettingsProvider.sendNotify(SettingsProvider.java:262)
W/SyncManagerFile( 1944): at com.android.providers.settings.SettingsProvider.insertForUser(SettingsProvider.java:941)
W/SyncManagerFile( 1944): at com.android.providers.settings.SettingsProvider.ensureAndroidIdIsSet(SettingsProvider.java:496)
W/SyncManagerFile( 1944): at com.android.providers.settings.SettingsProvider.establishDbTracking(SettingsProvider.java:409)
W/SyncManagerFile( 1944): at com.android.providers.settings.SettingsProvider.onCreate(SettingsProvider.java:335)
W/SyncManagerFile( 1944): at android.content.ContentProvider.attachInfo(ContentProvider.java:1589)
W/SyncManagerFile( 1944): at android.content.ContentProvider.attachInfo(ContentProvider.java:1560)
W/SyncManagerFile( 1944): at android.app.ActivityThread.installProvider(ActivityThread.java:4771)
W/SyncManagerFile( 1944): at android.app.ActivityThread.installContentProviders(ActivityThread.java:4366)
W/SyncManagerFile( 1944): at android.app.ActivityThread.installSystemProviders(ActivityThread.java:4926)
W/SyncManagerFile( 1944): at com.android.server.am.ActivityManagerService.installSystemProviders(ActivityManagerService.java:7927)
W/SyncManagerFile( 1944): at com.android.server.ServerThread.initAndLoop(SystemServer.java:274)
W/SyncManagerFile( 1944): at com.android.server.SystemServer.main(SystemServer.java:1160)
W/SyncManagerFile( 1944): at java.lang.reflect.Method.invokeNative(Native Method)
W/SyncManagerFile( 1944): at java.lang.reflect.Method.invoke(Method.java:515)
W/SyncManagerFile( 1944): at com.android.internal.os.ZygoteInit$MethodAndArgsCaller.run(ZygoteInit.java:777)
W/SyncManagerFile( 1944): at com.android.internal.os.ZygoteInit.main(ZygoteInit.java:593)
W/SyncManagerFile( 1944): at dalvik.system.NativeStart.main(Native Method)
W/SyncManagerFile( 1944): Caused by: libcore.io.ErrnoException: open failed: ENOENT (No such file or directory)
W/SyncManagerFile( 1944): at libcore.io.Posix.open(Native Method)
W/SyncManagerFile( 1944): at libcore.io.BlockGuardOs.open(BlockGuardOs.java:110)
W/SyncManagerFile( 1944): at libcore.io.IoBridge.open(IoBridge.java:393)
W/SyncManagerFile( 1944): ... 27 more
I/SyncManager( 1944): No initial statistics
D/SettingsProvider( 1944): Generated and saved new ANDROID_ID [beb0ea1966bec861] for user 0
I/SystemServer( 1944): Lights Service
I/SystemServer( 1944): Battery Service
I/SystemServer( 1944): Vibrator Service
E/ConsumerIrService( 1944): Can't open consumer IR HW Module, error: -2
I/SystemServer( 1944): Consumer IR Service
I/libsuspend( 1944): Selected early suspend
I/libsuspend( 1944): Starting early suspend unblocker thread
D/PermissionCache( 1341): checking android.permission.ACCESS_SURFACE_FLINGER for uid=1000 => granted (915 us)
D/SurfaceFlinger( 1341): Screen acquired, type=0 flinger=0x40e2d450
D/SurfaceFlinger( 1341): screen was previously acquired
I/SystemServer( 1944): Alarm Manager
I/SystemServer( 1944): Init Watchdog
I/SystemServer( 1944): Input Manager
I/InputManager( 1944): Initializing input manager, mUseDevInputEventForAudioJack=false
I/SystemServer( 1944): Window Manager
I/WindowManager( 1944): No existing display settings /data/system/display_settings.xml; starting empty
D/dalvikvm( 1944): GC_CONCURRENT freed 326K, 60% free 4296K/10688K, paused 5ms+9ms, total 97ms
D/dalvikvm( 1944): WAIT_FOR_CONCURRENT_GC blocked 30ms
W/ResourceType( 1944): CREATING STRING CACHE OF 12 bytes
I/WindowManager( 1944): No keyguard interface!
I/InputManager( 1944): Starting input manager
E/EventHub( 1944): could not get driver version for /dev/input/mice, Not a typewriter
D/BluetoothManagerService( 1944): Loading stored name and address
D/BluetoothManagerService( 1944): Stored bluetooth Name=null,Address=null
I/SystemServer( 1944): Bluetooth Manager Service
I/SystemServer( 1944): Input Method Service
W/ResourceType( 1944): Failure getting entry for 0x7f060000 (t=5 e=0) in package 0 (error -75)
D/EventHub( 1944): No input device configuration file found for device 'Panda Headset Jack'.
I/EventHub( 1944): New device: id=1, fd=94, path='/dev/input/event1', name='Panda Headset Jack', classes=0x80, configuration='', keyLayout='', keyCharacterMap='', builtinKeyboard=false, usingSuspendBlockIoctl=false, usingClockIoctl=false
D/EventHub( 1944): No input device configuration file found for device ' USB OPTICAL MOUSE'.
I/EventHub( 1944): New device: id=2, fd=95, path='/dev/input/event2', name=' USB OPTICAL MOUSE', classes=0x80000008, configuration='', keyLayout='', keyCharacterMap='', builtinKeyboard=false, usingSuspendBlockIoctl=false, usingClockIoctl=false
E/EventHub( 1944): could not get driver version for /dev/input/mouse0, Not a typewriter
W/InputMethodManagerService( 1944): No IME selected. Choose the most applicable IME.
I/InputMethodManagerService( 1944): No default found, using com.android.inputmethod.latin/.LatinIME
D/EventHub( 1944): No input device configuration file found for device 'twl6040:vibrator'.
I/EventHub( 1944): New device: id=3, fd=96, path='/dev/input/event0', name='twl6040:vibrator', classes=0x200, configuration='', keyLayout='', keyCharacterMap='', builtinKeyboard=false, usingSuspendBlockIoctl=false, usingClockIoctl=false
I/InputReader( 1944): Device added: id=-1, name='Virtual', sources=0x00000301
I/InputReader( 1944): Device added: id=3, name='twl6040:vibrator', sources=0x00000000
I/SystemServer( 1944): Accessibility Manager
I/InputReader( 1944): Device added: id=2, name=' USB OPTICAL MOUSE', sources=0x00002002
I/InputReader( 1944): Device added: id=1, name='Panda Headset Jack', sources=0x80000000
I/InputReader( 1944): Reconfiguring input devices. changes=0x00000004
I/ActivityManager( 1944): Config changes=1df8 {1.0 ?mcc?mnc en_US ldltr sw720dp w1280dp h720dp 160dpi xlrg long land ?uimode ?night -touch -keyb/h/h -nav/h s.2}
I/ActivityManager( 1944): Config changes=500 {1.0 ?mcc?mnc en_US ldltr sw720dp w1280dp h647dp 160dpi lrg long land ?uimode ?night -touch -keyb/h/h -nav/h s.3}
I/SystemServer( 1944): Mount Service
D/MountService( 1944): got storage path: /storage/sdcard0 description: SD card primary: true removable: false emulated: false mtpReserve: 0 allowMassStorage: false maxFileSize: 4294967296
D/MountService( 1944): addVolumeLocked() StorageVolume [mStorageId=0 mPath=/storage/sdcard0 mDescriptionId=17040659 mPrimary=true mRemovable=false mEmulated=false mMtpReserveSpace=0 mAllowMassStorage=false mMaxFileSize=4294967296 mOwner=null]
I/SystemServer( 1944): LockSettingsService
I/SystemServer( 1944): Device Policy
I/SystemServer( 1944): Status Bar
I/SystemServer( 1944): Clipboard Service
I/SystemServer( 1944): NetworkManagement Service
W/MountService( 1944): Duplicate state transition (unmounted -> unmounted) for /storage/sdcard0
W/MountService( 1944): getSecureContainerList() called when storage not mounted
I/PackageManager( 1944): No secure containers on sdcard
I/SystemServer( 1944): Text Service Manager Service
W/PackageManager( 1944): Not granting permission android.permission.GLOBAL_SEARCH to package com.android.quicksearchbox (protectionLevel=18 flags=0x8be45)
W/PackageManager( 1944): Unknown permission com.google.android.gallery3d.permission.GALLERY_PROVIDER in package com.android.bluetooth
W/PackageManager( 1944): Unknown permission com.google.android.googleapps.permission.GOOGLE_AUTH in package com.android.providers.calendar
W/PackageManager( 1944): Unknown permission com.google.android.googleapps.permission.GOOGLE_AUTH.cl in package com.android.providers.calendar
W/PackageManager( 1944): Unknown permission com.google.android.googleapps.permission.GOOGLE_AUTH.mail in package com.android.calendar
W/PackageManager( 1944): Not granting permission android.permission.ACCESS_DOWNLOAD_MANAGER to package com.android.browser (protectionLevel=18 flags=0x9be45)
W/PackageManager( 1944): Not granting permission android.permission.SEND_DOWNLOAD_COMPLETED_INTENTS to package com.android.browser (protectionLevel=2 flags=0x9be45)
W/PackageManager( 1944): Not granting permission android.permission.BIND_WALLPAPER to package com.android.camera2 (protectionLevel=18 flags=0x18bc45)
W/PackageManager( 1944): Unknown permission android.permission.INSTALL_DRM in package com.android.mms
W/PackageManager( 1944): Unknown permission com.google.android.gallery3d.permission.PICASA_STORE in package com.android.dreams.phototable
W/PackageManager( 1944): Unknown permission com.google.android.googleapps.permission.GOOGLE_AUTH in package com.android.settings
D/dalvikvm( 1944): GC_CONCURRENT freed 327K, 59% free 4399K/10688K, paused 13ms+11ms, total 80ms
W/PackageManager( 1944): Unknown permission com.google.android.googleapps.permission.ACCESS_GOOGLE_PASSWORD in package com.android.development
W/PackageManager( 1944): Unknown permission com.google.android.googleapps.permission.GOOGLE_AUTH in package com.android.development
W/PackageManager( 1944): Unknown permission com.google.android.googleapps.permission.GOOGLE_AUTH.ALL_SERVICES in package com.android.development
W/PackageManager( 1944): Unknown permission com.google.android.googleapps.permission.GOOGLE_AUTH.YouTubeUser in package com.android.development
W/PackageManager( 1944): Not granting permission android.permission.DELETE_PACKAGES to package com.svox.pico (protectionLevel=18 flags=0x8be45)
W/PackageManager( 1944): Not granting permission android.permission.DEVICE_POWER to package com.android.deskclock (protectionLevel=2 flags=0x48be45)
I/SystemServer( 1944): NetworkStats Service
I/SystemServer( 1944): NetworkPolicy Service
I/SystemServer( 1944): Wi-Fi P2pService
I/SystemServer( 1944): Wi-Fi Service
I/SystemServer( 1944): Connectivity Service
D/ConnectivityService( 1944): ConnectivityService starting up
D/ConnectivityService( 1944): wifiOnly=false
E/ConnectivityService( 1944): Ignoring protectedNetwork 10
E/ConnectivityService( 1944): Ignoring protectedNetwork 11
E/ConnectivityService( 1944): Ignoring protectedNetwork 12
E/ConnectivityService( 1944): Ignoring protectedNetwork 14
D/CommandListener( 1339): Setting iface cfg
D/CommandListener( 1339): Trying to bring up eth0
D/WifiHW ( 1944): Unable to unload driver module "wl12xx_sdio": No such file or directory
D/dalvikvm( 1944): GC_CONCURRENT freed 286K, 58% free 4521K/10688K, paused 6ms+7ms, total 84ms
I/WifiService( 1944): WifiService starting up with Wi-Fi disabled
D/WifiWatchdogStateMachine( 1944): Disabling poor network avoidance for wi-fi only device
I/SystemServer( 1944): Network Service Discovery Service
D/NsdService( 1944): Network service discovery enabled true
I/SystemServer( 1944): UpdateLock Service
I/SystemServer( 1944): Notification Manager
I/SystemServer( 1944): Device Storage Monitor
I/SystemServer( 1944): Location Manager
I/SystemServer( 1944): Country Detector
I/SystemServer( 1944): Search Service
I/SystemServer( 1944): DropBox Service
I/SystemServer( 1944): Wallpaper Service
I/SystemServer( 1944): Audio Service
I/SystemServer( 1944): Dock Observer
W/DockObserver( 1944): This kernel does not have dock station support
I/SystemServer( 1944): Wired Accessory Manager
W/WiredAccessoryManager( 1944): This kernel does not have wired headset support
W/WiredAccessoryManager( 1944): This kernel does not have usb audio support
I/SystemServer( 1944): USB Service
I/SystemServer( 1944): Serial Service
I/SystemServer( 1944): Twilight Service
I/SystemServer( 1944): UI Mode Manager Service
I/SystemServer( 1944): Backup Service
V/BackupManagerService( 1944): Initializing package tracking
V/BackupManagerService( 1944): No ancestral data
V/BackupManagerService( 1944): addPackageParticipantsLocked: all
I/BackupManagerService( 1944): Scheduling backup for new app com.android.calendar
D/BackupManagerService( 1944): Now staging backup of com.android.calendar
I/BackupManagerService( 1944): Scheduling backup for new app com.android.browser
D/BackupManagerService( 1944): Now staging backup of com.android.browser
I/BackupManagerService( 1944): Scheduling backup for new app com.android.providers.userdictionary
D/BackupManagerService( 1944): Now staging backup of com.android.providers.userdictionary
I/BackupManagerService( 1944): Scheduling backup for new app com.android.sharedstoragebackup
D/BackupManagerService( 1944): Now staging backup of com.android.sharedstoragebackup
I/BackupManagerService( 1944): Scheduling backup for new app android
D/BackupManagerService( 1944): Now staging backup of android
I/BackupManagerService( 1944): Scheduling backup for new app com.android.providers.settings
D/BackupManagerService( 1944): Now staging backup of com.android.providers.settings
D/dalvikvm( 1944): GC_CONCURRENT freed 205K, 56% free 4713K/10688K, paused 8ms+17ms, total 94ms
V/BackupManagerService( 1944): Starting with transport android/com.android.internal.backup.LocalTransport
V/BackupManagerService( 1944): Found transports: 1
I/BackupManagerService( 1944): Binding to transport host ComponentInfo{android/com.android.internal.backup.LocalTransportService}
I/BackupManagerService( 1944): Backup enabled => false
I/BackupManagerService( 1944): Opting out of backup
I/SystemServer( 1944): AppWidget Service
I/SystemServer( 1944): Recognition Service
I/SystemServer( 1944): DiskStats Service
I/SystemServer( 1944): SamplingProfiler Service
I/SystemServer( 1944): NetworkTimeUpdateService
I/SystemServer( 1944): CommonTimeManagementService
I/SystemServer( 1944): CertBlacklister
D/Atlas ( 1944): Computing best atlas configuration...
D/Atlas ( 1944): Running Atlas Worker #1
I/WindowManager( 1944): SAFE MODE not enabled
D/dalvikvm( 1944): JIT started for system_server
I/SystemServer( 1944): Dreams Service
I/SystemServer( 1944): Assets Atlas Service
I/SystemServer( 1944): IdleMaintenanceService
I/SystemServer( 1944): Print Service
D/Atlas ( 1944): Running Atlas Worker #2
D/Atlas ( 1944): Found best atlas configuration in 0.07s
D/Atlas ( 1944): Loaded configuration: SliceMinArea (768x768) flags=0x2 count=25
E/SQLiteLog( 1944): (1) no such table: locksettings
I/LockSettingsService( 1944): Migrated lock settings to new location
I/LockSettingsService( 1944): Migrated per-user lock settings to new location
I/Zygote ( 1944): Process: zygote socket opened
V/KeyguardServiceDelegate( 1944): *** Keyguard started
V/KeyguardServiceDelegate( 1944): onSystemReady() called before keyguard service was ready
I/ActivityManager( 1944): Start proc com.android.systemui for service com.android.keyguard/.KeyguardService: pid=2022 uid=10001 gids={50001, 1028, 1015, 1035, 3002, 3001}
D/Atlas ( 1944): Rendered atlas in 250.85ms (4.52+246.34ms)
I/ActivityManager( 1944): Sending system update to ComponentInfo{com.android.providers.media/com.android.providers.media.MediaUpgradeReceiver} for user 0
I/ActivityManager( 1944): Sending system update to ComponentInfo{com.android.providers.calendar/com.android.providers.calendar.CalendarUpgradeReceiver} for user 0
I/ActivityManager( 1944): Sending system update to ComponentInfo{com.android.providers.contacts/com.android.providers.contacts.ContactsUpgradeReceiver} for user 0
I/SystemServer( 1944): Enabled StrictMode for system server main thread.
I/ActivityManager( 1944): Start proc android.process.media for broadcast com.android.providers.media/.MediaUpgradeReceiver: pid=2036 uid=10009 gids={50009, 1028, 1015, 1023, 1024, 2001, 3003, 3007}
I/PackageManager( 1944): Running dexopt on: com.android.keyguard
D/dalvikvm( 1944): GC_CONCURRENT freed 274K, 55% free 4824K/10688K, paused 19ms+8ms, total 95ms
D/dalvikvm( 2047): Note: class Landroid/app/ActivityManagerNative; has 179 unimplemented (abstract) methods
D/dalvikvm( 2047): DexOpt: load 209ms, verify+opt 375ms, 992252 bytes
I/Choreographer( 1944): Skipped 65 frames! The application may be doing too much work on its main thread.
I/PackageManager( 1944): Running dexopt on: com.android.providers.media
I/ActivityManager( 1944): Launching preboot mode app: ProcessRecord{4212a290 2036:android.process.media/u0a9}
W/InputMethodManagerService( 1944): Focus gain on non-focused client android.view.inputmethod.InputMethodManager$1@42164fb0 (uid=1000 pid=1944)
V/BackupManagerService( 1944): Connected to transport ComponentInfo{android/com.android.internal.backup.LocalTransportService}
V/BackupManagerService( 1944): Registering transport android/com.android.internal.backup.LocalTransportService::android/com.android.internal.backup.LocalTransport = com.android.internal.backup.LocalTransport@421e8998
D/dalvikvm( 2052): Note: class Landroid/app/ActivityManagerNative; has 179 unimplemented (abstract) methods
D/dalvikvm( 2052): DexOpt: load 9ms, verify+opt 88ms, 532332 bytes
V/KeyguardService( 2022): onCreate()
V/KeyguardServiceDelegate( 1944): *** Keyguard connected (yay!)
V/KeyguardServiceDelegate( 1944): **** SHOWN CALLED ****
E/WVMExtractor( 1344): Failed to open libwvm.so
I/ActivityManager( 1944): Start proc com.android.providers.calendar for broadcast com.android.providers.calendar/.CalendarUpgradeReceiver: pid=2057 uid=10013 gids={50013, 3003, 1028, 1015}
I/ActivityManager( 1944): Launching preboot mode app: ProcessRecord{42133700 2057:com.android.providers.calendar/u0a13}
I/PackageManager( 1944): Running dexopt on: com.android.providers.calendar
D/dalvikvm( 2074): Note: class Landroid/app/ActivityManagerNative; has 179 unimplemented (abstract) methods
D/dalvikvm( 2074): DexOpt: load 25ms, verify+opt 210ms, 622852 bytes
I/ActivityManager( 1944): Start proc android.process.acore for broadcast com.android.providers.contacts/.ContactsUpgradeReceiver: pid=2080 uid=10012 gids={50012, 3003, 1028, 1015}
I/ActivityManager( 1944): Launching preboot mode app: ProcessRecord{41fa7370 2080:android.process.acore/u0a12}
I/PackageManager( 1944): Running dexopt on: com.android.providers.contacts
D/dalvikvm( 2093): Note: class Landroid/app/ActivityManagerNative; has 179 unimplemented (abstract) methods
D/dalvikvm( 2093): DexOpt: load 31ms, verify+opt 356ms, 798188 bytes
I/ContactsUpgradeReceiver( 2080): Creating or opening contacts database
D/dalvikvm( 2080): GC_CONCURRENT freed 374K, 14% free 2813K/3268K, paused 3ms+1ms, total 23ms
I/ContactsDatabaseHelper( 2080): Bootstrapping database version: 803
D/dalvikvm( 2080): GC_CONCURRENT freed 332K, 13% free 2879K/3292K, paused 1ms+2ms, total 19ms
I/ContactsProviderV1( 2080): Bootstrapping database legacy support
I/ContactsDatabaseHelper( 2080): Bootstrapping database version: 803
D/dalvikvm( 2080): GC_CONCURRENT freed 340K, 13% free 2937K/3360K, paused 4ms+7ms, total 37ms
I/ContactsProviderV1( 2080): Bootstrapping database legacy support
I/ContactsProvider( 2080): Locale has changed from null to en_US
I/ContactsDatabaseHelper( 2080): Switching to locale en_US (ICU v51.1.0.1)
D/dalvikvm( 2080): GC_CONCURRENT freed 344K, 13% free 3022K/3444K, paused 2ms+4ms, total 31ms
I/ContactsDatabaseHelper( 2080): Locale change completed in 422ms
I/ContactsDatabaseHelper( 2080): Switching to locale en_US (ICU v51.1.0.1)
D/dalvikvm( 2080): GC_CONCURRENT freed 370K, 13% free 3057K/3512K, paused 1ms+2ms, total 21ms
D/ConnectivityService( 1944): ConnectivityChange for ETHERNET: CONNECTED/CONNECTED
E/ConnectivityService( 1944): Unexpected mtu value: android.net.EthernetDataTracker@41f68e68
D/Nat464Xlat( 1944): requiresClat: netType=9, hasIPv4Address=true
D/ConnectivityService( 1944): ConnectivityChange for ETHERNET: CONNECTED/CONNECTED
E/ConnectivityService( 1944): Unexpected mtu value: android.net.EthernetDataTracker@41f68e68
D/ConnectivityService( 1944): handleConnectivityChange: address are the same reset per doReset linkProperty[9]: resetMask=0
