D/BluetoothAdapterState( 2502): CURRENT_STATE=PENDING, MESSAGE = STARTED, isTurningOn=true, isTurningOff=false
I/bluedroid( 2502): enable
I/ActivityManager( 1944): Resuming delayed broadcast
I/bt_hci_bdroid( 2502): init
I/bt_vendor( 2502): init
I/bt_vnd_conf( 2502): Attempt to load conf from /etc/bluetooth/bt_vendor.conf
I/bt_vnd_conf( 2502): vnd_load_conf file >/etc/bluetooth/bt_vendor.conf< not found
E/bt_upio ( 2502): set_bluetooth_power : open(/sys/class/rfkill/rfkill0/state) for write failed: Permission denied (13)
E/bt_upio ( 2502): set_bluetooth_power : open(/sys/class/rfkill/rfkill0/state) for write failed: Permission denied (13)
I/bt_hci_bdroid( 2502): bt_hc_worker_thread started
I/bt_userial_vendor( 2502): userial vendor open: opening /dev/ttyO1
E/bt_userial_vendor( 2502): userial vendor open: unable to open /dev/ttyO1
E/bt_userial( 2502): userial_open: wrong numbers of open fd in vendor lib [0]!
E/bt_userial( 2502): userial_open: HCI UART expects only one open fd
D/AlertReceiver( 2399): onReceive: a=android.intent.action.BOOT_COMPLETED Intent { act=android.intent.action.BOOT_COMPLETED flg=0x8000010 cmp=com.android.calendar/.alerts.AlertReceiver (has extras) }
I/GKI_LINUX( 2502): gki_task_entry: gki_task_entry task_id=0 [BTU] starting
I/bt-btu ( 2502): btu_task pending for preload complete event
I/ActivityManager( 1944): Delay finish: com.android.calendar/.alerts.AlertReceiver
D/AlertUtils( 2399): Flushing old alerts from shared prefs table
D/AlertService( 2399): 0 Action = android.intent.action.BOOT_COMPLETED
D/AlertService( 2399): Scheduling next alarm with AlarmScheduler. sEventReminderReceived: null
I/MediaProvider( 2291): Upgrading media database from version 0 to 700, which will destroy all old data
D/AlarmScheduler( 2399): No events found starting within 1 week.
E/SQLiteLog( 2291): (1) no such table: files
D/dalvikvm( 2291): GC_CONCURRENT freed 247K, 10% free 3035K/3368K, paused 1ms+4ms, total 20ms
D/dalvikvm( 2335): GC_FOR_ALLOC freed 4200K, 36% free 7692K/11976K, paused 19ms, total 22ms
I/dalvikvm-heap( 2335): Grow heap (frag case) to 10.750MB for 3312656-byte allocation
D/dalvikvm( 2335): GC_FOR_ALLOC freed 1K, 9% free 10925K/11976K, paused 19ms, total 19ms
D/dalvikvm( 2335): GC_CONCURRENT freed 19K, 9% free 10907K/11976K, paused 2ms+4ms, total 31ms
V/tiny_hw ( 1344): out_write(0x4008d468) opening PCM
D/dalvikvm( 2335): GC_FOR_ALLOC freed 3239K, 36% free 7672K/11976K, paused 19ms, total 19ms
I/dalvikvm-heap( 2335): Grow heap (frag case) to 10.730MB for 3312656-byte allocation
D/dalvikvm( 2335): GC_FOR_ALLOC freed <1K, 9% free 10907K/11976K, paused 19ms, total 19ms
D/dalvikvm( 2335): GC_CONCURRENT freed 0K, 9% free 10907K/11976K, paused 2ms+3ms, total 21ms
E/BluetoothManagerService( 1944): waitForOnOff time out
D/BluetoothManagerService( 1944): Stored Bluetooth name: pandaboard
D/BluetoothManagerService( 1944): Stored Bluetoothaddress: 22:22:8C:17:92:DB
D/BluetoothAdapterState( 2502): CURRENT_STATE=PENDING, MESSAGE = USER_TURN_ON, isTurningOn=true, isTurningOff=false
I/BluetoothAdapterState( 2502): CURRENT_STATE=PENDING: Deferring request USER_TURN_OFF
E/bt-btif ( 2502): ...preload_wait_timeout (retried:0/max-retry:0)...
I/bt_hci_bdroid( 2502): bt_hc_worker_thread exiting
D/BTSNOOP-DISP( 2502): btsnoop_close
E/bt_upio ( 2502): set_bluetooth_power : open(/sys/class/rfkill/rfkill0/state) for write failed: Permission denied (13)
W/bt-btu ( 2502): btu_task start abort!
I/GKI_LINUX( 2502): gki_task_entry: gki_task task_id=0 [BTU] terminating
I/GKI_LINUX( 2502): GKI_exit_task: GKI_exit_task 0 done
I/GKI_LINUX( 2502): GKI_destroy_task: GKI_shutdown(): task [BTU] terminated
I/GKI_LINUX( 2502): GKI_exit_task: GKI_exit_task 1 done
I/GKI_LINUX( 2502): gki_task_entry: gki_task task_id=2 [A2DP-MEDIA] terminating
I/GKI_LINUX( 2502): GKI_exit_task: GKI_exit_task 2 done
I/GKI_LINUX( 2502): gki_task_entry: gki_task task_id=1 [BTIF] terminating
D/BluetoothAdapterState( 2502): CURRENT_STATE=PENDING, MESSAGE = DISABLED, isTurningOn=true, isTurningOff=false
E/BluetoothAdapterState( 2502): Error enabling Bluetooth - hardware init failed
D/HeadsetService( 2502): Received stop request...Stopping profile...
D/BluetoothHeadset( 1944): Proxy object disconnected
D/BluetoothHeadset( 2181): Proxy object disconnected
D/BluetoothHeadset( 2181): Proxy object disconnected
D/BluetoothHeadset( 2181): Proxy object disconnected
D/A2dpService( 2502): Received stop request...Stopping profile...
D/A2dpStateMachine( 2502): Exit Disconnected: -1
D/BluetoothA2dp( 1944): Proxy object disconnected
W/BluetoothHeadsetServiceJni( 2502): Cleaning up Bluetooth Handsfree Interface...
W/BluetoothHeadsetServiceJni( 2502): Cleaning up Bluetooth Handsfree callback object
D/HidService( 2502): Received stop request...Stopping profile...
D/BluetoothAdapterProperties( 2502): Setting state to 10
I/BluetoothAdapterState( 2502): Bluetooth adapter state changed: 11-> 10
D/BluetoothAdapterService( 2502): Broadcasting updateAdapterState() to 0 receivers.
I/BluetoothAdapterState( 2502): Entering OffState
D/BluetoothAdapterState( 2502): CURRENT_STATE=OFF, MESSAGE = USER_TURN_OFF
D/BluetoothInputDevice( 2193): Proxy object disconnected
D/HidProfile( 2193): Bluetooth service disconnected
D/HealthService( 2502): Received stop request...Stopping profile...
D/PanService( 2502): Received stop request...Stopping profile...
D/BluetoothPan( 2193): BluetoothPAN Proxy object disconnected
D/PanProfile( 2193): Bluetooth service disconnected
D/BtGatt.DebugUtils( 2502): handleDebugAction() action=null
D/BtGatt.GattService( 2502): Received stop request...Stopping profile...
D/BtGatt.GattService( 2502): stop()
D/BluetoothMapService( 2502): Received stop request...Stopping profile...
D/BluetoothMapService( 2502): stop()
D/BluetoothMapService( 2502): MAP Service closeService in
D/BluetoothMap( 2193): Proxy object disconnected
D/MapProfile( 2193): Bluetooth service disconnected
W/BluetoothHidServiceJni( 2502): Cleaning up Bluetooth HID Interface...
W/bt-btif ( 2502): cleanup: HH disabling or disabled already, status = 0
W/BluetoothHidServiceJni( 2502): Cleaning up Bluetooth GID callback object
W/BluetoothHealthServiceJni( 2502): Cleaning up Bluetooth Health Interface...
W/BluetoothHealthServiceJni( 2502): Cleaning up Bluetooth Health object
W/BluetoothPanServiceJni( 2502): Cleaning up Bluetooth PAN Interface...
W/BluetoothPanServiceJni( 2502): Cleaning up Bluetooth PAN callback object
D/BtGatt.GattService( 2502): cleanup()
W/bt-btif ( 2502): GATTC Module not enabled/already disabled
W/bt-btif ( 2502): GATTS Module not enabled/already disabled
D/BluetoothMapService( 2502): cleanup()
D/BluetoothMapService( 2502): MAP Service closeService in
D/BluetoothManagerService( 1944): unbindAndFinish(): android.bluetooth.IBluetooth$Stub$Proxy@4243e908 mBinding = false
D/BluetoothManagerService( 1944): Sending unbind request.
D/BluetoothAdapterService( 2502): Cleaning up adapter native....
I/BluetoothServiceJni( 2502): cleanupNative: return from cleanup
D/BluetoothAdapterService( 2502): Done cleaning up adapter native.... D/BluetoothAdapterService(1104796400)( 2502): ****onDestroy()********
D/dalvikvm( 2291): GC_CONCURRENT freed 294K, 11% free 3128K/3508K, paused 1ms+3ms, total 23ms
D/dalvikvm( 2335): GC_FOR_ALLOC freed 3446K, 34% free 8101K/12120K, paused 32ms, total 32ms
I/dalvikvm-heap( 2335): Grow heap (frag case) to 11.149MB for 3312656-byte allocation
D/dalvikvm( 2335): GC_FOR_ALLOC freed 1K, 7% free 11335K/12120K, paused 31ms, total 31ms
D/dalvikvm( 2335): GC_CONCURRENT freed 11K, 6% free 11538K/12264K, paused 2ms+7ms, total 80ms
E/MetadataRetrieverClient( 1344): failed to extract an album art
E/MetadataRetrieverClient( 1344): failed to extract an album art
I/Choreographer( 2335): Skipped 44 frames! The application may be doing too much work on its main thread.
D/dalvikvm( 2335): GC_FOR_ALLOC freed 274K, 7% free 12031K/12892K, paused 34ms, total 34ms
I/dalvikvm-heap( 2335): Grow heap (frag case) to 14.987MB for 3312656-byte allocation
D/dalvikvm( 2291): GC_CONCURRENT freed 436K, 15% free 3140K/3660K, paused 3ms+6ms, total 37ms
D/dalvikvm( 2335): GC_FOR_ALLOC freed 2K, 6% free 15264K/16128K, paused 25ms, total 25ms
D/dalvikvm( 2335): GC_CONCURRENT freed 29K, 6% free 15283K/16128K, paused 4ms+4ms, total 41ms
D/dalvikvm( 2291): GC_CONCURRENT freed 421K, 15% free 3123K/3660K, paused 3ms+2ms, total 21ms
D/btif_config_util( 2502): btif_config_save_file(L153): in file name:/data/misc/bluedroid/bt_config.new
W/BackupManagerService( 1944): dataChanged but no participant pkg='com.android.providers.settings' uid=10009
D/dalvikvm( 2335): GC_FOR_ALLOC freed 3390K, 26% free 11972K/16128K, paused 38ms, total 38ms
I/dalvikvm-heap( 2335): Grow heap (frag case) to 14.929MB for 3312656-byte allocation
D/dalvikvm( 2335): GC_CONCURRENT freed <1K, 6% free 15207K/16128K, paused 12ms+8ms, total 58ms
D/dalvikvm( 2335): WAIT_FOR_CONCURRENT_GC blocked 46ms
D/dalvikvm( 2335): WAIT_FOR_CONCURRENT_GC blocked 46ms
D/dalvikvm( 2335): GC_FOR_ALLOC freed 3238K, 7% free 11971K/12872K, paused 19ms, total 19ms
I/dalvikvm-heap( 2335): Grow heap (frag case) to 14.929MB for 3312656-byte allocation
D/dalvikvm( 2335): GC_FOR_ALLOC freed 0K, 6% free 15206K/16108K, paused 20ms, total 20ms
D/dalvikvm( 2335): GC_CONCURRENT freed <1K, 6% free 15206K/16108K, paused 2ms+3ms, total 42ms
I/ActivityManager( 1944): START u0 {act=android.intent.action.MAIN cat=[android.intent.category.LAUNCHER] flg=0x10200000 cmp=com.android.settings/.Settings} from pid 2335
D/PermissionCache( 1341): checking android.permission.READ_FRAME_BUFFER for uid=1000 => granted (213 us)
W/ResourceType( 1944): CREATING STRING CACHE OF 72 bytes
D/dalvikvm( 1944): GC_CONCURRENT freed 332K, 47% free 5727K/10612K, paused 3ms+20ms, total 96ms
D/dalvikvm( 2193): GC_CONCURRENT freed 279K, 12% free 2830K/3188K, paused 8ms+10ms, total 66ms
W/ResourceType( 2193): CREATING STRING CACHE OF 72 bytes
D/dalvikvm( 2193): GC_FOR_ALLOC freed 11K, 9% free 2913K/3188K, paused 19ms, total 28ms
W/ResourceType( 2193): CREATING STRING CACHE OF 124 bytes
I/InputReader( 1944): Reconfiguring input devices. changes=0x00000010
I/Launcher( 2335): Deferring update until onResume
I/Launcher( 2335): Deferring update until onResume
D/dalvikvm( 2193): GC_CONCURRENT freed 88K, 6% free 3296K/3472K, paused 3ms+4ms, total 61ms
D/BluetoothAdapter( 2193): 1104897656: getState() : mService = null. Returning STATE_OFF
I/InputDispatcher( 1944): Dropping event because there is no touchable window at (576, 383).
D/dalvikvm( 2291): GC_CONCURRENT freed 371K, 15% free 3140K/3660K, paused 1ms+3ms, total 21ms
D/OpenGLRenderer( 2193): Enabling debug mode 0
D/BluetoothAdapter( 2193): 1104897656: getState() : mService = null. Returning STATE_OFF
E/MetadataRetrieverClient( 1344): failed to extract an album art
D/dalvikvm( 2291): GC_CONCURRENT freed 427K, 16% free 3107K/3660K, paused 3ms+4ms, total 39ms
E/MetadataRetrieverClient( 1344): failed to extract an album art
I/ActivityManager( 1944): Displayed com.android.settings/.Settings: +1s386ms
W/BackupManagerService( 1944): dataChanged but no participant pkg='com.android.providers.settings' uid=10009
D/dalvikvm( 2291): GC_CONCURRENT freed 431K, 17% free 3068K/3660K, paused 1ms+3ms, total 23ms
D/dalvikvm( 2193): GC_CONCURRENT freed 149K, 7% free 3543K/3772K, paused 5ms+4ms, total 31ms
D/dalvikvm( 2291): GC_CONCURRENT freed 383K, 16% free 3108K/3660K, paused 2ms+4ms, total 25ms
E/MetadataRetrieverClient( 1344): failed to extract an album art
E/MetadataRetrieverClient( 1344): failed to extract an album art
W/BackupManagerService( 1944): dataChanged but no participant pkg='com.android.providers.settings' uid=10009
V/tiny_hw ( 1344): out_standby(0x4008d468) closing PCM
D/dalvikvm( 2291): GC_CONCURRENT freed 455K, 17% free 3072K/3660K, paused 2ms+3ms, total 23ms
W/MediaScanner( 2291): Error opening directory '/storage/sdcard0/.android_secure/', skipping: Permission denied.
V/MediaScanner( 2291): pruneDeadThumbnailFiles... android.database.sqlite.SQLiteCursor@41e2f4a8
V/MediaScanner( 2291): /pruneDeadThumbnailFiles... android.database.sqlite.SQLiteCursor@41e2f4a8
I/ActivityManager( 1944): Resuming delayed broadcast
I/ActivityManager( 1944): Start proc com.android.gallery3d for broadcast com.android.gallery3d/com.android.camera.DisableCameraReceiver: pid=2606 uid=10023 gids={50023, 3003, 1028, 1015}
I/PackageManager( 1944): Running dexopt on: com.android.gallery3d
V/tiny_hw ( 1344): out_write(0x4008d468) opening PCM
D/dalvikvm( 2619): DexOpt: 'Landroid/util/Pools$Pool;' has an earlier definition; blocking out
D/dalvikvm( 2619): DexOpt: 'Landroid/util/Pools$SimplePool;' has an earlier definition; blocking out
D/dalvikvm( 2619): DexOpt: 'Landroid/util/Pools$SynchronizedPool;' has an earlier definition; blocking out
D/dalvikvm( 2619): DexOpt: 'Landroid/util/Pools;' has an earlier definition; blocking out
D/dalvikvm( 2619): DexOpt: not verifying/optimizing 'Landroid/util/Pools$Pool;': multiple definitions
D/dalvikvm( 2619): DexOpt: not verifying/optimizing 'Landroid/util/Pools$SimplePool;': multiple definitions
D/dalvikvm( 2619): DexOpt: not verifying/optimizing 'Landroid/util/Pools$SynchronizedPool;': multiple definitions
D/dalvikvm( 2619): DexOpt: not verifying/optimizing 'Landroid/util/Pools;': multiple definitions
I/dalvikvm( 2619): DexOpt: not resolving ambiguous class 'Landroid/util/Pools$SynchronizedPool;'
I/dalvikvm( 2619): DexOpt: not resolving ambiguous class 'Landroid/util/Pools$SimplePool;'
I/dalvikvm( 2619): DexOpt: not resolving ambiguous class 'Landroid/util/Pools$Pool;'
I/dalvikvm( 2619): DexOpt: not resolving ambiguous class 'Landroid/util/Pools$SynchronizedPool;'
D/dalvikvm( 2619): DexOpt: load 203ms, verify+opt 706ms, 2326484 bytes
I/ActivityManager( 1944): START u0 {act=android.intent.action.MAIN cmp=com.android.settings/.SubSettings (has extras)} from pid 2193
D/dalvikvm( 1944): GC_CONCURRENT freed 564K, 45% free 5905K/10612K, paused 2ms+5ms, total 45ms
D/dalvikvm( 1944): WAIT_FOR_CONCURRENT_GC blocked 42ms
I/Choreographer( 2193): Skipped 89 frames! The application may be doing too much work on its main thread.
D/DOMX ( 1344): ERROR: Can't open misc driver device 0x2
D/DOMX ( 1344):
D/DOMX ( 1344): ERROR: Can't read from the misc driver
D/DOMX ( 1344): ERROR: Can't close the misc driver
W/ResourceType( 2193): CREATING STRING CACHE OF 72 bytes
W/ResourceType( 2193): CREATING STRING CACHE OF 124 bytes
D/SubSettings( 2193): Launching fragment com.android.settings.DisplaySettings
W/DreamManagerService( 1944): Dream ComponentInfo{com.google.android.deskclock/com.android.deskclock.Screensaver} does not exist
W/DreamManagerService( 1944): Falling back to default dream ComponentInfo{com.google.android.deskclock/com.android.deskclock.Screensaver}
I/ActivityManager( 1944): Waited long enough for: ServiceRecord{41ed4030 u0 com.android.music/.MediaPlaybackService}
I/ActivityManager( 1944): Displayed com.android.settings/.SubSettings: +425ms
I/ActivityManager( 1944): Waited long enough for: ServiceRecord{420890b8 u0 com.android.calendar/.alerts.InitAlarmsService}
W/ResourceType( 2193): CREATING STRING CACHE OF 56 bytes
D/dalvikvm( 2193): GC_CONCURRENT freed 175K, 7% free 3777K/4032K, paused 13ms+7ms, total 55ms
W/InputMethodManagerService( 1944): Window already focused, ignoring focus gain of: com.android.internal.view.IInputMethodClient$Stub$Proxy@421ea100 attribute=null, token = android.os.BinderProxy@42073f78
D/dalvikvm( 2022): GC_CONCURRENT freed 204K, 7% free 4188K/4472K, paused 5ms+8ms, total 56ms
I/ActivityManager( 1944): START u0 {act=android.intent.action.MAIN cat=[android.intent.category.HOME] flg=0x10200000 cmp=com.android.launcher/com.android.launcher2.Launcher} from pid 1944
D/dalvikvm( 1944): GC_CONCURRENT freed 869K, 46% free 5819K/10612K, paused 21ms+11ms, total 206ms
V/tiny_hw ( 1344): out_standby(0x4008d468) closing PCM
D/DOMX ( 1344): ERROR: Can't open device, errorno from open = 2
D/DOMX ( 1344): ERROR: DOMX Write failed 0xffffffff -1
D/DOMX ( 1344): ERROR: failed check:status >= 0 - returning error: 0x81001 - Write failed
D/DOMX ( 1344): ERROR: RPC function returned error 0x81001
E/ion ( 1344): open /dev/ion failed!
D/DOMX ( 1344): ERROR: Close failed on omx fd
D/DOMX ( 1344): ERROR: ror in Initializing Proxy
E/CameraHAL( 1344): OMX_GetHandle() failed, error: 0x80001001
D/DOMX ( 1344): ERROR: Can't open misc driver device 0x2
D/DOMX ( 1344):
D/DOMX ( 1344): ERROR: Can't read from the misc driver
D/DOMX ( 1344): ERROR: Can't close the misc driver
D/InitAlarmsService( 2399): Clearing and rescheduling alarms.
D/DOMX ( 1344): ERROR: Can't open device, errorno from open = 2
D/DOMX ( 1344): ERROR: DOMX Write failed 0xffffffff -1
D/DOMX ( 1344): ERROR: failed check:status >= 0 - returning error: 0x81001 - Write failed
D/DOMX ( 1344): ERROR: RPC function returned error 0x81001
E/ion ( 1344): open /dev/ion failed!
D/DOMX ( 1344): ERROR: Close failed on omx fd
D/DOMX ( 1344): ERROR: ror in Initializing Proxy
E/CameraHAL( 1344): OMX_GetHandle() failed, error: 0x80001001
D/DOMX ( 1344): ERROR: Can't open misc driver device 0x2
D/DOMX ( 1344):
D/DOMX ( 1344): ERROR: Can't read from the misc driver
D/DOMX ( 1344): ERROR: Can't close the misc driver
I/MediaFocusControl( 1944): AudioFocus abandonAudioFocus() from android.media.AudioManager@41d95d70com.android.music.MediaPlaybackService$3@41d94bf0
D/DOMX ( 1344): ERROR: Can't open device, errorno from open = 2
D/DOMX ( 1344): ERROR: DOMX Write failed 0xffffffff -1
D/DOMX ( 1344): ERROR: failed check:status >= 0 - returning error: 0x81001 - Write failed
D/DOMX ( 1344): ERROR: RPC function returned error 0x81001
E/ion ( 1344): open /dev/ion failed!
D/DOMX ( 1344): ERROR: Close failed on omx fd
D/DOMX ( 1344): ERROR: ror in Initializing Proxy
E/CameraHAL( 1344): OMX_GetHandle() failed, error: 0x80001001
D/DOMX ( 1344): ERROR: Can't open misc driver device 0x2
D/DOMX ( 1344):
D/DOMX ( 1344): ERROR: Can't read from the misc driver
D/DOMX ( 1344): ERROR: Can't close the misc driver
D/DOMX ( 1344): ERROR: Can't open device, errorno from open = 2
D/DOMX ( 1344): ERROR: DOMX Write failed 0xffffffff -1
D/DOMX ( 1344): ERROR: failed check:status >= 0 - returning error: 0x81001 - Write failed
D/DOMX ( 1344): ERROR: RPC function returned error 0x81001
E/ion ( 1344): open /dev/ion failed!
D/DOMX ( 1344): ERROR: Close failed on omx fd
D/DOMX ( 1344): ERROR: ror in Initializing Proxy
E/CameraHAL( 1344): OMX_GetHandle() failed, error: 0x80001001
D/DOMX ( 1344): ERROR: Can't open misc driver device 0x2
D/DOMX ( 1344):
D/DOMX ( 1344): ERROR: Can't read from the misc driver
D/DOMX ( 1344): ERROR: Can't close the misc driver
D/DOMX ( 1344): ERROR: Can't open device, errorno from open = 2
D/DOMX ( 1344): ERROR: DOMX Write failed 0xffffffff -1
D/DOMX ( 1344): ERROR: failed check:status >= 0 - returning error: 0x81001 - Write failed
D/DOMX ( 1344): ERROR: RPC function returned error 0x81001
E/ion ( 1344): open /dev/ion failed!
D/DOMX ( 1344): ERROR: Close failed on omx fd
D/DOMX ( 1344): ERROR: ror in Initializing Proxy
E/CameraHAL( 1344): OMX_GetHandle() failed, error: 0x80001001
E/CameraHAL( 1344): OMX_GetHandle -0x80001001
E/ ( 1344): num_cameras = 0
E/CameraHAL( 1344): Couldn't get camera properties
D/AndroidRuntime( 2606): Shutting down VM
W/dalvikvm( 2606): threadid=1: thread exiting with uncaught exception (group=0x41adcb90)
E/AndroidRuntime( 2606): FATAL EXCEPTION: main
E/AndroidRuntime( 2606): Process: com.android.gallery3d, PID: 2606
E/AndroidRuntime( 2606): java.lang.RuntimeException: Unable to start receiver com.android.camera.DisableCameraReceiver: java.lang.RuntimeException: Fail to get camera info
E/AndroidRuntime( 2606): at android.app.ActivityThread.handleReceiver(ActivityThread.java:2407)
E/AndroidRuntime( 2606): at android.app.ActivityThread.access$1600(ActivityThread.java:135)
E/AndroidRuntime( 2606): at android.app.ActivityThread$H.handleMessage(ActivityThread.java:1473)
E/AndroidRuntime( 2606): at android.os.Handler.dispatchMessage(Handler.java:102)
E/AndroidRuntime( 2606): at android.os.Looper.loop(Looper.java:137)
E/AndroidRuntime( 2606): at android.app.ActivityThread.main(ActivityThread.java:4998)
E/AndroidRuntime( 2606): at java.lang.reflect.Method.invokeNative(Native Method)
E/AndroidRuntime( 2606): at java.lang.reflect.Method.invoke(Method.java:515)
E/AndroidRuntime( 2606): at com.android.internal.os.ZygoteInit$MethodAndArgsCaller.run(ZygoteInit.java:777)
E/AndroidRuntime( 2606): at com.android.internal.os.ZygoteInit.main(ZygoteInit.java:593)
E/AndroidRuntime( 2606): at dalvik.system.NativeStart.main(Native Method)
E/AndroidRuntime( 2606): Caused by: java.lang.RuntimeException: Fail to get camera info
E/AndroidRuntime( 2606): at android.hardware.Camera._getCameraInfo(Native Method)
E/AndroidRuntime( 2606): at android.hardware.Camera.getCameraInfo(Camera.java:208)
E/AndroidRuntime( 2606): at com.android.camera.DisableCameraReceiver.hasBackCamera(DisableCameraReceiver.java:65)
E/AndroidRuntime( 2606): at com.android.camera.DisableCameraReceiver.onReceive(DisableCameraReceiver.java:40)
E/AndroidRuntime( 2606): at android.app.ActivityThread.handleReceiver(ActivityThread.java:2400)
E/AndroidRuntime( 2606): ... 10 more
I/Process ( 2606): Sending signal. PID: 2606 SIG: 9
I/ActivityManager( 1944): Start proc com.android.camera2 for broadcast com.android.camera2/com.android.camera.DisableCameraReceiver: pid=2640 uid=10026 gids={50026, 3003, 1028, 1015}
I/ActivityManager( 1944): Process com.android.gallery3d (pid 2606) has died.
I/PackageManager( 1944): Running dexopt on: com.android.camera2
D/dalvikvm( 2653): DexOpt: load 92ms, verify+opt 364ms, 1259708 bytes
I/Email ( 2410): Onetime initialization: 1
I/Email ( 2410): Onetime initialization: 2
I/Email ( 2410): Onetime initialization: completed.
D/dalvikvm( 2640): WAIT_FOR_CONCURRENT_GC blocked 1ms
E/CameraHAL( 1344): Couldn't get camera properties
D/AndroidRuntime( 2640): Shutting down VM
W/dalvikvm( 2640): threadid=1: thread exiting with uncaught exception (group=0x41adcb90)
I/LauncherIconVisibilityManager( 2158): Boot has been completed
E/AndroidRuntime( 2640): FATAL EXCEPTION: main
E/AndroidRuntime( 2640): Process: com.android.camera2, PID: 2640
E/AndroidRuntime( 2640): java.lang.RuntimeException: Unable to start receiver com.android.camera.DisableCameraReceiver: java.lang.RuntimeException: Fail to get camera info
E/AndroidRuntime( 2640): at android.app.ActivityThread.handleReceiver(ActivityThread.java:2407)
E/AndroidRuntime( 2640): at android.app.ActivityThread.access$1600(ActivityThread.java:135)
E/AndroidRuntime( 2640): at android.app.ActivityThread$H.handleMessage(ActivityThread.java:1473)
E/AndroidRuntime( 2640): at android.os.Handler.dispatchMessage(Handler.java:102)
E/AndroidRuntime( 2640): at android.os.Looper.loop(Looper.java:137)
E/AndroidRuntime( 2640): at android.app.ActivityThread.main(ActivityThread.java:4998)
E/AndroidRuntime( 2640): at java.lang.reflect.Method.invokeNative(Native Method)
E/AndroidRuntime( 2640): at java.lang.reflect.Method.invoke(Method.java:515)
E/AndroidRuntime( 2640): at com.android.internal.os.ZygoteInit$MethodAndArgsCaller.run(ZygoteInit.java:777)
E/AndroidRuntime( 2640): at com.android.internal.os.ZygoteInit.main(ZygoteInit.java:593)
E/AndroidRuntime( 2640): at dalvik.system.NativeStart.main(Native Method)
E/AndroidRuntime( 2640): Caused by: java.lang.RuntimeException: Fail to get camera info
E/AndroidRuntime( 2640): at android.hardware.Camera._getCameraInfo(Native Method)
E/AndroidRuntime( 2640): at android.hardware.Camera.getCameraInfo(Camera.java:208)
E/AndroidRuntime( 2640): at com.android.camera.DisableCameraReceiver.hasBackCamera(DisableCameraReceiver.java:65)
E/AndroidRuntime( 2640): at com.android.camera.DisableCameraReceiver.onReceive(DisableCameraReceiver.java:40)
E/AndroidRuntime( 2640): at android.app.ActivityThread.handleReceiver(ActivityThread.java:2400)
E/AndroidRuntime( 2640): ... 10 more
I/LauncherIconVisibilityManager( 2158): Disable activity: ComponentInfo{com.android.inputmethod.latin/com.android.inputmethod.latin.setup.SetupActivity}
I/Process ( 2640): Sending signal. PID: 2640 SIG: 9
I/ActivityManager( 1944): Process com.android.camera2 (pid 2640) has died.
V/AlarmClock( 2448): AlarmInitReceiver android.intent.action.BOOT_COMPLETED
V/AlarmClock( 2448): AlarmInitReceiver - Reset timers and clear stopwatch data
V/AlarmClock( 2448): AlarmInitReceiver - resetting volume button default
I/AlarmClock( 2448): Displaying next alarm time: ''
V/AlarmClock( 2448): AlarmInitReceiver finished
I/ActivityManager( 1944): Start proc com.android.gallery3d for broadcast com.android.gallery3d/.app.PackagesMonitor: pid=2659 uid=10023 gids={50023, 3003, 1028, 1015}
D/AlertReceiver( 2399): onReceive: a=android.intent.action.PROVIDER_CHANGED Intent { act=android.intent.action.PROVIDER_CHANGED dat=content://com.android.calendar flg=0x10 cmp=com.android.calendar/.alerts.AlertReceiver }
D/AlertService( 2399): 0 Action = android.intent.action.PROVIDER_CHANGED
I/ActivityManager( 1944): Delay finish: com.android.providers.calendar/.CalendarProviderBroadcastReceiver
D/dalvikvm( 2437): GC_CONCURRENT freed 223K, 10% free 2905K/3212K, paused 1ms+1ms, total 25ms
I/ActivityManager( 1944): Resuming delayed broadcast
D/ConnectivityService( 1944): Sampling interval elapsed, updating statistics ..
D/ConnectivityService( 1944): Done.
D/ConnectivityService( 1944): Setting timer for 720seconds
I/ActivityManager( 1944): Delay finish: com.android.providers.calendar/.CalendarProviderBroadcastReceiver
I/ActivityManager( 1944): Resuming delayed broadcast
I/ActivityManager( 1944): Start proc com.android.musicfx for broadcast com.android.musicfx/.ControlPanelReceiver: pid=2678 uid=10002 gids={50002, 3003, 3002}
I/PackageManager( 1944): Running dexopt on: com.android.musicfx
D/dalvikvm( 2691): DexOpt: load 12ms, verify+opt 112ms, 540508 bytes
V/MusicFXControlPanelReceiver( 2678): onReceive
V/MusicFXControlPanelReceiver( 2678): Action: android.media.action.CLOSE_AUDIO_EFFECT_CONTROL_SESSION
V/MusicFXControlPanelReceiver( 2678): Package name: com.android.music
V/MusicFXControlPanelReceiver( 2678): Audio session: 4
V/MusicFXControlPanelEffect( 2678): closeSession(android.app.ReceiverRestrictedContext@41d97b98, com.android.music, 4)
I/GlobalDismissManager( 2399): no sender configured
D/AlertService( 2399): Beginning updateAlertNotification
D/AlertService( 2399): No fired or scheduled alerts
D/AlertService( 2399): Scheduling next alarm with AlarmScheduler. sEventReminderReceived: null
D/AlarmScheduler( 2399): No events found starting within 1 week.
I/InputReader( 1944): Reconfiguring input devices. changes=0x00000010
I/InputReader( 1944): Reconfiguring input devices. changes=0x00000010
D/dalvikvm( 1944): GC_CONCURRENT freed 593K, 45% free 5884K/10612K, paused 7ms+13ms, total 110ms
V/tiny_hw ( 1344): out_write(0x4008d468) opening PCM
E/tiny_hw ( 1344): out_write(0x4008d468) failed: -32
E/tiny_hw ( 1344): out_write(0x4008d468) failed: -32
E/tiny_hw ( 1344): out_write(0x4008d468) failed: -32
E/tiny_hw ( 1344): out_write(0x4008d468) failed: -32
E/tiny_hw ( 1344): out_write(0x4008d468) failed: -32
E/tiny_hw ( 1344): out_write(0x4008d468) failed: -32
E/tiny_hw ( 1344): out_write(0x4008d468) failed: -32
E/tiny_hw ( 1344): out_write(0x4008d468) failed: -32
V/tiny_hw ( 1344): out_standby(0x4008d468) closing PCM
V/tiny_hw ( 1344): out_write(0x4008d468) opening PCM
I/ActivityManager( 1944): START u0 {act=android.intent.action.MAIN cat=[android.intent.category.LAUNCHER] flg=0x10200000 cmp=com.android.settings/.Settings} from pid 2335
D/BluetoothAdapter( 2193): 1104897656: getState() : mService = null. Returning STATE_OFF
I/Choreographer( 2193): Skipped 32 frames! The application may be doing too much work on its main thread.
E/tiny_hw ( 1344): out_write(0x4008d468) failed: -32
E/tiny_hw ( 1344): out_write(0x4008d468) failed: -32
V/tiny_hw ( 1344): out_standby(0x4008d468) closing PCM
D/WifiService( 1944): setWifiEnabled: true pid=2193, uid=1000
E/WifiStateMachine( 1944): Failed to reload STA firmware java.lang.IllegalArgumentException: command '14 softap fwreload wlan0 STA' failed with '501 14 SoftAP command has failed'
D/CommandListener( 1339): Setting iface cfg
D/CommandListener( 1339): Trying to bring down wlan0
D/WifiMonitor( 1944): startMonitoring(wlan0) with mConnected = false
D/BluetoothAdapter( 2193): 1104897656: getState() : mService = null. Returning STATE_OFF
I/wpa_supplicant( 2732): Successfully initialized wpa_supplicant
I/wpa_supplicant( 2732): rfkill: Cannot open RFKILL control device
D/WifiConfigStore( 1944): Loading config and enabling all networks
E/WifiConfigStore( 1944): Error parsing configurationjava.io.FileNotFoundException: /data/misc/wifi/ipconfig.txt: open failed: ENOENT (No such file or directory)
E/WifiStateMachine( 1944): Failed to set device name pandaboard
E/WifiStateMachine( 1944): Failed to set manufacturer unknown
E/WifiStateMachine( 1944): Failed to set model name pandaboard
E/WifiStateMachine( 1944): Failed to set model number pandaboard
E/WifiStateMachine( 1944): Failed to set serial number
E/WifiStateMachine( 1944): Failed to set WPS config methods
E/WifiStateMachine( 1944): Failed to set primary device type 10-0050F204-5
E/WifiStateMachine( 1944): Failed to set frequency band 0
D/BluetoothAdapter( 2193): 1104897656: getState() : mService = null. Returning STATE_OFF
I/ActivityManager( 1944): START u0 {act=android.intent.action.MAIN cmp=com.android.settings/.SubSettings (has extras)} from pid 2193
V/tiny_hw ( 1344): out_write(0x4008d468) opening PCM
D/dalvikvm( 1944): GC_CONCURRENT freed 651K, 44% free 5995K/10612K, paused 5ms+11ms, total 95ms
D/dalvikvm( 1944): WAIT_FOR_CONCURRENT_GC blocked 91ms
W/ResourceType( 2193): CREATING STRING CACHE OF 72 bytes
D/dalvikvm( 2193): GC_CONCURRENT freed 305K, 9% free 3878K/4256K, paused 15ms+11ms, total 59ms
W/ResourceType( 2193): CREATING STRING CACHE OF 124 bytes
D/SubSettings( 2193): Launching fragment com.android.settings.wifi.WifiSettings
I/ActivityManager( 1944): Displayed com.android.settings/.SubSettings: +614ms
E/tiny_hw ( 1344): out_write(0x4008d468) failed: -32
E/tiny_hw ( 1344): out_write(0x4008d468) failed: -32
E/tiny_hw ( 1344): out_write(0x4008d468) failed: -32
E/tiny_hw ( 1344): out_write(0x4008d468) failed: -32
E/tiny_hw ( 1344): out_write(0x4008d468) failed: -32
E/tiny_hw ( 1344): out_write(0x4008d468) failed: -32
E/tiny_hw ( 1344): out_write(0x4008d468) failed: -32
E/tiny_hw ( 1344): out_write(0x4008d468) failed: -32
V/tiny_hw ( 1344): out_standby(0x4008d468) closing PCM
D/ConnectivityService( 1944): Sampling interval elapsed, updating statistics ..
D/ConnectivityService( 1944): Done.
D/ConnectivityService( 1944): Setting timer for 720seconds
I/ActivityManager( 1944): START u0 {act=android.intent.action.MAIN cat=[android.intent.category.HOME] flg=0x10200000 cmp=com.android.launcher/com.android.launcher2.Launcher} from pid 1944
V/tiny_hw ( 1344): out_write(0x4008d468) opening PCM
D/dalvikvm( 1944): GC_CONCURRENT freed 805K, 45% free 5891K/10612K, paused 6ms+8ms, total 111ms
V/tiny_hw ( 1344): out_standby(0x4008d468) closing PCM