1|root@arndale:/data # logcat --------- beginning of /dev/log/main
E/healthd ( 2159): Could not open /sys/class/power_supply
E/healthd ( 2159): No charger supplies found
W/healthd ( 2159): BatteryStatusPath not found
W/healthd ( 2159): BatteryHealthPath not found
W/healthd ( 2159): BatteryPresentPath not found
W/healthd ( 2159): BatteryCapacityPath not found
W/healthd ( 2159): BatteryVoltagePath not found
W/healthd ( 2159): BatteryTemperaturePath not found
W/healthd ( 2159): BatteryTechnologyPath not found
I/DEBUG ( 2164): debuggerd: Jan 26 2014 17:41:07
I/installd( 2169): installd firing up --------- beginning of /dev/log/system
I/Vold ( 2162): Vold 2.1 (the revenge) firing up
D/Vold ( 2162): Volume sdcard0 state changing -1 (Initializing) -> 0 (No-Media)
I/Netd ( 2163): Netd 1.0 starting
W/InterfaceController( 2163): Warning (dlopen failed: library "/system/lib/libnetcmdiface.so" not found) while opening the net interface command library
D/Vold ( 2162): Volume sdcard0 state changing 0 (No-Media) -> 2 (Pending)
D/Vold ( 2162): Volume sdcard0 state changing 2 (Pending) -> 1 (Idle-Unmounted)
I/iptables( 2163): iptables terminated by exit(3)
E/Netd ( 2163): exec() res=0, status=768 for /system/bin/iptables -t filter -N bw_INPUT
I/ip6tables( 2163): ip6tables terminated by exit(3)
E/Netd ( 2163): exec() res=0, status=768 for /system/bin/ip6tables -t filter -N bw_INPUT
I/iptables( 2163): iptables terminated by exit(3)
E/Netd ( 2163): exec() res=0, status=768 for /system/bin/iptables -t filter -A INPUT -j bw_INPUT
I/ip6tables( 2163): ip6tables terminated by exit(3)
E/Netd ( 2163): exec() res=0, status=768 for /system/bin/ip6tables -t filter -A INPUT -j bw_INPUT
I/SurfaceFlinger( 2165): SurfaceFlinger is starting
I/SurfaceFlinger( 2165): SurfaceFlinger's main thread ready to run. Initializing graphics H/W...
D/libEGL ( 2165): No GPU support detected. Fallback to software renderer.
I/iptables( 2163): iptables terminated by exit(3)
E/Netd ( 2163): exec() res=0, status=768 for /system/bin/iptables -t filter -N fw_INPUT
I/ip6tables( 2163): ip6tables terminated by exit(3)
E/Netd ( 2163): exec() res=0, status=768 for /system/bin/ip6tables -t filter -N fw_INPUT
I/iptables( 2163): iptables terminated by exit(3)
E/Netd ( 2163): exec() res=0, status=768 for /system/bin/iptables -t filter -A INPUT -j fw_INPUT
I/ip6tables( 2163): ip6tables terminated by exit(3)
E/Netd ( 2163): exec() res=0, status=768 for /system/bin/ip6tables -t filter -A INPUT -j fw_INPUT
D/libEGL ( 2165): loaded /system/lib/egl/libGLES_android.so
I/iptables( 2163): iptables terminated by exit(3)
E/Netd ( 2163): exec() res=0, status=768 for /system/bin/iptables -t filter -N oem_fwd
W/gralloc ( 2165): page flipping not supported (yres_virtual=720, requested=1440)
I/gralloc ( 2165): using (fd=12)
I/gralloc ( 2165): id =
I/gralloc ( 2165): xres = 1280 px
I/gralloc ( 2165): yres = 720 px
I/gralloc ( 2165): xres_virtual = 1280 px
I/gralloc ( 2165): yres_virtual = 720 px
I/gralloc ( 2165): bpp = 16
I/gralloc ( 2165): r = 11:5
I/gralloc ( 2165): g = 5:6
I/gralloc ( 2165): b = 0:5
I/gralloc ( 2165): width = 1280 mm (25.400000 dpi)
I/gralloc ( 2165): height = 720 mm (25.400000 dpi)
I/gralloc ( 2165): refresh rate = 60.00 Hz
I/ip6tables( 2163): ip6tables terminated by exit(3)
E/Netd ( 2163): exec() res=0, status=768 for /system/bin/ip6tables -t filter -N oem_fwd
I/iptables( 2163): iptables terminated by exit(3)
E/Netd ( 2163): exec() res=0, status=768 for /system/bin/iptables -t filter -A FORWARD -j oem_fwd
I/ip6tables( 2163): ip6tables terminated by exit(3)
E/Netd ( 2163): exec() res=0, status=768 for /system/bin/ip6tables -t filter -A FORWARD -j oem_fwd
I/iptables( 2163): iptables terminated by exit(3)
E/Netd ( 2163): exec() res=0, status=768 for /system/bin/iptables -t filter -N fw_FORWARD
I/ip6tables( 2163): ip6tables terminated by exit(3)
E/Netd ( 2163): exec() res=0, status=768 for /system/bin/ip6tables -t filter -N fw_FORWARD
I/iptables( 2163): iptables terminated by exit(3)
E/Netd ( 2163): exec() res=0, status=768 for /system/bin/iptables -t filter -A FORWARD -j fw_FORWARD
I/ip6tables( 2163): ip6tables terminated by exit(3)
E/Netd ( 2163): exec() res=0, status=768 for /system/bin/ip6tables -t filter -A FORWARD -j fw_FORWARD
I/SurfaceFlinger( 2165): Using composer version 1.0
W/SurfaceFlinger( 2165): getting VSYNC period from fb HAL: 16666666
W/SurfaceFlinger( 2165): no suitable EGLConfig found, trying a simpler query
W/SurfaceFlinger( 2165): EGL_SLOW_CONFIG selected!
I/SurfaceFlinger( 2165): EGL informations:
I/SurfaceFlinger( 2165): vendor : Android
I/SurfaceFlinger( 2165): version : 1.4 Android META-EGL
I/SurfaceFlinger( 2165): extensions: EGL_KHR_get_all_proc_addresses EGL_ANDROID_presentation_time EGL_KHR_image_base EGL_KHR_fence_sync EGL_ANDROID_image_native_buffer
I/SurfaceFlinger( 2165): Client API: OpenGL_ES
I/SurfaceFlinger( 2165): EGLSurface: 5-6-5-0, config=0x0
I/SurfaceFlinger( 2165): OpenGL ES informations:
I/SurfaceFlinger( 2165): vendor : Android
I/SurfaceFlinger( 2165): renderer : Android PixelFlinger 1.4
I/SurfaceFlinger( 2165): version : OpenGL ES-CM 1.0
I/SurfaceFlinger( 2165): extensions: GL_EXT_debug_marker GL_OES_byte_coordinates GL_OES_fixed_point GL_OES_single_precision GL_OES_read_format GL_OES_compressed_paletted_texture GL_OES_draw_texture GL_OES_matrix_get GL_OES_query_matrix GL_OES_EGL_image GL_OES_EGL_sync GL_OES_compressed_ETC1_RGB8_texture GL_ARB_texture_compression GL_ARB_texture_non_power_of_two GL_ANDROID_user_clip_plane GL_ANDROID_vertex_buffer_object GL_ANDROID_generate_mipmap
I/SurfaceFlinger( 2165): GL_MAX_TEXTURE_SIZE = 4096
I/SurfaceFlinger( 2165): GL_MAX_VIEWPORT_DIMS = 4096
E/cutils-trace( 2165): Error opening trace file: No such file or directory (2)
D/SurfaceFlinger( 2165): Screen acquired, type=0 flinger=0xb89d9450
I/iptables( 2163): iptables terminated by exit(3)
E/Netd ( 2163): exec() res=0, status=768 for /system/bin/iptables -t filter -N bw_FORWARD
I/ip6tables( 2163): ip6tables terminated by exit(3)
E/Netd ( 2163): exec() res=0, status=768 for /system/bin/ip6tables -t filter -N bw_FORWARD
I/iptables( 2163): iptables terminated by exit(3)
E/Netd ( 2163): exec() res=0, status=768 for /system/bin/iptables -t filter -A FORWARD -j bw_FORWARD
I/ip6tables( 2163): ip6tables terminated by exit(3)
E/Netd ( 2163): exec() res=0, status=768 for /system/bin/ip6tables -t filter -A FORWARD -j bw_FORWARD
I/iptables( 2163): iptables terminated by exit(3)
E/Netd ( 2163): exec() res=0, status=768 for /system/bin/iptables -t filter -N natctrl_FORWARD
I/ip6tables( 2163): ip6tables terminated by exit(3)
E/Netd ( 2163): exec() res=0, status=768 for /system/bin/ip6tables -t filter -N natctrl_FORWARD
I/iptables( 2163): iptables terminated by exit(3)
E/Netd ( 2163): exec() res=0, status=768 for /system/bin/iptables -t filter -A FORWARD -j natctrl_FORWARD
I/ip6tables( 2163): ip6tables terminated by exit(3)
E/Netd ( 2163): exec() res=0, status=768 for /system/bin/ip6tables -t filter -A FORWARD -j natctrl_FORWARD
I/mediaserver( 2168): ServiceManager: 0xb7eed460
I/AudioFlinger( 2168): Using default 3000 mSec as standby time.
I/CameraService( 2168): CameraService started (pid=2168)
E/CameraService( 2168): Could not load camera HAL module
E/AudioPolicyManagerBase( 2168): could not load audio policy configuration file, setting defaults
I/AudioFlinger( 2168): loadHwModule() Loaded primary audio interface from Default audio HW HAL (audio) handle 1
I/AudioFlinger( 2168): HAL output buffer size 2048 frames, normal mix buffer size 2048 frames
I/AudioMixer( 2168): found effect "Multichannel Downmix To Stereo" from The Android Open Source Project
E/AudioFlinger( 2168): Invalid audio hardware channel count 1
I/AudioFlinger( 2168): Using module 1 has the primary audio interface
I/AudioFlinger( 2168): AudioFlinger's thread 0xb5ff8008 ready to run
W/AudioFlinger( 2168): Thread AudioOut_2 cannot connect to the power manager service
W/AudioFlinger( 2168): Thread AudioOut_2 cannot connect to the power manager service
W/AudioFlinger( 2168): Thread AudioOut_2 cannot connect to the power manager service
E/AudioFlinger( 2168): no wake lock to update!
I/AudioPolicyService( 2168): Loaded audio policy from LEGACY Audio Policy HAL (audio_policy)
I/iptables( 2163): iptables terminated by exit(3)
E/Netd ( 2163): exec() res=0, status=768 for /system/bin/iptables -t filter -N oem_out
I/ip6tables( 2163): ip6tables terminated by exit(3)
E/Netd ( 2163): exec() res=0, status=768 for /system/bin/ip6tables -t filter -N oem_out
I/iptables( 2163): iptables terminated by exit(3)
E/Netd ( 2163): exec() res=0, status=768 for /system/bin/iptables -t filter -A OUTPUT -j oem_out
I/ip6tables( 2163): ip6tables terminated by exit(3)
E/Netd ( 2163): exec() res=0, status=768 for /system/bin/ip6tables -t filter -A OUTPUT -j oem_out
D/libEGL ( 2324): No GPU support detected. Fallback to software renderer.
D/libEGL ( 2324): loaded /system/lib/egl/libGLES_android.so
E/cutils-trace( 2324): Error opening trace file: No such file or directory (2)
I/iptables( 2163): iptables terminated by exit(3)
E/Netd ( 2163): exec() res=0, status=768 for /system/bin/iptables -t filter -N fw_OUTPUT
I/ip6tables( 2163): ip6tables terminated by exit(3)
E/Netd ( 2163): exec() res=0, status=768 for /system/bin/ip6tables -t filter -N fw_OUTPUT
I/iptables( 2163): iptables terminated by exit(3)
E/Netd ( 2163): exec() res=0, status=768 for /system/bin/iptables -t filter -A OUTPUT -j fw_OUTPUT
I/ip6tables( 2163): ip6tables terminated by exit(3)
E/Netd ( 2163): exec() res=0, status=768 for /system/bin/ip6tables -t filter -A OUTPUT -j fw_OUTPUT
I/ARMAssembler( 2324): generated scanline__00000077:03010102_00000A01_00000000 [ 9 ipp] (30 ins) at [0xb5ac91f0:0xb5ac9268] in 0 ns
I/ARMAssembler( 2324): generated scanline__00000077:03545402_00000A01_00000000 [ 31 ipp] (52 ins) at [0xb5ac9270:0xb5ac9340] in 0 ns
I/iptables( 2163): iptables terminated by exit(3)
E/Netd ( 2163): exec() res=0, status=768 for /system/bin/iptables -t filter -N bw_OUTPUT
I/ip6tables( 2163): ip6tables terminated by exit(3)
E/Netd ( 2163): exec() res=0, status=768 for /system/bin/ip6tables -t filter -N bw_OUTPUT
I/iptables( 2163): iptables terminated by exit(3)
E/Netd ( 2163): exec() res=0, status=768 for /system/bin/iptables -t filter -A OUTPUT -j bw_OUTPUT
I/ip6tables( 2163): ip6tables terminated by exit(3)
E/Netd ( 2163): exec() res=0, status=768 for /system/bin/ip6tables -t filter -A OUTPUT -j bw_OUTPUT
I/iptables( 2163): iptables terminated by exit(3)
E/Netd ( 2163): exec() res=0, status=768 for /system/bin/iptables -t filter -N st_filter_OUTPUT
I/ip6tables( 2163): ip6tables terminated by exit(3)
E/Netd ( 2163): exec() res=0, status=768 for /system/bin/ip6tables -t filter -N st_filter_OUTPUT
I/iptables( 2163): iptables terminated by exit(3)
E/Netd ( 2163): exec() res=0, status=768 for /system/bin/iptables -t filter -A OUTPUT -j st_filter_OUTPUT
I/ip6tables( 2163): ip6tables terminated by exit(3)
E/Netd ( 2163): exec() res=0, status=768 for /system/bin/ip6tables -t filter -A OUTPUT -j st_filter_OUTPUT
D/AndroidRuntime( 2166):
D/AndroidRuntime( 2166): >>>>>> AndroidRuntime START com.android.internal.os.ZygoteInit <<<<<<
D/AndroidRuntime( 2166): CheckJNI is ON
I/iptables( 2163): iptables terminated by exit(3)
E/Netd ( 2163): exec() res=0, status=768 for /system/bin/iptables -t raw -N bw_raw_PREROUTING
I/ip6tables( 2163): ip6tables terminated by exit(3)
E/Netd ( 2163): exec() res=0, status=768 for /system/bin/ip6tables -t raw -N bw_raw_PREROUTING
I/iptables( 2163): iptables terminated by exit(3)
E/Netd ( 2163): exec() res=0, status=768 for /system/bin/iptables -t raw -A PREROUTING -j bw_raw_PREROUTING
I/ip6tables( 2163): ip6tables terminated by exit(3)
E/Netd ( 2163): exec() res=0, status=768 for /system/bin/ip6tables -t raw -A PREROUTING -j bw_raw_PREROUTING
I/iptables( 2163): iptables terminated by exit(3)
E/Netd ( 2163): exec() res=0, status=768 for /system/bin/iptables -t raw -N idletimer_raw_PREROUTING
I/ip6tables( 2163): ip6tables terminated by exit(3)
E/Netd ( 2163): exec() res=0, status=768 for /system/bin/ip6tables -t raw -N idletimer_raw_PREROUTING
I/iptables( 2163): iptables terminated by exit(3)
E/Netd ( 2163): exec() res=0, status=768 for /system/bin/iptables -t raw -A PREROUTING -j idletimer_raw_PREROUTING
I/ip6tables( 2163): ip6tables terminated by exit(3)
E/Netd ( 2163): exec() res=0, status=768 for /system/bin/ip6tables -t raw -A PREROUTING -j idletimer_raw_PREROUTING
I/iptables( 2163): iptables terminated by exit(3)
E/Netd ( 2163): exec() res=0, status=768 for /system/bin/iptables -t mangle -N bw_mangle_POSTROUTING
I/ip6tables( 2163): ip6tables terminated by exit(3)
E/Netd ( 2163): exec() res=0, status=768 for /system/bin/ip6tables -t mangle -N bw_mangle_POSTROUTING
I/iptables( 2163): iptables terminated by exit(3)
E/Netd ( 2163): exec() res=0, status=768 for /system/bin/iptables -t mangle -A POSTROUTING -j bw_mangle_POSTROUTING
I/ip6tables( 2163): ip6tables terminated by exit(3)
E/Netd ( 2163): exec() res=0, status=768 for /system/bin/ip6tables -t mangle -A POSTROUTING -j bw_mangle_POSTROUTING
D/dalvikvm( 2166): Trying to load lib libjavacore.so 0x0
D/dalvikvm( 2166): Added shared lib libjavacore.so 0x0
I/iptables( 2163): iptables terminated by exit(3)
E/Netd ( 2163): exec() res=0, status=768 for /system/bin/iptables -t mangle -N idletimer_mangle_POSTROUTING
I/ip6tables( 2163): ip6tables terminated by exit(3)
E/Netd ( 2163): exec() res=0, status=768 for /system/bin/ip6tables -t mangle -N idletimer_mangle_POSTROUTING
I/iptables( 2163): iptables terminated by exit(3)
E/Netd ( 2163): exec() res=0, status=768 for /system/bin/iptables -t mangle -A POSTROUTING -j idletimer_mangle_POSTROUTING
I/ip6tables( 2163): ip6tables terminated by exit(3)
E/Netd ( 2163): exec() res=0, status=768 for /system/bin/ip6tables -t mangle -A POSTROUTING -j idletimer_mangle_POSTROUTING
D/dalvikvm( 2166): Trying to load lib libnativehelper.so 0x0
D/dalvikvm( 2166): Added shared lib libnativehelper.so 0x0
D/dalvikvm( 2166): No JNI_OnLoad found in libnativehelper.so 0x0, skipping init
I/iptables( 2163): iptables terminated by exit(3)
E/Netd ( 2163): exec() res=0, status=768 for /system/bin/iptables -t mangle -N st_mangle_POSTROUTING
I/ip6tables( 2163): ip6tables terminated by exit(3)
E/Netd ( 2163): exec() res=0, status=768 for /system/bin/ip6tables -t mangle -N st_mangle_POSTROUTING
I/iptables( 2163): iptables terminated by exit(3)
E/Netd ( 2163): exec() res=0, status=768 for /system/bin/iptables -t mangle -A POSTROUTING -j st_mangle_POSTROUTING
I/ip6tables( 2163): ip6tables terminated by exit(3)
E/Netd ( 2163): exec() res=0, status=768 for /system/bin/ip6tables -t mangle -A POSTROUTING -j st_mangle_POSTROUTING
I/iptables( 2163): iptables terminated by exit(3)
E/Netd ( 2163): exec() res=0, status=768 for /system/bin/iptables -t mangle -N st_mangle_EXEMPT
I/ip6tables( 2163): ip6tables terminated by exit(3)
E/Netd ( 2163): exec() res=0, status=768 for /system/bin/ip6tables -t mangle -N st_mangle_EXEMPT
I/iptables( 2163): iptables terminated by exit(3)
E/Netd ( 2163): exec() res=0, status=768 for /system/bin/iptables -t mangle -A OUTPUT -j st_mangle_EXEMPT
I/ip6tables( 2163): ip6tables terminated by exit(3)
E/Netd ( 2163): exec() res=0, status=768 for /system/bin/ip6tables -t mangle -A OUTPUT -j st_mangle_EXEMPT
I/iptables( 2163): iptables terminated by exit(3)
E/Netd ( 2163): exec() res=0, status=768 for /system/bin/iptables -t mangle -N st_mangle_OUTPUT
I/ip6tables( 2163): ip6tables terminated by exit(3)
E/Netd ( 2163): exec() res=0, status=768 for /system/bin/ip6tables -t mangle -N st_mangle_OUTPUT
I/iptables( 2163): iptables terminated by exit(3)
E/Netd ( 2163): exec() res=0, status=768 for /system/bin/iptables -t mangle -A OUTPUT -j st_mangle_OUTPUT
I/ip6tables( 2163): ip6tables terminated by exit(3)
E/Netd ( 2163): exec() res=0, status=768 for /system/bin/ip6tables -t mangle -A OUTPUT -j st_mangle_OUTPUT
I/iptables( 2163): iptables terminated by exit(3)
E/Netd ( 2163): exec() res=0, status=768 for /system/bin/iptables -t nat -N oem_nat_pre
I/iptables( 2163): iptables terminated by exit(3)
E/Netd ( 2163): exec() res=0, status=768 for /system/bin/iptables -t nat -A PREROUTING -j oem_nat_pre
D/dalvikvm( 2166): Note: class Landroid/app/ActivityManagerNative; has 179 unimplemented (abstract) methods
I/iptables( 2163): iptables terminated by exit(3)
E/Netd ( 2163): exec() res=0, status=768 for /system/bin/iptables -t nat -N natctrl_nat_POSTROUTING
I/iptables( 2163): iptables terminated by exit(3)
E/Netd ( 2163): exec() res=0, status=768 for /system/bin/iptables -t nat -A POSTROUTING -j natctrl_nat_POSTROUTING
I/iptables( 2163): iptables terminated by exit(3)
E/Netd ( 2163): exec() res=0, status=768 for /system/bin/iptables -t nat -N st_nat_POSTROUTING
I/iptables( 2163): iptables terminated by exit(3)
E/Netd ( 2163): exec() res=0, status=768 for /system/bin/iptables -t nat -A POSTROUTING -j st_nat_POSTROUTING
V/NatController( 2163): runCmd(/system/bin/iptables -F natctrl_FORWARD) res=3
E/memtrack( 2166): Couldn't load memtrack module (No such file or directory)
E/android.os.Debug( 2166): failed to load memtrack module: -2
I/SamplingProfilerIntegration( 2166): Profiling disabled.
I/iptables( 2163): iptables terminated by exit(3)
E/BandwidthController( 2163): runIptablesCmd(): res=1 status=768 failed /system/bin/iptables -N bw_happy_box
I/Zygote ( 2166): Preloading classes...
E/cutils-trace( 2166): Error opening trace file: No such file or directory (2)
D/dalvikvm( 2166): GC_EXPLICIT freed 39K, 8% free 520K/564K, paused 0ms+0ms, total 1ms
D/dalvikvm( 2166): GC_EXPLICIT freed 2K, 4% free 594K/616K, paused 0ms+0ms, total 1ms
I/ip6tables( 2163): ip6tables terminated by exit(3)
E/BandwidthController( 2163): runIptablesCmd(): res=1 status=768 failed /system/bin/ip6tables -N bw_happy_box
D/dalvikvm( 2166): GC_EXPLICIT freed 16K, 3% free 637K/656K, paused 0ms+0ms, total 1ms
D/dalvikvm( 2166): GC_EXPLICIT freed 20K, 4% free 671K/696K, paused 0ms+0ms, total 1ms
D/dalvikvm( 2166): GC_EXPLICIT freed 10K, 3% free 715K/732K, paused 1ms+0ms, total 2ms
D/dalvikvm( 2166): GC_EXPLICIT freed 27K, 5% free 744K/776K, paused 0ms+1ms, total 2ms
I/iptables( 2163): iptables terminated by exit(2)
E/BandwidthController( 2163): runIptablesCmd(): res=1 status=512 failed /system/bin/iptables -A bw_INPUT -m owner --socket-exists
I/ip6tables( 2163): ip6tables terminated by exit(2)
E/BandwidthController( 2163): runIptablesCmd(): res=1 status=512 failed /system/bin/ip6tables -A bw_INPUT -m owner --socket-exists
I/iptables( 2163): iptables terminated by exit(3)
E/Netd ( 2163): exec() res=0, status=768 for /system/bin/iptables -t mangle -F st_mangle_OUTPUT
I/ip6tables( 2163): ip6tables terminated by exit(3)
E/Netd ( 2163): exec() res=0, status=768 for /system/bin/ip6tables -t mangle -F st_mangle_OUTPUT
I/iptables( 2163): iptables terminated by exit(3)
E/Netd ( 2163): exec() res=0, status=768 for /system/bin/iptables -t mangle -F st_mangle_EXEMPT
I/ip6tables( 2163): ip6tables terminated by exit(3)
E/Netd ( 2163): exec() res=0, status=768 for /system/bin/ip6tables -t mangle -F st_mangle_EXEMPT
I/iptables( 2163): iptables terminated by exit(3)
E/Netd ( 2163): exec() res=0, status=768 for /system/bin/iptables -t mangle -A st_mangle_OUTPUT -m mark --mark 1 -j RETURN
I/ip6tables( 2163): ip6tables terminated by exit(3)
E/Netd ( 2163): exec() res=0, status=768 for /system/bin/ip6tables -t mangle -A st_mangle_OUTPUT -m mark --mark 1 -j RETURN
I/iptables( 2163): iptables terminated by exit(3)
E/Netd ( 2163): exec() res=0, status=768 for /system/bin/iptables -t mangle -A st_mangle_OUTPUT -m owner --uid-owner vpn -j RETURN
I/ip6tables( 2163): ip6tables terminated by exit(3)
E/Netd ( 2163): exec() res=0, status=768 for /system/bin/ip6tables -t mangle -A st_mangle_OUTPUT -m owner --uid-owner vpn -j RETURN
E/Netd ( 2163): Unable to create netlink socket: Protocol not supported
E/Netd ( 2163): Unable to open quota2 logging socket
D/MDnsDS ( 2163): MDnsSdListener::Hander starting up
D/MDnsDS ( 2163): MDnsSdListener starting to monitor
D/MDnsDS ( 2163): Going to poll with pollCount 1
D/dalvikvm( 2166): GC_EXPLICIT freed 35K, 5% free 813K/852K, paused 1ms+1ms, total 8ms
D/dalvikvm( 2166): GC_EXPLICIT freed 29K, 4% free 840K/872K, paused 2ms+1ms, total 11ms
D/TextLayoutCache( 2166): Using debug level = 0 - Debug Enabled = 0
D/dalvikvm( 2166): GC_EXPLICIT freed 19K, 3% free 881K/904K, paused 0ms+0ms, total 2ms
I/dalvikvm( 2166): threadid=1: recursive native library load attempt (/system/lib/libmedia_jni.so)
D/MtpDeviceJNI( 2166): register_android_mtp_MtpDevice
I/dalvikvm( 2166): threadid=1: recursive native library load attempt (/system/lib/libmedia_jni.so)
I/dalvikvm( 2166): threadid=1: recursive native library load attempt (/system/lib/libmedia_jni.so)
I/dalvikvm( 2166): threadid=1: recursive native library load attempt (/system/lib/libmedia_jni.so)
W/MediaProfiles( 2166): could not find media config xml file
D/dalvikvm( 2166): GC_EXPLICIT freed 19K, 3% free 917K/940K, paused 0ms+0ms, total 2ms
D/dalvikvm( 2166): GC_EXPLICIT freed 21K, 3% free 953K/976K, paused 0ms+0ms, total 2ms
D/dalvikvm( 2166): GC_EXPLICIT freed 14K, 2% free 991K/1008K, paused 0ms+0ms, total 4ms
D/dalvikvm( 2166): WAIT_FOR_CONCURRENT_GC blocked 1ms
D/dalvikvm( 2166): GC_EXPLICIT freed 28K, 3% free 1017K/1048K, paused 0ms+1ms, total 4ms
D/dalvikvm( 2166): GC_EXPLICIT freed 16K, 2% free 1071K/1092K, paused 1ms+1ms, total 5ms
E/EmojiFactory_jni( 2166): Failed to load libemoji.so: dlopen failed: library "libemoji.so" not found
D/dalvikvm( 2166): GC_EXPLICIT freed 31K, 3% free 1387K/1420K, paused 0ms+0ms, total 3ms
D/dalvikvm( 2166): GC_EXPLICIT freed 35K, 3% free 1411K/1448K, paused 0ms+0ms, total 3ms
D/dalvikvm( 2166): GC_EXPLICIT freed 30K, 3% free 1436K/1472K, paused 0ms+1ms, total 3ms
D/dalvikvm( 2166): GC_EXPLICIT freed 38K, 3% free 1452K/1492K, paused 0ms+1ms, total 3ms
I/LibraryLoader( 2166): loading: webviewchromium
I/LibraryLoader( 2166): loaded: webviewchromium
D/dalvikvm( 2166): GC_EXPLICIT freed 16K, 2% free 1495K/1516K, paused 3ms+2ms, total 21ms
D/dalvikvm( 2166): GC_EXPLICIT freed 25K, 2% free 1524K/1552K, paused 0ms+0ms, total 3ms
D/dalvikvm( 2166): GC_EXPLICIT freed 81K, 6% free 1572K/1656K, paused 0ms+0ms, total 3ms
D/dalvikvm( 2166): GC_EXPLICIT freed 36K, 4% free 1590K/1656K, paused 0ms+0ms, total 3ms
D/dalvikvm( 2166): GC_EXPLICIT freed 31K, 3% free 1616K/1656K, paused 1ms+1ms, total 4ms
D/dalvikvm( 2166): GC_EXPLICIT freed 19K, 2% free 1678K/1700K, paused 1ms+0ms, total 4ms
D/dalvikvm( 2166): GC_EXPLICIT freed 23K, 2% free 1710K/1740K, paused 0ms+1ms, total 4ms
D/dalvikvm( 2166): GC_EXPLICIT freed 29K, 2% free 1735K/1768K, paused 0ms+1ms, total 4ms
D/dalvikvm( 2166): GC_FOR_ALLOC freed 250K, 12% free 1996K/2248K, paused 6ms, total 7ms
D/dalvikvm( 2166): GC_EXPLICIT freed 209K, 10% free 2117K/2332K, paused 1ms+1ms, total 8ms
D/dalvikvm( 2166): GC_EXPLICIT freed 35K, 9% free 2136K/2332K, paused 0ms+1ms, total 7ms
D/dalvikvm( 2166): GC_EXPLICIT freed 25K, 8% free 2169K/2340K, paused 0ms+1ms, total 7ms
W/Zygote ( 2166): Class not found for preloading: java.lang.UnsafeByteSequence
D/dalvikvm( 2166): GC_EXPLICIT freed 36K, 7% free 2190K/2340K, paused 1ms+1ms, total 7ms
D/dalvikvm( 2166): GC_EXPLICIT freed 40K, 6% free 2207K/2340K, paused 1ms+1ms, total 6ms
D/dalvikvm( 2166): GC_EXPLICIT freed 42K, 6% free 2220K/2340K, paused 0ms+0ms, total 5ms
I/System ( 2166): Loaded time zone names for "" in 42ms (40ms in ICU)
I/System ( 2166): Loaded time zone names for "en_US" in 30ms (26ms in ICU)
D/dalvikvm( 2166): GC_EXPLICIT freed 193K, 9% free 2383K/2592K, paused 1ms+0ms, total 7ms
D/dalvikvm( 2166): GC_EXPLICIT freed 14K, 6% free 2447K/2592K, paused 1ms+1ms, total 7ms
D/dalvikvm( 2166): GC_EXPLICIT freed 30K, 5% free 2473K/2592K, paused 0ms+1ms, total 6ms
D/dalvikvm( 2166): GC_EXPLICIT freed 34K, 4% free 2493K/2592K, paused 1ms+1ms, total 7ms
D/dalvikvm( 2166): GC_EXPLICIT freed 32K, 3% free 2514K/2592K, paused 0ms+0ms, total 7ms
D/dalvikvm( 2166): GC_EXPLICIT freed 29K, 3% free 2540K/2596K, paused 1ms+1ms, total 7ms
I/Zygote ( 2166): ...preloaded 2777 classes in 3166ms.
D/dalvikvm( 2166): GC_EXPLICIT freed 18K, 3% free 2542K/2596K, paused 0ms+1ms, total 6ms
I/Zygote ( 2166): Preloading resources...
W/Resources( 2166): Preloaded drawable resource #0x1080096 (android:drawable/toast_frame) that varies with configuration!!
W/Resources( 2166): Preloaded drawable resource #0x1080105 (android:drawable/btn_check_on_pressed_holo_light) that varies with configuration!!
W/Resources( 2166): Preloaded drawable resource #0x1080104 (android:drawable/btn_check_on_pressed_holo_dark) that varies with configuration!!
W/Resources( 2166): Preloaded drawable resource #0x1080102 (android:drawable/btn_check_on_holo_light) that varies with configuration!!
W/Resources( 2166): Preloaded drawable resource #0x1080101 (android:drawable/btn_check_on_holo_dark) that varies with configuration!!
W/Resources( 2166): Preloaded drawable resource #0x10800ff (android:drawable/btn_check_on_focused_holo_light) that varies with configuration!!
W/Resources( 2166): Preloaded drawable resource #0x10800fe (android:drawable/btn_check_on_focused_holo_dark) that varies with configuration!!
D/dalvikvm( 2166): GC_EXPLICIT freed 34K, 3% free 2562K/2632K, paused 1ms+1ms, total 11ms
W/Resources( 2166): Preloaded drawable resource #0x10800fd (android:drawable/btn_check_on_disabled_holo_light) that varies with configuration!!
W/Resources( 2166): Preloaded drawable resource #0x10800fc (android:drawable/btn_check_on_disabled_holo_dark) that varies with configuration!!
W/Resources( 2166): Preloaded drawable resource #0x10800fb (android:drawable/btn_check_on_disabled_focused_holo_light) that varies with configuration!!
W/Resources( 2166): Preloaded drawable resource #0x10800fa (android:drawable/btn_check_on_disabled_focused_holo_dark) that varies with configuration!!
W/Resources( 2166): Preloaded drawable resource #0x10800f2 (android:drawable/btn_check_off_pressed_holo_light) that varies with configuration!!
W/Resources( 2166): Preloaded drawable resource #0x10800f1 (android:drawable/btn_check_off_pressed_holo_dark) that varies with configuration!!
W/Resources( 2166): Preloaded drawable resource #0x10800ed (android:drawable/btn_check_off_holo_light) that varies with configuration!!
W/Resources( 2166): Preloaded drawable resource #0x10800ec (android:drawable/btn_check_off_holo_dark) that varies with configuration!!
W/Resources( 2166): Preloaded drawable resource #0x10800ea (android:drawable/btn_check_off_focused_holo_light) that varies with configuration!!
D/dalvikvm( 2166): GC_EXPLICIT freed 59K, 4% free 2555K/2648K, paused 1ms+1ms, total 11ms
W/Resources( 2166): Preloaded drawable resource #0x10800e9 (android:drawable/btn_check_off_focused_holo_dark) that varies with configuration!!
W/Resources( 2166): Preloaded drawable resource #0x10800e8 (android:drawable/btn_check_off_disabled_holo_light) that varies with configuration!!
W/Resources( 2166): Preloaded drawable resource #0x10800e7 (android:drawable/btn_check_off_disabled_holo_dark) that varies with configuration!!
W/Resources( 2166): Preloaded drawable resource #0x10800e6 (android:drawable/btn_check_off_disabled_focused_holo_light) that varies with configuration!!
W/Resources( 2166): Preloaded drawable resource #0x10800e5 (android:drawable/btn_check_off_disabled_focused_holo_dark) that varies with configuration!!
W/Resources( 2166): Preloaded drawable resource #0x1080102 (android:drawable/btn_check_on_holo_light) that varies with configuration!!
W/Resources( 2166): Preloaded drawable resource #0x10800ed (android:drawable/btn_check_off_holo_light) that varies with configuration!!
W/Resources( 2166): Preloaded drawable resource #0x1080105 (android:drawable/btn_check_on_pressed_holo_light) that varies with configuration!!
W/Resources( 2166): Preloaded drawable resource #0x10800f2 (android:drawable/btn_check_off_pressed_holo_light) that varies with configuration!!
W/Resources( 2166): Preloaded drawable resource #0x10800ff (android:drawable/btn_check_on_focused_holo_light) that varies with configuration!!
W/Resources( 2166): Preloaded drawable resource #0x10800ea (android:drawable/btn_check_off_focused_holo_light) that varies with configuration!!
W/Resources( 2166): Preloaded drawable resource #0x10800ed (android:drawable/btn_check_off_holo_light) that varies with configuration!!
W/Resources( 2166): Preloaded drawable resource #0x1080102 (android:drawable/btn_check_on_holo_light) that varies with configuration!!
W/Resources( 2166): Preloaded drawable resource #0x10800fd (android:drawable/btn_check_on_disabled_holo_light) that varies with configuration!!
W/Resources( 2166): Preloaded drawable resource #0x10800e8 (android:drawable/btn_check_off_disabled_holo_light) that varies with configuration!!
W/Resources( 2166): Preloaded drawable resource #0x10800fb (android:drawable/btn_check_on_disabled_focused_holo_light) that varies with configuration!!
W/Resources( 2166): Preloaded drawable resource #0x10800e6 (android:drawable/btn_check_off_disabled_focused_holo_light) that varies with configuration!!
W/Resources( 2166): Preloaded drawable resource #0x10800e8 (android:drawable/btn_check_off_disabled_holo_light) that varies with configuration!!
W/Resources( 2166): Preloaded drawable resource #0x10800fd (android:drawable/btn_check_on_disabled_holo_light) that varies with configuration!!
W/Resources( 2166): Preloaded drawable resource #0x10800dc (android:drawable/btn_check_holo_light) that varies with configuration!!
D/dalvikvm( 2166): GC_EXPLICIT freed 108K, 5% free 2560K/2684K, paused 1ms+1ms, total 13ms
W/Resources( 2166): Preloaded drawable resource #0x1080101 (android:drawable/btn_check_on_holo_dark) that varies with configuration!!
W/Resources( 2166): Preloaded drawable resource #0x10800ec (android:drawable/btn_check_off_holo_dark) that varies with configuration!!
W/Resources( 2166): Preloaded drawable resource #0x1080104 (android:drawable/btn_check_on_pressed_holo_dark) that varies with configuration!!
W/Resources( 2166): Preloaded drawable resource #0x10800f1 (android:drawable/btn_check_off_pressed_holo_dark) that varies with configuration!!
W/Resources( 2166): Preloaded drawable resource #0x10800fe (android:drawable/btn_check_on_focused_holo_dark) that varies with configuration!!
W/Resources( 2166): Preloaded drawable resource #0x10800e9 (android:drawable/btn_check_off_focused_holo_dark) that varies with configuration!!
W/Resources( 2166): Preloaded drawable resource #0x10800ec (android:drawable/btn_check_off_holo_dark) that varies with configuration!!
W/Resources( 2166): Preloaded drawable resource #0x1080101 (android:drawable/btn_check_on_holo_dark) that varies with configuration!!
W/Resources( 2166): Preloaded drawable resource #0x10800fc (android:drawable/btn_check_on_disabled_holo_dark) that varies with configuration!!
W/Resources( 2166): Preloaded drawable resource #0x10800e7 (android:drawable/btn_check_off_disabled_holo_dark) that varies with configuration!!
W/Resources( 2166): Preloaded drawable resource #0x10800fa (android:drawable/btn_check_on_disabled_focused_holo_dark) that varies with configuration!!
W/Resources( 2166): Preloaded drawable resource #0x10800e5 (android:drawable/btn_check_off_disabled_focused_holo_dark) that varies with configuration!!
W/Resources( 2166): Preloaded drawable resource #0x10800e7 (android:drawable/btn_check_off_disabled_holo_dark) that varies with configuration!!
W/Resources( 2166): Preloaded drawable resource #0x10800fc (android:drawable/btn_check_on_disabled_holo_dark) that varies with configuration!!
W/Resources( 2166): Preloaded drawable resource #0x10800db (android:drawable/btn_check_holo_dark) that varies with configuration!!
D/dalvikvm( 2166): GC_EXPLICIT freed 84K, 5% free 2559K/2684K, paused 1ms+1ms, total 13ms
W/Resources( 2166): Preloaded drawable resource #0x1080195 (android:drawable/btn_radio_on_pressed_holo_light) that varies with configuration!!
W/Resources( 2166): Preloaded drawable resource #0x1080194 (android:drawable/btn_radio_on_pressed_holo_dark) that varies with configuration!!
W/Resources( 2166): Preloaded drawable resource #0x1080192 (android:drawable/btn_radio_on_holo_light) that varies with configuration!!
W/Resources( 2166): Preloaded drawable resource #0x1080191 (android:drawable/btn_radio_on_holo_dark) that varies with configuration!!
W/Resources( 2166): Preloaded drawable resource #0x108018f (android:drawable/btn_radio_on_focused_holo_light) that varies with configuration!!
W/Resources( 2166): Preloaded drawable resource #0x108018e (android:drawable/btn_radio_on_focused_holo_dark) that varies with configuration!!
W/Resources( 2166): Preloaded drawable resource #0x108018d (android:drawable/btn_radio_on_disabled_holo_light) that varies with configuration!!
W/Resources( 2166): Preloaded drawable resource #0x108018c (android:drawable/btn_radio_on_disabled_holo_dark) that varies with configuration!!
W/Resources( 2166): Preloaded drawable resource #0x108018b (android:drawable/btn_radio_on_disabled_focused_holo_light) that varies with configuration!!
D/dalvikvm( 2166): GC_EXPLICIT freed 53K, 5% free 2559K/2684K, paused 2ms+1ms, total 13ms
W/Resources( 2166): Preloaded drawable resource #0x108018a (android:drawable/btn_radio_on_disabled_focused_holo_dark) that varies with configuration!!
W/Resources( 2166): Preloaded drawable resource #0x1080187 (android:drawable/btn_radio_off_pressed_holo_light) that varies with configuration!!
W/Resources( 2166): Preloaded drawable resource #0x1080186 (android:drawable/btn_radio_off_pressed_holo_dark) that varies with configuration!!
W/Resources( 2166): Preloaded drawable resource #0x1080184 (android:drawable/btn_radio_off_holo_light) that varies with configuration!!
W/Resources( 2166): Preloaded drawable resource #0x1080183 (android:drawable/btn_radio_off_holo_dark) that varies with configuration!!
W/Resources( 2166): Preloaded drawable resource #0x1080181 (android:drawable/btn_radio_off_focused_holo_light) that varies with configuration!!
W/Resources( 2166): Preloaded drawable resource #0x1080180 (android:drawable/btn_radio_off_focused_holo_dark) that varies with configuration!!
W/Resources( 2166): Preloaded drawable resource #0x108017f (android:drawable/btn_radio_off_disabled_holo_light) that varies with configuration!!
W/Resources( 2166): Preloaded drawable resource #0x108017e (android:drawable/btn_radio_off_disabled_holo_dark) that varies with configuration!!
D/dalvikvm( 2166): GC_EXPLICIT freed 51K, 5% free 2560K/2684K, paused 1ms+2ms, total 12ms
W/Resources( 2166): Preloaded drawable resource #0x108017d (android:drawable/btn_radio_off_disabled_focused_holo_light) that varies with configuration!!
W/Resources( 2166): Preloaded drawable resource #0x108017c (android:drawable/btn_radio_off_disabled_focused_holo_dark) that varies with configuration!!
W/Resources( 2166): Preloaded drawable resource #0x1080128 (android:drawable/btn_default_pressed_holo_light) that varies with configuration!!
W/Resources( 2166): Preloaded drawable resource #0x1080127 (android:drawable/btn_default_pressed_holo_dark) that varies with configuration!!
W/Resources( 2166): Preloaded drawable resource #0x1080124 (android:drawable/btn_default_normal_holo_light) that varies with configuration!!
W/Resources( 2166): Preloaded drawable resource #0x1080123 (android:drawable/btn_default_normal_holo_dark) that varies with configuration!!
W/Resources( 2166): Preloaded drawable resource #0x108011c (android:drawable/btn_default_focused_holo_light) that varies with configuration!!
W/Resources( 2166): Preloaded drawable resource #0x108011b (android:drawable/btn_default_focused_holo_dark) that varies with configuration!!
W/Resources( 2166): Preloaded drawable resource #0x1080119 (android:drawable/btn_default_disabled_holo_light) that varies with configuration!!
W/Resources( 2166): Preloaded drawable resource #0x1080118 (android:drawable/btn_default_disabled_holo_dark) that varies with configuration!!
D/dalvikvm( 2166): GC_EXPLICIT freed 24K, 4% free 2589K/2684K, paused 1ms+2ms, total 12ms
W/Resources( 2166): Preloaded drawable resource #0x1080116 (android:drawable/btn_default_disabled_focused_holo_light) that varies with configuration!!
W/Resources( 2166): Preloaded drawable resource #0x1080115 (android:drawable/btn_default_disabled_focused_holo_dark) that varies with configuration!!
W/Resources( 2166): Preloaded drawable resource #0x1080123 (android:drawable/btn_default_normal_holo_dark) that varies with configuration!!
W/Resources( 2166): Preloaded drawable resource #0x1080118 (android:drawable/btn_default_disabled_holo_dark) that varies with configuration!!
W/Resources( 2166): Preloaded drawable resource #0x1080127 (android:drawable/btn_default_pressed_holo_dark) that varies with configuration!!
W/Resources( 2166): Preloaded drawable resource #0x108011b (android:drawable/btn_default_focused_holo_dark) that varies with configuration!!
W/Resources( 2166): Preloaded drawable resource #0x1080123 (android:drawable/btn_default_normal_holo_dark) that varies with configuration!!
W/Resources( 2166): Preloaded drawable resource #0x1080115 (android:drawable/btn_default_disabled_focused_holo_dark) that varies with configuration!!
W/Resources( 2166): Preloaded drawable resource #0x1080118 (android:drawable/btn_default_disabled_holo_dark) that varies with configuration!!
W/Resources( 2166): Preloaded drawable resource #0x108011d (android:drawable/btn_default_holo_dark) that varies with configuration!!
W/Resources( 2166): Preloaded drawable resource #0x1080124 (android:drawable/btn_default_normal_holo_light) that varies with configuration!!
W/Resources( 2166): Preloaded drawable resource #0x1080119 (android:drawable/btn_default_disabled_holo_light) that varies with configuration!!
W/Resources( 2166): Preloaded drawable resource #0x1080128 (android:drawable/btn_default_pressed_holo_light) that varies with configuration!!
W/Resources( 2166): Preloaded drawable resource #0x108011c (android:drawable/btn_default_focused_holo_light) that varies with configuration!!
W/Resources( 2166): Preloaded drawable resource #0x1080124 (android:drawable/btn_default_normal_holo_light) that varies with configuration!!
W/Resources( 2166): Preloaded drawable resource #0x1080116 (android:drawable/btn_default_disabled_focused_holo_light) that varies with configuration!!
W/Resources( 2166): Preloaded drawable resource #0x1080119 (android:drawable/btn_default_disabled_holo_light) that varies with configuration!!
W/Resources( 2166): Preloaded drawable resource #0x108011e (android:drawable/btn_default_holo_light) that varies with configuration!!
D/dalvikvm( 2166): GC_EXPLICIT freed 55K, 3% free 2620K/2692K, paused 1ms+1ms, total 12ms
W/Resources( 2166): Preloaded drawable resource #0x10801d1 (android:drawable/btn_star_off_normal_holo_light) that varies with configuration!!
W/Resources( 2166): Preloaded drawable resource #0x10801db (android:drawable/btn_star_on_normal_holo_light) that varies with configuration!!
W/Resources( 2166): Preloaded drawable resource #0x10801d7 (android:drawable/btn_star_on_disabled_holo_light) that varies with configuration!!
W/Resources( 2166): Preloaded drawable resource #0x10801cd (android:drawable/btn_star_off_disabled_holo_light) that varies with configuration!!
W/Resources( 2166): Preloaded drawable resource #0x10801dd (android:drawable/btn_star_on_pressed_holo_light) that varies with configuration!!
W/Resources( 2166): Preloaded drawable resource #0x10801d3 (android:drawable/btn_star_off_pressed_holo_light) that varies with configuration!!
W/Resources( 2166): Preloaded drawable resource #0x10801d9 (android:drawable/btn_star_on_focused_holo_light) that varies with configuration!!
W/Resources( 2166): Preloaded drawable resource #0x10801cf (android:drawable/btn_star_off_focused_holo_light) that varies with configuration!!
W/Resources( 2166): Preloaded drawable resource #0x10801d5 (android:drawable/btn_star_on_disabled_focused_holo_light) that varies with configuration!!
D/dalvikvm( 2166): GC_EXPLICIT freed 108K, 6% free 2565K/2708K, paused 1ms+2ms, total 13ms
W/Resources( 2166): Preloaded drawable resource #0x10801cb (android:drawable/btn_star_off_disabled_focused_holo_light) that varies with configuration!!
W/Resources( 2166): Preloaded drawable resource #0x10801d1 (android:drawable/btn_star_off_normal_holo_light) that varies with configuration!!
W/Resources( 2166): Preloaded drawable resource #0x10801db (android:drawable/btn_star_on_normal_holo_light) that varies with configuration!!
W/Resources( 2166): Preloaded drawable resource #0x10801d7 (android:drawable/btn_star_on_disabled_holo_light) that varies with configuration!!
W/Resources( 2166): Preloaded drawable resource #0x10801cd (android:drawable/btn_star_off_disabled_holo_light) that varies with configuration!!
W/Resources( 2166): Preloaded drawable resource #0x10801dd (android:drawable/btn_star_on_pressed_holo_light) that varies with configuration!!
W/Resources( 2166): Preloaded drawable resource #0x10801d3 (android:drawable/btn_star_off_pressed_holo_light) that varies with configuration!!
W/Resources( 2166): Preloaded drawable resource #0x10801d9 (android:drawable/btn_star_on_focused_holo_light) that varies with configuration!!
W/Resources( 2166): Preloaded drawable resource #0x10801cf (android:drawable/btn_star_off_focused_holo_light) that varies with configuration!!
W/Resources( 2166): Preloaded drawable resource #0x10801d5 (android:drawable/btn_star_on_disabled_focused_holo_light) that varies with configuration!!
W/Resources( 2166): Preloaded drawable resource #0x10801d7 (android:drawable/btn_star_on_disabled_holo_light) that varies with configuration!!
W/Resources( 2166): Preloaded drawable resource #0x10801cb (android:drawable/btn_star_off_disabled_focused_holo_light) that varies with configuration!!
W/Resources( 2166): Preloaded drawable resource #0x10801cd (android:drawable/btn_star_off_disabled_holo_light) that varies with configuration!!
W/Resources( 2166): Preloaded drawable resource #0x10801d1 (android:drawable/btn_star_off_normal_holo_light) that varies with configuration!!
W/Resources( 2166): Preloaded drawable resource #0x10801db (android:drawable/btn_star_on_normal_holo_light) that varies with configuration!!
W/Resources( 2166): Preloaded drawable resource #0x10801c8 (android:drawable/btn_star_holo_light) that varies with configuration!!
D/dalvikvm( 2166): GC_EXPLICIT freed 86K, 6% free 2568K/2708K, paused 1ms+1ms, total 13ms
W/Resources( 2166): Preloaded drawable resource #0x10801d0 (android:drawable/btn_star_off_normal_holo_dark) that varies with configuration!!
W/Resources( 2166): Preloaded drawable resource #0x10801da (android:drawable/btn_star_on_normal_holo_dark) that varies with configuration!!
W/Resources( 2166): Preloaded drawable resource #0x10801d6 (android:drawable/btn_star_on_disabled_holo_dark) that varies with configuration!!
W/Resources( 2166): Preloaded drawable resource #0x10801cc (android:drawable/btn_star_off_disabled_holo_dark) that varies with configuration!!
W/Resources( 2166): Preloaded drawable resource #0x10801dc (android:drawable/btn_star_on_pressed_holo_dark) that varies with configuration!!
W/Resources( 2166): Preloaded drawable resource #0x10801d2 (android:drawable/btn_star_off_pressed_holo_dark) that varies with configuration!!
W/Resources( 2166): Preloaded drawable resource #0x10801d8 (android:drawable/btn_star_on_focused_holo_dark) that varies with configuration!!
W/Resources( 2166): Preloaded drawable resource #0x10801ce (android:drawable/btn_star_off_focused_holo_dark) that varies with configuration!!
W/Resources( 2166): Preloaded drawable resource #0x10801d4 (android:drawable/btn_star_on_disabled_focused_holo_dark) that varies with configuration!!
D/dalvikvm( 2166): GC_EXPLICIT freed 53K, 6% free 2567K/2708K, paused 1ms+2ms, total 12ms
W/Resources( 2166): Preloaded drawable resource #0x10801ca (android:drawable/btn_star_off_disabled_focused_holo_dark) that varies with configuration!!
W/Resources( 2166): Preloaded drawable resource #0x10801d0 (android:drawable/btn_star_off_normal_holo_dark) that varies with configuration!!
W/Resources( 2166): Preloaded drawable resource #0x10801da (android:drawable/btn_star_on_normal_holo_dark) that varies with configuration!!
W/Resources( 2166): Preloaded drawable resource #0x10801d6 (android:drawable/btn_star_on_disabled_holo_dark) that varies with configuration!!
W/Resources( 2166): Preloaded drawable resource #0x10801cc (android:drawable/btn_star_off_disabled_holo_dark) that varies with configuration!!
W/Resources( 2166): Preloaded drawable resource #0x10801dc (android:drawable/btn_star_on_pressed_holo_dark) that varies with configuration!!
W/Resources( 2166): Preloaded drawable resource #0x10801d2 (android:drawable/btn_star_off_pressed_holo_dark) that varies with configuration!!
W/Resources( 2166): Preloaded drawable resource #0x10801d8 (android:drawable/btn_star_on_focused_holo_dark) that varies with configuration!!
W/Resources( 2166): Preloaded drawable resource #0x10801ce (android:drawable/btn_star_off_focused_holo_dark) that varies with configuration!!
W/Resources( 2166): Preloaded drawable resource #0x10801d4 (android:drawable/btn_star_on_disabled_focused_holo_dark) that varies with configuration!!
W/Resources( 2166): Preloaded drawable resource #0x10801d6 (android:drawable/btn_star_on_disabled_holo_dark) that varies with configuration!!
W/Resources( 2166): Preloaded drawable resource #0x10801ca (android:drawable/btn_star_off_disabled_focused_holo_dark) that varies with configuration!!
W/Resources( 2166): Preloaded drawable resource #0x10801cc (android:drawable/btn_star_off_disabled_holo_dark) that varies with configuration!!
W/Resources( 2166): Preloaded drawable resource #0x10801d0 (android:drawable/btn_star_off_normal_holo_dark) that varies with configuration!!
W/Resources( 2166): Preloaded drawable resource #0x10801da (android:drawable/btn_star_on_normal_holo_dark) that varies with configuration!!
W/Resources( 2166): Preloaded drawable resource #0x10801c7 (android:drawable/btn_star_holo_dark) that varies with configuration!!
D/dalvikvm( 2166): GC_EXPLICIT freed 86K, 6% free 2569K/2708K, paused 1ms+2ms, total 12ms
W/Resources( 2166): Preloaded drawable resource #0x10801f7 (android:drawable/btn_toggle_on_pressed_holo_light) that varies with configuration!!
W/Resources( 2166): Preloaded drawable resource #0x10801f6 (android:drawable/btn_toggle_on_pressed_holo_dark) that varies with configuration!!
W/Resources( 2166): Preloaded drawable resource #0x10801f5 (android:drawable/btn_toggle_on_normal_holo_light) that varies with configuration!!
W/Resources( 2166): Preloaded drawable resource #0x10801f4 (android:drawable/btn_toggle_on_normal_holo_dark) that varies with configuration!!
W/Resources( 2166): Preloaded drawable resource #0x10801f3 (android:drawable/btn_toggle_on_focused_holo_light) that varies with configuration!!
W/Resources( 2166): Preloaded drawable resource #0x10801f2 (android:drawable/btn_toggle_on_focused_holo_dark) that varies with configuration!!
W/Resources( 2166): Preloaded drawable resource #0x10801f1 (android:drawable/btn_toggle_on_disabled_holo_light) that varies with configuration!!
W/Resources( 2166): Preloaded drawable resource #0x10801f0 (android:drawable/btn_toggle_on_disabled_holo_dark) that varies with configuration!!
W/Resources( 2166): Preloaded drawable resource #0x10801ef (android:drawable/btn_toggle_on_disabled_focused_holo_light) that varies with configuration!!
W/Resources( 2166): Preloaded drawable resource #0x10801ee (android:drawable/btn_toggle_on_disabled_focused_holo_dark) that varies with configuration!!
D/dalvikvm( 2166): GC_EXPLICIT freed 18K, 4% free 2604K/2708K, paused 0ms+1ms, total 6ms
W/Resources( 2166): Preloaded drawable resource #0x10801ec (android:drawable/btn_toggle_off_pressed_holo_light) that varies with configuration!!
W/Resources( 2166): Preloaded drawable resource #0x10801eb (android:drawable/btn_toggle_off_pressed_holo_dark) that varies with configuration!!
W/Resources( 2166): Preloaded drawable resource #0x10801ea (android:drawable/btn_toggle_off_normal_holo_light) that varies with configuration!!
W/Resources( 2166): Preloaded drawable resource #0x10801e9 (android:drawable/btn_toggle_off_normal_holo_dark) that varies with configuration!!
W/Resources( 2166): Preloaded drawable resource #0x10801e8 (android:drawable/btn_toggle_off_focused_holo_light) that varies with configuration!!
W/Resources( 2166): Preloaded drawable resource #0x10801e7 (android:drawable/btn_toggle_off_focused_holo_dark) that varies with configuration!!
W/Resources( 2166): Preloaded drawable resource #0x10801e6 (android:drawable/btn_toggle_off_disabled_holo_light) that varies with configuration!!
W/Resources( 2166): Preloaded drawable resource #0x10801e5 (android:drawable/btn_toggle_off_disabled_holo_dark) that varies with configuration!!
W/Resources( 2166): Preloaded drawable resource #0x10801e4 (android:drawable/btn_toggle_off_disabled_focused_holo_light) that varies with configuration!!
W/Resources( 2166): Preloaded drawable resource #0x10801e3 (android:drawable/btn_toggle_off_disabled_focused_holo_dark) that varies with configuration!!
D/dalvikvm( 2166): GC_EXPLICIT freed 51K, 4% free 2605K/2708K, paused 0ms+1ms, total 6ms
W/Resources( 2166): Preloaded drawable resource #0x10801f5 (android:drawable/btn_toggle_on_normal_holo_light) that varies with configuration!!
W/Resources( 2166): Preloaded drawable resource #0x10801f1 (android:drawable/btn_toggle_on_disabled_holo_light) that varies with configuration!!
W/Resources( 2166): Preloaded drawable resource #0x10801f7 (android:drawable/btn_toggle_on_pressed_holo_light) that varies with configuration!!
