D/dalvikvm( 2903): GC_FOR_ALLOC freed 3K, 4% free 10667K/11056K, paused 7ms, total 7ms
D/dalvikvm( 2903): GC_CONCURRENT freed 1K, 4% free 10811K/11200K, paused 1ms+2ms, total 25ms
E/AudioFlinger( 2168): Sample rate out of range: 48000 mSampleRate 16000
E/AudioTrack( 2738): AudioFlinger could not create track, status: -22
I/ActivityManager( 2738): START u0 {act=android.intent.action.MAIN cat=[android.intent.category.LAUNCHER] flg=0x10200000 cmp=com.android.settings/.Settings} from pid 2903
E/SoundPool( 2738): Error creating AudioTrack
D/PermissionCache( 2165): checking android.permission.READ_FRAME_BUFFER for uid=1000 => granted (549 us)
W/ResourceType( 2738): CREATING STRING CACHE OF 72 bytes
D/gralloc ( 2165): Registering a buffer in the process that created it. This may cause memory ordering problems.
E/libEGL ( 2165): called unimplemented OpenGL ES API
E/libEGL ( 2165): called unimplemented OpenGL ES API
E/libEGL ( 2165): called unimplemented OpenGL ES API
E/libEGL ( 2165): called unimplemented OpenGL ES API
E/SurfaceFlinger( 2165): glCheckFramebufferStatusOES error 2112707389
E/SurfaceFlinger( 2165): got GL_FRAMEBUFFER_COMPLETE_OES error while taking screenshot
E/libEGL ( 2165): called unimplemented OpenGL ES API
E/libEGL ( 2165): called unimplemented OpenGL ES API
W/WindowManager( 2738): Screenshot failure taking screenshot for (267x150) to layer 21005
W/ResourceType( 2872): CREATING STRING CACHE OF 72 bytes
D/dalvikvm( 2872): GC_FOR_ALLOC freed 113K, 6% free 2881K/3064K, paused 5ms, total 6ms
W/ResourceType( 2872): CREATING STRING CACHE OF 124 bytes
D/dalvikvm( 2872): GC_CONCURRENT freed 69K, 5% free 3225K/3364K, paused 2ms+1ms, total 6ms
E/BluetoothAdapter( 2872): Bluetooth binder is null
I/ARMAssembler( 2165): generated scanline__00000077:03010104_00008001_00000000 [ 89 ipp] (110 ins) at [0xb5e87460:0xb5e87618] in 0 ns
D/dalvikvm( 2738): GC_CONCURRENT freed 399K, 11% free 5409K/6064K, paused 2ms+1ms, total 30ms
I/ActivityManager( 2738): Displayed com.android.settings/.Settings: +597ms
D/dalvikvm( 2872): GC_CONCURRENT freed 157K, 7% free 3453K/3680K, paused 3ms+3ms, total 14ms
E/AudioFlinger( 2168): Sample rate out of range: 48000 mSampleRate 16000
E/AudioTrack( 2738): AudioFlinger could not create track, status: -22
I/ActivityManager( 2738): START u0 {act=android.intent.action.MAIN cmp=com.android.settings/.SubSettings (has extras)} from pid 2872
E/SoundPool( 2738): Error creating AudioTrack
W/ResourceType( 2872): CREATING STRING CACHE OF 72 bytes
W/ResourceType( 2872): CREATING STRING CACHE OF 124 bytes
D/SubSettings( 2872): Launching fragment com.android.settings.DisplaySettings
W/DreamManagerService( 2738): Dream ComponentInfo{com.google.android.deskclock/com.android.deskclock.Screensaver} does not exist
W/DreamManagerService( 2738): Falling back to default dream ComponentInfo{com.google.android.deskclock/com.android.deskclock.Screensaver}
I/ActivityManager( 2738): Displayed com.android.settings/.SubSettings: +252ms
W/ResourceType( 2872): CREATING STRING CACHE OF 56 bytes
E/AudioFlinger( 2168): Sample rate out of range: 48000 mSampleRate 16000
E/AudioTrack( 2738): AudioFlinger could not create track, status: -22
E/SoundPool( 2738): Error creating AudioTrack
D/dalvikvm( 2872): GC_CONCURRENT freed 156K, 6% free 3706K/3932K, paused 14ms+6ms, total 73ms
I/ARMAssembler( 2165): generated scanline__00000077:03515104_00008001_00000000 [113 ipp] (134 ins) at [0xb5e87620:0xb5e87838] in 0 ns
I/ActivityManager( 2738): Waited long enough for: ServiceRecord{42289e00 u0 com.android.music/.MediaPlaybackService}
E/AudioFlinger( 2168): Sample rate out of range: 48000 mSampleRate 16000
E/AudioTrack( 2738): AudioFlinger could not create track, status: -22
E/SoundPool( 2738): Error creating AudioTrack
W/InputMethodManagerService( 2738): Window already focused, ignoring focus gain of: com.android.internal.view.IInputMethodClient$Stub$Proxy@4234a968 attribute=null, token = android.os.BinderProxy@422354e8
I/Choreographer( 2872): Skipped 32 frames! The application may be doing too much work on its main thread.
I/ActivityManager( 2738): START u0 {act=android.intent.action.MAIN cat=[android.intent.category.HOME] flg=0x10200000 cmp=com.android.launcher/com.android.launcher2.Launcher} from pid 2738
E/AudioFlinger( 2168): Sample rate out of range: 48000 mSampleRate 16000
E/AudioTrack( 2738): AudioFlinger could not create track, status: -22
D/gralloc ( 2165): Registering a buffer in the process that created it. This may cause memory ordering problems.
E/libEGL ( 2165): called unimplemented OpenGL ES API
E/libEGL ( 2165): called unimplemented OpenGL ES API
E/libEGL ( 2165): called unimplemented OpenGL ES API
E/libEGL ( 2165): called unimplemented OpenGL ES API
E/SurfaceFlinger( 2165): glCheckFramebufferStatusOES error 2112707389
E/SoundPool( 2738): Error creating AudioTrack
E/SurfaceFlinger( 2165): got GL_FRAMEBUFFER_COMPLETE_OES error while taking screenshot
E/libEGL ( 2165): called unimplemented OpenGL ES API
E/libEGL ( 2165): called unimplemented OpenGL ES API
W/WindowManager( 2738): Screenshot failure taking screenshot for (267x150) to layer 21015
W/InputMethodManagerService( 2738): Starting input on non-focused client com.android.internal.view.IInputMethodClient$Stub$Proxy@42342e48 (uid=1000 pid=2872)
I/ActivityManager( 2738): Waited long enough for: ServiceRecord{42339a70 u0 com.android.calendar/.alerts.InitAlarmsService}
D/InitAlarmsService( 3172): Clearing and rescheduling alarms.
E/BroadcastReceiver( 3068): BroadcastReceiver trying to return result during a non-ordered broadcast
E/BroadcastReceiver( 3068): java.lang.RuntimeException: BroadcastReceiver trying to return result during a non-ordered broadcast
E/BroadcastReceiver( 3068): at android.content.BroadcastReceiver.checkSynchronousHint(BroadcastReceiver.java:783)
E/BroadcastReceiver( 3068): at android.content.BroadcastReceiver.setResultCode(BroadcastReceiver.java:549)
E/BroadcastReceiver( 3068): at com.android.providers.calendar.CalendarProviderBroadcastReceiver.onReceive(CalendarProviderBroadcastReceiver.java:37)
E/BroadcastReceiver( 3068): at android.app.ActivityThread.handleReceiver(ActivityThread.java:2419)
E/BroadcastReceiver( 3068): at android.app.ActivityThread.access$1700(ActivityThread.java:135)
E/BroadcastReceiver( 3068): at android.app.ActivityThread$H.handleMessage(ActivityThread.java:1272)
E/BroadcastReceiver( 3068): at android.os.Handler.dispatchMessage(Handler.java:102)
E/BroadcastReceiver( 3068): at android.os.Looper.loop(Looper.java:136)
E/BroadcastReceiver( 3068): at android.app.ActivityThread.main(ActivityThread.java:5017)
E/BroadcastReceiver( 3068): at java.lang.reflect.Method.invokeNative(Native Method)
E/BroadcastReceiver( 3068): at java.lang.reflect.Method.invoke(Method.java:515)
E/BroadcastReceiver( 3068): at com.android.internal.os.ZygoteInit$MethodAndArgsCaller.run(ZygoteInit.java:779)
E/BroadcastReceiver( 3068): at com.android.internal.os.ZygoteInit.main(ZygoteInit.java:595)
E/BroadcastReceiver( 3068): at dalvik.system.NativeStart.main(Native Method)
D/ConnectivityService( 2738): Sampling interval elapsed, updating statistics ..
D/ConnectivityService( 2738): Done.
D/ConnectivityService( 2738): Setting timer for 720seconds
I/MediaFocusControl( 2738): AudioFocus abandonAudioFocus() from android.media.AudioManager@420eb560com.android.music.MediaPlaybackService$3@420ea3e0
I/ActivityManager( 2738): Start proc com.android.musicfx for broadcast com.android.musicfx/.ControlPanelReceiver: pid=3296 uid=10012 gids={50012, 3003, 3002}
V/MusicFXControlPanelReceiver( 3296): onReceive
V/MusicFXControlPanelReceiver( 3296): Action: android.media.action.CLOSE_AUDIO_EFFECT_CONTROL_SESSION
V/MusicFXControlPanelReceiver( 3296): Package name: com.android.music
V/MusicFXControlPanelReceiver( 3296): Audio session: 4
V/MusicFXControlPanelEffect( 3296): closeSession(android.app.ReceiverRestrictedContext@420ea540, com.android.music, 4)
D/dalvikvm( 2166): GC_EXPLICIT freed 40K, 4% free 2710K/2820K, paused 16ms+0ms, total 78ms
D/dalvikvm( 2166): GC_EXPLICIT freed <1K, 4% free 2710K/2820K, paused 0ms+0ms, total 9ms
D/dalvikvm( 2166): GC_EXPLICIT freed <1K, 4% free 2710K/2820K, paused 0ms+1ms, total 9ms
E/AudioFlinger( 2168): Sample rate out of range: 48000 mSampleRate 16000
E/AudioTrack( 2738): AudioFlinger could not create track, status: -22
E/SoundPool( 2738): Error creating AudioTrack
D/dalvikvm( 2903): GC_FOR_ALLOC freed 2614K, 24% free 9015K/11748K, paused 5ms, total 6ms
I/dalvikvm-heap( 2903): Grow heap (frag case) to 11.186MB for 2432784-byte allocation
D/dalvikvm( 2903): GC_CONCURRENT freed 7K, 4% free 11384K/11748K, paused 1ms+1ms, total 9ms
D/dalvikvm( 2903): WAIT_FOR_CONCURRENT_GC blocked 1ms
E/AudioFlinger( 2168): Sample rate out of range: 48000 mSampleRate 16000
E/AudioTrack( 2738): AudioFlinger could not create track, status: -22
E/SoundPool( 2738): Error creating AudioTrack
I/ActivityManager( 2738): START u0 {act=android.intent.action.MAIN cat=[android.intent.category.LAUNCHER] flg=0x10200000 cmp=org.linaro.glmark2/.MainActivity} from pid 2903
W/ResourceType( 2738): CREATING STRING CACHE OF 72 bytes
D/gralloc ( 2165): Registering a buffer in the process that created it. This may cause memory ordering problems.
E/libEGL ( 2165): called unimplemented OpenGL ES API
E/libEGL ( 2165): called unimplemented OpenGL ES API
E/libEGL ( 2165): called unimplemented OpenGL ES API
E/libEGL ( 2165): called unimplemented OpenGL ES API
E/SurfaceFlinger( 2165): glCheckFramebufferStatusOES error 2112707389
E/SurfaceFlinger( 2165): got GL_FRAMEBUFFER_COMPLETE_OES error while taking screenshot
E/libEGL ( 2165): called unimplemented OpenGL ES API
E/libEGL ( 2165): called unimplemented OpenGL ES API
W/WindowManager( 2738): Screenshot failure taking screenshot for (267x150) to layer 21015
I/ActivityManager( 2738): Start proc org.linaro.glmark2 for activity org.linaro.glmark2/.MainActivity: pid=3627 uid=10044 gids={50044, 1028, 1015}
I/PackageManager( 2738): Running dexopt on: org.linaro.glmark2
D/dalvikvm( 2738): GC_CONCURRENT freed 571K, 11% free 5402K/6048K, paused 2ms+2ms, total 39ms
D/dalvikvm( 3640): DexOpt: load 9ms, verify+opt 21ms, 432484 bytes
I/ARMAssembler( 2165): generated scanline__00000077:03515104_00009002_00000000 [127 ipp] (149 ins) at [0xb5e87840:0xb5e87a94] in 0 ns
E/dalvikvm( 3627): ERROR: couldn't find native method
E/dalvikvm( 3627): Requested: Lorg/linaro/glmark2/Glmark2Native;.done:()V
E/ ( 3627): RegisterNatives failed for 'org/linaro/glmark2/Glmark2Native'
E/ ( 3627): JNI_OnLoad: glmark2 native registration failed
W/dalvikvm( 3627): Exception Ljava/lang/NoSuchMethodError; thrown while initializing Lorg/linaro/glmark2/MainActivity;
W/dalvikvm( 3627): Class init failed in newInstance call (Lorg/linaro/glmark2/MainActivity;)
D/AndroidRuntime( 3627): Shutting down VM
W/dalvikvm( 3627): threadid=1: thread exiting with uncaught exception (group=0x41e2fba8)
E/AndroidRuntime( 3627): FATAL EXCEPTION: main
E/AndroidRuntime( 3627): Process: org.linaro.glmark2, PID: 3627
E/AndroidRuntime( 3627): java.lang.NoSuchMethodError: no static or non-static method "Lorg/linaro/glmark2/Glmark2Native;.done()V"
E/AndroidRuntime( 3627): at java.lang.Runtime.nativeLoad(Native Method)
E/AndroidRuntime( 3627): at java.lang.Runtime.doLoad(Runtime.java:421)
E/AndroidRuntime( 3627): at java.lang.Runtime.loadLibrary(Runtime.java:362)
E/AndroidRuntime( 3627): at java.lang.System.loadLibrary(System.java:526)
E/AndroidRuntime( 3627): at org.linaro.glmark2.MainActivity.(MainActivity.java:480)
E/AndroidRuntime( 3627): at java.lang.Class.newInstanceImpl(Native Method)
E/AndroidRuntime( 3627): at java.lang.Class.newInstance(Class.java:1208)
E/AndroidRuntime( 3627): at android.app.Instrumentation.newActivity(Instrumentation.java:1061)
E/AndroidRuntime( 3627): at android.app.ActivityThread.performLaunchActivity(ActivityThread.java:2112)
E/AndroidRuntime( 3627): at android.app.ActivityThread.handleLaunchActivity(ActivityThread.java:2245)
E/AndroidRuntime( 3627): at android.app.ActivityThread.access$800(ActivityThread.java:135)
E/AndroidRuntime( 3627): at android.app.ActivityThread$H.handleMessage(ActivityThread.java:1196)
E/AndroidRuntime( 3627): at android.os.Handler.dispatchMessage(Handler.java:102)
E/AndroidRuntime( 3627): at android.os.Looper.loop(Looper.java:136)
E/AndroidRuntime( 3627): at android.app.ActivityThread.main(ActivityThread.java:5017)
E/AndroidRuntime( 3627): at java.lang.reflect.Method.invokeNative(Native Method)
E/AndroidRuntime( 3627): at java.lang.reflect.Method.invoke(Method.java:515)
E/AndroidRuntime( 3627): at com.android.internal.os.ZygoteInit$MethodAndArgsCaller.run(ZygoteInit.java:779)
E/AndroidRuntime( 3627): at com.android.internal.os.ZygoteInit.main(ZygoteInit.java:595)
E/AndroidRuntime( 3627): at dalvik.system.NativeStart.main(Native Method)
W/ActivityManager( 2738): Force finishing activity org.linaro.glmark2/.MainActivity
D/gralloc ( 2165): Registering a buffer in the process that created it. This may cause memory ordering problems.
E/libEGL ( 2165): called unimplemented OpenGL ES API
E/libEGL ( 2165): called unimplemented OpenGL ES API
E/libEGL ( 2165): called unimplemented OpenGL ES API
E/libEGL ( 2165): called unimplemented OpenGL ES API
E/SurfaceFlinger( 2165): glCheckFramebufferStatusOES error 2112707389
E/SurfaceFlinger( 2165): got GL_FRAMEBUFFER_COMPLETE_OES error while taking screenshot
E/libEGL ( 2165): called unimplemented OpenGL ES API
E/libEGL ( 2165): called unimplemented OpenGL ES API
I/Process ( 3627): Sending signal. PID: 3627 SIG: 9
W/WindowManager( 2738): Screenshot failure taking screenshot for (267x150) to layer 21020
I/ActivityManager( 2738): Process org.linaro.glmark2 (pid 3627) has died.
I/ARMAssembler( 2165): generated scanline__00000077:03010104_00008002_00000000 [ 89 ipp] (110 ins) at [0xb5e87aa0:0xb5e87c58] in 0 ns
W/InputMethodManagerService( 2738): Window already focused, ignoring focus gain of: com.android.internal.view.IInputMethodClient$Stub$Proxy@422b6810 attribute=null, token = android.os.BinderProxy@42382668
D/AndroidRuntime( 3668):
D/AndroidRuntime( 3668): >>>>>> AndroidRuntime START com.android.internal.os.RuntimeInit <<<<<<
D/AndroidRuntime( 3668): CheckJNI is ON
D/dalvikvm( 3668): Trying to load lib libjavacore.so 0x0
D/dalvikvm( 3668): Added shared lib libjavacore.so 0x0
D/dalvikvm( 3668): Trying to load lib libnativehelper.so 0x0
D/dalvikvm( 3668): Added shared lib libnativehelper.so 0x0
D/dalvikvm( 3668): No JNI_OnLoad found in libnativehelper.so 0x0, skipping init
E/cutils-trace( 3668): Error opening trace file: No such file or directory (2)
D/dalvikvm( 3668): Note: class Landroid/app/ActivityManagerNative; has 179 unimplemented (abstract) methods
E/memtrack( 3668): Couldn't load memtrack module (No such file or directory)
E/android.os.Debug( 3668): failed to load memtrack module: -2
D/AndroidRuntime( 3668): Calling main entry com.android.commands.pm.Pm
I/PackageManager( 2738): Running dexopt on: com.android.defcontainer
I/ActivityManager( 2738): Start proc com.android.defcontainer for service com.android.defcontainer/.DefaultContainerService: pid=3679 uid=10008 gids={50008, 1028, 1015, 1023, 2001, 1035}
D/dalvikvm( 3692): DexOpt: load 2ms, verify+opt 3ms, 201428 bytes
W/ActivityManager( 2738): No content provider found for permission revoke: file:///data/local/tmp/GLMark2.apk
W/ActivityManager( 2738): No content provider found for permission revoke: file:///data/local/tmp/GLMark2.apk
I/PackageManager( 2738): Copying native libraries to /data/app-lib/vmdl-1635407714
D/dalvikvm( 2738): GC_CONCURRENT freed 424K, 9% free 5596K/6096K, paused 2ms+5ms, total 34ms
D/dalvikvm( 2738): GC_FOR_ALLOC freed 663K, 15% free 5490K/6396K, paused 13ms, total 13ms
D/dalvikvm( 2738): GC_FOR_ALLOC freed 561K, 15% free 5493K/6396K, paused 13ms, total 14ms
I/ActivityManager( 2738): Force stopping org.linaro.glmark2 appid=10044 user=-1: replace sys pkg
I/PackageManager( 2738): Running dexopt on: org.linaro.glmark2
W/PackageManager( 2738): Trying to update system app code path from /system/app/GLMark2.apk to /data/app/org.linaro.glmark2-1.apk
D/dalvikvm( 3695): DexOpt: load 5ms, verify+opt 16ms, 433436 bytes
W/PackageManager( 2738): Code path for pkg : org.linaro.glmark2 changing from /system/app/GLMark2.apk to /data/app/org.linaro.glmark2-1.apk
W/PackageManager( 2738): Resource path for pkg : org.linaro.glmark2 changing from /system/app/GLMark2.apk to /data/app/org.linaro.glmark2-1.apk
I/ActivityManager( 2738): Force stopping org.linaro.glmark2 appid=10044 user=-1: update pkg
D/dalvikvm( 2738): GC_FOR_ALLOC freed 575K, 15% free 5488K/6396K, paused 66ms, total 66ms
I/ActivityManager( 2738): Force stopping org.linaro.glmark2 appid=10044 user=0: pkg removed
I/InputReader( 2738): Reconfiguring input devices. changes=0x00000010
D/dalvikvm( 2903): GC_EXPLICIT freed 77K, 3% free 11346K/11692K, paused 16ms+8ms, total 96ms
D/BackupManagerService( 2738): Received broadcast Intent { act=android.intent.action.PACKAGE_REMOVED dat=package:org.linaro.glmark2 flg=0x4000010 (has extras) }
I/InputReader( 2738): Reconfiguring input devices. changes=0x00000010
I/InputReader( 2738): Reconfiguring input devices. changes=0x00000010
D/BackupManagerService( 2738): Received broadcast Intent { act=android.intent.action.PACKAGE_ADDED dat=package:org.linaro.glmark2 flg=0x4000010 (has extras) }
V/BackupManagerService( 2738): removePackageParticipantsLocked: uid=10044 #1
V/BackupManagerService( 2738): addPackageParticipantsLocked: #1
I/ActivityManager( 2738): Start proc com.android.gallery3d for broadcast com.android.gallery3d/.app.PackagesMonitor: pid=3699 uid=10021 gids={50021, 3003, 1028, 1015}
W/ResourceType( 2738): Failure getting entry for 0x7f060000 (t=5 e=0) in package 0 (error -75)
D/dalvikvm( 2903): GC_FOR_ALLOC freed 4770K, 42% free 6811K/11692K, paused 9ms, total 9ms
I/dalvikvm-heap( 2903): Grow heap (frag case) to 8.916MB for 2302768-byte allocation
D/dalvikvm( 2903): GC_FOR_ALLOC freed 8K, 23% free 9052K/11692K, paused 7ms, total 7ms
D/dalvikvm( 2903): GC_CONCURRENT freed 5K, 23% free 9053K/11692K, paused 0ms+2ms, total 8ms
W/RecognitionManagerService( 2738): no available voice recognition services found for user 0
D/dalvikvm( 2738): GC_EXPLICIT freed 803K, 17% free 5354K/6396K, paused 2ms+2ms, total 127ms
D/AndroidRuntime( 3668): Shutting down VM
D/dalvikvm( 3668): GC_CONCURRENT freed 95K, 16% free 560K/660K, paused 0ms+0ms, total 1ms
D/dalvikvm( 2903): GC_FOR_ALLOC freed 2528K, 42% free 6840K/11692K, paused 6ms, total 6ms
I/dalvikvm-heap( 2903): Grow heap (frag case) to 8.943MB for 2302768-byte allocation
D/dalvikvm( 2903): GC_CONCURRENT freed 170K, 24% free 8918K/11692K, paused 1ms+1ms, total 7ms
D/dalvikvm( 2903): WAIT_FOR_CONCURRENT_GC blocked 6ms
D/dalvikvm( 2903): WAIT_FOR_CONCURRENT_GC blocked 9ms
I/PackageManager( 2738): Running dexopt on: com.android.keychain
I/ActivityManager( 2738): Start proc com.android.keychain for broadcast com.android.keychain/.KeyChainBroadcastReceiver: pid=3712 uid=1000 gids={41000, 1028, 1015, 3002, 3001, 3003}
D/dalvikvm( 3726): DexOpt: load 8ms, verify+opt 22ms, 392148 bytes
W/ContextImpl( 3712): Calling a method in the system process without a qualified user: android.app.ContextImpl.startService:1479 android.content.ContextWrapper.startService:494 android.content.ContextWrapper.startService:494 com.android.keychain.KeyChainBroadcastReceiver.onReceive:12 android.app.ActivityThread.handleReceiver:2419
I/ActivityManager( 2738): Delay finish: com.android.gallery3d/.app.PackagesMonitor
I/ActivityManager( 2738): Resuming delayed broadcast
I/ActivityManager( 2738): Start proc com.svox.pico for broadcast com.svox.pico/.VoiceDataInstallerReceiver: pid=3731 uid=10025 gids={50025, 1028, 1015}
I/PackageManager( 2738): Running dexopt on: com.svox.pico
D/dalvikvm( 3746): DexOpt: load 5ms, verify+opt 3ms, 225028 bytes
E/AudioFlinger( 2168): Sample rate out of range: 48000 mSampleRate 16000
E/AudioTrack( 2738): AudioFlinger could not create track, status: -22
E/SoundPool( 2738): Error creating AudioTrack
I/ActivityManager( 2738): START u0 {act=android.intent.action.MAIN cat=[android.intent.category.LAUNCHER] flg=0x10200000 cmp=org.linaro.glmark2/.MainActivity} from pid 2903
W/ResourceType( 2738): CREATING STRING CACHE OF 72 bytes
D/gralloc ( 2165): Registering a buffer in the process that created it. This may cause memory ordering problems.
E/libEGL ( 2165): called unimplemented OpenGL ES API
E/libEGL ( 2165): called unimplemented OpenGL ES API
E/libEGL ( 2165): called unimplemented OpenGL ES API
E/libEGL ( 2165): called unimplemented OpenGL ES API
E/SurfaceFlinger( 2165): glCheckFramebufferStatusOES error 2112707389
E/SurfaceFlinger( 2165): got GL_FRAMEBUFFER_COMPLETE_OES error while taking screenshot
E/libEGL ( 2165): called unimplemented OpenGL ES API
E/libEGL ( 2165): called unimplemented OpenGL ES API
W/WindowManager( 2738): Screenshot failure taking screenshot for (267x150) to layer 21015
I/ActivityManager( 2738): Start proc org.linaro.glmark2 for activity org.linaro.glmark2/.MainActivity: pid=3750 uid=10044 gids={50044, 1028, 1015}
D/dalvikvm( 3750): Trying to load lib /data/app-lib/org.linaro.glmark2-1/libglmark2-android.so 0x420e4928
D/dalvikvm( 3750): Added shared lib /data/app-lib/org.linaro.glmark2-1/libglmark2-android.so 0x420e4928
W/ResourceType( 3750): CREATING STRING CACHE OF 72 bytes
D/dalvikvm( 3750): GC_CONCURRENT freed 77K, 5% free 3127K/3280K, paused 2ms+1ms, total 8ms
I/ActivityManager( 2738): Killing 2950:com.android.music/u0a34 (adj 15): empty #17
W/MediaFocusControl( 2738): RemoteControlClient died
I/ActivityManager( 2738): Displayed org.linaro.glmark2/.MainActivity: +612ms (total +1m51s414ms)
E/AudioFlinger( 2168): Sample rate out of range: 48000 mSampleRate 16000
E/AudioTrack( 2738): AudioFlinger could not create track, status: -22
E/SoundPool( 2738): Error creating AudioTrack
I/ActivityManager( 2738): START u0 {cmp=org.linaro.glmark2/.Glmark2Activity} from pid 3750
I/ActivityManager( 2738): Start proc org.linaro.glmark2:glmark2 for activity org.linaro.glmark2/.Glmark2Activity: pid=3768 uid=10044 gids={50044, 1028, 1015}
D/dalvikvm( 3768): Trying to load lib /data/app-lib/org.linaro.glmark2-1/libglmark2-android.so 0x420e5628
D/dalvikvm( 3768): Added shared lib /data/app-lib/org.linaro.glmark2-1/libglmark2-android.so 0x420e5628
I/InputReader( 2738): Reconfiguring input devices. changes=0x00000010
I/Launcher( 2903): Deferring update until onResume
E/glmark2 ( 3768): No suitable EGLConfig for GLES2.0 found. Please check that proper GLES2.0 drivers are installed.
D/dalvikvm( 3768): GC_CONCURRENT freed 94K, 6% free 3088K/3256K, paused 1ms+1ms, total 6ms
I/ActivityManager( 2738): Displayed org.linaro.glmark2/.Glmark2Activity: +564ms
E/cutils-trace( 3790): Error opening trace file: No such file or directory (2)
D/gralloc ( 2165): Registering a buffer in the process that created it. This may cause memory ordering problems.
E/libEGL ( 2165): called unimplemented OpenGL ES API
E/libEGL ( 2165): called unimplemented OpenGL ES API
E/libEGL ( 2165): called unimplemented OpenGL ES API
E/libEGL ( 2165): called unimplemented OpenGL ES API
E/SurfaceFlinger( 2165): glCheckFramebufferStatusOES error 2112707389
E/SurfaceFlinger( 2165): got GL_FRAMEBUFFER_COMPLETE_OES error while taking screenshot
E/libEGL ( 2165): called unimplemented OpenGL ES API
E/libEGL ( 2165): called unimplemented OpenGL ES API