W/PackageManager( 2738): Not granting permission android.permission.DEVICE_POWER to package com.android.deskclock (protectionLevel=2 flags=0x48be45)
D/dalvikvm( 2738): GC_CONCURRENT freed 353K, 10% free 4062K/4488K, paused 5ms+1ms, total 94ms
D/dalvikvm( 2738): GC_EXPLICIT freed 225K, 13% free 3943K/4508K, paused 5ms+6ms, total 68ms
I/SystemServer( 2738): Entropy Mixer
I/EntropyMixer( 2738): Writing entropy...
I/SystemServer( 2738): User Service
I/SystemServer( 2738): Account Manager
I/SystemServer( 2738): Content Manager
I/SystemServer( 2738): System Content Providers
I/healthd ( 2159): battery l=0 v=0 t=0.0 h=1 st=1 chg=
I/SystemServer( 2738): Lights Service
I/SystemServer( 2738): Battery Service
I/SystemServer( 2738): Vibrator Service
W/BatteryStatsImpl( 2738): Couldn't get kernel wake lock stats
E/ConsumerIrService( 2738): Can't open consumer IR HW Module, error: -2
W/libsuspend( 2738): Error writing 'on' to /sys/power/state: Invalid argument
E/libsuspend( 2738): Error opening /sys/power/autosleep: No such file or directory
I/libsuspend( 2738): Selected wakeup count
D/PermissionCache( 2165): checking android.permission.ACCESS_SURFACE_FLINGER for uid=1000 => granted (191 us)
D/SurfaceFlinger( 2165): Screen acquired, type=0 flinger=0xb89d9450
D/SurfaceFlinger( 2165): screen was previously acquired
I/SystemServer( 2738): Consumer IR Service
I/SystemServer( 2738): Alarm Manager
W/AlarmManager( 2738): Failed to open alarm driver. Falling back to a handler.
I/SystemServer( 2738): Init Watchdog
I/SystemServer( 2738): Input Manager
I/InputManager( 2738): Initializing input manager, mUseDevInputEventForAudioJack=false
I/SystemServer( 2738): Window Manager
I/WindowManager( 2738): No existing display settings /data/system/display_settings.xml; starting empty
W/ResourceType( 2738): CREATING STRING CACHE OF 12 bytes
E/EventHub( 2738): could not get driver version for /dev/input/mice, Not a typewriter
I/WindowManager( 2738): No keyguard interface!
I/InputManager( 2738): Starting input manager
I/SystemServer( 2738): No Bluetooth Service (Bluetooth Hardware Not Present)
I/SystemServer( 2738): Input Method Service
W/InputMethodManagerService( 2738): Couldn't create dir.: /data/system/inputmethod
D/dalvikvm( 2738): GC_CONCURRENT freed 263K, 9% free 4141K/4508K, paused 2ms+1ms, total 16ms
W/ResourceType( 2738): Failure getting entry for 0x7f060000 (t=5 e=0) in package 0 (error -75)
I/SystemServer( 2738): Accessibility Manager
E/EventHub( 2738): could not get driver version for /dev/input/mouse0, Not a typewriter
I/ActivityManager( 2738): Config changes=1df8 {1.0 ?mcc?mnc en_US ldltr sw720dp w1280dp h720dp 160dpi xlrg long land ?uimode ?night -touch -keyb/v/h -nav/h s.2}
I/ActivityManager( 2738): Config changes=500 {1.0 ?mcc?mnc en_US ldltr sw720dp w1280dp h647dp 160dpi lrg long land ?uimode ?night -touch -keyb/v/h -nav/h s.3}
I/SystemServer( 2738): Mount Service
D/MountService( 2738): got storage path: /storage/sdcard0 description: SD card primary: true removable: false emulated: false mtpReserve: 0 allowMassStorage: false maxFileSize: 4294967296
D/MountService( 2738): addVolumeLocked() StorageVolume:
D/MountService( 2738): mStorageId=0 mPath=/storage/sdcard0 mDescriptionId=17040663 mPrimary=true
D/MountService( 2738): mRemovable=false mEmulated=false mMtpReserveSpace=0
D/MountService( 2738): mAllowMassStorage=false mMaxFileSize=4294967296 mOwner=null mUuid=null
D/MountService( 2738): mUserLabel=null mState=null
I/SystemServer( 2738): LockSettingsService
I/SystemServer( 2738): Device Policy
I/SystemServer( 2738): Status Bar
I/SystemServer( 2738): Clipboard Service
I/SystemServer( 2738): NetworkManagement Service
I/SystemServer( 2738): Text Service Manager Service
I/SystemServer( 2738): NetworkStats Service
W/MountService( 2738): Duplicate state transition (unmounted -> unmounted) for /storage/sdcard0
W/MountService( 2738): getSecureContainerList() called when storage not mounted
I/SystemServer( 2738): NetworkPolicy Service
I/PackageManager( 2738): No secure containers on sdcard
I/SystemServer( 2738): Wi-Fi P2pService
W/PackageManager( 2738): Not granting permission android.permission.GLOBAL_SEARCH to package com.android.quicksearchbox (protectionLevel=18 flags=0x8be45)
W/PackageManager( 2738): Unknown permission com.google.android.gallery3d.permission.GALLERY_PROVIDER in package com.android.bluetooth
W/PackageManager( 2738): Unknown permission com.google.android.googleapps.permission.GOOGLE_AUTH in package com.android.providers.calendar
W/PackageManager( 2738): Unknown permission com.google.android.googleapps.permission.GOOGLE_AUTH.cl in package com.android.providers.calendar
W/PackageManager( 2738): Unknown permission com.google.android.googleapps.permission.GOOGLE_AUTH.mail in package com.android.calendar
W/PackageManager( 2738): Not granting permission android.permission.ACCESS_DOWNLOAD_MANAGER to package com.android.browser (protectionLevel=18 flags=0x9be45)
W/PackageManager( 2738): Not granting permission android.permission.SEND_DOWNLOAD_COMPLETED_INTENTS to package com.android.browser (protectionLevel=2 flags=0x9be45)
W/PackageManager( 2738): Not granting permission android.permission.BIND_WALLPAPER to package com.android.camera2 (protectionLevel=18 flags=0x58bc45)
W/PackageManager( 2738): Unknown permission android.permission.INSTALL_DRM in package com.android.mms
W/PackageManager( 2738): Unknown permission com.google.android.gallery3d.permission.PICASA_STORE in package com.android.dreams.phototable
W/PackageManager( 2738): Unknown permission com.google.android.googleapps.permission.GOOGLE_AUTH in package com.android.settings
W/PackageManager( 2738): Unknown permission com.google.android.googleapps.permission.ACCESS_GOOGLE_PASSWORD in package com.android.development
W/PackageManager( 2738): Unknown permission com.google.android.googleapps.permission.GOOGLE_AUTH in package com.android.development
W/PackageManager( 2738): Unknown permission com.google.android.googleapps.permission.GOOGLE_AUTH.ALL_SERVICES in package com.android.development
W/PackageManager( 2738): Unknown permission com.google.android.googleapps.permission.GOOGLE_AUTH.YouTubeUser in package com.android.development
W/PackageManager( 2738): Not granting permission android.permission.DELETE_PACKAGES to package com.svox.pico (protectionLevel=18 flags=0x8be45)
W/PackageManager( 2738): Not granting permission android.permission.DEVICE_POWER to package com.android.deskclock (protectionLevel=2 flags=0x48be45)
D/EventHub( 2738): No input device configuration file found for device ' USB OPTICAL MOUSE'.
I/EventHub( 2738): New device: id=1, fd=99, path='/dev/input/event0', name=' USB OPTICAL MOUSE', classes=0x80000008, configuration='', keyLayout='', keyCharacterMap='', builtinKeyboard=false, usingSuspendBlockIoctl=true, usingClockIoctl=true
I/InputReader( 2738): Device added: id=-1, name='Virtual', sources=0x00000301
I/InputReader( 2738): Device added: id=1, name=' USB OPTICAL MOUSE', sources=0x00002002
I/InputReader( 2738): Reconfiguring input devices. changes=0x00000004
D/dalvikvm( 2738): GC_CONCURRENT freed 281K, 8% free 4282K/4640K, paused 3ms+3ms, total 44ms
I/SystemServer( 2738): Wi-Fi Service
D/CommandListener( 2163): Setting iface cfg
D/CommandListener( 2163): Trying to bring up eth0
I/SystemServer( 2738): Connectivity Service
D/ConnectivityService( 2738): ConnectivityService starting up
D/ConnectivityService( 2738): wifiOnly=false
E/ConnectivityService( 2738): Ignoring protectedNetwork 10
E/ConnectivityService( 2738): Ignoring protectedNetwork 11
E/ConnectivityService( 2738): Ignoring protectedNetwork 12
E/ConnectivityService( 2738): Ignoring protectedNetwork 14
E/NetdConnector( 2738): NDC Command {3 interface setcfg eth0 0.0.0.0 0 multicast up broadcast} took too long (847ms)
I/WifiService( 2738): WifiService starting up with Wi-Fi disabled
D/WifiWatchdogStateMachine( 2738): Disabling poor network avoidance for wi-fi only device
I/SystemServer( 2738): Network Service Discovery Service
D/NsdService( 2738): Network service discovery enabled true
I/SystemServer( 2738): UpdateLock Service
I/SystemServer( 2738): Notification Manager
D/dalvikvm( 2738): GC_CONCURRENT freed 335K, 9% free 4447K/4860K, paused 6ms+1ms, total 84ms
I/SystemServer( 2738): Device Storage Monitor
I/SystemServer( 2738): Location Manager
I/SystemServer( 2738): Country Detector
I/SystemServer( 2738): Search Service
I/SystemServer( 2738): DropBox Service
I/SystemServer( 2738): Wallpaper Service
I/SystemServer( 2738): Audio Service
I/MediaFocusControl( 2738): Remote Control registerMediaButtonIntent() for PendingIntent{420d8430: PendingIntentRecord{422a17d8 android broadcastIntent}}
I/SystemServer( 2738): Dock Observer
W/DockObserver( 2738): This kernel does not have dock station support
I/SystemServer( 2738): Wired Accessory Manager
W/WiredAccessoryManager( 2738): This kernel does not have wired headset support
W/WiredAccessoryManager( 2738): This kernel does not have usb audio support
W/WiredAccessoryManager( 2738): This kernel does not have HDMI audio support
I/SystemServer( 2738): USB Service
I/SystemServer( 2738): Serial Service
I/SystemServer( 2738): Twilight Service
I/SystemServer( 2738): UI Mode Manager Service
I/SystemServer( 2738): Backup Service
V/BackupManagerService( 2738): Initializing package tracking
V/BackupManagerService( 2738): No ancestral data
V/BackupManagerService( 2738): addPackageParticipantsLocked: all
I/BackupManagerService( 2738): Scheduling backup for new app com.android.calendar
D/BackupManagerService( 2738): Now staging backup of com.android.calendar
I/BackupManagerService( 2738): Scheduling backup for new app com.android.browser
D/BackupManagerService( 2738): Now staging backup of com.android.browser
I/BackupManagerService( 2738): Scheduling backup for new app com.android.providers.userdictionary
D/BackupManagerService( 2738): Now staging backup of com.android.providers.userdictionary
I/BackupManagerService( 2738): Scheduling backup for new app com.android.sharedstoragebackup
D/BackupManagerService( 2738): Now staging backup of com.android.sharedstoragebackup
I/BackupManagerService( 2738): Scheduling backup for new app android
D/BackupManagerService( 2738): Now staging backup of android
I/BackupManagerService( 2738): Scheduling backup for new app com.android.providers.settings
D/BackupManagerService( 2738): Now staging backup of com.android.providers.settings
V/BackupManagerService( 2738): Starting with transport android/com.android.internal.backup.LocalTransport
V/BackupManagerService( 2738): Found transports: 1
I/BackupManagerService( 2738): Binding to transport host ComponentInfo{android/com.android.internal.backup.LocalTransportService}
I/BackupManagerService( 2738): Found stale backup journal, scheduling
I/BackupManagerService( 2738): com.android.calendar
I/BackupManagerService( 2738): com.android.browser
I/BackupManagerService( 2738): com.android.providers.userdictionary
I/BackupManagerService( 2738): com.android.sharedstoragebackup
I/BackupManagerService( 2738): android
I/BackupManagerService( 2738): com.android.providers.settings
I/BackupManagerService( 2738): Backup enabled => false
I/BackupManagerService( 2738): Opting out of backup
I/SystemServer( 2738): AppWidget Service
I/WindowManager( 2738): SAFE MODE not enabled
D/dalvikvm( 2738): JIT started for system_server
I/SystemServer( 2738): Recognition Service
I/SystemServer( 2738): DiskStats Service
I/SystemServer( 2738): SamplingProfiler Service
I/SystemServer( 2738): NetworkTimeUpdateService
I/SystemServer( 2738): CommonTimeManagementService
I/SystemServer( 2738): CertBlacklister
I/SystemServer( 2738): Dreams Service
I/SystemServer( 2738): Assets Atlas Service
I/SystemServer( 2738): IdleMaintenanceService
I/SystemServer( 2738): Print Service
I/SystemServer( 2738): Media Router Service
D/Atlas ( 2738): Loaded configuration: SliceMinArea (768x768) flags=0x2 count=25
W/AssetAtlasService( 2738): Could not find EGL configuration
I/Zygote ( 2738): Process: zygote socket opened
D/Atlas ( 2738): Rendered atlas in 3.13ms (2.69+0.44ms)
V/KeyguardServiceDelegate( 2738): *** Keyguard started
V/KeyguardServiceDelegate( 2738): onSystemReady() called before keyguard service was ready
I/ActivityManager( 2738): Start proc com.android.systemui for service com.android.keyguard/.KeyguardService: pid=2794 uid=10007 gids={50007, 1028, 1015, 1035, 3002, 3001}
D/dalvikvm( 2738): GC_CONCURRENT freed 223K, 7% free 4652K/4952K, paused 1ms+9ms, total 35ms
I/ActivityManager( 2738): System now ready
I/SystemServer( 2738): Making services ready
D/NetworkManagementService( 2738): not enabling bandwidth control
I/Vold ( 2162): /dev/block/vold/179:39 being considered for volume sdcard0
D/Vold ( 2162): Volume sdcard0 state changing 1 (Idle-Unmounted) -> 3 (Checking)
D/MountService( 2738): volume state changed for /storage/sdcard0 (unmounted -> checking)
D/MountService( 2738): sendStorageIntent Intent { act=android.intent.action.MEDIA_CHECKING dat=file:///storage/sdcard0 (has extras) } to UserHandle{-1}
I/fsck_msdos( 2162): ** /dev/block/vold/179:39
I/fsck_msdos( 2162): ** Phase 1 - Read FAT (compare skipped)
I/fsck_msdos( 2162): Attempting to allocate 5900 KB for FAT
I/iptables( 2163): iptables terminated by exit(3)
E/Netd ( 2163): exec() res=0, status=768 for /system/bin/iptables -F fw_INPUT
I/ip6tables( 2163): ip6tables terminated by exit(3)
E/Netd ( 2163): exec() res=0, status=768 for /system/bin/ip6tables -F fw_INPUT
I/iptables( 2163): iptables terminated by exit(3)
E/Netd ( 2163): exec() res=0, status=768 for /system/bin/iptables -F fw_OUTPUT
I/ip6tables( 2163): ip6tables terminated by exit(3)
E/Netd ( 2163): exec() res=0, status=768 for /system/bin/ip6tables -F fw_OUTPUT
I/iptables( 2163): iptables terminated by exit(3)
E/Netd ( 2163): exec() res=0, status=768 for /system/bin/iptables -F fw_FORWARD
I/ip6tables( 2163): ip6tables terminated by exit(3)
E/Netd ( 2163): exec() res=0, status=768 for /system/bin/ip6tables -F fw_FORWARD
F/SystemServer( 2738): BOOT FAILURE making Network Managment Service ready
F/SystemServer( 2738): java.lang.IllegalStateException: command '5 firewall disable' failed with '400 5 Firewall command failed'
F/SystemServer( 2738): at com.android.server.NetworkManagementService.setFirewallEnabled(NetworkManagementService.java:1617)
F/SystemServer( 2738): at com.android.server.NetworkManagementService.prepareNativeDaemon(NetworkManagementService.java:401)
F/SystemServer( 2738): at com.android.server.NetworkManagementService.systemReady(NetworkManagementService.java:224)
F/SystemServer( 2738): at com.android.server.ServerThread$2.run(SystemServer.java:961)
F/SystemServer( 2738): at com.android.server.am.ActivityManagerService.systemReady(ActivityManagerService.java:9363)
F/SystemServer( 2738): at com.android.server.ServerThread.initAndLoop(SystemServer.java:938)
F/SystemServer( 2738): at com.android.server.SystemServer.main(SystemServer.java:1179)
F/SystemServer( 2738): at java.lang.reflect.Method.invokeNative(Native Method)
F/SystemServer( 2738): at java.lang.reflect.Method.invoke(Method.java:515)
F/SystemServer( 2738): at com.android.internal.os.ZygoteInit$MethodAndArgsCaller.run(ZygoteInit.java:779)
F/SystemServer( 2738): at com.android.internal.os.ZygoteInit.main(ZygoteInit.java:595)
F/SystemServer( 2738): at dalvik.system.NativeStart.main(Native Method)
F/SystemServer( 2738): Caused by: com.android.server.NativeDaemonConnector$NativeDaemonFailureException: command '5 firewall disable' failed with '400 5 Firewall command failed'
F/SystemServer( 2738): at com.android.server.NativeDaemonConnector.execute(NativeDaemonConnector.java:391)
F/SystemServer( 2738): at com.android.server.NativeDaemonConnector.executeForList(NativeDaemonConnector.java:327)
F/SystemServer( 2738): at com.android.server.NativeDaemonConnector.execute(NativeDaemonConnector.java:292)
F/SystemServer( 2738): at com.android.server.NetworkManagementService.setFirewallEnabled(NetworkManagementService.java:1614)
F/SystemServer( 2738): ... 11 more
W/SystemServer( 2738): ***********************************************
W/NetworkStats( 2738): bandwidth controls disabled, unable to track stats
W/NetworkPolicy( 2738): bandwidth controls disabled, unable to enforce policy
I/iptables( 2163): iptables terminated by exit(3)
E/Netd ( 2163): exec() res=0, status=768 for /system/bin/iptables -F fw_INPUT
D/Ethernet( 2738): Interface eth0 link down
I/ip6tables( 2163): ip6tables terminated by exit(3)
E/Netd ( 2163): exec() res=0, status=768 for /system/bin/ip6tables -F fw_INPUT
I/iptables( 2163): iptables terminated by exit(3)
E/Netd ( 2163): exec() res=0, status=768 for /system/bin/iptables -F fw_OUTPUT
I/ip6tables( 2163): ip6tables terminated by exit(3)
E/Netd ( 2163): exec() res=0, status=768 for /system/bin/ip6tables -F fw_OUTPUT
I/iptables( 2163): iptables terminated by exit(3)
E/Netd ( 2163): exec() res=0, status=768 for /system/bin/iptables -F fw_FORWARD
I/ip6tables( 2163): ip6tables terminated by exit(3)
E/Netd ( 2163): exec() res=0, status=768 for /system/bin/ip6tables -F fw_FORWARD
F/SystemServer( 2738): BOOT FAILURE making Connectivity Service ready
F/SystemServer( 2738): java.lang.IllegalStateException: command '6 firewall disable' failed with '400 6 Firewall command failed'
F/SystemServer( 2738): at com.android.server.NetworkManagementService.setFirewallEnabled(NetworkManagementService.java:1617)
F/SystemServer( 2738): at com.android.server.ConnectivityService.setLockdownTracker(ConnectivityService.java:3893)
F/SystemServer( 2738): at com.android.server.ConnectivityService.updateLockdownVpn(ConnectivityService.java:3868)
F/SystemServer( 2738): at com.android.server.ConnectivityService.systemReady(ConnectivityService.java:2220)
F/SystemServer( 2738): at com.android.server.ServerThread$2.run(SystemServer.java:976)
F/SystemServer( 2738): at com.android.server.am.ActivityManagerService.systemReady(ActivityManagerService.java:9363)
F/SystemServer( 2738): at com.android.server.ServerThread.initAndLoop(SystemServer.java:938)
F/SystemServer( 2738): at com.android.server.SystemServer.main(SystemServer.java:1179)
F/SystemServer( 2738): at java.lang.reflect.Method.invokeNative(Native Method)
F/SystemServer( 2738): at java.lang.reflect.Method.invoke(Method.java:515)
F/SystemServer( 2738): at com.android.internal.os.ZygoteInit$MethodAndArgsCaller.run(ZygoteInit.java:779)
F/SystemServer( 2738): at com.android.internal.os.ZygoteInit.main(ZygoteInit.java:595)
F/SystemServer( 2738): at dalvik.system.NativeStart.main(Native Method)
F/SystemServer( 2738): Caused by: com.android.server.NativeDaemonConnector$NativeDaemonFailureException: command '6 firewall disable' failed with '400 6 Firewall command failed'
F/SystemServer( 2738): at com.android.server.NativeDaemonConnector.execute(NativeDaemonConnector.java:391)
F/SystemServer( 2738): at com.android.server.NativeDaemonConnector.executeForList(NativeDaemonConnector.java:327)
F/SystemServer( 2738): at com.android.server.NativeDaemonConnector.execute(NativeDaemonConnector.java:292)
F/SystemServer( 2738): at com.android.server.NetworkManagementService.setFirewallEnabled(NetworkManagementService.java:1614)
F/SystemServer( 2738): ... 12 more
W/SystemServer( 2738): ***********************************************
I/ActivityManager( 2738): Config changes=200 {1.0 ?mcc?mnc en_US ldltr sw720dp w1280dp h647dp 160dpi lrg long land -touch -keyb/v/h -nav/h s.4}
V/KeyguardService( 2794): onCreate()
W/RecognitionManagerService( 2738): no available voice recognition services found for user 0
I/fsck_msdos( 2162): ** Phase 2 - Check Cluster Chains
W/ResourceType( 2738): Failure getting entry for 0x7f060000 (t=5 e=0) in package 0 (error -75)
I/ActivityManager( 2738): Start proc org.linaro.wallpaper for service org.linaro.wallpaper/.LogoWallpaper: pid=2840 uid=10042 gids={50042}
W/InputMethodManagerService( 2738): Ignoring setImeWindowStatus of uid 1000 token: null
D/dalvikvm( 2738): GC_CONCURRENT freed 366K, 9% free 4783K/5228K, paused 2ms+2ms, total 39ms
D/dalvikvm( 2738): WAIT_FOR_CONCURRENT_GC blocked 4ms
E/WVMExtractor( 2168): Failed to open libwvm.so
E/cutils-trace( 2168): Error opening trace file: No such file or directory (2)
I/ActivityManager( 2738): Start proc com.android.inputmethod.latin for service com.android.inputmethod.latin/.LatinIME: pid=2853 uid=10053 gids={50053, 1028, 1015}
V/InputMethodManagerService( 2738): Adding window token: android.os.Binder@4227ef58
W/GpsLocationProvider( 2738): Could not open GPS configuration file /etc/gps.conf
D/CommandListener( 2163): Clearing all IP addresses on eth0
E/FlpHardwareProvider( 2738): Error hw_get_module 'flp': -2
E/FlpHardwareProvider( 2738): Error hw_get_module 'flp': -2
W/LocationManagerService( 2738): no network location provider found
D/Nat464Xlat( 2738): requiresClat: netType=9, hasIPv4Address=false
D/ConnectivityService( 2738): ConnectivityChange for ETHERNET: DISCONNECTED/DISCONNECTED
D/ConnectivityService( 2738): Attempting to switch to wifi
D/Nat464Xlat( 2738): requiresClat: netType=9, hasIPv4Address=false
E/LocationManagerService( 2738): no geocoder provider found
E/LocationManagerService( 2738): No FusedProvider found.
E/LocationManagerService( 2738): no geofence provider found
I/ActivityManager( 2738): Start proc com.android.settings for broadcast com.android.settings/.widget.SettingsAppWidgetProvider: pid=2872 uid=1000 gids={41000, 1028, 1015, 3002, 3001, 3003}
I/fsck_msdos( 2162): ** Phase 3 - Checking Directories
D/SystemUIService( 2794): loading: class com.android.systemui.recent.Recents
D/SystemUIService( 2794): running: com.android.systemui.recent.Recents@42129978
D/SystemUIService( 2794): loading: class com.android.systemui.statusbar.SystemBars
D/SystemUIService( 2794): running: com.android.systemui.statusbar.SystemBars@42129f60
I/fsck_msdos( 2162): ** Phase 4 - Checking for Lost Files
D/SystemUIService( 2794): loading: class com.android.systemui.usb.StorageNotification
D/SystemUIService( 2794): running: com.android.systemui.usb.StorageNotification@4212bcc0
I/CommonTimeManagementService( 2738): No common time service detected on this platform. Common time services will be unavailable.
I/fsck_msdos( 2162): Next free cluster in FSInfo block (5) not free
I/InputReader( 2738): Reconfiguring input devices. changes=0x00000030
I/fsck_msdos( 2162): FIXED
D/SystemUIService( 2794): loading: class com.android.systemui.power.PowerUI
D/SystemUIService( 2794): running: com.android.systemui.power.PowerUI@4212d320
I/fsck_msdos( 2162): 3 files, 1843644 free (1509487 clusters)
I/ActivityManager( 2738): Start proc com.android.phone for added application com.android.phone: pid=2892 uid=1001 gids={41001, 3002, 3001, 3003, 1028, 1015}
I/ActivityManager( 2738): START u0 {act=android.intent.action.MAIN cat=[android.intent.category.HOME] flg=0x10000000 cmp=com.android.launcher/com.android.launcher2.Launcher} from pid 0
I/Vold ( 2162): Filesystem check completed OK
I/Choreographer( 2738): Skipped 45 frames! The application may be doing too much work on its main thread.
I/ActivityManager( 2738): Start proc com.android.launcher for activity com.android.launcher/com.android.launcher2.Launcher: pid=2903 uid=10005 gids={50005}
I/SystemServer( 2738): Enabled StrictMode for system server main thread.
D/SystemUIService( 2794): loading: class com.android.systemui.media.RingtonePlayer
D/SystemUIService( 2794): running: com.android.systemui.media.RingtonePlayer@4212e358
I/ActivityManager( 2738): Start proc com.android.printspooler for service com.android.printspooler/.PrintSpoolerService: pid=2918 uid=10054 gids={50054}
D/SystemUIService( 2794): loading: class com.android.systemui.settings.SettingsUI
D/SystemUIService( 2794): running: com.android.systemui.settings.SettingsUI@4212f900
W/InputMethodManagerService( 2738): Focus gain on non-focused client android.view.inputmethod.InputMethodManager$1@422e4b18 (uid=1000 pid=2738)
D/NetUtils( 2738): dhcp_do_request failed : eth0 (new)
E/Ethernet( 2738): DHCP request error:DHCP result was failed
D/NetUtils( 2738): dhcp_do_request failed : eth0 (new)
E/Ethernet( 2738): DHCP request error:DHCP result was failed
W/ResourceType( 2872): CREATING STRING CACHE OF 28 bytes
V/KeyguardServiceDelegate( 2738): *** Keyguard connected (yay!)
D/PhoneStatusBar( 2794): mSettingsPanelGravity = 8388661
I/StatusBarManagerService( 2738): registerStatusBar bar=com.android.internal.statusbar.IStatusBar$Stub$Proxy@42286310
D/dalvikvm( 2794): GC_CONCURRENT freed 314K, 12% free 2803K/3184K, paused 1ms+1ms, total 28ms
V/BackupManagerService( 2738): Connected to transport ComponentInfo{android/com.android.internal.backup.LocalTransportService}
V/BackupManagerService( 2738): Registering transport android/com.android.internal.backup.LocalTransportService::android/com.android.internal.backup.LocalTransport = com.android.internal.backup.LocalTransport@422fb778
D/dalvikvm( 2738): GC_CONCURRENT freed 332K, 8% free 4940K/5348K, paused 2ms+6ms, total 27ms
I/PrintSpoolerService( 2918): No existing print spooler state.
I/MediaFocusControl( 2738): Remote Control registerMediaButtonIntent() for PendingIntent{422c6e38: PendingIntentRecord{422a17d8 android broadcastIntent}}
E/BluetoothAdapter( 2872): Bluetooth binder is null
I/FusedLocation( 2738): engine stopped (com.android.location.fused)
I/FusedLocation( 2738): engine started (com.android.location.fused)
I/FusedLocation( 2738): engine started (com.android.location.fused)
W/ResourceType( 2794): CREATING STRING CACHE OF 80 bytes
I/LatinIME( 2853): Hardware accelerated drawing: true
W/ResourceType( 2794): CREATING STRING CACHE OF 172 bytes
W/ResourceType( 2892): CREATING STRING CACHE OF 12 bytes
D/dalvikvm( 2738): GC_CONCURRENT freed 475K, 10% free 5025K/5576K, paused 8ms+2ms, total 38ms
D/dalvikvm( 2738): WAIT_FOR_CONCURRENT_GC blocked 31ms
D/Ethernet( 2738): Interface eth0 link up
W/ResourceType( 2738): Failure getting entry for 0x7f060000 (t=5 e=0) in package 0 (error -75)
W/ResourceType( 2794): CREATING STRING CACHE OF 140 bytes
D/dalvikvm( 2794): GC_FOR_ALLOC freed 42K, 7% free 2965K/3184K, paused 5ms, total 5ms
D/Vold ( 2162): blkid identified as /dev/block/vold/179:39: LABEL="sdcard" UUID="C854-DDF6" TYPE="vfat"
W/ResourceType( 2903): CREATING STRING CACHE OF 172 bytes
I/PackageManager( 2738): Updating external media status from unmounted to mounted
D/Vold ( 2162): Volume sdcard0 state changing 3 (Checking) -> 4 (Mounted)
I/ActivityManager( 2738): Start proc com.android.music for broadcast com.android.music/.MediaButtonIntentReceiver: pid=2950 uid=10034 gids={50034, 3003, 1028, 1015}
E/VoldConnector( 2738): NDC Command {3 volume mount /storage/sdcard0} took too long (1201ms)
D/MountService( 2738): volume state changed for /storage/sdcard0 (checking -> mounted)
D/MountService( 2738): sendStorageIntent Intent { act=android.intent.action.MEDIA_MOUNTED dat=file:///storage/sdcard0 (has extras) } to UserHandle{-1}
I/dalvikvm( 2950): CheckJNI enabled: not enabling JNI app bug workarounds.
I/ActivityManager( 2738): Start proc com.android.smspush for service com.android.smspush/.WapPushManager: pid=2969 uid=10052 gids={50052}
D/dalvikvm( 2166): GC_EXPLICIT freed 36K, 4% free 2710K/2816K, paused 0ms+0ms, total 21ms
D/dalvikvm( 2166): GC_EXPLICIT freed <1K, 4% free 2710K/2816K, paused 0ms+1ms, total 13ms
D/dalvikvm( 2903): GC_CONCURRENT freed 177K, 8% free 2910K/3156K, paused 2ms+0ms, total 8ms
D/dalvikvm( 2166): GC_EXPLICIT freed <1K, 4% free 2710K/2816K, paused 0ms+1ms, total 8ms
D/dalvikvm( 2794): GC_CONCURRENT freed 19K, 4% free 3386K/3516K, paused 1ms+1ms, total 5ms
I/MediaFocusControl( 2738): Remote Control registerMediaButtonIntent() for PendingIntent{422b7a00: PendingIntentRecord{42341190 com.android.music broadcastIntent}}
E/BluetoothAdapter( 2872): Bluetooth binder is null
E/BluetoothAdapter( 2892): Bluetooth binder is null
V/PhoneStatusBar/NavigationBarView( 2794): touchEnabled:false
I/ActivityManager( 2738): Start proc com.android.externalstorage for broadcast com.android.externalstorage/.MountReceiver: pid=2988 uid=10000 gids={50000, 1028, 1015, 1023}
W/InputAttributes( 2853): No editor info for this field. Bug?
I/ResourceUtils( 2853): Found default value: resource=keypress_vibration_durations build=[HARDWARE=exynos5250-arndale MODEL=arndale BRAND=Android MANUFACTURER=samsung_slsi] default=-1
I/ResourceUtils( 2853): Found default value: resource=keypress_volumes build=[HARDWARE=exynos5250-arndale MODEL=arndale BRAND=Android MANUFACTURER=samsung_slsi] default=-1.0f
I/ActivityManager( 2738): Start proc android.process.acore for content provider com.android.providers.contacts/.CallLogProvider: pid=3004 uid=10003 gids={50003, 3003, 1028, 1015}
I/LatinIME:LogUtils( 2853): Dictionary info: dictionary = userunigram.en_US.dict ; version = ? ; date = ?
I/ActivityManager( 2738): Start proc android.process.media for content provider com.android.providers.media/.MediaProvider: pid=3015 uid=10004 gids={50004, 1028, 1015, 1023, 1024, 2001, 3003, 3007}
D/dalvikvm( 2853): GC_CONCURRENT freed 207K, 9% free 2917K/3192K, paused 2ms+0ms, total 23ms
D/ExternalStorage( 2988): After updating volumes, found 1 active roots
D/dalvikvm( 3004): GC_CONCURRENT freed 174K, 8% free 2921K/3168K, paused 0ms+0ms, total 6ms
W/ResourceType( 2903): CREATING STRING CACHE OF 56 bytes
D/ExternalStorage( 2988): After updating volumes, found 1 active roots
E/BluetoothAdapter( 2892): Bluetooth binder is null
D/CallNotifier( 2892): CallNotifier: mSignalInfoToneGenerator created when toneplay
E/BluetoothAdapter( 2892): Bluetooth binder is null
I/LatinIME:LogUtils( 2853): Dictionary info: dictionary = UserHistoryDictionary.en_US.dic ; version = ? ; date = 49
E/BluetoothAdapter( 2794): Bluetooth binder is null
E/BluetoothAdapter( 2794): Bluetooth binder is null
E/BluetoothAdapter( 2794): Bluetooth binder is null
I/LatinIME:LogUtils( 2853): Dictionary info: dictionary = main:en ; version = 42 ; date = 1381226429
D/dalvikvm( 2892): GC_CONCURRENT freed 151K, 7% free 3009K/3236K, paused 14ms+13ms, total 54ms
W/ResourceType( 2903): CREATING STRING CACHE OF 164 bytes
D/dalvikvm( 2794): GC_CONCURRENT freed 118K, 5% free 3670K/3856K, paused 3ms+2ms, total 32ms
E/BluetoothAdapter( 2794): Bluetooth binder is null
D/dalvikvm( 2903): GC_CONCURRENT freed 83K, 5% free 3218K/3368K, paused 1ms+1ms, total 18ms
D/PhoneStatusBar( 2794): disable: < expand icons alerts ticker system_info back home recent clock search > D/dalvikvm( 2794): GC_CONCURRENT freed 90K, 4% free 3968K/4128K, paused 2ms+1ms, total 8ms
E/BluetoothAdapter( 2794): Bluetooth binder is null
D/PhoneStatusBar( 2794): heads up is disabled
V/KeyguardHostView( 2794): Initial transport state: 1, pbstate=0
W/ResourceType( 2794): CREATING STRING CACHE OF 128 bytes
W/ResourceType( 2794): CREATING STRING CACHE OF 108 bytes
D/dalvikvm( 2738): GC_CONCURRENT freed 530K, 11% free 5061K/5668K, paused 1ms+2ms, total 35ms
D/dalvikvm( 2794): GC_CONCURRENT freed 276K, 8% free 4094K/4440K, paused 1ms+3ms, total 11ms
W/ResourceType( 2794): CREATING STRING CACHE OF 40 bytes
D/dalvikvm( 2794): GC_CONCURRENT freed 193K, 6% free 4412K/4672K, paused 2ms+1ms, total 19ms
D/dalvikvm( 2794): WAIT_FOR_CONCURRENT_GC blocked 8ms
I/LatinIME:LogUtils( 2853): Dictionary info: dictionary = personalization.en_US.dict ; version = ? ; date = 49
I/LatinIME:LogUtils( 2853): Dictionary info: dictionary = PersonalizationPredictionDictio ; version = ? ; date = 49
D/TelephonyDebugService( 2892): TelephonyDebugService()
W/CallNotifier( 2892): Got onMwiChanged() on non-voice-capable device! Ignoring...
D/dalvikvm( 2794): GC_CONCURRENT freed 564K, 13% free 4417K/5048K, paused 2ms+1ms, total 21ms
D/dalvikvm( 2794): WAIT_FOR_CONCURRENT_GC blocked 4ms
D/dalvikvm( 2738): GC_CONCURRENT freed 463K, 11% free 5091K/5668K, paused 1ms+2ms, total 23ms
D/dalvikvm( 2738): WAIT_FOR_CONCURRENT_GC blocked 9ms
D/dalvikvm( 2738): GC_FOR_ALLOC freed 105K, 12% free 5078K/5736K, paused 14ms, total 14ms
I/dalvikvm-heap( 2738): Grow heap (frag case) to 5.128MB for 103430-byte allocation
D/dalvikvm( 2738): GC_FOR_ALLOC freed 68K, 13% free 5111K/5840K, paused 20ms, total 20ms
D/dalvikvm( 2738): GC_FOR_ALLOC freed 37K, 13% free 5111K/5840K, paused 19ms, total 19ms
I/dalvikvm-heap( 2738): Grow heap (frag case) to 5.209MB for 155140-byte allocation
D/dalvikvm( 2738): GC_FOR_ALLOC freed 101K, 14% free 5161K/5992K, paused 20ms, total 20ms
E/VoldConnector( 2738): NDC Command {4 asec list} took too long (991ms)
D/PhoneStatusBar( 2794): disable: < expand icons alerts ticker system_info back home RECENT* clock SEARCH* > I/PackageManager( 2738): No secure containers on sdcard
I/ContactLocale( 3004): AddressBook Labels [en_US]: [, A, B, C, D, E, F, G, H, I, J, K, L, M, N, O, P, Q, R, S, T, U, V, W, X, Y, Z, Α, Β, Γ, Δ, Ε, Ζ, Η, Θ, Ι, Κ, \CE Μ, Ν, Ξ, Ο, Π, Ρ, Σ, Τ, Υ, Φ, Χ, Ψ, Ω, , А, Б, В, Г, Д, Е, Є, Ж, З, И, І, Ї, Й, К, \D0 М, Н, О, П, Р, С, Т, У, Ф, Х, Ц, Ч, Ш, Щ, Ю, Я, , א, ב, ג, ד, ה, ו, ז, ח, ט, י, \D7 ל, מ, נ, ס, ע, פ, צ, ק, ר, ש, ת, , ا, ب, ت, ث, ج, ح, خ, د, ذ, ر, ز, س, ش, ص, ض, ط, ظ, ع, غ, ف, ق, ك, ل, م, ن, ه, و, ي, , ก, ข, ฃ, ค, ฅ, ฆ, ง, จ, ฉ, ช, ซ, ฌ, ญ, ฎ, ฏ, ฐ, ฑ, ฒ, ณ, ด, ต, ถ, ท, ธ, น, บ, \E0\B8 ผ, ฝ, พ, ฟ, ภ, ม, ย, ร, ฤ, ล, ฦ, ว, ศ, ษ, ส, ห, ฬ, อ, ฮ, , ㄱ, ㄴ, ㄷ, ㄹ, ㅁ, ㅂ, ㅅ, ㅇ, ㅈ, ㅊ, ㅋ, ㅌ, ㅍ, ㅎ, , あ, か, さ, た, な, は, ま, や, ら, わ, #, ]
W/PackageManager( 2738): Not granting permission android.permission.GLOBAL_SEARCH to package com.android.quicksearchbox (protectionLevel=18 flags=0x88be45)
W/PackageManager( 2738): Unknown permission com.google.android.gallery3d.permission.GALLERY_PROVIDER in package com.android.bluetooth
W/PackageManager( 2738): Unknown permission com.google.android.googleapps.permission.GOOGLE_AUTH in package com.android.providers.calendar
W/PackageManager( 2738): Unknown permission com.google.android.googleapps.permission.GOOGLE_AUTH.cl in package com.android.providers.calendar
W/PackageManager( 2738): Unknown permission com.google.android.googleapps.permission.GOOGLE_AUTH.mail in package com.android.calendar
W/PackageManager( 2738): Not granting permission android.permission.ACCESS_DOWNLOAD_MANAGER to package com.android.browser (protectionLevel=18 flags=0x89be45)
W/PackageManager( 2738): Not granting permission android.permission.SEND_DOWNLOAD_COMPLETED_INTENTS to package com.android.browser (protectionLevel=2 flags=0x89be45)
W/PackageManager( 2738): Not granting permission android.permission.BIND_WALLPAPER to package com.android.camera2 (protectionLevel=18 flags=0xd8bc45)
W/PackageManager( 2738): Unknown permission android.permission.INSTALL_DRM in package com.android.mms
W/PackageManager( 2738): Unknown permission com.google.android.gallery3d.permission.PICASA_STORE in package com.android.dreams.phototable
W/PackageManager( 2738): Unknown permission com.google.android.googleapps.permission.GOOGLE_AUTH in package com.android.settings
W/PackageManager( 2738): Unknown permission com.google.android.googleapps.permission.ACCESS_GOOGLE_PASSWORD in package com.android.development
W/PackageManager( 2738): Unknown permission com.google.android.googleapps.permission.GOOGLE_AUTH in package com.android.development
W/PackageManager( 2738): Unknown permission com.google.android.googleapps.permission.GOOGLE_AUTH.ALL_SERVICES in package com.android.development
W/PackageManager( 2738): Unknown permission com.google.android.googleapps.permission.GOOGLE_AUTH.YouTubeUser in package com.android.development
W/PackageManager( 2738): Not granting permission android.permission.DELETE_PACKAGES to package com.svox.pico (protectionLevel=18 flags=0x88be45)
W/PackageManager( 2738): Not granting permission android.permission.DEVICE_POWER to package com.android.deskclock (protectionLevel=2 flags=0xc8be45)
I/Choreographer( 2794): Skipped 57 frames! The application may be doing too much work on its main thread.
D/dalvikvm( 2738): GC_CONCURRENT freed 424K, 12% free 5318K/5992K, paused 2ms+17ms, total 45ms
D/dalvikvm( 2738): WAIT_FOR_CONCURRENT_GC blocked 32ms
I/dalvikvm-heap( 2738): Grow heap (frag case) to 5.332MB for 70531-byte allocation
D/dalvikvm( 2738): GC_FOR_ALLOC freed 169K, 14% free 5217K/6064K, paused 16ms, total 17ms
D/MediaScannerReceiver( 3015): action: android.intent.action.MEDIA_MOUNTED path: /storage/sdcard0
I/ActivityManager( 2738): Displayed com.android.launcher/com.android.launcher2.Launcher: +1s838ms
W/MediaScanner( 3015): Error opening directory '/storage/sdcard0/', skipping: Permission denied.
V/MediaScanner( 3015): pruneDeadThumbnailFiles... android.database.sqlite.SQLiteCursor@4212c088
V/MediaScanner( 3015): /pruneDeadThumbnailFiles... android.database.sqlite.SQLiteCursor@4212c088
D/dalvikvm( 2794): GC_CONCURRENT freed 465K, 13% free 4422K/5048K, paused 64ms+1ms, total 82ms
V/KeyguardHostView( 2794): music state changed: 0
D/dalvikvm( 2903): GC_CONCURRENT freed 176K, 7% free 3546K/3792K, paused 2ms+9ms, total 20ms
I/SurfaceFlinger( 2165): Boot is finished (15216 ms)
V/KeyguardServiceDelegate( 2738): **** SHOWN CALLED ****
E/BluetoothAdapter( 2738): Bluetooth binder is null
W/ResourceType( 2738): CREATING STRING CACHE OF 100 bytes
E/BluetoothAdapter( 2738): Bluetooth binder is null
V/WiredAccessoryManager( 2738): init()
I/ActivityManager( 2738): Start proc com.android.providers.calendar for broadcast com.android.providers.calendar/.CalendarReceiver: pid=3068 uid=10001 gids={50001, 3003, 1028, 1015}
I/RecoverySystem( 2738): No recovery log file
W/ResourceType( 2794): CREATING STRING CACHE OF 120 bytes
I/BootReceiver( 2738): Copying audit failures to DropBox
I/BootReceiver( 2738): Checking for fsck errors
D/PhoneStatusBar( 2794): disable: < expand icons alerts ticker system_info BACK* HOME* RECENT clock SEARCH > I/PowerManagerService( 2738): Boot animation finished.
I/CalendarProvider2( 3068): Created com.android.providers.calendar.CalendarAlarmManager@420f93d0(com.android.providers.calendar.CalendarProvider2@420f05f0)
D/dalvikvm( 3015): GC_CONCURRENT freed 213K, 10% free 2882K/3168K, paused 1ms+1ms, total 6ms
D/dalvikvm( 2903): GC_CONCURRENT freed 351K, 13% free 3610K/4104K, paused 2ms+1ms, total 13ms
D/dalvikvm( 2903): WAIT_FOR_CONCURRENT_GC blocked 6ms
D/PhoneStatusBar( 2794): disable: < expand icons alerts ticker system_info BACK HOME RECENT CLOCK* SEARCH > I/ActivityManager( 2738): Start proc com.android.mms for broadcast com.android.mms/.transaction.MmsSystemEventReceiver: pid=3099 uid=10009 gids={50009, 3003, 1028, 1015}
D/CountryDetector( 2738): The first listener is added
V/MmsConfig( 3099): mnc/mcc:
V/MmsConfig( 3099): tag: bool value: enabledMMS - true
V/MmsConfig( 3099): tag: int value: maxMessageSize - 307200
V/MmsConfig( 3099): tag: int value: maxImageHeight - 480
V/MmsConfig( 3099): tag: int value: maxImageWidth - 640
V/MmsConfig( 3099): tag: int value: defaultSMSMessagesPerThread - 10000
V/MmsConfig( 3099): tag: int value: defaultMMSMessagesPerThread - 1000
V/MmsConfig( 3099): tag: int value: minMessageCountPerThread - 10
V/MmsConfig( 3099): tag: int value: maxMessageCountPerThread - 5000
V/MmsConfig( 3099): tag: string value: uaProfUrl - http://www.google.com/oha/rdf/ua-profile-kila.xml
V/MmsConfig( 3099): tag: int value: recipientLimit - -1
V/MmsConfig( 3099): tag: bool value: enableMultipartSMS - true
V/MmsConfig( 3099): tag: int value: smsToMmsTextThreshold - -1
V/MmsConfig( 3099): tag: bool value: enableSlideDuration - true
V/MmsConfig( 3099): tag: int value: maxMessageTextSize - -1
D/dalvikvm( 2903): GC_CONCURRENT freed 345K, 13% free 3654K/4176K, paused 0ms+0ms, total 18ms
I/ActivityManager( 2738): Delay finish: com.android.mms/.transaction.MmsSystemEventReceiver
I/ActivityManager( 2738): Resuming delayed broadcast
I/ActivityManager( 2738): Start proc com.android.onetimeinitializer for broadcast com.android.onetimeinitializer/.OneTimeInitializerReceiver: pid=3136 uid=10010 gids={50010}
D/Mms:app ( 3099): cancelNotification
V/OneTimeInitializerRece( 3136): OneTimeInitializerReceiver.onReceive
I/ActivityManager( 2738): Delay finish: com.android.onetimeinitializer/.OneTimeInitializerReceiver
I/ActivityManager( 2738): Resuming delayed broadcast
I/ActivityManager( 2738): Delay finish: com.android.providers.media/.MediaScannerReceiver
D/CaptivePortalTracker( 2738): NoActiveNetworkState{ when=0 what=1 obj=NetworkInfo: type: ETHERNET[], state: DISCONNECTED/DISCONNECTED, reason: (unspecified), extra: 02:74:ac:95:16:33, roaming: false, failover: false, isAvailable: false, isConnectedToProvisioningNetwork: false target=com.android.internal.util.StateMachine$SmHandler }
D/CaptivePortalTracker( 2738): NoActiveNetworkState not a wifi connectivity change, ignore
D/Tethering( 2738): MasterInitialState.processMessage what=3
D/dalvikvm( 3015): GC_CONCURRENT freed 325K, 12% free 3030K/3424K, paused 1ms+1ms, total 17ms
D/dalvikvm( 3015): GC_CONCURRENT freed 399K, 14% free 3028K/3496K, paused 1ms+1ms, total 8ms
W/MediaScanner( 3015): Error opening directory '/storage/sdcard0/', skipping: Permission denied.
V/MediaScanner( 3015): pruneDeadThumbnailFiles... android.database.sqlite.SQLiteCursor@42184308
V/MediaScanner( 3015): /pruneDeadThumbnailFiles... android.database.sqlite.SQLiteCursor@42184308
I/ActivityManager( 2738): Resuming delayed broadcast
I/ActivityManager( 2738): Start proc com.android.deskclock for broadcast com.android.deskclock/.AlarmInitReceiver: pid=3154 uid=10022 gids={50022, 1028}
V/AlarmClock( 3154): AlarmInitReceiver android.intent.action.BOOT_COMPLETED
V/AlarmClock( 3154): AlarmInitReceiver - Reset timers and clear stopwatch data
I/AlarmClock( 3154): Displaying next alarm time: ''
V/AlarmClock( 3154): AlarmInitReceiver finished
D/dalvikvm( 2738): GC_CONCURRENT freed 623K, 15% free 5166K/6064K, paused 1ms+3ms, total 26ms
I/ActivityManager( 2738): Start proc com.android.calendar for broadcast com.android.calendar/.alerts.AlertReceiver: pid=3172 uid=10047 gids={50047, 3003}
D/ExtensionsFactory( 3172): No custom extensions.
D/AlertReceiver( 3172): onReceive: a=android.intent.action.BOOT_COMPLETED Intent { act=android.intent.action.BOOT_COMPLETED flg=0x8000010 cmp=com.android.calendar/.alerts.AlertReceiver (has extras) }
I/CalendarProvider2( 3068): Sending notification intent: Intent { act=android.intent.action.PROVIDER_CHANGED dat=content://com.android.calendar }
W/ContentResolver( 3068): Failed to get type for: content://com.android.calendar (Unknown URL content://com.android.calendar)
I/ActivityManager( 2738): Delay finish: com.android.calendar/.alerts.AlertReceiver
I/ActivityManager( 2738): Resuming delayed broadcast
I/ActivityManager( 2738): Start proc com.android.email for broadcast com.android.email/.service.EmailBroadcastReceiver: pid=3191 uid=10049 gids={50049, 3003, 1028, 1015}
D/AlertService( 3172): 0 Action = android.intent.action.BOOT_COMPLETED
D/AlertService( 3172): Scheduling next alarm with AlarmScheduler. sEventReminderReceived: null
D/AlarmScheduler( 3172): No events found starting within 1 week.
D/ActivityThread( 3191): Loading provider com.android.email.provider;com.android.email.notifier: com.android.email.provider.EmailProvider
D/ActivityThread( 3191): Loading provider com.android.email.provider;com.android.email.notifier: com.android.email.provider.EmailProvider
I/ActivityManager( 2738): Delay finish: com.android.email/.service.EmailBroadcastReceiver
D/dalvikvm( 3191): GC_CONCURRENT freed 211K, 10% free 2899K/3188K, paused 0ms+1ms, total 6ms
I/Email ( 3191): Observing account changes for notifications
W/ActivityManager( 2738): Unable to start service Intent { cmp=com.android.email/.service.AttachmentDownloadService } U=0: not found
W/ActivityManager( 2738): Unable to start service Intent { cmp=com.android.email/.service.AttachmentDownloadService } U=0: not found
W/ActivityManager( 2738): Unable to start service Intent { cmp=com.android.email/.service.AttachmentDownloadService } U=0: not found
I/ActivityManager( 2738): Delaying start of: ServiceRecord{4232f538 u0 com.android.exchange/.service.EmailSyncAdapterService}
I/ActivityManager( 2738): Start proc com.android.exchange for service com.android.exchange/.service.EmailSyncAdapterService: pid=3213 uid=10018 gids={50018, 3003, 1028, 1015}
I/ActivityManager( 2738): Resuming delayed broadcast
I/LauncherIconVisibilityManager( 2853): Boot has been completed
I/LauncherIconVisibilityManager( 2853): Activity has already been disabled: ComponentInfo{com.android.inputmethod.latin/com.android.inputmethod.latin.setup.SetupActivity}
I/ActivityManager( 2738): Delay finish: com.android.mms/.transaction.SmsReceiver
V/SmsReceiverService( 3099): onStart: #1 mResultCode: -1 = Activity.RESULT_OK
I/ActivityManager( 2738): Resuming delayed broadcast
W/MmsSystemEventReceiver( 3099): Network Information for TYPE_MOBILE_MMS connection is not available!!
D/AlertReceiver( 3172): onReceive: a=android.intent.action.PROVIDER_CHANGED Intent { act=android.intent.action.PROVIDER_CHANGED dat=content://com.android.calendar flg=0x10 cmp=com.android.calendar/.alerts.AlertReceiver }
I/ActivityManager( 2738): Delay finish: com.android.calendar/.alerts.AlertReceiver
D/AlertService( 3172): 0 Action = android.intent.action.PROVIDER_CHANGED
W/ProcessCpuTracker( 2738): Skipping unknown process pid 3236
D/ConnectivityService( 2738): ConnectivityChange for ETHERNET: CONNECTED/CONNECTED
E/ConnectivityService( 2738): Unexpected mtu value: android.net.EthernetDataTracker@420d6538
D/Nat464Xlat( 2738): requiresClat: netType=9, hasIPv4Address=true
D/dalvikvm( 2794): GC_CONCURRENT freed 358K, 10% free 4583K/5048K, paused 0ms+1ms, total 8ms
D/dalvikvm( 2738): GC_CONCURRENT freed 523K, 14% free 5225K/6064K, paused 1ms+2ms, total 32ms
D/dalvikvm( 2738): WAIT_FOR_CONCURRENT_GC blocked 29ms
E/AudioFlinger( 2168): Sample rate out of range: 44100 mSampleRate 16000
E/AudioTrack( 2794): AudioFlinger could not create track, status: -22
E/SoundPool( 2794): Error creating AudioTrack
D/PhoneStatusBar( 2794): disable: < expand icons alerts ticker system_info back* home* recent* clock* search* > I/ARMAssembler( 2165): generated scanline__00000077:03515104_00009001_00000000 [131 ipp] (153 ins) at [0xb5e871f0:0xb5e87454] in 0 ns
D/Tethering( 2738): MasterInitialState.processMessage what=3
D/CaptivePortalTracker( 2738): NoActiveNetworkState{ when=0 what=1 obj=NetworkInfo: type: ETHERNET[], state: CONNECTED/CONNECTED, reason: (unspecified), extra: 02:74:ac:95:16:33, roaming: false, failover: false, isAvailable: true, isConnectedToProvisioningNetwork: false target=com.android.internal.util.StateMachine$SmHandler }
D/CaptivePortalTracker( 2738): NoActiveNetworkState not a wifi connectivity change, ignore
D/GpsLocationProvider( 2738): NTP server returned: 1390895930307 (Tue Jan 28 07:58:50 GMT+00:00 2014) reference: 30372 certainty: 28 system time offset: 1390895899943
D/ ( 2738): Setting time of day to sec=1390895930
W/ ( 2738): Unable to open alarm driver: No such file or directory
E/AudioFlinger( 2168): Sample rate out of range: 48000 mSampleRate 16000
E/AudioTrack( 2738): AudioFlinger could not create track, status: -22
E/SoundPool( 2738): Error creating AudioTrack
D/dalvikvm( 2903): GC_FOR_ALLOC freed 115K, 11% free 3745K/4172K, paused 26ms, total 26ms
I/dalvikvm-heap( 2903): Grow heap (frag case) to 6.041MB for 2432784-byte allocation
D/dalvikvm( 2903): GC_CONCURRENT freed 3K, 7% free 6118K/6548K, paused 0ms+0ms, total 5ms
D/dalvikvm( 2903): WAIT_FOR_CONCURRENT_GC blocked 5ms
D/dalvikvm( 2903): GC_FOR_ALLOC freed 0K, 7% free 6119K/6548K, paused 5ms, total 5ms
I/dalvikvm-heap( 2903): Grow heap (frag case) to 8.234MB for 2302768-byte allocation
D/dalvikvm( 2903): GC_CONCURRENT freed 0K, 5% free 8367K/8800K, paused 1ms+0ms, total 6ms
I/GlobalDismissManager( 3172): no sender configured
D/AlertService( 3172): Beginning updateAlertNotification
D/AlertService( 3172): No fired or scheduled alerts
D/AlertService( 3172): Scheduling next alarm with AlarmScheduler. sEventReminderReceived: null
D/AlarmScheduler( 3172): No events found starting within 1 week.
I/ActivityManager( 2738): Resuming delayed broadcast
E/BroadcastReceiver( 3068): BroadcastReceiver trying to return result during a non-ordered broadcast
E/BroadcastReceiver( 3068): java.lang.RuntimeException: BroadcastReceiver trying to return result during a non-ordered broadcast
E/BroadcastReceiver( 3068): at android.content.BroadcastReceiver.checkSynchronousHint(BroadcastReceiver.java:783)
E/BroadcastReceiver( 3068): at android.content.BroadcastReceiver.setResultCode(BroadcastReceiver.java:549)
E/BroadcastReceiver( 3068): at com.android.providers.calendar.CalendarProviderBroadcastReceiver.onReceive(CalendarProviderBroadcastReceiver.java:37)
E/BroadcastReceiver( 3068): at android.app.ActivityThread.handleReceiver(ActivityThread.java:2419)
E/BroadcastReceiver( 3068): at android.app.ActivityThread.access$1700(ActivityThread.java:135)
E/BroadcastReceiver( 3068): at android.app.ActivityThread$H.handleMessage(ActivityThread.java:1272)
E/BroadcastReceiver( 3068): at android.os.Handler.dispatchMessage(Handler.java:102)
E/BroadcastReceiver( 3068): at android.os.Looper.loop(Looper.java:136)
E/BroadcastReceiver( 3068): at android.app.ActivityThread.main(ActivityThread.java:5017)
E/BroadcastReceiver( 3068): at java.lang.reflect.Method.invokeNative(Native Method)
E/BroadcastReceiver( 3068): at java.lang.reflect.Method.invoke(Method.java:515)
E/BroadcastReceiver( 3068): at com.android.internal.os.ZygoteInit$MethodAndArgsCaller.run(ZygoteInit.java:779)
E/BroadcastReceiver( 3068): at com.android.internal.os.ZygoteInit.main(ZygoteInit.java:595)
E/BroadcastReceiver( 3068): at dalvik.system.NativeStart.main(Native Method)
I/ActivityManager( 2738): Delay finish: com.android.providers.calendar/.CalendarProviderBroadcastReceiver
I/ActivityManager( 2738): Resuming delayed broadcast
W/MmsSystemEventReceiver( 3099): Network Information for TYPE_MOBILE_MMS connection is not available!!
D/dalvikvm( 2903): GC_FOR_ALLOC freed 30K, 5% free 8417K/8800K, paused 6ms, total 8ms
I/dalvikvm-heap( 2903): Grow heap (frag case) to 10.482MB for 2306752-byte allocation
