I/SystemServer( 1778): System Content Providers
I/SystemServer( 1778): Lights Service
I/SystemServer( 1778): Battery Service
I/SystemServer( 1778): Vibrator Service
I/libsuspend( 1778): Selected early suspend
I/libsuspend( 1778): Starting early suspend unblocker thread
D/PermissionCache( 1329): checking android.permission.ACCESS_SURFACE_FLINGER for uid=1000 => granted (549 us)
D/SurfaceFlinger( 1329): Screen acquired, type=0 flinger=0x4049f318
D/SurfaceFlinger( 1329): screen was previously acquired
I/SystemServer( 1778): Alarm Manager
I/SystemServer( 1778): Init Watchdog
I/SystemServer( 1778): Input Manager
I/InputManager( 1778): Initializing input manager, mUseDevInputEventForAudioJack=false
I/SystemServer( 1778): Window Manager
D/dalvikvm( 1778): GC_CONCURRENT freed 150K, 5% free 6855K/7156K, paused 2ms+3ms, total 53ms
D/dalvikvm( 1778): WAIT_FOR_CONCURRENT_GC blocked 12ms
E/WVMExtractor( 1332): Failed to open libwvm.so
E/WVMExtractor( 1332): Failed to open libwvm.so
I/InputManager( 1778): Starting input manager
I/SystemServer( 1778): Bluetooth Manager Service
E/EventHub( 1778): could not get driver version for /dev/input/mice, Not a typewriter
D/BluetoothManagerService( 1778): Loading stored name and address
D/BluetoothManagerService( 1778): Stored bluetooth Name=,Address=22:22:85:4F:CE:00
I/SystemServer( 1778): Input Method Service
W/InputMethodManagerService( 1778): Couldn't create dir.: /data/system/inputmethod
W/ResourceType( 1778): Failure getting entry for 0x7f060000 (t=5 e=0) in package 0 (error -75)
W/InputMethodManagerService( 1778): Skipping input method ComponentInfo{com.android.cts.stub/android.view.inputmethod.cts.InputMethodInfoStub}: it does not require the permission android.permission.BIND_INPUT_METHOD
I/SystemServer( 1778): Accessibility Manager
I/ActivityManager( 1778): Config changes=15f8 {1.0 ?mcc?mnc en_US ldltr sw720dp w1280dp h647dp 160dpi lrg long land ?uimode ?night -touch -keyb/v/h -nav/h s.2}
D/EventHub( 1778): No input device configuration file found for device 'Panda Headset Jack'.
I/EventHub( 1778): New device: id=1, fd=91, path='/dev/input/event2', name='Panda Headset Jack', classes=0x80, configuration='', keyLayout='', keyCharacterMap='', builtinKeyboard=false, usingSuspendBlockIoctl=false, usingClockIoctl=false
D/EventHub( 1778): No input device configuration file found for device ' USB OPTICAL MOUSE'.
I/EventHub( 1778): New device: id=2, fd=92, path='/dev/input/event1', name=' USB OPTICAL MOUSE', classes=0x80000008, configuration='', keyLayout='', keyCharacterMap='', builtinKeyboard=false, usingSuspendBlockIoctl=false, usingClockIoctl=false
E/EventHub( 1778): could not get driver version for /dev/input/mouse0, Not a typewriter
I/PackageManager( 1778): Running dexopt on: com.android.frameworks.coretests.install_bad_dex
E/dalvikvm( 1833): too small to be DEX
E/dalvikvm( 1833): Optimization failed
W/installd( 1333): DexInv: --- END '/data/app/FrameworkCoreTests_install_bad_dex.apk' --- status=0xff00, process failed
E/installd( 1333): dexopt failed on '/data/dalvik-cache/data@app@FrameworkCoreTests_install_bad_dex.apk@classes.dex' res = 65280
I/SystemServer( 1778): Mount Service
D/MountService( 1778): got storage path: /mnt/sdcard description: Internal storage primary: true removable: true emulated: false mtpReserve: 0 allowMassStorage: false maxFileSize: 0
D/MountService( 1778): addVolumeLocked() StorageVolume [mStorageId=0 mPath=/mnt/sdcard mDescriptionId=17040613 mPrimary=true mRemovable=true mEmulated=false mMtpReserveSpace=0 mAllowMassStorage=false mMaxFileSize=0 mOwner=null]
I/SystemServer( 1778): LockSettingsService
I/SystemServer( 1778): Device Policy
I/SystemServer( 1778): Status Bar
D/dalvikvm( 1778): GREF has increased to 201
I/SystemServer( 1778): Clipboard Service
I/SystemServer( 1778): NetworkManagement Service
I/SystemServer( 1778): Text Service Manager Service
D/EventHub( 1778): No input device configuration file found for device 'twl6040:vibrator'.
I/EventHub( 1778): New device: id=3, fd=107, path='/dev/input/event0', name='twl6040:vibrator', classes=0x200, configuration='', keyLayout='', keyCharacterMap='', builtinKeyboard=false, usingSuspendBlockIoctl=false, usingClockIoctl=false
I/InputReader( 1778): Device added: id=-1, name='Virtual', sources=0x00000301
I/SystemServer( 1778): NetworkStats Service
I/InputReader( 1778): Device added: id=3, name='twl6040:vibrator', sources=0x00000000
I/PackageManager( 1778): Updating external media status from unmounted to unmounted
D/MountService( 1778): volume state changed for /mnt/sdcard (null -> unmounted)
W/MountService( 1778): getSecureContainerList() called when storage not mounted
I/PackageManager( 1778): No secure containers on sdcard
I/SystemServer( 1778): NetworkPolicy Service
W/PackageManager( 1778): Not granting permission com.android.cts.permissionWithSignature to package com.android.cts.usespermissiondiffcertapp (protectionLevel=2 flags=0x8be44)
W/PackageManager( 1778): Unknown permission android.permission.WRITE_SDCARD in package com.android.browserpowertest
W/PackageManager( 1778): Unknown permission android.permission.ADD_SYSTEM_SERVICE in package com.android.phone
W/PackageManager( 1778): Not granting permission android.permission.INJECT_EVENTS to package android.camera.mediaeffects.tests (protectionLevel=2 flags=0x8be44)
W/PackageManager( 1778): Unknown permission com.google.android.gallery3d.permission.GALLERY_PROVIDER in package com.android.bluetooth
W/PackageManager( 1778): Unknown permission com.google.android.googleapps.permission.GOOGLE_AUTH in package com.android.providers.calendar
W/PackageManager( 1778): Unknown permission com.google.android.googleapps.permission.GOOGLE_AUTH.cl in package com.android.providers.calendar
W/PackageManager( 1778): Not granting permission android.permission.SEND_DOWNLOAD_COMPLETED_INTENTS to package com.android.browser (protectionLevel=2 flags=0x89be45)
W/PackageManager( 1778): Unknown permission com.google.android.googleapps.permission.GOOGLE_AUTH in package com.android.settings
W/PackageManager( 1778): Unknown permission com.google.android.gallery3d.permission.GALLERY_PROVIDER in package com.android.exchange
I/InputReader( 1778): Device added: id=2, name=' USB OPTICAL MOUSE', sources=0x00002002
I/InputReader( 1778): Device added: id=1, name='Panda Headset Jack', sources=0x80000000
I/InputReader( 1778): Reconfiguring input devices. changes=0x00000004
I/SystemServer( 1778): Wi-Fi P2pService
W/PackageManager( 1778): Unknown permission com.google.android.googleapps.permission.ACCESS_GOOGLE_PASSWORD in package com.android.development
W/PackageManager( 1778): Unknown permission com.google.android.googleapps.permission.GOOGLE_AUTH in package com.android.development
W/PackageManager( 1778): Unknown permission com.google.android.googleapps.permission.GOOGLE_AUTH.ALL_SERVICES in package com.android.development
W/PackageManager( 1778): Unknown permission com.google.android.googleapps.permission.GOOGLE_AUTH.YouTubeUser in package com.android.development
I/ActivityManager( 1778): Config changes=1400 {1.0 ?mcc?mnc en_US ldltr sw720dp w1280dp h647dp 160dpi lrg long land ?uimode ?night -touch -keyb/v/h -nav/h s.3}
W/PackageManager( 1778): Not granting permission android.permission.DEVICE_POWER to package com.android.cts.stub (protectionLevel=2 flags=0x48be44)
W/PackageManager( 1778): Not granting permission android.permission.STATUS_BAR to package com.android.cts.stub (protectionLevel=18 flags=0x48be44)
W/PackageManager( 1778): Not granting permission android.permission.INSTALL_PACKAGES to package com.android.cts.stub (protectionLevel=18 flags=0x48be44)
W/PackageManager( 1778): Not granting permission android.permission.WRITE_SECURE_SETTINGS to package com.android.cts.stub (protectionLevel=50 flags=0x48be44)
W/PackageManager( 1778): Unknown permission android.permission.WRITE_OWNER_DATA in package com.android.cts.stub
W/PackageManager( 1778): Unknown permission android.permission.READ_OWNER_DATA in package com.android.cts.stub
W/PackageManager( 1778): Not granting permission android.permission.DELETE_CACHE_FILES to package com.android.cts.stub (protectionLevel=18 flags=0x48be44)
W/PackageManager( 1778): Not granting permission android.permission.MOUNT_UNMOUNT_FILESYSTEMS to package com.android.cts.stub (protectionLevel=18 flags=0x48be44)
W/PackageManager( 1778): Unknown permission android.permission.ADD_SYSTEM_SERVICE in package com.android.cts.stub
W/PackageManager( 1778): Not granting permission android.permission.INJECT_EVENTS to package com.android.cts.stub (protectionLevel=2 flags=0x48be44)
W/PackageManager( 1778): Not granting permission android.permission.DUMP to package com.android.cts.stub (protectionLevel=50 flags=0x48be44)
W/PackageManager( 1778): Not granting permission android.permission.SET_PREFERRED_APPLICATIONS to package com.android.cts.stub (protectionLevel=2 flags=0x48be44)
W/PackageManager( 1778): Not granting permission android.permission.READ_LOGS to package com.android.cts.stub (protectionLevel=50 flags=0x48be44)
W/PackageManager( 1778): Not granting permission android.permission.INJECT_EVENTS to package com.android.camera.tests (protectionLevel=2 flags=0x8be44)
W/PackageManager( 1778): Not granting permission android.permission.CHANGE_CONFIGURATION to package com.android.frameworks.graphicstests (protectionLevel=50 flags=0x8be44)
W/PackageManager( 1778): Not granting permission android.permission.WRITE_APN_SETTINGS to package com.android.frameworks.graphicstests (protectionLevel=18 flags=0x8be44)
W/PackageManager( 1778): Not granting permission android.permission.ACCESS_CHECKIN_PROPERTIES to package com.android.framework.externallocallpermstestapp (protectionLevel=18 flags=0x8be44)
D/dalvikvm( 1778): GC_CONCURRENT freed 761K, 11% free 6800K/7592K, paused 5ms+5ms, total 74ms
D/dalvikvm( 1778): WAIT_FOR_CONCURRENT_GC blocked 22ms
D/dalvikvm( 1778): WAIT_FOR_CONCURRENT_GC blocked 28ms
W/PackageManager( 1778): Not granting permission android.permission.ACCESS_SURFACE_FLINGER to package com.android.framework.externallocallpermstestapp (protectionLevel=2 flags=0x8be44)
W/PackageManager( 1778): Not granting permission android.permission.ACCOUNT_MANAGER to package com.android.framework.externallocallpermstestapp (protectionLevel=2 flags=0x8be44)
W/PackageManager( 1778): Not granting permission android.permission.BIND_APPWIDGET to package com.android.framework.externallocallpermstestapp (protectionLevel=18 flags=0x8be44)
W/PackageManager( 1778): Not granting permission android.permission.BIND_INPUT_METHOD to package com.android.framework.externallocallpermstestapp (protectionLevel=2 flags=0x8be44)
W/PackageManager( 1778): Not granting permission android.permission.BRICK to package com.android.framework.externallocallpermstestapp (protectionLevel=2 flags=0x8be44)
W/PackageManager( 1778): Not granting permission android.permission.BROADCAST_PACKAGE_REMOVED to package com.android.framework.externallocallpermstestapp (protectionLevel=2 flags=0x8be44)
W/PackageManager( 1778): Not granting permission android.permission.BROADCAST_SMS to package com.android.framework.externallocallpermstestapp (protectionLevel=2 flags=0x8be44)
W/PackageManager( 1778): Not granting permission android.permission.BROADCAST_WAP_PUSH to package com.android.framework.externallocallpermstestapp (protectionLevel=2 flags=0x8be44)
W/PackageManager( 1778): Not granting permission android.permission.CALL_PRIVILEGED to package com.android.framework.externallocallpermstestapp (protectionLevel=18 flags=0x8be44)
W/PackageManager( 1778): Not granting permission android.permission.CHANGE_COMPONENT_ENABLED_STATE to package com.android.framework.externallocallpermstestapp (protectionLevel=18 flags=0x8be44)
W/PackageManager( 1778): Not granting permission android.permission.CHANGE_CONFIGURATION to package com.android.framework.externallocallpermstestapp (protectionLevel=50 flags=0x8be44)
W/PackageManager( 1778): Not granting permission android.permission.CLEAR_APP_USER_DATA to package com.android.framework.externallocallpermstestapp (protectionLevel=2 flags=0x8be44)
W/PackageManager( 1778): Not granting permission android.permission.CONTROL_LOCATION_UPDATES to package com.android.framework.externallocallpermstestapp (protectionLevel=18 flags=0x8be44)
W/PackageManager( 1778): Not granting permission android.permission.DELETE_CACHE_FILES to package com.android.framework.externallocallpermstestapp (protectionLevel=18 flags=0x8be44)
W/PackageManager( 1778): Not granting permission android.permission.DELETE_PACKAGES to package com.android.framework.externallocallpermstestapp (protectionLevel=18 flags=0x8be44)
W/PackageManager( 1778): Not granting permission android.permission.DEVICE_POWER to package com.android.framework.externallocallpermstestapp (protectionLevel=2 flags=0x8be44)
W/PackageManager( 1778): Not granting permission android.permission.DIAGNOSTIC to package com.android.framework.externallocallpermstestapp (protectionLevel=2 flags=0x8be44)
W/PackageManager( 1778): Not granting permission android.permission.DUMP to package com.android.framework.externallocallpermstestapp (protectionLevel=50 flags=0x8be44)
W/PackageManager( 1778): Not granting permission android.permission.FACTORY_TEST to package com.android.framework.externallocallpermstestapp (protectionLevel=2 flags=0x8be44)
I/SurfaceFlinger( 1329): Boot is finished (19876 ms)
W/PackageManager( 1778): Not granting permission android.permission.FORCE_BACK to package com.android.framework.externallocallpermstestapp (protectionLevel=2 flags=0x8be44)
W/PackageManager( 1778): Not granting permission android.permission.GLOBAL_SEARCH to package com.android.framework.externallocallpermstestapp (protectionLevel=18 flags=0x8be44)
W/PackageManager( 1778): Not granting permission android.permission.HARDWARE_TEST to package com.android.framework.externallocallpermstestapp (protectionLevel=2 flags=0x8be44)
W/PackageManager( 1778): Not granting permission android.permission.INJECT_EVENTS to package com.android.framework.externallocallpermstestapp (protectionLevel=2 flags=0x8be44)
W/PackageManager( 1778): Not granting permission android.permission.INSTALL_LOCATION_PROVIDER to package com.android.framework.externallocallpermstestapp (protectionLevel=18 flags=0x8be44)
W/PackageManager( 1778): Not granting permission android.permission.INSTALL_PACKAGES to package com.android.framework.externallocallpermstestapp (protectionLevel=18 flags=0x8be44)
W/PackageManager( 1778): Not granting permission android.permission.INTERNAL_SYSTEM_WINDOW to package com.android.framework.externallocallpermstestapp (protectionLevel=2 flags=0x8be44)
W/PackageManager( 1778): Not granting permission android.permission.MANAGE_APP_TOKENS to package com.android.framework.externallocallpermstestapp (protectionLevel=2 flags=0x8be44)
W/PackageManager( 1778): Not granting permission android.permission.MASTER_CLEAR to package com.android.framework.externallocallpermstestapp (protectionLevel=18 flags=0x8be44)
W/PackageManager( 1778): Not granting permission android.permission.MODIFY_PHONE_STATE to package com.android.framework.externallocallpermstestapp (protectionLevel=18 flags=0x8be44)
W/PackageManager( 1778): Not granting permission android.permission.MOUNT_FORMAT_FILESYSTEMS to package com.android.framework.externallocallpermstestapp (protectionLevel=18 flags=0x8be44)
W/PackageManager( 1778): Not granting permission android.permission.MOUNT_UNMOUNT_FILESYSTEMS to package com.android.framework.externallocallpermstestapp (protectionLevel=18 flags=0x8be44)
W/PackageManager( 1778): Not granting permission android.permission.READ_FRAME_BUFFER to package com.android.framework.externallocallpermstestapp (protectionLevel=18 flags=0x8be44)
W/PackageManager( 1778): Unknown permission android.permission.READ_HISTORY_BOOKMARKS in package com.android.framework.externallocallpermstestapp
W/PackageManager( 1778): Not granting permission android.permission.READ_INPUT_STATE to package com.android.framework.externallocallpermstestapp (protectionLevel=2 flags=0x8be44)
W/PackageManager( 1778): Not granting permission android.permission.READ_LOGS to package com.android.framework.externallocallpermstestapp (protectionLevel=50 flags=0x8be44)
W/PackageManager( 1778): Unknown permission android.permission.READ_OWNER_DATA in package com.android.framework.externallocallpermstestapp
W/PackageManager( 1778): Not granting permission android.permission.REBOOT to package com.android.framework.externallocallpermstestapp (protectionLevel=18 flags=0x8be44)
W/PackageManager( 1778): Not granting permission android.permission.SET_ACTIVITY_WATCHER to package com.android.framework.externallocallpermstestapp (protectionLevel=2 flags=0x8be44)
W/PackageManager( 1778): Not granting permission android.permission.SET_ALWAYS_FINISH to package com.android.framework.externallocallpermstestapp (protectionLevel=50 flags=0x8be44)
W/PackageManager( 1778): Not granting permission android.permission.SET_ANIMATION_SCALE to package com.android.framework.externallocallpermstestapp (protectionLevel=50 flags=0x8be44)
W/PackageManager( 1778): Not granting permission android.permission.SET_DEBUG_APP to package com.android.framework.externallocallpermstestapp (protectionLevel=50 flags=0x8be44)
W/PackageManager( 1778): Not granting permission android.permission.SET_ORIENTATION to package com.android.framework.externallocallpermstestapp (protectionLevel=2 flags=0x8be44)
W/PackageManager( 1778): Not granting permission android.permission.SET_PREFERRED_APPLICATIONS to package com.android.framework.externallocallpermstestapp (protectionLevel=2 flags=0x8be44)
W/PackageManager( 1778): Not granting permission android.permission.SET_PROCESS_LIMIT to package com.android.framework.externallocallpermstestapp (protectionLevel=50 flags=0x8be44)
W/PackageManager( 1778): Not granting permission android.permission.SIGNAL_PERSISTENT_PROCESSES to package com.android.framework.externallocallpermstestapp (protectionLevel=50 flags=0x8be44)
W/PackageManager( 1778): Not granting permission android.permission.STATUS_BAR to package com.android.framework.externallocallpermstestapp (protectionLevel=18 flags=0x8be44)
W/PackageManager( 1778): Not granting permission android.permission.UPDATE_DEVICE_STATS to package com.android.framework.externallocallpermstestapp (protectionLevel=18 flags=0x8be44)
W/PackageManager( 1778): Not granting permission android.permission.WRITE_APN_SETTINGS to package com.android.framework.externallocallpermstestapp (protectionLevel=18 flags=0x8be44)
W/PackageManager( 1778): Not granting permission android.permission.WRITE_GSERVICES to package com.android.framework.externallocallpermstestapp (protectionLevel=18 flags=0x8be44)
W/PackageManager( 1778): Unknown permission android.permission.WRITE_HISTORY_BOOKMARKS in package com.android.framework.externallocallpermstestapp
W/PackageManager( 1778): Unknown permission android.permission.WRITE_OWNER_DATA in package com.android.framework.externallocallpermstestapp
W/PackageManager( 1778): Not granting permission android.permission.WRITE_SECURE_SETTINGS to package com.android.framework.externallocallpermstestapp (protectionLevel=50 flags=0x8be44)
W/PackageManager( 1778): Not granting permission android.permission.WRITE_SECURE_SETTINGS to package com.android.bandwidth.tests (protectionLevel=50 flags=0x8be44)
W/PackageManager( 1778): Not granting permission android.permission.DEVICE_POWER to package com.android.bandwidth.tests (protectionLevel=2 flags=0x8be44)
W/PackageManager( 1778): Not granting permission android.permission.SERIAL_PORT to package com.android.serialchat (protectionLevel=18 flags=0x8be44)
W/PackageManager( 1778): Not granting permission android.permission.CHANGE_CONFIGURATION to package android.core (protectionLevel=50 flags=0x8be44)
W/PackageManager( 1778): Not granting permission android.permission.WRITE_APN_SETTINGS to package android.core (protectionLevel=18 flags=0x8be44)
W/PackageManager( 1778): Not granting permission android.permission.WRITE_SECURE_SETTINGS to package android.core (protectionLevel=50 flags=0x8be44)
I/ActivityManager( 1778): Config changes=1400 {1.0 ?mcc?mnc en_US ldltr sw720dp w1280dp h647dp 160dpi lrg long land ?uimode ?night -touch -keyb/v/h -nav/h s.4}
W/PackageManager( 1778): Unknown permission android.webkit.permission.PLUGIN in package com.android.sampleplugin
W/PackageManager( 1778): Not granting permission android.permission.WRITE_SECURE_SETTINGS to package com.example.android.samplesync (protectionLevel=50 flags=0x8be44)
W/PackageManager( 1778): Unknown permission android.webkit.permission.PLUGIN in package com.android.testplugin
W/PackageManager( 1778): Unknown permission com.google.android.googleapps.permission.GOOGLE_AUTH.mail in package com.android.contacts
W/PackageManager( 1778): Unknown permission com.google.android.googleapps.permission.GOOGLE_AUTH.mail in package com.android.calendar
W/PackageManager( 1778): Unknown permission android.permission.WRITE_SDCARD in package com.android.dumprendertree
W/PackageManager( 1778): Unknown permission com.google.android.gallery3d.permission.PICASA_STORE in package com.android.dreams.phototable
W/PackageManager( 1778): Unknown permission com.google.android.gallery3d.permission.GALLERY_PROVIDER in package com.android.email
W/PackageManager( 1778): Not granting permission android.permission.CHANGE_CONFIGURATION to package com.android.frameworks.saxtests (protectionLevel=50 flags=0x8be44)
W/PackageManager( 1778): Not granting permission android.permission.WRITE_APN_SETTINGS to package com.android.frameworks.saxtests (protectionLevel=18 flags=0x8be44)
W/PackageManager( 1778): Unknown permission android.permission.WRITE_SDCARD in package com.android.dumprendertree2
W/PackageManager( 1778): Not granting permission android.permission.ACCESS_CACHE_FILESYSTEM to package com.android.frameworks.coretests.version_test (protectionLevel=18 flags=0x8be40)
W/PackageManager( 1778): Unknown permission android.permission.TEST_GRANTED in package com.android.frameworks.coretests
W/PackageManager( 1778): Unknown permission com.google.android.googleapps.permission.ACCESS_GOOGLE_PASSWORD in package com.android.frameworks.coretests
W/PackageManager( 1778): Unknown permission com.google.android.googleapps.permission.GOOGLE_AUTH in package com.android.frameworks.coretests
W/PackageManager( 1778): Unknown permission com.google.android.googleapps.permission.GOOGLE_AUTH.ALL_SERVICES in package com.android.frameworks.coretests
W/PackageManager( 1778): Not granting permission android.permission.DEVICE_POWER to package com.android.deskclock (protectionLevel=2 flags=0x88be45)
I/SystemServer( 1778): Wi-Fi Service
E/CommandListener( 1327): Failed to open /proc/sys/net/ipv6/conf/wlan0/disable_ipv6: No such file or directory
E/WifiStateMachine( 1778): Failed to disable IPv6: java.lang.IllegalStateException: command '1 interface ipv6 wlan0 disable' failed with '400 1 Failed to change IPv6 state (No such file or directory)'
I/SystemServer( 1778): Ethernet Service
I/SystemServer( 1778): Connectivity Service
D/ConnectivityService( 1778): ConnectivityService starting up
I/ethernet( 1778): interface eth0:2 found
I/ethernet( 1778): interface sit0:3 found
I/ethernet( 1778): interface ip6tnl0:4 found
E/ethernet( 1778): android_net_ethernet_initEthernetNative exited with success
I/ethernet( 1778): User ask for device name on 0, list:5A7965A0, total:3
I/ethernet( 1778): User ask for device name on 1, list:5A7965A0, total:3
I/ethernet( 1778): User ask for device name on 2, list:5A7965A0, total:3
E/ConnectivityService( 1778): Ignoring protectedNetwork 10
E/ConnectivityService( 1778): Ignoring protectedNetwork 11
E/ConnectivityService( 1778): Ignoring protectedNetwork 12
V/EthernetStateTracker( 1778): Starts...
V/EthernetStateTracker( 1778): Successed
V/EthernetStateTracker( 1778): start to monitor the ethernet devices
I/EthernetManager( 1778): Init Ethernet Manager, service: com.android.server.EthernetService@41689a50
V/EthernetService( 1778): device 0 name ip6tnl0
V/EthernetService( 1778): device 1 name sit0
V/EthernetService( 1778): device 2 name eth0
E/EthernetService( 1778): EthernetManager.ETHERNET_STATE_ENABLED
I/WifiService( 1778): WifiService starting up with Wi-Fi disabled
D/WifiWatchdogStateMachine( 1778): Disabling poor network avoidance for wi-fi only device
I/ethernet( 1778): User ask for device name on 0, list:5A7965A0, total:3
I/ethernet( 1778): User ask for device name on 1, list:5A7965A0, total:3
I/ethernet( 1778): User ask for device name on 2, list:5A7965A0, total:3
I/EthernetService( 1778): Ethernet dev enabled 2
V/EthernetService( 1778): device 0 name ip6tnl0
V/EthernetService( 1778): device 1 name sit0
V/EthernetService( 1778): device 2 name eth0
V/EthernetStateMachine( 1778): start to monitor the ethernet devices
E/EthernetStateMachine( 1778): startMonitoring resetInterface()
D/NetUtils( 1778): android_net_utils_resetConnections in env=0x5e2d97b0 clazz=0x17c00001 iface=eth0 mask=0x3
I/EthernetStateMachine( 1778): reset device eth0
D/dalvikvm( 1778): GC_CONCURRENT freed 554K, 10% free 6893K/7592K, paused 4ms+7ms, total 132ms
I/EthernetStateMachine( 1778): trigger dhcp for device eth0
D/EthernetStateMachine( 1778): DhcpHandler: DHCP request started
I/SystemServer( 1778): Network Service Discovery Service
D/NsdService( 1778): Network service discovery enabled true
I/SystemServer( 1778): Throttle Service
I/SystemServer( 1778): UpdateLock Service
I/SystemServer( 1778): Notification Manager
I/SystemServer( 1778): Device Storage Monitor
I/SystemServer( 1778): Location Manager
I/SystemServer( 1778): Country Detector
I/SystemServer( 1778): Search Service
I/SystemServer( 1778): DropBox Service
I/SystemServer( 1778): Wallpaper Service
I/SystemServer( 1778): Audio Service
I/AudioService( 1778): Remote Control registerMediaButtonIntent() for PendingIntent{416aff20: PendingIntentRecord{41690cf0 android broadcastIntent}}
I/SystemServer( 1778): Dock Observer
W/DockObserver( 1778): This kernel does not have dock station support
I/SystemServer( 1778): Wired Accessory Manager
W/WiredAccessoryManager( 1778): This kernel does not have wired headset support
W/WiredAccessoryManager( 1778): This kernel does not have usb audio support
I/SystemServer( 1778): USB Service
I/SystemServer( 1778): Serial Service
I/SystemServer( 1778): Twilight Service
I/SystemServer( 1778): UI Mode Manager Service
I/SystemServer( 1778): Backup Service
V/BackupManagerService( 1778): No ancestral data
D/dalvikvm( 1778): GC_CONCURRENT freed 325K, 5% free 7281K/7640K, paused 4ms+8ms, total 119ms
D/dalvikvm( 1778): WAIT_FOR_CONCURRENT_GC blocked 85ms
I/BackupManagerService( 1778): Found stale backup journal, scheduling
I/BackupManagerService( 1778): android
I/BackupManagerService( 1778): com.android.browser
I/BackupManagerService( 1778): com.android.calendar
I/BackupManagerService( 1778): com.android.hugebackup
I/BackupManagerService( 1778): com.android.inputmethod.latin
I/BackupManagerService( 1778): com.android.providers.settings
I/BackupManagerService( 1778): com.android.providers.userdictionary
I/BackupManagerService( 1778): com.android.sharedstoragebackup
I/BackupManagerService( 1778): Backup enabled => false
I/SystemServer( 1778): AppWidget Service
I/SystemServer( 1778): Recognition Service
I/SystemServer( 1778): DiskStats Service
I/SystemServer( 1778): SamplingProfiler Service
I/SystemServer( 1778): NetworkTimeUpdateService
I/SystemServer( 1778): CommonTimeManagementService
I/SystemServer( 1778): CertBlacklister
I/SystemServer( 1778): Dreams Service
I/WindowManager( 1778): SAFE MODE not enabled
D/dalvikvm( 1778): JIT started for system_server
I/ActivityManager( 1778): System now ready
I/Zygote ( 1778): Process: zygote socket opened
I/SystemServer( 1778): Making services ready
I/keystore( 1334): uid: 1000 action: e -> 7 state: 3 -> 3 retry: 4
I/ActivityManager( 1778): Start proc com.android.systemui for service com.android.systemui/.SystemUIService: pid=1873 uid=10005 gids={50005, 1028, 1015, 3002, 3001}
D/NetworkManagementService( 1778): not enabling bandwidth control
I/Vold ( 1326): /dev/block/vold/179:6 being considered for volume sdcard
D/Vold ( 1326): Volume sdcard state changing 1 (Idle-Unmounted) -> 3 (Checking)
D/MountService( 1778): volume state changed for /mnt/sdcard (unmounted -> checking)
D/MountService( 1778): sendStorageIntent Intent { act=android.intent.action.MEDIA_CHECKING dat=file:///mnt/sdcard (has extras) } to UserHandle{-1}
I//system/bin/fsck_msdos( 1326): ** /dev/block/vold/179:6
I//system/bin/fsck_msdos( 1326): ** Phase 1 - Read FAT (compare skipped)
I//system/bin/fsck_msdos( 1326): Attempting to allocate 6156 KB for FAT
E/Netd ( 1327): exec() res=768 for /system/bin/ip6tables -F fw_INPUT
E/Netd ( 1327): exec() res=768 for /system/bin/ip6tables -F fw_OUTPUT
E/Netd ( 1327): exec() res=768 for /system/bin/ip6tables -F fw_FORWARD
W/SystemServer( 1778): ***********************************************
F/SystemServer( 1778): BOOT FAILURE making Network Managment Service ready
F/SystemServer( 1778): java.lang.IllegalStateException: command '2 firewall disable' failed with '400 2 Firewall command failed'
F/SystemServer( 1778): at com.android.server.NetworkManagementService.setFirewallEnabled(NetworkManagementService.java:1446)
F/SystemServer( 1778): at com.android.server.NetworkManagementService.prepareNativeDaemon(NetworkManagementService.java:376)
F/SystemServer( 1778): at com.android.server.NetworkManagementService.systemReady(NetworkManagementService.java:213)
F/SystemServer( 1778): at com.android.server.ServerThread$3.run(SystemServer.java:894)
F/SystemServer( 1778): at com.android.server.am.ActivityManagerService.systemReady(ActivityManagerService.java:7880)
F/SystemServer( 1778): at com.android.server.ServerThread.run(SystemServer.java:878)
F/SystemServer( 1778): Caused by: com.android.server.NativeDaemonConnector$NativeDaemonFailureException: command '2 firewall disable' failed with '400 2 Firewall command failed'
F/SystemServer( 1778): at com.android.server.NativeDaemonConnector.execute(NativeDaemonConnector.java:349)
F/SystemServer( 1778): at com.android.server.NativeDaemonConnector.executeForList(NativeDaemonConnector.java:286)
F/SystemServer( 1778): at com.android.server.NativeDaemonConnector.execute(NativeDaemonConnector.java:252)
F/SystemServer( 1778): at com.android.server.NetworkManagementService.setFirewallEnabled(NetworkManagementService.java:1443)
F/SystemServer( 1778): ... 5 more
D/SystemUIService( 1873): loading: class com.android.systemui.statusbar.phone.PhoneStatusBar
D/SystemUIService( 1873): running: com.android.systemui.statusbar.phone.PhoneStatusBar@414023c0
I/StatusBarManagerService( 1778): registerStatusBar bar=com.android.internal.statusbar.IStatusBar$Stub$Proxy@414dd148
I/keystore( 1334): uid: 1000 action: e -> 7 state: 3 -> 3 retry: 4
W/NetworkStats( 1778): bandwidth controls disabled, unable to track stats
W/NetworkPolicy( 1778): bandwidth controls disabled, unable to enforce policy
E/Netd ( 1327): exec() res=768 for /system/bin/ip6tables -F fw_INPUT
E/Netd ( 1327): exec() res=768 for /system/bin/ip6tables -F fw_OUTPUT
E/Netd ( 1327): exec() res=768 for /system/bin/ip6tables -F fw_FORWARD
D/dalvikvm( 1778): GC_CONCURRENT freed 808K, 11% free 7279K/8124K, paused 6ms+18ms, total 310ms
D/dalvikvm( 1778): WAIT_FOR_CONCURRENT_GC blocked 135ms
W/SystemServer( 1778): ***********************************************
F/SystemServer( 1778): BOOT FAILURE making Connectivity Service ready
F/SystemServer( 1778): java.lang.IllegalStateException: command '3 firewall disable' failed with '400 3 Firewall command failed'
F/SystemServer( 1778): at com.android.server.NetworkManagementService.setFirewallEnabled(NetworkManagementService.java:1446)
F/SystemServer( 1778): at com.android.server.ConnectivityService.setLockdownTracker(ConnectivityService.java:3419)
F/SystemServer( 1778): at com.android.server.ConnectivityService.updateLockdownVpn(ConnectivityService.java:3395)
F/SystemServer( 1778): at com.android.server.ConnectivityService.systemReady(ConnectivityService.java:1975)
F/SystemServer( 1778): at com.android.server.ServerThread$3.run(SystemServer.java:909)
F/SystemServer( 1778): at com.android.server.am.ActivityManagerService.systemReady(ActivityManagerService.java:7880)
F/SystemServer( 1778): at com.android.server.ServerThread.run(SystemServer.java:878)
F/SystemServer( 1778): Caused by: com.android.server.NativeDaemonConnector$NativeDaemonFailureException: command '3 firewall disable' failed with '400 3 Firewall command failed'
F/SystemServer( 1778): at com.android.server.NativeDaemonConnector.execute(NativeDaemonConnector.java:349)
F/SystemServer( 1778): at com.android.server.NativeDaemonConnector.executeForList(NativeDaemonConnector.java:286)
F/SystemServer( 1778): at com.android.server.NativeDaemonConnector.execute(NativeDaemonConnector.java:252)
F/SystemServer( 1778): at com.android.server.NetworkManagementService.setFirewallEnabled(NetworkManagementService.java:1443)
F/SystemServer( 1778): ... 6 more
I/ActivityManager( 1778): Start proc android.process.media for broadcast com.android.providers.media/.MtpReceiver: pid=1909 uid=10008 gids={50008, 1015, 1023, 1024, 1028, 2001, 3003, 3007}
I/ActivityManager( 1778): Config changes=200 {1.0 ?mcc?mnc en_US ldltr sw720dp w1280dp h647dp 160dpi lrg long land -touch -keyb/v/h -nav/h s.5}
W/RecognitionManagerService( 1778): no available voice recognition services found for user 0
W/ContextImpl( 1778): Calling a method in the system process without a qualified user: android.app.ContextImpl.sendBroadcast:1041 com.android.server.usb.UsbSettingsManager.deviceAttached:619 com.android.server.usb.UsbHostManager.usbDeviceAdded:156 com.android.server.usb.UsbHostManager.monitorUsbHostBus:-2 com.android.server.usb.UsbHostManager.access$000:38
D/dalvikvm( 1778): GC_FOR_ALLOC freed 376K, 8% free 7489K/8124K, paused 52ms, total 53ms
I//system/bin/fsck_msdos( 1326): ** Phase 2 - Check Cluster Chains
I/ActivityManager( 1778): Start proc org.linaro.wallpaper for service org.linaro.wallpaper/.LogoWallpaper: pid=1924 uid=10036 gids={50036, 1028}
W/InputMethodManagerService( 1778): Ignoring setImeWindowStatus of uid 1000 token: null
W/ResourceType( 1778): Failure getting entry for 0x7f060000 (t=5 e=0) in package 0 (error -75)
W/ResourceType( 1778): Failure getting entry for 0x7f060000 (t=5 e=0) in package 0 (error -75)
W/InputMethodManagerService( 1778): Found no subtypes in a system IME: com.android.inputmethod.pinyin
D/dalvikvm( 1873): GC_CONCURRENT freed 105K, 3% free 4436K/4564K, paused 4ms+1ms, total 65ms
D/dalvikvm( 1873): WAIT_FOR_CONCURRENT_GC blocked 31ms
W/InputMethodManagerService( 1778): Skipping input method ComponentInfo{com.android.cts.stub/android.view.inputmethod.cts.InputMethodInfoStub}: it does not require the permission android.permission.BIND_INPUT_METHOD
I/ActivityManager( 1778): Start proc com.android.inputmethod.latin for service com.android.inputmethod.latin/.LatinIME: pid=1931 uid=10032 gids={50032, 1028}
I/DownloadManager( 1909): in removeSpuriousFiles
I/LocationBlacklist( 1778): whitelist: []
I/LocationBlacklist( 1778): blacklist: []
I/CommonTimeManagementService( 1778): No common time service detected on this platform. Common time services will be unavailable.
D/dalvikvm( 1778): GC_CONCURRENT freed 561K, 8% free 7792K/8388K, paused 19ms+12ms, total 146ms
D/dalvikvm( 1778): WAIT_FOR_CONCURRENT_GC blocked 41ms
D/dalvikvm( 1778): WAIT_FOR_CONCURRENT_GC blocked 43ms
D/dalvikvm( 1778): WAIT_FOR_CONCURRENT_GC blocked 39ms
D/dalvikvm( 1778): WAIT_FOR_CONCURRENT_GC blocked 34ms
I/InputReader( 1778): Reconfiguring input devices. changes=0x00000020
D/dalvikvm( 1778): WAIT_FOR_CONCURRENT_GC blocked 44ms
D/dalvikvm( 1778): WAIT_FOR_CONCURRENT_GC blocked 40ms
D/dalvikvm( 1778): WAIT_FOR_CONCURRENT_GC blocked 35ms
W/LocationManagerService( 1778): no network location provider found
I/InputReader( 1778): Reconfiguring input devices. changes=0x00000010
I//system/bin/fsck_msdos( 1326): ** Phase 3 - Checking Directories
I/ActivityManager( 1778): Start proc com.android.phone for added application com.android.phone: pid=1963 uid=1001 gids={41001, 3002, 3001, 3003, 1015, 1028}
I/ActivityManager( 1778): START u0 {act=android.intent.action.MAIN cat=[android.intent.category.HOME] flg=0x10000000 cmp=com.android.launcher/com.android.launcher2.Launcher} from pid 0
I/Choreographer( 1778): Skipped 114 frames! The application may be doing too much work on its main thread.
I/ActivityManager( 1778): Start proc com.android.launcher for activity com.android.launcher/com.android.launcher2.Launcher: pid=1981 uid=10044 gids={50044, 1028}
I/SystemServer( 1778): Enabled StrictMode for system server main thread.
I/ActivityManager( 1778): Start proc com.android.location.fused for service com.android.location.fused/.FusedLocationService: pid=1995 uid=10007 gids={50007, 1028}
D/dalvikvm( 1778): GREF has increased to 301
I//system/bin/fsck_msdos( 1326): ** Phase 4 - Checking for Lost Files
I//system/bin/fsck_msdos( 1326): Next free cluster in FSInfo block (19366) not free
I//system/bin/fsck_msdos( 1326): FIXED
I//system/bin/fsck_msdos( 1326): 23 files, 2049468 free (1560943 clusters)
I/Vold ( 1326): Filesystem check completed OK
I/LatinIME( 1931): Hardware accelerated drawing: true
I/PackageManager( 1778): Updating external media status from unmounted to mounted
I/Vold ( 1326): Device /dev/block/vold/179:6, target /mnt/sdcard mounted @ /mnt/secure/staging
D/Vold ( 1326): Volume sdcard state changing 3 (Checking) -> 4 (Mounted)
D/MountService( 1778): volume state changed for /mnt/sdcard (checking -> mounted)
D/MountService( 1778): sendStorageIntent Intent { act=android.intent.action.MEDIA_MOUNTED dat=file:///mnt/sdcard (has extras) } to UserHandle{-1}
E/VoldConnector( 1778): NDC Command {3 volume mount /mnt/sdcard} took too long (1931ms)
D/BluetoothManagerService( 1778): Message: 20
D/BluetoothManagerService( 1778): Added callback: android.bluetooth.IBluetoothManagerCallback$Stub$Proxy@4178d250:true
D/BluetoothAdapter( 1873): 1094760048: getState() : mService = null. Returning STATE_OFF
D/BluetoothAdapter( 1873): 1094760048: getState() : mService = null. Returning STATE_OFF
D/BluetoothAdapter( 1873): 1094760048: getState() : mService = null. Returning STATE_OFF
V/TAG ( 1778): bug 7643792: fitSystemWindows([0,0][0,0])
E/LocationManagerService( 1778): no geocoder provider found
E/ThrottleService( 1778): problem during onPollAlarm: java.lang.IllegalStateException: problem parsing stats: java.io.FileNotFoundException: /proc/net/xt_qtaguid/iface_stat_all: open failed: ENOENT (No such file or directory)
V/TAG ( 1778): bug 7643792: fitSystemWindows([0,0][0,0])
D/libEGL ( 1778): loaded /vendor/lib/egl/libEGL_POWERVR_SGX540_120.so
D/libEGL ( 1778): loaded /vendor/lib/egl/libGLESv1_CM_POWERVR_SGX540_120.so
D/BluetoothManagerService( 1778): Message: 300
D/BluetoothManagerService( 1778): MESSAGE_USER_SWITCHED
D/libEGL ( 1778): loaded /vendor/lib/egl/libGLESv2_POWERVR_SGX540_120.so
W/InputAttributes( 1931): No editor info for this field. Bug?
I/AudioService( 1778): Remote Control registerMediaButtonIntent() for PendingIntent{4169de50: PendingIntentRecord{41690cf0 android broadcastIntent}}
W/TelephonyProvider( 1963): onCreate: confFile=/system/etc/apns-conf.xml oldCheckSum=-1
D/TelephonyManager( 1963): getLteOnCdmaMode=0 curVal=-1 product_type='' lteOnCdmaProductType=''
E/ActivityThread( 1931): Failed to find provider info for com.android.inputmethod.latin.dictionarypack
E/BinaryDictionaryGetter( 1931): Could not find a dictionary pack
I/ActivityManager( 1778): Start proc android.process.acore for content provider com.android.providers.userdictionary/.UserDictionaryProvider: pid=2039 uid=10003 gids={50003, 3003, 1015, 1028}
D/TelephonyManager( 1963): getLteOnCdmaMode=0 curVal=-1 product_type='' lteOnCdmaProductType=''
D/TelephonyManager( 1963): getLteOnCdmaMode=0 curVal=-1 product_type='' lteOnCdmaProductType=''
W/ResourceType( 1778): Failure getting entry for 0x7f060000 (t=5 e=0) in package 0 (error -75)
W/ResourceType( 1778): Failure getting entry for 0x7f060000 (t=5 e=0) in package 0 (error -75)
W/InputMethodManagerService( 1778): Found no subtypes in a system IME: com.android.inputmethod.pinyin
D/OpenGLRenderer( 1778): Enabling debug mode 0
D/dalvikvm( 1873): GC_CONCURRENT freed 117K, 3% free 4733K/4872K, paused 4ms+47ms, total 89ms
W/InputMethodManagerService( 1778): Skipping input method ComponentInfo{com.android.cts.stub/android.view.inputmethod.cts.InputMethodInfoStub}: it does not require the permission android.permission.BIND_INPUT_METHOD
D/BluetoothAdapter( 1873): 1094760048: getState() : mService = null. Returning STATE_OFF
D/dalvikvm( 1778): GC_CONCURRENT freed 858K, 11% free 7874K/8764K, paused 6ms+11ms, total 160ms
D/dalvikvm( 1778): WAIT_FOR_CONCURRENT_GC blocked 102ms
D/dalvikvm( 1778): WAIT_FOR_CONCURRENT_GC blocked 115ms
D/dalvikvm( 1778): WAIT_FOR_CONCURRENT_GC blocked 102ms
D/dalvikvm( 1778): WAIT_FOR_CONCURRENT_GC blocked 106ms
D/dalvikvm( 1778): WAIT_FOR_CONCURRENT_GC blocked 112ms
D/dalvikvm( 1778): WAIT_FOR_CONCURRENT_GC blocked 78ms
W/Settings( 1963): Setting airplane_mode_on has moved from android.provider.Settings.System to android.provider.Settings.Global, returning read-only value.
I/Choreographer( 1778): Skipped 78 frames! The application may be doing too much work on its main thread.
W/Settings( 1963): Setting auto_time has moved from android.provider.Settings.System to android.provider.Settings.Global, returning read-only global URI.
W/Settings( 1963): Setting auto_time_zone has moved from android.provider.Settings.System to android.provider.Settings.Global, returning read-only global URI.
I/ActivityManager( 1778): Start proc com.android.smspush for service com.android.smspush/.WapPushManager: pid=2059 uid=10037 gids={50037, 1028}
D/PhoneStatusBar( 1873): disable: < expand icons alerts ticker system_info back home recent clock search > D/MediaScannerReceiver( 1909): action: android.intent.action.MEDIA_MOUNTED path: /mnt/sdcard
D/TelephonyManager( 1963): getLteOnCdmaMode=0 curVal=-1 product_type='' lteOnCdmaProductType=''
D/CallManager( 1963): registerPhone(GSM Handler (com.android.internal.telephony.PhoneProxy) {41424cd0})
D/dalvikvm( 1330): GC_EXPLICIT freed 34K, 2% free 4038K/4096K, paused 2ms+10ms, total 138ms
D/BluetoothManagerService( 1778): Message: 20
D/BluetoothManagerService( 1778): Added callback: android.bluetooth.IBluetoothManagerCallback$Stub$Proxy@4159a788:true
W/MediaProvider( 1909): no database for scanned volume external
D/dalvikvm( 1330): GC_EXPLICIT freed <1K, 2% free 4038K/4096K, paused 6ms+5ms, total 43ms
D/dalvikvm( 1330): GC_EXPLICIT freed <1K, 2% free 4038K/4096K, paused 1ms+6ms, total 30ms
I/ActivityManager( 1778): Start proc com.android.music for broadcast com.android.music/.MediaButtonIntentReceiver: pid=2088 uid=10035 gids={50035, 3003, 1015, 1028}
I/FusedLocation( 1995): engine started (com.android.location.fused)
I/dalvikvm( 2088): Turning on JNI app bug workarounds for target SDK version 9...
D/dalvikvm( 1778): GREF has increased to 401
D/BluetoothManagerService( 1778): Message: 30
E/VoldConnector( 1778): NDC Command {4 asec list} took too long (1250ms)
D/dalvikvm( 1981): GC_CONCURRENT freed 194K, 5% free 4286K/4504K, paused 2ms+15ms, total 107ms
I/PackageManager( 1778): No secure containers on sdcard
D/DebugService( 1963): DebugService DebugService:
D/TelephonyDebugService( 1963): TelephonyDebugService()
D/dalvikvm( 1873): GC_CONCURRENT freed 124K, 3% free 5022K/5172K, paused 2ms+2ms, total 97ms
D/dalvikvm( 1963): GC_CONCURRENT freed 206K, 6% free 4283K/4512K, paused 3ms+11ms, total 78ms
D/dalvikvm( 2039): GC_CONCURRENT freed 185K, 5% free 4279K/4488K, paused 2ms+27ms, total 67ms
W/PackageManager( 1778): Not granting permission com.android.cts.permissionWithSignature to package com.android.cts.usespermissiondiffcertapp (protectionLevel=2 flags=0x8be44)
W/PackageManager( 1778): Unknown permission android.permission.WRITE_SDCARD in package com.android.browserpowertest
W/PackageManager( 1778): Unknown permission android.permission.ADD_SYSTEM_SERVICE in package com.android.phone
W/PackageManager( 1778): Not granting permission android.permission.INJECT_EVENTS to package android.camera.mediaeffects.tests (protectionLevel=2 flags=0x8be44)
W/PackageManager( 1778): Unknown permission com.google.android.gallery3d.permission.GALLERY_PROVIDER in package com.android.bluetooth
W/PackageManager( 1778): Unknown permission com.google.android.googleapps.permission.GOOGLE_AUTH in package com.android.providers.calendar
W/PackageManager( 1778): Unknown permission com.google.android.googleapps.permission.GOOGLE_AUTH.cl in package com.android.providers.calendar
W/PackageManager( 1778): Not granting permission android.permission.SEND_DOWNLOAD_COMPLETED_INTENTS to package com.android.browser (protectionLevel=2 flags=0x89be45)
W/PackageManager( 1778): Unknown permission com.google.android.googleapps.permission.GOOGLE_AUTH in package com.android.settings
W/PackageManager( 1778): Unknown permission com.google.android.gallery3d.permission.GALLERY_PROVIDER in package com.android.exchange
W/PackageManager( 1778): Unknown permission com.google.android.googleapps.permission.ACCESS_GOOGLE_PASSWORD in package com.android.development
W/PackageManager( 1778): Unknown permission com.google.android.googleapps.permission.GOOGLE_AUTH in package com.android.development
W/PackageManager( 1778): Unknown permission com.google.android.googleapps.permission.GOOGLE_AUTH.ALL_SERVICES in package com.android.development
W/PackageManager( 1778): Unknown permission com.google.android.googleapps.permission.GOOGLE_AUTH.YouTubeUser in package com.android.development
W/PackageManager( 1778): Not granting permission android.permission.DEVICE_POWER to package com.android.cts.stub (protectionLevel=2 flags=0x48be44)
W/PackageManager( 1778): Not granting permission android.permission.STATUS_BAR to package com.android.cts.stub (protectionLevel=18 flags=0x48be44)
W/PackageManager( 1778): Not granting permission android.permission.INSTALL_PACKAGES to package com.android.cts.stub (protectionLevel=18 flags=0x48be44)
W/PackageManager( 1778): Not granting permission android.permission.WRITE_SECURE_SETTINGS to package com.android.cts.stub (protectionLevel=50 flags=0x48be44)
W/PackageManager( 1778): Unknown permission android.permission.WRITE_OWNER_DATA in package com.android.cts.stub
W/PackageManager( 1778): Unknown permission android.permission.READ_OWNER_DATA in package com.android.cts.stub
W/PackageManager( 1778): Not granting permission android.permission.DELETE_CACHE_FILES to package com.android.cts.stub (protectionLevel=18 flags=0x48be44)
W/PackageManager( 1778): Not granting permission android.permission.MOUNT_UNMOUNT_FILESYSTEMS to package com.android.cts.stub (protectionLevel=18 flags=0x48be44)
W/PackageManager( 1778): Unknown permission android.permission.ADD_SYSTEM_SERVICE in package com.android.cts.stub
W/PackageManager( 1778): Not granting permission android.permission.INJECT_EVENTS to package com.android.cts.stub (protectionLevel=2 flags=0x48be44)
W/PackageManager( 1778): Not granting permission android.permission.DUMP to package com.android.cts.stub (protectionLevel=50 flags=0x48be44)
W/PackageManager( 1778): Not granting permission android.permission.SET_PREFERRED_APPLICATIONS to package com.android.cts.stub (protectionLevel=2 flags=0x48be44)
W/PackageManager( 1778): Not granting permission android.permission.READ_LOGS to package com.android.cts.stub (protectionLevel=50 flags=0x48be44)
W/PackageManager( 1778): Not granting permission android.permission.INJECT_EVENTS to package com.android.camera.tests (protectionLevel=2 flags=0x8be44)
W/PackageManager( 1778): Not granting permission android.permission.CHANGE_CONFIGURATION to package com.android.frameworks.graphicstests (protectionLevel=50 flags=0x8be44)
W/PackageManager( 1778): Not granting permission android.permission.WRITE_APN_SETTINGS to package com.android.frameworks.graphicstests (protectionLevel=18 flags=0x8be44)
D/dalvikvm( 1909): GC_CONCURRENT freed 217K, 6% free 4208K/4448K, paused 9ms+6ms, total 34ms
W/PackageManager( 1778): Not granting permission android.permission.ACCESS_CHECKIN_PROPERTIES to package com.android.framework.externallocallpermstestapp (protectionLevel=18 flags=0x8be44)
W/PackageManager( 1778): Not granting permission android.permission.ACCESS_SURFACE_FLINGER to package com.android.framework.externallocallpermstestapp (protectionLevel=2 flags=0x8be44)
W/PackageManager( 1778): Not granting permission android.permission.ACCOUNT_MANAGER to package com.android.framework.externallocallpermstestapp (protectionLevel=2 flags=0x8be44)
W/PackageManager( 1778): Not granting permission android.permission.BIND_APPWIDGET to package com.android.framework.externallocallpermstestapp (protectionLevel=18 flags=0x8be44)
W/PackageManager( 1778): Not granting permission android.permission.BIND_INPUT_METHOD to package com.android.framework.externallocallpermstestapp (protectionLevel=2 flags=0x8be44)
W/PackageManager( 1778): Not granting permission android.permission.BRICK to package com.android.framework.externallocallpermstestapp (protectionLevel=2 flags=0x8be44)
W/PackageManager( 1778): Not granting permission android.permission.BROADCAST_PACKAGE_REMOVED to package com.android.framework.externallocallpermstestapp (protectionLevel=2 flags=0x8be44)
W/PackageManager( 1778): Not granting permission android.permission.BROADCAST_SMS to package com.android.framework.externallocallpermstestapp (protectionLevel=2 flags=0x8be44)
W/PackageManager( 1778): Not granting permission android.permission.BROADCAST_WAP_PUSH to package com.android.framework.externallocallpermstestapp (protectionLevel=2 flags=0x8be44)
