E/ActivityManager( 1778): 2.3% 752/kworker/u:3: 0% user + 2.3% kernel
E/ActivityManager( 1778): 3.7% 1329/surfaceflinger: 1.8% user + 1.8% kernel
E/ActivityManager( 1778): 3.7% 1385/SurfaceFlinger: 0% user + 3.7% kernel
E/ActivityManager( 1778): 1.8% 1525/EventThread: 0% user + 1.8% kernel
E/ActivityManager( 1778): 0.9% 22/kworker/0:1: 0% user + 0.9% kernel
E/ActivityManager( 1778): 1.8% 568/kworker/u:2: 0% user + 1.8% kernel
E/ActivityManager( 1778): 1.8% 1330/zygote: 0% user + 1.8% kernel / faults: 132 minor
E/ActivityManager( 1778): 3.7% 1330/zygote: 0% user + 3.7% kernel
E/ActivityManager( 1778): +0% 2393/ReferenceQueueD: 0% user + 0% kernel
E/ActivityManager( 1778): +0% 2395/FinalizerDaemon: 0% user + 0% kernel
E/ActivityManager( 1778): +0% 2396/FinalizerWatchd: 0% user + 0% kernel
E/ActivityManager( 1778): +0% 2360/com.android.providers.calendar: 0% user + 0% kernel
E/ActivityManager( 1778): +0% 2392/com.android.deskclock: 0% user + 0% kernel
E/ActivityManager( 1778): 97% TOTAL: 32% user + 30% kernel + 34% iowait
W/ActivityManager( 1778): Killing ProcessRecord{4186f1d0 2193:com.android.gallery3d/u0a10002}: background ANR
I/ActivityManager( 1778): Process com.android.gallery3d (pid 2193) has died.
W/ActivityManager( 1778): Unable to start service Intent { cmp=com.android.email/.service.AttachmentDownloadService } U=0: not found
D/dalvikvm( 1778): GC_CONCURRENT freed 488K, 17% free 8664K/10400K, paused 13ms+6ms, total 100ms
D/dalvikvm( 1778): WAIT_FOR_CONCURRENT_GC blocked 89ms
D/dalvikvm( 1778): GC_FOR_ALLOC freed 1040K, 21% free 8263K/10400K, paused 50ms, total 50ms
I/ActivityManager( 1778): Start proc com.android.musicfx for broadcast com.android.musicfx/.ControlPanelReceiver: pid=2417 uid=10001 gids={50001, 3003, 3002, 1028}
D/dalvikvm( 1330): GC_EXPLICIT freed 38K, 2% free 4038K/4104K, paused 1ms+3ms, total 32ms
D/dalvikvm( 1330): GC_EXPLICIT freed <1K, 2% free 4038K/4104K, paused 4ms+2ms, total 33ms
V/MusicFXControlPanelReceiver( 2417): onReceive
V/MusicFXControlPanelReceiver( 2417): Action: android.media.action.CLOSE_AUDIO_EFFECT_CONTROL_SESSION
V/MusicFXControlPanelReceiver( 2417): Package name: com.android.music
V/MusicFXControlPanelReceiver( 2417): Audio session: 4
V/MusicFXControlPanelEffect( 2417): closeSession(android.app.ReceiverRestrictedContext@41408bf8, com.android.music, 4)
D/SystemClock( 1778): Setting time of day to sec=1370496409
D/AlarmManagerService( 1778): Kernel timezone updated to 0 minutes west of GMT
D/dalvikvm( 1330): GC_EXPLICIT freed <1K, 2% free 4038K/4104K, paused 1ms+3ms, total 28ms
I/ActivityManager( 1778): Start proc com.android.calendar for broadcast com.android.calendar/.widget.CalendarAppWidgetService$CalendarFactory: pid=2430 uid=10038 gids={50038, 3003, 1028}
V/AlarmClock( 2392): No next alarm
V/AlarmClock( 2392): AlarmInitReceiver finished
I/CalendarProvider2( 2360): Sending notification intent: Intent { act=android.intent.action.PROVIDER_CHANGED dat=content://com.android.calendar }
W/ContentResolver( 2360): Failed to get type for: content://com.android.calendar (Unknown URL content://com.android.calendar)
D/AlertReceiver( 2430): onReceive: a=android.intent.action.PROVIDER_CHANGED Intent { act=android.intent.action.PROVIDER_CHANGED dat=content://com.android.calendar flg=0x10 cmp=com.android.calendar/.alerts.AlertReceiver }
D/AlertService( 2430): 0 Action = android.intent.action.PROVIDER_CHANGED
D/AlertService( 2430): Beginning updateAlertNotification
D/AlertService( 2430): No fired or scheduled alerts
D/dalvikvm( 1778): GC_EXPLICIT freed 834K, 23% free 8022K/10400K, paused 1ms+6ms, total 75ms
D/dalvikvm( 1909): GC_CONCURRENT freed 322K, 8% free 4375K/4720K, paused 2ms+4ms, total 23ms
D/dalvikvm( 1909): GC_EXPLICIT freed 161K, 11% free 4216K/4720K, paused 2ms+3ms, total 33ms
D/dalvikvm( 1909): GREF has increased to 301
D/dalvikvm( 1778): GC_EXPLICIT freed 121K, 23% free 8019K/10400K, paused 2ms+6ms, total 69ms
W/MediaScanner( 1909): Error opening directory '/mnt/sdcard/.android_secure/', skipping: Permission denied.
D/dalvikvm( 1909): GC_CONCURRENT freed 242K, 8% free 4362K/4720K, paused 2ms+3ms, total 20ms
V/MediaScanner( 1909): pruneDeadThumbnailFiles... android.database.sqlite.SQLiteCursor@4148cf98
V/MediaScanner( 1909): /pruneDeadThumbnailFiles... android.database.sqlite.SQLiteCursor@4148cf98
D/dalvikvm( 1981): GC_FOR_ALLOC freed 1590K, 17% free 10728K/12884K, paused 75ms, total 79ms
I/dalvikvm-heap( 1981): Grow heap (frag case) to 10.888MB for 411152-byte allocation
D/dalvikvm( 1981): GC_FOR_ALLOC freed 81K, 17% free 11048K/13288K, paused 55ms, total 55ms
V/tiny_hw ( 1332): out_write(0x4153bd88) opening PCM
I/ActivityManager( 1778): START u0 {act=android.intent.action.MAIN cat=[android.intent.category.LAUNCHER] flg=0x10200000 cmp=com.android.gallery3d/.app.Gallery} from pid 1981
D/PermissionCache( 1329): checking android.permission.READ_FRAME_BUFFER for uid=1000 => granted (579 us)
I/ActivityManager( 1778): Start proc com.android.gallery3d for activity com.android.gallery3d/.app.Gallery: pid=2465 uid=10002 gids={50002, 1006, 3003, 1015, 1028}
V/StateManager( 2465): startState class com.android.gallery3d.app.AlbumSetPage
V/NFC ( 2465): this device does not have NFC support
I/InputDispatcher( 1778): Dropping event because there is no touched window.
D/dalvikvm( 2465): GC_FOR_ALLOC freed 154K, 5% free 4234K/4416K, paused 17ms, total 17ms
D/Gallery.MultiSetSync( 2465): onSyncDone: *********** #pending=2
D/Gallery.MultiSetSync( 2465): request sync: ***********
D/Gallery.MultiSetSync( 2465): onSyncDone: ************ #pending=1
D/Gallery.MultiSetSync( 2465): request sync: ************
D/Gallery.MultiSetSync( 2465): onSyncDone: ****** #pending=0
I/InputDispatcher( 1778): Dropping event because there is no touched window.
D/Gallery.MultiSetSync( 2465): request sync: ******
V/MtpDeviceSet( 2465): loadDevices: [], size=0
W/OrientationEventListener( 2465): Cannot detect sensors. Not enabled
D/libEGL ( 2465): loaded /vendor/lib/egl/libEGL_POWERVR_SGX540_120.so
D/libEGL ( 2465): loaded /vendor/lib/egl/libGLESv1_CM_POWERVR_SGX540_120.so
D/libEGL ( 2465): loaded /vendor/lib/egl/libGLESv2_POWERVR_SGX540_120.so
D/OpenGLRenderer( 2465): Enabling debug mode 0
I/GalleryEGLConfigChooser( 2465): Config chosen: R8 G8 B8 A8 D24 S8 ID1 CAVEAT12344
V/MtpDeviceSet( 2465): loadDevices: [], size=0
I/GLRootView( 2465): onSurfaceChanged: 1280x672, gl10: com.google.android.gles_jni.GLImpl@41432080
I/GLRootView( 2465): layout content pane 1280x672 (compensation 0)
I/ActivityManager( 1778): Displayed com.android.gallery3d/.app.Gallery: +914ms
D/dalvikvm( 2465): GC_CONCURRENT freed 46K, 3% free 4575K/4676K, paused 3ms+5ms, total 29ms
W/BlobCache( 2465): cannot read header
E/WVMExtractor( 1332): Failed to open libwvm.so
E/MetadataRetrieverClient( 1332): failed to extract an album art
E/MediaMetadataRetrieverJNI( 2465): getEmbeddedPicture: Call to getEmbeddedPicture failed.
I/OMXCodec( 1332): [OMX.google.h264.decoder] AVC profile = 66 (Baseline), level = 13
I/OMXCodec( 1332): [OMX.google.h264.decoder] video dimensions are 320 x 240
I/OMXCodec( 1332): [OMX.google.h264.decoder] Crop rect is 320 x 240 @ (0, 0)
I/OMXCodec( 1332): [OMX.google.h264.decoder] video dimensions are 864 x 480
I/OMXCodec( 1332): [OMX.google.h264.decoder] Crop rect is 854 x 480 @ (0, 0)
I/OMXCodec( 1332): [OMX.google.h264.decoder] video dimensions are 864 x 480
I/OMXCodec( 1332): [OMX.google.h264.decoder] Crop rect is 854 x 480 @ (0, 0)
D/dalvikvm( 2465): GC_FOR_ALLOC freed 119K, 3% free 4834K/4980K, paused 22ms, total 22ms
I/dalvikvm-heap( 2465): Grow heap (frag case) to 5.525MB for 819856-byte allocation
D/dalvikvm( 2465): GC_FOR_ALLOC freed 0K, 3% free 5634K/5784K, paused 21ms, total 21ms
D/dalvikvm( 2465): GC_CONCURRENT freed 6K, 2% free 5826K/5916K, paused 3ms+2ms, total 24ms
V/StateManager( 2465): startStateForResult class com.android.gallery3d.app.AlbumPage, 1
D/AlbumPage( 2465): onSyncDone: ****** result=0
I/GLRootView( 2465): layout content pane 1280x672 (compensation 0)
V/tiny_hw ( 1332): out_standby(0x4153bd88) closing PCM
D/dalvikvm( 2465): GC_CONCURRENT freed 1218K, 20% free 5208K/6452K, paused 21ms+6ms, total 71ms
D/dalvikvm( 2465): WAIT_FOR_CONCURRENT_GC blocked 43ms
E/WVMExtractor( 1332): Failed to open libwvm.so
E/MetadataRetrieverClient( 1332): failed to extract an album art
E/MediaMetadataRetrieverJNI( 2465): getEmbeddedPicture: Call to getEmbeddedPicture failed.
I/OMXCodec( 1332): [OMX.google.h264.decoder] AVC profile = 66 (Baseline), level = 13
I/OMXCodec( 1332): [OMX.google.h264.decoder] video dimensions are 320 x 240
I/OMXCodec( 1332): [OMX.google.h264.decoder] Crop rect is 320 x 240 @ (0, 0)
I/OMXCodec( 1332): [OMX.google.h264.decoder] video dimensions are 1920 x 1088
I/OMXCodec( 1332): [OMX.google.h264.decoder] Crop rect is 1920 x 1080 @ (0, 0)
I/OMXCodec( 1332): [OMX.google.h264.decoder] video dimensions are 1920 x 1088
I/OMXCodec( 1332): [OMX.google.h264.decoder] Crop rect is 1920 x 1080 @ (0, 0)
D/dalvikvm( 2465): GC_FOR_ALLOC freed 77K, 20% free 5166K/6452K, paused 16ms, total 16ms
I/dalvikvm-heap( 2465): Grow heap (frag case) to 9.023MB for 4147216-byte allocation
D/dalvikvm( 2465): GC_FOR_ALLOC freed <1K, 13% free 9216K/10504K, paused 16ms, total 16ms
D/dalvikvm( 2465): GC_CONCURRENT freed <1K, 11% free 9412K/10504K, paused 4ms+2ms, total 32ms
V/StateManager( 2465): startStateForResult class com.android.gallery3d.app.PhotoPage, 2
E/WVMExtractor( 1332): Failed to open libwvm.so
E/MetadataRetrieverClient( 1332): failed to extract an album art
E/MediaMetadataRetrieverJNI( 2465): getEmbeddedPicture: Call to getEmbeddedPicture failed.
I/OMXCodec( 1332): [OMX.google.h264.decoder] AVC profile = 66 (Baseline), level = 13
I/OMXCodec( 1332): [OMX.google.h264.decoder] video dimensions are 320 x 240
I/OMXCodec( 1332): [OMX.google.h264.decoder] Crop rect is 320 x 240 @ (0, 0)
I/GLRootView( 2465): layout content pane 1280x672 (compensation 0)
D/PhotoView( 2465): compensation = 0, CameraRelativeFrame = Rect(0, 0 - 0, 0), mCameraRect = Rect(0, 0 - 0, 0)
D/dalvikvm( 2465): GC_FOR_ALLOC freed 4783K, 46% free 6052K/11056K, paused 38ms, total 41ms
D/dalvikvm( 2465): GC_CONCURRENT freed 7K, 41% free 6621K/11056K, paused 6ms+5ms, total 69ms
I/OMXCodec( 1332): [OMX.google.h264.decoder] video dimensions are 1920 x 1088
I/OMXCodec( 1332): [OMX.google.h264.decoder] Crop rect is 1920 x 1080 @ (0, 0)
I/OMXCodec( 1332): [OMX.google.h264.decoder] video dimensions are 1920 x 1088
I/OMXCodec( 1332): [OMX.google.h264.decoder] Crop rect is 1920 x 1080 @ (0, 0)
D/dalvikvm( 2465): GC_FOR_ALLOC freed 4K, 41% free 6621K/11056K, paused 17ms, total 18ms
I/dalvikvm-heap( 2465): Grow heap (frag case) to 10.443MB for 4147216-byte allocation
D/dalvikvm( 2465): GC_FOR_ALLOC freed <1K, 30% free 10671K/15108K, paused 18ms, total 18ms
D/dalvikvm( 2465): GC_CONCURRENT freed <1K, 30% free 10671K/15108K, paused 2ms+2ms, total 30ms
E/WVMExtractor( 1332): Failed to open libwvm.so
E/MetadataRetrieverClient( 1332): failed to extract an album art
E/MediaMetadataRetrieverJNI( 2465): getEmbeddedPicture: Call to getEmbeddedPicture failed.
I/OMXCodec( 1332): [OMX.google.h264.decoder] AVC profile = 66 (Baseline), level = 13
I/OMXCodec( 1332): [OMX.google.h264.decoder] video dimensions are 320 x 240
I/OMXCodec( 1332): [OMX.google.h264.decoder] Crop rect is 320 x 240 @ (0, 0)
I/OMXCodec( 1332): [OMX.google.h264.decoder] video dimensions are 864 x 480
I/OMXCodec( 1332): [OMX.google.h264.decoder] Crop rect is 854 x 480 @ (0, 0)
I/OMXCodec( 1332): [OMX.google.h264.decoder] video dimensions are 864 x 480
I/OMXCodec( 1332): [OMX.google.h264.decoder] Crop rect is 854 x 480 @ (0, 0)
D/dalvikvm( 2465): GC_FOR_ALLOC freed 4454K, 29% free 7872K/11052K, paused 18ms, total 18ms
I/ActivityManager( 1778): START u0 {act=android.intent.action.VIEW dat=content://media/external/video/media/21 typ=video/* cmp=com.android.gallery3d/.app.MovieActivity (has extras)} from pid 2465
W/OrientationEventListener( 2465): Cannot detect sensors. Invalid disable
I/UsageStats( 1778): No package stats for pkg:com.android.gallery3d
W/BlobCache( 2465): cannot read header
I/InputDispatcher( 1778): Dropping event because there is no touched window.
D/dalvikvm( 2465): GC_CONCURRENT freed 2996K, 45% free 6101K/11052K, paused 3ms+6ms, total 34ms
I/AudioService( 1778): AudioFocus requestAudioFocus() from android.media.AudioManager@4152a310
D/dalvikvm( 1778): GC_CONCURRENT freed 480K, 12% free 8434K/9496K, paused 3ms+13ms, total 99ms
I/ActivityManager( 1778): Displayed com.android.gallery3d/.app.MovieActivity: +388ms
E/WVMExtractor( 1332): Failed to open libwvm.so
I/OMXCodec( 1332): [OMX.google.h264.decoder] AVC profile = 66 (Baseline), level = 13
I/OMXCodec( 1332): [OMX.google.h264.decoder] video dimensions are 320 x 240
I/OMXCodec( 1332): [OMX.google.h264.decoder] Crop rect is 320 x 240 @ (0, 0)
D/MediaPlayer( 2465): getMetadata
V/StateManager( 2465): saveState
V/StateManager( 2465): saveState class com.android.gallery3d.app.AlbumSetPage
V/StateManager( 2465): saveState class com.android.gallery3d.app.AlbumPage
V/StateManager( 2465): saveState class com.android.gallery3d.app.PhotoPage
I/OMXCodec( 1332): [OMX.google.h264.decoder] video dimensions are 1920 x 1088
I/OMXCodec( 1332): [OMX.google.h264.decoder] Crop rect is 1920 x 1080 @ (0, 0)
I/OMXCodec( 1332): [OMX.google.h264.decoder] video dimensions are 1920 x 1088
I/OMXCodec( 1332): [OMX.google.h264.decoder] Crop rect is 1920 x 1080 @ (0, 0)
I/SoftAAC2( 1332): Reconfiguring decoder: 44100 Hz, 2 channels
V/tiny_hw ( 1332): out_write(0x4153bd88) opening PCM
W/MediaPlayer( 2465): info/warning (3, 0)
I/MediaPlayer( 2465): Info (3,0)
D/DOMX ( 1332): ERROR: Can't open device, errorno from open = 2
D/DOMX ( 1332): ERROR: DOMX Write failed 0xffffffff -1
D/DOMX ( 1332): ERROR: failed check:status >= 0 - returning error: 0x81001 - Write failed
D/DOMX ( 1332): ERROR: RPC function returned error 0x81001
E/ion ( 1332): open /dev/ion failed!
D/DOMX ( 1332): ERROR: Close failed on omx fd
D/DOMX ( 1332): ERROR: rror in Initializing Proxy
E/CameraHAL( 1332): OMX_GetHandle() failed, error: 0x80001001
E/CameraHAL( 1332): OMX_GetHandle -0x80001001
E/ ( 1332): num_cameras = 0
E/CameraHAL( 1332): Couldn't get camera properties
I/AwesomePlayer( 1332): we're much too late (0.50 secs), video skipping ahead
E/ThrottleService( 1778): problem during onPollAlarm: java.lang.IllegalStateException: problem parsing stats: java.io.FileNotFoundException: /proc/net/xt_qtaguid/iface_stat_all: open failed: ENOENT (No such file or directory)
I/AwesomePlayer( 1332): we're much too late (0.51 secs), video skipping ahead
I/AwesomePlayer( 1332): we're much too late (0.50 secs), video skipping ahead
I/AwesomePlayer( 1332): we're much too late (0.50 secs), video skipping ahead
I/AwesomePlayer( 1332): we're much too late (0.52 secs), video skipping ahead
E/SampleTable( 1332): tried to find a sync frame after the last one: 5
D/dalvikvm( 1778): GC_FOR_ALLOC freed 333K, 14% free 8308K/9556K, paused 98ms, total 98ms
W/AudioFlinger( 1332): session id 8 not found for pid 2465
D/dalvikvm( 2465): GC_FOR_ALLOC freed 503K, 45% free 6085K/11052K, paused 41ms, total 41ms
D/dalvikvm( 2465): GC_FOR_ALLOC freed 6K, 41% free 6539K/11052K, paused 41ms, total 41ms
I/dalvikvm-heap( 2465): Grow heap (frag case) to 7.287MB for 921616-byte allocation
D/dalvikvm( 2465): GC_FOR_ALLOC freed 0K, 33% free 7439K/11052K, paused 40ms, total 40ms
W/OrientationEventListener( 2465): Cannot detect sensors. Not enabled
D/dalvikvm( 2465): GC_CONCURRENT freed 54K, 33% free 7461K/11052K, paused 3ms+10ms, total 53ms
I/GalleryEGLConfigChooser( 2465): Config chosen: R8 G8 B8 A8 D24 S8 ID1 CAVEAT12344
I/GLRootView( 2465): GLObject has changed from com.google.android.gles_jni.GLImpl@41432080 to com.google.android.gles_jni.GLImpl@41419668
I/GLRootView( 2465): onSurfaceChanged: 1280x672, gl10: com.google.android.gles_jni.GLImpl@41419668
I/GLRootView( 2465): onSurfaceChanged: 1280x672, gl10: com.google.android.gles_jni.GLImpl@41419668
I/Choreographer( 2465): Skipped 39 frames! The application may be doing too much work on its main thread.
I/AudioService( 1778): AudioFocus abandonAudioFocus() from android.media.AudioManager@4152a310
E/tiny_hw ( 1332): out_write(0x4153bd88) failed: -32
E/tiny_hw ( 1332): out_write(0x4153bd88) failed: -32
V/tiny_hw ( 1332): out_standby(0x4153bd88) closing PCM
V/tiny_hw ( 1332): out_write(0x4153bd88) opening PCM
I/ActivityManager( 1778): START u0 {act=android.intent.action.MAIN cat=[android.intent.category.HOME] flg=0x10200000 cmp=com.android.launcher/com.android.launcher2.Launcher} from pid 1778
D/dalvikvm( 1778): GC_FOR_ALLOC freed 317K, 14% free 8310K/9556K, paused 115ms, total 115ms
W/OrientationEventListener( 2465): Cannot detect sensors. Invalid disable
I/Choreographer( 1981): Skipped 31 frames! The application may be doing too much work on its main thread.
V/StateManager( 2465): saveState
V/StateManager( 2465): saveState class com.android.gallery3d.app.AlbumSetPage
V/StateManager( 2465): saveState class com.android.gallery3d.app.AlbumPage
V/StateManager( 2465): saveState class com.android.gallery3d.app.PhotoPage
D/dalvikvm( 2465): GC_CONCURRENT freed 2400K, 45% free 6087K/11052K, paused 2ms+3ms, total 32ms
E/tiny_hw ( 1332): out_write(0x4153bd88) failed: -32
E/tiny_hw ( 1332): out_write(0x4153bd88) failed: -32
I/Choreographer( 1981): Skipped 33 frames! The application may be doing too much work on its main thread.
I/Choreographer( 1981): Skipped 56 frames! The application may be doing too much work on its main thread.
V/tiny_hw ( 1332): out_standby(0x4153bd88) closing PCM
D/dalvikvm( 1981): GC_CONCURRENT freed 1943K, 17% free 11117K/13288K, paused 6ms+22ms, total 95ms
D/dalvikvm( 1981): WAIT_FOR_CONCURRENT_GC blocked 52ms
D/dalvikvm( 1981): GC_FOR_ALLOC freed 1541K, 16% free 11206K/13288K, paused 41ms, total 41ms
D/dalvikvm( 1981): GC_FOR_ALLOC freed 227K, 17% free 11122K/13288K, paused 35ms, total 35ms
I/dalvikvm-heap( 1981): Grow heap (frag case) to 11.381MB for 525136-byte allocation
D/dalvikvm( 1981): GC_FOR_ALLOC freed <1K, 16% free 11634K/13804K, paused 35ms, total 35ms
D/dalvikvm( 1981): GC_FOR_ALLOC freed 515K, 19% free 11188K/13804K, paused 33ms, total 34ms
I/dalvikvm-heap( 1981): Grow heap (frag case) to 12.171MB for 1286224-byte allocation
D/dalvikvm( 1981): GC_FOR_ALLOC freed <1K, 18% free 12444K/15064K, paused 36ms, total 36ms
D/dalvikvm( 1981): GC_FOR_ALLOC freed 1870K, 22% free 11777K/15064K, paused 34ms, total 34ms
V/tiny_hw ( 1332): out_write(0x4153bd88) opening PCM
I/ActivityManager( 1778): START u0 {act=android.intent.action.MAIN cat=[android.intent.category.LAUNCHER] flg=0x10200000 cmp=com.android.music/.MusicBrowserActivity} from pid 1981
D/dalvikvm( 1778): GC_FOR_ALLOC freed 255K, 13% free 8327K/9556K, paused 102ms, total 104ms
I/ActivityManager( 1778): START u0 {act=android.intent.action.PICK dat= typ=vnd.android.cursor.dir/artistalbum flg=0x4000000 cmp=com.android.music/.ArtistAlbumBrowserActivity (has extras)} from pid 2088
I/InputDispatcher( 1778): Dropping event because there is no touched window.
I/InputDispatcher( 1778): Dropping event because there is no touched window.
I/InputDispatcher( 1778): Dropping event because there is no touched window.
D/dalvikvm( 2088): GC_CONCURRENT freed 194K, 5% free 4252K/4472K, paused 4ms+10ms, total 38ms
I/AudioService( 1778): Remote Control registerMediaButtonIntent() for PendingIntent{417d8e48: PendingIntentRecord{4182dcc0 com.android.music broadcastIntent}}
I/InputDispatcher( 1778): Dropping event because there is no touched window.
I/InputDispatcher( 1778): Dropping event because there is no touched window.
I/InputDispatcher( 1778): Dropping event because there is no touched window.
I/InputDispatcher( 1778): Dropping event because there is no touched window.
I/InputDispatcher( 1778): Dropping event because there is no touched window.
I/InputDispatcher( 1778): Dropping event because there is no touched window.
V/PhoneStatusBar( 1873): setLightsOn(true)
I/ActivityManager( 1778): Displayed com.android.music/.ArtistAlbumBrowserActivity: +487ms (total +586ms)
I/ActivityManager( 1778): START u0 {act=android.intent.action.PICK dat= typ=vnd.android.cursor.dir/track cmp=com.android.music/.TrackBrowserActivity (has extras)} from pid 2088
D/dalvikvm( 1778): GC_FOR_ALLOC freed 242K, 13% free 8364K/9556K, paused 102ms, total 105ms
I/InputDispatcher( 1778): Dropping event because there is no touched window.
D/dalvikvm( 2088): GC_CONCURRENT freed 176K, 5% free 4512K/4716K, paused 5ms+5ms, total 58ms
I/InputDispatcher( 1778): Dropping event because there is no touched window.
I/InputDispatcher( 1778): Dropping event because there is no touched window.
V/PhoneStatusBar( 1873): setLightsOn(true)
E/WVMExtractor( 1332): Failed to open libwvm.so
E/MetadataRetrieverClient( 1332): failed to extract an album art
E/WVMExtractor( 1332): Failed to open libwvm.so
E/MetadataRetrieverClient( 1332): failed to extract an album art
I/Choreographer( 2088): Skipped 38 frames! The application may be doing too much work on its main thread.
I/ActivityManager( 1778): Displayed com.android.music/.TrackBrowserActivity: +920ms
E/tiny_hw ( 1332): out_write(0x4153bd88) failed: -32
E/tiny_hw ( 1332): out_write(0x4153bd88) failed: -32
V/tiny_hw ( 1332): out_standby(0x4153bd88) closing PCM
V/tiny_hw ( 1332): out_write(0x4153bd88) opening PCM
D/dalvikvm( 1909): GC_CONCURRENT freed 477K, 11% free 4270K/4776K, paused 6ms+4ms, total 71ms
E/tiny_hw ( 1332): out_write(0x4153bd88) failed: -32
E/WVMExtractor( 1332): Failed to open libwvm.so
E/tiny_hw ( 1332): out_write(0x4153bd88) failed: -32
V/MusicFXControlPanelReceiver( 2417): onReceive
V/MusicFXControlPanelReceiver( 2417): Action: android.media.action.OPEN_AUDIO_EFFECT_CONTROL_SESSION
V/MusicFXControlPanelReceiver( 2417): Package name: com.android.music
V/MusicFXControlPanelReceiver( 2417): Audio session: 12
V/MusicFXControlPanelEffect( 2417): openSession(android.app.ReceiverRestrictedContext@41408bf8, com.android.music, 12)
E/WVMExtractor( 1332): Failed to open libwvm.so
V/MusicFXControlPanelReceiver( 2417): onReceive
V/MusicFXControlPanelReceiver( 2417): Action: android.media.action.OPEN_AUDIO_EFFECT_CONTROL_SESSION
V/MusicFXControlPanelReceiver( 2417): Package name: com.android.music
V/MusicFXControlPanelReceiver( 2417): Audio session: 12
V/MusicFXControlPanelEffect( 2417): openSession(android.app.ReceiverRestrictedContext@41408bf8, com.android.music, 12)
I/AudioService( 1778): AudioFocus requestAudioFocus() from android.media.AudioManager@41420710com.android.music.MediaPlaybackService$3@41429238
I/AudioService( 1778): Remote Control registerMediaButtonIntent() for PendingIntent{41784b68: PendingIntentRecord{4182dcc0 com.android.music broadcastIntent}}
I/SoftAAC2( 1332): Reconfiguring decoder: 44100 Hz, 2 channels
I/ActivityManager( 1778): START u0 {act=com.android.music.PLAYBACK_VIEWER flg=0x4000000 cmp=com.android.music/.MediaPlaybackActivity} from pid 2088
D/dalvikvm( 2088): GC_CONCURRENT freed 372K, 8% free 4606K/4996K, paused 12ms+19ms, total 116ms
W/CursorWrapperInner( 2088): Cursor finalized without prior close()
D/dalvikvm( 1778): GC_FOR_ALLOC freed 271K, 12% free 8487K/9556K, paused 101ms, total 101ms
I/dalvikvm-heap( 1778): Grow heap (frag case) to 8.442MB for 124216-byte allocation
D/dalvikvm( 1778): GC_FOR_ALLOC freed 0K, 12% free 8609K/9680K, paused 100ms, total 100ms
I/Choreographer( 2088): Skipped 47 frames! The application may be doing too much work on its main thread.
I/InputDispatcher( 1778): Dropping event because there is no touched window.
I/InputDispatcher( 1778): Dropping event because there is no touched window.
I/InputDispatcher( 1778): Dropping event because there is no touched window.
I/InputDispatcher( 1778): Dropping event because there is no touched window.
I/InputDispatcher( 1778): Dropping event because there is no touched window.
I/InputDispatcher( 1778): Dropping event because there is no touched window.
I/InputDispatcher( 1778): Dropping event because there is no touched window.
I/InputDispatcher( 1778): Dropping event because there is no touched window.
E/WVMExtractor( 1332): Failed to open libwvm.so
I/InputDispatcher( 1778): Dropping event because there is no touched window.
I/InputDispatcher( 1778): Dropping event because there is no touched window.
V/PhoneStatusBar( 1873): setLightsOn(true)
I/InputDispatcher( 1778): Dropping event because there is no touched window.
E/MetadataRetrieverClient( 1332): failed to extract an album art
E/WVMExtractor( 1332): Failed to open libwvm.so
I/ActivityManager( 1778): Displayed com.android.music/.MediaPlaybackActivity: +251ms
E/MetadataRetrieverClient( 1332): failed to extract an album art
E/WVMExtractor( 1332): Failed to open libwvm.so
E/MetadataRetrieverClient( 1332): failed to extract an album art
D/dalvikvm( 2088): GC_FOR_ALLOC freed 164K, 7% free 4794K/5108K, paused 19ms, total 19ms
E/WVMExtractor( 1332): Failed to open libwvm.so
E/MetadataRetrieverClient( 1332): failed to extract an album art
E/WVMExtractor( 1332): Failed to open libwvm.so
E/MetadataRetrieverClient( 1332): failed to extract an album art
E/WVMExtractor( 1332): Failed to open libwvm.so
E/MetadataRetrieverClient( 1332): failed to extract an album art
D/dalvikvm( 1873): GC_CONCURRENT freed 223K, 5% free 5187K/5432K, paused 9ms+7ms, total 67ms
D/dalvikvm( 2088): GC_CONCURRENT freed 265K, 8% free 4914K/5316K, paused 6ms+8ms, total 51ms
I/SoftAAC2( 1332): Reconfiguring decoder: 44100 Hz, 2 channels
W/MediaPlayer( 2088): info/warning (2, 0)
I/MediaPlayer( 2088): Info (2,0)
D/dalvikvm( 2088): GC_CONCURRENT freed 349K, 8% free 4963K/5348K, paused 3ms+8ms, total 61ms
E/WVMExtractor( 1332): Failed to open libwvm.so
E/MetadataRetrieverClient( 1332): failed to extract an album art
E/WVMExtractor( 1332): Failed to open libwvm.so
E/MetadataRetrieverClient( 1332): failed to extract an album art
E/WVMExtractor( 1332): Failed to open libwvm.so
E/MetadataRetrieverClient( 1332): failed to extract an album art
E/tiny_hw ( 1332): out_write(0x4153bd88) failed: -32
E/tiny_hw ( 1332): out_write(0x4153bd88) failed: -32
E/tiny_hw ( 1332): out_write(0x4153bd88) failed: -32
E/tiny_hw ( 1332): out_write(0x4153bd88) failed: -32
E/tiny_hw ( 1332): out_write(0x4153bd88) failed: -32
E/tiny_hw ( 1332): out_write(0x4153bd88) failed: -32
E/tiny_hw ( 1332): out_write(0x4153bd88) failed: -32
E/tiny_hw ( 1332): out_write(0x4153bd88) failed: -32
E/tiny_hw ( 1332): out_write(0x4153bd88) failed: -32
E/tiny_hw ( 1332): out_write(0x4153bd88) failed: -32
E/tiny_hw ( 1332): out_write(0x4153bd88) failed: -32
V/tiny_hw ( 1332): out_standby(0x4153bd88) closing PCM
D/dalvikvm( 2088): GC_CONCURRENT freed 447K, 11% free 4900K/5448K, paused 3ms+8ms, total 45ms
E/ThrottleService( 1778): problem during onPollAlarm: java.lang.IllegalStateException: problem parsing stats: java.io.FileNotFoundException: /proc/net/xt_qtaguid/iface_stat_all: open failed: ENOENT (No such file or directory)
W/ProcessStats( 1778): Skipping unknown process pid 3087
V/tiny_hw ( 1332): out_write(0x4153bd88) opening PCM
I/ActivityManager( 1778): START u0 {act=android.intent.action.MAIN cat=[android.intent.category.HOME] flg=0x10200000 cmp=com.android.launcher/com.android.launcher2.Launcher} from pid 1778
D/dalvikvm( 1778): GC_FOR_ALLOC freed 729K, 13% free 8500K/9680K, paused 105ms, total 105ms
I/Choreographer( 1981): Skipped 43 frames! The application may be doing too much work on its main thread.
I/dalvikvm( 1981): Jit: resizing JitTable from 4096 to 8192
I/Choreographer( 1981): Skipped 43 frames! The application may be doing too much work on its main thread.
E/tiny_hw ( 1332): out_write(0x4153bd88) failed: -32
E/tiny_hw ( 1332): out_write(0x4153bd88) failed: -32
E/tiny_hw ( 1332): out_write(0x4153bd88) failed: -32
E/tiny_hw ( 1332): out_write(0x4153bd88) failed: -32
V/tiny_hw ( 1332): out_standby(0x4153bd88) closing PCM
I/InputDispatcher( 1778): Window 'Window{416c42b8 u0 com.android.launcher/com.android.launcher2.Launcher}' spent 4961.0ms processing the last input event: MotionEvent(action=7, deviceId=2, source=0x00002002, displayId=0)
I/InputDispatcher( 1778): Window 'Window{416c42b8 u0 com.android.launcher/com.android.launcher2.Launcher}' spent 4953.9ms processing the last input event: MotionEvent(action=7, deviceId=2, source=0x00002002, displayId=0)
I/InputDispatcher( 1778): Window 'Window{416c42b8 u0 com.android.launcher/com.android.launcher2.Launcher}' spent 4946.3ms processing the last input event: MotionEvent(action=7, deviceId=2, source=0x00002002, displayId=0)
I/InputDispatcher( 1778): Window 'Window{416c42b8 u0 com.android.launcher/com.android.launcher2.Launcher}' spent 4938.7ms processing the last input event: MotionEvent(action=7, deviceId=2, source=0x00002002, displayId=0)
I/InputDispatcher( 1778): Window 'Window{416c42b8 u0 com.android.launcher/com.android.launcher2.Launcher}' spent 4931.0ms processing the last input event: MotionEvent(action=7, deviceId=2, source=0x00002002, displayId=0)
I/InputDispatcher( 1778): Window 'Window{416c42b8 u0 com.android.launcher/com.android.launcher2.Launcher}' spent 4923.2ms processing the last input event: MotionEvent(action=7, deviceId=2, source=0x00002002, displayId=0)
I/InputDispatcher( 1778): Window 'Window{416c42b8 u0 com.android.launcher/com.android.launcher2.Launcher}' spent 4915.5ms processing the last input event: MotionEvent(action=7, deviceId=2, source=0x00002002, displayId=0)
I/InputDispatcher( 1778): Window 'Window{416c42b8 u0 com.android.launcher/com.android.launcher2.Launcher}' spent 4907.9ms processing the last input event: MotionEvent(action=7, deviceId=2, source=0x00002002, displayId=0)
I/InputDispatcher( 1778): Window 'Window{416c42b8 u0 com.android.launcher/com.android.launcher2.Launcher}' spent 4900.1ms processing the last input event: MotionEvent(action=7, deviceId=2, source=0x00002002, displayId=0)
I/InputDispatcher( 1778): Window 'Window{416c42b8 u0 com.android.launcher/com.android.launcher2.Launcher}' spent 4892.5ms processing the last input event: MotionEvent(action=7, deviceId=2, source=0x00002002, displayId=0)
I/InputDispatcher( 1778): Window 'Window{416c42b8 u0 com.android.launcher/com.android.launcher2.Launcher}' spent 4884.8ms processing the last input event: MotionEvent(action=7, deviceId=2, source=0x00002002, displayId=0)
I/InputDispatcher( 1778): Window 'Window{416c42b8 u0 com.android.launcher/com.android.launcher2.Launcher}' spent 4877.1ms processing the last input event: MotionEvent(action=7, deviceId=2, source=0x00002002, displayId=0)
I/InputDispatcher( 1778): Window 'Window{416c42b8 u0 com.android.launcher/com.android.launcher2.Launcher}' spent 4869.4ms processing the last input event: MotionEvent(action=7, deviceId=2, source=0x00002002, displayId=0)
I/InputDispatcher( 1778): Window 'Window{416c42b8 u0 com.android.launcher/com.android.launcher2.Launcher}' spent 4861.6ms processing the last input event: MotionEvent(action=7, deviceId=2, source=0x00002002, displayId=0)
I/InputDispatcher( 1778): Window 'Window{416c42b8 u0 com.android.launcher/com.android.launcher2.Launcher}' spent 4853.9ms processing the last input event: MotionEvent(action=7, deviceId=2, source=0x00002002, displayId=0)
I/InputDispatcher( 1778): Window 'Window{416c42b8 u0 com.android.launcher/com.android.launcher2.Launcher}' spent 4846.2ms processing the last input event: MotionEvent(action=7, deviceId=2, source=0x00002002, displayId=0)
I/InputDispatcher( 1778): Window 'Window{416c42b8 u0 com.android.launcher/com.android.launcher2.Launcher}' spent 4836.6ms processing the last input event: MotionEvent(action=7, deviceId=2, source=0x00002002, displayId=0)
I/InputDispatcher( 1778): Window 'Window{416c42b8 u0 com.android.launcher/com.android.launcher2.Launcher}' spent 4830.8ms processing the last input event: MotionEvent(action=7, deviceId=2, source=0x00002002, displayId=0)
I/InputDispatcher( 1778): Window 'Window{416c42b8 u0 com.android.launcher/com.android.launcher2.Launcher}' spent 4823.1ms processing the last input event: MotionEvent(action=7, deviceId=2, source=0x00002002, displayId=0)
I/InputDispatcher( 1778): Window 'Window{416c42b8 u0 com.android.launcher/com.android.launcher2.Launcher}' spent 4815.3ms processing the last input event: MotionEvent(action=7, deviceId=2, source=0x00002002, displayId=0)
I/InputDispatcher( 1778): Window 'Window{416c42b8 u0 com.android.launcher/com.android.launcher2.Launcher}' spent 4807.6ms processing the last input event: MotionEvent(action=7, deviceId=2, source=0x00002002, displayId=0)
I/InputDispatcher( 1778): Window 'Window{416c42b8 u0 com.android.launcher/com.android.launcher2.Launcher}' spent 4799.9ms processing the last input event: MotionEvent(action=7, deviceId=2, source=0x00002002, displayId=0)
I/InputDispatcher( 1778): Window 'Window{416c42b8 u0 com.android.launcher/com.android.launcher2.Launcher}' spent 4792.1ms processing the last input event: MotionEvent(action=7, deviceId=2, source=0x00002002, displayId=0)
I/InputDispatcher( 1778): Window 'Window{416c42b8 u0 com.android.launcher/com.android.launcher2.Launcher}' spent 4784.4ms processing the last input event: MotionEvent(action=7, deviceId=2, source=0x00002002, displayId=0)
I/InputDispatcher( 1778): Window 'Window{416c42b8 u0 com.android.launcher/com.android.launcher2.Launcher}' spent 4776.7ms processing the last input event: MotionEvent(action=7, deviceId=2, source=0x00002002, displayId=0)
I/InputDispatcher( 1778): Window 'Window{416c42b8 u0 com.android.launcher/com.android.launcher2.Launcher}' spent 4769.1ms processing the last input event: MotionEvent(action=7, deviceId=2, source=0x00002002, displayId=0)
I/InputDispatcher( 1778): Window 'Window{416c42b8 u0 com.android.launcher/com.android.launcher2.Launcher}' spent 4761.4ms processing the last input event: MotionEvent(action=7, deviceId=2, source=0x00002002, displayId=0)
I/InputDispatcher( 1778): Window 'Window{416c42b8 u0 com.android.launcher/com.android.launcher2.Launcher}' spent 4753.7ms processing the last input event: MotionEvent(action=7, deviceId=2, source=0x00002002, displayId=0)
I/InputDispatcher( 1778): Window 'Window{416c42b8 u0 com.android.launcher/com.android.launcher2.Launcher}' spent 4745.9ms processing the last input event: MotionEvent(action=7, deviceId=2, source=0x00002002, displayId=0)
I/InputDispatcher( 1778): Window 'Window{416c42b8 u0 com.android.launcher/com.android.launcher2.Launcher}' spent 4738.2ms processing the last input event: MotionEvent(action=7, deviceId=2, source=0x00002002, displayId=0)
I/InputDispatcher( 1778): Window 'Window{416c42b8 u0 com.android.launcher/com.android.launcher2.Launcher}' spent 4730.5ms processing the last input event: MotionEvent(action=7, deviceId=2, source=0x00002002, displayId=0)
I/InputDispatcher( 1778): Window 'Window{416c42b8 u0 com.android.launcher/com.android.launcher2.Launcher}' spent 4722.8ms processing the last input event: MotionEvent(action=7, deviceId=2, source=0x00002002, displayId=0)
I/InputDispatcher( 1778): Window 'Window{416c42b8 u0 com.android.launcher/com.android.launcher2.Launcher}' spent 4715.0ms processing the last input event: MotionEvent(action=7, deviceId=2, source=0x00002002, displayId=0)
I/InputDispatcher( 1778): Window 'Window{416c42b8 u0 com.android.launcher/com.android.launcher2.Launcher}' spent 4707.3ms processing the last input event: MotionEvent(action=7, deviceId=2, source=0x00002002, displayId=0)
I/InputDispatcher( 1778): Window 'Window{416c42b8 u0 com.android.launcher/com.android.launcher2.Launcher}' spent 4675.5ms processing the last input event: MotionEvent(action=7, deviceId=2, source=0x00002002, displayId=0)
I/InputDispatcher( 1778): Window 'Window{416c42b8 u0 com.android.launcher/com.android.launcher2.Launcher}' spent 4659.8ms processing the last input event: MotionEvent(action=7, deviceId=2, source=0x00002002, displayId=0)
I/InputDispatcher( 1778): Window 'Window{416c42b8 u0 com.android.launcher/com.android.launcher2.Launcher}' spent 4652.1ms processing the last input event: MotionEvent(action=7, deviceId=2, source=0x00002002, displayId=0)
I/InputDispatcher( 1778): Window 'Window{416c42b8 u0 com.android.launcher/com.android.launcher2.Launcher}' spent 4644.3ms processing the last input event: MotionEvent(action=7, deviceId=2, source=0x00002002, displayId=0)
I/InputDispatcher( 1778): Window 'Window{416c42b8 u0 com.android.launcher/com.android.launcher2.Launcher}' spent 4636.6ms processing the last input event: MotionEvent(action=7, deviceId=2, source=0x00002002, displayId=0)
I/InputDispatcher( 1778): Window 'Window{416c42b8 u0 com.android.launcher/com.android.launcher2.Launcher}' spent 4628.9ms processing the last input event: MotionEvent(action=7, deviceId=2, source=0x00002002, displayId=0)
I/InputDispatcher( 1778): Window 'Window{416c42b8 u0 com.android.launcher/com.android.launcher2.Launcher}' spent 4621.1ms processing the last input event: MotionEvent(action=7, deviceId=2, source=0x00002002, displayId=0)
I/InputDispatcher( 1778): Window 'Window{416c42b8 u0 com.android.launcher/com.android.launcher2.Launcher}' spent 4613.4ms processing the last input event: MotionEvent(action=7, deviceId=2, source=0x00002002, displayId=0)
I/InputDispatcher( 1778): Window 'Window{416c42b8 u0 com.android.launcher/com.android.launcher2.Launcher}' spent 4605.7ms processing the last input event: MotionEvent(action=7, deviceId=2, source=0x00002002, displayId=0)
I/InputDispatcher( 1778): Window 'Window{416c42b8 u0 com.android.launcher/com.android.launcher2.Launcher}' spent 4597.9ms processing the last input event: MotionEvent(action=7, deviceId=2, source=0x00002002, displayId=0)
I/InputDispatcher( 1778): Window 'Window{416c42b8 u0 com.android.launcher/com.android.launcher2.Launcher}' spent 4582.2ms processing the last input event: MotionEvent(action=7, deviceId=2, source=0x00002002, displayId=0)
I/InputDispatcher( 1778): Window 'Window{416c42b8 u0 com.android.launcher/com.android.launcher2.Launcher}' spent 4574.4ms processing the last input event: MotionEvent(action=7, deviceId=2, source=0x00002002, displayId=0)
I/InputDispatcher( 1778): Window 'Window{416c42b8 u0 com.android.launcher/com.android.launcher2.Launcher}' spent 4566.7ms processing the last input event: MotionEvent(action=7, deviceId=2, source=0x00002002, displayId=0)
I/InputDispatcher( 1778): Window 'Window{416c42b8 u0 com.android.launcher/com.android.launcher2.Launcher}' spent 4558.9ms processing the last input event: MotionEvent(action=7, deviceId=2, source=0x00002002, displayId=0)
I/InputDispatcher( 1778): Window 'Window{416c42b8 u0 com.android.launcher/com.android.launcher2.Launcher}' spent 4551.2ms processing the last input event: MotionEvent(action=7, deviceId=2, source=0x00002002, displayId=0)
I/InputDispatcher( 1778): Window 'Window{416c42b8 u0 com.android.launcher/com.android.launcher2.Launcher}' spent 4543.5ms processing the last input event: MotionEvent(action=7, deviceId=2, source=0x00002002, displayId=0)
I/InputDispatcher( 1778): Window 'Window{416c42b8 u0 com.android.launcher/com.android.launcher2.Launcher}' spent 4535.7ms processing the last input event: MotionEvent(action=7, deviceId=2, source=0x00002002, displayId=0)
I/InputDispatcher( 1778): Window 'Window{416c42b8 u0 com.android.launcher/com.android.launcher2.Launcher}' spent 4528.0ms processing the last input event: MotionEvent(action=7, deviceId=2, source=0x00002002, displayId=0)
I/InputDispatcher( 1778): Window 'Window{416c42b8 u0 com.android.launcher/com.android.launcher2.Launcher}' spent 4520.7ms processing the last input event: MotionEvent(action=7, deviceId=2, source=0x00002002, displayId=0)
I/InputDispatcher( 1778): Window 'Window{416c42b8 u0 com.android.launcher/com.android.launcher2.Launcher}' spent 4513.0ms processing the last input event: MotionEvent(action=7, deviceId=2, source=0x00002002, displayId=0)
I/InputDispatcher( 1778): Window 'Window{416c42b8 u0 com.android.launcher/com.android.launcher2.Launcher}' spent 4505.3ms processing the last input event: MotionEvent(action=7, deviceId=2, source=0x00002002, displayId=0)
I/InputDispatcher( 1778): Window 'Window{416c42b8 u0 com.android.launcher/com.android.launcher2.Launcher}' spent 4497.6ms processing the last input event: MotionEvent(action=7, deviceId=2, source=0x00002002, displayId=0)
I/InputDispatcher( 1778): Window 'Window{416c42b8 u0 com.android.launcher/com.android.launcher2.Launcher}' spent 4489.9ms processing the last input event: MotionEvent(action=7, deviceId=2, source=0x00002002, displayId=0)
I/InputDispatcher( 1778): Window 'Window{416c42b8 u0 com.android.launcher/com.android.launcher2.Launcher}' spent 4482.1ms processing the last input event: MotionEvent(action=7, deviceId=2, source=0x00002002, displayId=0)
I/Choreographer( 1981): Skipped 63 frames! The application may be doing too much work on its main thread.
D/dalvikvm( 1981): GC_CONCURRENT freed 2885K, 27% free 10837K/14828K, paused 4ms+23ms, total 92ms
D/dalvikvm( 1981): WAIT_FOR_CONCURRENT_GC blocked 83ms
D/dalvikvm( 1981): GC_FOR_ALLOC freed 1421K, 25% free 11189K/14828K, paused 61ms, total 62ms
D/dalvikvm( 1981): GC_FOR_ALLOC freed 578K, 25% free 11192K/14828K, paused 58ms, total 58ms
D/dalvikvm( 1981): GC_CONCURRENT freed 1518K, 22% free 11649K/14828K, paused 10ms+13ms, total 83ms
D/dalvikvm( 1981): WAIT_FOR_CONCURRENT_GC blocked 46ms
D/dalvikvm( 1981): GC_FOR_ALLOC freed 1274K, 19% free 12078K/14828K, paused 54ms, total 62ms
I/dalvikvm-heap( 1981): Grow heap (frag case) to 12.564MB for 786448-byte allocation
D/dalvikvm( 1981): GC_FOR_ALLOC freed 36K, 18% free 12809K/15600K, paused 62ms, total 62ms
V/tiny_hw ( 1332): out_write(0x4153bd88) opening PCM
I/ActivityManager( 1778): START u0 {act=android.intent.action.MAIN cat=[android.intent.category.LAUNCHER] flg=0x10200000 cmp=org.linaro.glmark2/.MainActivity} from pid 1981
D/dalvikvm( 1778): GC_FOR_ALLOC freed 136K, 11% free 8628K/9680K, paused 104ms, total 104ms
I/ActivityManager( 1778): Start proc org.linaro.glmark2 for activity org.linaro.glmark2/.MainActivity: pid=3147 uid=10041 gids={50041, 1028, 1015}
I/InputDispatcher( 1778): Dropping event because there is no touched window.
I/InputDispatcher( 1778): Dropping event because there is no touched window.
I/InputDispatcher( 1778): Dropping event because there is no touched window.
I/InputDispatcher( 1778): Dropping event because there is no touched window.
I/InputDispatcher( 1778): Dropping event because there is no touched window.
I/ActivityManager( 1778): Displayed org.linaro.glmark2/.MainActivity: +1s93ms
E/tiny_hw ( 1332): out_write(0x4153bd88) failed: -32
E/tiny_hw ( 1332): out_write(0x4153bd88) failed: -32
V/tiny_hw ( 1332): out_standby(0x4153bd88) closing PCM
V/tiny_hw ( 1332): out_write(0x4153bd88) opening PCM
I/ActivityManager( 1778): START u0 {cmp=org.linaro.glmark2/.Glmark2Activity} from pid 3147
D/dalvikvm( 1778): GC_FOR_ALLOC freed 189K, 12% free 8668K/9804K, paused 100ms, total 100ms
I/ActivityManager( 1778): Start proc org.linaro.glmark2:glmark2 for activity org.linaro.glmark2/.Glmark2Activity: pid=3170 uid=10041 gids={50041, 1028, 1015}
D/libEGL ( 3170): loaded /vendor/lib/egl/libEGL_POWERVR_SGX540_120.so
D/libEGL ( 3170): loaded /vendor/lib/egl/libGLESv1_CM_POWERVR_SGX540_120.so
D/libEGL ( 3170): loaded /vendor/lib/egl/libGLESv2_POWERVR_SGX540_120.so
I/ActivityManager( 1778): Displayed org.linaro.glmark2/.Glmark2Activity: +636ms
I/glmark2 ( 3170): glmark2 2012.12
I/glmark2 ( 3170): OpenGL Information
I/glmark2 ( 3170): GL_VENDOR: Imagination Technologies
I/glmark2 ( 3170): GL_RENDERER: PowerVR SGX 540
I/glmark2 ( 3170): GL_VERSION: OpenGL ES 2.0 build 1.8@785978
V/tiny_hw ( 1332): out_standby(0x4153bd88) closing PCM
I/glmark2 ( 3170): [build] use-vbo=false: FPS: 124 FrameTime: 8.065 ms
I/glmark2 ( 3170): [build] use-vbo=true: FPS: 157 FrameTime: 6.369 ms
I/glmark2 ( 3170): [texture] texture-filter=nearest: FPS: 206 FrameTime: 4.854 ms
I/glmark2 ( 3170): [texture] texture-filter=linear: FPS: 200 FrameTime: 5.000 ms
I/glmark2 ( 3170): [texture] texture-filter=mipmap: FPS: 176 FrameTime: 5.682 ms
I/glmark2 ( 3170): [shading] shading=gouraud: FPS: 139 FrameTime: 7.194 ms
I/glmark2 ( 3170): [shading] shading=blinn-phong-inf: FPS: 130 FrameTime: 7.692 ms
I/glmark2 ( 3170): [shading] shading=phong: FPS: 107 FrameTime: 9.346 ms
I/glmark2 ( 3170): [bump] bump-render=high-poly: FPS: 79 FrameTime: 12.658 ms
I/glmark2 ( 3170): [bump] bump-render=normals: FPS: 150 FrameTime: 6.667 ms
I/glmark2 ( 3170): [bump] bump-render=height: FPS: 124 FrameTime: 8.065 ms
I/glmark2 ( 3170): [effect2d] kernel=0,1,0;1,-4,1;0,1,0;: FPS: 32 FrameTime: 31.250 ms
I/glmark2 ( 3170): [effect2d] kernel=1,1,1,1,1;1,1,1,1,1;1,1,1,1,1;: FPS: 12 FrameTime: 83.333 ms
I/glmark2 ( 3170): [pulsar] light=false:quads=5:texture=false: FPS: 166 FrameTime: 6.024 ms
I/glmark2 ( 3170): [desktop] blur-radius=5:effect=blur:passes=1:separable=true:windows=4: FPS: 14 FrameTime: 71.429 ms
I/glmark2 ( 3170): [desktop] effect=shadow:windows=4: FPS: 80 FrameTime: 12.500 ms
I/glmark2 ( 3170): [buffer] columns=200:interleave=false:update-dispersion=0.9:update-fraction=0.5:update-method=map: FPS: 65 FrameTime: 15.385 ms
I/glmark2 ( 3170): [buffer] columns=200:interleave=false:update-dispersion=0.9:update-fraction=0.5:update-method=subdata: FPS: 57 FrameTime: 17.544 ms
I/glmark2 ( 3170): [buffer] columns=200:interleave=true:update-dispersion=0.9:update-fraction=0.5:update-method=map: FPS: 88 FrameTime: 11.364 ms
E/ThrottleService( 1778): problem during onPollAlarm: java.lang.IllegalStateException: problem parsing stats: java.io.FileNotFoundException: /proc/net/xt_qtaguid/iface_stat_all: open failed: ENOENT (No such file or directory)
I/glmark2 ( 3170): [ideas] speed=duration: FPS: 139 FrameTime: 7.194 ms
I/glmark2 ( 3170): [jellyfish] : FPS: 40 FrameTime: 25.000 ms
I/glmark2 ( 3170): [terrain] : FPS: 1 FrameTime: 1000.000 ms
E/glmark2 ( 3170): DepthRenderState::setup: glCheckFramebufferStatus failed (0x8cd6)
E/glmark2 ( 3170): Failed to set up the render target for the depth pass
I/glmark2 ( 3170): [shadow] : Set up failed
F/libc ( 3170): Fatal signal 11 (SIGSEGV) at 0x00000020 (code=1), thread 3186 (Thread-87)
I/DEBUG ( 1328): *** *** *** *** *** *** *** *** *** *** *** *** *** *** *** ***
I/DEBUG ( 1328): Build fingerprint: 'pandaboard/pandaboard/pandaboard:4.2.2/JDQ39E/310:tests/test-keys'
I/DEBUG ( 1328): Revision: '0'
I/DEBUG ( 1328): pid: 3170, tid: 3186, name: Thread-87 >>> org.linaro.glmark2:glmark2 <<<
I/DEBUG ( 1328): signal 11 (SIGSEGV), code 1 (SEGV_MAPERR), fault addr 00000020
I/DEBUG ( 1328): r0 00000004 r1 00000000 r2 00000000 r3 0000871d
I/DEBUG ( 1328): r4 00000000 r5 5e2dd0b0 r6 00000004 r7 40081f40
I/DEBUG ( 1328): r8 5ee98bf8 r9 40081f38 sl 41403038 fp 5ee98c0c
I/DEBUG ( 1328): ip 00000001 sp 5ee98b9c lr 5cead051 pc 5cebfd4a cpsr 20030130
I/DEBUG ( 1328): d0 656c696166207075 d1 3a65746174537265
I/DEBUG ( 1328): d2 656c706d61736974 d3 7265646e65725f64
I/DEBUG ( 1328): d4 66667562656d6172 d5 7375746174537265
I/DEBUG ( 1328): d6 2064656c69616620 d7 2936646338783028
I/DEBUG ( 1328): d8 0000000000000000 d9 0000000000000000
I/DEBUG ( 1328): d10 0000000000000000 d11 0000000000000000
I/DEBUG ( 1328): d12 0000000000000000 d13 0000000000000000
I/DEBUG ( 1328): d14 0000000000000000 d15 0000000000000000
I/DEBUG ( 1328): d16 0000000000000000 d17 6c75616665643c20
I/DEBUG ( 1328): d18 0000000000000000 d19 3fd287a7636f4361
I/DEBUG ( 1328): d20 3ff8000000000000 d21 3e212a8800000000
I/DEBUG ( 1328): d22 4024000000000000 d23 0000000000000000
I/DEBUG ( 1328): d24 0000000000000000 d25 3fe0000000000000
I/DEBUG ( 1328): d26 3fe000000112a880 d27 0000000200000002
I/DEBUG ( 1328): d28 401c000000000000 d29 4022000000000000
I/DEBUG ( 1328): d30 96d732400e98a103 d31 4a05213ba57dcca2
I/DEBUG ( 1328): scr 28000011
I/DEBUG ( 1328):
I/DEBUG ( 1328): backtrace:
I/DEBUG ( 1328): #00 pc 00082d4a /system/lib/libglmark2-android.so (Program::release()+5)
I/DEBUG ( 1328):
I/DEBUG ( 1328): stack:
I/DEBUG ( 1328): 5ee98b5c 5dae7020
I/DEBUG ( 1328): 5ee98b60 5dae7028
I/DEBUG ( 1328): 5ee98b64 5dae7028
I/DEBUG ( 1328): 5ee98b68 00000001
I/DEBUG ( 1328): 5ee98b6c 400a4777 /system/lib/libc.so (dlfree+526)
I/DEBUG ( 1328): 5ee98b70 400ed000 /system/lib/libc.so
I/DEBUG ( 1328): 5ee98b74 5e71fb08
I/DEBUG ( 1328): 5ee98b78 5dae7028
I/DEBUG ( 1328): 5ee98b7c 59fb3660
I/DEBUG ( 1328): 5ee98b80 00000001
I/DEBUG ( 1328): 5ee98b84 5e71fb08
I/DEBUG ( 1328): 5ee98b88 5e71fb08
I/DEBUG ( 1328): 5ee98b8c 4009eca5 /system/lib/libc.so (free+12)
I/DEBUG ( 1328): 5ee98b90 df0027ad
I/DEBUG ( 1328): 5ee98b94 00000000
I/DEBUG ( 1328): 5ee98b98 59fb3660
I/DEBUG ( 1328): #00 5ee98b9c 00000000
I/DEBUG ( 1328): 5ee98ba0 5e2dd0b0
I/DEBUG ( 1328): 5ee98ba4 00000004
I/DEBUG ( 1328): 5ee98ba8 40081f40
I/DEBUG ( 1328): 5ee98bac 5ee98bf8
I/DEBUG ( 1328): 5ee98bb0 40081f38
I/DEBUG ( 1328): 5ee98bb4 41403038 /dev/ashmem/dalvik-heap (deleted)
I/DEBUG ( 1328): 5ee98bb8 5ee98c0c
I/DEBUG ( 1328): 5ee98bbc 5cead051 /system/lib/libglmark2-android.so (SceneShadow::teardown()+20)
I/DEBUG ( 1328): 5ee98bc0 5e2daaf8
I/DEBUG ( 1328): 5ee98bc4 5cf15d14 /system/lib/libglmark2-android.so
I/DEBUG ( 1328): 5ee98bc8 00000000
I/DEBUG ( 1328): 5ee98bcc 5ce59801 /system/lib/libglmark2-android.so (Benchmark::teardown_scene()+12)
I/DEBUG ( 1328): 5ee98bd0 5e2cd740
I/DEBUG ( 1328): 5ee98bd4 5ce62799 /system/lib/libglmark2-android.so (MainLoop::step()+80)
I/DEBUG ( 1328): 5ee98bd8 5717ee68 /dev/ashmem/dalvik-LinearAlloc (deleted)
I/DEBUG ( 1328):
I/DEBUG ( 1328): memory near r3:
I/DEBUG ( 1328): 000086fc ffffffff ffffffff ffffffff ffffffff
I/DEBUG ( 1328): 0000870c ffffffff ffffffff ffffffff ffffffff
I/DEBUG ( 1328): 0000871c ffffffff ffffffff ffffffff ffffffff
I/DEBUG ( 1328): 0000872c ffffffff ffffffff ffffffff ffffffff
I/DEBUG ( 1328): 0000873c ffffffff ffffffff ffffffff ffffffff
I/DEBUG ( 1328): 0000874c ffffffff ffffffff ffffffff ffffffff
I/DEBUG ( 1328): 0000875c ffffffff ffffffff ffffffff ffffffff
I/DEBUG ( 1328): 0000876c ffffffff ffffffff ffffffff ffffffff
