W/PackageManager( 1778): Not granting permission android.permission.CALL_PRIVILEGED to package com.android.framework.externallocallpermstestapp (protectionLevel=18 flags=0x8be44)
W/PackageManager( 1778): Not granting permission android.permission.CHANGE_COMPONENT_ENABLED_STATE to package com.android.framework.externallocallpermstestapp (protectionLevel=18 flags=0x8be44)
W/PackageManager( 1778): Not granting permission android.permission.CHANGE_CONFIGURATION to package com.android.framework.externallocallpermstestapp (protectionLevel=50 flags=0x8be44)
W/PackageManager( 1778): Not granting permission android.permission.CLEAR_APP_USER_DATA to package com.android.framework.externallocallpermstestapp (protectionLevel=2 flags=0x8be44)
W/PackageManager( 1778): Not granting permission android.permission.CONTROL_LOCATION_UPDATES to package com.android.framework.externallocallpermstestapp (protectionLevel=18 flags=0x8be44)
W/PackageManager( 1778): Not granting permission android.permission.DELETE_CACHE_FILES to package com.android.framework.externallocallpermstestapp (protectionLevel=18 flags=0x8be44)
W/PackageManager( 1778): Not granting permission android.permission.DELETE_PACKAGES to package com.android.framework.externallocallpermstestapp (protectionLevel=18 flags=0x8be44)
W/PackageManager( 1778): Not granting permission android.permission.DEVICE_POWER to package com.android.framework.externallocallpermstestapp (protectionLevel=2 flags=0x8be44)
W/PackageManager( 1778): Not granting permission android.permission.DIAGNOSTIC to package com.android.framework.externallocallpermstestapp (protectionLevel=2 flags=0x8be44)
W/PackageManager( 1778): Not granting permission android.permission.DUMP to package com.android.framework.externallocallpermstestapp (protectionLevel=50 flags=0x8be44)
W/PackageManager( 1778): Not granting permission android.permission.FACTORY_TEST to package com.android.framework.externallocallpermstestapp (protectionLevel=2 flags=0x8be44)
W/PackageManager( 1778): Not granting permission android.permission.FORCE_BACK to package com.android.framework.externallocallpermstestapp (protectionLevel=2 flags=0x8be44)
W/PackageManager( 1778): Not granting permission android.permission.GLOBAL_SEARCH to package com.android.framework.externallocallpermstestapp (protectionLevel=18 flags=0x8be44)
W/PackageManager( 1778): Not granting permission android.permission.HARDWARE_TEST to package com.android.framework.externallocallpermstestapp (protectionLevel=2 flags=0x8be44)
W/PackageManager( 1778): Not granting permission android.permission.INJECT_EVENTS to package com.android.framework.externallocallpermstestapp (protectionLevel=2 flags=0x8be44)
W/PackageManager( 1778): Not granting permission android.permission.INSTALL_LOCATION_PROVIDER to package com.android.framework.externallocallpermstestapp (protectionLevel=18 flags=0x8be44)
W/PackageManager( 1778): Not granting permission android.permission.INSTALL_PACKAGES to package com.android.framework.externallocallpermstestapp (protectionLevel=18 flags=0x8be44)
W/PackageManager( 1778): Not granting permission android.permission.INTERNAL_SYSTEM_WINDOW to package com.android.framework.externallocallpermstestapp (protectionLevel=2 flags=0x8be44)
W/PackageManager( 1778): Not granting permission android.permission.MANAGE_APP_TOKENS to package com.android.framework.externallocallpermstestapp (protectionLevel=2 flags=0x8be44)
W/PackageManager( 1778): Not granting permission android.permission.MASTER_CLEAR to package com.android.framework.externallocallpermstestapp (protectionLevel=18 flags=0x8be44)
W/PackageManager( 1778): Not granting permission android.permission.MODIFY_PHONE_STATE to package com.android.framework.externallocallpermstestapp (protectionLevel=18 flags=0x8be44)
W/PackageManager( 1778): Not granting permission android.permission.MOUNT_FORMAT_FILESYSTEMS to package com.android.framework.externallocallpermstestapp (protectionLevel=18 flags=0x8be44)
W/PackageManager( 1778): Not granting permission android.permission.MOUNT_UNMOUNT_FILESYSTEMS to package com.android.framework.externallocallpermstestapp (protectionLevel=18 flags=0x8be44)
W/PackageManager( 1778): Not granting permission android.permission.READ_FRAME_BUFFER to package com.android.framework.externallocallpermstestapp (protectionLevel=18 flags=0x8be44)
W/PackageManager( 1778): Unknown permission android.permission.READ_HISTORY_BOOKMARKS in package com.android.framework.externallocallpermstestapp
W/PackageManager( 1778): Not granting permission android.permission.READ_INPUT_STATE to package com.android.framework.externallocallpermstestapp (protectionLevel=2 flags=0x8be44)
W/PackageManager( 1778): Not granting permission android.permission.READ_LOGS to package com.android.framework.externallocallpermstestapp (protectionLevel=50 flags=0x8be44)
W/PackageManager( 1778): Unknown permission android.permission.READ_OWNER_DATA in package com.android.framework.externallocallpermstestapp
W/PackageManager( 1778): Not granting permission android.permission.REBOOT to package com.android.framework.externallocallpermstestapp (protectionLevel=18 flags=0x8be44)
W/PackageManager( 1778): Not granting permission android.permission.SET_ACTIVITY_WATCHER to package com.android.framework.externallocallpermstestapp (protectionLevel=2 flags=0x8be44)
W/PackageManager( 1778): Not granting permission android.permission.SET_ALWAYS_FINISH to package com.android.framework.externallocallpermstestapp (protectionLevel=50 flags=0x8be44)
W/PackageManager( 1778): Not granting permission android.permission.SET_ANIMATION_SCALE to package com.android.framework.externallocallpermstestapp (protectionLevel=50 flags=0x8be44)
W/PackageManager( 1778): Not granting permission android.permission.SET_DEBUG_APP to package com.android.framework.externallocallpermstestapp (protectionLevel=50 flags=0x8be44)
W/PackageManager( 1778): Not granting permission android.permission.SET_ORIENTATION to package com.android.framework.externallocallpermstestapp (protectionLevel=2 flags=0x8be44)
W/PackageManager( 1778): Not granting permission android.permission.SET_PREFERRED_APPLICATIONS to package com.android.framework.externallocallpermstestapp (protectionLevel=2 flags=0x8be44)
W/PackageManager( 1778): Not granting permission android.permission.SET_PROCESS_LIMIT to package com.android.framework.externallocallpermstestapp (protectionLevel=50 flags=0x8be44)
W/PackageManager( 1778): Not granting permission android.permission.SIGNAL_PERSISTENT_PROCESSES to package com.android.framework.externallocallpermstestapp (protectionLevel=50 flags=0x8be44)
W/PackageManager( 1778): Not granting permission android.permission.STATUS_BAR to package com.android.framework.externallocallpermstestapp (protectionLevel=18 flags=0x8be44)
W/PackageManager( 1778): Not granting permission android.permission.UPDATE_DEVICE_STATS to package com.android.framework.externallocallpermstestapp (protectionLevel=18 flags=0x8be44)
W/PackageManager( 1778): Not granting permission android.permission.WRITE_APN_SETTINGS to package com.android.framework.externallocallpermstestapp (protectionLevel=18 flags=0x8be44)
W/PackageManager( 1778): Not granting permission android.permission.WRITE_GSERVICES to package com.android.framework.externallocallpermstestapp (protectionLevel=18 flags=0x8be44)
W/PackageManager( 1778): Unknown permission android.permission.WRITE_HISTORY_BOOKMARKS in package com.android.framework.externallocallpermstestapp
W/PackageManager( 1778): Unknown permission android.permission.WRITE_OWNER_DATA in package com.android.framework.externallocallpermstestapp
W/PackageManager( 1778): Not granting permission android.permission.WRITE_SECURE_SETTINGS to package com.android.framework.externallocallpermstestapp (protectionLevel=50 flags=0x8be44)
W/PackageManager( 1778): Not granting permission android.permission.WRITE_SECURE_SETTINGS to package com.android.bandwidth.tests (protectionLevel=50 flags=0x8be44)
W/PackageManager( 1778): Not granting permission android.permission.DEVICE_POWER to package com.android.bandwidth.tests (protectionLevel=2 flags=0x8be44)
W/PackageManager( 1778): Not granting permission android.permission.SERIAL_PORT to package com.android.serialchat (protectionLevel=18 flags=0x8be44)
W/PackageManager( 1778): Not granting permission android.permission.CHANGE_CONFIGURATION to package android.core (protectionLevel=50 flags=0x8be44)
W/PackageManager( 1778): Not granting permission android.permission.WRITE_APN_SETTINGS to package android.core (protectionLevel=18 flags=0x8be44)
W/PackageManager( 1778): Not granting permission android.permission.WRITE_SECURE_SETTINGS to package android.core (protectionLevel=50 flags=0x8be44)
W/PackageManager( 1778): Unknown permission android.webkit.permission.PLUGIN in package com.android.sampleplugin
W/PackageManager( 1778): Not granting permission android.permission.WRITE_SECURE_SETTINGS to package com.example.android.samplesync (protectionLevel=50 flags=0x8be44)
W/PackageManager( 1778): Unknown permission android.webkit.permission.PLUGIN in package com.android.testplugin
W/PackageManager( 1778): Unknown permission com.google.android.googleapps.permission.GOOGLE_AUTH.mail in package com.android.contacts
W/PackageManager( 1778): Unknown permission com.google.android.googleapps.permission.GOOGLE_AUTH.mail in package com.android.calendar
W/PackageManager( 1778): Unknown permission android.permission.WRITE_SDCARD in package com.android.dumprendertree
W/PackageManager( 1778): Unknown permission com.google.android.gallery3d.permission.PICASA_STORE in package com.android.dreams.phototable
W/PackageManager( 1778): Unknown permission com.google.android.gallery3d.permission.GALLERY_PROVIDER in package com.android.email
W/PackageManager( 1778): Not granting permission android.permission.CHANGE_CONFIGURATION to package com.android.frameworks.saxtests (protectionLevel=50 flags=0x8be44)
W/PackageManager( 1778): Not granting permission android.permission.WRITE_APN_SETTINGS to package com.android.frameworks.saxtests (protectionLevel=18 flags=0x8be44)
W/PackageManager( 1778): Unknown permission android.permission.WRITE_SDCARD in package com.android.dumprendertree2
W/PackageManager( 1778): Not granting permission android.permission.ACCESS_CACHE_FILESYSTEM to package com.android.frameworks.coretests.version_test (protectionLevel=18 flags=0x8be40)
W/PackageManager( 1778): Unknown permission android.permission.TEST_GRANTED in package com.android.frameworks.coretests
W/PackageManager( 1778): Unknown permission com.google.android.googleapps.permission.ACCESS_GOOGLE_PASSWORD in package com.android.frameworks.coretests
W/PackageManager( 1778): Unknown permission com.google.android.googleapps.permission.GOOGLE_AUTH in package com.android.frameworks.coretests
W/PackageManager( 1778): Unknown permission com.google.android.googleapps.permission.GOOGLE_AUTH.ALL_SERVICES in package com.android.frameworks.coretests
W/MediaScanner( 1909): Error opening directory '/mnt/sdcard/.android_secure/', skipping: Permission denied.
W/PackageManager( 1778): Not granting permission android.permission.DEVICE_POWER to package com.android.deskclock (protectionLevel=2 flags=0x88be45)
I/Choreographer( 1778): Skipped 65 frames! The application may be doing too much work on its main thread.
D/dalvikvm( 1778): GC_CONCURRENT freed 842K, 10% free 7956K/8832K, paused 7ms+6ms, total 95ms
V/TAG ( 1778): bug 7643792: fitSystemWindows([0,25][0,0])
E/WVMExtractor( 1332): Failed to open libwvm.so
E/WVMExtractor( 1332): Failed to open libwvm.so
D/BluetoothAdapter( 1873): 1094760048: getState() : mService = null. Returning STATE_OFF
D/BluetoothAdapter( 1873): 1094760048: getState() : mService = null. Returning STATE_OFF
D/BluetoothManagerService( 1778): Message: 30
D/SystemUIService( 1873): loading: class com.android.systemui.power.PowerUI
D/SystemUIService( 1873): running: com.android.systemui.power.PowerUI@414d7a40
E/UserHistoryDictionary( 1931): when loading: file not foundjava.io.FileNotFoundException: /data/data/com.android.inputmethod.latin/files/UserHistoryDictionary.en_US.dict: open failed: ENOENT (No such file or directory)
I/ActivityManager( 1778): Start proc com.android.settings for broadcast com.android.settings/.widget.SettingsAppWidgetProvider: pid=2126 uid=1000 gids={41000, 1015, 1028, 3002, 3001, 3003, 3006}
E/BluetoothPhoneService( 1963): Could not get a handle on Connection object for the call
I/AudioService( 1778): Remote Control registerMediaButtonIntent() for PendingIntent{4165ef70: PendingIntentRecord{4182dcc0 com.android.music broadcastIntent}}
D/SystemUIService( 1873): loading: class com.android.systemui.media.RingtonePlayer
D/SystemUIService( 1873): running: com.android.systemui.media.RingtonePlayer@4148cd30
W/CallNotifier( 1963): Got onMwiChanged() on non-voice-capable device! Ignoring...
I/PhoneApp( 1963): Headset phone created, binding local service.
I/Choreographer( 1873): Skipped 192 frames! The application may be doing too much work on its main thread.
D/dalvikvm( 1931): GC_CONCURRENT freed 247K, 7% free 4193K/4464K, paused 5ms+36ms, total 99ms
D/dalvikvm( 1981): GC_CONCURRENT freed 124K, 3% free 4594K/4732K, paused 2ms+1ms, total 58ms
E/WVMExtractor( 1332): Failed to open libwvm.so
D/libEGL ( 1873): loaded /vendor/lib/egl/libEGL_POWERVR_SGX540_120.so
D/libEGL ( 1873): loaded /vendor/lib/egl/libGLESv1_CM_POWERVR_SGX540_120.so
D/libEGL ( 1873): loaded /vendor/lib/egl/libGLESv2_POWERVR_SGX540_120.so
D/EthernetStateMachine( 1778): DhcpHandler: DHCP request succeeded: addr: 192.168.1.6/24 mRoutes: 0.0.0.0/0 -> 192.168.1.1 | dns: 125.22.47.125,202.56.250.5 dhcpServer: 192.168.1.1 leaseDuration: 86400
D/OpenGLRenderer( 1873): Enabling debug mode 0
D/dalvikvm( 2039): GC_CONCURRENT freed 134K, 4% free 4565K/4724K, paused 3ms+12ms, total 89ms
D/BluetoothManagerService( 1778): Message: 20
D/BluetoothManagerService( 1778): Added callback: android.bluetooth.IBluetoothManagerCallback$Stub$Proxy@414a6100:true
D/BluetoothAdapter( 2126): 1094748040: getState() : mService = null. Returning STATE_OFF
D/BluetoothManagerService( 1778): Message: 30
W/ContextImpl( 2126): Calling a method in the system process without a qualified user: android.app.ContextImpl.bindService:1415 android.content.ContextWrapper.bindService:473 android.bluetooth.BluetoothInputDevice.:240 android.bluetooth.BluetoothAdapter.getProfileProxy:1161 com.android.settings.bluetooth.LocalBluetoothAdapter.getProfileProxy:94
D/BluetoothManagerService( 1778): Message: 30
D/BluetoothPan( 2126): BluetoothPan() call bindService
D/BluetoothPan( 2126): BluetoothPan(), bindService called
W/ContextImpl( 2126): Calling a method in the system process without a qualified user: android.app.ContextImpl.bindService:1415 android.content.ContextWrapper.bindService:473 android.bluetooth.BluetoothPan.:141 android.bluetooth.BluetoothAdapter.getProfileProxy:1164 com.android.settings.bluetooth.PanProfile.:73
D/BluetoothManagerService( 1778): Message: 30
W/ContextImpl( 2126): Calling a method in the system process without a qualified user: android.app.ContextImpl.bindService:1415 android.content.ContextWrapper.bindService:473 android.bluetooth.BluetoothPbap.:161 com.android.settings.bluetooth.PbapServerProfile.:68 com.android.settings.bluetooth.LocalBluetoothProfileManager.:124
D/LocalBluetoothProfileManager( 2126): LocalBluetoothProfileManager construction complete
D/BluetoothAdapter( 2126): 1094748040: getState() : mService = null. Returning STATE_OFF
D/BluetoothAdapter( 2126): 1094748040: getState() : mService = null. Returning STATE_OFF
D/dalvikvm( 1778): GREF has increased to 501
D/PhoneStatusBar( 1873): disable: < expand icons alerts ticker system_info back home RECENT* clock search > D/libEGL ( 1981): loaded /vendor/lib/egl/libEGL_POWERVR_SGX540_120.so
D/libEGL ( 1981): loaded /vendor/lib/egl/libGLESv1_CM_POWERVR_SGX540_120.so
D/libEGL ( 1981): loaded /vendor/lib/egl/libGLESv2_POWERVR_SGX540_120.so
I/Choreographer( 1873): Skipped 51 frames! The application may be doing too much work on its main thread.
D/OpenGLRenderer( 1981): Enabling debug mode 0
E/WVMExtractor( 1332): Failed to open libwvm.so
D/dalvikvm( 1981): GC_FOR_ALLOC freed 91K, 4% free 4802K/4960K, paused 42ms, total 42ms
D/dalvikvm( 1981): GC_FOR_ALLOC freed 8K, 4% free 5019K/5188K, paused 27ms, total 27ms
D/dalvikvm( 1981): GREF has increased to 201
I/ActivityManager( 1778): Displayed com.android.launcher/com.android.launcher2.Launcher: +3s849ms
E/WVMExtractor( 1332): Failed to open libwvm.so
D/dalvikvm( 1981): GC_CONCURRENT freed 26K, 1% free 5383K/5432K, paused 2ms+3ms, total 44ms
V/MediaScanner( 1909): pruneDeadThumbnailFiles... android.database.sqlite.SQLiteCursor@4145a868
V/MediaScanner( 1909): /pruneDeadThumbnailFiles... android.database.sqlite.SQLiteCursor@4145a868
D/dalvikvm( 1909): GREF has increased to 201
E/MetadataRetrieverClient( 1332): failed to extract an album art
D/BluetoothManagerService( 1778): Retrieving Bluetooth Adapter name and address...
D/BluetoothManagerService( 1778): getNameAndAddress(): mBluetooth = null mBinding = false
D/BluetoothManagerService( 1778): Message: 200
D/BluetoothManagerService( 1778): MESSAGE_GET_NAME_AND_ADDRESS
D/BluetoothManagerService( 1778): Binding to service to get name and address
I/PowerManagerService( 1778): Boot animation finished.
I/ActivityManager( 1778): Start proc com.android.bluetooth for service com.android.bluetooth/.btservice.AdapterService: pid=2169 uid=1002 gids={41002, 3003, 3002, 3001, 1015, 3005, 1016, 3008, 1028}
D/BluetoothManagerService( 1778): Message: 20
D/BluetoothManagerService( 1778): Added callback: android.bluetooth.BluetoothAdapter$1@4182f8b8:true
D/BluetoothManagerService( 1778): Message: 30
W/ContextImpl( 1778): Calling a method in the system process without a qualified user: android.app.ContextImpl.bindService:1415 android.bluetooth.BluetoothHeadset.:273 android.bluetooth.BluetoothAdapter.getProfileProxy:1155 android.media.AudioService.getBluetoothHeadset:2111 android.media.AudioService.access$2700:100
D/BluetoothManagerService( 1778): Message: 30
E/WVMExtractor( 1332): Failed to open libwvm.so
W/ContextImpl( 1778): Calling a method in the system process without a qualified user: android.app.ContextImpl.bindService:1415 android.bluetooth.BluetoothA2dp.:160 android.bluetooth.BluetoothAdapter.getProfileProxy:1158 android.media.AudioService$AudioServiceBroadcastReceiver.onReceive:3935 android.app.LoadedApk$ReceiverDispatcher$Args.run:758
V/WiredAccessoryManager( 1778): init()
V/WiredAccessoryManager( 1778): newName=hdmi newState=16 headsetState=16 prev headsetState=0
D/PhoneStatusBar( 1873): disable: < expand icons alerts ticker system_info BACK* HOME* RECENT CLOCK* search > E/WVMExtractor( 1332): Failed to open libwvm.so
I/RecoverySystem( 1778): No recovery log file
I/ActivityManager( 1778): Start proc com.android.gallery3d for broadcast com.android.gallery3d/com.android.camera.DisableCameraReceiver: pid=2193 uid=10002 gids={50002, 1006, 3003, 1015, 1028}
V/WiredAccessoryManager( 1778): device hdmi connected
D/AdapterServiceConfig( 2169): Adding HeadsetService
D/AdapterServiceConfig( 2169): Adding A2dpService
D/AdapterServiceConfig( 2169): Adding HidService
D/AdapterServiceConfig( 2169): Adding HealthService
D/AdapterServiceConfig( 2169): Adding PanService
E/WVMExtractor( 1332): Failed to open libwvm.so
E/WVMExtractor( 1332): Failed to open libwvm.so
D/BluetoothAdapterService( 2169): REFCOUNT: CREATED. INSTANCE_COUNT1
D/BluetoothManagerService( 1778): Message: 20
D/BluetoothManagerService( 1778): Added callback: android.bluetooth.IBluetoothManagerCallback$Stub$Proxy@4188f6a0:true
D/BluetoothAdapterState( 2169): make
I/bluedroid( 2169): init
E/WVMExtractor( 1332): Failed to open libwvm.so
I/bte_conf( 2169): Attempt to load stack conf from /etc/bluetooth/bt_stack.conf
I/bluedroid( 2169): get_profile_interface socket
D/BluetoothManagerService( 1778): BluetoothServiceConnection: connected to AdapterService
D/BluetoothManagerService( 1778): Message: 40
D/BluetoothManagerService( 1778): MESSAGE_BLUETOOTH_SERVICE_CONNECTED
D/BluetoothManagerService( 1778): Message: 200
D/BluetoothManagerService( 1778): MESSAGE_GET_NAME_AND_ADDRESS
D/BluetoothManagerService( 1778): Message: 201
D/BluetoothManagerService( 1778): MESSAGE_SAVE_NAME_AND_ADDRESS
D/BluetoothAdapterService( 2169): Broadcasting updateAdapterState() to 0 receivers. D/BluetoothAdapterService(1094748816)( 2169): getState(): mAdapterProperties: com.android.bluetooth.btservice.AdapterProperties@4140a3b8
D/BluetoothBondStateMachine( 2169): make
I/BluetoothBondStateMachine( 2169): StableState(): Entering Off State
D/BluetoothHeadset( 1778): Proxy object connected
D/BluetoothHeadset( 1963): Proxy object connected
D/BluetoothAdapter( 1778): 1099101920: getState() : mService = null. Returning STATE_OFF
D/BluetoothHeadset( 1963): Proxy object connected
D/HeadsetService( 2169): Received start request. Starting profile...
I/BluetoothHeadsetServiceJni( 2169): classInitNative: succeeds
D/HeadsetStateMachine( 2169): make
I/GKI_LINUX( 2169): gki_task_entry: gki_task_entry task_id=1 [BTIF] starting
D/BluetoothManagerService( 1778): Bluetooth Adapter name changed to
D/BluetoothManagerService( 1778): Stored Bluetooth name:
I/bluedroid( 2169): get_profile_interface handsfree
E/bt-btif ( 2169): btif_enable_service: current services:0x40
D/BluetoothA2dp( 1778): Proxy object connected
D/BluetoothAdapter( 1778): 1099101920: getState() : mService = null. Returning STATE_OFF
D/A2dpService( 2169): Received start request. Starting profile...
I/BluetoothA2dpServiceJni( 2169): classInitNative: succeeds
D/A2dpStateMachine( 2169): make
I/bluedroid( 2169): get_profile_interface a2dp
I/GKI_LINUX( 2169): gki_task_entry: gki_task_entry task_id=2 [A2DP-MEDIA] starting
E/bt-btif ( 2169): btif_enable_service: current services:0x40040
W/AudioPolicyManagerBase( 1332): checkOutputsForDevice(): No output available for device 0400
I/BluetoothHidServiceJni( 2169): classInitNative: succeeds
D/A2dpStateMachine( 2169): Enter Disconnected: -2
D/BluetoothInputDevice( 2126): Proxy object connected
D/HidService( 2169): Received start request. Starting profile...
I/bluedroid( 2169): get_profile_interface hidhost
E/bt-btif ( 2169): btif_enable_service: current services:0x140040
D/HidProfile( 2126): Bluetooth service connected
I/BluetoothHealthServiceJni( 2169): classInitNative: succeeds
D/HealthService( 2169): Received start request. Starting profile...
I/bluedroid( 2169): get_profile_interface health
I/BluetoothPanServiceJni( 2169): classInitNative(L105): succeeds
D/BluetoothPan( 2126): BluetoothPAN Proxy object connected
D/PanProfile( 2126): Bluetooth service connected
D/PanService( 2169): Received start request. Starting profile...
D/BluetoothPanServiceJni( 2169): initializeNative(L110): pan
I/bluedroid( 2169): get_profile_interface pan
D/HeadsetPhoneState( 2169): sendDeviceStateChanged. mService=0 mSignal=0 mRoam=0 mBatteryCharge=5
D/BluetoothAdapterService( 2169): Profile still not running:com.android.bluetooth.hdp.HealthService
D/BluetoothAdapterService( 2169): Profile still not running:com.android.bluetooth.hdp.HealthService
D/BluetoothAdapterService( 2169): Profile still not running:com.android.bluetooth.hdp.HealthService
D/BluetoothAdapterService( 2169): Profile still not running:com.android.bluetooth.pan.PanService
I/bluedroid( 2169): enable
I/bt_hci_bdroid( 2169): init
D/dalvikvm( 1981): GC_CONCURRENT freed 57K, 2% free 5716K/5796K, paused 2ms+6ms, total 47ms
I/bt_vendor( 2169): init
I/bt_vnd_conf( 2169): Attempt to load conf from /etc/bluetooth/bt_vendor.conf
I/bt_vnd_conf( 2169): vnd_load_conf file >/etc/bluetooth/bt_vendor.conf< not found
E/bt_upio ( 2169): set_bluetooth_power : open(/sys/class/rfkill/rfkill0/state) for write failed: Permission denied (13)
E/bt_upio ( 2169): set_bluetooth_power : open(/sys/class/rfkill/rfkill0/state) for write failed: Permission denied (13)
I/GKI_LINUX( 2169): gki_task_entry: gki_task_entry task_id=0 [BTU] starting
I/bt_hci_bdroid( 2169): bt_hc_worker_thread started
I/bt_userial_vendor( 2169): userial vendor open: opening /dev/ttyO1
E/bt_userial_vendor( 2169): userial vendor open: unable to open /dev/ttyO1
E/bt_userial( 2169): userial_open: wrong numbers of open fd in vendor lib [0]!
E/bt_userial( 2169): userial_open: HCI UART expects only one open fd
D/DOMX ( 1332): ERROR: Can't open misc driver device 0x2
D/DOMX ( 1332):
D/DOMX ( 1332): ERROR: Can't read from the misc driver
D/DOMX ( 1332): ERROR: Can't close the misc driver
D/dalvikvm( 1778): GC_CONCURRENT freed 743K, 9% free 8073K/8848K, paused 3ms+5ms, total 77ms D/BluetoothAdapterService(1094748816)( 2169): getState(): mAdapterProperties: com.android.bluetooth.btservice.AdapterProperties@4140a3b8
D/dalvikvm( 1981): GC_CONCURRENT freed 134K, 3% free 6134K/6292K, paused 2ms+2ms, total 20ms
D/dalvikvm( 1981): GC_CONCURRENT freed 72K, 3% free 6666K/6820K, paused 2ms+2ms, total 19ms
D/dalvikvm( 1981): GC_CONCURRENT freed 152K, 3% free 7356K/7564K, paused 3ms+14ms, total 35ms
D/dalvikvm( 1981): WAIT_FOR_CONCURRENT_GC blocked 25ms
D/dalvikvm( 1981): GC_CONCURRENT freed 587K, 8% free 7811K/8472K, paused 1ms+2ms, total 19ms
D/dalvikvm( 1981): WAIT_FOR_CONCURRENT_GC blocked 8ms D/BluetoothAdapterService(1094748816)( 2169): getState(): mAdapterProperties: com.android.bluetooth.btservice.AdapterProperties@4140a3b8
D/dalvikvm( 1981): GC_CONCURRENT freed 405K, 5% free 8634K/9072K, paused 2ms+2ms, total 23ms
D/dalvikvm( 1981): WAIT_FOR_CONCURRENT_GC blocked 8ms
D/dalvikvm( 1981): GC_CONCURRENT freed 502K, 6% free 9658K/10184K, paused 2ms+2ms, total 25ms
D/dalvikvm( 1981): WAIT_FOR_CONCURRENT_GC blocked 7ms D/BluetoothAdapterService(1094748816)( 2169): getState(): mAdapterProperties: com.android.bluetooth.btservice.AdapterProperties@4140a3b8 D/BluetoothAdapterService(1094748816)( 2169): getState(): mAdapterProperties: com.android.bluetooth.btservice.AdapterProperties@4140a3b8 D/BluetoothAdapterService(1094748816)( 2169): getState(): mAdapterProperties: com.android.bluetooth.btservice.AdapterProperties@4140a3b8 D/BluetoothAdapterService(1094748816)( 2169): getState(): mAdapterProperties: com.android.bluetooth.btservice.AdapterProperties@4140a3b8 D/BluetoothAdapterService(1094748816)( 2169): getState(): mAdapterProperties: com.android.bluetooth.btservice.AdapterProperties@4140a3b8 D/BluetoothAdapterService(1094748816)( 2169): getState(): mAdapterProperties: com.android.bluetooth.btservice.AdapterProperties@4140a3b8 D/BluetoothAdapterService(1094748816)( 2169): getState(): mAdapterProperties: com.android.bluetooth.btservice.AdapterProperties@4140a3b8
E/BluetoothManagerService( 1778): waitForOnOff time out
D/BluetoothManagerService( 1778): Stored Bluetooth name:
D/BluetoothManagerService( 1778): Stored Bluetoothaddress: 22:22:85:4F:CE:00
I/BluetoothAdapterState( 2169): CURRENT_STATE=PENDING: Deferring request USER_TURN_OFF D/BluetoothAdapterService(1094748816)( 2169): getState(): mAdapterProperties: com.android.bluetooth.btservice.AdapterProperties@4140a3b8 D/BluetoothAdapterService(1094748816)( 2169): getState(): mAdapterProperties: com.android.bluetooth.btservice.AdapterProperties@4140a3b8 D/BluetoothAdapterService(1094748816)( 2169): getState(): mAdapterProperties: com.android.bluetooth.btservice.AdapterProperties@4140a3b8
V/tiny_hw ( 1332): out_write(0x4153bd88) opening PCM
D/PhoneStatusBar( 1873): disable: < expand icons alerts ticker system_info BACK HOME recent* CLOCK search > D/BluetoothAdapterService(1094748816)( 2169): getState(): mAdapterProperties: com.android.bluetooth.btservice.AdapterProperties@4140a3b8
D/PhoneStatusBar( 1873): disable: < expand icons alerts ticker system_info back* home* recent clock* search > D/BluetoothAdapterService(1094748816)( 2169): getState(): mAdapterProperties: com.android.bluetooth.btservice.AdapterProperties@4140a3b8
V/TAG ( 1778): bug 7643792: fitSystemWindows([0,25][0,0]) D/BluetoothAdapterService(1094748816)( 2169): getState(): mAdapterProperties: com.android.bluetooth.btservice.AdapterProperties@4140a3b8 D/BluetoothAdapterService(1094748816)( 2169): getState(): mAdapterProperties: com.android.bluetooth.btservice.AdapterProperties@4140a3b8 D/BluetoothAdapterService(1094748816)( 2169): getState(): mAdapterProperties: com.android.bluetooth.btservice.AdapterProperties@4140a3b8 D/BluetoothAdapterService(1094748816)( 2169): getState(): mAdapterProperties: com.android.bluetooth.btservice.AdapterProperties@4140a3b8 D/BluetoothAdapterService(1094748816)( 2169): getState(): mAdapterProperties: com.android.bluetooth.btservice.AdapterProperties@4140a3b8
E/BluetoothManagerService( 1778): waitForOnOff time out
D/BluetoothManagerService( 1778): unbindAndFinish(): android.bluetooth.IBluetooth$Stub$Proxy@418901f0 mBinding = false
D/BluetoothManagerService( 1778): Sending unbind request.
D/BluetoothAdapterService( 2169): Cleaning up adapter native....
I/GKI_LINUX( 2169): gki_task_entry: gki_task task_id=1 [BTIF] terminating
I/GKI_LINUX( 2169): GKI_exit_task: GKI_exit_task 1 done
I/GKI_LINUX( 2169): GKI_destroy_task: GKI_shutdown(): task [BTIF] terminated
I/GKI_LINUX( 2169): gki_task_entry: gki_task task_id=2 [A2DP-MEDIA] terminating
I/GKI_LINUX( 2169): GKI_exit_task: GKI_exit_task 2 done
I/ ( 2169): BTE_InitTraceLevels -- TRC_HCI
I/ ( 2169): BTE_InitTraceLevels -- TRC_L2CAP
I/ ( 2169): BTE_InitTraceLevels -- TRC_RFCOMM
I/ ( 2169): BTE_InitTraceLevels -- TRC_AVDT
I/ ( 2169): BTE_InitTraceLevels -- TRC_AVRC
I/ ( 2169): BTE_InitTraceLevels -- TRC_A2D
I/ ( 2169): BTE_InitTraceLevels -- TRC_BNEP
I/ ( 2169): BTE_InitTraceLevels -- TRC_BTM
I/ ( 2169): BTE_InitTraceLevels -- TRC_PAN
I/ ( 2169): BTE_InitTraceLevels -- TRC_SDP
I/ ( 2169): BTE_InitTraceLevels -- TRC_BTAPP
I/ ( 2169): BTE_InitTraceLevels -- TRC_BTIF
I/Choreographer( 1981): Skipped 35 frames! The application may be doing too much work on its main thread.
I/Choreographer( 1981): Skipped 47 frames! The application may be doing too much work on its main thread.
V/tiny_hw ( 1332): out_standby(0x4153bd88) closing PCM
D/dalvikvm( 1981): GC_CONCURRENT freed 862K, 8% free 10622K/11508K, paused 7ms+15ms, total 86ms
D/dalvikvm( 1981): GC_FOR_ALLOC freed 1173K, 14% free 10858K/12616K, paused 57ms, total 57ms
D/DOMX ( 1332): ERROR: Can't open device, errorno from open = 2
D/DOMX ( 1332): ERROR: DOMX Write failed 0xffffffff -1
D/DOMX ( 1332): ERROR: failed check:status >= 0 - returning error: 0x81001 - Write failed
D/DOMX ( 1332): ERROR: RPC function returned error 0x81001
E/ion ( 1332): open /dev/ion failed!
D/DOMX ( 1332): ERROR: Close failed on omx fd
D/DOMX ( 1332): ERROR: rror in Initializing Proxy
E/CameraHAL( 1332): OMX_GetHandle() failed, error: 0x80001001
D/DOMX ( 1332): ERROR: Can't open misc driver device 0x2
D/DOMX ( 1332):
D/DOMX ( 1332): ERROR: Can't read from the misc driver
D/DOMX ( 1332): ERROR: Can't close the misc driver
W/ActivityManager( 1778): Timeout executing service: ServiceRecord{4187c158 u0 com.android.bluetooth/.btservice.AdapterService}
I/Process ( 1778): Sending signal. PID: 2169 SIG: 3
I/dalvikvm( 2169): threadid=3: reacting to signal 3
I/dalvikvm( 2169): Wrote stack traces to '/data/anr/traces.txt'
I/Process ( 1778): Sending signal. PID: 1778 SIG: 3
I/dalvikvm( 1778): threadid=3: reacting to signal 3
I/Process ( 1778): Sending signal. PID: 1963 SIG: 3
I/dalvikvm( 1963): threadid=3: reacting to signal 3
I/dalvikvm( 1778): Wrote stack traces to '/data/anr/traces.txt'
I/Process ( 1778): Sending signal. PID: 1873 SIG: 3
I/dalvikvm( 1873): threadid=3: reacting to signal 3
I/dalvikvm( 1963): Wrote stack traces to '/data/anr/traces.txt'
I/dalvikvm( 1873): Wrote stack traces to '/data/anr/traces.txt'
D/dalvikvm( 1778): GC_CONCURRENT freed 996K, 12% free 8090K/9116K, paused 9ms+11ms, total 132ms
D/dalvikvm( 1778): WAIT_FOR_CONCURRENT_GC blocked 47ms
D/dalvikvm( 1778): GC_EXPLICIT freed 252K, 11% free 8141K/9116K, paused 5ms+10ms, total 125ms
E/ActivityManager( 1778): ANR in com.android.bluetooth
E/ActivityManager( 1778): Reason: Executing service com.android.bluetooth/.btservice.AdapterService
E/ActivityManager( 1778): Load: 0.78 / 0.26 / 0.09
E/ActivityManager( 1778): CPU usage from 17253ms to 0ms ago:
E/ActivityManager( 1778): 8.4% 1981/com.android.launcher: 7.3% user + 1.1% kernel / faults: 1492 minor
E/ActivityManager( 1778): 1.5% 1329/surfaceflinger: 1.1% user + 0.4% kernel / faults: 8 minor
E/ActivityManager( 1778): 0.7% 2169/com.android.bluetooth: 0.3% user + 0.4% kernel
E/ActivityManager( 1778): 0.3% 1778/system_server: 0.2% user + 0% kernel / faults: 23 minor
E/ActivityManager( 1778): 0.2% 783/kworker/u:4: 0% user + 0.2% kernel
E/ActivityManager( 1778): 0.2% 5/kworker/u:0: 0% user + 0.2% kernel
E/ActivityManager( 1778): 0% 752/kworker/u:3: 0% user + 0% kernel
E/ActivityManager( 1778): 0.1% 568/kworker/u:2: 0% user + 0.1% kernel
E/ActivityManager( 1778): 0.1% 22/kworker/0:1: 0% user + 0.1% kernel
E/ActivityManager( 1778): 0% 793/mmcqd/0: 0% user + 0% kernel
E/ActivityManager( 1778): 3.8% TOTAL: 2.9% user + 0.8% kernel + 0% iowait + 0% softirq
E/ActivityManager( 1778): CPU usage from 1333ms to 2512ms later:
E/ActivityManager( 1778): 3.3% 1778/system_server: 0.8% user + 2.5% kernel / faults: 3 minor
E/ActivityManager( 1778): 3.3% 1794/ActivityManager: 0.8% user + 2.5% kernel
E/ActivityManager( 1778): 1.4% 2169/com.android.bluetooth: 0.7% user + 0.7% kernel
E/ActivityManager( 1778): 0.7% 2234/gki timer: 0.7% user + 0% kernel
E/ActivityManager( 1778): 0.8% TOTAL: 0.4% user + 0.4% kernel
W/ActivityManager( 1778): Killing ProcessRecord{4185f730 2169:com.android.bluetooth/1002}: background ANR
D/dalvikvm( 1778): GC_FOR_ALLOC freed 25K, 11% free 8159K/9116K, paused 97ms, total 97ms
I/dalvikvm-heap( 1778): Grow heap (frag case) to 8.127MB for 131089-byte allocation
D/BluetoothInputDevice( 2126): Proxy object disconnected
D/HidProfile( 2126): Bluetooth service disconnected
D/BluetoothPan( 2126): BluetoothPAN Proxy object disconnected
D/PanProfile( 2126): Bluetooth service disconnected
D/BluetoothHeadset( 1963): Proxy object disconnected
D/BluetoothHeadset( 1963): Proxy object disconnected
D/dalvikvm( 1778): GC_FOR_ALLOC freed 178K, 13% free 8108K/9248K, paused 100ms, total 100ms
I/ActivityManager( 1778): Process com.android.bluetooth (pid 2169) has died.
D/dalvikvm( 1778): GC_FOR_ALLOC freed 1K, 13% free 8109K/9248K, paused 93ms, total 93ms
I/dalvikvm-heap( 1778): Grow heap (frag case) to 8.204MB for 262160-byte allocation
D/dalvikvm( 1778): GC_FOR_ALLOC freed <1K, 13% free 8364K/9508K, paused 96ms, total 96ms
D/BluetoothHeadset( 1778): Proxy object disconnected
D/BluetoothA2dp( 1778): Proxy object disconnected
W/ActivityManager( 1778): Scheduling restart of crashed service com.android.bluetooth/.hdp.HealthService in 5000ms
W/ActivityManager( 1778): Scheduling restart of crashed service com.android.bluetooth/.hfp.HeadsetService in 5000ms
W/ActivityManager( 1778): Scheduling restart of crashed service com.android.bluetooth/.pan.PanService in 14999ms
W/ActivityManager( 1778): Scheduling restart of crashed service com.android.bluetooth/.a2dp.A2dpService in 24999ms
W/ActivityManager( 1778): Scheduling restart of crashed service com.android.bluetooth/.hid.HidService in 34998ms
D/dalvikvm( 1778): GC_FOR_ALLOC freed 8K, 13% free 8360K/9508K, paused 93ms, total 93ms
I/dalvikvm-heap( 1778): Grow heap (frag case) to 8.450MB for 262160-byte allocation
D/dalvikvm( 1778): GC_FOR_ALLOC freed 1K, 12% free 8614K/9768K, paused 95ms, total 95ms
D/dalvikvm( 1778): GC_FOR_ALLOC freed 0K, 12% free 8614K/9768K, paused 96ms, total 96ms
I/dalvikvm-heap( 1778): Grow heap (frag case) to 8.823MB for 393236-byte allocation
D/dalvikvm( 1778): GC_FOR_ALLOC freed 256K, 14% free 8742K/10156K, paused 100ms, total 100ms
D/dalvikvm( 1778): GC_FOR_ALLOC freed 0K, 14% free 8742K/10156K, paused 71ms, total 71ms
I/dalvikvm-heap( 1778): Grow heap (frag case) to 8.823MB for 262190-byte allocation
D/dalvikvm( 1778): GC_FOR_ALLOC freed 0K, 14% free 8999K/10416K, paused 44ms, total 44ms
D/dalvikvm( 1778): GC_FOR_ALLOC freed 776K, 22% free 8222K/10416K, paused 43ms, total 43ms
D/DOMX ( 1332): ERROR: Can't open device, errorno from open = 2
D/DOMX ( 1332): ERROR: DOMX Write failed 0xffffffff -1
D/DOMX ( 1332): ERROR: failed check:status >= 0 - returning error: 0x81001 - Write failed
D/DOMX ( 1332): ERROR: RPC function returned error 0x81001
E/ion ( 1332): open /dev/ion failed!
D/DOMX ( 1332): ERROR: Close failed on omx fd
D/DOMX ( 1332): ERROR: rror in Initializing Proxy
E/CameraHAL( 1332): OMX_GetHandle() failed, error: 0x80001001
D/DOMX ( 1332): ERROR: Can't open misc driver device 0x2
D/DOMX ( 1332):
D/DOMX ( 1332): ERROR: Can't read from the misc driver
D/DOMX ( 1332): ERROR: Can't close the misc driver
I/ActivityManager( 1778): Start proc com.android.bluetooth for service com.android.bluetooth/.hfp.HeadsetService: pid=2270 uid=1002 gids={41002, 3003, 3002, 3001, 1015, 3005, 1016, 3008, 1028}
D/AdapterServiceConfig( 2270): Adding HeadsetService
D/AdapterServiceConfig( 2270): Adding A2dpService
D/AdapterServiceConfig( 2270): Adding HidService
D/AdapterServiceConfig( 2270): Adding HealthService
D/AdapterServiceConfig( 2270): Adding PanService
D/BluetoothManagerService( 1778): Message: 20
D/BluetoothManagerService( 1778): Added callback: android.bluetooth.IBluetoothManagerCallback$Stub$Proxy@416534b8:true
D/BluetoothHeadset( 1778): Proxy object connected
D/BluetoothAdapter( 1778): 1099101920: getState() : mService = null. Returning STATE_OFF
D/BluetoothHeadset( 1963): Proxy object connected
D/BluetoothHeadset( 1963): Proxy object connected
I/BluetoothPanServiceJni( 2270): classInitNative(L105): succeeds
D/BluetoothPan( 2126): BluetoothPAN Proxy object connected
D/PanProfile( 2126): Bluetooth service connected
D/BluetoothA2dp( 1778): Proxy object connected
D/BluetoothAdapter( 1778): 1099101920: getState() : mService = null. Returning STATE_OFF
I/BluetoothHidServiceJni( 2270): classInitNative: succeeds
D/BluetoothInputDevice( 2126): Proxy object connected
D/HidProfile( 2126): Bluetooth service connected
D/DOMX ( 1332): ERROR: Can't open device, errorno from open = 2
D/DOMX ( 1332): ERROR: DOMX Write failed 0xffffffff -1
D/DOMX ( 1332): ERROR: failed check:status >= 0 - returning error: 0x81001 - Write failed
D/DOMX ( 1332): ERROR: RPC function returned error 0x81001
E/ion ( 1332): open /dev/ion failed!
D/DOMX ( 1332): ERROR: Close failed on omx fd
D/DOMX ( 1332): ERROR: rror in Initializing Proxy
E/CameraHAL( 1332): OMX_GetHandle() failed, error: 0x80001001
D/DOMX ( 1332): ERROR: Can't open misc driver device 0x2
D/DOMX ( 1332):
D/DOMX ( 1332): ERROR: Can't read from the misc driver
D/DOMX ( 1332): ERROR: Can't close the misc driver
W/BroadcastQueue( 1778): Timeout of broadcast BroadcastRecord{41879d80 u0 android.intent.action.BOOT_COMPLETED} - receiver=android.os.BinderProxy@4188e888, started 60012ms ago
W/BroadcastQueue( 1778): Receiver during timeout: ResolveInfo{41857530 com.android.camera.DisableCameraReceiver p=0 o=0 m=0x108000}
I/Process ( 1778): Sending signal. PID: 2193 SIG: 3
I/dalvikvm( 2193): threadid=3: reacting to signal 3
I/ActivityManager( 1778): Start proc com.android.mms for broadcast com.android.mms/.transaction.MmsSystemEventReceiver: pid=2299 uid=10021 gids={50021, 3003, 1015, 1028}
D/CountryDetector( 1778): The first listener is added
I/Process ( 1778): Sending signal. PID: 1778 SIG: 3
I/dalvikvm( 1778): threadid=3: reacting to signal 3
V/MmsConfig( 2299): mnc/mcc:
V/MmsConfig( 2299): tag: bool value: enabledMMS - true
V/MmsConfig( 2299): tag: int value: maxMessageSize - 307200
V/MmsConfig( 2299): tag: int value: maxImageHeight - 480
V/MmsConfig( 2299): tag: int value: maxImageWidth - 640
V/MmsConfig( 2299): tag: int value: defaultSMSMessagesPerThread - 500
V/MmsConfig( 2299): tag: int value: defaultMMSMessagesPerThread - 50
V/MmsConfig( 2299): tag: int value: minMessageCountPerThread - 10
V/MmsConfig( 2299): tag: int value: maxMessageCountPerThread - 5000
V/MmsConfig( 2299): tag: string value: uaProfUrl - http://www.google.com/oha/rdf/ua-profile-kila.xml
V/MmsConfig( 2299): tag: int value: recipientLimit - -1
V/MmsConfig( 2299): tag: bool value: enableMultipartSMS - true
V/MmsConfig( 2299): tag: int value: smsToMmsTextThreshold - -1
V/MmsConfig( 2299): tag: bool value: enableSlideDuration - true
V/MmsConfig( 2299): tag: int value: maxMessageTextSize - -1
I/dalvikvm( 2193): Wrote stack traces to '/data/anr/traces.txt'
I/Process ( 1778): Sending signal. PID: 1873 SIG: 3
I/dalvikvm( 1873): threadid=3: reacting to signal 3
I/Process ( 1778): Sending signal. PID: 1963 SIG: 3
I/dalvikvm( 1963): threadid=3: reacting to signal 3
I/AudioService( 1778): AudioFocus abandonAudioFocus() from android.media.AudioManager@41404a58com.android.music.MediaPlaybackService$3@41403678
I/dalvikvm( 1778): Wrote stack traces to '/data/anr/traces.txt'
I/ActivityManager( 1778): Start proc com.android.exchange for broadcast com.android.exchange/.service.ExchangeBroadcastReceiver: pid=2328 uid=10024 gids={50024, 3003, 1015, 1028}
I/dalvikvm( 1963): Wrote stack traces to '/data/anr/traces.txt'
I/dalvikvm( 1873): Wrote stack traces to '/data/anr/traces.txt'
D/DOMX ( 1332): ERROR: Can't open device, errorno from open = 2
D/DOMX ( 1332): ERROR: DOMX Write failed 0xffffffff -1
D/DOMX ( 1332): ERROR: failed check:status >= 0 - returning error: 0x81001 - Write failed
D/DOMX ( 1332): ERROR: RPC function returned error 0x81001
E/ion ( 1332): open /dev/ion failed!
D/DOMX ( 1332): ERROR: Close failed on omx fd
D/DOMX ( 1332): ERROR: rror in Initializing Proxy
E/CameraHAL( 1332): OMX_GetHandle() failed, error: 0x80001001
D/MmsSmsDatabaseHelper( 1963): [MmsSmsDb] tableName: threads hasAutoIncrement: CREATE TABLE threads (_id INTEGER PRIMARY KEY AUTOINCREMENT,date INTEGER DEFAULT 0,message_count INTEGER DEFAULT 0,recipient_ids TEXT,snippet TEXT,snippet_cs INTEGER DEFAULT 0,read INTEGER DEFAULT 1,type INTEGER DEFAULT 0,error INTEGER DEFAULT 0,has_attachment INTEGER DEFAULT 0) result: true
D/MmsSmsDatabaseHelper( 1963): [MmsSmsDb] tableName: canonical_addresses hasAutoIncrement: CREATE TABLE canonical_addresses (_id INTEGER PRIMARY KEY AUTOINCREMENT,address TEXT) result: true
D/MmsSmsDatabaseHelper( 1963): [MmsSmsDb] tableName: part hasAutoIncrement: CREATE TABLE part (_id INTEGER PRIMARY KEY AUTOINCREMENT,mid INTEGER,seq INTEGER DEFAULT 0,ct TEXT,name TEXT,chset INTEGER,cd TEXT,fn TEXT,cid TEXT,cl TEXT,ctt_s INTEGER,ctt_t TEXT,_data TEXT,text TEXT) result: true
D/MmsSmsDatabaseHelper( 1963): [MmsSmsDb] tableName: pdu hasAutoIncrement: CREATE TABLE pdu (_id INTEGER PRIMARY KEY AUTOINCREMENT,thread_id INTEGER,date INTEGER,date_sent INTEGER DEFAULT 0,msg_box INTEGER,read INTEGER DEFAULT 0,m_id TEXT,sub TEXT,sub_cs INTEGER,ct_t TEXT,ct_l TEXT,exp INTEGER,m_cls TEXT,m_type INTEGER,v INTEGER,m_size INTEGER,pri INTEGER,rr INTEGER,rpt_a INTEGER,resp_st INTEGER,st INTEGER,tr_id TEXT,retr_st INTEGER,retr_txt TEXT,retr_txt_cs INTEGER,read_status INTEGER,ct_cls INTEGER,resp_txt TEXT,d_tm INTEGER,d_rpt INTEGER,locked INTEGER DEFAULT 0,seen INTEGER DEFAULT 0,text_only INTEGER DEFAULT 0) result: true
D/MmsSmsDatabaseHelper( 1963): [getWritableDatabase] hasAutoIncrementThreads: true hasAutoIncrementAddresses: true hasAutoIncrementPart: true hasAutoIncrementPdu: true
D/Mms:app ( 2299): cancelNotification
D/DOMX ( 1332): ERROR: Can't open misc driver device 0x2
D/DOMX ( 1332):
D/DOMX ( 1332): ERROR: Can't read from the misc driver
D/DOMX ( 1332): ERROR: Can't close the misc driver
D/dalvikvm( 1778): GC_CONCURRENT freed 1132K, 22% free 8142K/10400K, paused 3ms+5ms, total 88ms
D/dalvikvm( 1778): WAIT_FOR_CONCURRENT_GC blocked 43ms
D/dalvikvm( 1778): WAIT_FOR_CONCURRENT_GC blocked 36ms
D/dalvikvm( 1778): WAIT_FOR_CONCURRENT_GC blocked 39ms
D/dalvikvm( 1778): WAIT_FOR_CONCURRENT_GC blocked 35ms
D/dalvikvm( 1963): GREF has increased to 201
D/ExchangeService( 2328): !!! EAS ExchangeService, onStartCommand, startingUp = false, running = false
D/Mms:app ( 2299): cancelNotification
D/dalvikvm( 1778): GC_EXPLICIT freed 127K, 22% free 8176K/10400K, paused 5ms+6ms, total 92ms
I/ActivityManager( 1778): Start proc com.android.email for service com.android.email/.service.AccountService: pid=2347 uid=10039 gids={50039, 3003, 1015, 1028}
I/ActivityManager( 1778): Start proc com.android.providers.calendar for broadcast com.android.providers.calendar/.CalendarReceiver: pid=2360 uid=10034 gids={50034, 3003, 1015, 1028}
D/ActivityThread( 2347): Loading provider com.android.email.provider;com.android.email.notifier: com.android.email.provider.EmailProvider
D/ActivityThread( 2347): Loading provider com.android.email.provider;com.android.email.notifier: com.android.email.provider.EmailProvider
D/Eas Debug( 2328): Logging:
I/dalvikvm( 1778): Jit: resizing JitTable from 4096 to 8192
D/ExchangeService( 2328): Received deviceId from Email app: android946685042893
D/ExchangeService( 2328): Reconciling accounts...
I/ActivityManager( 1778): Start proc com.android.deskclock for broadcast com.android.deskclock/.AlarmInitReceiver: pid=2392 uid=10043 gids={50043, 1028}
D/EmailProvider( 2347): fromDatabase accounts: 0
D/EmailProvider( 2347): ending toDatabase transaction; copyCount = 0
D/EmailProvider( 2347): ending fromDatabase transaction; copyCount = 0
I/Process ( 1778): Sending signal. PID: 1909 SIG: 3
I/dalvikvm( 1909): threadid=3: reacting to signal 3
W/ActivityManager( 1778): Unable to start service Intent { cmp=com.android.email/.service.AttachmentDownloadService } U=0: not found
I/dalvikvm( 1909): Wrote stack traces to '/data/anr/traces.txt'
I/Process ( 1778): Sending signal. PID: 1981 SIG: 3
I/dalvikvm( 1981): threadid=3: reacting to signal 3
D/dalvikvm( 2347): GC_CONCURRENT freed 212K, 6% free 4212K/4452K, paused 2ms+1ms, total 22ms
D/ExchangeService( 2328): !!! EAS ExchangeService, onStartCommand, startingUp = true, running = false
V/AlarmClock( 2392): No next alarm
D/ExchangeService( 2328): !!! EAS ExchangeService, onStartCommand, startingUp = true, running = false
W/ActivityManager( 1778): Unable to start service Intent { cmp=com.android.email/.service.AttachmentDownloadService } U=0: not found
V/AlarmClock( 2392): AlarmInitReceiver - Reset timers and clear stopwatch data
D/dalvikvm( 1778): GREF has increased to 601
V/AlarmClock( 2392): No next alarm
D/Eas Debug( 2328): Logging:
V/AlarmClock( 2392): AlarmInitReceiver finished
D/BluetoothAdapter( 2126): 1094748040: getState() : mService = null. Returning STATE_OFF
D/dalvikvm( 1909): GC_CONCURRENT freed 295K, 7% free 4300K/4620K, paused 3ms+7ms, total 22ms
I/dalvikvm( 1981): Wrote stack traces to '/data/anr/traces.txt'
W/ActivityManager( 1778): Unable to start service Intent { cmp=com.android.email/.service.AttachmentDownloadService } U=0: not found
W/ActivityManager( 1778): Unable to start service Intent { cmp=com.android.email/.service.AttachmentDownloadService } U=0: not found
E/ActivityManager( 1778): ANR in com.android.gallery3d
E/ActivityManager( 1778): Reason: Broadcast of Intent { act=android.intent.action.BOOT_COMPLETED flg=0x10 cmp=com.android.gallery3d/com.android.camera.DisableCameraReceiver (has extras) }
E/ActivityManager( 1778): Load: 0.48 / 0.25 / 0.09
E/ActivityManager( 1778): CPU usage from 26142ms to 0ms ago:
E/ActivityManager( 1778): 0.5% 1778/system_server: 0.3% user + 0.1% kernel / faults: 48 minor
E/ActivityManager( 1778): 0.1% 22/kworker/0:1: 0% user + 0.1% kernel
E/ActivityManager( 1778): 0% 1329/surfaceflinger: 0% user + 0% kernel
E/ActivityManager( 1778): 0% 1330/zygote: 0% user + 0% kernel / faults: 74 minor
E/ActivityManager( 1778): 0% 1//init: 0% user + 0% kernel / faults: 36 minor
E/ActivityManager( 1778): 0% 1924/org.linaro.wallpaper: 0% user + 0% kernel / faults: 3 minor
E/ActivityManager( 1778): 0% 1931/com.android.inputmethod.latin: 0% user + 0% kernel
E/ActivityManager( 1778): +0% 2270/com.android.bluetooth: 0% user + 0% kernel
E/ActivityManager( 1778): 0.3% TOTAL: 0.1% user + 0.1% kernel + 0% iowait
E/ActivityManager( 1778): CPU usage from 2551ms to 3100ms later:
E/ActivityManager( 1778): 21% 1909/android.process.media: 10% user + 10% kernel / faults: 337 minor 1 major
E/ActivityManager( 1778): 12% 2344/MediaScannerSer: 5.4% user + 7.2% kernel
E/ActivityManager( 1778): 3.6% 1915/Compiler: 0% user + 3.6% kernel
E/ActivityManager( 1778): 20% 2347/com.android.email: 12% user + 7.2% kernel / faults: 1401 minor 18 major
E/ActivityManager( 1778): 3.6% 2347/m.android.email: 0% user + 3.6% kernel
E/ActivityManager( 1778): +0% 2373/AsyncTask #1: 0% user + 0% kernel
E/ActivityManager( 1778): +0% 2374/AsyncTask #2: 0% user + 0% kernel
E/ActivityManager( 1778): +0% 2375/AsyncTask #3: 0% user + 0% kernel
E/ActivityManager( 1778): +0% 2377/Thread-70: 0% user + 0% kernel
E/ActivityManager( 1778): +0% 2378/AsyncTask #4: 0% user + 0% kernel
E/ActivityManager( 1778): +0% 2379/AsyncTask #5: 0% user + 0% kernel
E/ActivityManager( 1778): +0% 2390/Binder_3: 0% user + 0% kernel
E/ActivityManager( 1778): +0% 2391/ocessorService]: 0% user + 0% kernel
E/ActivityManager( 1778): 18% 1778/system_server: 11% user + 7.4% kernel / faults: 52 minor
E/ActivityManager( 1778): 9.2% 1794/ActivityManager: 3.7% user + 5.5% kernel
E/ActivityManager( 1778): 1.8% 1785/Compiler: 0% user + 1.8% kernel
E/ActivityManager( 1778): 1.8% 1790/Binder_2: 1.8% user + 0% kernel
E/ActivityManager( 1778): 1.8% 1955/Binder_5: 1.8% user + 0% kernel
E/ActivityManager( 1778): 1.8% 2010/Binder_7: 1.8% user + 0% kernel
E/ActivityManager( 1778): 1.8% 2116/Binder_A: 1.8% user + 0% kernel
E/ActivityManager( 1778): 1.8% 2118/Binder_B: 0% user + 1.8% kernel
E/ActivityManager( 1778): 1.8% 2119/Binder_C: 1.8% user + 0% kernel
E/ActivityManager( 1778): 1.8% 2121/Binder_D: 1.8% user + 0% kernel
E/ActivityManager( 1778): 18% 1981/com.android.launcher: 12% user + 5.4% kernel / faults: 30 minor
E/ActivityManager( 1778): 16% 1981/ndroid.launcher: 10% user + 5.4% kernel
E/ActivityManager( 1778): 5.5% 793/mmcqd/0: 0% user + 5.5% kernel
