--------- beginning of /dev/log/main
I/installd( 1333): installd firing up
I/DEBUG ( 1328): debuggerd: Jun 3 2013 02:01:32 --------- beginning of /dev/log/system
I/Vold ( 1326): Vold 2.1 (the revenge) firing up
D/Vold ( 1326): Volume sdcard state changing -1 (Initializing) -> 0 (No-Media)
I/Netd ( 1327): Netd 1.0 starting
W/InterfaceController( 1327): Warning (Cannot load library: load_library(linker.cpp:745): library "/system/lib/libnetcmdiface.so" not found) while opening the net interface command library
D/Vold ( 1326): Volume sdcard state changing 0 (No-Media) -> 2 (Pending)
D/Vold ( 1326): Volume sdcard state changing 2 (Pending) -> 1 (Idle-Unmounted)
I/SurfaceFlinger( 1329): SurfaceFlinger is starting
I/SurfaceFlinger( 1329): SurfaceFlinger's main thread ready to run. Initializing graphics H/W...
D/libEGL ( 1329): loaded /vendor/lib/egl/libEGL_POWERVR_SGX540_120.so
I/mediaserver( 1332): ServiceManager: 0x41534e30
I/AudioFlinger( 1332): Using default 3000 mSec as standby time.
I/CameraService( 1332): CameraService started (pid=1332)
E/AudioPolicyManagerBase( 1332): could not load audio policy configuration file, setting defaults
V/tiny_hw ( 1332): Reading configuration from /system/etc/sound/pandaboard.xml
V/tiny_hw ( 1332): Parsing control DL1 Mixer Multimedia => 1
V/tiny_hw ( 1332): Parsing control Sidetone Mixer Playback => 1
V/tiny_hw ( 1332): Parsing control DL1 PDM Switch => 1
V/tiny_hw ( 1332): Parsing control DL1 Media Playback Volume => 120,120
V/tiny_hw ( 1332): Parsing control SDT DL Volume => 120
V/tiny_hw ( 1332): Parsing control MUX_UL00 => 11
V/tiny_hw ( 1332): Parsing control Headset Left Playback => 1
V/tiny_hw ( 1332): Parsing control Headset Right Playback => 1
V/tiny_hw ( 1332): Parsing control Analog Left Capture Route => 0
V/tiny_hw ( 1332): Parsing control Capture Preamplifier Volume => 2
V/tiny_hw ( 1332): Applying 10 element default route
V/tiny_hw ( 1332): Set 'DL1 Mixer Multimedia'.0 to 1
V/tiny_hw ( 1332): Set 'Sidetone Mixer Playback'.0 to 1
V/tiny_hw ( 1332): Set 'DL1 PDM Switch'.0 to 1
V/tiny_hw ( 1332): Set 'DL1 Media Playback Volume'.0 to 120
V/tiny_hw ( 1332): Set 'SDT DL Volume'.0 to 120
V/tiny_hw ( 1332): Set 'MUX_UL00'.0 to 11
V/tiny_hw ( 1332): Set 'Headset Left Playback'.0 to 1
V/tiny_hw ( 1332): Set 'Headset Right Playback'.0 to 1
V/tiny_hw ( 1332): Set 'Analog Left Capture Route'.0 to 0
V/tiny_hw ( 1332): Set 'Capture Preamplifier Volume'.0 to 2
V/tiny_hw ( 1332): Set 'Capture Preamplifier Volume'.1 to 2
I/tiny_hw ( 1332): Allocating device speaker
V/tiny_hw ( 1332): Parsing control SPK Switch => 1
V/tiny_hw ( 1332): 1 element on sequence
V/tiny_hw ( 1332): Parsing control SPK Switch => 0
V/tiny_hw ( 1332): 1 element off sequence
E/tiny_hw ( 1332): Unknown control 'SPK Switch'
I/tiny_hw ( 1332): Allocating device headphone
V/tiny_hw ( 1332): Parsing control HP Switch => 1
V/tiny_hw ( 1332): 1 element on sequence
V/tiny_hw ( 1332): Parsing control HP Switch => 0
V/tiny_hw ( 1332): 1 element off sequence
E/tiny_hw ( 1332): Unknown control 'HP Switch'
I/tiny_hw ( 1332): Allocating device earpiece
V/tiny_hw ( 1332): Parsing control EP Switch => 1
V/tiny_hw ( 1332): 1 element on sequence
V/tiny_hw ( 1332): Parsing control EP Switch => 0
V/tiny_hw ( 1332): 1 element off sequence
E/tiny_hw ( 1332): Unknown control 'EP Switch'
I/tiny_hw ( 1332): Allocating device builtin-mic
V/tiny_hw ( 1332): Parsing control MIXINL IN1L Switch => 1
V/tiny_hw ( 1332): 1 element on sequence
V/tiny_hw ( 1332): Parsing control MIXINL IN1L Switch => 0
V/tiny_hw ( 1332): 1 element off sequence
E/tiny_hw ( 1332): Unknown control 'MIXINL IN1L Switch'
I/tiny_hw ( 1332): Allocating device headset
V/tiny_hw ( 1332): Parsing control MIXINR IN1R Switch => 1
V/tiny_hw ( 1332): 1 element on sequence
V/tiny_hw ( 1332): Parsing control MIXINR IN1R Switch => 0
V/tiny_hw ( 1332): 1 element off sequence
E/tiny_hw ( 1332): Unknown control 'MIXINR IN1R Switch'
V/tiny_hw ( 1332): Changing devices 0 => 80000006
E/tiny_hw ( 1332): Unknown control 'SPK Switch'
E/tiny_hw ( 1332): Unknown control 'HP Switch'
E/tiny_hw ( 1332): Unknown control 'MIXINL IN1L Switch'
E/tiny_hw ( 1332): Unknown control 'MIXINR IN1R Switch'
I/AudioFlinger( 1332): loadHwModule() Loaded primary audio interface from TinyHAL (audio) handle 1
V/tiny_hw ( 1332): Changing devices 80000006 => 80000002
E/tiny_hw ( 1332): Unknown control 'HP Switch'
V/tiny_hw ( 1332): Opened output stream 0x4153bd88
I/AudioFlinger( 1332): HAL output buffer size 1024 frames, normal mix buffer size 1024 frames
I/AudioMixer( 1332): found effect "Multichannel Downmix To Stereo" from The Android Open Source Project
I/AudioFlinger( 1332): Using module 1 has the primary audio interface
I/AudioFlinger( 1332): AudioFlinger's thread 0x4153fe08 ready to run
W/AudioFlinger( 1332): Thread AudioOut_2 cannot connect to the power manager service
I/AudioPolicyService( 1332): Loaded audio policy from LEGACY Audio Policy HAL (audio_policy)
E/Netd ( 1327): exec() res=768 for /system/bin/ip6tables -t filter -N bw_INPUT
E/Netd ( 1327): exec() res=768 for /system/bin/ip6tables -t filter -A INPUT -j bw_INPUT
D/libEGL ( 1329): loaded /vendor/lib/egl/libGLESv1_CM_POWERVR_SGX540_120.so
E/Netd ( 1327): exec() res=768 for /system/bin/ip6tables -t filter -N fw_INPUT
E/Netd ( 1327): exec() res=768 for /system/bin/ip6tables -t filter -A INPUT -j fw_INPUT
D/libEGL ( 1329): loaded /vendor/lib/egl/libGLESv2_POWERVR_SGX540_120.so
E/Netd ( 1327): exec() res=768 for /system/bin/ip6tables -t filter -N oem_fwd
E/Netd ( 1327): exec() res=768 for /system/bin/ip6tables -t filter -A FORWARD -j oem_fwd
E/Netd ( 1327): exec() res=768 for /system/bin/ip6tables -t filter -N fw_FORWARD
E/Netd ( 1327): exec() res=768 for /system/bin/ip6tables -t filter -A FORWARD -j fw_FORWARD
I/ti_hwc ( 1329): clone region is set to (0,0) to (1280,720)
D/ti_hwc ( 1329): #0: 1920x1080 60Hz
D/ti_hwc ( 1329): #1: 640x480 60Hz
D/ti_hwc ( 1329): #2: 640x480 75Hz
D/ti_hwc ( 1329): #3: 800x600 60Hz
D/ti_hwc ( 1329): #4: 800x600 75Hz
D/ti_hwc ( 1329): #5: 1024x768 60Hz
D/ti_hwc ( 1329): #6: 1024x768 75Hz
D/ti_hwc ( 1329): #7: 1280x1024 75Hz
D/ti_hwc ( 1329): #8: 1152x864 75Hz
D/ti_hwc ( 1329): #9: 1280x1024 60Hz
D/ti_hwc ( 1329): #10: 1920x1080 60Hz
D/ti_hwc ( 1329): #11: 1280x720 60Hz
D/ti_hwc ( 1329): #12: 720x480 59Hz
D/ti_hwc ( 1329): #13: 720x480 59Hz
D/ti_hwc ( 1329): #14: 720x480 59Hz
D/ti_hwc ( 1329): #15: 640x480 59Hz
D/ti_hwc ( 1329): #16: 720x576 50Hz
D/ti_hwc ( 1329): #17: 720x576 50Hz
D/ti_hwc ( 1329): #18: 1280x720 50Hz
D/ti_hwc ( 1329): #20: 1920x1080 50Hz
D/ti_hwc ( 1329): picking #11
E/Netd ( 1327): exec() res=768 for /system/bin/ip6tables -t filter -N bw_FORWARD
E/Netd ( 1327): exec() res=768 for /system/bin/ip6tables -t filter -A FORWARD -j bw_FORWARD
E/Netd ( 1327): exec() res=768 for /system/bin/ip6tables -t filter -N natctrl_FORWARD
E/Netd ( 1327): exec() res=768 for /system/bin/ip6tables -t filter -A FORWARD -j natctrl_FORWARD
E/Netd ( 1327): exec() res=768 for /system/bin/ip6tables -t filter -N oem_out
E/Netd ( 1327): exec() res=768 for /system/bin/ip6tables -t filter -A OUTPUT -j oem_out
E/Netd ( 1327): exec() res=768 for /system/bin/ip6tables -t filter -N fw_OUTPUT
I/ti_hwc ( 1329): external display changed (state=1, mirror={enabled tform=0deg}, dock={enabled tform=0deg}, tv=1
I/ti_hwc ( 1329): omap4_hwc_device_open(rgb_order=1 nv12_only=0)
I/SurfaceFlinger( 1329): Using composer version 1.0
W/SurfaceFlinger( 1329): getting VSYNC period from fb HAL: 14159292
W/SurfaceFlinger( 1329): no suitable EGLConfig found, trying without EGL_FRAMEBUFFER_TARGET_ANDROID
E/Netd ( 1327): exec() res=768 for /system/bin/ip6tables -t filter -A OUTPUT -j fw_OUTPUT
I/SurfaceFlinger( 1329): EGL informations:
I/SurfaceFlinger( 1329): vendor : Android
I/SurfaceFlinger( 1329): version : 1.4 Android META-EGL
I/SurfaceFlinger( 1329): extensions: EGL_KHR_image EGL_KHR_image_base EGL_KHR_gl_texture_2D_image EGL_KHR_gl_texture_cubemap_image EGL_KHR_gl_renderbuffer_image EGL_KHR_fence_sync EGL_ANDROID_image_native_buffer
I/SurfaceFlinger( 1329): Client API: OpenGL_ES
I/SurfaceFlinger( 1329): EGLSurface: 8-8-8-8, config=0x2
I/SurfaceFlinger( 1329): OpenGL ES informations:
I/SurfaceFlinger( 1329): vendor : Imagination Technologies
I/SurfaceFlinger( 1329): renderer : PowerVR SGX 540
I/SurfaceFlinger( 1329): version : OpenGL ES-CM 1.1
I/SurfaceFlinger( 1329): extensions: GL_EXT_debug_marker GL_OES_byte_coordinates GL_OES_fixed_point GL_OES_single_precision GL_OES_matrix_get GL_OES_read_format GL_OES_compressed_paletted_texture GL_OES_point_sprite GL_OES_point_size_array GL_OES_matrix_palette GL_OES_draw_texture GL_OES_query_matrix GL_OES_texture_env_crossbar GL_OES_texture_mirrored_repeat GL_OES_texture_cube_map GL_OES_blend_subtract GL_OES_blend_func_separate GL_OES_blend_equation_separate GL_OES_stencil_wrap GL_OES_extended_matrix_palette GL_OES_framebuffer_object GL_OES_rgb8_rgba8 GL_OES_depth24 GL_OES_stencil8 GL_OES_compressed_ETC1_RGB8_texture GL_OES_mapbuffer GL_OES_EGL_image GL_OES_EGL_image_external GL_EXT_multi_draw_arrays GL_OES_required_internalformat GL_IMG_read_format GL_IMG_texture_compression_pvrtc GL_IMG_texture_format_BGRA8888 GL_EXT_texture_format_BGRA8888 GL_OES_egl_sync GL_IMG_vertex_array_object
I/SurfaceFlinger( 1329): GL_MAX_TEXTURE_SIZE = 2048
I/SurfaceFlinger( 1329): GL_MAX_VIEWPORT_DIMS = 2048 x 2048
E/Netd ( 1327): exec() res=768 for /system/bin/ip6tables -t filter -N bw_OUTPUT
D/SurfaceFlinger( 1329): Screen acquired, type=0 flinger=0x4049f318
E/Netd ( 1327): exec() res=768 for /system/bin/ip6tables -t filter -A OUTPUT -j bw_OUTPUT
D/AndroidRuntime( 1330):
D/AndroidRuntime( 1330): >>>>>> AndroidRuntime START com.android.internal.os.ZygoteInit <<<<<<
D/AndroidRuntime( 1330): CheckJNI is ON
E/Netd ( 1327): exec() res=768 for /system/bin/iptables -t raw -N bw_raw_PREROUTING
E/Netd ( 1327): exec() res=768 for /system/bin/ip6tables -t raw -N bw_raw_PREROUTING
E/Netd ( 1327): exec() res=768 for /system/bin/iptables -t raw -A PREROUTING -j bw_raw_PREROUTING
E/Netd ( 1327): exec() res=768 for /system/bin/ip6tables -t raw -A PREROUTING -j bw_raw_PREROUTING
E/Netd ( 1327): exec() res=768 for /system/bin/iptables -t raw -N idletimer_raw_PREROUTING
E/Netd ( 1327): exec() res=768 for /system/bin/ip6tables -t raw -N idletimer_raw_PREROUTING
E/Netd ( 1327): exec() res=768 for /system/bin/iptables -t raw -A PREROUTING -j idletimer_raw_PREROUTING
E/Netd ( 1327): exec() res=768 for /system/bin/ip6tables -t raw -A PREROUTING -j idletimer_raw_PREROUTING
E/Netd ( 1327): exec() res=768 for /system/bin/iptables -t mangle -N bw_mangle_POSTROUTING
E/Netd ( 1327): exec() res=768 for /system/bin/ip6tables -t mangle -N bw_mangle_POSTROUTING
E/Netd ( 1327): exec() res=768 for /system/bin/iptables -t mangle -A POSTROUTING -j bw_mangle_POSTROUTING
E/Netd ( 1327): exec() res=768 for /system/bin/ip6tables -t mangle -A POSTROUTING -j bw_mangle_POSTROUTING
E/Netd ( 1327): exec() res=768 for /system/bin/iptables -t mangle -N idletimer_mangle_POSTROUTING
E/Netd ( 1327): exec() res=768 for /system/bin/ip6tables -t mangle -N idletimer_mangle_POSTROUTING
E/Netd ( 1327): exec() res=768 for /system/bin/iptables -t mangle -A POSTROUTING -j idletimer_mangle_POSTROUTING
E/Netd ( 1327): exec() res=768 for /system/bin/ip6tables -t mangle -A POSTROUTING -j idletimer_mangle_POSTROUTING
D/libEGL ( 1527): loaded /vendor/lib/egl/libEGL_POWERVR_SGX540_120.so
D/libEGL ( 1527): loaded /vendor/lib/egl/libGLESv1_CM_POWERVR_SGX540_120.so
D/libEGL ( 1527): loaded /vendor/lib/egl/libGLESv2_POWERVR_SGX540_120.so
E/BandwidthController( 1327): runIptablesCmd(): failed /system/bin/ip6tables -N costly_shared res=768
D/dalvikvm( 1330): Trying to load lib libjavacore.so 0x0
D/dalvikvm( 1330): Added shared lib libjavacore.so 0x0
E/BandwidthController( 1327): runIptablesCmd(): failed /system/bin/ip6tables -A bw_INPUT -i lo --jump RETURN res=768
E/Netd ( 1327): Unable to create netlink socket: Protocol not supported
E/Netd ( 1327): Unable to open quota2 logging socket
D/MDnsDS ( 1327): MDnsSdListener::Hander starting up
D/MDnsDS ( 1327): MDnsSdListener starting to monitor
D/MDnsDS ( 1327): Going to poll with pollCount 1
D/dalvikvm( 1330): Trying to load lib libnativehelper.so 0x0
D/dalvikvm( 1330): Added shared lib libnativehelper.so 0x0
I/ethernet( 1330): Loading ethernet jni class
I/SamplingProfilerIntegration( 1330): Profiling disabled.
I/Zygote ( 1330): Preloading classes...
D/dalvikvm( 1330): GC_EXPLICIT freed 36K, 9% free 420K/460K, paused 0ms+1ms, total 6ms
D/dalvikvm( 1330): GC_EXPLICIT freed 3K, 5% free 488K/512K, paused 0ms+0ms, total 6ms
D/dalvikvm( 1330): Note: class Landroid/app/ActivityManagerNative; has 157 unimplemented (abstract) methods
D/dalvikvm( 1330): GC_EXPLICIT freed 21K, 5% free 527K/552K, paused 0ms+1ms, total 6ms
D/dalvikvm( 1330): GC_EXPLICIT freed 26K, 5% free 554K/584K, paused 1ms+1ms, total 7ms
W/Zygote ( 1330): Class not found for preloading: android.bluetooth.BluetoothAudioGateway
W/Zygote ( 1330): Class not found for preloading: android.bluetooth.HeadsetBase
W/Zygote ( 1330): Class not found for preloading: undroid.content.AbstractThreadedSyncAdapter$SyncThread
D/dalvikvm( 1330): GC_EXPLICIT freed 24K, 5% free 604K/632K, paused 1ms+1ms, total 7ms
D/dalvikvm( 1330): GC_EXPLICIT freed 26K, 5% free 632K/660K, paused 0ms+1ms, total 19ms
D/dalvikvm( 1330): GC_EXPLICIT freed 60K, 9% free 722K/788K, paused 1ms+2ms, total 10ms
D/dalvikvm( 1330): GC_EXPLICIT freed 31K, 6% free 748K/788K, paused 1ms+1ms, total 10ms
D/TextLayoutCache( 1330): Using debug level = 0 - Debug Enabled = 0
D/dalvikvm( 1330): GC_EXPLICIT freed 18K, 3% free 784K/808K, paused 1ms+1ms, total 10ms
I/dalvikvm( 1330): threadid=1: recursive native library load attempt (/system/lib/libmedia_jni.so)
D/MtpDeviceJNI( 1330): register_android_mtp_MtpDevice
I/dalvikvm( 1330): threadid=1: recursive native library load attempt (/system/lib/libmedia_jni.so)
I/dalvikvm( 1330): threadid=1: recursive native library load attempt (/system/lib/libmedia_jni.so)
D/dalvikvm( 1330): GC_EXPLICIT freed 15K, 2% free 827K/844K, paused 1ms+1ms, total 11ms
D/dalvikvm( 1330): GC_FOR_ALLOC freed 218K, 17% free 1120K/1340K, paused 18ms, total 18ms
D/dalvikvm( 1330): GC_EXPLICIT freed 261K, 18% free 1273K/1540K, paused 2ms+2ms, total 21ms
D/dalvikvm( 1330): GC_EXPLICIT freed 30K, 16% free 1300K/1540K, paused 1ms+2ms, total 18ms
D/dalvikvm( 1330): GC_EXPLICIT freed 11K, 12% free 1356K/1540K, paused 1ms+2ms, total 18ms
W/Zygote ( 1330): Class not found for preloading: android.server.BluetoothA2dpService
W/Zygote ( 1330): Class not found for preloading: android.server.BluetoothEventLoop
W/Zygote ( 1330): Class not found for preloading: android.server.BluetoothService
D/TelephonyManager( 1330): No /proc/cmdline exception=java.io.FileNotFoundException: /proc/cmdline: open failed: EACCES (Permission denied)
D/TelephonyManager( 1330): /proc/cmdline=
D/dalvikvm( 1330): GC_EXPLICIT freed 29K, 10% free 1418K/1572K, paused 1ms+2ms, total 20ms
D/dalvikvm( 1330): GC_EXPLICIT freed 47K, 3% free 1699K/1748K, paused 3ms+3ms, total 27ms
W/Zygote ( 1330): Class not found for preloading: android.util.LocaleUtil
D/dalvikvm( 1330): GC_EXPLICIT freed 35K, 3% free 1733K/1780K, paused 2ms+3ms, total 26ms
D/dalvikvm( 1330): GC_EXPLICIT freed 31K, 2% free 1756K/1792K, paused 3ms+2ms, total 28ms
W/Zygote ( 1330): Class not found for preloading: android.view.ViewRootImpl$ResizedInfo
W/Zygote ( 1330): Class not found for preloading: android.view.Window$LocalWindowManager
W/Zygote ( 1330): Class not found for preloading: android.view.WindowManagerImpl$CompatModeWrapper
D/dalvikvm( 1330): GC_EXPLICIT freed 30K, 2% free 1779K/1812K, paused 2ms+3ms, total 27ms
I/dalvikvm( 1330): threadid=1: recursive native library load attempt (/system/lib/libwebcore.so)
D/dalvikvm( 1330): No JNI_OnLoad found in /system/lib/libchromium_net.so 0x0, skipping init
D/dalvikvm( 1330): GC_EXPLICIT freed 21K, 2% free 1813K/1840K, paused 2ms+3ms, total 28ms
D/dalvikvm( 1330): GC_EXPLICIT freed 26K, 2% free 1840K/1872K, paused 3ms+3ms, total 29ms
D/dalvikvm( 1330): GC_EXPLICIT freed 30K, 2% free 1871K/1904K, paused 3ms+3ms, total 31ms
D/dalvikvm( 1330): GC_EXPLICIT freed 27K, 2% free 1899K/1928K, paused 2ms+3ms, total 29ms
D/dalvikvm( 1330): GC_EXPLICIT freed 32K, 2% free 1932K/1968K, paused 3ms+3ms, total 30ms
D/dalvikvm( 1330): GC_EXPLICIT freed 33K, 2% free 1952K/1988K, paused 3ms+3ms, total 31ms
D/dalvikvm( 1330): GC_EXPLICIT freed 34K, 2% free 1975K/2012K, paused 3ms+3ms, total 30ms
D/dalvikvm( 1330): GC_EXPLICIT freed 36K, 2% free 1994K/2032K, paused 3ms+3ms, total 32ms
W/Zygote ( 1330): Class not found for preloading: java.text.DecimalFormat$1
D/dalvikvm( 1330): GC_EXPLICIT freed 40K, 3% free 2010K/2052K, paused 1ms+1ms, total 13ms
W/Zygote ( 1330): Class not found for preloading: java.util.concurrent.FutureTask$Sync
W/Zygote ( 1330): Class not found for preloading: java.util.concurrent.atomic.UnsafeAccess
W/Zygote ( 1330): Class not found for preloading: java.util.concurrent.locks.UnsafeAccess
W/Zygote ( 1330): Class not found for preloading: libcore.icu.ErrorCode
I/System ( 1330): Loaded time zone names for in 197ms (193ms in ICU)
I/System ( 1330): Loaded time zone names for en_US in 120ms (116ms in ICU)
D/dalvikvm( 1330): GC_EXPLICIT freed 365K, 15% free 2099K/2468K, paused 1ms+1ms, total 16ms
D/dalvikvm( 1330): GC_EXPLICIT freed 15K, 13% free 2160K/2468K, paused 1ms+1ms, total 15ms
D/dalvikvm( 1330): GC_EXPLICIT freed 52K, 12% free 2192K/2468K, paused 1ms+1ms, total 15ms
D/dalvikvm( 1330): GC_EXPLICIT freed 29K, 11% free 2219K/2468K, paused 1ms+1ms, total 15ms
D/dalvikvm( 1330): GC_EXPLICIT freed 38K, 10% free 2235K/2468K, paused 1ms+1ms, total 16ms
D/dalvikvm( 1330): GC_EXPLICIT freed 32K, 9% free 2258K/2468K, paused 1ms+1ms, total 16ms
I/Zygote ( 1330): ...preloaded 2541 classes in 4443ms.
D/dalvikvm( 1330): GC_EXPLICIT freed 23K, 9% free 2263K/2468K, paused 1ms+1ms, total 16ms
I/Zygote ( 1330): Preloading resources...
D/dalvikvm( 1330): GC_EXPLICIT freed 2K, 8% free 2313K/2508K, paused 1ms+2ms, total 16ms
D/dalvikvm( 1330): GC_EXPLICIT freed 4K, 8% free 2363K/2548K, paused 1ms+1ms, total 16ms
D/dalvikvm( 1330): GC_EXPLICIT freed 5K, 7% free 2411K/2588K, paused 1ms+1ms, total 15ms
D/dalvikvm( 1330): GC_EXPLICIT freed 4K, 7% free 2460K/2628K, paused 1ms+1ms, total 17ms
D/dalvikvm( 1330): GC_EXPLICIT freed 4K, 6% free 2508K/2664K, paused 1ms+1ms, total 16ms
D/dalvikvm( 1330): GC_EXPLICIT freed 5K, 6% free 2558K/2708K, paused 1ms+2ms, total 16ms
D/dalvikvm( 1330): GC_EXPLICIT freed 4K, 6% free 2606K/2748K, paused 1ms+2ms, total 16ms
D/dalvikvm( 1330): GC_EXPLICIT freed 5K, 5% free 2653K/2784K, paused 1ms+2ms, total 16ms
D/dalvikvm( 1330): GC_EXPLICIT freed 7K, 4% free 2736K/2844K, paused 1ms+2ms, total 17ms
D/dalvikvm( 1330): GC_EXPLICIT freed 6K, 4% free 2788K/2888K, paused 1ms+1ms, total 17ms
D/dalvikvm( 1330): GC_EXPLICIT freed 6K, 4% free 2833K/2924K, paused 1ms+2ms, total 16ms
D/dalvikvm( 1330): GC_EXPLICIT freed 5K, 3% free 2881K/2964K, paused 1ms+1ms, total 18ms
D/dalvikvm( 1330): GC_EXPLICIT freed 2K, 3% free 3181K/3268K, paused 1ms+1ms, total 16ms
D/dalvikvm( 1330): GC_EXPLICIT freed 2K, 3% free 3249K/3328K, paused 1ms+1ms, total 16ms
D/dalvikvm( 1330): GC_EXPLICIT freed 4K, 3% free 3569K/3648K, paused 1ms+1ms, total 18ms
D/dalvikvm( 1330): GC_EXPLICIT freed 8K, 2% free 3616K/3656K, paused 1ms+1ms, total 17ms
D/dalvikvm( 1330): GC_EXPLICIT freed 12K, 2% free 3660K/3700K, paused 1ms+1ms, total 17ms
D/dalvikvm( 1330): GC_EXPLICIT freed 6K, 1% free 3709K/3732K, paused 1ms+1ms, total 17ms
D/dalvikvm( 1330): GC_EXPLICIT freed 6K, 1% free 3762K/3788K, paused 1ms+2ms, total 17ms
D/dalvikvm( 1330): GC_EXPLICIT freed 2K, 1% free 3814K/3832K, paused 0ms+2ms, total 17ms
D/dalvikvm( 1330): GC_EXPLICIT freed 8K, 1% free 3858K/3876K, paused 1ms+2ms, total 17ms
D/dalvikvm( 1330): GC_EXPLICIT freed 4K, 1% free 3918K/3932K, paused 1ms+2ms, total 18ms
D/dalvikvm( 1330): GC_EXPLICIT freed 4K, 1% free 3983K/4004K, paused 1ms+1ms, total 18ms
I/Zygote ( 1330): ...preloaded 270 resources in 743ms.
D/dalvikvm( 1330): GC_EXPLICIT freed 9K, 1% free 4029K/4044K, paused 1ms+2ms, total 18ms
I/Zygote ( 1330): ...preloaded 31 resources in 29ms.
D/dalvikvm( 1330): GC_EXPLICIT freed 13K, 1% free 4034K/4052K, paused 1ms+2ms, total 19ms
D/dalvikvm( 1330): GC_EXPLICIT freed 7K, 1% free 4026K/4052K, paused 1ms+2ms, total 19ms
D/dalvikvm( 1330): GC_EXPLICIT freed <1K, 1% free 4026K/4052K, paused 1ms+2ms, total 17ms
I/dalvikvm( 1330): System server process 1778 has been created
I/Zygote ( 1330): Accepting command socket connections
E/BatteryService( 1778): acOnlinePath not found
E/BatteryService( 1778): usbOnlinePath not found
E/BatteryService( 1778): wirelessOnlinePath not found
E/BatteryService( 1778): batteryStatusPath not found
E/BatteryService( 1778): batteryHealthPath not found
E/BatteryService( 1778): batteryPresentPath not found
E/BatteryService( 1778): batteryCapacityPath not found
E/BatteryService( 1778): batteryVoltagePath not found
E/BatteryService( 1778): batteryTemperaturePath not found
E/BatteryService( 1778): batteryTechnologyPath not found
I/sysproc ( 1778): Entered system_init()
I/sysproc ( 1778): ServiceManager: 0x5dc81bf8
D/SensorService( 1778): nuSensorService starting...
E/SensorService( 1778): couldn't load sensors module (No such file or directory)
I/sysproc ( 1778): System server: starting Android runtime.
I/sysproc ( 1778): System server: starting Android services.
I/sysproc ( 1778): System server: entering thread pool.
I/SystemServer( 1778): Entered the Android system server!
I/SystemServer( 1778): Waiting for installd to be ready.
I/SystemServer( 1778): Enabled StrictMode logging for UI Looper
I/installd( 1333): new connection
I/SystemServer( 1778): Enabled StrictMode logging for WM Looper
I/Installer( 1778): connecting...
I/SystemServer( 1778): Entropy Mixer
I/SystemServer( 1778): Power Manager
I/SystemServer( 1778): Activity Manager
I/ActivityManager( 1778): Memory class: 48
D/dalvikvm( 1778): GC_CONCURRENT freed 209K, 6% free 4261K/4492K, paused 3ms+3ms, total 21ms
I/SystemServer( 1778): Display Manager
I/ActivityManager( 1778): Enabled StrictMode logging for AThread's Looper
I/SystemServer( 1778): Telephony Registry
I/DisplayManagerService( 1778): Display device added: DisplayDeviceInfo{"Built-in Screen": 1280 x 720, 70.625 fps, density 160, 361.24445 x 338.66666 dpi, touch INTERNAL, FLAG_DEFAULT_DISPLAY, FLAG_ROTATES_WITH_CONTENT, FLAG_SECURE, FLAG_SUPPORTS_PROTECTED_BUFFERS, rotation 0, type BUILT_IN, address null}
I/SystemServer( 1778): Scheduling Policy
I/SystemServer( 1778): Package Manager
D/dalvikvm( 1778): GC_CONCURRENT freed 317K, 8% free 4333K/4680K, paused 15ms+4ms, total 48ms
D/dalvikvm( 1778): GC_CONCURRENT freed 184K, 5% free 4553K/4760K, paused 2ms+1ms, total 16ms
D/dalvikvm( 1778): GC_CONCURRENT freed 208K, 5% free 4774K/5004K, paused 2ms+2ms, total 19ms
W/PackageParser( 1778): Unknown element under : permission at /system/app/Gallery2.apk Binary XML file line #219
W/PackageParser( 1778): Unknown element under : permission at /system/app/Gallery2.apk Binary XML file line #222
W/ResourceType( 1778): Failure getting entry for 0x7f040018 (t=3 e=24) in package 0 (error -75)
W/ResourceType( 1778): Failure getting entry for 0x7f040018 (t=3 e=24) in package 0 (error -75)
W/PackageManager( 1778): Package com.android.gallery3d desires unavailable shared library com.google.android.media.effects; ignoring!
D/dalvikvm( 1778): GC_CONCURRENT freed 156K, 4% free 5056K/5236K, paused 3ms+9ms, total 49ms
W/PackageParser( 1778): No actions in intent filter at /system/app/Contacts.apk Binary XML file line #533
D/dalvikvm( 1778): GC_CONCURRENT freed 249K, 5% free 5221K/5492K, paused 7ms+7ms, total 69ms
W/PackageParser( 1778): No actions in intent filter at /system/app/Bluetooth.apk Binary XML file line #199
D/dalvikvm( 1778): GC_CONCURRENT freed 237K, 5% free 5407K/5668K, paused 6ms+8ms, total 70ms
D/PackageManager( 1778): No files in app dir /vendor/app
I/PackageManager( 1778): /data/app/MailCommonTests.apk changed; collecting certs
D/dalvikvm( 1778): GC_CONCURRENT freed 372K, 7% free 5539K/5936K, paused 9ms+7ms, total 66ms
D/dalvikvm( 1778): WAIT_FOR_CONCURRENT_GC blocked 22ms
E/PackageManager( 1778): Package com.android.mailcommon.tests has no signatures that match those in shared user com.android.uid.test; ignoring!
I/PackageManager( 1778): /data/app/FrameworkCoreTests_install_loc_unspecified.apk changed; collecting certs
W/PackageManager( 1778): Application package com.android.frameworks.coretests.install_loc already installed. Skipping duplicate.
I/PackageManager( 1778): /data/app/UpdateExternalLocTestApp_v2_none.apk changed; collecting certs
W/PackageManager( 1778): Application package com.android.framework.updateexternalloctestapp already installed. Skipping duplicate.
D/dalvikvm( 1778): GC_CONCURRENT freed 434K, 8% free 5594K/6052K, paused 6ms+7ms, total 109ms
I/PackageManager( 1778): /data/app/FrameworkCoreTests_install_loc_auto.apk changed; collecting certs
W/PackageManager( 1778): Application package com.android.frameworks.coretests.install_loc already installed. Skipping duplicate.
W/PackageParser( 1778): Unknown element under : package-verifier at /data/app/FrameworkCoreTests_install_verifier_bad.apk Binary XML file line #19
D/dalvikvm( 1778): GC_CONCURRENT freed 373K, 7% free 5647K/6052K, paused 3ms+6ms, total 60ms
I/PackageManager( 1778): /data/app/ExternalSharedPermsTestApp.apk changed; collecting certs
I/PackageManager( 1778): /data/app/FrameworkCoreTests_version_2_diff.apk changed; collecting certs
E/PackageManager( 1778): Package com.android.framework.externalsharedpermstestapp has no signatures that match those in shared user com.android.framework.externalsharedpermstestapp; ignoring!
W/PackageManager( 1778): Application package com.android.frameworks.coretests.version_test already installed. Skipping duplicate.
D/dalvikvm( 1778): GC_CONCURRENT freed 410K, 8% free 5692K/6128K, paused 3ms+9ms, total 68ms
I/PackageManager( 1778): /data/app/FrameworkCoreTests_version_1.apk changed; collecting certs
W/PackageManager( 1778): Application package com.android.frameworks.coretests.version_test already installed. Skipping duplicate.
W/PackageParser( 1778): No actions in intent filter at /data/app/com.rovio.angrybirdsrio-1.apk Binary XML file line #38
W/PackageParser( 1778): Unknown element under : supports-screens at /data/app/com.rovio.angrybirdsrio-1.apk Binary XML file line #50
I/PackageManager( 1778): /data/app/NoLocVersionedTestApp_v2.apk changed; collecting certs
W/PackageManager( 1778): Application package com.android.framework.nolocversionedtestapp already installed. Skipping duplicate.
I/PackageManager( 1778): /data/app/FrameworkCoreTests_install_loc_sdcard.apk changed; collecting certs
D/dalvikvm( 1778): GC_CONCURRENT freed 461K, 8% free 5732K/6216K, paused 4ms+7ms, total 67ms
W/PackageManager( 1778): Application package com.android.frameworks.coretests.install_loc already installed. Skipping duplicate.
I/PackageManager( 1778): /data/app/FrameworkCoreTests_install.apk changed; collecting certs
W/PackageManager( 1778): Application package com.android.frameworks.coretests.install_loc already installed. Skipping duplicate.
D/dalvikvm( 1778): GC_CONCURRENT freed 392K, 8% free 5774K/6216K, paused 6ms+6ms, total 72ms
I/PackageManager( 1778): /data/app/VersatileTestApp_Auto.apk changed; collecting certs
W/PackageManager( 1778): Application package com.android.framework.versatiletestapp already installed. Skipping duplicate.
I/PackageManager( 1778): /data/app/VersatileTestApp_Internal.apk changed; collecting certs
W/PackageManager( 1778): Permission group android.permission-group.COST_MONEY from package com.android.cts.stub ignored: original from android
W/PackageManager( 1778): Application package com.android.framework.versatiletestapp already installed. Skipping duplicate.
D/dalvikvm( 1778): GC_CONCURRENT freed 354K, 7% free 5915K/6296K, paused 6ms+7ms, total 71ms
I/PackageManager( 1778): /data/app/FrameworkCoreTests_install_verifier_good.apk changed; collecting certs
W/PackageParser( 1778): Unknown element under : package-verifier at /data/app/FrameworkCoreTests_install_verifier_good.apk Binary XML file line #19
W/PackageManager( 1778): Application package com.android.frameworks.coretests.install_verifier_bad already installed. Skipping duplicate.
D/dalvikvm( 1778): GC_CONCURRENT freed 285K, 5% free 6115K/6428K, paused 7ms+10ms, total 77ms
W/PackageParser( 1778): No actions in intent filter at /data/app/ApiDemos.apk Binary XML file line #2737
W/PackageParser( 1778): No actions in intent filter at /data/app/ApiDemos.apk Binary XML file line #2743
W/PackageManager( 1778): Package com.example.android.apis desires unavailable shared library com.example.will.never.exist; ignoring!
I/PackageManager( 1778): /data/app/UpdateExtToIntLocTestApp_v2_int.apk changed; collecting certs
W/PackageManager( 1778): Application package com.android.framework.updateexttointloctestapp already installed. Skipping duplicate.
I/PackageParser( 1778): com.google.android.test.dpi: compat added android.permission.WRITE_EXTERNAL_STORAGE android.permission.READ_PHONE_STATE
D/dalvikvm( 1778): GC_CONCURRENT freed 302K, 6% free 6251K/6584K, paused 4ms+10ms, total 80ms
I/PackageManager( 1778): /data/app/VersatileTestApp_External.apk changed; collecting certs
I/PackageManager( 1778): /data/app/CtsSharedUidInstall.apk changed; collecting certs
W/PackageManager( 1778): Application package com.android.framework.versatiletestapp already installed. Skipping duplicate.
E/PackageManager( 1778): Package com.android.cts.shareuidinstall has no signatures that match those in shared user com.android.cts.shareduid; ignoring!
I/PackageManager( 1778): /data/app/ExternalLocVersionedTestApp_v2.apk changed; collecting certs
W/PackageManager( 1778): Application package com.android.framework.externallocversionedtestapp already installed. Skipping duplicate.
D/dalvikvm( 1778): GC_CONCURRENT freed 494K, 8% free 6252K/6776K, paused 6ms+7ms, total 81ms
I/PackageManager( 1778): /data/app/CtsSimpleAppInstall.apk changed; collecting certs
W/PackageManager( 1778): Application package com.android.cts.simpleappinstall already installed. Skipping duplicate.
D/dalvikvm( 1778): GC_CONCURRENT freed 255K, 5% free 6456K/6776K, paused 4ms+9ms, total 83ms
W/PackageParser( 1778): Service exported request ignored due to singleUser: com.google.android.test.activity.SingleUserService at /data/app/ActivityTest.apk Binary XML file line #33
W/PackageParser( 1778): Activity exported request ignored due to singleUser: com.google.android.test.activity.SingleUserReceiver at /data/app/ActivityTest.apk Binary XML file line #40
W/PackageParser( 1778): Provider exported request ignored due to singleUser: com.google.android.test.activity.SingleUserProvider at /data/app/ActivityTest.apk Binary XML file line #43
I/PackageManager( 1778): /data/app/FrameworkCoreTests_version_2.apk changed; collecting certs
I/PackageManager( 1778): /data/app/AutoLocVersionedTestApp_v1.apk changed; collecting certs
W/PackageManager( 1778): Application package com.android.frameworks.coretests.version_test already installed. Skipping duplicate.
W/PackageManager( 1778): Application package com.android.framework.autolocversionedtestapp already installed. Skipping duplicate.
I/PackageManager( 1778): /data/app/ExternalSharedPermsBTTestApp.apk changed; collecting certs
D/dalvikvm( 1778): GC_CONCURRENT freed 455K, 7% free 6538K/7024K, paused 2ms+3ms, total 35ms
E/PackageManager( 1778): Package com.android.framework.externalsharedpermsbttestapp has no signatures that match those in shared user com.android.framework.externalsharedpermstestapp; ignoring!
I/PackageManager( 1778): /data/app/GalleryTests.apk changed; collecting certs
W/PackageManager( 1778): Application package com.android.camera.tests already installed. Skipping duplicate.
I/PackageManager( 1778): /data/app/FrameworkCoreTests_version_1_diff.apk changed; collecting certs
W/PackageManager( 1778): Application package com.android.frameworks.coretests.version_test already installed. Skipping duplicate.
I/PackageManager( 1778): /data/app/ExternalSharedPermsFLTestApp.apk changed; collecting certs
E/PackageManager( 1778): Package com.android.framework.externalsharedpermsfltestapp has no signatures that match those in shared user com.android.framework.externalsharedpermstestapp; ignoring!
D/dalvikvm( 1778): GC_CONCURRENT freed 536K, 8% free 6532K/7100K, paused 2ms+3ms, total 41ms
I/PackageManager( 1778): Time to scan packages: 10.278 seconds
W/PackageManager( 1778): Not granting permission com.android.cts.permissionWithSignature to package com.android.cts.usespermissiondiffcertapp (protectionLevel=2 flags=0x8be44)
W/PackageManager( 1778): Unknown permission android.permission.WRITE_SDCARD in package com.android.browserpowertest
W/PackageManager( 1778): Unknown permission android.permission.ADD_SYSTEM_SERVICE in package com.android.phone
W/PackageManager( 1778): Not granting permission android.permission.INJECT_EVENTS to package android.camera.mediaeffects.tests (protectionLevel=2 flags=0x8be44)
W/PackageManager( 1778): Unknown permission com.google.android.gallery3d.permission.GALLERY_PROVIDER in package com.android.bluetooth
W/PackageManager( 1778): Unknown permission com.google.android.googleapps.permission.GOOGLE_AUTH in package com.android.providers.calendar
W/PackageManager( 1778): Unknown permission com.google.android.googleapps.permission.GOOGLE_AUTH.cl in package com.android.providers.calendar
W/PackageManager( 1778): Not granting permission android.permission.SEND_DOWNLOAD_COMPLETED_INTENTS to package com.android.browser (protectionLevel=2 flags=0x9be45)
W/PackageManager( 1778): Unknown permission com.google.android.googleapps.permission.GOOGLE_AUTH in package com.android.settings
W/PackageManager( 1778): Unknown permission com.google.android.gallery3d.permission.GALLERY_PROVIDER in package com.android.exchange
W/PackageManager( 1778): Unknown permission com.google.android.googleapps.permission.ACCESS_GOOGLE_PASSWORD in package com.android.development
W/PackageManager( 1778): Unknown permission com.google.android.googleapps.permission.GOOGLE_AUTH in package com.android.development
W/PackageManager( 1778): Unknown permission com.google.android.googleapps.permission.GOOGLE_AUTH.ALL_SERVICES in package com.android.development
W/PackageManager( 1778): Unknown permission com.google.android.googleapps.permission.GOOGLE_AUTH.YouTubeUser in package com.android.development
W/PackageManager( 1778): Not granting permission android.permission.DEVICE_POWER to package com.android.cts.stub (protectionLevel=2 flags=0x48be44)
W/PackageManager( 1778): Not granting permission android.permission.STATUS_BAR to package com.android.cts.stub (protectionLevel=18 flags=0x48be44)
W/PackageManager( 1778): Not granting permission android.permission.INSTALL_PACKAGES to package com.android.cts.stub (protectionLevel=18 flags=0x48be44)
W/PackageManager( 1778): Not granting permission android.permission.WRITE_SECURE_SETTINGS to package com.android.cts.stub (protectionLevel=50 flags=0x48be44)
W/PackageManager( 1778): Unknown permission android.permission.WRITE_OWNER_DATA in package com.android.cts.stub
W/PackageManager( 1778): Unknown permission android.permission.READ_OWNER_DATA in package com.android.cts.stub
W/PackageManager( 1778): Not granting permission android.permission.DELETE_CACHE_FILES to package com.android.cts.stub (protectionLevel=18 flags=0x48be44)
W/PackageManager( 1778): Not granting permission android.permission.MOUNT_UNMOUNT_FILESYSTEMS to package com.android.cts.stub (protectionLevel=18 flags=0x48be44)
W/PackageManager( 1778): Unknown permission android.permission.ADD_SYSTEM_SERVICE in package com.android.cts.stub
W/PackageManager( 1778): Not granting permission android.permission.INJECT_EVENTS to package com.android.cts.stub (protectionLevel=2 flags=0x48be44)
W/PackageManager( 1778): Not granting permission android.permission.DUMP to package com.android.cts.stub (protectionLevel=50 flags=0x48be44)
W/PackageManager( 1778): Not granting permission android.permission.SET_PREFERRED_APPLICATIONS to package com.android.cts.stub (protectionLevel=2 flags=0x48be44)
W/PackageManager( 1778): Not granting permission android.permission.READ_LOGS to package com.android.cts.stub (protectionLevel=50 flags=0x48be44)
W/PackageManager( 1778): Not granting permission android.permission.INJECT_EVENTS to package com.android.camera.tests (protectionLevel=2 flags=0x8be44)
W/PackageManager( 1778): Not granting permission android.permission.CHANGE_CONFIGURATION to package com.android.frameworks.graphicstests (protectionLevel=50 flags=0x8be44)
W/PackageManager( 1778): Not granting permission android.permission.WRITE_APN_SETTINGS to package com.android.frameworks.graphicstests (protectionLevel=18 flags=0x8be44)
W/PackageManager( 1778): Not granting permission android.permission.ACCESS_CHECKIN_PROPERTIES to package com.android.framework.externallocallpermstestapp (protectionLevel=18 flags=0x8be44)
W/PackageManager( 1778): Not granting permission android.permission.ACCESS_SURFACE_FLINGER to package com.android.framework.externallocallpermstestapp (protectionLevel=2 flags=0x8be44)
W/PackageManager( 1778): Not granting permission android.permission.ACCOUNT_MANAGER to package com.android.framework.externallocallpermstestapp (protectionLevel=2 flags=0x8be44)
W/PackageManager( 1778): Not granting permission android.permission.BIND_APPWIDGET to package com.android.framework.externallocallpermstestapp (protectionLevel=18 flags=0x8be44)
W/PackageManager( 1778): Not granting permission android.permission.BIND_INPUT_METHOD to package com.android.framework.externallocallpermstestapp (protectionLevel=2 flags=0x8be44)
W/PackageManager( 1778): Not granting permission android.permission.BRICK to package com.android.framework.externallocallpermstestapp (protectionLevel=2 flags=0x8be44)
W/PackageManager( 1778): Not granting permission android.permission.BROADCAST_PACKAGE_REMOVED to package com.android.framework.externallocallpermstestapp (protectionLevel=2 flags=0x8be44)
W/PackageManager( 1778): Not granting permission android.permission.BROADCAST_SMS to package com.android.framework.externallocallpermstestapp (protectionLevel=2 flags=0x8be44)
W/PackageManager( 1778): Not granting permission android.permission.BROADCAST_WAP_PUSH to package com.android.framework.externallocallpermstestapp (protectionLevel=2 flags=0x8be44)
W/PackageManager( 1778): Not granting permission android.permission.CALL_PRIVILEGED to package com.android.framework.externallocallpermstestapp (protectionLevel=18 flags=0x8be44)
W/PackageManager( 1778): Not granting permission android.permission.CHANGE_COMPONENT_ENABLED_STATE to package com.android.framework.externallocallpermstestapp (protectionLevel=18 flags=0x8be44)
W/PackageManager( 1778): Not granting permission android.permission.CHANGE_CONFIGURATION to package com.android.framework.externallocallpermstestapp (protectionLevel=50 flags=0x8be44)
W/PackageManager( 1778): Not granting permission android.permission.CLEAR_APP_USER_DATA to package com.android.framework.externallocallpermstestapp (protectionLevel=2 flags=0x8be44)
W/PackageManager( 1778): Not granting permission android.permission.CONTROL_LOCATION_UPDATES to package com.android.framework.externallocallpermstestapp (protectionLevel=18 flags=0x8be44)
W/PackageManager( 1778): Not granting permission android.permission.DELETE_CACHE_FILES to package com.android.framework.externallocallpermstestapp (protectionLevel=18 flags=0x8be44)
W/PackageManager( 1778): Not granting permission android.permission.DELETE_PACKAGES to package com.android.framework.externallocallpermstestapp (protectionLevel=18 flags=0x8be44)
W/PackageManager( 1778): Not granting permission android.permission.DEVICE_POWER to package com.android.framework.externallocallpermstestapp (protectionLevel=2 flags=0x8be44)
W/PackageManager( 1778): Not granting permission android.permission.DIAGNOSTIC to package com.android.framework.externallocallpermstestapp (protectionLevel=2 flags=0x8be44)
W/PackageManager( 1778): Not granting permission android.permission.DUMP to package com.android.framework.externallocallpermstestapp (protectionLevel=50 flags=0x8be44)
W/PackageManager( 1778): Not granting permission android.permission.FACTORY_TEST to package com.android.framework.externallocallpermstestapp (protectionLevel=2 flags=0x8be44)
W/PackageManager( 1778): Not granting permission android.permission.FORCE_BACK to package com.android.framework.externallocallpermstestapp (protectionLevel=2 flags=0x8be44)
W/PackageManager( 1778): Not granting permission android.permission.GLOBAL_SEARCH to package com.android.framework.externallocallpermstestapp (protectionLevel=18 flags=0x8be44)
W/PackageManager( 1778): Not granting permission android.permission.HARDWARE_TEST to package com.android.framework.externallocallpermstestapp (protectionLevel=2 flags=0x8be44)
W/PackageManager( 1778): Not granting permission android.permission.INJECT_EVENTS to package com.android.framework.externallocallpermstestapp (protectionLevel=2 flags=0x8be44)
W/PackageManager( 1778): Not granting permission android.permission.INSTALL_LOCATION_PROVIDER to package com.android.framework.externallocallpermstestapp (protectionLevel=18 flags=0x8be44)
W/PackageManager( 1778): Not granting permission android.permission.INSTALL_PACKAGES to package com.android.framework.externallocallpermstestapp (protectionLevel=18 flags=0x8be44)
W/PackageManager( 1778): Not granting permission android.permission.INTERNAL_SYSTEM_WINDOW to package com.android.framework.externallocallpermstestapp (protectionLevel=2 flags=0x8be44)
W/PackageManager( 1778): Not granting permission android.permission.MANAGE_APP_TOKENS to package com.android.framework.externallocallpermstestapp (protectionLevel=2 flags=0x8be44)
W/PackageManager( 1778): Not granting permission android.permission.MASTER_CLEAR to package com.android.framework.externallocallpermstestapp (protectionLevel=18 flags=0x8be44)
W/PackageManager( 1778): Not granting permission android.permission.MODIFY_PHONE_STATE to package com.android.framework.externallocallpermstestapp (protectionLevel=18 flags=0x8be44)
W/PackageManager( 1778): Not granting permission android.permission.MOUNT_FORMAT_FILESYSTEMS to package com.android.framework.externallocallpermstestapp (protectionLevel=18 flags=0x8be44)
W/PackageManager( 1778): Not granting permission android.permission.MOUNT_UNMOUNT_FILESYSTEMS to package com.android.framework.externallocallpermstestapp (protectionLevel=18 flags=0x8be44)
W/PackageManager( 1778): Not granting permission android.permission.READ_FRAME_BUFFER to package com.android.framework.externallocallpermstestapp (protectionLevel=18 flags=0x8be44)
W/PackageManager( 1778): Unknown permission android.permission.READ_HISTORY_BOOKMARKS in package com.android.framework.externallocallpermstestapp
W/PackageManager( 1778): Not granting permission android.permission.READ_INPUT_STATE to package com.android.framework.externallocallpermstestapp (protectionLevel=2 flags=0x8be44)
W/PackageManager( 1778): Not granting permission android.permission.READ_LOGS to package com.android.framework.externallocallpermstestapp (protectionLevel=50 flags=0x8be44)
W/PackageManager( 1778): Unknown permission android.permission.READ_OWNER_DATA in package com.android.framework.externallocallpermstestapp
W/PackageManager( 1778): Not granting permission android.permission.REBOOT to package com.android.framework.externallocallpermstestapp (protectionLevel=18 flags=0x8be44)
W/PackageManager( 1778): Not granting permission android.permission.SET_ACTIVITY_WATCHER to package com.android.framework.externallocallpermstestapp (protectionLevel=2 flags=0x8be44)
W/PackageManager( 1778): Not granting permission android.permission.SET_ALWAYS_FINISH to package com.android.framework.externallocallpermstestapp (protectionLevel=50 flags=0x8be44)
W/PackageManager( 1778): Not granting permission android.permission.SET_ANIMATION_SCALE to package com.android.framework.externallocallpermstestapp (protectionLevel=50 flags=0x8be44)
W/PackageManager( 1778): Not granting permission android.permission.SET_DEBUG_APP to package com.android.framework.externallocallpermstestapp (protectionLevel=50 flags=0x8be44)
W/PackageManager( 1778): Not granting permission android.permission.SET_ORIENTATION to package com.android.framework.externallocallpermstestapp (protectionLevel=2 flags=0x8be44)
W/PackageManager( 1778): Not granting permission android.permission.SET_PREFERRED_APPLICATIONS to package com.android.framework.externallocallpermstestapp (protectionLevel=2 flags=0x8be44)
W/PackageManager( 1778): Not granting permission android.permission.SET_PROCESS_LIMIT to package com.android.framework.externallocallpermstestapp (protectionLevel=50 flags=0x8be44)
W/PackageManager( 1778): Not granting permission android.permission.SIGNAL_PERSISTENT_PROCESSES to package com.android.framework.externallocallpermstestapp (protectionLevel=50 flags=0x8be44)
W/PackageManager( 1778): Not granting permission android.permission.STATUS_BAR to package com.android.framework.externallocallpermstestapp (protectionLevel=18 flags=0x8be44)
W/PackageManager( 1778): Not granting permission android.permission.UPDATE_DEVICE_STATS to package com.android.framework.externallocallpermstestapp (protectionLevel=18 flags=0x8be44)
W/PackageManager( 1778): Not granting permission android.permission.WRITE_APN_SETTINGS to package com.android.framework.externallocallpermstestapp (protectionLevel=18 flags=0x8be44)
W/PackageManager( 1778): Not granting permission android.permission.WRITE_GSERVICES to package com.android.framework.externallocallpermstestapp (protectionLevel=18 flags=0x8be44)
W/PackageManager( 1778): Unknown permission android.permission.WRITE_HISTORY_BOOKMARKS in package com.android.framework.externallocallpermstestapp
W/PackageManager( 1778): Unknown permission android.permission.WRITE_OWNER_DATA in package com.android.framework.externallocallpermstestapp
W/PackageManager( 1778): Not granting permission android.permission.WRITE_SECURE_SETTINGS to package com.android.framework.externallocallpermstestapp (protectionLevel=50 flags=0x8be44)
W/PackageManager( 1778): Not granting permission android.permission.WRITE_SECURE_SETTINGS to package com.android.bandwidth.tests (protectionLevel=50 flags=0x8be44)
W/PackageManager( 1778): Not granting permission android.permission.DEVICE_POWER to package com.android.bandwidth.tests (protectionLevel=2 flags=0x8be44)
W/PackageManager( 1778): Not granting permission android.permission.SERIAL_PORT to package com.android.serialchat (protectionLevel=18 flags=0x8be44)
W/PackageManager( 1778): Not granting permission android.permission.CHANGE_CONFIGURATION to package android.core (protectionLevel=50 flags=0x8be44)
W/PackageManager( 1778): Not granting permission android.permission.WRITE_APN_SETTINGS to package android.core (protectionLevel=18 flags=0x8be44)
W/PackageManager( 1778): Not granting permission android.permission.WRITE_SECURE_SETTINGS to package android.core (protectionLevel=50 flags=0x8be44)
W/PackageManager( 1778): Unknown permission android.webkit.permission.PLUGIN in package com.android.sampleplugin
W/PackageManager( 1778): Not granting permission android.permission.WRITE_SECURE_SETTINGS to package com.example.android.samplesync (protectionLevel=50 flags=0x8be44)
W/PackageManager( 1778): Unknown permission android.webkit.permission.PLUGIN in package com.android.testplugin
W/PackageManager( 1778): Unknown permission com.google.android.googleapps.permission.GOOGLE_AUTH.mail in package com.android.contacts
W/PackageManager( 1778): Unknown permission com.google.android.googleapps.permission.GOOGLE_AUTH.mail in package com.android.calendar
W/PackageManager( 1778): Unknown permission android.permission.WRITE_SDCARD in package com.android.dumprendertree
W/PackageManager( 1778): Unknown permission com.google.android.gallery3d.permission.PICASA_STORE in package com.android.dreams.phototable
W/PackageManager( 1778): Unknown permission com.google.android.gallery3d.permission.GALLERY_PROVIDER in package com.android.email
W/PackageManager( 1778): Not granting permission android.permission.CHANGE_CONFIGURATION to package com.android.frameworks.saxtests (protectionLevel=50 flags=0x8be44)
W/PackageManager( 1778): Not granting permission android.permission.WRITE_APN_SETTINGS to package com.android.frameworks.saxtests (protectionLevel=18 flags=0x8be44)
W/PackageManager( 1778): Unknown permission android.permission.WRITE_SDCARD in package com.android.dumprendertree2
W/PackageManager( 1778): Not granting permission android.permission.ACCESS_CACHE_FILESYSTEM to package com.android.frameworks.coretests.version_test (protectionLevel=18 flags=0x8be40)
W/PackageManager( 1778): Unknown permission android.permission.TEST_GRANTED in package com.android.frameworks.coretests
W/PackageManager( 1778): Unknown permission com.google.android.googleapps.permission.ACCESS_GOOGLE_PASSWORD in package com.android.frameworks.coretests
W/PackageManager( 1778): Unknown permission com.google.android.googleapps.permission.GOOGLE_AUTH in package com.android.frameworks.coretests
W/PackageManager( 1778): Unknown permission com.google.android.googleapps.permission.GOOGLE_AUTH.ALL_SERVICES in package com.android.frameworks.coretests
W/PackageManager( 1778): Not granting permission android.permission.DEVICE_POWER to package com.android.deskclock (protectionLevel=2 flags=0x8be45)
D/dalvikvm( 1778): GC_CONCURRENT freed 630K, 10% free 6502K/7156K, paused 2ms+2ms, total 40ms
D/dalvikvm( 1778): GC_EXPLICIT freed 93K, 11% free 6408K/7156K, paused 2ms+3ms, total 49ms
I/SystemServer( 1778): User Service
I/SystemServer( 1778): Account Manager
I/SystemServer( 1778): Content Manager
