2017-10-28 09:47:42.442 28512 INFO heat.engine.service [req-e711c79a-9f2c-4af9-8e11-b42646ee24c1 - - - - -] Service fc9cbb06-6f7c-4b69-b947-05f204b3ce3c is updated
2017-10-28 09:47:42.468 28556 INFO heat.engine.service [req-7c82f541-d3e1-4587-a1e7-01b72d7894e4 - - - - -] Service 30227806-eb6a-421b-b64b-1f4e769dde97 is updated
2017-10-28 09:47:42.481 28518 INFO heat.engine.service [req-f87e4f4e-d075-432e-aa01-b11700f2fb4b - - - - -] Service dd24efbc-8915-43d4-af30-b40fa3b43c47 is updated
2017-10-28 09:47:42.512 28535 INFO heat.engine.service [req-2f5c58f6-e18b-4000-9828-1e127dc13324 - - - - -] Service fb8da2fb-0ff3-4afc-956a-7d78b638efc3 is updated
2017-10-28 09:47:42.539 28558 INFO heat.engine.service [req-e893dbca-4b2e-40d7-b69b-91a7cc0691eb - - - - -] Service ce91c6b2-92c3-4791-9658-c7753c86c265 is updated
2017-10-28 09:47:42.567 28551 INFO heat.engine.service [req-24008761-8bda-4466-9188-b1b8d30fa2ce - - - - -] Service 560cd9d1-ade5-4123-8efe-4822dbddfe23 is updated
2017-10-28 09:47:42.585 28515 INFO heat.engine.service [req-68125def-38a0-409b-a80f-98d3546e5c8c - - - - -] Service 1a670f48-191d-4af2-ba9b-d59280a34029 is updated
2017-10-28 09:47:42.588 28550 INFO heat.engine.service [req-a456b008-e8e1-44b6-9626-d92e06e36055 - - - - -] Service ac79e68c-b408-42b8-9a3f-aaa256fcf8f0 is updated
2017-10-28 09:47:42.601 28555 INFO heat.engine.service [req-4b6fce24-c3cd-48c0-a1ff-2df467cd731c - - - - -] Service 6b1b66de-35d9-4105-bcd5-aa680ffcddec is updated
2017-10-28 09:47:42.621 28540 INFO heat.engine.service [req-9876dd0e-dbfb-4a77-a5ee-cf3c6fa5aeae - - - - -] Service 48ab0354-0cc3-4574-8b4b-39578b4811f9 is updated
2017-10-28 09:47:42.642 28521 INFO heat.engine.service [req-52d8fd38-c851-4267-af08-1cd5c14005d3 - - - - -] Service d42598ab-5331-4bf4-a271-327e00c8675f is updated
2017-10-28 09:47:42.646 28531 INFO heat.engine.service [req-7fe72495-1643-48a3-8fb6-b027a4bd7e79 - - - - -] Service ff837399-1603-480b-89cf-1947330a42ab is updated
2017-10-28 09:47:42.647 28525 INFO heat.engine.service [req-dff6f211-ea37-4c6f-b6b4-da57a9df93d8 - - - - -] Service 12fa1fd5-3e02-4695-9acb-ecf6d0c6be7e is updated
2017-10-28 09:47:42.780 28559 INFO heat.engine.service [req-395ab520-8d7f-447e-83f9-12256a302520 - - - - -] Service d321ca62-b768-43f2-9c4f-f4308f362b40 is updated
2017-10-28 09:47:42.894 28539 INFO heat.engine.service [req-4ffe8f8e-c8e0-4403-9148-8003020d5e46 - - - - -] Service 75a95404-a1b5-44f6-ba31-90e0e95c8ad0 is updated
2017-10-28 09:47:44.177 28514 INFO heat.engine.service [req-0663a9b4-72b7-4c80-9349-aec0bb0f993e - - - - -] Service c1ca77d3-4c81-441a-914c-e8e1795d0819 is updated
2017-10-28 09:48:41.891 28529 INFO heat.engine.service [req-12ef70e2-682d-4d67-8ad3-1cc674e43192 - - - - -] Service 4e596928-014f-46fe-904b-2c69d0122faa is updated
2017-10-28 09:48:41.994 28511 INFO heat.engine.service [req-aded49e9-8965-4364-ab65-143e1fd01993 - - - - -] Service c4991b42-b929-41c8-92ba-07735294b97d is updated
2017-10-28 09:48:41.999 28522 INFO heat.engine.service [req-722c3298-4341-4b3e-ad65-00f99f84a032 - - - - -] Service 0b05fddd-7118-49f7-b698-e81b89f80dd0 is updated
2017-10-28 09:48:42.001 28553 INFO heat.engine.service [req-83e8f339-87ac-4e6d-82bc-be85f76edab7 - - - - -] Service 1231c634-a611-4552-9733-0bcd0229559d is updated
2017-10-28 09:48:42.028 28542 INFO heat.engine.service [req-37ee70c3-cde0-4858-a30b-724c0e4925da - - - - -] Service 94a1afb2-8a32-439d-ab8f-e06a961e4433 is updated
2017-10-28 09:48:42.030 28532 INFO heat.engine.service [req-b9973372-5ab5-4e58-b271-dadb5ea93d06 - - - - -] Service 5e954547-3083-4e91-b56e-edaec69d9004 is updated
2017-10-28 09:48:42.083 28513 INFO heat.engine.service [req-e4b5ec03-e865-4af7-bd79-07db0459a2ba - - - - -] Service 5ce1d5ea-a507-4dce-98d2-430354f1824f is updated
2017-10-28 09:48:42.083 28552 INFO heat.engine.service [req-a7ad93e6-6ec0-4bdc-97a2-978855c14f3c - - - - -] Service e9eaa51d-d288-442a-bc48-944d997543a3 is updated
2017-10-28 09:48:42.117 28516 INFO heat.engine.service [req-3b6df8bd-1762-4292-b0b6-6d1c6685cd64 - - - - -] Service 2d84e3bb-febf-485e-87fe-d93b4c80d1c4 is updated
2017-10-28 09:48:42.123 28527 INFO heat.engine.service [req-e12a9ef5-b6c7-4a4e-84d5-087b59e149cb - - - - -] Service 27b05062-f4e2-41b9-a5a1-b78a8e7a7cab is updated
2017-10-28 09:48:42.130 28538 INFO heat.engine.service [req-0dc3ffef-6772-44a6-8c33-ec5b4302fca0 - - - - -] Service 174f2dbb-df8a-4407-b210-723a658db9cb is updated
2017-10-28 09:48:42.133 28523 INFO heat.engine.service [req-68561cb8-87a7-496b-9a33-34ce0fb39279 - - - - -] Service d7cc827c-6c72-4bc7-9c27-48fae872f1b6 is updated
2017-10-28 09:48:42.153 28562 INFO heat.engine.service [req-96b544f6-2af9-4a0d-8ad4-15c22d4be5bf - - - - -] Service b207e39f-b808-4c6c-8285-bd415d13ec10 is updated
2017-10-28 09:48:42.177 28561 INFO heat.engine.service [req-2712f07f-7f29-4aaa-89f8-316bd204563f - - - - -] Service 5320c9fe-fd90-45e2-9c81-06f88b38f36b is updated
2017-10-28 09:48:42.178 28510 INFO heat.engine.service [req-8cfd1551-f3d9-46ca-8dc6-88751ba86f89 - - - - -] Service 4669f065-a489-481e-9850-91a9f44bc077 is updated
2017-10-28 09:48:42.189 28520 INFO heat.engine.service [req-ce6dc7c4-87d1-44ff-b706-2495a63c3924 - - - - -] Service 4afb81d2-1ea2-4a4b-bc5f-b909623e3e74 is updated
2017-10-28 09:48:42.199 28536 INFO heat.engine.service [req-1b557fca-f499-4b39-a100-c9e3ad2ae7c2 - - - - -] Service 98ecc1ea-b227-42dc-82e7-30ac1ed9fca4 is updated
2017-10-28 09:48:42.206 28564 INFO heat.engine.service [req-f4643bea-5804-4bc8-9549-050dd3813f92 - - - - -] Service 8f50a07c-7ad8-4a6d-a9d3-37e4c8f0ba53 is updated
2017-10-28 09:48:42.226 28560 INFO heat.engine.service [req-b2a8df5a-7ef6-42a7-bb79-eaabbe5b7fd9 - - - - -] Service 3b95e8e7-8709-45d2-a464-bac772180735 is updated
2017-10-28 09:48:42.241 28557 INFO heat.engine.service [req-df89e376-d53e-4e36-a151-8fa051047540 - - - - -] Service 98f930a8-31b2-4e4d-8712-9e6fea660e73 is updated
2017-10-28 09:48:42.245 28563 INFO heat.engine.service [req-5f047f2a-ca62-44f4-8fc3-45366c657387 - - - - -] Service 4eca1835-2fb1-450f-b336-3867986a581d is updated
2017-10-28 09:48:42.333 28519 INFO heat.engine.service [req-117359b3-6247-4d05-bf3e-d3cf14c609bb - - - - -] Service 7d2457db-265f-4f09-a7ed-68db183e0384 is updated
2017-10-28 09:48:42.342 28524 INFO heat.engine.service [req-42d83361-7763-4494-9870-6a52f31736fe - - - - -] Service 2f511c44-ddf4-43a7-9fd0-41f210a8b669 is updated
2017-10-28 09:48:42.342 28533 INFO heat.engine.service [req-e544e791-79bd-44da-8173-aa7c800ba4cb - - - - -] Service 3a35d7bf-f1bd-4589-a5c3-8000c3b24793 is updated
2017-10-28 09:48:42.368 28547 INFO heat.engine.service [req-467de820-15a3-4780-959d-c14a745a9c01 - - - - -] Service 25707d32-efb1-423a-b2d4-e11dfe67bcdc is updated
2017-10-28 09:48:42.377 28517 INFO heat.engine.service [req-d859373f-2cb9-4f27-b19f-75ed062ebc26 - - - - -] Service 750cf73f-337d-432c-9d53-30fab548b45c is updated
2017-10-28 09:48:42.400 28554 INFO heat.engine.service [req-b2cee73b-194a-45be-9386-6c7953773bc3 - - - - -] Service c7479ed7-747a-48d4-9a5a-b7161a57c39e is updated
2017-10-28 09:48:42.407 28541 INFO heat.engine.service [req-0f8a08d5-35cd-46ea-9cbf-bef51069cb78 - - - - -] Service 28f76f02-d340-4517-9f1d-cb1f7fd704ac is updated
2017-10-28 09:48:42.445 28534 INFO heat.engine.service [req-bbb3a708-c544-4ba5-b48a-f136c0f7fd78 - - - - -] Service 7cdf9070-e34d-436d-aa75-65b1eb388638 is updated
2017-10-28 09:48:42.501 28530 INFO heat.engine.service [req-d267f5b7-3187-433b-a2c8-35daf7b93d90 - - - - -] Service caf6df39-f07f-489e-9581-9b70becae9e2 is updated
2017-10-28 09:48:42.502 28549 INFO heat.engine.service [req-1c3a34d4-1bf0-4744-a7d8-890a9ce632aa - - - - -] Service 8942a6af-7411-45cf-9672-1c7d3127c49f is updated
2017-10-28 09:48:42.505 28512 INFO heat.engine.service [req-4344f24a-f09f-496e-a2fd-115949bbaee9 - - - - -] Service fc9cbb06-6f7c-4b69-b947-05f204b3ce3c is updated
2017-10-28 09:48:42.504 28537 INFO heat.engine.service [req-6d1d36ab-9906-42cb-9948-844f4223ef5e - - - - -] Service fd1e41c5-b76e-4f95-9fd6-4a9c3d626081 is updated
2017-10-28 09:48:42.511 28556 INFO heat.engine.service [req-2b528e32-1cca-4bba-8f58-f0a2355607a4 - - - - -] Service 30227806-eb6a-421b-b64b-1f4e769dde97 is updated
2017-10-28 09:48:42.511 28518 INFO heat.engine.service [req-bc03cb19-ce5f-4bad-81d2-f98ad86469df - - - - -] Service dd24efbc-8915-43d4-af30-b40fa3b43c47 is updated
2017-10-28 09:48:42.511 28535 INFO heat.engine.service [req-c4e78319-f32f-4e72-8102-0313164168c7 - - - - -] Service fb8da2fb-0ff3-4afc-956a-7d78b638efc3 is updated
2017-10-28 09:48:42.536 28558 INFO heat.engine.service [req-2fd1cd34-4109-4f8d-b019-556f6a084335 - - - - -] Service ce91c6b2-92c3-4791-9658-c7753c86c265 is updated
2017-10-28 09:48:42.697 28551 INFO heat.engine.service [req-3d3989d7-c0a0-4d8a-9d99-eec1b3afa2d9 - - - - -] Service 560cd9d1-ade5-4123-8efe-4822dbddfe23 is updated
2017-10-28 09:48:42.736 28521 INFO heat.engine.service [req-84ff22a0-7104-4cad-86d5-ff051700b0a7 - - - - -] Service d42598ab-5331-4bf4-a271-327e00c8675f is updated
2017-10-28 09:48:42.737 28531 INFO heat.engine.service [req-c7374269-5a40-4c66-a1c6-b7ab496e7f44 - - - - -] Service ff837399-1603-480b-89cf-1947330a42ab is updated
2017-10-28 09:48:42.738 28525 INFO heat.engine.service [req-ef2fc14f-b504-4700-bf95-8bd4698e9767 - - - - -] Service 12fa1fd5-3e02-4695-9acb-ecf6d0c6be7e is updated
2017-10-28 09:48:42.738 28515 INFO heat.engine.service [req-579287ed-1ddf-4e2c-8014-f919ebc29250 - - - - -] Service 1a670f48-191d-4af2-ba9b-d59280a34029 is updated
2017-10-28 09:48:42.738 28555 INFO heat.engine.service [req-86524c21-a6c0-4057-9821-38c54595bc04 - - - - -] Service 6b1b66de-35d9-4105-bcd5-aa680ffcddec is updated
2017-10-28 09:48:42.738 28550 INFO heat.engine.service [req-50e85343-28bf-4869-bc7b-28a562d21f1f - - - - -] Service ac79e68c-b408-42b8-9a3f-aaa256fcf8f0 is updated
2017-10-28 09:48:42.738 28540 INFO heat.engine.service [req-95b4e71c-c237-4891-a0f2-ed9c911c45a5 - - - - -] Service 48ab0354-0cc3-4574-8b4b-39578b4811f9 is updated
2017-10-28 09:48:42.783 28559 INFO heat.engine.service [req-e590c6fa-e7fc-4a28-820b-bba20138cf64 - - - - -] Service d321ca62-b768-43f2-9c4f-f4308f362b40 is updated
2017-10-28 09:48:42.889 28539 INFO heat.engine.service [req-3b8775a0-2f0c-444f-a2ed-434662fb2002 - - - - -] Service 75a95404-a1b5-44f6-ba31-90e0e95c8ad0 is updated
2017-10-28 09:48:44.175 28514 INFO heat.engine.service [req-3f286c79-9635-41fc-bca5-bf989683cf8c - - - - -] Service c1ca77d3-4c81-441a-914c-e8e1795d0819 is updated
2017-10-28 09:49:41.890 28529 INFO heat.engine.service [req-d684ff64-36e9-4220-9286-ac1fb799e6c0 - - - - -] Service 4e596928-014f-46fe-904b-2c69d0122faa is updated
2017-10-28 09:49:41.993 28511 INFO heat.engine.service [req-d0fb53d0-29dc-47b8-80d7-cc09951734f7 - - - - -] Service c4991b42-b929-41c8-92ba-07735294b97d is updated
2017-10-28 09:49:41.996 28522 INFO heat.engine.service [req-e4d87b43-9175-4662-8a30-e34796aab20c - - - - -] Service 0b05fddd-7118-49f7-b698-e81b89f80dd0 is updated
2017-10-28 09:49:42.007 28553 INFO heat.engine.service [req-1f6ae276-4b3f-4cb1-ad68-89b5165a992c - - - - -] Service 1231c634-a611-4552-9733-0bcd0229559d is updated
2017-10-28 09:49:42.027 28542 INFO heat.engine.service [req-9692c4e1-0132-45df-8376-3f6266e22828 - - - - -] Service 94a1afb2-8a32-439d-ab8f-e06a961e4433 is updated
2017-10-28 09:49:42.029 28532 INFO heat.engine.service [req-e89d2e3e-8f9b-47f3-9647-9d0a2fca87fc - - - - -] Service 5e954547-3083-4e91-b56e-edaec69d9004 is updated
2017-10-28 09:49:42.078 28513 INFO heat.engine.service [req-aaef0f5c-2813-4da7-8f32-62f1f213346d - - - - -] Service 5ce1d5ea-a507-4dce-98d2-430354f1824f is updated
2017-10-28 09:49:42.076 28552 INFO heat.engine.service [req-ef8be0b7-0cae-4008-9c2f-efb43502389b - - - - -] Service e9eaa51d-d288-442a-bc48-944d997543a3 is updated
2017-10-28 09:49:42.114 28516 INFO heat.engine.service [req-dbf52790-ea38-4a1f-8a99-c6aee8fce162 - - - - -] Service 2d84e3bb-febf-485e-87fe-d93b4c80d1c4 is updated
2017-10-28 09:49:42.120 28527 INFO heat.engine.service [req-1e36cfbe-3807-49d8-aa91-8c187f6f48d5 - - - - -] Service 27b05062-f4e2-41b9-a5a1-b78a8e7a7cab is updated
2017-10-28 09:49:42.127 28538 INFO heat.engine.service [req-1201bb5a-9221-4c12-a703-225ffb5cce7b - - - - -] Service 174f2dbb-df8a-4407-b210-723a658db9cb is updated
2017-10-28 09:49:42.130 28523 INFO heat.engine.service [req-35613baf-d055-43c9-8b26-7bc152c46287 - - - - -] Service d7cc827c-6c72-4bc7-9c27-48fae872f1b6 is updated
2017-10-28 09:49:42.148 28562 INFO heat.engine.service [req-ad3321c8-848e-48e3-82f4-5fd59a179607 - - - - -] Service b207e39f-b808-4c6c-8285-bd415d13ec10 is updated
2017-10-28 09:49:42.174 28561 INFO heat.engine.service [req-34e35804-e0d9-47e2-8ca1-78bfe898a18b - - - - -] Service 5320c9fe-fd90-45e2-9c81-06f88b38f36b is updated
2017-10-28 09:49:42.177 28510 INFO heat.engine.service [req-1fca8326-1dfc-4f0b-9a45-4b69eb1cf39e - - - - -] Service 4669f065-a489-481e-9850-91a9f44bc077 is updated
2017-10-28 09:49:42.186 28520 INFO heat.engine.service [req-00b33c00-7828-4bf2-a4ce-3baddb1404ba - - - - -] Service 4afb81d2-1ea2-4a4b-bc5f-b909623e3e74 is updated
2017-10-28 09:49:42.196 28536 INFO heat.engine.service [req-c6268f72-7f75-4f58-af8b-371dff85b51e - - - - -] Service 98ecc1ea-b227-42dc-82e7-30ac1ed9fca4 is updated
2017-10-28 09:49:42.203 28564 INFO heat.engine.service [req-7f9dafcf-859a-49a2-ae1b-46d375014e46 - - - - -] Service 8f50a07c-7ad8-4a6d-a9d3-37e4c8f0ba53 is updated
2017-10-28 09:49:42.222 28560 INFO heat.engine.service [req-c57f9300-ccbb-4a2d-9002-29c85b7caa3a - - - - -] Service 3b95e8e7-8709-45d2-a464-bac772180735 is updated
2017-10-28 09:49:42.243 28563 INFO heat.engine.service [req-8412557d-8f7f-4402-978f-bb55304aebf9 - - - - -] Service 4eca1835-2fb1-450f-b336-3867986a581d is updated
2017-10-28 09:49:42.247 28557 INFO heat.engine.service [req-ef3f60cd-0c98-417f-b147-68fea091c46e - - - - -] Service 98f930a8-31b2-4e4d-8712-9e6fea660e73 is updated
2017-10-28 09:49:42.301 28519 INFO heat.engine.service [req-891d3f76-59cf-4c82-915c-895ab5350f13 - - - - -] Service 7d2457db-265f-4f09-a7ed-68db183e0384 is updated
2017-10-28 09:49:42.314 28533 INFO heat.engine.service [req-51ccf494-8d4e-429a-b1fe-df0483950d7e - - - - -] Service 3a35d7bf-f1bd-4589-a5c3-8000c3b24793 is updated
2017-10-28 09:49:42.319 28524 INFO heat.engine.service [req-cff4f9e1-feac-4700-81fe-a14ffff4dc8e - - - - -] Service 2f511c44-ddf4-43a7-9fd0-41f210a8b669 is updated
2017-10-28 09:49:42.365 28547 INFO heat.engine.service [req-5b020e1d-ae2f-4691-9aaf-d638fd710814 - - - - -] Service 25707d32-efb1-423a-b2d4-e11dfe67bcdc is updated
2017-10-28 09:49:42.375 28517 INFO heat.engine.service [req-7a6a6170-e706-4cbf-8820-28c18d163076 - - - - -] Service 750cf73f-337d-432c-9d53-30fab548b45c is updated
2017-10-28 09:49:42.401 28554 INFO heat.engine.service [req-e1c73c37-41de-4165-9039-b83aca2a8b31 - - - - -] Service c7479ed7-747a-48d4-9a5a-b7161a57c39e is updated
2017-10-28 09:49:42.405 28541 INFO heat.engine.service [req-13511bdb-2995-45f5-a45d-e2103d61eb2f - - - - -] Service 28f76f02-d340-4517-9f1d-cb1f7fd704ac is updated
2017-10-28 09:49:42.430 28549 INFO heat.engine.service [req-17dd3b1a-5261-4b7a-956c-59b379dab90e - - - - -] Service 8942a6af-7411-45cf-9672-1c7d3127c49f is updated
2017-10-28 09:49:42.433 28534 INFO heat.engine.service [req-04faaf40-6e79-4057-8996-d5e578fb0e50 - - - - -] Service 7cdf9070-e34d-436d-aa75-65b1eb388638 is updated
2017-10-28 09:49:42.439 28530 INFO heat.engine.service [req-fcc52df1-0ecf-4628-a58f-b589fe5132bd - - - - -] Service caf6df39-f07f-489e-9581-9b70becae9e2 is updated
2017-10-28 09:49:42.441 28512 INFO heat.engine.service [req-232924d5-6f51-4f0a-a6af-c1cf597d238c - - - - -] Service fc9cbb06-6f7c-4b69-b947-05f204b3ce3c is updated
2017-10-28 09:49:42.441 28537 INFO heat.engine.service [req-0d76e71e-b791-4935-9043-917f00f8c424 - - - - -] Service fd1e41c5-b76e-4f95-9fd6-4a9c3d626081 is updated
2017-10-28 09:49:42.468 28556 INFO heat.engine.service [req-3c1fbb44-14ee-4c75-8e24-c42d34ff2c38 - - - - -] Service 30227806-eb6a-421b-b64b-1f4e769dde97 is updated
2017-10-28 09:49:42.478 28518 INFO heat.engine.service [req-6a1e9a3f-a464-4e46-bb43-6cffe4d26342 - - - - -] Service dd24efbc-8915-43d4-af30-b40fa3b43c47 is updated
2017-10-28 09:49:42.509 28535 INFO heat.engine.service [req-5688019b-63c9-4606-ba60-f317551c7291 - - - - -] Service fb8da2fb-0ff3-4afc-956a-7d78b638efc3 is updated
2017-10-28 09:49:42.532 28558 INFO heat.engine.service [req-cdb5a67b-d35d-4c9b-a824-f9cb457a318a - - - - -] Service ce91c6b2-92c3-4791-9658-c7753c86c265 is updated
2017-10-28 09:49:42.565 28551 INFO heat.engine.service [req-a37a7ed9-8554-42a1-8033-8cf6848c2603 - - - - -] Service 560cd9d1-ade5-4123-8efe-4822dbddfe23 is updated
2017-10-28 09:49:42.586 28550 INFO heat.engine.service [req-7a10ff9d-a350-477d-9644-71351714b992 - - - - -] Service ac79e68c-b408-42b8-9a3f-aaa256fcf8f0 is updated
2017-10-28 09:49:42.595 28515 INFO heat.engine.service [req-e6d4926a-5345-480d-8f62-4d1de655fb23 - - - - -] Service 1a670f48-191d-4af2-ba9b-d59280a34029 is updated
2017-10-28 09:49:42.596 28555 INFO heat.engine.service [req-1541eb6d-b9e0-4e4c-a2cb-ca40d20d9236 - - - - -] Service 6b1b66de-35d9-4105-bcd5-aa680ffcddec is updated
2017-10-28 09:49:42.617 28540 INFO heat.engine.service [req-81fd25f9-91da-4e08-acc4-5bfb2ab84efc - - - - -] Service 48ab0354-0cc3-4574-8b4b-39578b4811f9 is updated
2017-10-28 09:49:42.642 28531 INFO heat.engine.service [req-57baa4bb-9fc1-4d6c-a233-259e99c664fa - - - - -] Service ff837399-1603-480b-89cf-1947330a42ab is updated
2017-10-28 09:49:42.642 28521 INFO heat.engine.service [req-a4650d92-b9f5-43b1-a526-b57d119a8345 - - - - -] Service d42598ab-5331-4bf4-a271-327e00c8675f is updated
2017-10-28 09:49:42.644 28525 INFO heat.engine.service [req-2d3767ea-3f8f-40dd-b671-ac6387026f28 - - - - -] Service 12fa1fd5-3e02-4695-9acb-ecf6d0c6be7e is updated
2017-10-28 09:49:42.782 28559 INFO heat.engine.service [req-c65314cb-f59e-4da1-9d94-482b82890dd7 - - - - -] Service d321ca62-b768-43f2-9c4f-f4308f362b40 is updated
2017-10-28 09:49:42.888 28539 INFO heat.engine.service [req-be42611d-22a9-4378-aaec-e123d6630c64 - - - - -] Service 75a95404-a1b5-44f6-ba31-90e0e95c8ad0 is updated
2017-10-28 09:49:44.172 28514 INFO heat.engine.service [req-786571da-0064-49ab-977d-6af229234635 - - - - -] Service c1ca77d3-4c81-441a-914c-e8e1795d0819 is updated
2017-10-28 09:50:41.888 28529 INFO heat.engine.service [req-28102625-7b17-49d4-9848-cb0df4234843 - - - - -] Service 4e596928-014f-46fe-904b-2c69d0122faa is updated
2017-10-28 09:50:41.992 28511 INFO heat.engine.service [req-539f2fbd-a94b-4234-b076-6898dedd7c37 - - - - -] Service c4991b42-b929-41c8-92ba-07735294b97d is updated
2017-10-28 09:50:41.993 28522 INFO heat.engine.service [req-835e613e-4fef-4656-8e79-b131e0d7beda - - - - -] Service 0b05fddd-7118-49f7-b698-e81b89f80dd0 is updated
2017-10-28 09:50:42.004 28553 INFO heat.engine.service [req-1b8ec52b-1446-4e7c-9cc5-f3e00418044d - - - - -] Service 1231c634-a611-4552-9733-0bcd0229559d is updated
2017-10-28 09:50:42.024 28542 INFO heat.engine.service [req-0762a232-68a6-4cf3-9eac-5283450434b3 - - - - -] Service 94a1afb2-8a32-439d-ab8f-e06a961e4433 is updated
2017-10-28 09:50:42.027 28532 INFO heat.engine.service [req-64c2ae0e-e860-41e8-970b-b75265d116c5 - - - - -] Service 5e954547-3083-4e91-b56e-edaec69d9004 is updated
2017-10-28 09:50:42.074 28552 INFO heat.engine.service [req-c8978bfe-708b-4777-bd2d-7207a4276bc8 - - - - -] Service e9eaa51d-d288-442a-bc48-944d997543a3 is updated
2017-10-28 09:50:42.083 28513 INFO heat.engine.service [req-3c8cf659-3059-4268-bf76-ec786c69945e - - - - -] Service 5ce1d5ea-a507-4dce-98d2-430354f1824f is updated
2017-10-28 09:50:42.113 28516 INFO heat.engine.service [req-7ff0dcf5-0d65-4607-8a82-770d636d6122 - - - - -] Service 2d84e3bb-febf-485e-87fe-d93b4c80d1c4 is updated
2017-10-28 09:50:42.123 28527 INFO heat.engine.service [req-37318103-a5c1-4ed4-ad83-ca72ea86ae71 - - - - -] Service 27b05062-f4e2-41b9-a5a1-b78a8e7a7cab is updated
2017-10-28 09:50:42.123 28538 INFO heat.engine.service [req-8da90727-5137-4ad6-b1b2-d79072aee5f7 - - - - -] Service 174f2dbb-df8a-4407-b210-723a658db9cb is updated
2017-10-28 09:50:42.126 28523 INFO heat.engine.service [req-2e96ff85-705a-477f-b6f7-f3014c7de736 - - - - -] Service d7cc827c-6c72-4bc7-9c27-48fae872f1b6 is updated
2017-10-28 09:50:42.147 28562 INFO heat.engine.service [req-9bf9b146-fd1e-4e2d-98c7-66dd1c838aba - - - - -] Service b207e39f-b808-4c6c-8285-bd415d13ec10 is updated
2017-10-28 09:50:42.171 28561 INFO heat.engine.service [req-2a764c7d-afa2-4c2a-a6cf-2b28502584cd - - - - -] Service 5320c9fe-fd90-45e2-9c81-06f88b38f36b is updated
2017-10-28 09:50:42.176 28510 INFO heat.engine.service [req-bb573d83-c60a-4f84-af8e-97d9eb135d9e - - - - -] Service 4669f065-a489-481e-9850-91a9f44bc077 is updated
2017-10-28 09:50:42.183 28520 INFO heat.engine.service [req-32e47ce6-c392-4acc-a1a4-92678379bb9a - - - - -] Service 4afb81d2-1ea2-4a4b-bc5f-b909623e3e74 is updated
2017-10-28 09:50:42.193 28536 INFO heat.engine.service [req-8dddbe9d-14d9-4554-b78e-379a677d23ff - - - - -] Service 98ecc1ea-b227-42dc-82e7-30ac1ed9fca4 is updated
2017-10-28 09:50:42.200 28564 INFO heat.engine.service [req-b43ddb06-d826-48d9-a546-8624ba1fa59e - - - - -] Service 8f50a07c-7ad8-4a6d-a9d3-37e4c8f0ba53 is updated
2017-10-28 09:50:42.221 28560 INFO heat.engine.service [req-f049099e-7a84-44c8-aa01-f18690ad9d89 - - - - -] Service 3b95e8e7-8709-45d2-a464-bac772180735 is updated
2017-10-28 09:50:42.240 28563 INFO heat.engine.service [req-06fe677c-2fab-456e-976e-f99adc6180ea - - - - -] Service 4eca1835-2fb1-450f-b336-3867986a581d is updated
2017-10-28 09:50:42.243 28557 INFO heat.engine.service [req-3c2c7ffc-554e-452d-a6c8-593ed289fee6 - - - - -] Service 98f930a8-31b2-4e4d-8712-9e6fea660e73 is updated
2017-10-28 09:50:42.298 28519 INFO heat.engine.service [req-3a10abec-9d85-425d-a0e6-394812a44475 - - - - -] Service 7d2457db-265f-4f09-a7ed-68db183e0384 is updated
2017-10-28 09:50:42.311 28533 INFO heat.engine.service [req-e7e23f46-49f6-4604-8a9f-f1c4c1297b37 - - - - -] Service 3a35d7bf-f1bd-4589-a5c3-8000c3b24793 is updated
2017-10-28 09:50:42.318 28524 INFO heat.engine.service [req-93b98294-baea-4807-8c30-d16823f3998b - - - - -] Service 2f511c44-ddf4-43a7-9fd0-41f210a8b669 is updated
2017-10-28 09:50:42.364 28547 INFO heat.engine.service [req-46e560e6-84e4-4560-b4ed-6f64c99a4fab - - - - -] Service 25707d32-efb1-423a-b2d4-e11dfe67bcdc is updated
2017-10-28 09:50:42.372 28517 INFO heat.engine.service [req-fda4b8af-993c-4ede-a253-9e181f790e26 - - - - -] Service 750cf73f-337d-432c-9d53-30fab548b45c is updated
2017-10-28 09:50:42.399 28554 INFO heat.engine.service [req-07dc3bac-9df1-4e4b-9cae-201e2c52fffa - - - - -] Service c7479ed7-747a-48d4-9a5a-b7161a57c39e is updated
2017-10-28 09:50:42.402 28541 INFO heat.engine.service [req-2da155cd-d81a-4fa4-97b3-95cafb301e6b - - - - -] Service 28f76f02-d340-4517-9f1d-cb1f7fd704ac is updated
2017-10-28 09:50:42.424 28549 INFO heat.engine.service [req-cccb1300-9a85-4992-80ec-9e20f3c67776 - - - - -] Service 8942a6af-7411-45cf-9672-1c7d3127c49f is updated
2017-10-28 09:50:42.429 28534 INFO heat.engine.service [req-0b4d1fa5-6e92-45f0-a877-ccbb9af281aa - - - - -] Service 7cdf9070-e34d-436d-aa75-65b1eb388638 is updated
2017-10-28 09:50:42.435 28530 INFO heat.engine.service [req-1d1ca1d7-437a-4264-8751-92b9d075c06e - - - - -] Service caf6df39-f07f-489e-9581-9b70becae9e2 is updated
2017-10-28 09:50:42.438 28537 INFO heat.engine.service [req-82d03338-7d79-4b73-8268-9a116c42d841 - - - - -] Service fd1e41c5-b76e-4f95-9fd6-4a9c3d626081 is updated
2017-10-28 09:50:42.438 28512 INFO heat.engine.service [req-3af169e9-8485-4953-8830-5b129a9b5917 - - - - -] Service fc9cbb06-6f7c-4b69-b947-05f204b3ce3c is updated
2017-10-28 09:50:42.465 28556 INFO heat.engine.service [req-7cfcbea3-b4d5-4c6e-8dd1-541e3bf9f93e - - - - -] Service 30227806-eb6a-421b-b64b-1f4e769dde97 is updated
2017-10-28 09:50:42.475 28518 INFO heat.engine.service [req-ef518e4c-4570-4c4a-a54b-216f9f084139 - - - - -] Service dd24efbc-8915-43d4-af30-b40fa3b43c47 is updated
2017-10-28 09:50:42.508 28535 INFO heat.engine.service [req-90cca844-d004-415f-9c30-8c3337f33cae - - - - -] Service fb8da2fb-0ff3-4afc-956a-7d78b638efc3 is updated
2017-10-28 09:50:42.529 28558 INFO heat.engine.service [req-3a4960c2-34da-42a5-bd7a-3dc7ffeb162e - - - - -] Service ce91c6b2-92c3-4791-9658-c7753c86c265 is updated
2017-10-28 09:50:42.563 28551 INFO heat.engine.service [req-37b14f72-b42b-47e0-966b-53f83ea4a3b3 - - - - -] Service 560cd9d1-ade5-4123-8efe-4822dbddfe23 is updated
2017-10-28 09:50:42.582 28550 INFO heat.engine.service [req-ac0ba726-1de3-40a1-9972-ba5c2b386293 - - - - -] Service ac79e68c-b408-42b8-9a3f-aaa256fcf8f0 is updated
2017-10-28 09:50:42.592 28515 INFO heat.engine.service [req-c97eeb57-2d21-4ac6-8117-b82d9f6484d8 - - - - -] Service 1a670f48-191d-4af2-ba9b-d59280a34029 is updated
2017-10-28 09:50:42.593 28555 INFO heat.engine.service [req-ed10d349-285b-4d88-ac56-2aac893d53b5 - - - - -] Service 6b1b66de-35d9-4105-bcd5-aa680ffcddec is updated
2017-10-28 09:50:42.614 28540 INFO heat.engine.service [req-9a5042bc-9720-4fc5-917c-45116ef8cbee - - - - -] Service 48ab0354-0cc3-4574-8b4b-39578b4811f9 is updated
2017-10-28 09:50:42.640 28521 INFO heat.engine.service [req-5cdeee0a-5d4c-4014-8747-9bddf4b0f2bc - - - - -] Service d42598ab-5331-4bf4-a271-327e00c8675f is updated
2017-10-28 09:50:42.640 28525 INFO heat.engine.service [req-817c010a-622d-455c-99f2-3ea883684122 - - - - -] Service 12fa1fd5-3e02-4695-9acb-ecf6d0c6be7e is updated
2017-10-28 09:50:42.647 28531 INFO heat.engine.service [req-d059c9bc-ade9-4d57-86bd-352461c11423 - - - - -] Service ff837399-1603-480b-89cf-1947330a42ab is updated
2017-10-28 09:50:42.782 28559 INFO heat.engine.service [req-882dfb8a-6c62-45f4-8c53-79ce250f9627 - - - - -] Service d321ca62-b768-43f2-9c4f-f4308f362b40 is updated
2017-10-28 09:50:42.886 28539 INFO heat.engine.service [req-9361b054-4435-4d4c-becb-45182a4d1914 - - - - -] Service 75a95404-a1b5-44f6-ba31-90e0e95c8ad0 is updated
2017-10-28 09:50:44.170 28514 INFO heat.engine.service [req-e24bdcd0-b3f6-4d2e-b8ce-252086b15918 - - - - -] Service c1ca77d3-4c81-441a-914c-e8e1795d0819 is updated
2017-10-28 09:51:41.885 28529 INFO heat.engine.service [req-05c2d682-8532-4fdb-a7cf-077c52e590da - - - - -] Service 4e596928-014f-46fe-904b-2c69d0122faa is updated
2017-10-28 09:51:41.992 28511 INFO heat.engine.service [req-669ec285-976c-46b8-b184-bd4c32765a9f - - - - -] Service c4991b42-b929-41c8-92ba-07735294b97d is updated
2017-10-28 09:51:41.992 28522 INFO heat.engine.service [req-8a68a87c-2cb6-4db4-9831-c8456783030b - - - - -] Service 0b05fddd-7118-49f7-b698-e81b89f80dd0 is updated
2017-10-28 09:51:42.001 28553 INFO heat.engine.service [req-6ea9ad4b-d212-4a30-850c-df63d5e1d8eb - - - - -] Service 1231c634-a611-4552-9733-0bcd0229559d is updated
2017-10-28 09:51:42.025 28532 INFO heat.engine.service [req-64ffded4-b024-463b-a001-a8b118cc40bb - - - - -] Service 5e954547-3083-4e91-b56e-edaec69d9004 is updated
2017-10-28 09:51:42.025 28542 INFO heat.engine.service [req-49eaa207-892e-4327-b591-27d53a0e7f2c - - - - -] Service 94a1afb2-8a32-439d-ab8f-e06a961e4433 is updated
2017-10-28 09:51:42.081 28552 INFO heat.engine.service [req-32d03d61-21a0-410c-8d86-3ddaacaabf6f - - - - -] Service e9eaa51d-d288-442a-bc48-944d997543a3 is updated
2017-10-28 09:51:42.090 28513 INFO heat.engine.service [req-c9ea0e3f-4ec2-43c1-bb81-b3913c7f3c2d - - - - -] Service 5ce1d5ea-a507-4dce-98d2-430354f1824f is updated
2017-10-28 09:51:42.110 28516 INFO heat.engine.service [req-7506641c-a7e4-4b06-a93c-7be0e388455f - - - - -] Service 2d84e3bb-febf-485e-87fe-d93b4c80d1c4 is updated
2017-10-28 09:51:42.121 28538 INFO heat.engine.service [req-96ee9438-70cc-4056-923f-ed994a1736ee - - - - -] Service 174f2dbb-df8a-4407-b210-723a658db9cb is updated
2017-10-28 09:51:42.121 28527 INFO heat.engine.service [req-9230ba44-ba9b-4c5d-9a83-e6287127df96 - - - - -] Service 27b05062-f4e2-41b9-a5a1-b78a8e7a7cab is updated
2017-10-28 09:51:42.124 28523 INFO heat.engine.service [req-49133df2-3dd7-4d43-8d24-99cde258c9af - - - - -] Service d7cc827c-6c72-4bc7-9c27-48fae872f1b6 is updated
2017-10-28 09:51:42.144 28562 INFO heat.engine.service [req-84ef0f1f-f567-4665-bd11-e4eb7ea0a107 - - - - -] Service b207e39f-b808-4c6c-8285-bd415d13ec10 is updated
2017-10-28 09:51:42.169 28561 INFO heat.engine.service [req-5c956f62-4592-43f9-9ce1-aaf26b416d21 - - - - -] Service 5320c9fe-fd90-45e2-9c81-06f88b38f36b is updated
2017-10-28 09:51:42.176 28510 INFO heat.engine.service [req-48bd0e83-61b1-45dc-aafe-bddc41b70020 - - - - -] Service 4669f065-a489-481e-9850-91a9f44bc077 is updated
2017-10-28 09:51:42.182 28520 INFO heat.engine.service [req-d9b8eeaf-bf62-4827-9baf-a9bca8b0fb92 - - - - -] Service 4afb81d2-1ea2-4a4b-bc5f-b909623e3e74 is updated
2017-10-28 09:51:42.190 28536 INFO heat.engine.service [req-0a4e8121-0629-46ea-aabe-5dce971f8633 - - - - -] Service 98ecc1ea-b227-42dc-82e7-30ac1ed9fca4 is updated
2017-10-28 09:51:42.198 28564 INFO heat.engine.service [req-250406c1-31bd-40dc-bc0a-01097bbc1f50 - - - - -] Service 8f50a07c-7ad8-4a6d-a9d3-37e4c8f0ba53 is updated
2017-10-28 09:51:42.219 28560 INFO heat.engine.service [req-31aa0310-ee16-4ae0-9465-4941799bb0d9 - - - - -] Service 3b95e8e7-8709-45d2-a464-bac772180735 is updated
2017-10-28 09:51:42.266 28563 INFO heat.engine.service [req-30c08338-a363-4ad9-ad5b-9d1b432e20da - - - - -] Service 4eca1835-2fb1-450f-b336-3867986a581d is updated
2017-10-28 09:51:42.269 28557 INFO heat.engine.service [req-e60abefa-5f49-46e5-88f0-8307385e6d15 - - - - -] Service 98f930a8-31b2-4e4d-8712-9e6fea660e73 is updated
2017-10-28 09:51:42.296 28519 INFO heat.engine.service [req-98660784-30d5-4d7f-b73c-15fec7da2b01 - - - - -] Service 7d2457db-265f-4f09-a7ed-68db183e0384 is updated
2017-10-28 09:51:42.309 28533 INFO heat.engine.service [req-d475404f-54ce-4a61-a665-bacd50978ffc - - - - -] Service 3a35d7bf-f1bd-4589-a5c3-8000c3b24793 is updated
2017-10-28 09:51:42.314 28524 INFO heat.engine.service [req-2053daa8-9d36-4a60-afd4-0f09b46bb4e5 - - - - -] Service 2f511c44-ddf4-43a7-9fd0-41f210a8b669 is updated
2017-10-28 09:51:42.362 28547 INFO heat.engine.service [req-706828f6-1c1c-4239-bb2f-fc9fe1f748a7 - - - - -] Service 25707d32-efb1-423a-b2d4-e11dfe67bcdc is updated
2017-10-28 09:51:42.371 28517 INFO heat.engine.service [req-3f90add4-8269-472c-98de-76d3d2a94cbc - - - - -] Service 750cf73f-337d-432c-9d53-30fab548b45c is updated
2017-10-28 09:51:42.397 28554 INFO heat.engine.service [req-bd62be8c-6c6e-414b-92a1-1e5bb88edeb2 - - - - -] Service c7479ed7-747a-48d4-9a5a-b7161a57c39e is updated
2017-10-28 09:51:42.401 28541 INFO heat.engine.service [req-3a2c8fe0-7bde-4921-ab33-8da592717eb6 - - - - -] Service 28f76f02-d340-4517-9f1d-cb1f7fd704ac is updated
2017-10-28 09:51:42.424 28534 INFO heat.engine.service [req-171e8b0d-7a32-463d-af77-a31b92cc20a2 - - - - -] Service 7cdf9070-e34d-436d-aa75-65b1eb388638 is updated
2017-10-28 09:51:42.433 28530 INFO heat.engine.service [req-40c2e6b5-4b28-4746-b0ea-302e0fe33825 - - - - -] Service caf6df39-f07f-489e-9581-9b70becae9e2 is updated
2017-10-28 09:51:42.434 28537 INFO heat.engine.service [req-bf658bd9-593d-4f3c-a3bd-d9cf5d92176b - - - - -] Service fd1e41c5-b76e-4f95-9fd6-4a9c3d626081 is updated
2017-10-28 09:51:42.435 28512 INFO heat.engine.service [req-76103c8f-e25e-4f40-a4f5-0a21c57f35fe - - - - -] Service fc9cbb06-6f7c-4b69-b947-05f204b3ce3c is updated
2017-10-28 09:51:42.436 28549 INFO heat.engine.service [req-679dbd38-f737-43b9-9e84-dc801d1742ef - - - - -] Service 8942a6af-7411-45cf-9672-1c7d3127c49f is updated
2017-10-28 09:51:42.462 28556 INFO heat.engine.service [req-ee718d4f-fbc1-4b55-b136-0ae4e0d8fc32 - - - - -] Service 30227806-eb6a-421b-b64b-1f4e769dde97 is updated
2017-10-28 09:51:42.472 28518 INFO heat.engine.service [req-fffe6a0b-d8da-4c8b-956c-af991ad11ca6 - - - - -] Service dd24efbc-8915-43d4-af30-b40fa3b43c47 is updated
2017-10-28 09:51:42.508 28535 INFO heat.engine.service [req-2ea7ff97-6a9d-475e-ba9e-c2a433c47144 - - - - -] Service fb8da2fb-0ff3-4afc-956a-7d78b638efc3 is updated
2017-10-28 09:51:42.525 28558 INFO heat.engine.service [req-1ba5c266-359f-415c-a3ab-b42998e07c4d - - - - -] Service ce91c6b2-92c3-4791-9658-c7753c86c265 is updated
2017-10-28 09:51:42.560 28551 INFO heat.engine.service [req-4e832b65-c7f1-4f87-b52a-fa725979f625 - - - - -] Service 560cd9d1-ade5-4123-8efe-4822dbddfe23 is updated
2017-10-28 09:51:42.579 28550 INFO heat.engine.service [req-6cfd0325-d0a6-43a5-9568-734421fcf44a - - - - -] Service ac79e68c-b408-42b8-9a3f-aaa256fcf8f0 is updated
2017-10-28 09:51:42.590 28515 INFO heat.engine.service [req-c87a1738-65be-451d-bad6-4eb2010187dd - - - - -] Service 1a670f48-191d-4af2-ba9b-d59280a34029 is updated
2017-10-28 09:51:42.591 28555 INFO heat.engine.service [req-f6109bda-2765-47e2-a449-43d85e9c87dc - - - - -] Service 6b1b66de-35d9-4105-bcd5-aa680ffcddec is updated
2017-10-28 09:51:42.611 28540 INFO heat.engine.service [req-68021954-39f6-4966-b5af-b792d6f415f2 - - - - -] Service 48ab0354-0cc3-4574-8b4b-39578b4811f9 is updated
2017-10-28 09:51:42.637 28525 INFO heat.engine.service [req-9a32446c-6437-4d4e-ba0d-8adc886c6343 - - - - -] Service 12fa1fd5-3e02-4695-9acb-ecf6d0c6be7e is updated
2017-10-28 09:51:42.640 28521 INFO heat.engine.service [req-f57315c4-b07b-441e-991d-495f92f7ec6b - - - - -] Service d42598ab-5331-4bf4-a271-327e00c8675f is updated
2017-10-28 09:51:42.645 28531 INFO heat.engine.service [req-e67df223-de98-4eee-8146-c1b740ce2341 - - - - -] Service ff837399-1603-480b-89cf-1947330a42ab is updated
2017-10-28 09:51:42.780 28559 INFO heat.engine.service [req-a1f81cbd-d7a5-45cb-9e3e-501d0a2dfb5b - - - - -] Service d321ca62-b768-43f2-9c4f-f4308f362b40 is updated
2017-10-28 09:51:42.883 28539 INFO heat.engine.service [req-b903c2e4-4279-4544-b826-60d713bdcc89 - - - - -] Service 75a95404-a1b5-44f6-ba31-90e0e95c8ad0 is updated
2017-10-28 09:51:44.169 28514 INFO heat.engine.service [req-caa522b8-5f98-43d0-828c-c4f259e33fc8 - - - - -] Service c1ca77d3-4c81-441a-914c-e8e1795d0819 is updated
2017-10-28 09:52:41.884 28529 INFO heat.engine.service [req-0a62ebeb-8f81-4ff4-a8cd-f10b0307a713 - - - - -] Service 4e596928-014f-46fe-904b-2c69d0122faa is updated
2017-10-28 09:52:41.988 28522 INFO heat.engine.service [req-92fbc0a4-80e3-4796-afaf-1c87f1fc1f62 - - - - -] Service 0b05fddd-7118-49f7-b698-e81b89f80dd0 is updated
2017-10-28 09:52:41.990 28511 INFO heat.engine.service [req-410de578-5c18-4d83-8068-bf0e8db5c11e - - - - -] Service c4991b42-b929-41c8-92ba-07735294b97d is updated
2017-10-28 09:52:41.998 28553 INFO heat.engine.service [req-ad67ade3-36da-4a4c-9160-557f17edbba7 - - - - -] Service 1231c634-a611-4552-9733-0bcd0229559d is updated
2017-10-28 09:52:42.023 28532 INFO heat.engine.service [req-49d2bf6e-18ea-4f2d-9a63-98a8224ead19 - - - - -] Service 5e954547-3083-4e91-b56e-edaec69d9004 is updated
2017-10-28 09:52:42.024 28542 INFO heat.engine.service [req-e160a03f-f252-4533-86db-65827ec58e57 - - - - -] Service 94a1afb2-8a32-439d-ab8f-e06a961e4433 is updated
2017-10-28 09:52:42.078 28552 INFO heat.engine.service [req-a39af1be-6ba2-4234-8758-d79fcb70bdbb - - - - -] Service e9eaa51d-d288-442a-bc48-944d997543a3 is updated
2017-10-28 09:52:42.086 28513 INFO heat.engine.service [req-c1b94bec-f001-4136-aece-31a09c6ee1fa - - - - -] Service 5ce1d5ea-a507-4dce-98d2-430354f1824f is updated
2017-10-28 09:52:42.139 28516 INFO heat.engine.service [req-2fd9b375-0bd4-45d7-9249-99e4010ad490 - - - - -] Service 2d84e3bb-febf-485e-87fe-d93b4c80d1c4 is updated
2017-10-28 09:52:42.146 28562 INFO heat.engine.service [req-4da6c1ad-1496-45e6-9421-d00ee871c0ba - - - - -] Service b207e39f-b808-4c6c-8285-bd415d13ec10 is updated
2017-10-28 09:52:42.147 28538 INFO heat.engine.service [req-94e81446-e1e7-4811-b8b5-b7050e24d0ae - - - - -] Service 174f2dbb-df8a-4407-b210-723a658db9cb is updated
2017-10-28 09:52:42.148 28523 INFO heat.engine.service [req-e265a208-fdc4-4c1b-959a-34aaca80e83e - - - - -] Service d7cc827c-6c72-4bc7-9c27-48fae872f1b6 is updated
2017-10-28 09:52:42.149 28527 INFO heat.engine.service [req-9edd71b7-2ca5-46ed-ba8f-3f57c68e75f8 - - - - -] Service 27b05062-f4e2-41b9-a5a1-b78a8e7a7cab is updated
2017-10-28 09:52:42.165 28561 INFO heat.engine.service [req-3805df9a-ea4a-4975-b54d-15239b987b2a - - - - -] Service 5320c9fe-fd90-45e2-9c81-06f88b38f36b is updated
2017-10-28 09:52:42.170 28510 INFO heat.engine.service [req-a3a2fe1a-78c8-46e3-b10d-4f561ece8d51 - - - - -] Service 4669f065-a489-481e-9850-91a9f44bc077 is updated
2017-10-28 09:52:42.179 28520 INFO heat.engine.service [req-785fcf84-b3c3-452c-8dc4-bdb8e6071197 - - - - -] Service 4afb81d2-1ea2-4a4b-bc5f-b909623e3e74 is updated
2017-10-28 09:52:42.186 28536 INFO heat.engine.service [req-3945f15d-2e67-4cf7-9163-1cf98918e2db - - - - -] Service 98ecc1ea-b227-42dc-82e7-30ac1ed9fca4 is updated
2017-10-28 09:52:42.196 28564 INFO heat.engine.service [req-ee7bf7d2-9654-436a-bc33-ad9ae7ada430 - - - - -] Service 8f50a07c-7ad8-4a6d-a9d3-37e4c8f0ba53 is updated
2017-10-28 09:52:42.217 28560 INFO heat.engine.service [req-f338eb28-19bd-4ce9-af5f-d75119b0dd2a - - - - -] Service 3b95e8e7-8709-45d2-a464-bac772180735 is updated
2017-10-28 09:52:42.245 28563 INFO heat.engine.service [req-e9dbaa47-67be-45d0-8044-2c73a7789b62 - - - - -] Service 4eca1835-2fb1-450f-b336-3867986a581d is updated
2017-10-28 09:52:42.246 28557 INFO heat.engine.service [req-ffd5cd26-6b2a-4810-a868-95eee3daa36a - - - - -] Service 98f930a8-31b2-4e4d-8712-9e6fea660e73 is updated
2017-10-28 09:52:42.293 28519 INFO heat.engine.service [req-b782b451-a95e-4592-b6e7-2fdb07c755b8 - - - - -] Service 7d2457db-265f-4f09-a7ed-68db183e0384 is updated
2017-10-28 09:52:42.309 28533 INFO heat.engine.service [req-e7d3ca68-4c93-4b30-9346-c9c9c55d0a7c - - - - -] Service 3a35d7bf-f1bd-4589-a5c3-8000c3b24793 is updated
2017-10-28 09:52:42.311 28524 INFO heat.engine.service [req-12948806-8010-455b-81f1-e228a1ccf485 - - - - -] Service 2f511c44-ddf4-43a7-9fd0-41f210a8b669 is updated
2017-10-28 09:52:42.360 28547 INFO heat.engine.service [req-5d03e337-5d8e-4b00-ac0d-b5093acb057c - - - - -] Service 25707d32-efb1-423a-b2d4-e11dfe67bcdc is updated
2017-10-28 09:52:42.369 28517 INFO heat.engine.service [req-c5ee6cb5-1f7a-4060-85ad-3e5e363f902a - - - - -] Service 750cf73f-337d-432c-9d53-30fab548b45c is updated
2017-10-28 09:52:42.395 28554 INFO heat.engine.service [req-7b2efa8d-7ca3-43a8-a6e3-7091b5cbfe62 - - - - -] Service c7479ed7-747a-48d4-9a5a-b7161a57c39e is updated
2017-10-28 09:52:42.398 28541 INFO heat.engine.service [req-3123f20b-5f4a-4417-ad73-063dca9a4846 - - - - -] Service 28f76f02-d340-4517-9f1d-cb1f7fd704ac is updated
2017-10-28 09:52:42.423 28534 INFO heat.engine.service [req-850a80c5-b53c-4238-b5b1-90e757faeddb - - - - -] Service 7cdf9070-e34d-436d-aa75-65b1eb388638 is updated
2017-10-28 09:52:42.431 28530 INFO heat.engine.service [req-b5b24083-66ee-44fa-b32f-45a0bb7ff400 - - - - -] Service caf6df39-f07f-489e-9581-9b70becae9e2 is updated
2017-10-28 09:52:42.431 28537 INFO heat.engine.service [req-4c3b9bf6-4f33-4796-904b-032232f9bf3b - - - - -] Service fd1e41c5-b76e-4f95-9fd6-4a9c3d626081 is updated
2017-10-28 09:52:42.433 28512 INFO heat.engine.service [req-5d94c006-ad5f-46a2-adaa-8d217f661d7e - - - - -] Service fc9cbb06-6f7c-4b69-b947-05f204b3ce3c is updated
2017-10-28 09:52:42.435 28549 INFO heat.engine.service [req-35bde5d4-dd16-47d2-b61f-9fc659eb6946 - - - - -] Service 8942a6af-7411-45cf-9672-1c7d3127c49f is updated
2017-10-28 09:52:42.462 28556 INFO heat.engine.service [req-b1a019f6-34a2-42b7-97d5-183fbbd9c00c - - - - -] Service 30227806-eb6a-421b-b64b-1f4e769dde97 is updated
2017-10-28 09:52:42.471 28518 INFO heat.engine.service [req-8d89321e-d673-40ed-82d7-4d16e76b0af4 - - - - -] Service dd24efbc-8915-43d4-af30-b40fa3b43c47 is updated
2017-10-28 09:52:42.508 28535 INFO heat.engine.service [req-cc30473e-18c7-479b-94c8-455258d81d66 - - - - -] Service fb8da2fb-0ff3-4afc-956a-7d78b638efc3 is updated
2017-10-28 09:52:42.523 28558 INFO heat.engine.service [req-35d9406d-d589-4f10-bfff-a3c986871a8a - - - - -] Service ce91c6b2-92c3-4791-9658-c7753c86c265 is updated
2017-10-28 09:52:42.557 28551 INFO heat.engine.service [req-9e7a224a-e2f4-4ad1-9827-e8975d66b399 - - - - -] Service 560cd9d1-ade5-4123-8efe-4822dbddfe23 is updated
2017-10-28 09:52:42.578 28550 INFO heat.engine.service [req-7c9cb156-edda-4d8b-8a0d-01a65e0b188b - - - - -] Service ac79e68c-b408-42b8-9a3f-aaa256fcf8f0 is updated
2017-10-28 09:52:42.588 28555 INFO heat.engine.service [req-3e407fb3-ff1b-4f3e-9cfd-50b889984c15 - - - - -] Service 6b1b66de-35d9-4105-bcd5-aa680ffcddec is updated
2017-10-28 09:52:42.588 28515 INFO heat.engine.service [req-653c09c6-e037-41cc-88eb-c977b2573337 - - - - -] Service 1a670f48-191d-4af2-ba9b-d59280a34029 is updated
2017-10-28 09:52:42.609 28540 INFO heat.engine.service [req-f5209306-b3b4-4af0-9840-614e45114874 - - - - -] Service 48ab0354-0cc3-4574-8b4b-39578b4811f9 is updated
2017-10-28 09:52:42.635 28525 INFO heat.engine.service [req-db91efbe-921a-4d9f-a29a-acc32016f1a6 - - - - -] Service 12fa1fd5-3e02-4695-9acb-ecf6d0c6be7e is updated
2017-10-28 09:52:42.637 28521 INFO heat.engine.service [req-9c813eba-752d-4fb7-a106-0aed65abe0fa - - - - -] Service d42598ab-5331-4bf4-a271-327e00c8675f is updated
2017-10-28 09:52:42.641 28531 INFO heat.engine.service [req-f06763da-c216-4db0-9765-09bba5c385a8 - - - - -] Service ff837399-1603-480b-89cf-1947330a42ab is updated
2017-10-28 09:52:42.779 28559 INFO heat.engine.service [req-e89eec9a-856c-49bd-bf2d-73aeb853d487 - - - - -] Service d321ca62-b768-43f2-9c4f-f4308f362b40 is updated
2017-10-28 09:52:42.881 28539 INFO heat.engine.service [req-f906cd1f-b37d-4196-a252-ae39ab2c9d00 - - - - -] Service 75a95404-a1b5-44f6-ba31-90e0e95c8ad0 is updated
2017-10-28 09:52:44.168 28514 INFO heat.engine.service [req-3a61b598-ee83-4c3d-a2b2-97542c6de9ff - - - - -] Service c1ca77d3-4c81-441a-914c-e8e1795d0819 is updated
2017-10-28 09:53:41.882 28529 INFO heat.engine.service [req-08fd7750-0cf3-45d6-803d-cb70dc0819c1 - - - - -] Service 4e596928-014f-46fe-904b-2c69d0122faa is updated
2017-10-28 09:53:41.986 28522 INFO heat.engine.service [req-ca149963-d1a2-4a84-b426-4837f4a82af7 - - - - -] Service 0b05fddd-7118-49f7-b698-e81b89f80dd0 is updated
2017-10-28 09:53:41.987 28511 INFO heat.engine.service [req-8fa5708a-d095-4e0e-9593-49acf9dafe4c - - - - -] Service c4991b42-b929-41c8-92ba-07735294b97d is updated
2017-10-28 09:53:41.994 28553 INFO heat.engine.service [req-2ea067be-cd03-486e-b222-fc0a73aa5f89 - - - - -] Service 1231c634-a611-4552-9733-0bcd0229559d is updated
2017-10-28 09:53:42.020 28532 INFO heat.engine.service [req-294dd0fb-54ac-4be6-a1c6-f7ee4f009b36 - - - - -] Service 5e954547-3083-4e91-b56e-edaec69d9004 is updated
2017-10-28 09:53:42.022 28542 INFO heat.engine.service [req-9661358b-ac74-449c-8931-f2a0f2daa12a - - - - -] Service 94a1afb2-8a32-439d-ab8f-e06a961e4433 is updated
2017-10-28 09:53:42.075 28552 INFO heat.engine.service [req-f3c9c867-f049-4420-8573-24805840bab2 - - - - -] Service e9eaa51d-d288-442a-bc48-944d997543a3 is updated
2017-10-28 09:53:42.082 28513 INFO heat.engine.service [req-8fb945a1-d61b-40fb-9313-ebea0e8219c2 - - - - -] Service 5ce1d5ea-a507-4dce-98d2-430354f1824f is updated
2017-10-28 09:53:42.109 28516 INFO heat.engine.service [req-bb798ef3-c107-4946-941a-d57e776eee6b - - - - -] Service 2d84e3bb-febf-485e-87fe-d93b4c80d1c4 is updated
2017-10-28 09:53:42.114 28538 INFO heat.engine.service [req-154609da-4579-456a-97af-d79d9e2d5c2e - - - - -] Service 174f2dbb-df8a-4407-b210-723a658db9cb is updated
2017-10-28 09:53:42.115 28527 INFO heat.engine.service [req-23d0e827-8700-452a-93e9-c593f3ae8352 - - - - -] Service 27b05062-f4e2-41b9-a5a1-b78a8e7a7cab is updated
2017-10-28 09:53:42.122 28523 INFO heat.engine.service [req-c22ecb1f-50c7-4230-a8b1-17fbe356f03a - - - - -] Service d7cc827c-6c72-4bc7-9c27-48fae872f1b6 is updated
2017-10-28 09:53:42.142 28562 INFO heat.engine.service [req-aca06180-4a4e-470d-bc99-997837b89f13 - - - - -] Service b207e39f-b808-4c6c-8285-bd415d13ec10 is updated
2017-10-28 09:53:42.163 28561 INFO heat.engine.service [req-862f67eb-0a07-4a30-b078-c0562e149100 - - - - -] Service 5320c9fe-fd90-45e2-9c81-06f88b38f36b is updated
2017-10-28 09:53:42.177 28510 INFO heat.engine.service [req-a5bc7b61-1986-4e83-be58-10088e0b8ee2 - - - - -] Service 4669f065-a489-481e-9850-91a9f44bc077 is updated
2017-10-28 09:53:42.177 28520 INFO heat.engine.service [req-eb0d28c9-4698-4cb4-aa61-9974fad8e682 - - - - -] Service 4afb81d2-1ea2-4a4b-bc5f-b909623e3e74 is updated
2017-10-28 09:53:42.182 28536 INFO heat.engine.service [req-f33e47df-218d-42e3-a628-632ca19ca272 - - - - -] Service 98ecc1ea-b227-42dc-82e7-30ac1ed9fca4 is updated
2017-10-28 09:53:42.193 28564 INFO heat.engine.service [req-6f64534a-aa20-49b0-840c-da288fd6059d - - - - -] Service 8f50a07c-7ad8-4a6d-a9d3-37e4c8f0ba53 is updated
2017-10-28 09:53:42.213 28560 INFO heat.engine.service [req-faf0aa62-23f1-4d74-9b56-6b0495bf604e - - - - -] Service 3b95e8e7-8709-45d2-a464-bac772180735 is updated
2017-10-28 09:53:42.242 28557 INFO heat.engine.service [req-8742bdd9-cb7c-4548-811f-db48f418f0a8 - - - - -] Service 98f930a8-31b2-4e4d-8712-9e6fea660e73 is updated
2017-10-28 09:53:42.243 28563 INFO heat.engine.service [req-e337c091-6090-47ef-ab4e-c6f043f3cb2e - - - - -] Service 4eca1835-2fb1-450f-b336-3867986a581d is updated
2017-10-28 09:53:42.291 28519 INFO heat.engine.service [req-876b067d-abab-44ae-a7e6-74261226ed3e - - - - -] Service 7d2457db-265f-4f09-a7ed-68db183e0384 is updated
2017-10-28 09:53:42.307 28524 INFO heat.engine.service [req-19acf60d-7a86-4f5b-a78f-bb9139e51f31 - - - - -] Service 2f511c44-ddf4-43a7-9fd0-41f210a8b669 is updated
2017-10-28 09:53:42.307 28533 INFO heat.engine.service [req-14332502-e49a-4516-a58b-b717969d638c - - - - -] Service 3a35d7bf-f1bd-4589-a5c3-8000c3b24793 is updated
2017-10-28 09:53:42.356 28547 INFO heat.engine.service [req-d9e5c8e6-0bed-43d5-aa1e-3acd781f396b - - - - -] Service 25707d32-efb1-423a-b2d4-e11dfe67bcdc is updated
2017-10-28 09:53:42.367 28517 INFO heat.engine.service [req-2d909629-99b4-4c09-8c3d-dd784843c436 - - - - -] Service 750cf73f-337d-432c-9d53-30fab548b45c is updated
2017-10-28 09:53:42.392 28554 INFO heat.engine.service [req-724d8c68-5532-478c-8f29-b26fc61048bc - - - - -] Service c7479ed7-747a-48d4-9a5a-b7161a57c39e is updated
2017-10-28 09:53:42.395 28541 INFO heat.engine.service [req-713e8081-71c8-49d2-9ba6-a49f90bea69e - - - - -] Service 28f76f02-d340-4517-9f1d-cb1f7fd704ac is updated
2017-10-28 09:53:42.420 28534 INFO heat.engine.service [req-a5b3fc12-9356-433e-8fe6-576167bda62d - - - - -] Service 7cdf9070-e34d-436d-aa75-65b1eb388638 is updated
2017-10-28 09:53:42.426 28530 INFO heat.engine.service [req-1e041ebb-a51a-470f-b1a2-d48406c865d6 - - - - -] Service caf6df39-f07f-489e-9581-9b70becae9e2 is updated
2017-10-28 09:53:42.427 28537 INFO heat.engine.service [req-6f649057-2915-49d7-aa22-1bfd07a4acb4 - - - - -] Service fd1e41c5-b76e-4f95-9fd6-4a9c3d626081 is updated
2017-10-28 09:53:42.429 28512 INFO heat.engine.service [req-8569c788-4ef8-4a01-b9ef-ebaf12cf4e76 - - - - -] Service fc9cbb06-6f7c-4b69-b947-05f204b3ce3c is updated
2017-10-28 09:53:42.433 28549 INFO heat.engine.service [req-3e932dd2-9de9-4827-8dde-926d1cc23e49 - - - - -] Service 8942a6af-7411-45cf-9672-1c7d3127c49f is updated
2017-10-28 09:53:42.460 28556 INFO heat.engine.service [req-dead2501-a5b1-44b7-879e-213a415b6e80 - - - - -] Service 30227806-eb6a-421b-b64b-1f4e769dde97 is updated
2017-10-28 09:53:42.468 28518 INFO heat.engine.service [req-0d24acc7-4cb3-4444-a9a2-76db2bfd9fdc - - - - -] Service dd24efbc-8915-43d4-af30-b40fa3b43c47 is updated
2017-10-28 09:53:42.508 28535 INFO heat.engine.service [req-289fd232-d3f0-4720-8250-ea48ec6ee478 - - - - -] Service fb8da2fb-0ff3-4afc-956a-7d78b638efc3 is updated
2017-10-28 09:53:42.520 28558 INFO heat.engine.service [req-428e41d9-9442-4b41-b36e-d9b2379676d2 - - - - -] Service ce91c6b2-92c3-4791-9658-c7753c86c265 is updated
2017-10-28 09:53:42.552 28551 INFO heat.engine.service [req-a9770cef-8b50-42c1-8109-bf100562a817 - - - - -] Service 560cd9d1-ade5-4123-8efe-4822dbddfe23 is updated
2017-10-28 09:53:42.575 28550 INFO heat.engine.service [req-1af939e8-8498-4788-97a5-47ca025b7e60 - - - - -] Service ac79e68c-b408-42b8-9a3f-aaa256fcf8f0 is updated
2017-10-28 09:53:42.585 28555 INFO heat.engine.service [req-4a766b30-7602-40ea-900e-f7e8e334f542 - - - - -] Service 6b1b66de-35d9-4105-bcd5-aa680ffcddec is updated
2017-10-28 09:53:42.585 28515 INFO heat.engine.service [req-d3334bb1-1fea-4809-81e1-1229441c2464 - - - - -] Service 1a670f48-191d-4af2-ba9b-d59280a34029 is updated
2017-10-28 09:53:42.606 28540 INFO heat.engine.service [req-8dd96e9b-bb43-4d2d-bba0-7d5ec6adacd2 - - - - -] Service 48ab0354-0cc3-4574-8b4b-39578b4811f9 is updated
2017-10-28 09:53:42.632 28525 INFO heat.engine.service [req-be51103d-e8e3-4aa0-bf32-da091332db78 - - - - -] Service 12fa1fd5-3e02-4695-9acb-ecf6d0c6be7e is updated
2017-10-28 09:53:42.634 28521 INFO heat.engine.service [req-95e31ca3-d41b-431f-85dc-a7640e992fbf - - - - -] Service d42598ab-5331-4bf4-a271-327e00c8675f is updated
2017-10-28 09:53:42.638 28531 INFO heat.engine.service [req-15925ed0-2483-446e-a105-ce48176a0482 - - - - -] Service ff837399-1603-480b-89cf-1947330a42ab is updated
2017-10-28 09:53:42.777 28559 INFO heat.engine.service [req-05d74e3c-7a57-427d-81ad-ac1bc27dd726 - - - - -] Service d321ca62-b768-43f2-9c4f-f4308f362b40 is updated
2017-10-28 09:53:42.897 28539 INFO heat.engine.service [req-d1782f70-0414-4e86-b22f-6db9913f4ec0 - - - - -] Service 75a95404-a1b5-44f6-ba31-90e0e95c8ad0 is updated
2017-10-28 09:53:44.166 28514 INFO heat.engine.service [req-6d5130ee-44a5-4fb0-8d93-b9e51ab91acf - - - - -] Service c1ca77d3-4c81-441a-914c-e8e1795d0819 is updated
