2017-10-28 10:25:42.399 28530 INFO heat.engine.service [req-5fc8efc1-9a31-4bc3-a272-3b71f79773be - - - - -] Service caf6df39-f07f-489e-9581-9b70becae9e2 is updated
2017-10-28 10:25:42.404 28556 INFO heat.engine.service [req-94388ad3-fe97-48c2-8f34-bfcfab633965 - - - - -] Service 30227806-eb6a-421b-b64b-1f4e769dde97 is updated
2017-10-28 10:25:42.438 28518 INFO heat.engine.service [req-0e0a2748-73c9-497a-95f5-ef2370e31403 - - - - -] Service dd24efbc-8915-43d4-af30-b40fa3b43c47 is updated
2017-10-28 10:25:42.455 28558 INFO heat.engine.service [req-0c1a3f7d-5dd8-4e9e-9db6-6d747a109cba - - - - -] Service ce91c6b2-92c3-4791-9658-c7753c86c265 is updated
2017-10-28 10:25:42.466 28535 INFO heat.engine.service [req-620af40f-ff7c-4bfd-aa30-03d5e7852f15 - - - - -] Service fb8da2fb-0ff3-4afc-956a-7d78b638efc3 is updated
2017-10-28 10:25:42.502 28551 INFO heat.engine.service [req-4780f451-55fd-4733-9dda-18f42a97f155 - - - - -] Service 560cd9d1-ade5-4123-8efe-4822dbddfe23 is updated
2017-10-28 10:25:42.520 28555 INFO heat.engine.service [req-9e373841-cb00-4bac-a6a8-86945e184879 - - - - -] Service 6b1b66de-35d9-4105-bcd5-aa680ffcddec is updated
2017-10-28 10:25:42.522 28515 INFO heat.engine.service [req-d4176b62-1e51-43df-a214-2ee0f0d0cb42 - - - - -] Service 1a670f48-191d-4af2-ba9b-d59280a34029 is updated
2017-10-28 10:25:42.544 28550 INFO heat.engine.service [req-621feb9e-2cba-4e97-a876-a01a04e6ad25 - - - - -] Service ac79e68c-b408-42b8-9a3f-aaa256fcf8f0 is updated
2017-10-28 10:25:42.560 28521 INFO heat.engine.service [req-a17eee5c-ebaf-4e21-b53e-dfc21d8ab262 - - - - -] Service d42598ab-5331-4bf4-a271-327e00c8675f is updated
2017-10-28 10:25:42.560 28540 INFO heat.engine.service [req-df09959b-1664-48c9-a026-dcf94087d3bc - - - - -] Service 48ab0354-0cc3-4574-8b4b-39578b4811f9 is updated
2017-10-28 10:25:42.565 28531 INFO heat.engine.service [req-248de9de-d257-4423-bcf1-6e17602b62dc - - - - -] Service ff837399-1603-480b-89cf-1947330a42ab is updated
2017-10-28 10:25:42.581 28525 INFO heat.engine.service [req-d5842f38-9192-4161-a32a-5cd2794c1706 - - - - -] Service 12fa1fd5-3e02-4695-9acb-ecf6d0c6be7e is updated
2017-10-28 10:25:42.753 28559 INFO heat.engine.service [req-3a2d2054-c6a5-4cc0-8685-28dd2ed116a1 - - - - -] Service d321ca62-b768-43f2-9c4f-f4308f362b40 is updated
2017-10-28 10:25:42.810 28539 INFO heat.engine.service [req-02af83f0-3686-43e4-a587-372a4d7689b6 - - - - -] Service 75a95404-a1b5-44f6-ba31-90e0e95c8ad0 is updated
2017-10-28 10:25:44.109 28514 INFO heat.engine.service [req-d4237325-e560-4337-9ee7-1d634667a194 - - - - -] Service c1ca77d3-4c81-441a-914c-e8e1795d0819 is updated
2017-10-28 10:26:41.818 28529 INFO heat.engine.service [req-ca953bc4-9963-49cd-aff4-7f9353cb9293 - - - - -] Service 4e596928-014f-46fe-904b-2c69d0122faa is updated
2017-10-28 10:26:41.933 28522 INFO heat.engine.service [req-1f4e49f2-b6a1-4102-bbd7-d25638353b0d - - - - -] Service 0b05fddd-7118-49f7-b698-e81b89f80dd0 is updated
2017-10-28 10:26:41.933 28511 INFO heat.engine.service [req-88702e60-21e3-4958-bac9-37bde0eb1234 - - - - -] Service c4991b42-b929-41c8-92ba-07735294b97d is updated
2017-10-28 10:26:41.946 28542 INFO heat.engine.service [req-6c37ba33-7727-478a-a406-65fa933ea22c - - - - -] Service 94a1afb2-8a32-439d-ab8f-e06a961e4433 is updated
2017-10-28 10:26:41.976 28532 INFO heat.engine.service [req-ab9d6fa9-605d-4241-ba59-974ebb3262c5 - - - - -] Service 5e954547-3083-4e91-b56e-edaec69d9004 is updated
2017-10-28 10:26:41.977 28553 INFO heat.engine.service [req-b8e73ede-450c-4638-9b93-287c212e0bb8 - - - - -] Service 1231c634-a611-4552-9733-0bcd0229559d is updated
2017-10-28 10:26:42.013 28552 INFO heat.engine.service [req-e6a5f674-795d-4dda-a254-7475e8e47648 - - - - -] Service e9eaa51d-d288-442a-bc48-944d997543a3 is updated
2017-10-28 10:26:42.013 28513 INFO heat.engine.service [req-939f3f4e-8161-4523-a073-acc5e5bcb16f - - - - -] Service 5ce1d5ea-a507-4dce-98d2-430354f1824f is updated
2017-10-28 10:26:42.053 28516 INFO heat.engine.service [req-cdf51d45-c66c-4241-8666-9691e5098c67 - - - - -] Service 2d84e3bb-febf-485e-87fe-d93b4c80d1c4 is updated
2017-10-28 10:26:42.080 28538 INFO heat.engine.service [req-8bd7e81b-016a-42e8-8e0d-a99ea119608d - - - - -] Service 174f2dbb-df8a-4407-b210-723a658db9cb is updated
2017-10-28 10:26:42.081 28527 INFO heat.engine.service [req-1bd5397f-c2da-42b1-bd82-63fdc1c0ec61 - - - - -] Service 27b05062-f4e2-41b9-a5a1-b78a8e7a7cab is updated
2017-10-28 10:26:42.089 28562 INFO heat.engine.service [req-b89dd3a0-a527-44b7-86f9-ab4b56e9b07c - - - - -] Service b207e39f-b808-4c6c-8285-bd415d13ec10 is updated
2017-10-28 10:26:42.100 28523 INFO heat.engine.service [req-e0fd1ba6-b057-4fdb-99be-8becdc446529 - - - - -] Service d7cc827c-6c72-4bc7-9c27-48fae872f1b6 is updated
2017-10-28 10:26:42.104 28561 INFO heat.engine.service [req-13db33d5-aa37-4da1-8090-67c6262a6781 - - - - -] Service 5320c9fe-fd90-45e2-9c81-06f88b38f36b is updated
2017-10-28 10:26:42.114 28520 INFO heat.engine.service [req-064ca2d5-29f3-4d45-8c99-1f39cc6877a4 - - - - -] Service 4afb81d2-1ea2-4a4b-bc5f-b909623e3e74 is updated
2017-10-28 10:26:42.126 28510 INFO heat.engine.service [req-26d3fbbd-e669-462f-837c-f9ac5888727d - - - - -] Service 4669f065-a489-481e-9850-91a9f44bc077 is updated
2017-10-28 10:26:42.127 28564 INFO heat.engine.service [req-f96ba957-faf0-4e83-919a-01af1659b46e - - - - -] Service 8f50a07c-7ad8-4a6d-a9d3-37e4c8f0ba53 is updated
2017-10-28 10:26:42.131 28536 INFO heat.engine.service [req-f78a2455-23c3-4a5a-a75b-ff558c5a4a59 - - - - -] Service 98ecc1ea-b227-42dc-82e7-30ac1ed9fca4 is updated
2017-10-28 10:26:42.150 28560 INFO heat.engine.service [req-23ce3ba9-e8f3-4b69-a3d8-3fbff5ab80f5 - - - - -] Service 3b95e8e7-8709-45d2-a464-bac772180735 is updated
2017-10-28 10:26:42.172 28557 INFO heat.engine.service [req-f4cb331f-d3a6-4b2d-859d-4f4de3940fb2 - - - - -] Service 98f930a8-31b2-4e4d-8712-9e6fea660e73 is updated
2017-10-28 10:26:42.232 28563 INFO heat.engine.service [req-5c045b9f-deba-4db9-bd5a-b93a5b42b5bb - - - - -] Service 4eca1835-2fb1-450f-b336-3867986a581d is updated
2017-10-28 10:26:42.235 28519 INFO heat.engine.service [req-bcd0183c-3bdd-4987-9528-140e44556d13 - - - - -] Service 7d2457db-265f-4f09-a7ed-68db183e0384 is updated
2017-10-28 10:26:42.258 28533 INFO heat.engine.service [req-5d9ad7f2-36b6-4363-8f86-4c2a12d1d58e - - - - -] Service 3a35d7bf-f1bd-4589-a5c3-8000c3b24793 is updated
2017-10-28 10:26:42.258 28524 INFO heat.engine.service [req-84397585-2318-4343-ba45-509770be09b1 - - - - -] Service 2f511c44-ddf4-43a7-9fd0-41f210a8b669 is updated
2017-10-28 10:26:42.294 28547 INFO heat.engine.service [req-c21bfb3d-4222-4b54-a220-ca67635ff1d2 - - - - -] Service 25707d32-efb1-423a-b2d4-e11dfe67bcdc is updated
2017-10-28 10:26:42.318 28517 INFO heat.engine.service [req-4a114e02-6475-4957-8d28-507e3e463a86 - - - - -] Service 750cf73f-337d-432c-9d53-30fab548b45c is updated
2017-10-28 10:26:42.352 28554 INFO heat.engine.service [req-1cdc5501-0de5-4e1f-b9f4-04a19cc154be - - - - -] Service c7479ed7-747a-48d4-9a5a-b7161a57c39e is updated
2017-10-28 10:26:42.357 28512 INFO heat.engine.service [req-eb229cdf-e89c-438d-b6ca-2163e09b31f5 - - - - -] Service fc9cbb06-6f7c-4b69-b947-05f204b3ce3c is updated
2017-10-28 10:26:42.367 28537 INFO heat.engine.service [req-97920bbe-97e3-4931-8b63-578796be3e01 - - - - -] Service fd1e41c5-b76e-4f95-9fd6-4a9c3d626081 is updated
2017-10-28 10:26:42.367 28541 INFO heat.engine.service [req-835388b6-b6ea-48a5-8288-18be632e7036 - - - - -] Service 28f76f02-d340-4517-9f1d-cb1f7fd704ac is updated
2017-10-28 10:26:42.374 28534 INFO heat.engine.service [req-86bfafc4-3ff4-4b82-9809-85876d038b4f - - - - -] Service 7cdf9070-e34d-436d-aa75-65b1eb388638 is updated
2017-10-28 10:26:42.376 28549 INFO heat.engine.service [req-a974f194-db84-404d-9f4f-274b4b2a681d - - - - -] Service 8942a6af-7411-45cf-9672-1c7d3127c49f is updated
2017-10-28 10:26:42.396 28530 INFO heat.engine.service [req-d1221f88-0c17-45c0-adde-2103cb92ad63 - - - - -] Service caf6df39-f07f-489e-9581-9b70becae9e2 is updated
2017-10-28 10:26:42.401 28556 INFO heat.engine.service [req-cfd0e095-4c1c-423d-8652-0db50b75deac - - - - -] Service 30227806-eb6a-421b-b64b-1f4e769dde97 is updated
2017-10-28 10:26:42.434 28518 INFO heat.engine.service [req-89743030-67c0-4cb3-be25-a93bd3668674 - - - - -] Service dd24efbc-8915-43d4-af30-b40fa3b43c47 is updated
2017-10-28 10:26:42.461 28558 INFO heat.engine.service [req-e7c82b26-7aaa-43e6-a035-475b67cc755b - - - - -] Service ce91c6b2-92c3-4791-9658-c7753c86c265 is updated
2017-10-28 10:26:42.473 28535 INFO heat.engine.service [req-e4ea72a9-dfaa-4e63-bf52-02631ca7489f - - - - -] Service fb8da2fb-0ff3-4afc-956a-7d78b638efc3 is updated
2017-10-28 10:26:42.499 28551 INFO heat.engine.service [req-8748d427-3850-459d-96ae-1597532ed3f9 - - - - -] Service 560cd9d1-ade5-4123-8efe-4822dbddfe23 is updated
2017-10-28 10:26:42.518 28555 INFO heat.engine.service [req-31eb4663-620e-4d2b-a18d-d8da55832f36 - - - - -] Service 6b1b66de-35d9-4105-bcd5-aa680ffcddec is updated
2017-10-28 10:26:42.518 28515 INFO heat.engine.service [req-ebc2a9be-a32c-498f-9e80-1c38bb1a4c8a - - - - -] Service 1a670f48-191d-4af2-ba9b-d59280a34029 is updated
2017-10-28 10:26:42.542 28550 INFO heat.engine.service [req-e4e45998-885f-4ed7-ab17-7e9e56fa00b7 - - - - -] Service ac79e68c-b408-42b8-9a3f-aaa256fcf8f0 is updated
2017-10-28 10:26:42.557 28521 INFO heat.engine.service [req-0aa0cb0a-b1b6-4022-a9be-2b057f8ef273 - - - - -] Service d42598ab-5331-4bf4-a271-327e00c8675f is updated
2017-10-28 10:26:42.557 28540 INFO heat.engine.service [req-96ed020a-3b55-4cd5-b660-b2480bc3ddfa - - - - -] Service 48ab0354-0cc3-4574-8b4b-39578b4811f9 is updated
2017-10-28 10:26:42.564 28531 INFO heat.engine.service [req-5a11d14b-902b-4659-b360-00972b4572b1 - - - - -] Service ff837399-1603-480b-89cf-1947330a42ab is updated
2017-10-28 10:26:42.577 28525 INFO heat.engine.service [req-e16166ae-e649-4e3f-9088-bb247e071e3b - - - - -] Service 12fa1fd5-3e02-4695-9acb-ecf6d0c6be7e is updated
2017-10-28 10:26:42.753 28559 INFO heat.engine.service [req-ad96e5d9-9dc8-44c7-87bd-286a00d27d6f - - - - -] Service d321ca62-b768-43f2-9c4f-f4308f362b40 is updated
2017-10-28 10:26:42.807 28539 INFO heat.engine.service [req-7dba8eb4-5b4c-4e1f-933c-0b612d5fb986 - - - - -] Service 75a95404-a1b5-44f6-ba31-90e0e95c8ad0 is updated
2017-10-28 10:26:44.108 28514 INFO heat.engine.service [req-fc3e1928-e77b-41ae-a58f-482ca49b55b9 - - - - -] Service c1ca77d3-4c81-441a-914c-e8e1795d0819 is updated
2017-10-28 10:27:41.818 28529 INFO heat.engine.service [req-7dc59e43-376f-4051-9a95-d11bd2101f41 - - - - -] Service 4e596928-014f-46fe-904b-2c69d0122faa is updated
2017-10-28 10:27:41.931 28522 INFO heat.engine.service [req-a7813a5b-b5e8-4768-9fe4-cb254c872080 - - - - -] Service 0b05fddd-7118-49f7-b698-e81b89f80dd0 is updated
2017-10-28 10:27:41.931 28511 INFO heat.engine.service [req-a254a82d-8598-4f7f-9002-e6d1d6dc47bc - - - - -] Service c4991b42-b929-41c8-92ba-07735294b97d is updated
2017-10-28 10:27:41.943 28542 INFO heat.engine.service [req-36856c4b-de8d-4626-b80d-8b8d2d2b905c - - - - -] Service 94a1afb2-8a32-439d-ab8f-e06a961e4433 is updated
2017-10-28 10:27:41.973 28532 INFO heat.engine.service [req-eadab109-66c9-404e-b7fb-18f801f77e91 - - - - -] Service 5e954547-3083-4e91-b56e-edaec69d9004 is updated
2017-10-28 10:27:41.975 28553 INFO heat.engine.service [req-f8a556f6-058c-4dbe-88fd-83ab88ef4dd8 - - - - -] Service 1231c634-a611-4552-9733-0bcd0229559d is updated
2017-10-28 10:27:42.010 28552 INFO heat.engine.service [req-0dc50062-7a50-4b4c-b389-0c0065d6058f - - - - -] Service e9eaa51d-d288-442a-bc48-944d997543a3 is updated
2017-10-28 10:27:42.014 28513 INFO heat.engine.service [req-fa10eaf4-95d6-4db8-b6ac-cd3451e9eaf7 - - - - -] Service 5ce1d5ea-a507-4dce-98d2-430354f1824f is updated
2017-10-28 10:27:42.049 28516 INFO heat.engine.service [req-909b80ef-7e14-4bc8-ba2d-a43cf6609302 - - - - -] Service 2d84e3bb-febf-485e-87fe-d93b4c80d1c4 is updated
2017-10-28 10:27:42.080 28538 INFO heat.engine.service [req-cea3674a-75f1-416b-901e-8c922e9e3540 - - - - -] Service 174f2dbb-df8a-4407-b210-723a658db9cb is updated
2017-10-28 10:27:42.083 28527 INFO heat.engine.service [req-032fa3bc-784b-4839-a1da-18110cdf67d2 - - - - -] Service 27b05062-f4e2-41b9-a5a1-b78a8e7a7cab is updated
2017-10-28 10:27:42.085 28562 INFO heat.engine.service [req-75f2d58a-75fa-411c-a5a6-605ba097e560 - - - - -] Service b207e39f-b808-4c6c-8285-bd415d13ec10 is updated
2017-10-28 10:27:42.095 28523 INFO heat.engine.service [req-34c6c8a8-b823-4cc8-bcc0-a63eac70f2b5 - - - - -] Service d7cc827c-6c72-4bc7-9c27-48fae872f1b6 is updated
2017-10-28 10:27:42.099 28561 INFO heat.engine.service [req-67f3e263-039d-41e3-a19c-808456e0cca4 - - - - -] Service 5320c9fe-fd90-45e2-9c81-06f88b38f36b is updated
2017-10-28 10:27:42.110 28520 INFO heat.engine.service [req-0c6b79ff-f68c-4daf-9ec7-ebd23a867cec - - - - -] Service 4afb81d2-1ea2-4a4b-bc5f-b909623e3e74 is updated
2017-10-28 10:27:42.122 28510 INFO heat.engine.service [req-aa6abe1f-0248-416c-a015-307dd15f7a95 - - - - -] Service 4669f065-a489-481e-9850-91a9f44bc077 is updated
2017-10-28 10:27:42.122 28564 INFO heat.engine.service [req-2a714b5a-ec20-4a0b-a18b-123ff69def2f - - - - -] Service 8f50a07c-7ad8-4a6d-a9d3-37e4c8f0ba53 is updated
2017-10-28 10:27:42.127 28536 INFO heat.engine.service [req-0f2d66aa-dab4-4ea7-b9bd-dc714619b62a - - - - -] Service 98ecc1ea-b227-42dc-82e7-30ac1ed9fca4 is updated
2017-10-28 10:27:42.147 28560 INFO heat.engine.service [req-a8f10375-7072-42f2-9dbe-890e7a8b7874 - - - - -] Service 3b95e8e7-8709-45d2-a464-bac772180735 is updated
2017-10-28 10:27:42.169 28557 INFO heat.engine.service [req-efb46235-94af-4545-9181-8895edb2e5c8 - - - - -] Service 98f930a8-31b2-4e4d-8712-9e6fea660e73 is updated
2017-10-28 10:27:42.229 28563 INFO heat.engine.service [req-dbf83238-4861-4e24-9e12-4a0c55b66d20 - - - - -] Service 4eca1835-2fb1-450f-b336-3867986a581d is updated
2017-10-28 10:27:42.232 28519 INFO heat.engine.service [req-e246d66f-cff5-4420-b68a-0fd6919a28b1 - - - - -] Service 7d2457db-265f-4f09-a7ed-68db183e0384 is updated
2017-10-28 10:27:42.255 28533 INFO heat.engine.service [req-579613a4-ec54-4ba6-a442-c77cef20b189 - - - - -] Service 3a35d7bf-f1bd-4589-a5c3-8000c3b24793 is updated
2017-10-28 10:27:42.255 28524 INFO heat.engine.service [req-f1332807-cf46-4331-8f74-3ec3571a1bf9 - - - - -] Service 2f511c44-ddf4-43a7-9fd0-41f210a8b669 is updated
2017-10-28 10:27:42.291 28547 INFO heat.engine.service [req-26f9504c-0505-4aae-a405-256029c015c6 - - - - -] Service 25707d32-efb1-423a-b2d4-e11dfe67bcdc is updated
2017-10-28 10:27:42.316 28517 INFO heat.engine.service [req-900c41e5-2f1c-4dab-a843-c2ade69f7df8 - - - - -] Service 750cf73f-337d-432c-9d53-30fab548b45c is updated
2017-10-28 10:27:42.349 28554 INFO heat.engine.service [req-2fe832b4-179c-4c06-892d-148c144923d6 - - - - -] Service c7479ed7-747a-48d4-9a5a-b7161a57c39e is updated
2017-10-28 10:27:42.354 28512 INFO heat.engine.service [req-b9916b85-ac8d-4ac3-9f10-21b82ac9ca50 - - - - -] Service fc9cbb06-6f7c-4b69-b947-05f204b3ce3c is updated
2017-10-28 10:27:42.364 28537 INFO heat.engine.service [req-1c3689b4-f8d8-43e3-99e2-5a1c1bdd254c - - - - -] Service fd1e41c5-b76e-4f95-9fd6-4a9c3d626081 is updated
2017-10-28 10:27:42.365 28541 INFO heat.engine.service [req-74d9d239-eaa2-49f8-92c5-6594ce2d0910 - - - - -] Service 28f76f02-d340-4517-9f1d-cb1f7fd704ac is updated
2017-10-28 10:27:42.371 28534 INFO heat.engine.service [req-ba25d501-73cf-4308-92a2-16c725868bfc - - - - -] Service 7cdf9070-e34d-436d-aa75-65b1eb388638 is updated
2017-10-28 10:27:42.375 28549 INFO heat.engine.service [req-3b8e644d-dd5a-4c18-b3dd-b35ce67382b6 - - - - -] Service 8942a6af-7411-45cf-9672-1c7d3127c49f is updated
2017-10-28 10:27:42.393 28530 INFO heat.engine.service [req-2bfbf6b5-26ed-403f-9db5-44fde6b1f541 - - - - -] Service caf6df39-f07f-489e-9581-9b70becae9e2 is updated
2017-10-28 10:27:42.398 28556 INFO heat.engine.service [req-be85ae6c-3ade-41eb-b44c-8ea3bf14ef90 - - - - -] Service 30227806-eb6a-421b-b64b-1f4e769dde97 is updated
2017-10-28 10:27:42.431 28518 INFO heat.engine.service [req-336cf4fd-8cf6-41d4-8bee-d9184b1e86ff - - - - -] Service dd24efbc-8915-43d4-af30-b40fa3b43c47 is updated
2017-10-28 10:27:42.448 28558 INFO heat.engine.service [req-9f784c48-5f4f-4faa-bb94-b33d11abf4e0 - - - - -] Service ce91c6b2-92c3-4791-9658-c7753c86c265 is updated
2017-10-28 10:27:42.456 28535 INFO heat.engine.service [req-e7b82ce1-51e0-43e2-b4e0-c9d93ed63789 - - - - -] Service fb8da2fb-0ff3-4afc-956a-7d78b638efc3 is updated
2017-10-28 10:27:42.495 28551 INFO heat.engine.service [req-e9a23036-0d81-4dfc-acee-79de4ac5a701 - - - - -] Service 560cd9d1-ade5-4123-8efe-4822dbddfe23 is updated
2017-10-28 10:27:42.515 28555 INFO heat.engine.service [req-38879661-d082-45b2-8fe9-a59a8902e4d7 - - - - -] Service 6b1b66de-35d9-4105-bcd5-aa680ffcddec is updated
2017-10-28 10:27:42.518 28515 INFO heat.engine.service [req-2eedc38c-5b1b-41d2-b4ca-bd738c0a4ebb - - - - -] Service 1a670f48-191d-4af2-ba9b-d59280a34029 is updated
2017-10-28 10:27:42.541 28550 INFO heat.engine.service [req-7de9f2ec-1bb7-4ba9-a89b-39b7cbf48289 - - - - -] Service ac79e68c-b408-42b8-9a3f-aaa256fcf8f0 is updated
2017-10-28 10:27:42.554 28540 INFO heat.engine.service [req-393b6022-42e6-4e8d-b684-ccda32a9966f - - - - -] Service 48ab0354-0cc3-4574-8b4b-39578b4811f9 is updated
2017-10-28 10:27:42.555 28521 INFO heat.engine.service [req-a7a238f2-fbf5-40dc-a1b9-14fb3589a055 - - - - -] Service d42598ab-5331-4bf4-a271-327e00c8675f is updated
2017-10-28 10:27:42.563 28531 INFO heat.engine.service [req-6b4885e8-e94a-40df-b5d1-e9de3e782506 - - - - -] Service ff837399-1603-480b-89cf-1947330a42ab is updated
2017-10-28 10:27:42.573 28525 INFO heat.engine.service [req-12b3b92c-f75a-4aad-b17b-d3cea41f2d38 - - - - -] Service 12fa1fd5-3e02-4695-9acb-ecf6d0c6be7e is updated
2017-10-28 10:27:42.751 28559 INFO heat.engine.service [req-d1dbe435-6094-40b3-83e7-a0f7feae58cc - - - - -] Service d321ca62-b768-43f2-9c4f-f4308f362b40 is updated
2017-10-28 10:27:42.805 28539 INFO heat.engine.service [req-888df4c7-916c-405a-b70a-7a1f1811b90a - - - - -] Service 75a95404-a1b5-44f6-ba31-90e0e95c8ad0 is updated
2017-10-28 10:27:44.103 28514 INFO heat.engine.service [req-0a458953-bea4-4c03-9111-5c87a976891f - - - - -] Service c1ca77d3-4c81-441a-914c-e8e1795d0819 is updated
2017-10-28 10:28:41.816 28529 INFO heat.engine.service [req-1c80c195-28aa-4ec6-9361-ee423c0be835 - - - - -] Service 4e596928-014f-46fe-904b-2c69d0122faa is updated
2017-10-28 10:28:41.929 28511 INFO heat.engine.service [req-dffd2461-3546-4492-a1e1-67fa5057f212 - - - - -] Service c4991b42-b929-41c8-92ba-07735294b97d is updated
2017-10-28 10:28:41.929 28522 INFO heat.engine.service [req-10f2a691-a93e-4f4a-989d-dfefe6833ef9 - - - - -] Service 0b05fddd-7118-49f7-b698-e81b89f80dd0 is updated
2017-10-28 10:28:41.944 28542 INFO heat.engine.service [req-78edcd90-9083-4fa5-a3dc-97245a36f494 - - - - -] Service 94a1afb2-8a32-439d-ab8f-e06a961e4433 is updated
2017-10-28 10:28:41.971 28532 INFO heat.engine.service [req-4b283d85-79c5-49df-becc-fdcfaec1f646 - - - - -] Service 5e954547-3083-4e91-b56e-edaec69d9004 is updated
2017-10-28 10:28:41.972 28553 INFO heat.engine.service [req-302bf510-8f79-4327-8274-64a5bf0fd39e - - - - -] Service 1231c634-a611-4552-9733-0bcd0229559d is updated
2017-10-28 10:28:42.008 28552 INFO heat.engine.service [req-29b17c7c-007f-4691-bcaf-8e2c83d90185 - - - - -] Service e9eaa51d-d288-442a-bc48-944d997543a3 is updated
2017-10-28 10:28:42.010 28513 INFO heat.engine.service [req-7d3887e4-1745-4d82-9bb2-c00f52d9f8fc - - - - -] Service 5ce1d5ea-a507-4dce-98d2-430354f1824f is updated
2017-10-28 10:28:42.046 28516 INFO heat.engine.service [req-059d8293-e1bf-4b49-a73d-c7b392a501f7 - - - - -] Service 2d84e3bb-febf-485e-87fe-d93b4c80d1c4 is updated
2017-10-28 10:28:42.079 28538 INFO heat.engine.service [req-d0ac92ef-4205-452c-a078-8bccd5cdd499 - - - - -] Service 174f2dbb-df8a-4407-b210-723a658db9cb is updated
2017-10-28 10:28:42.084 28527 INFO heat.engine.service [req-d4a9c2a5-62a3-4304-8cf4-bebab3466d3f - - - - -] Service 27b05062-f4e2-41b9-a5a1-b78a8e7a7cab is updated
2017-10-28 10:28:42.091 28562 INFO heat.engine.service [req-fef0ed39-e029-4587-8b66-186b941a704a - - - - -] Service b207e39f-b808-4c6c-8285-bd415d13ec10 is updated
2017-10-28 10:28:42.101 28523 INFO heat.engine.service [req-98f35993-9316-4947-ae87-48740c35da76 - - - - -] Service d7cc827c-6c72-4bc7-9c27-48fae872f1b6 is updated
2017-10-28 10:28:42.105 28561 INFO heat.engine.service [req-1828cc2a-e71d-44d1-b7b5-30d6415a1a41 - - - - -] Service 5320c9fe-fd90-45e2-9c81-06f88b38f36b is updated
2017-10-28 10:28:42.107 28520 INFO heat.engine.service [req-a1c0a4a3-d837-496e-b6cd-38f843a3d9d2 - - - - -] Service 4afb81d2-1ea2-4a4b-bc5f-b909623e3e74 is updated
2017-10-28 10:28:42.120 28510 INFO heat.engine.service [req-bb5cb573-3795-4769-bd0b-594245d86756 - - - - -] Service 4669f065-a489-481e-9850-91a9f44bc077 is updated
2017-10-28 10:28:42.123 28536 INFO heat.engine.service [req-512b791c-078a-4789-abf5-b3cccb5068bf - - - - -] Service 98ecc1ea-b227-42dc-82e7-30ac1ed9fca4 is updated
2017-10-28 10:28:42.130 28564 INFO heat.engine.service [req-57abce51-9d0f-4259-9ad3-62caa08c8a02 - - - - -] Service 8f50a07c-7ad8-4a6d-a9d3-37e4c8f0ba53 is updated
2017-10-28 10:28:42.142 28560 INFO heat.engine.service [req-99f18822-c164-46ec-9c36-f145e08e685c - - - - -] Service 3b95e8e7-8709-45d2-a464-bac772180735 is updated
2017-10-28 10:28:42.167 28557 INFO heat.engine.service [req-d153ee27-b4fe-4f11-a29b-665e4ce621a5 - - - - -] Service 98f930a8-31b2-4e4d-8712-9e6fea660e73 is updated
2017-10-28 10:28:42.226 28563 INFO heat.engine.service [req-2d377ba3-99b8-46cb-8f3f-21214895b719 - - - - -] Service 4eca1835-2fb1-450f-b336-3867986a581d is updated
2017-10-28 10:28:42.230 28519 INFO heat.engine.service [req-400b4666-3155-4da8-bae7-bd1806f323b5 - - - - -] Service 7d2457db-265f-4f09-a7ed-68db183e0384 is updated
2017-10-28 10:28:42.251 28524 INFO heat.engine.service [req-9c99e170-b690-4dd4-963c-18fab05b7c17 - - - - -] Service 2f511c44-ddf4-43a7-9fd0-41f210a8b669 is updated
2017-10-28 10:28:42.252 28533 INFO heat.engine.service [req-dba3dd26-4fb8-46da-8612-08898e25994f - - - - -] Service 3a35d7bf-f1bd-4589-a5c3-8000c3b24793 is updated
2017-10-28 10:28:42.287 28547 INFO heat.engine.service [req-6fae4ef3-96d2-40a9-8620-df5e53d1ab84 - - - - -] Service 25707d32-efb1-423a-b2d4-e11dfe67bcdc is updated
2017-10-28 10:28:42.313 28517 INFO heat.engine.service [req-5c142477-1058-4701-8218-0af7cd5700bb - - - - -] Service 750cf73f-337d-432c-9d53-30fab548b45c is updated
2017-10-28 10:28:42.347 28554 INFO heat.engine.service [req-a5a6133d-e9e2-4342-a243-fac7789ec00d - - - - -] Service c7479ed7-747a-48d4-9a5a-b7161a57c39e is updated
2017-10-28 10:28:42.351 28512 INFO heat.engine.service [req-bd297e84-22d3-4db4-8d86-b3c22bf78bb6 - - - - -] Service fc9cbb06-6f7c-4b69-b947-05f204b3ce3c is updated
2017-10-28 10:28:42.361 28537 INFO heat.engine.service [req-0c90452c-0780-4926-a97d-c6dba24322d9 - - - - -] Service fd1e41c5-b76e-4f95-9fd6-4a9c3d626081 is updated
2017-10-28 10:28:42.362 28541 INFO heat.engine.service [req-3b545361-2285-4d69-8278-52e64ffe6cc1 - - - - -] Service 28f76f02-d340-4517-9f1d-cb1f7fd704ac is updated
2017-10-28 10:28:42.369 28534 INFO heat.engine.service [req-e25ef214-4be6-4ccd-b85e-ef92dc3062d7 - - - - -] Service 7cdf9070-e34d-436d-aa75-65b1eb388638 is updated
2017-10-28 10:28:42.371 28549 INFO heat.engine.service [req-023b511b-3d80-475c-a20d-025d99df84ba - - - - -] Service 8942a6af-7411-45cf-9672-1c7d3127c49f is updated
2017-10-28 10:28:42.391 28530 INFO heat.engine.service [req-ffb7fff3-9489-4b52-801a-e3fc27589ff9 - - - - -] Service caf6df39-f07f-489e-9581-9b70becae9e2 is updated
2017-10-28 10:28:42.395 28556 INFO heat.engine.service [req-366a1e92-e755-461b-902f-e37aee12908b - - - - -] Service 30227806-eb6a-421b-b64b-1f4e769dde97 is updated
2017-10-28 10:28:42.431 28518 INFO heat.engine.service [req-e5a556dd-e563-4e26-b10a-97b6a2b8ba9e - - - - -] Service dd24efbc-8915-43d4-af30-b40fa3b43c47 is updated
2017-10-28 10:28:42.445 28558 INFO heat.engine.service [req-7af4468d-2d39-4dcf-ad24-3778c84c3bd5 - - - - -] Service ce91c6b2-92c3-4791-9658-c7753c86c265 is updated
2017-10-28 10:28:42.463 28535 INFO heat.engine.service [req-192fcbda-2ff9-4f88-b09a-99c996951daf - - - - -] Service fb8da2fb-0ff3-4afc-956a-7d78b638efc3 is updated
2017-10-28 10:28:42.492 28551 INFO heat.engine.service [req-7b04c406-7343-4a56-a011-2b956c35f3ff - - - - -] Service 560cd9d1-ade5-4123-8efe-4822dbddfe23 is updated
2017-10-28 10:28:42.512 28555 INFO heat.engine.service [req-6bcc11d3-297e-4f28-a29e-adf9df63adcf - - - - -] Service 6b1b66de-35d9-4105-bcd5-aa680ffcddec is updated
2017-10-28 10:28:42.517 28515 INFO heat.engine.service [req-bf028dca-32b9-4f10-bc0d-98b7b30fd8c0 - - - - -] Service 1a670f48-191d-4af2-ba9b-d59280a34029 is updated
2017-10-28 10:28:42.543 28550 INFO heat.engine.service [req-380efea7-a88a-4d77-a425-0ac8dcdf7ee6 - - - - -] Service ac79e68c-b408-42b8-9a3f-aaa256fcf8f0 is updated
2017-10-28 10:28:42.552 28521 INFO heat.engine.service [req-2af154ab-d8ef-4833-86aa-6633d48b8a07 - - - - -] Service d42598ab-5331-4bf4-a271-327e00c8675f is updated
2017-10-28 10:28:42.552 28540 INFO heat.engine.service [req-bdfaf9a8-85d8-4e24-b14c-f2039984489e - - - - -] Service 48ab0354-0cc3-4574-8b4b-39578b4811f9 is updated
2017-10-28 10:28:42.561 28531 INFO heat.engine.service [req-70ea3a09-64dc-4af5-9be0-79f25b1009ee - - - - -] Service ff837399-1603-480b-89cf-1947330a42ab is updated
2017-10-28 10:28:42.568 28525 INFO heat.engine.service [req-049bd187-305c-4198-9bfb-8e69fdee1fcd - - - - -] Service 12fa1fd5-3e02-4695-9acb-ecf6d0c6be7e is updated
2017-10-28 10:28:42.749 28559 INFO heat.engine.service [req-d478211c-b289-47e0-ad69-1d5f9a3640ab - - - - -] Service d321ca62-b768-43f2-9c4f-f4308f362b40 is updated
2017-10-28 10:28:42.802 28539 INFO heat.engine.service [req-e803d132-fd4d-492d-bfd9-25230e0ceacf - - - - -] Service 75a95404-a1b5-44f6-ba31-90e0e95c8ad0 is updated
2017-10-28 10:28:44.117 28514 INFO heat.engine.service [req-2515e2a1-0b01-4cdb-8bef-3c83094d05f6 - - - - -] Service c1ca77d3-4c81-441a-914c-e8e1795d0819 is updated
2017-10-28 10:29:41.814 28529 INFO heat.engine.service [req-a902cda6-d69c-4e96-8ccc-931d242257f3 - - - - -] Service 4e596928-014f-46fe-904b-2c69d0122faa is updated
2017-10-28 10:29:41.927 28522 INFO heat.engine.service [req-fc36610d-efa6-4572-8a15-eb33a587f620 - - - - -] Service 0b05fddd-7118-49f7-b698-e81b89f80dd0 is updated
2017-10-28 10:29:41.927 28511 INFO heat.engine.service [req-ec5dbdca-51f2-4279-8bfc-f031c6bddb30 - - - - -] Service c4991b42-b929-41c8-92ba-07735294b97d is updated
2017-10-28 10:29:41.942 28542 INFO heat.engine.service [req-7852a039-37a4-4c1f-b583-38fa2061ebfd - - - - -] Service 94a1afb2-8a32-439d-ab8f-e06a961e4433 is updated
2017-10-28 10:29:41.969 28553 INFO heat.engine.service [req-e3e33461-78cf-42f3-a514-31fdfa282080 - - - - -] Service 1231c634-a611-4552-9733-0bcd0229559d is updated
2017-10-28 10:29:41.969 28532 INFO heat.engine.service [req-d07e693e-2ee2-426c-9521-077645031573 - - - - -] Service 5e954547-3083-4e91-b56e-edaec69d9004 is updated
2017-10-28 10:29:42.006 28552 INFO heat.engine.service [req-d7ca0cab-be2b-4a5f-89e1-226de4812ba1 - - - - -] Service e9eaa51d-d288-442a-bc48-944d997543a3 is updated
2017-10-28 10:29:42.008 28513 INFO heat.engine.service [req-8fcde3ef-1360-4cb3-87be-efcc3abf1b4a - - - - -] Service 5ce1d5ea-a507-4dce-98d2-430354f1824f is updated
2017-10-28 10:29:42.043 28516 INFO heat.engine.service [req-036ebce3-9ca6-44f6-a5a5-a64139ab08bd - - - - -] Service 2d84e3bb-febf-485e-87fe-d93b4c80d1c4 is updated
2017-10-28 10:29:42.078 28538 INFO heat.engine.service [req-3a29affe-8b6e-4e1c-b9d8-2a16b9b6aaa3 - - - - -] Service 174f2dbb-df8a-4407-b210-723a658db9cb is updated
2017-10-28 10:29:42.081 28527 INFO heat.engine.service [req-bd46b9bf-3239-44a9-a74b-a93daace7184 - - - - -] Service 27b05062-f4e2-41b9-a5a1-b78a8e7a7cab is updated
2017-10-28 10:29:42.088 28562 INFO heat.engine.service [req-dec4fd46-db68-4e31-abab-809c14fd078a - - - - -] Service b207e39f-b808-4c6c-8285-bd415d13ec10 is updated
2017-10-28 10:29:42.097 28523 INFO heat.engine.service [req-acc6346e-1ae8-4bf1-89a3-76166d9982da - - - - -] Service d7cc827c-6c72-4bc7-9c27-48fae872f1b6 is updated
2017-10-28 10:29:42.100 28561 INFO heat.engine.service [req-2f5d6eb5-5baa-4839-978b-ee9b339f014e - - - - -] Service 5320c9fe-fd90-45e2-9c81-06f88b38f36b is updated
2017-10-28 10:29:42.104 28520 INFO heat.engine.service [req-577b0310-3188-42d1-bcad-ef42ef99d8ea - - - - -] Service 4afb81d2-1ea2-4a4b-bc5f-b909623e3e74 is updated
2017-10-28 10:29:42.113 28510 INFO heat.engine.service [req-937ab0fc-6f06-4467-b4e6-d9e71b0b9390 - - - - -] Service 4669f065-a489-481e-9850-91a9f44bc077 is updated
2017-10-28 10:29:42.117 28536 INFO heat.engine.service [req-91b28c39-167a-4678-8a8a-086c1079a5ec - - - - -] Service 98ecc1ea-b227-42dc-82e7-30ac1ed9fca4 is updated
2017-10-28 10:29:42.127 28564 INFO heat.engine.service [req-7cc8ebdb-d2d1-4df5-9e2a-9b1a13943bdd - - - - -] Service 8f50a07c-7ad8-4a6d-a9d3-37e4c8f0ba53 is updated
2017-10-28 10:29:42.138 28560 INFO heat.engine.service [req-f404097f-1070-4fef-bf8b-fe9b16575edd - - - - -] Service 3b95e8e7-8709-45d2-a464-bac772180735 is updated
2017-10-28 10:29:42.163 28557 INFO heat.engine.service [req-0cf66d11-b3e6-4e5e-850e-7e04f3403f37 - - - - -] Service 98f930a8-31b2-4e4d-8712-9e6fea660e73 is updated
2017-10-28 10:29:42.222 28563 INFO heat.engine.service [req-cd640db8-abf1-4a49-8fe7-7693a9cfb5dd - - - - -] Service 4eca1835-2fb1-450f-b336-3867986a581d is updated
2017-10-28 10:29:42.226 28519 INFO heat.engine.service [req-34f973a1-165b-4ebf-b139-b6efbf820558 - - - - -] Service 7d2457db-265f-4f09-a7ed-68db183e0384 is updated
2017-10-28 10:29:42.245 28524 INFO heat.engine.service [req-6a1df698-6658-452f-83f7-b6e40c6a2602 - - - - -] Service 2f511c44-ddf4-43a7-9fd0-41f210a8b669 is updated
2017-10-28 10:29:42.249 28533 INFO heat.engine.service [req-2354537f-c6c2-4e51-915e-0ffd1056c021 - - - - -] Service 3a35d7bf-f1bd-4589-a5c3-8000c3b24793 is updated
2017-10-28 10:29:42.283 28547 INFO heat.engine.service [req-c6e9caeb-eaae-4ed7-9d97-4d44195391e7 - - - - -] Service 25707d32-efb1-423a-b2d4-e11dfe67bcdc is updated
2017-10-28 10:29:42.310 28517 INFO heat.engine.service [req-c628fba9-d5ff-4d5c-8836-b41e27d708b9 - - - - -] Service 750cf73f-337d-432c-9d53-30fab548b45c is updated
2017-10-28 10:29:42.343 28554 INFO heat.engine.service [req-01fb704f-9d43-40dd-9e15-b323eb46c810 - - - - -] Service c7479ed7-747a-48d4-9a5a-b7161a57c39e is updated
2017-10-28 10:29:42.347 28512 INFO heat.engine.service [req-20e319d8-841e-4bd2-8f73-5954c45f615a - - - - -] Service fc9cbb06-6f7c-4b69-b947-05f204b3ce3c is updated
2017-10-28 10:29:42.357 28537 INFO heat.engine.service [req-ec8c196e-4274-4721-becd-f099eb610c90 - - - - -] Service fd1e41c5-b76e-4f95-9fd6-4a9c3d626081 is updated
2017-10-28 10:29:42.360 28541 INFO heat.engine.service [req-93a28159-73f0-49e2-8a0a-43a8832fed9d - - - - -] Service 28f76f02-d340-4517-9f1d-cb1f7fd704ac is updated
2017-10-28 10:29:42.365 28534 INFO heat.engine.service [req-b56f249d-b5ef-4e23-be42-18e49b5b8fe7 - - - - -] Service 7cdf9070-e34d-436d-aa75-65b1eb388638 is updated
2017-10-28 10:29:42.367 28549 INFO heat.engine.service [req-7923a333-09fe-4dba-8d1e-d83250877ab8 - - - - -] Service 8942a6af-7411-45cf-9672-1c7d3127c49f is updated
2017-10-28 10:29:42.405 28530 INFO heat.engine.service [req-5edd45d3-d8c5-49f4-b974-0f1e33191dc1 - - - - -] Service caf6df39-f07f-489e-9581-9b70becae9e2 is updated
2017-10-28 10:29:42.409 28556 INFO heat.engine.service [req-1f467231-b080-4b2f-96ae-20d4ff56cb82 - - - - -] Service 30227806-eb6a-421b-b64b-1f4e769dde97 is updated
2017-10-28 10:29:42.428 28518 INFO heat.engine.service [req-074a5f86-9350-45a0-8cf6-443f1ebbfe1a - - - - -] Service dd24efbc-8915-43d4-af30-b40fa3b43c47 is updated
2017-10-28 10:29:42.442 28558 INFO heat.engine.service [req-30b9ec13-78fd-4645-9607-24e750300404 - - - - -] Service ce91c6b2-92c3-4791-9658-c7753c86c265 is updated
2017-10-28 10:29:42.458 28535 INFO heat.engine.service [req-3aa27fc5-8199-472e-91d3-798b7aa4050b - - - - -] Service fb8da2fb-0ff3-4afc-956a-7d78b638efc3 is updated
2017-10-28 10:29:42.487 28551 INFO heat.engine.service [req-20d31bf5-4038-498b-8a35-612cf37c4f36 - - - - -] Service 560cd9d1-ade5-4123-8efe-4822dbddfe23 is updated
2017-10-28 10:29:42.508 28555 INFO heat.engine.service [req-48ee9f0c-d196-420d-be10-2f5d457d90b2 - - - - -] Service 6b1b66de-35d9-4105-bcd5-aa680ffcddec is updated
2017-10-28 10:29:42.514 28515 INFO heat.engine.service [req-4947cbca-bb30-49c9-bec3-3573df6b6a79 - - - - -] Service 1a670f48-191d-4af2-ba9b-d59280a34029 is updated
2017-10-28 10:29:42.546 28550 INFO heat.engine.service [req-3166e480-cf9f-452f-939a-a2d84f42e2f8 - - - - -] Service ac79e68c-b408-42b8-9a3f-aaa256fcf8f0 is updated
2017-10-28 10:29:42.549 28521 INFO heat.engine.service [req-aff8bf2e-7bcd-4620-9cd4-e5211278da80 - - - - -] Service d42598ab-5331-4bf4-a271-327e00c8675f is updated
2017-10-28 10:29:42.550 28540 INFO heat.engine.service [req-58d1bef9-b41a-4ee9-b8d7-c171776b1d6d - - - - -] Service 48ab0354-0cc3-4574-8b4b-39578b4811f9 is updated
2017-10-28 10:29:42.559 28531 INFO heat.engine.service [req-c93a9196-6c1d-4dcf-afe9-2492d1d50c4c - - - - -] Service ff837399-1603-480b-89cf-1947330a42ab is updated
2017-10-28 10:29:42.565 28525 INFO heat.engine.service [req-827d6110-3023-4543-ac57-98398ef328c8 - - - - -] Service 12fa1fd5-3e02-4695-9acb-ecf6d0c6be7e is updated
2017-10-28 10:29:42.747 28559 INFO heat.engine.service [req-d59496dd-57c5-4b80-bdb7-23dd05095dab - - - - -] Service d321ca62-b768-43f2-9c4f-f4308f362b40 is updated
2017-10-28 10:29:42.800 28539 INFO heat.engine.service [req-0ae13253-6a6c-42a7-9bb2-77a914000971 - - - - -] Service 75a95404-a1b5-44f6-ba31-90e0e95c8ad0 is updated
2017-10-28 10:29:44.112 28514 INFO heat.engine.service [req-0e7eac5f-a40f-45e1-8349-93c414eebfd0 - - - - -] Service c1ca77d3-4c81-441a-914c-e8e1795d0819 is updated
2017-10-28 10:30:41.812 28529 INFO heat.engine.service [req-f1d72ca7-9121-4bc0-8cb1-dd22a7ef7194 - - - - -] Service 4e596928-014f-46fe-904b-2c69d0122faa is updated
2017-10-28 10:30:41.924 28522 INFO heat.engine.service [req-1cf8c58b-fa4c-4d2c-8dc9-ad0184df8d4b - - - - -] Service 0b05fddd-7118-49f7-b698-e81b89f80dd0 is updated
2017-10-28 10:30:41.924 28511 INFO heat.engine.service [req-9b8885ce-4085-4c7c-b8a7-60a751ae1bab - - - - -] Service c4991b42-b929-41c8-92ba-07735294b97d is updated
2017-10-28 10:30:41.939 28542 INFO heat.engine.service [req-d83f3a4b-fdcd-4de3-88c0-8e0c9852455c - - - - -] Service 94a1afb2-8a32-439d-ab8f-e06a961e4433 is updated
2017-10-28 10:30:41.964 28532 INFO heat.engine.service [req-db95c2b4-f520-4833-8348-c1eb44ba0464 - - - - -] Service 5e954547-3083-4e91-b56e-edaec69d9004 is updated
2017-10-28 10:30:41.966 28553 INFO heat.engine.service [req-00ba844d-1ea7-4c41-b018-43ea581e3928 - - - - -] Service 1231c634-a611-4552-9733-0bcd0229559d is updated
2017-10-28 10:30:42.002 28513 INFO heat.engine.service [req-9d9d30e8-686f-424b-9ff3-fbb4512285a2 - - - - -] Service 5ce1d5ea-a507-4dce-98d2-430354f1824f is updated
2017-10-28 10:30:42.003 28552 INFO heat.engine.service [req-cec64bac-3c21-4710-b749-7041204b01d6 - - - - -] Service e9eaa51d-d288-442a-bc48-944d997543a3 is updated
2017-10-28 10:30:42.038 28516 INFO heat.engine.service [req-841811c5-6e43-44c3-895f-5e9a85fde18d - - - - -] Service 2d84e3bb-febf-485e-87fe-d93b4c80d1c4 is updated
2017-10-28 10:30:42.075 28538 INFO heat.engine.service [req-e7e594c8-5e7b-4408-baec-f6a0c857c26e - - - - -] Service 174f2dbb-df8a-4407-b210-723a658db9cb is updated
2017-10-28 10:30:42.080 28527 INFO heat.engine.service [req-be71d473-a10d-4b0b-8e02-7e367e67e829 - - - - -] Service 27b05062-f4e2-41b9-a5a1-b78a8e7a7cab is updated
2017-10-28 10:30:42.085 28562 INFO heat.engine.service [req-85d57e0c-b2d4-40f6-8373-3eac26f08f82 - - - - -] Service b207e39f-b808-4c6c-8285-bd415d13ec10 is updated
2017-10-28 10:30:42.093 28523 INFO heat.engine.service [req-bdad50bf-5cd4-4393-8df1-92e4abb3998a - - - - -] Service d7cc827c-6c72-4bc7-9c27-48fae872f1b6 is updated
2017-10-28 10:30:42.100 28520 INFO heat.engine.service [req-cb17df7c-ce14-4c43-a175-27034f8e10d3 - - - - -] Service 4afb81d2-1ea2-4a4b-bc5f-b909623e3e74 is updated
2017-10-28 10:30:42.104 28561 INFO heat.engine.service [req-6f6b7612-d119-48ae-8afb-70a7519ee911 - - - - -] Service 5320c9fe-fd90-45e2-9c81-06f88b38f36b is updated
2017-10-28 10:30:42.117 28510 INFO heat.engine.service [req-00a2ccbc-c63f-43bc-9c6b-85714d8b9cef - - - - -] Service 4669f065-a489-481e-9850-91a9f44bc077 is updated
2017-10-28 10:30:42.123 28536 INFO heat.engine.service [req-2d80dff3-c40b-431e-a1ad-7f67e57df0db - - - - -] Service 98ecc1ea-b227-42dc-82e7-30ac1ed9fca4 is updated
2017-10-28 10:30:42.126 28564 INFO heat.engine.service [req-2ed9539b-c0d9-4dc8-8a84-d67658bfbc8d - - - - -] Service 8f50a07c-7ad8-4a6d-a9d3-37e4c8f0ba53 is updated
2017-10-28 10:30:42.132 28560 INFO heat.engine.service [req-001a30e1-31c3-4dc3-8d99-7f04edfdbba9 - - - - -] Service 3b95e8e7-8709-45d2-a464-bac772180735 is updated
2017-10-28 10:30:42.160 28557 INFO heat.engine.service [req-16580ea1-67cc-4d1d-b8c0-fdd6e84be912 - - - - -] Service 98f930a8-31b2-4e4d-8712-9e6fea660e73 is updated
2017-10-28 10:30:42.225 28519 INFO heat.engine.service [req-58c99581-7604-455f-8950-5089f9c428dd - - - - -] Service 7d2457db-265f-4f09-a7ed-68db183e0384 is updated
2017-10-28 10:30:42.228 28563 INFO heat.engine.service [req-f598d5df-dfb0-4366-96a3-56033fb33a55 - - - - -] Service 4eca1835-2fb1-450f-b336-3867986a581d is updated
2017-10-28 10:30:42.242 28533 INFO heat.engine.service [req-d7f8e273-0b2c-420a-92e2-a828c0e30b04 - - - - -] Service 3a35d7bf-f1bd-4589-a5c3-8000c3b24793 is updated
2017-10-28 10:30:42.251 28524 INFO heat.engine.service [req-f7d4c651-f65a-460a-b52f-013672ccd123 - - - - -] Service 2f511c44-ddf4-43a7-9fd0-41f210a8b669 is updated
2017-10-28 10:30:42.281 28547 INFO heat.engine.service [req-0990c708-148d-4b8f-bc4f-241417a8b303 - - - - -] Service 25707d32-efb1-423a-b2d4-e11dfe67bcdc is updated
2017-10-28 10:30:42.307 28517 INFO heat.engine.service [req-f25a2af5-19e2-469d-8493-9ae979bf4aa6 - - - - -] Service 750cf73f-337d-432c-9d53-30fab548b45c is updated
2017-10-28 10:30:42.340 28554 INFO heat.engine.service [req-edc0f9ea-f640-4cea-992e-23d69e702943 - - - - -] Service c7479ed7-747a-48d4-9a5a-b7161a57c39e is updated
2017-10-28 10:30:42.344 28512 INFO heat.engine.service [req-41d6aaed-8c7b-4762-a760-8d6a620694d9 - - - - -] Service fc9cbb06-6f7c-4b69-b947-05f204b3ce3c is updated
2017-10-28 10:30:42.354 28537 INFO heat.engine.service [req-fb7ad5ab-0d9a-4f70-8b40-36cbe4afdaab - - - - -] Service fd1e41c5-b76e-4f95-9fd6-4a9c3d626081 is updated
2017-10-28 10:30:42.357 28541 INFO heat.engine.service [req-dad9c9c4-cdcb-4a90-8408-c588d98d205e - - - - -] Service 28f76f02-d340-4517-9f1d-cb1f7fd704ac is updated
2017-10-28 10:30:42.362 28534 INFO heat.engine.service [req-11bb626e-117c-4f0e-8da0-39aeb7d83a44 - - - - -] Service 7cdf9070-e34d-436d-aa75-65b1eb388638 is updated
2017-10-28 10:30:42.365 28549 INFO heat.engine.service [req-6a393df8-54ef-4064-9af6-8e998567a653 - - - - -] Service 8942a6af-7411-45cf-9672-1c7d3127c49f is updated
2017-10-28 10:30:42.392 28530 INFO heat.engine.service [req-453e4518-4427-46a8-8816-e2cba302b8c1 - - - - -] Service caf6df39-f07f-489e-9581-9b70becae9e2 is updated
2017-10-28 10:30:42.410 28556 INFO heat.engine.service [req-715a2e8e-32b9-40d1-a79d-8946436c840c - - - - -] Service 30227806-eb6a-421b-b64b-1f4e769dde97 is updated
2017-10-28 10:30:42.427 28518 INFO heat.engine.service [req-4e9e1bb7-b258-4b72-9080-bbf588f45650 - - - - -] Service dd24efbc-8915-43d4-af30-b40fa3b43c47 is updated
2017-10-28 10:30:42.489 28558 INFO heat.engine.service [req-4933dbaf-1a8c-4fb9-b798-98b51202f709 - - - - -] Service ce91c6b2-92c3-4791-9658-c7753c86c265 is updated
2017-10-28 10:30:42.489 28551 INFO heat.engine.service [req-4ace8eab-673a-4296-b4ae-e1f76019b056 - - - - -] Service 560cd9d1-ade5-4123-8efe-4822dbddfe23 is updated
2017-10-28 10:30:42.504 28555 INFO heat.engine.service [req-20d26d19-1099-4397-b3b8-34eadcf17971 - - - - -] Service 6b1b66de-35d9-4105-bcd5-aa680ffcddec is updated
2017-10-28 10:30:42.508 28535 INFO heat.engine.service [req-1ed6fb1f-037a-4b5a-ae97-291e16f1acdc - - - - -] Service fb8da2fb-0ff3-4afc-956a-7d78b638efc3 is updated
2017-10-28 10:30:42.510 28515 INFO heat.engine.service [req-32e0d972-c1bf-4151-8f51-0b4600c9dd12 - - - - -] Service 1a670f48-191d-4af2-ba9b-d59280a34029 is updated
2017-10-28 10:30:42.544 28521 INFO heat.engine.service [req-31d9200e-9a95-43b1-a154-629510274ce5 - - - - -] Service d42598ab-5331-4bf4-a271-327e00c8675f is updated
2017-10-28 10:30:42.545 28550 INFO heat.engine.service [req-a0a99cfa-9082-4120-893f-3e8be625f0bf - - - - -] Service ac79e68c-b408-42b8-9a3f-aaa256fcf8f0 is updated
2017-10-28 10:30:42.546 28540 INFO heat.engine.service [req-a5200a04-c75b-4bc2-a5ba-11d89eba4016 - - - - -] Service 48ab0354-0cc3-4574-8b4b-39578b4811f9 is updated
2017-10-28 10:30:42.556 28531 INFO heat.engine.service [req-c88b757a-4102-4a03-80d6-350c30fc547d - - - - -] Service ff837399-1603-480b-89cf-1947330a42ab is updated
2017-10-28 10:30:42.558 28525 INFO heat.engine.service [req-7cec2a83-7971-4c54-b416-d41ef7d3c830 - - - - -] Service 12fa1fd5-3e02-4695-9acb-ecf6d0c6be7e is updated
2017-10-28 10:30:42.745 28559 INFO heat.engine.service [req-6aa2a3f0-c0e6-459e-a797-a6bce0d5edff - - - - -] Service d321ca62-b768-43f2-9c4f-f4308f362b40 is updated
2017-10-28 10:30:42.797 28539 INFO heat.engine.service [req-b1abff0c-18fb-4f91-865e-433b5f0bf416 - - - - -] Service 75a95404-a1b5-44f6-ba31-90e0e95c8ad0 is updated
2017-10-28 10:30:44.123 28514 INFO heat.engine.service [req-e3bc27d3-3073-4dc6-82a8-ed1113d22d2c - - - - -] Service c1ca77d3-4c81-441a-914c-e8e1795d0819 is updated
2017-10-28 10:31:41.810 28529 INFO heat.engine.service [req-3cb44bc3-65dc-44f4-ae8d-5fd9c6335fb5 - - - - -] Service 4e596928-014f-46fe-904b-2c69d0122faa is updated
2017-10-28 10:31:41.921 28522 INFO heat.engine.service [req-284c8f68-fc07-4ec2-ac1c-8f7f11e5741f - - - - -] Service 0b05fddd-7118-49f7-b698-e81b89f80dd0 is updated
2017-10-28 10:31:41.922 28511 INFO heat.engine.service [req-3ccdd9a5-fe69-45fd-bb7f-7da10adf8aff - - - - -] Service c4991b42-b929-41c8-92ba-07735294b97d is updated
2017-10-28 10:31:41.937 28542 INFO heat.engine.service [req-a5c6b287-1118-4988-bdcd-5d69b6eea454 - - - - -] Service 94a1afb2-8a32-439d-ab8f-e06a961e4433 is updated
2017-10-28 10:31:41.963 28553 INFO heat.engine.service [req-4c07893b-2408-405e-bcc6-26ed513f6bc5 - - - - -] Service 1231c634-a611-4552-9733-0bcd0229559d is updated
2017-10-28 10:31:41.971 28532 INFO heat.engine.service [req-3b41897c-776f-4a4a-a183-c8f7fb36e482 - - - - -] Service 5e954547-3083-4e91-b56e-edaec69d9004 is updated
2017-10-28 10:31:42.002 28552 INFO heat.engine.service [req-cb900e3f-9b7a-4df2-b8a9-d7e1bdfd4ec9 - - - - -] Service e9eaa51d-d288-442a-bc48-944d997543a3 is updated
2017-10-28 10:31:42.009 28513 INFO heat.engine.service [req-3cf42ac7-14dd-42a5-9a5a-42dfe60f647b - - - - -] Service 5ce1d5ea-a507-4dce-98d2-430354f1824f is updated
2017-10-28 10:31:42.045 28516 INFO heat.engine.service [req-aff8bf89-7aee-4547-981a-35664928b999 - - - - -] Service 2d84e3bb-febf-485e-87fe-d93b4c80d1c4 is updated
2017-10-28 10:31:42.070 28538 INFO heat.engine.service [req-22f8dae4-07f7-43cc-9622-923a2ae0f56a - - - - -] Service 174f2dbb-df8a-4407-b210-723a658db9cb is updated
2017-10-28 10:31:42.082 28562 INFO heat.engine.service [req-063cb0bc-b7f1-46e8-b0d6-0f2e3f48f670 - - - - -] Service b207e39f-b808-4c6c-8285-bd415d13ec10 is updated
2017-10-28 10:31:42.082 28527 INFO heat.engine.service [req-c40fa334-174b-4874-981c-e45ea3703372 - - - - -] Service 27b05062-f4e2-41b9-a5a1-b78a8e7a7cab is updated
2017-10-28 10:31:42.089 28523 INFO heat.engine.service [req-85470259-d896-4dd5-9264-69490dff052f - - - - -] Service d7cc827c-6c72-4bc7-9c27-48fae872f1b6 is updated
2017-10-28 10:31:42.105 28520 INFO heat.engine.service [req-097c0f1a-ee0d-4c5f-a1e0-9a2ba97a8eef - - - - -] Service 4afb81d2-1ea2-4a4b-bc5f-b909623e3e74 is updated
2017-10-28 10:31:42.108 28561 INFO heat.engine.service [req-1006cab4-4f0e-4e76-a1a1-f7daf3976e37 - - - - -] Service 5320c9fe-fd90-45e2-9c81-06f88b38f36b is updated
2017-10-28 10:31:42.122 28564 INFO heat.engine.service [req-348af6ea-705d-4b16-83a6-ab173690d3ac - - - - -] Service 8f50a07c-7ad8-4a6d-a9d3-37e4c8f0ba53 is updated
2017-10-28 10:31:42.123 28510 INFO heat.engine.service [req-b209b255-3ed4-498b-829c-e536da25c38c - - - - -] Service 4669f065-a489-481e-9850-91a9f44bc077 is updated
2017-10-28 10:31:42.123 28536 INFO heat.engine.service [req-6298584a-b17d-43dc-b0d2-98fdeb8c4242 - - - - -] Service 98ecc1ea-b227-42dc-82e7-30ac1ed9fca4 is updated
2017-10-28 10:31:42.142 28560 INFO heat.engine.service [req-c0f7a176-a35e-48bd-8b6d-64f14c466616 - - - - -] Service 3b95e8e7-8709-45d2-a464-bac772180735 is updated
2017-10-28 10:31:42.157 28557 INFO heat.engine.service [req-50968c1d-ae88-443d-9591-f38442d0315c - - - - -] Service 98f930a8-31b2-4e4d-8712-9e6fea660e73 is updated
2017-10-28 10:31:42.222 28519 INFO heat.engine.service [req-c67c90bd-b00a-4c35-b5ac-151e88c1c696 - - - - -] Service 7d2457db-265f-4f09-a7ed-68db183e0384 is updated
2017-10-28 10:31:42.225 28563 INFO heat.engine.service [req-3ffae8da-0da6-4dba-9087-5a82b25965f8 - - - - -] Service 4eca1835-2fb1-450f-b336-3867986a581d is updated
2017-10-28 10:31:42.248 28533 INFO heat.engine.service [req-ca179971-fce4-4df7-be61-460837336464 - - - - -] Service 3a35d7bf-f1bd-4589-a5c3-8000c3b24793 is updated
2017-10-28 10:31:42.249 28524 INFO heat.engine.service [req-aaf46480-be0c-4038-b4d7-91ba4d3259cb - - - - -] Service 2f511c44-ddf4-43a7-9fd0-41f210a8b669 is updated
2017-10-28 10:31:42.279 28547 INFO heat.engine.service [req-22143bb6-3849-447d-a3d5-a9eb7105d2e7 - - - - -] Service 25707d32-efb1-423a-b2d4-e11dfe67bcdc is updated
2017-10-28 10:31:42.305 28517 INFO heat.engine.service [req-1f8b1906-56b6-4d87-9322-2f3764cc4af2 - - - - -] Service 750cf73f-337d-432c-9d53-30fab548b45c is updated
2017-10-28 10:31:42.337 28554 INFO heat.engine.service [req-4ebc0d40-2607-4618-b4f6-b22f5cbb66f9 - - - - -] Service c7479ed7-747a-48d4-9a5a-b7161a57c39e is updated
2017-10-28 10:31:42.342 28512 INFO heat.engine.service [req-1dfa4005-e072-4310-9be9-f345cfc1c278 - - - - -] Service fc9cbb06-6f7c-4b69-b947-05f204b3ce3c is updated
2017-10-28 10:31:42.352 28537 INFO heat.engine.service [req-f50176e2-533b-4d4f-90ee-c7fed84e5ec9 - - - - -] Service fd1e41c5-b76e-4f95-9fd6-4a9c3d626081 is updated
2017-10-28 10:31:42.354 28541 INFO heat.engine.service [req-8ce4a1fa-4399-4fe4-bb19-71c77f5ef7ac - - - - -] Service 28f76f02-d340-4517-9f1d-cb1f7fd704ac is updated
2017-10-28 10:31:42.358 28534 INFO heat.engine.service [req-467f7679-77f0-42b9-9dc2-27104eb50fcc - - - - -] Service 7cdf9070-e34d-436d-aa75-65b1eb388638 is updated
2017-10-28 10:31:42.363 28549 INFO heat.engine.service [req-3886f2fa-f1f5-415c-9bf3-cf25969063e3 - - - - -] Service 8942a6af-7411-45cf-9672-1c7d3127c49f is updated
2017-10-28 10:31:42.389 28530 INFO heat.engine.service [req-5bf2ca2e-af73-40b5-a7e4-749fda2d5443 - - - - -] Service caf6df39-f07f-489e-9581-9b70becae9e2 is updated
2017-10-28 10:31:42.397 28556 INFO heat.engine.service [req-40fb0fcc-411e-448f-8db4-237f69c150d8 - - - - -] Service 30227806-eb6a-421b-b64b-1f4e769dde97 is updated
2017-10-28 10:31:42.425 28518 INFO heat.engine.service [req-31fee7ee-1cb9-4925-b48c-13b898f9fbce - - - - -] Service dd24efbc-8915-43d4-af30-b40fa3b43c47 is updated
2017-10-28 10:31:42.435 28558 INFO heat.engine.service [req-83977a03-d5a0-401e-805b-89d2e53c5eb3 - - - - -] Service ce91c6b2-92c3-4791-9658-c7753c86c265 is updated
2017-10-28 10:31:42.454 28535 INFO heat.engine.service [req-53aa62db-3c0c-44f2-accf-b27348452e07 - - - - -] Service fb8da2fb-0ff3-4afc-956a-7d78b638efc3 is updated
2017-10-28 10:31:42.486 28551 INFO heat.engine.service [req-7773a799-12f8-4b95-82d3-59bcdc32a8ce - - - - -] Service 560cd9d1-ade5-4123-8efe-4822dbddfe23 is updated
2017-10-28 10:31:42.500 28555 INFO heat.engine.service [req-b0adfd50-4623-4f30-9385-f2dfc4df8b74 - - - - -] Service 6b1b66de-35d9-4105-bcd5-aa680ffcddec is updated
2017-10-28 10:31:42.506 28515 INFO heat.engine.service [req-4088df09-ea12-43e6-874a-2a7eff544ecd - - - - -] Service 1a670f48-191d-4af2-ba9b-d59280a34029 is updated
2017-10-28 10:31:42.538 28521 INFO heat.engine.service [req-85f59ffb-16da-49b0-ba0a-392ca628d448 - - - - -] Service d42598ab-5331-4bf4-a271-327e00c8675f is updated
2017-10-28 10:31:42.540 28540 INFO heat.engine.service [req-57dc3d61-ba08-4f79-8e51-c1971f44f5d3 - - - - -] Service 48ab0354-0cc3-4574-8b4b-39578b4811f9 is updated
2017-10-28 10:31:42.542 28550 INFO heat.engine.service [req-88e753ea-6b3c-42ac-b9f8-159322a8b4c5 - - - - -] Service ac79e68c-b408-42b8-9a3f-aaa256fcf8f0 is updated
2017-10-28 10:31:42.551 28531 INFO heat.engine.service [req-e768133f-e0db-45d0-b5c2-b9e4248ed7e6 - - - - -] Service ff837399-1603-480b-89cf-1947330a42ab is updated
2017-10-28 10:31:42.564 28525 INFO heat.engine.service [req-f9afc464-c85d-4db0-bb41-51f0cbc00847 - - - - -] Service 12fa1fd5-3e02-4695-9acb-ecf6d0c6be7e is updated
2017-10-28 10:31:42.758 28559 INFO heat.engine.service [req-1c47b2ab-17b6-40e1-9def-d89a0bd91aa9 - - - - -] Service d321ca62-b768-43f2-9c4f-f4308f362b40 is updated
2017-10-28 10:31:42.793 28539 INFO heat.engine.service [req-5a22239a-f2f8-47ca-beea-1a94e735ed3a - - - - -] Service 75a95404-a1b5-44f6-ba31-90e0e95c8ad0 is updated
2017-10-28 10:31:44.120 28514 INFO heat.engine.service [req-6adeed2f-530f-4aa3-9560-0c8da4322ed4 - - - - -] Service c1ca77d3-4c81-441a-914c-e8e1795d0819 is updated
