2017-10-28 10:19:42.130 28536 INFO heat.engine.service [req-199b7583-ab9b-4630-9a38-9cf13ca992fe - - - - -] Service 98ecc1ea-b227-42dc-82e7-30ac1ed9fca4 is updated
2017-10-28 10:19:42.147 28564 INFO heat.engine.service [req-b097e1eb-16ae-4d99-a58f-6f4fa860f65e - - - - -] Service 8f50a07c-7ad8-4a6d-a9d3-37e4c8f0ba53 is updated
2017-10-28 10:19:42.174 28560 INFO heat.engine.service [req-492d1b8b-2933-4a16-bcd6-0a308e0326f2 - - - - -] Service 3b95e8e7-8709-45d2-a464-bac772180735 is updated
2017-10-28 10:19:42.185 28557 INFO heat.engine.service [req-d66045be-d02e-4b41-b75d-cd4bbd907d16 - - - - -] Service 98f930a8-31b2-4e4d-8712-9e6fea660e73 is updated
2017-10-28 10:19:42.225 28563 INFO heat.engine.service [req-4de25953-d662-4307-aff3-6a0f59266a6c - - - - -] Service 4eca1835-2fb1-450f-b336-3867986a581d is updated
2017-10-28 10:19:42.240 28519 INFO heat.engine.service [req-be6334a6-6f14-469c-a9d7-ca44a68d23f5 - - - - -] Service 7d2457db-265f-4f09-a7ed-68db183e0384 is updated
2017-10-28 10:19:42.250 28524 INFO heat.engine.service [req-096f6d17-7d02-4ea7-ba3a-f5edb0fc28e7 - - - - -] Service 2f511c44-ddf4-43a7-9fd0-41f210a8b669 is updated
2017-10-28 10:19:42.253 28533 INFO heat.engine.service [req-59aac11f-8330-450d-afd6-eea947e9b140 - - - - -] Service 3a35d7bf-f1bd-4589-a5c3-8000c3b24793 is updated
2017-10-28 10:19:42.304 28547 INFO heat.engine.service [req-210ad0a6-778a-4929-8d2c-05cd30b66c3e - - - - -] Service 25707d32-efb1-423a-b2d4-e11dfe67bcdc is updated
2017-10-28 10:19:42.330 28517 INFO heat.engine.service [req-6f40d2fd-5b04-4f59-9a47-e298b1028d4b - - - - -] Service 750cf73f-337d-432c-9d53-30fab548b45c is updated
2017-10-28 10:19:42.361 28541 INFO heat.engine.service [req-b7217ec4-3867-4122-8e41-a613cd5d07e7 - - - - -] Service 28f76f02-d340-4517-9f1d-cb1f7fd704ac is updated
2017-10-28 10:19:42.366 28554 INFO heat.engine.service [req-55ac65f2-5ea2-46f5-ab13-0c90b780430d - - - - -] Service c7479ed7-747a-48d4-9a5a-b7161a57c39e is updated
2017-10-28 10:19:42.366 28534 INFO heat.engine.service [req-8bc55fa2-17ee-47c1-acee-6da9ef58ddf8 - - - - -] Service 7cdf9070-e34d-436d-aa75-65b1eb388638 is updated
2017-10-28 10:19:42.368 28512 INFO heat.engine.service [req-878d7d02-0099-47a9-a97f-f82c39a9790b - - - - -] Service fc9cbb06-6f7c-4b69-b947-05f204b3ce3c is updated
2017-10-28 10:19:42.372 28537 INFO heat.engine.service [req-0734a47d-9e2f-48cc-83c7-380428459a1b - - - - -] Service fd1e41c5-b76e-4f95-9fd6-4a9c3d626081 is updated
2017-10-28 10:19:42.388 28549 INFO heat.engine.service [req-0b0a2470-e5e9-42eb-a267-252eaf6104ec - - - - -] Service 8942a6af-7411-45cf-9672-1c7d3127c49f is updated
2017-10-28 10:19:42.411 28530 INFO heat.engine.service [req-ff4acd81-efc7-498f-8d36-e721c93b3987 - - - - -] Service caf6df39-f07f-489e-9581-9b70becae9e2 is updated
2017-10-28 10:19:42.413 28556 INFO heat.engine.service [req-46803294-7e2b-4f51-81c6-cb4459f5933c - - - - -] Service 30227806-eb6a-421b-b64b-1f4e769dde97 is updated
2017-10-28 10:19:42.448 28518 INFO heat.engine.service [req-ff9d2202-5753-4073-a7c4-d2cc8c593e3c - - - - -] Service dd24efbc-8915-43d4-af30-b40fa3b43c47 is updated
2017-10-28 10:19:42.458 28535 INFO heat.engine.service [req-db1eec8d-3854-43f9-90b0-6e27745f1613 - - - - -] Service fb8da2fb-0ff3-4afc-956a-7d78b638efc3 is updated
2017-10-28 10:19:42.459 28558 INFO heat.engine.service [req-6ffea943-7d9b-4ced-8522-ea47b069a4eb - - - - -] Service ce91c6b2-92c3-4791-9658-c7753c86c265 is updated
2017-10-28 10:19:42.512 28551 INFO heat.engine.service [req-a6c26581-dc01-4040-acde-c3bca35f4d37 - - - - -] Service 560cd9d1-ade5-4123-8efe-4822dbddfe23 is updated
2017-10-28 10:19:42.530 28555 INFO heat.engine.service [req-4d9eb9ee-9c13-4153-b80b-c12019d98755 - - - - -] Service 6b1b66de-35d9-4105-bcd5-aa680ffcddec is updated
2017-10-28 10:19:42.539 28515 INFO heat.engine.service [req-926a5cde-1cfe-4621-9565-2a752e3121d8 - - - - -] Service 1a670f48-191d-4af2-ba9b-d59280a34029 is updated
2017-10-28 10:19:42.546 28550 INFO heat.engine.service [req-e5442e7d-31e7-4ac7-b359-efacd86a75e7 - - - - -] Service ac79e68c-b408-42b8-9a3f-aaa256fcf8f0 is updated
2017-10-28 10:19:42.566 28540 INFO heat.engine.service [req-c98190b9-fed0-451b-819a-4d03e6c9a0c6 - - - - -] Service 48ab0354-0cc3-4574-8b4b-39578b4811f9 is updated
2017-10-28 10:19:42.570 28531 INFO heat.engine.service [req-458194ad-aadc-4fb3-9695-64246f25d2bf - - - - -] Service ff837399-1603-480b-89cf-1947330a42ab is updated
2017-10-28 10:19:42.576 28521 INFO heat.engine.service [req-e032223c-a9d9-46c0-99e4-c35c197236ce - - - - -] Service d42598ab-5331-4bf4-a271-327e00c8675f is updated
2017-10-28 10:19:42.592 28525 INFO heat.engine.service [req-c93394cb-097c-42b3-92a4-d89fbf97ab39 - - - - -] Service 12fa1fd5-3e02-4695-9acb-ecf6d0c6be7e is updated
2017-10-28 10:19:42.780 28559 INFO heat.engine.service [req-68870488-abd7-48fd-9601-64c879a8aca4 - - - - -] Service d321ca62-b768-43f2-9c4f-f4308f362b40 is updated
2017-10-28 10:19:42.873 28539 INFO heat.engine.service [req-53668c0b-5b66-4132-9889-443e0ab55193 - - - - -] Service 75a95404-a1b5-44f6-ba31-90e0e95c8ad0 is updated
2017-10-28 10:19:44.115 28514 INFO heat.engine.service [req-5a362f62-06fa-4eaf-bcad-ba70a6715a48 - - - - -] Service c1ca77d3-4c81-441a-914c-e8e1795d0819 is updated
2017-10-28 10:20:41.831 28529 INFO heat.engine.service [req-1c7ecd63-38da-4184-8e97-4152f0d4debb - - - - -] Service 4e596928-014f-46fe-904b-2c69d0122faa is updated
2017-10-28 10:20:41.938 28511 INFO heat.engine.service [req-42763d85-8410-4481-aa32-49978642d8e3 - - - - -] Service c4991b42-b929-41c8-92ba-07735294b97d is updated
2017-10-28 10:20:41.945 28522 INFO heat.engine.service [req-13141984-4b96-474c-bd61-3fbab2cc5a1d - - - - -] Service 0b05fddd-7118-49f7-b698-e81b89f80dd0 is updated
2017-10-28 10:20:41.960 28542 INFO heat.engine.service [req-a354310a-d556-4be0-9a07-c58ab610d365 - - - - -] Service 94a1afb2-8a32-439d-ab8f-e06a961e4433 is updated
2017-10-28 10:20:41.971 28553 INFO heat.engine.service [req-f5f1d7a7-ad88-444d-8bb9-1a8ed7d8057e - - - - -] Service 1231c634-a611-4552-9733-0bcd0229559d is updated
2017-10-28 10:20:41.993 28532 INFO heat.engine.service [req-45311fab-7fc7-4c60-9d84-1a31f03a8915 - - - - -] Service 5e954547-3083-4e91-b56e-edaec69d9004 is updated
2017-10-28 10:20:42.033 28552 INFO heat.engine.service [req-95fe1ab2-268f-49f5-af64-63926f16357e - - - - -] Service e9eaa51d-d288-442a-bc48-944d997543a3 is updated
2017-10-28 10:20:42.033 28513 INFO heat.engine.service [req-67c5f0ec-d775-4143-bd71-09edb27ce412 - - - - -] Service 5ce1d5ea-a507-4dce-98d2-430354f1824f is updated
2017-10-28 10:20:42.064 28516 INFO heat.engine.service [req-d9fdcc80-6020-40db-8b78-15573e36fc1c - - - - -] Service 2d84e3bb-febf-485e-87fe-d93b4c80d1c4 is updated
2017-10-28 10:20:42.090 28527 INFO heat.engine.service [req-f0b931c0-8047-4edc-8b1c-d116671f25f7 - - - - -] Service 27b05062-f4e2-41b9-a5a1-b78a8e7a7cab is updated
2017-10-28 10:20:42.095 28538 INFO heat.engine.service [req-6f20dba5-7ce6-441b-b08f-d27c47a601e5 - - - - -] Service 174f2dbb-df8a-4407-b210-723a658db9cb is updated
2017-10-28 10:20:42.095 28523 INFO heat.engine.service [req-3b836bdf-6711-472f-ab9d-1007bd1c9634 - - - - -] Service d7cc827c-6c72-4bc7-9c27-48fae872f1b6 is updated
2017-10-28 10:20:42.096 28562 INFO heat.engine.service [req-c7f8599c-a7fc-45b6-85e5-50635b16d354 - - - - -] Service b207e39f-b808-4c6c-8285-bd415d13ec10 is updated
2017-10-28 10:20:42.117 28510 INFO heat.engine.service [req-c6443f31-4866-4075-8ace-5ba53ba2aef9 - - - - -] Service 4669f065-a489-481e-9850-91a9f44bc077 is updated
2017-10-28 10:20:42.120 28520 INFO heat.engine.service [req-9786a262-171a-462e-b0b9-2344cc7e2eaf - - - - -] Service 4afb81d2-1ea2-4a4b-bc5f-b909623e3e74 is updated
2017-10-28 10:20:42.123 28561 INFO heat.engine.service [req-11633fc6-b726-412b-a373-aff7d6460ac6 - - - - -] Service 5320c9fe-fd90-45e2-9c81-06f88b38f36b is updated
2017-10-28 10:20:42.136 28536 INFO heat.engine.service [req-a4273e7e-b8e4-4117-9d27-a9785f7f4212 - - - - -] Service 98ecc1ea-b227-42dc-82e7-30ac1ed9fca4 is updated
2017-10-28 10:20:42.145 28564 INFO heat.engine.service [req-bb7f8647-2e70-4fcc-93d3-4aa2c52e020a - - - - -] Service 8f50a07c-7ad8-4a6d-a9d3-37e4c8f0ba53 is updated
2017-10-28 10:20:42.170 28560 INFO heat.engine.service [req-4fdaa8f0-34c9-4353-b146-9784068f7092 - - - - -] Service 3b95e8e7-8709-45d2-a464-bac772180735 is updated
2017-10-28 10:20:42.182 28557 INFO heat.engine.service [req-f838c2e6-4b44-43b3-ba35-b40cf1fa4acb - - - - -] Service 98f930a8-31b2-4e4d-8712-9e6fea660e73 is updated
2017-10-28 10:20:42.220 28563 INFO heat.engine.service [req-7a8d2ef9-0efd-4634-b020-41aa5d3d8e17 - - - - -] Service 4eca1835-2fb1-450f-b336-3867986a581d is updated
2017-10-28 10:20:42.237 28519 INFO heat.engine.service [req-42dd2649-961a-43bb-bd1a-544ce5430b33 - - - - -] Service 7d2457db-265f-4f09-a7ed-68db183e0384 is updated
2017-10-28 10:20:42.248 28524 INFO heat.engine.service [req-0bd20930-5f09-4e99-9e19-e4d2ecbd17ea - - - - -] Service 2f511c44-ddf4-43a7-9fd0-41f210a8b669 is updated
2017-10-28 10:20:42.250 28533 INFO heat.engine.service [req-d1e1aab4-e592-4847-8429-2111a5c6043d - - - - -] Service 3a35d7bf-f1bd-4589-a5c3-8000c3b24793 is updated
2017-10-28 10:20:42.301 28547 INFO heat.engine.service [req-5470d353-ce9c-4037-9642-285f9f81a50e - - - - -] Service 25707d32-efb1-423a-b2d4-e11dfe67bcdc is updated
2017-10-28 10:20:42.327 28517 INFO heat.engine.service [req-38876e10-cd2e-4f35-87d7-59039e5826a9 - - - - -] Service 750cf73f-337d-432c-9d53-30fab548b45c is updated
2017-10-28 10:20:42.363 28554 INFO heat.engine.service [req-174cba84-2f96-4587-bf48-7a94366acc3f - - - - -] Service c7479ed7-747a-48d4-9a5a-b7161a57c39e is updated
2017-10-28 10:20:42.365 28512 INFO heat.engine.service [req-0f262a02-a303-4827-93ed-32649b7a9757 - - - - -] Service fc9cbb06-6f7c-4b69-b947-05f204b3ce3c is updated
2017-10-28 10:20:42.368 28541 INFO heat.engine.service [req-5d6e991f-6548-442a-93b8-5692f07733ad - - - - -] Service 28f76f02-d340-4517-9f1d-cb1f7fd704ac is updated
2017-10-28 10:20:42.371 28537 INFO heat.engine.service [req-5fdc67d5-7a89-456f-a668-b51e62ddf21d - - - - -] Service fd1e41c5-b76e-4f95-9fd6-4a9c3d626081 is updated
2017-10-28 10:20:42.373 28534 INFO heat.engine.service [req-3c17f373-96e5-41cf-8159-aa5282094340 - - - - -] Service 7cdf9070-e34d-436d-aa75-65b1eb388638 is updated
2017-10-28 10:20:42.384 28549 INFO heat.engine.service [req-eea91384-a756-4953-969a-788a280cddb3 - - - - -] Service 8942a6af-7411-45cf-9672-1c7d3127c49f is updated
2017-10-28 10:20:42.409 28530 INFO heat.engine.service [req-85971426-3501-4858-b4e2-e9beaa5defc2 - - - - -] Service caf6df39-f07f-489e-9581-9b70becae9e2 is updated
2017-10-28 10:20:42.411 28556 INFO heat.engine.service [req-c505ed8e-6314-4b17-a14a-e4dbaead0e2b - - - - -] Service 30227806-eb6a-421b-b64b-1f4e769dde97 is updated
2017-10-28 10:20:42.446 28518 INFO heat.engine.service [req-7c220300-7421-4983-8643-d41d9c1c964d - - - - -] Service dd24efbc-8915-43d4-af30-b40fa3b43c47 is updated
2017-10-28 10:20:42.454 28535 INFO heat.engine.service [req-b7c77c0b-c196-4b4f-933f-1afa946141ab - - - - -] Service fb8da2fb-0ff3-4afc-956a-7d78b638efc3 is updated
2017-10-28 10:20:42.455 28558 INFO heat.engine.service [req-2c4a6673-8b78-4d0f-a4bb-6a7e2a664503 - - - - -] Service ce91c6b2-92c3-4791-9658-c7753c86c265 is updated
2017-10-28 10:20:42.511 28551 INFO heat.engine.service [req-fe415878-8382-4cd0-9d22-0313757f46d8 - - - - -] Service 560cd9d1-ade5-4123-8efe-4822dbddfe23 is updated
2017-10-28 10:20:42.526 28555 INFO heat.engine.service [req-44a098b1-c299-40d1-98b2-ce88a2fed3c4 - - - - -] Service 6b1b66de-35d9-4105-bcd5-aa680ffcddec is updated
2017-10-28 10:20:42.536 28515 INFO heat.engine.service [req-777ef2c2-2b05-4418-b3b8-1bd7a253a8f8 - - - - -] Service 1a670f48-191d-4af2-ba9b-d59280a34029 is updated
2017-10-28 10:20:42.543 28550 INFO heat.engine.service [req-df21dfb2-68ee-4532-b93f-d9d766ed6a54 - - - - -] Service ac79e68c-b408-42b8-9a3f-aaa256fcf8f0 is updated
2017-10-28 10:20:42.563 28540 INFO heat.engine.service [req-d0591adf-88e2-4b9d-959a-56c4f3cd36bb - - - - -] Service 48ab0354-0cc3-4574-8b4b-39578b4811f9 is updated
2017-10-28 10:20:42.563 28531 INFO heat.engine.service [req-c1e67426-71b9-4778-b34a-d4ec85447f93 - - - - -] Service ff837399-1603-480b-89cf-1947330a42ab is updated
2017-10-28 10:20:42.573 28521 INFO heat.engine.service [req-2cf46452-315e-4ff4-98bc-57dbf9351657 - - - - -] Service d42598ab-5331-4bf4-a271-327e00c8675f is updated
2017-10-28 10:20:42.588 28525 INFO heat.engine.service [req-789925f9-f068-4fa1-94a3-923aed246bb8 - - - - -] Service 12fa1fd5-3e02-4695-9acb-ecf6d0c6be7e is updated
2017-10-28 10:20:42.758 28559 INFO heat.engine.service [req-66f27c47-a24a-47d8-be5f-dfa5b514037f - - - - -] Service d321ca62-b768-43f2-9c4f-f4308f362b40 is updated
2017-10-28 10:20:42.822 28539 INFO heat.engine.service [req-8e65d970-9d98-491f-beb2-2c28a1177a25 - - - - -] Service 75a95404-a1b5-44f6-ba31-90e0e95c8ad0 is updated
2017-10-28 10:20:44.116 28514 INFO heat.engine.service [req-26df56da-aee8-42b5-b6ec-d5f09c51fd0e - - - - -] Service c1ca77d3-4c81-441a-914c-e8e1795d0819 is updated
2017-10-28 10:21:41.829 28529 INFO heat.engine.service [req-7e4fe3e5-237b-433b-8b73-018a466e250e - - - - -] Service 4e596928-014f-46fe-904b-2c69d0122faa is updated
2017-10-28 10:21:41.936 28511 INFO heat.engine.service [req-4371c3f4-6374-41f6-9835-4961164e7ab5 - - - - -] Service c4991b42-b929-41c8-92ba-07735294b97d is updated
2017-10-28 10:21:41.942 28522 INFO heat.engine.service [req-230d819d-fccf-446f-8a12-e0ace84b7707 - - - - -] Service 0b05fddd-7118-49f7-b698-e81b89f80dd0 is updated
2017-10-28 10:21:41.957 28542 INFO heat.engine.service [req-a2b1b437-91d7-4066-985f-205da2fd8442 - - - - -] Service 94a1afb2-8a32-439d-ab8f-e06a961e4433 is updated
2017-10-28 10:21:41.983 28553 INFO heat.engine.service [req-e1fcc4ef-c640-487c-b92f-42a2b0a732cc - - - - -] Service 1231c634-a611-4552-9733-0bcd0229559d is updated
2017-10-28 10:21:41.992 28532 INFO heat.engine.service [req-b533a377-bb22-4bd8-9799-811e0417319e - - - - -] Service 5e954547-3083-4e91-b56e-edaec69d9004 is updated
2017-10-28 10:21:42.020 28552 INFO heat.engine.service [req-777c2a3e-190e-4d86-9562-7500b0415d83 - - - - -] Service e9eaa51d-d288-442a-bc48-944d997543a3 is updated
2017-10-28 10:21:42.020 28513 INFO heat.engine.service [req-fe218900-a8eb-436a-9c53-a10df209c7d5 - - - - -] Service 5ce1d5ea-a507-4dce-98d2-430354f1824f is updated
2017-10-28 10:21:42.061 28516 INFO heat.engine.service [req-5abfc04e-911d-45d9-a373-d9274dba6f08 - - - - -] Service 2d84e3bb-febf-485e-87fe-d93b4c80d1c4 is updated
2017-10-28 10:21:42.087 28527 INFO heat.engine.service [req-6fc757b0-3cce-4609-b91a-47e4426645cf - - - - -] Service 27b05062-f4e2-41b9-a5a1-b78a8e7a7cab is updated
2017-10-28 10:21:42.091 28538 INFO heat.engine.service [req-b95cd537-6b2e-4de3-9f98-e9afeef00060 - - - - -] Service 174f2dbb-df8a-4407-b210-723a658db9cb is updated
2017-10-28 10:21:42.102 28523 INFO heat.engine.service [req-de6e9e18-af7c-4630-93ff-545a6bfd87f9 - - - - -] Service d7cc827c-6c72-4bc7-9c27-48fae872f1b6 is updated
2017-10-28 10:21:42.103 28562 INFO heat.engine.service [req-4e6cec5f-4a96-4c7a-84e1-8f8848f280be - - - - -] Service b207e39f-b808-4c6c-8285-bd415d13ec10 is updated
2017-10-28 10:21:42.113 28510 INFO heat.engine.service [req-2c48d406-000a-466e-8f0e-20b5c72a7695 - - - - -] Service 4669f065-a489-481e-9850-91a9f44bc077 is updated
2017-10-28 10:21:42.115 28520 INFO heat.engine.service [req-70da30b4-16e2-4fa9-981c-706bd6c15b83 - - - - -] Service 4afb81d2-1ea2-4a4b-bc5f-b909623e3e74 is updated
2017-10-28 10:21:42.119 28561 INFO heat.engine.service [req-bf36519a-fc85-4c8d-befd-c55266c3a5fe - - - - -] Service 5320c9fe-fd90-45e2-9c81-06f88b38f36b is updated
2017-10-28 10:21:42.133 28536 INFO heat.engine.service [req-6145d0c8-7a21-4986-809a-8da6a971058f - - - - -] Service 98ecc1ea-b227-42dc-82e7-30ac1ed9fca4 is updated
2017-10-28 10:21:42.141 28564 INFO heat.engine.service [req-659a2902-6a6b-4c54-a584-3c48051fb8c7 - - - - -] Service 8f50a07c-7ad8-4a6d-a9d3-37e4c8f0ba53 is updated
2017-10-28 10:21:42.167 28560 INFO heat.engine.service [req-d3a6ae7d-bbe0-46ce-a538-864ad2725f2e - - - - -] Service 3b95e8e7-8709-45d2-a464-bac772180735 is updated
2017-10-28 10:21:42.178 28557 INFO heat.engine.service [req-1f5a3adc-e52a-414c-9b17-00d379e48a41 - - - - -] Service 98f930a8-31b2-4e4d-8712-9e6fea660e73 is updated
2017-10-28 10:21:42.231 28563 INFO heat.engine.service [req-dd64f762-81bb-470d-8a0a-5e694c9d794a - - - - -] Service 4eca1835-2fb1-450f-b336-3867986a581d is updated
2017-10-28 10:21:42.234 28519 INFO heat.engine.service [req-6f384b87-1657-412f-ba8e-c56b5a4470ca - - - - -] Service 7d2457db-265f-4f09-a7ed-68db183e0384 is updated
2017-10-28 10:21:42.243 28524 INFO heat.engine.service [req-d6fdc3d2-d28a-4e0f-a2c4-d25e3bc9e4d7 - - - - -] Service 2f511c44-ddf4-43a7-9fd0-41f210a8b669 is updated
2017-10-28 10:21:42.247 28533 INFO heat.engine.service [req-a4c45e2c-efe2-49e9-8048-f23fce982665 - - - - -] Service 3a35d7bf-f1bd-4589-a5c3-8000c3b24793 is updated
2017-10-28 10:21:42.298 28547 INFO heat.engine.service [req-d12815a1-08c2-4834-b50b-c61aa7164c4c - - - - -] Service 25707d32-efb1-423a-b2d4-e11dfe67bcdc is updated
2017-10-28 10:21:42.325 28517 INFO heat.engine.service [req-47ffacf2-81b7-4b0e-bd43-7411c7f6fd41 - - - - -] Service 750cf73f-337d-432c-9d53-30fab548b45c is updated
2017-10-28 10:21:42.361 28554 INFO heat.engine.service [req-12716e9f-366d-4f14-ad4f-643a88dbcacf - - - - -] Service c7479ed7-747a-48d4-9a5a-b7161a57c39e is updated
2017-10-28 10:21:42.362 28512 INFO heat.engine.service [req-a2b7f617-5e2b-46ac-aced-48beb9fa3e65 - - - - -] Service fc9cbb06-6f7c-4b69-b947-05f204b3ce3c is updated
2017-10-28 10:21:42.366 28541 INFO heat.engine.service [req-7f782797-a669-4a0a-9c80-7ec80a039207 - - - - -] Service 28f76f02-d340-4517-9f1d-cb1f7fd704ac is updated
2017-10-28 10:21:42.368 28534 INFO heat.engine.service [req-9a310a98-f451-4dfa-bbb8-79d403bfae03 - - - - -] Service 7cdf9070-e34d-436d-aa75-65b1eb388638 is updated
2017-10-28 10:21:42.369 28537 INFO heat.engine.service [req-ce9af838-034f-4653-afe5-46404d61ae89 - - - - -] Service fd1e41c5-b76e-4f95-9fd6-4a9c3d626081 is updated
2017-10-28 10:21:42.381 28549 INFO heat.engine.service [req-8b60b191-fec3-4f76-8a32-38fe1c57b39c - - - - -] Service 8942a6af-7411-45cf-9672-1c7d3127c49f is updated
2017-10-28 10:21:42.407 28530 INFO heat.engine.service [req-1344a70d-435a-45d5-a270-ab9c974046fe - - - - -] Service caf6df39-f07f-489e-9581-9b70becae9e2 is updated
2017-10-28 10:21:42.410 28556 INFO heat.engine.service [req-3ef564d2-c015-4aa7-885e-dd238799334a - - - - -] Service 30227806-eb6a-421b-b64b-1f4e769dde97 is updated
2017-10-28 10:21:42.443 28518 INFO heat.engine.service [req-323fe900-8ec8-42a6-b9c2-5e01d417985c - - - - -] Service dd24efbc-8915-43d4-af30-b40fa3b43c47 is updated
2017-10-28 10:21:42.452 28558 INFO heat.engine.service [req-4122901f-239d-49dc-acea-73fdbda5401b - - - - -] Service ce91c6b2-92c3-4791-9658-c7753c86c265 is updated
2017-10-28 10:21:42.462 28535 INFO heat.engine.service [req-f81b5d38-d5ad-4b4a-9d12-e65896bfc29e - - - - -] Service fb8da2fb-0ff3-4afc-956a-7d78b638efc3 is updated
2017-10-28 10:21:42.506 28551 INFO heat.engine.service [req-36d5ee3b-5fa0-4acb-b18b-72fec03e7c8e - - - - -] Service 560cd9d1-ade5-4123-8efe-4822dbddfe23 is updated
2017-10-28 10:21:42.524 28555 INFO heat.engine.service [req-33661c81-b63b-435e-852d-93a585e3e56e - - - - -] Service 6b1b66de-35d9-4105-bcd5-aa680ffcddec is updated
2017-10-28 10:21:42.533 28515 INFO heat.engine.service [req-1c6c17dc-e07e-40eb-9138-d4242c57fe06 - - - - -] Service 1a670f48-191d-4af2-ba9b-d59280a34029 is updated
2017-10-28 10:21:42.543 28550 INFO heat.engine.service [req-8da087f5-9ed3-416a-9f8f-247eb53639dc - - - - -] Service ac79e68c-b408-42b8-9a3f-aaa256fcf8f0 is updated
2017-10-28 10:21:42.558 28540 INFO heat.engine.service [req-c6d3dde8-a0eb-4eda-9d4c-6c98c1af6e9c - - - - -] Service 48ab0354-0cc3-4574-8b4b-39578b4811f9 is updated
2017-10-28 10:21:42.569 28531 INFO heat.engine.service [req-d4aaf50f-d913-4b48-a031-a93a19f6539f - - - - -] Service ff837399-1603-480b-89cf-1947330a42ab is updated
2017-10-28 10:21:42.571 28521 INFO heat.engine.service [req-cce22e72-569e-4fad-88b4-370c55e98036 - - - - -] Service d42598ab-5331-4bf4-a271-327e00c8675f is updated
2017-10-28 10:21:42.585 28525 INFO heat.engine.service [req-14af6f97-fbe1-4e57-8daa-17a0388cc5db - - - - -] Service 12fa1fd5-3e02-4695-9acb-ecf6d0c6be7e is updated
2017-10-28 10:21:42.755 28559 INFO heat.engine.service [req-2e3288c4-07af-4be4-9687-572e3b2cf729 - - - - -] Service d321ca62-b768-43f2-9c4f-f4308f362b40 is updated
2017-10-28 10:21:42.820 28539 INFO heat.engine.service [req-061e1374-e580-4f1a-aaf6-e91f67529e38 - - - - -] Service 75a95404-a1b5-44f6-ba31-90e0e95c8ad0 is updated
2017-10-28 10:21:44.113 28514 INFO heat.engine.service [req-c0966740-45bb-46a6-b2e3-5b3a1d657ab7 - - - - -] Service c1ca77d3-4c81-441a-914c-e8e1795d0819 is updated
2017-10-28 10:22:41.827 28529 INFO heat.engine.service [req-cd165f2f-b85e-4c96-9534-cdb320fec557 - - - - -] Service 4e596928-014f-46fe-904b-2c69d0122faa is updated
2017-10-28 10:22:41.979 28511 INFO heat.engine.service [req-70c08e49-d50c-426b-b3bf-d5e1d4ff1d75 - - - - -] Service c4991b42-b929-41c8-92ba-07735294b97d is updated
2017-10-28 10:22:41.983 28522 INFO heat.engine.service [req-2e08292b-43da-46fa-adc5-02c46c4fb300 - - - - -] Service 0b05fddd-7118-49f7-b698-e81b89f80dd0 is updated
2017-10-28 10:22:41.988 28542 INFO heat.engine.service [req-1d0c9199-9568-4cc0-bbd6-497737af1a94 - - - - -] Service 94a1afb2-8a32-439d-ab8f-e06a961e4433 is updated
2017-10-28 10:22:41.988 28553 INFO heat.engine.service [req-16887312-88bb-452d-804e-466694f40e36 - - - - -] Service 1231c634-a611-4552-9733-0bcd0229559d is updated
2017-10-28 10:22:41.989 28532 INFO heat.engine.service [req-fff52a28-8a2f-4c5e-9d88-b4ae602b8c31 - - - - -] Service 5e954547-3083-4e91-b56e-edaec69d9004 is updated
2017-10-28 10:22:42.017 28552 INFO heat.engine.service [req-e367688f-c8a8-4114-9966-b6f847eccf21 - - - - -] Service e9eaa51d-d288-442a-bc48-944d997543a3 is updated
2017-10-28 10:22:42.017 28513 INFO heat.engine.service [req-016009e1-1798-46aa-9ba0-a0eb7dd8c846 - - - - -] Service 5ce1d5ea-a507-4dce-98d2-430354f1824f is updated
2017-10-28 10:22:42.074 28516 INFO heat.engine.service [req-f0de80a9-1298-4b0d-b5b6-6546c220fd4c - - - - -] Service 2d84e3bb-febf-485e-87fe-d93b4c80d1c4 is updated
2017-10-28 10:22:42.147 28527 INFO heat.engine.service [req-cde2a623-cb64-4eac-8703-e0da4210d425 - - - - -] Service 27b05062-f4e2-41b9-a5a1-b78a8e7a7cab is updated
2017-10-28 10:22:42.148 28538 INFO heat.engine.service [req-640f94e0-9ce6-4cb5-a6cb-0dd313bb668b - - - - -] Service 174f2dbb-df8a-4407-b210-723a658db9cb is updated
2017-10-28 10:22:42.156 28523 INFO heat.engine.service [req-e77e2d5d-7d11-46bd-8b7b-68c4533d03f4 - - - - -] Service d7cc827c-6c72-4bc7-9c27-48fae872f1b6 is updated
2017-10-28 10:22:42.157 28520 INFO heat.engine.service [req-05af8248-dba7-41db-a18f-a6055f42039f - - - - -] Service 4afb81d2-1ea2-4a4b-bc5f-b909623e3e74 is updated
2017-10-28 10:22:42.158 28536 INFO heat.engine.service [req-c8dae2cc-e67b-4077-bd80-fddce2320b6a - - - - -] Service 98ecc1ea-b227-42dc-82e7-30ac1ed9fca4 is updated
2017-10-28 10:22:42.158 28561 INFO heat.engine.service [req-78052d60-886d-42ed-ae34-e256ecbcc5ce - - - - -] Service 5320c9fe-fd90-45e2-9c81-06f88b38f36b is updated
2017-10-28 10:22:42.158 28564 INFO heat.engine.service [req-10d6d8af-d859-456a-9f8a-cfd878e0f01f - - - - -] Service 8f50a07c-7ad8-4a6d-a9d3-37e4c8f0ba53 is updated
2017-10-28 10:22:42.158 28510 INFO heat.engine.service [req-7078574b-dc25-4034-a197-3360f1e39801 - - - - -] Service 4669f065-a489-481e-9850-91a9f44bc077 is updated
2017-10-28 10:22:42.158 28562 INFO heat.engine.service [req-5e4979de-843d-43f9-b04b-bc03b99a92f4 - - - - -] Service b207e39f-b808-4c6c-8285-bd415d13ec10 is updated
2017-10-28 10:22:42.164 28560 INFO heat.engine.service [req-e64adaf7-7899-4c28-a159-e3c2b2ee6ef2 - - - - -] Service 3b95e8e7-8709-45d2-a464-bac772180735 is updated
2017-10-28 10:22:42.175 28557 INFO heat.engine.service [req-25c43671-4293-4e96-a755-6779f5ea1cb7 - - - - -] Service 98f930a8-31b2-4e4d-8712-9e6fea660e73 is updated
2017-10-28 10:22:42.248 28519 INFO heat.engine.service [req-dc5348e8-cafc-4e57-af62-a3bff2eb7cd9 - - - - -] Service 7d2457db-265f-4f09-a7ed-68db183e0384 is updated
2017-10-28 10:22:42.253 28563 INFO heat.engine.service [req-935be991-7382-4d28-bbc4-ab3c7ccd0936 - - - - -] Service 4eca1835-2fb1-450f-b336-3867986a581d is updated
2017-10-28 10:22:42.258 28524 INFO heat.engine.service [req-26ed43fe-45e5-48cd-94f5-896cfcd52b55 - - - - -] Service 2f511c44-ddf4-43a7-9fd0-41f210a8b669 is updated
2017-10-28 10:22:42.260 28533 INFO heat.engine.service [req-996c8275-aad0-4060-8aa4-844f155d142e - - - - -] Service 3a35d7bf-f1bd-4589-a5c3-8000c3b24793 is updated
2017-10-28 10:22:42.297 28547 INFO heat.engine.service [req-d6998be9-594a-44c6-8941-256ed71f72d2 - - - - -] Service 25707d32-efb1-423a-b2d4-e11dfe67bcdc is updated
2017-10-28 10:22:42.321 28517 INFO heat.engine.service [req-7572ae3d-ca2d-49da-ad2c-01365d917c88 - - - - -] Service 750cf73f-337d-432c-9d53-30fab548b45c is updated
2017-10-28 10:22:42.393 28512 INFO heat.engine.service [req-0a473aa0-7833-40b7-8cc8-5bdd21eaa04f - - - - -] Service fc9cbb06-6f7c-4b69-b947-05f204b3ce3c is updated
2017-10-28 10:22:42.393 28554 INFO heat.engine.service [req-ecf137e0-2a42-431f-b6b6-0e99b8654e7c - - - - -] Service c7479ed7-747a-48d4-9a5a-b7161a57c39e is updated
2017-10-28 10:22:42.398 28549 INFO heat.engine.service [req-11243cae-d4a7-4d45-9248-2c79aebaf788 - - - - -] Service 8942a6af-7411-45cf-9672-1c7d3127c49f is updated
2017-10-28 10:22:42.400 28534 INFO heat.engine.service [req-55c093b9-f9e1-46d7-ab9f-25b5fa515671 - - - - -] Service 7cdf9070-e34d-436d-aa75-65b1eb388638 is updated
2017-10-28 10:22:42.400 28541 INFO heat.engine.service [req-1a0d043c-b923-491d-9241-b8a81324bec7 - - - - -] Service 28f76f02-d340-4517-9f1d-cb1f7fd704ac is updated
2017-10-28 10:22:42.401 28537 INFO heat.engine.service [req-cafe7127-3283-48c4-849b-706064c33bb0 - - - - -] Service fd1e41c5-b76e-4f95-9fd6-4a9c3d626081 is updated
2017-10-28 10:22:42.406 28530 INFO heat.engine.service [req-b110b79b-a403-4af6-9eff-f798f5cbaa1a - - - - -] Service caf6df39-f07f-489e-9581-9b70becae9e2 is updated
2017-10-28 10:22:42.406 28556 INFO heat.engine.service [req-a11d1022-75d0-4506-bea3-b9102f3f28ac - - - - -] Service 30227806-eb6a-421b-b64b-1f4e769dde97 is updated
2017-10-28 10:22:42.440 28518 INFO heat.engine.service [req-4faa4f40-3ab8-4084-a260-ff8891a20ae8 - - - - -] Service dd24efbc-8915-43d4-af30-b40fa3b43c47 is updated
2017-10-28 10:22:42.448 28558 INFO heat.engine.service [req-b31d4892-48e1-46b3-acdf-29167886ffc5 - - - - -] Service ce91c6b2-92c3-4791-9658-c7753c86c265 is updated
2017-10-28 10:22:42.459 28535 INFO heat.engine.service [req-44262141-5ee3-4b6f-abc0-2b87e1a4c27b - - - - -] Service fb8da2fb-0ff3-4afc-956a-7d78b638efc3 is updated
2017-10-28 10:22:42.512 28551 INFO heat.engine.service [req-20df0496-2460-47fb-8031-282ebc9edcdf - - - - -] Service 560cd9d1-ade5-4123-8efe-4822dbddfe23 is updated
2017-10-28 10:22:42.521 28555 INFO heat.engine.service [req-900b9757-3629-4b8f-8b14-0de84ab802e1 - - - - -] Service 6b1b66de-35d9-4105-bcd5-aa680ffcddec is updated
2017-10-28 10:22:42.530 28515 INFO heat.engine.service [req-b8db031f-2a44-4db2-ae07-6956d9b22b39 - - - - -] Service 1a670f48-191d-4af2-ba9b-d59280a34029 is updated
2017-10-28 10:22:42.540 28550 INFO heat.engine.service [req-d0d164f3-435a-435f-8fa4-f02a5cc891b9 - - - - -] Service ac79e68c-b408-42b8-9a3f-aaa256fcf8f0 is updated
2017-10-28 10:22:42.565 28540 INFO heat.engine.service [req-38a62340-9454-405a-9824-258cb6e73809 - - - - -] Service 48ab0354-0cc3-4574-8b4b-39578b4811f9 is updated
2017-10-28 10:22:42.565 28531 INFO heat.engine.service [req-fb5873fd-4de2-4ff5-8997-abcabf36475b - - - - -] Service ff837399-1603-480b-89cf-1947330a42ab is updated
2017-10-28 10:22:42.567 28521 INFO heat.engine.service [req-3129f574-a9f3-430c-9ab7-68cc96f92799 - - - - -] Service d42598ab-5331-4bf4-a271-327e00c8675f is updated
2017-10-28 10:22:42.582 28525 INFO heat.engine.service [req-279edfc7-250d-4669-8438-1143a805edce - - - - -] Service 12fa1fd5-3e02-4695-9acb-ecf6d0c6be7e is updated
2017-10-28 10:22:42.750 28559 INFO heat.engine.service [req-7b41a09d-4974-4858-bb14-68b5b770fb84 - - - - -] Service d321ca62-b768-43f2-9c4f-f4308f362b40 is updated
2017-10-28 10:22:42.818 28539 INFO heat.engine.service [req-00b4d2dc-4d0e-4e7e-9437-09e70767f1e0 - - - - -] Service 75a95404-a1b5-44f6-ba31-90e0e95c8ad0 is updated
2017-10-28 10:22:44.111 28514 INFO heat.engine.service [req-f0992c1a-9d98-428e-8f30-a46b5d300c2d - - - - -] Service c1ca77d3-4c81-441a-914c-e8e1795d0819 is updated
2017-10-28 10:23:41.823 28529 INFO heat.engine.service [req-bba5e8ed-531f-4500-a2e8-aa9ecab96658 - - - - -] Service 4e596928-014f-46fe-904b-2c69d0122faa is updated
2017-10-28 10:23:41.936 28511 INFO heat.engine.service [req-ae18df28-b49f-49b4-8fcb-7a3ee8114cda - - - - -] Service c4991b42-b929-41c8-92ba-07735294b97d is updated
2017-10-28 10:23:41.939 28522 INFO heat.engine.service [req-dd6d5d0e-3849-4d85-a047-b4b7d6715785 - - - - -] Service 0b05fddd-7118-49f7-b698-e81b89f80dd0 is updated
2017-10-28 10:23:41.955 28542 INFO heat.engine.service [req-55ecb8e6-e07b-4e0b-a8fd-36e8bad288e7 - - - - -] Service 94a1afb2-8a32-439d-ab8f-e06a961e4433 is updated
2017-10-28 10:23:41.985 28553 INFO heat.engine.service [req-b2d29a96-24d0-4310-86fe-f2de51d2a143 - - - - -] Service 1231c634-a611-4552-9733-0bcd0229559d is updated
2017-10-28 10:23:41.986 28532 INFO heat.engine.service [req-5a893889-b93e-4085-a836-79a535175ca7 - - - - -] Service 5e954547-3083-4e91-b56e-edaec69d9004 is updated
2017-10-28 10:23:42.011 28552 INFO heat.engine.service [req-a4fda66e-3e75-4e51-876e-c57a75dcae71 - - - - -] Service e9eaa51d-d288-442a-bc48-944d997543a3 is updated
2017-10-28 10:23:42.012 28513 INFO heat.engine.service [req-20746489-f48f-43ae-9260-2fc1d38d0f7b - - - - -] Service 5ce1d5ea-a507-4dce-98d2-430354f1824f is updated
2017-10-28 10:23:42.061 28516 INFO heat.engine.service [req-f4b76a50-7765-4e03-b370-bc221968a061 - - - - -] Service 2d84e3bb-febf-485e-87fe-d93b4c80d1c4 is updated
2017-10-28 10:23:42.083 28527 INFO heat.engine.service [req-6b475737-601e-4563-8484-3df22ec5b4c0 - - - - -] Service 27b05062-f4e2-41b9-a5a1-b78a8e7a7cab is updated
2017-10-28 10:23:42.085 28538 INFO heat.engine.service [req-4c12dddc-03a9-439c-b202-17dac61ea472 - - - - -] Service 174f2dbb-df8a-4407-b210-723a658db9cb is updated
2017-10-28 10:23:42.096 28562 INFO heat.engine.service [req-70cf8934-827c-4967-ad2a-5c34b8b84811 - - - - -] Service b207e39f-b808-4c6c-8285-bd415d13ec10 is updated
2017-10-28 10:23:42.100 28523 INFO heat.engine.service [req-feba9d9e-12e5-41b5-b01a-194e42405065 - - - - -] Service d7cc827c-6c72-4bc7-9c27-48fae872f1b6 is updated
2017-10-28 10:23:42.115 28561 INFO heat.engine.service [req-9a6a7171-2761-473f-a1c6-286fc98f1b78 - - - - -] Service 5320c9fe-fd90-45e2-9c81-06f88b38f36b is updated
2017-10-28 10:23:42.123 28520 INFO heat.engine.service [req-4dc14169-7cd3-4a76-ade8-9cfe88384de4 - - - - -] Service 4afb81d2-1ea2-4a4b-bc5f-b909623e3e74 is updated
2017-10-28 10:23:42.124 28510 INFO heat.engine.service [req-3e303ddb-16ce-4bb4-a3ea-4e20c6ce6597 - - - - -] Service 4669f065-a489-481e-9850-91a9f44bc077 is updated
2017-10-28 10:23:42.133 28536 INFO heat.engine.service [req-aa9c5baa-321e-4ea6-a613-67f312e7153e - - - - -] Service 98ecc1ea-b227-42dc-82e7-30ac1ed9fca4 is updated
2017-10-28 10:23:42.134 28564 INFO heat.engine.service [req-a1c0b2cf-67d8-4989-887a-790ec89ec084 - - - - -] Service 8f50a07c-7ad8-4a6d-a9d3-37e4c8f0ba53 is updated
2017-10-28 10:23:42.159 28560 INFO heat.engine.service [req-bcb3e777-d873-454f-b7a7-bc8131339071 - - - - -] Service 3b95e8e7-8709-45d2-a464-bac772180735 is updated
2017-10-28 10:23:42.180 28557 INFO heat.engine.service [req-fd7f2377-ebe7-4e0b-92d4-61101e0f749c - - - - -] Service 98f930a8-31b2-4e4d-8712-9e6fea660e73 is updated
2017-10-28 10:23:42.231 28563 INFO heat.engine.service [req-e169d991-fce2-4232-9709-036923910f4f - - - - -] Service 4eca1835-2fb1-450f-b336-3867986a581d is updated
2017-10-28 10:23:42.233 28519 INFO heat.engine.service [req-c2b2f569-32c1-4d67-9118-4d7d0b166bc4 - - - - -] Service 7d2457db-265f-4f09-a7ed-68db183e0384 is updated
2017-10-28 10:23:42.243 28533 INFO heat.engine.service [req-f291232c-8606-4703-9c3f-740527a670f1 - - - - -] Service 3a35d7bf-f1bd-4589-a5c3-8000c3b24793 is updated
2017-10-28 10:23:42.253 28524 INFO heat.engine.service [req-fc34b5be-c976-45ec-9bb7-2b256c4df0cd - - - - -] Service 2f511c44-ddf4-43a7-9fd0-41f210a8b669 is updated
2017-10-28 10:23:42.292 28547 INFO heat.engine.service [req-746cf3c4-6e86-4ba3-bb3b-558071f50b4f - - - - -] Service 25707d32-efb1-423a-b2d4-e11dfe67bcdc is updated
2017-10-28 10:23:42.314 28517 INFO heat.engine.service [req-5574a04f-189d-4276-b55d-b1ec2fbdd373 - - - - -] Service 750cf73f-337d-432c-9d53-30fab548b45c is updated
2017-10-28 10:23:42.359 28512 INFO heat.engine.service [req-bf9c5b6f-aad7-4bf9-ad82-a56df4522d3a - - - - -] Service fc9cbb06-6f7c-4b69-b947-05f204b3ce3c is updated
2017-10-28 10:23:42.361 28554 INFO heat.engine.service [req-27e41ab7-c850-4937-9ea2-1d8680d0bf12 - - - - -] Service c7479ed7-747a-48d4-9a5a-b7161a57c39e is updated
2017-10-28 10:23:42.364 28537 INFO heat.engine.service [req-818c7826-0a9d-4206-b1a2-923066059094 - - - - -] Service fd1e41c5-b76e-4f95-9fd6-4a9c3d626081 is updated
2017-10-28 10:23:42.365 28541 INFO heat.engine.service [req-c81878cf-f354-48db-8fdf-56a795ba00ec - - - - -] Service 28f76f02-d340-4517-9f1d-cb1f7fd704ac is updated
2017-10-28 10:23:42.374 28549 INFO heat.engine.service [req-0d6addd2-8a21-495b-9481-6c70cc652421 - - - - -] Service 8942a6af-7411-45cf-9672-1c7d3127c49f is updated
2017-10-28 10:23:42.374 28534 INFO heat.engine.service [req-4924fdde-d113-452f-93fc-6e361080c2e4 - - - - -] Service 7cdf9070-e34d-436d-aa75-65b1eb388638 is updated
2017-10-28 10:23:42.402 28530 INFO heat.engine.service [req-30efced4-5b46-467e-8bbe-5dbc7470c0c3 - - - - -] Service caf6df39-f07f-489e-9581-9b70becae9e2 is updated
2017-10-28 10:23:42.403 28556 INFO heat.engine.service [req-9aa951e0-91fe-4d24-90fe-07ac727883ff - - - - -] Service 30227806-eb6a-421b-b64b-1f4e769dde97 is updated
2017-10-28 10:23:42.435 28518 INFO heat.engine.service [req-d833797e-9220-4a8e-b4cf-bdf1b20e88d7 - - - - -] Service dd24efbc-8915-43d4-af30-b40fa3b43c47 is updated
2017-10-28 10:23:42.452 28558 INFO heat.engine.service [req-913ab641-c8c9-4b8a-a889-5bfdbc92e64f - - - - -] Service ce91c6b2-92c3-4791-9658-c7753c86c265 is updated
2017-10-28 10:23:42.454 28535 INFO heat.engine.service [req-7fab3333-1730-4fc8-8476-8fd2aa23c1f7 - - - - -] Service fb8da2fb-0ff3-4afc-956a-7d78b638efc3 is updated
2017-10-28 10:23:42.507 28551 INFO heat.engine.service [req-ffd35621-a38f-4530-8019-3d5f255f1190 - - - - -] Service 560cd9d1-ade5-4123-8efe-4822dbddfe23 is updated
2017-10-28 10:23:42.515 28555 INFO heat.engine.service [req-b32cae9b-d979-42e2-8c3c-c1a1cf0217c8 - - - - -] Service 6b1b66de-35d9-4105-bcd5-aa680ffcddec is updated
2017-10-28 10:23:42.526 28515 INFO heat.engine.service [req-719b9166-114b-418b-acbd-948e0a8030e5 - - - - -] Service 1a670f48-191d-4af2-ba9b-d59280a34029 is updated
2017-10-28 10:23:42.545 28550 INFO heat.engine.service [req-4fc9719c-7065-4337-ac3b-6c318363fa6f - - - - -] Service ac79e68c-b408-42b8-9a3f-aaa256fcf8f0 is updated
2017-10-28 10:23:42.561 28531 INFO heat.engine.service [req-b99db80f-6849-46a2-9869-44899fb428bb - - - - -] Service ff837399-1603-480b-89cf-1947330a42ab is updated
2017-10-28 10:23:42.563 28521 INFO heat.engine.service [req-28d1ce25-f1b4-43bc-b123-e9bf871639bc - - - - -] Service d42598ab-5331-4bf4-a271-327e00c8675f is updated
2017-10-28 10:23:42.564 28540 INFO heat.engine.service [req-f3386923-fe50-4d13-933f-c535fd3d548f - - - - -] Service 48ab0354-0cc3-4574-8b4b-39578b4811f9 is updated
2017-10-28 10:23:42.576 28525 INFO heat.engine.service [req-729ba372-37ec-48e1-85c4-a499098a8e93 - - - - -] Service 12fa1fd5-3e02-4695-9acb-ecf6d0c6be7e is updated
2017-10-28 10:23:42.757 28559 INFO heat.engine.service [req-570024be-9cd6-4f16-a15c-1bdff3c4760d - - - - -] Service d321ca62-b768-43f2-9c4f-f4308f362b40 is updated
2017-10-28 10:23:42.816 28539 INFO heat.engine.service [req-2efd188e-f344-407d-8186-00c7afd63c8f - - - - -] Service 75a95404-a1b5-44f6-ba31-90e0e95c8ad0 is updated
2017-10-28 10:23:44.109 28514 INFO heat.engine.service [req-70b6ae8e-1211-4b62-803f-6ce6e6bfec44 - - - - -] Service c1ca77d3-4c81-441a-914c-e8e1795d0819 is updated
2017-10-28 10:24:41.822 28529 INFO heat.engine.service [req-68da0e73-e9a2-4908-b86e-ff4b5468bffb - - - - -] Service 4e596928-014f-46fe-904b-2c69d0122faa is updated
2017-10-28 10:24:41.935 28511 INFO heat.engine.service [req-fbc78e2f-dad5-4b30-bbf1-bbd381276103 - - - - -] Service c4991b42-b929-41c8-92ba-07735294b97d is updated
2017-10-28 10:24:41.937 28522 INFO heat.engine.service [req-aff9e1c1-ed84-4833-8a9d-db49151c5b69 - - - - -] Service 0b05fddd-7118-49f7-b698-e81b89f80dd0 is updated
2017-10-28 10:24:41.952 28542 INFO heat.engine.service [req-bfb79135-bf23-466d-935c-0d89026afebb - - - - -] Service 94a1afb2-8a32-439d-ab8f-e06a961e4433 is updated
2017-10-28 10:24:41.982 28553 INFO heat.engine.service [req-12161f21-8cd5-4073-b70d-53ef03f70cb4 - - - - -] Service 1231c634-a611-4552-9733-0bcd0229559d is updated
2017-10-28 10:24:41.983 28532 INFO heat.engine.service [req-40d6bccc-a5ff-4dd2-85d2-2d107e93e1d7 - - - - -] Service 5e954547-3083-4e91-b56e-edaec69d9004 is updated
2017-10-28 10:24:42.020 28552 INFO heat.engine.service [req-96f9326d-ea3b-4622-9f58-9e56976bd8e6 - - - - -] Service e9eaa51d-d288-442a-bc48-944d997543a3 is updated
2017-10-28 10:24:42.020 28513 INFO heat.engine.service [req-98f8f40a-20a2-4ad9-93a7-e59bc1070f85 - - - - -] Service 5ce1d5ea-a507-4dce-98d2-430354f1824f is updated
2017-10-28 10:24:42.059 28516 INFO heat.engine.service [req-d577765a-49fd-4bff-bfff-313417c46a12 - - - - -] Service 2d84e3bb-febf-485e-87fe-d93b4c80d1c4 is updated
2017-10-28 10:24:42.082 28527 INFO heat.engine.service [req-fc6f5e6e-5360-4743-b84c-9b9d0816f794 - - - - -] Service 27b05062-f4e2-41b9-a5a1-b78a8e7a7cab is updated
2017-10-28 10:24:42.082 28538 INFO heat.engine.service [req-5e0ba70e-0472-4bfb-a5f4-8561548d8de5 - - - - -] Service 174f2dbb-df8a-4407-b210-723a658db9cb is updated
2017-10-28 10:24:42.095 28562 INFO heat.engine.service [req-b8901ce0-243c-43e5-aed5-0dc6d9650475 - - - - -] Service b207e39f-b808-4c6c-8285-bd415d13ec10 is updated
2017-10-28 10:24:42.106 28523 INFO heat.engine.service [req-b2a44948-18bd-4715-9d73-249709ba1221 - - - - -] Service d7cc827c-6c72-4bc7-9c27-48fae872f1b6 is updated
2017-10-28 10:24:42.110 28561 INFO heat.engine.service [req-c2c42517-a443-4a8c-93ab-84f9123d07da - - - - -] Service 5320c9fe-fd90-45e2-9c81-06f88b38f36b is updated
2017-10-28 10:24:42.120 28520 INFO heat.engine.service [req-914587cc-0280-46f3-9eb1-c20df7a59a44 - - - - -] Service 4afb81d2-1ea2-4a4b-bc5f-b909623e3e74 is updated
2017-10-28 10:24:42.131 28510 INFO heat.engine.service [req-55030512-c369-4744-a75d-86dde1956c45 - - - - -] Service 4669f065-a489-481e-9850-91a9f44bc077 is updated
2017-10-28 10:24:42.131 28564 INFO heat.engine.service [req-8da47b54-bb28-47a4-802d-8c7c8b9bd947 - - - - -] Service 8f50a07c-7ad8-4a6d-a9d3-37e4c8f0ba53 is updated
2017-10-28 10:24:42.139 28536 INFO heat.engine.service [req-32d8f1a4-7aff-4ed4-908e-0cf19ca7313a - - - - -] Service 98ecc1ea-b227-42dc-82e7-30ac1ed9fca4 is updated
2017-10-28 10:24:42.156 28560 INFO heat.engine.service [req-744aa677-8d78-4911-b011-21b05515fdf7 - - - - -] Service 3b95e8e7-8709-45d2-a464-bac772180735 is updated
2017-10-28 10:24:42.178 28557 INFO heat.engine.service [req-b3d093ff-ee9c-4c26-9ed5-12a49d35bd5c - - - - -] Service 98f930a8-31b2-4e4d-8712-9e6fea660e73 is updated
2017-10-28 10:24:42.229 28563 INFO heat.engine.service [req-005adb32-56b2-4107-9479-f4c34744dd70 - - - - -] Service 4eca1835-2fb1-450f-b336-3867986a581d is updated
2017-10-28 10:24:42.241 28519 INFO heat.engine.service [req-1a7d7f93-3c0d-4d85-8c54-58ee9c1d07cd - - - - -] Service 7d2457db-265f-4f09-a7ed-68db183e0384 is updated
2017-10-28 10:24:42.248 28533 INFO heat.engine.service [req-2ec76dc9-ea88-4e73-818d-c5b9c1e560c5 - - - - -] Service 3a35d7bf-f1bd-4589-a5c3-8000c3b24793 is updated
2017-10-28 10:24:42.261 28524 INFO heat.engine.service [req-c704499a-74fc-42f2-bc38-4c072a26adb4 - - - - -] Service 2f511c44-ddf4-43a7-9fd0-41f210a8b669 is updated
2017-10-28 10:24:42.300 28547 INFO heat.engine.service [req-372e6175-f853-400a-90b8-f45264626485 - - - - -] Service 25707d32-efb1-423a-b2d4-e11dfe67bcdc is updated
2017-10-28 10:24:42.322 28517 INFO heat.engine.service [req-1f8219e1-0bb9-4e21-871c-85240648ef36 - - - - -] Service 750cf73f-337d-432c-9d53-30fab548b45c is updated
2017-10-28 10:24:42.357 28512 INFO heat.engine.service [req-d80ee263-8473-4e5a-b60d-4b2e3c57c515 - - - - -] Service fc9cbb06-6f7c-4b69-b947-05f204b3ce3c is updated
2017-10-28 10:24:42.357 28554 INFO heat.engine.service [req-d0bf9228-238a-4e6d-951b-2b689fae2a1a - - - - -] Service c7479ed7-747a-48d4-9a5a-b7161a57c39e is updated
2017-10-28 10:24:42.370 28537 INFO heat.engine.service [req-5cb27c61-f6bb-458c-b82e-c9188481299f - - - - -] Service fd1e41c5-b76e-4f95-9fd6-4a9c3d626081 is updated
2017-10-28 10:24:42.373 28541 INFO heat.engine.service [req-9b3d912b-3352-4fef-9ad2-1920efc8fc0f - - - - -] Service 28f76f02-d340-4517-9f1d-cb1f7fd704ac is updated
2017-10-28 10:24:42.381 28549 INFO heat.engine.service [req-f76feb97-5efa-4ab4-8063-670d2c071193 - - - - -] Service 8942a6af-7411-45cf-9672-1c7d3127c49f is updated
2017-10-28 10:24:42.382 28534 INFO heat.engine.service [req-90afb34b-d993-484f-a1e0-4bd748881756 - - - - -] Service 7cdf9070-e34d-436d-aa75-65b1eb388638 is updated
2017-10-28 10:24:42.397 28556 INFO heat.engine.service [req-bbf75285-caea-444c-af94-61dca130e1b3 - - - - -] Service 30227806-eb6a-421b-b64b-1f4e769dde97 is updated
2017-10-28 10:24:42.401 28530 INFO heat.engine.service [req-9e65fa29-0914-4868-ae29-571f5418d756 - - - - -] Service caf6df39-f07f-489e-9581-9b70becae9e2 is updated
2017-10-28 10:24:42.442 28518 INFO heat.engine.service [req-0af70e17-7216-4a1e-812f-66b3a5f67587 - - - - -] Service dd24efbc-8915-43d4-af30-b40fa3b43c47 is updated
2017-10-28 10:24:42.458 28558 INFO heat.engine.service [req-ecc7ff05-f5df-4de9-8a04-3a0f7bc0e2be - - - - -] Service ce91c6b2-92c3-4791-9658-c7753c86c265 is updated
2017-10-28 10:24:42.462 28535 INFO heat.engine.service [req-6b00bcfd-4604-4996-88c3-2eb20cd06935 - - - - -] Service fb8da2fb-0ff3-4afc-956a-7d78b638efc3 is updated
2017-10-28 10:24:42.505 28551 INFO heat.engine.service [req-a8d86f0a-bb76-451d-bf32-4b9d1afd215f - - - - -] Service 560cd9d1-ade5-4123-8efe-4822dbddfe23 is updated
2017-10-28 10:24:42.522 28555 INFO heat.engine.service [req-7d2ea603-f797-4c67-ab2f-4993b50dc2c6 - - - - -] Service 6b1b66de-35d9-4105-bcd5-aa680ffcddec is updated
2017-10-28 10:24:42.525 28515 INFO heat.engine.service [req-045e3afa-91d9-493f-a00c-d6ed5000e6e8 - - - - -] Service 1a670f48-191d-4af2-ba9b-d59280a34029 is updated
2017-10-28 10:24:42.542 28550 INFO heat.engine.service [req-efad2776-bc7d-4983-b3e8-a5d86cd5fd1d - - - - -] Service ac79e68c-b408-42b8-9a3f-aaa256fcf8f0 is updated
2017-10-28 10:24:42.562 28521 INFO heat.engine.service [req-6149f048-fed0-4e34-ba00-dc3b131a8254 - - - - -] Service d42598ab-5331-4bf4-a271-327e00c8675f is updated
2017-10-28 10:24:42.562 28540 INFO heat.engine.service [req-752d28ee-f794-42cb-a8b6-e112bd6bc623 - - - - -] Service 48ab0354-0cc3-4574-8b4b-39578b4811f9 is updated
2017-10-28 10:24:42.569 28531 INFO heat.engine.service [req-1db5d870-3f51-4c6a-b23f-180adaa25b00 - - - - -] Service ff837399-1603-480b-89cf-1947330a42ab is updated
2017-10-28 10:24:42.584 28525 INFO heat.engine.service [req-05778a9b-1709-4523-9754-bab3d7b9018d - - - - -] Service 12fa1fd5-3e02-4695-9acb-ecf6d0c6be7e is updated
2017-10-28 10:24:42.754 28559 INFO heat.engine.service [req-1e745fb2-16c1-4b6e-a8f5-30ce8dc6ea59 - - - - -] Service d321ca62-b768-43f2-9c4f-f4308f362b40 is updated
2017-10-28 10:24:42.812 28539 INFO heat.engine.service [req-ac3485b5-7813-409c-a073-9e516daf81c0 - - - - -] Service 75a95404-a1b5-44f6-ba31-90e0e95c8ad0 is updated
2017-10-28 10:24:44.109 28514 INFO heat.engine.service [req-acfaf2bd-abce-4d3d-9b54-9c2793e7ccb8 - - - - -] Service c1ca77d3-4c81-441a-914c-e8e1795d0819 is updated
2017-10-28 10:25:41.820 28529 INFO heat.engine.service [req-dfc06979-b341-4f6f-a4fc-4b2c89770c43 - - - - -] Service 4e596928-014f-46fe-904b-2c69d0122faa is updated
2017-10-28 10:25:41.933 28511 INFO heat.engine.service [req-3a69c667-3d78-4286-94f3-b411bcd2e38d - - - - -] Service c4991b42-b929-41c8-92ba-07735294b97d is updated
2017-10-28 10:25:41.935 28522 INFO heat.engine.service [req-25933c04-ab35-46f5-8478-4bf18cc59626 - - - - -] Service 0b05fddd-7118-49f7-b698-e81b89f80dd0 is updated
2017-10-28 10:25:41.949 28542 INFO heat.engine.service [req-f71a639a-5845-4d74-95af-e9fb426d683c - - - - -] Service 94a1afb2-8a32-439d-ab8f-e06a961e4433 is updated
2017-10-28 10:25:41.980 28553 INFO heat.engine.service [req-39790110-e15b-4778-92d7-360f89f904bc - - - - -] Service 1231c634-a611-4552-9733-0bcd0229559d is updated
2017-10-28 10:25:41.980 28532 INFO heat.engine.service [req-3549ae1b-c091-4cff-8f31-ec9cafea9f15 - - - - -] Service 5e954547-3083-4e91-b56e-edaec69d9004 is updated
2017-10-28 10:25:42.016 28552 INFO heat.engine.service [req-abbd545c-0ca9-4f01-b4c5-46bec057483d - - - - -] Service e9eaa51d-d288-442a-bc48-944d997543a3 is updated
2017-10-28 10:25:42.017 28513 INFO heat.engine.service [req-ebdfeb50-b86f-4325-a764-af4bfaa8d893 - - - - -] Service 5ce1d5ea-a507-4dce-98d2-430354f1824f is updated
2017-10-28 10:25:42.057 28516 INFO heat.engine.service [req-b51a2d9e-30c8-4b5a-8de8-a4442964a4c6 - - - - -] Service 2d84e3bb-febf-485e-87fe-d93b4c80d1c4 is updated
2017-10-28 10:25:42.082 28538 INFO heat.engine.service [req-6689fbbd-9419-42b0-bb7d-d92dd6fb0a35 - - - - -] Service 174f2dbb-df8a-4407-b210-723a658db9cb is updated
2017-10-28 10:25:42.083 28527 INFO heat.engine.service [req-2a483c8a-459f-4062-8ed2-4f48a52b360d - - - - -] Service 27b05062-f4e2-41b9-a5a1-b78a8e7a7cab is updated
2017-10-28 10:25:42.092 28562 INFO heat.engine.service [req-6e5ee96a-5c1c-49e7-9dd3-c9d3c7bc94c1 - - - - -] Service b207e39f-b808-4c6c-8285-bd415d13ec10 is updated
2017-10-28 10:25:42.104 28523 INFO heat.engine.service [req-dd57cbc9-7496-4218-bd70-da4b1cc04b25 - - - - -] Service d7cc827c-6c72-4bc7-9c27-48fae872f1b6 is updated
2017-10-28 10:25:42.107 28561 INFO heat.engine.service [req-48fa84d9-caed-4ff8-8fc0-b626b70ac924 - - - - -] Service 5320c9fe-fd90-45e2-9c81-06f88b38f36b is updated
2017-10-28 10:25:42.117 28520 INFO heat.engine.service [req-0ba666f9-a61c-45cd-b949-82e746c72b49 - - - - -] Service 4afb81d2-1ea2-4a4b-bc5f-b909623e3e74 is updated
2017-10-28 10:25:42.129 28564 INFO heat.engine.service [req-efa66807-ac0e-4a54-bbda-b44992876732 - - - - -] Service 8f50a07c-7ad8-4a6d-a9d3-37e4c8f0ba53 is updated
2017-10-28 10:25:42.129 28510 INFO heat.engine.service [req-85e90cae-a267-4ace-a8fd-b04ac8a56e91 - - - - -] Service 4669f065-a489-481e-9850-91a9f44bc077 is updated
2017-10-28 10:25:42.134 28536 INFO heat.engine.service [req-d5c2c1b0-efbf-4d33-8806-b1fc8ed36faf - - - - -] Service 98ecc1ea-b227-42dc-82e7-30ac1ed9fca4 is updated
2017-10-28 10:25:42.153 28560 INFO heat.engine.service [req-7c203ea9-8bc6-4c69-9b2b-ad0c72f0cbe2 - - - - -] Service 3b95e8e7-8709-45d2-a464-bac772180735 is updated
2017-10-28 10:25:42.174 28557 INFO heat.engine.service [req-e1817ce3-26a3-494c-83b9-d18d66a147a1 - - - - -] Service 98f930a8-31b2-4e4d-8712-9e6fea660e73 is updated
2017-10-28 10:25:42.224 28563 INFO heat.engine.service [req-5f027644-635c-43ef-9736-91aac7376292 - - - - -] Service 4eca1835-2fb1-450f-b336-3867986a581d is updated
2017-10-28 10:25:42.238 28519 INFO heat.engine.service [req-671be514-ee85-470e-92c3-32b5f9c81a35 - - - - -] Service 7d2457db-265f-4f09-a7ed-68db183e0384 is updated
2017-10-28 10:25:42.271 28533 INFO heat.engine.service [req-47012d2d-ff99-4e9c-89db-25d0d95d0a77 - - - - -] Service 3a35d7bf-f1bd-4589-a5c3-8000c3b24793 is updated
2017-10-28 10:25:42.271 28524 INFO heat.engine.service [req-471af7e3-aae4-45c9-8a29-f0d0407b55e2 - - - - -] Service 2f511c44-ddf4-43a7-9fd0-41f210a8b669 is updated
2017-10-28 10:25:42.297 28547 INFO heat.engine.service [req-40fe4989-d689-44b9-b667-0630d63b7b15 - - - - -] Service 25707d32-efb1-423a-b2d4-e11dfe67bcdc is updated
2017-10-28 10:25:42.320 28517 INFO heat.engine.service [req-f93f253f-c793-4640-8ab6-a8d6daf0fe7e - - - - -] Service 750cf73f-337d-432c-9d53-30fab548b45c is updated
2017-10-28 10:25:42.355 28554 INFO heat.engine.service [req-719f8695-364d-4719-88e8-7cbaececcb94 - - - - -] Service c7479ed7-747a-48d4-9a5a-b7161a57c39e is updated
2017-10-28 10:25:42.357 28512 INFO heat.engine.service [req-17f34ca0-9bbb-4e31-b7ee-fbfb91ee4560 - - - - -] Service fc9cbb06-6f7c-4b69-b947-05f204b3ce3c is updated
2017-10-28 10:25:42.369 28537 INFO heat.engine.service [req-a6a2e0a0-1c44-4358-9d82-545994a13362 - - - - -] Service fd1e41c5-b76e-4f95-9fd6-4a9c3d626081 is updated
2017-10-28 10:25:42.369 28541 INFO heat.engine.service [req-a6fd983a-89bd-486b-a82e-a871f172025e - - - - -] Service 28f76f02-d340-4517-9f1d-cb1f7fd704ac is updated
2017-10-28 10:25:42.377 28549 INFO heat.engine.service [req-600f97d8-2670-4ec9-9fed-1f6462116eac - - - - -] Service 8942a6af-7411-45cf-9672-1c7d3127c49f is updated
2017-10-28 10:25:42.378 28534 INFO heat.engine.service [req-c1790b26-feb3-44ba-b5f3-7c8e1fbf8dd4 - - - - -] Service 7cdf9070-e34d-436d-aa75-65b1eb388638 is updated
