2017-10-28 09:54:41.879 28529 INFO heat.engine.service [req-8417e2c3-a8d4-4ae8-9d70-2e058be6e905 - - - - -] Service 4e596928-014f-46fe-904b-2c69d0122faa is updated
2017-10-28 09:54:41.983 28522 INFO heat.engine.service [req-d99cb381-6fd8-47b2-aa91-0ec94c6a0b3b - - - - -] Service 0b05fddd-7118-49f7-b698-e81b89f80dd0 is updated
2017-10-28 09:54:41.985 28511 INFO heat.engine.service [req-8cc4b55d-3b4d-4d35-b507-246a99273d2a - - - - -] Service c4991b42-b929-41c8-92ba-07735294b97d is updated
2017-10-28 09:54:41.991 28553 INFO heat.engine.service [req-4aa343bd-4d92-4813-a68f-b0e2cc1bda20 - - - - -] Service 1231c634-a611-4552-9733-0bcd0229559d is updated
2017-10-28 09:54:42.042 28532 INFO heat.engine.service [req-bae58b08-8b8c-4782-b09b-1bfe6fe09808 - - - - -] Service 5e954547-3083-4e91-b56e-edaec69d9004 is updated
2017-10-28 09:54:42.044 28542 INFO heat.engine.service [req-b7f47ac8-89de-4861-8676-28093136a79d - - - - -] Service 94a1afb2-8a32-439d-ab8f-e06a961e4433 is updated
2017-10-28 09:54:42.088 28552 INFO heat.engine.service [req-a876b143-9805-4f4e-8d61-814eab531ad2 - - - - -] Service e9eaa51d-d288-442a-bc48-944d997543a3 is updated
2017-10-28 09:54:42.096 28513 INFO heat.engine.service [req-ff41cdfb-d1e5-4e94-8c62-acf675193286 - - - - -] Service 5ce1d5ea-a507-4dce-98d2-430354f1824f is updated
2017-10-28 09:54:42.105 28516 INFO heat.engine.service [req-20be5e49-c792-4ef0-bca1-6d83e25fe591 - - - - -] Service 2d84e3bb-febf-485e-87fe-d93b4c80d1c4 is updated
2017-10-28 09:54:42.109 28538 INFO heat.engine.service [req-458eab05-bc87-44fa-af5b-a32912f8c186 - - - - -] Service 174f2dbb-df8a-4407-b210-723a658db9cb is updated
2017-10-28 09:54:42.113 28527 INFO heat.engine.service [req-e2197d5b-3645-4bfc-8907-5551108acaef - - - - -] Service 27b05062-f4e2-41b9-a5a1-b78a8e7a7cab is updated
2017-10-28 09:54:42.128 28523 INFO heat.engine.service [req-cd99e40c-6b01-426d-841a-85247f676533 - - - - -] Service d7cc827c-6c72-4bc7-9c27-48fae872f1b6 is updated
2017-10-28 09:54:42.139 28562 INFO heat.engine.service [req-8af81980-a8e9-4cba-b70c-2790b68acc46 - - - - -] Service b207e39f-b808-4c6c-8285-bd415d13ec10 is updated
2017-10-28 09:54:42.161 28561 INFO heat.engine.service [req-3248bfa2-09f3-4d8e-8589-71e5a3438f26 - - - - -] Service 5320c9fe-fd90-45e2-9c81-06f88b38f36b is updated
2017-10-28 09:54:42.174 28510 INFO heat.engine.service [req-603e679d-5bbc-4b19-b8ce-9aec54625879 - - - - -] Service 4669f065-a489-481e-9850-91a9f44bc077 is updated
2017-10-28 09:54:42.192 28520 INFO heat.engine.service [req-5d461566-bacb-4af0-988e-eaa3690581f7 - - - - -] Service 4afb81d2-1ea2-4a4b-bc5f-b909623e3e74 is updated
2017-10-28 09:54:42.192 28536 INFO heat.engine.service [req-886be681-0d6b-4d84-93bf-f500d0afdb89 - - - - -] Service 98ecc1ea-b227-42dc-82e7-30ac1ed9fca4 is updated
2017-10-28 09:54:42.265 28564 INFO heat.engine.service [req-02e1d455-f224-4a13-b0ec-cb8be728debd - - - - -] Service 8f50a07c-7ad8-4a6d-a9d3-37e4c8f0ba53 is updated
2017-10-28 09:54:42.272 28560 INFO heat.engine.service [req-aa65cb5d-4e88-458b-b559-e1c0b94350ce - - - - -] Service 3b95e8e7-8709-45d2-a464-bac772180735 is updated
2017-10-28 09:54:42.274 28557 INFO heat.engine.service [req-aa26010c-66b2-4e1c-a248-9cc9a1b1a7e5 - - - - -] Service 98f930a8-31b2-4e4d-8712-9e6fea660e73 is updated
2017-10-28 09:54:42.275 28563 INFO heat.engine.service [req-27bc7367-a077-473b-9d2b-1911d88b0c71 - - - - -] Service 4eca1835-2fb1-450f-b336-3867986a581d is updated
2017-10-28 09:54:42.288 28519 INFO heat.engine.service [req-47c4866e-943e-4cfc-bf2f-81ae7db301e5 - - - - -] Service 7d2457db-265f-4f09-a7ed-68db183e0384 is updated
2017-10-28 09:54:42.303 28533 INFO heat.engine.service [req-9b115318-236f-4712-9a8e-67d2055ca611 - - - - -] Service 3a35d7bf-f1bd-4589-a5c3-8000c3b24793 is updated
2017-10-28 09:54:42.304 28524 INFO heat.engine.service [req-816fd758-c74e-4a26-9dc0-8e7e35ed68eb - - - - -] Service 2f511c44-ddf4-43a7-9fd0-41f210a8b669 is updated
2017-10-28 09:54:42.389 28547 INFO heat.engine.service [req-ba544dd4-42ef-4b29-9a23-8ca13c71e176 - - - - -] Service 25707d32-efb1-423a-b2d4-e11dfe67bcdc is updated
2017-10-28 09:54:42.398 28541 INFO heat.engine.service [req-c8572590-ca5a-458f-be05-6600a833c243 - - - - -] Service 28f76f02-d340-4517-9f1d-cb1f7fd704ac is updated
2017-10-28 09:54:42.399 28517 INFO heat.engine.service [req-1ab87129-14d1-46e0-aeaf-f974da7a6dc0 - - - - -] Service 750cf73f-337d-432c-9d53-30fab548b45c is updated
2017-10-28 09:54:42.402 28554 INFO heat.engine.service [req-81cd4170-7a6f-4a9c-be6f-9ccf2a324786 - - - - -] Service c7479ed7-747a-48d4-9a5a-b7161a57c39e is updated
2017-10-28 09:54:42.416 28534 INFO heat.engine.service [req-f7d2a7b5-cc9f-45ca-b568-9c5cd23678d8 - - - - -] Service 7cdf9070-e34d-436d-aa75-65b1eb388638 is updated
2017-10-28 09:54:42.425 28512 INFO heat.engine.service [req-c78c56b1-4ef3-47c3-ab9e-0f346308809d - - - - -] Service fc9cbb06-6f7c-4b69-b947-05f204b3ce3c is updated
2017-10-28 09:54:42.425 28537 INFO heat.engine.service [req-c34a999d-e46d-463a-bc64-daf572c64864 - - - - -] Service fd1e41c5-b76e-4f95-9fd6-4a9c3d626081 is updated
2017-10-28 09:54:42.431 28549 INFO heat.engine.service [req-6bf67979-9ffa-4feb-af3b-93b7e5c2964c - - - - -] Service 8942a6af-7411-45cf-9672-1c7d3127c49f is updated
2017-10-28 09:54:42.434 28530 INFO heat.engine.service [req-309927de-6dea-4699-952a-4ad420d8623d - - - - -] Service caf6df39-f07f-489e-9581-9b70becae9e2 is updated
2017-10-28 09:54:42.470 28556 INFO heat.engine.service [req-4f3271d2-740a-48f6-adef-cc816f163cdb - - - - -] Service 30227806-eb6a-421b-b64b-1f4e769dde97 is updated
2017-10-28 09:54:42.477 28518 INFO heat.engine.service [req-2eb4dccd-e95d-4b53-97b8-7d17a4b71efc - - - - -] Service dd24efbc-8915-43d4-af30-b40fa3b43c47 is updated
2017-10-28 09:54:42.507 28535 INFO heat.engine.service [req-2cb7662d-cb78-4247-8768-67dd461fd2e4 - - - - -] Service fb8da2fb-0ff3-4afc-956a-7d78b638efc3 is updated
2017-10-28 09:54:42.584 28558 INFO heat.engine.service [req-0d904fe1-1679-4df9-bfef-8bd0f6b3bfd1 - - - - -] Service ce91c6b2-92c3-4791-9658-c7753c86c265 is updated
2017-10-28 09:54:42.593 28555 INFO heat.engine.service [req-805987e9-76da-48f2-bd2e-e54f21530458 - - - - -] Service 6b1b66de-35d9-4105-bcd5-aa680ffcddec is updated
2017-10-28 09:54:42.594 28551 INFO heat.engine.service [req-7c104108-280a-48ef-9fac-9b31121bdfaf - - - - -] Service 560cd9d1-ade5-4123-8efe-4822dbddfe23 is updated
2017-10-28 09:54:42.603 28515 INFO heat.engine.service [req-38cb1775-d264-4429-8dc1-d71e13250a0a - - - - -] Service 1a670f48-191d-4af2-ba9b-d59280a34029 is updated
2017-10-28 09:54:42.604 28540 INFO heat.engine.service [req-beda61fe-3453-4d9a-bc0d-14e00340d8dd - - - - -] Service 48ab0354-0cc3-4574-8b4b-39578b4811f9 is updated
2017-10-28 09:54:42.606 28550 INFO heat.engine.service [req-8b8b5aa7-b9e9-445c-a754-cfe16211f372 - - - - -] Service ac79e68c-b408-42b8-9a3f-aaa256fcf8f0 is updated
2017-10-28 09:54:42.628 28525 INFO heat.engine.service [req-b43afe75-8824-4576-b5b6-55403466a4d7 - - - - -] Service 12fa1fd5-3e02-4695-9acb-ecf6d0c6be7e is updated
2017-10-28 09:54:42.632 28521 INFO heat.engine.service [req-65257322-d1a2-4b53-a353-e3de8ee27cae - - - - -] Service d42598ab-5331-4bf4-a271-327e00c8675f is updated
2017-10-28 09:54:42.632 28531 INFO heat.engine.service [req-3f658ecc-7d93-4d0c-a8b1-0085b73f3038 - - - - -] Service ff837399-1603-480b-89cf-1947330a42ab is updated
2017-10-28 09:54:42.775 28559 INFO heat.engine.service [req-1c91c12a-0332-43b4-adff-346e05e62515 - - - - -] Service d321ca62-b768-43f2-9c4f-f4308f362b40 is updated
2017-10-28 09:54:42.875 28539 INFO heat.engine.service [req-f1104877-fb15-431e-b78b-58a2bfc991f1 - - - - -] Service 75a95404-a1b5-44f6-ba31-90e0e95c8ad0 is updated
2017-10-28 09:54:44.162 28514 INFO heat.engine.service [req-5151e720-59c3-4e8d-9692-8a68456c3667 - - - - -] Service c1ca77d3-4c81-441a-914c-e8e1795d0819 is updated
2017-10-28 09:55:41.877 28529 INFO heat.engine.service [req-9e280ec2-2376-466d-9b32-58e735a681a8 - - - - -] Service 4e596928-014f-46fe-904b-2c69d0122faa is updated
2017-10-28 09:55:41.985 28511 INFO heat.engine.service [req-707a7242-10e1-4b0c-806b-69e9a4fca355 - - - - -] Service c4991b42-b929-41c8-92ba-07735294b97d is updated
2017-10-28 09:55:41.985 28522 INFO heat.engine.service [req-50e4f524-fd60-4a2c-87ba-3e2694224ebf - - - - -] Service 0b05fddd-7118-49f7-b698-e81b89f80dd0 is updated
2017-10-28 09:55:41.988 28553 INFO heat.engine.service [req-8b757912-b940-435f-a8d6-18e2b32e3b7d - - - - -] Service 1231c634-a611-4552-9733-0bcd0229559d is updated
2017-10-28 09:55:42.021 28532 INFO heat.engine.service [req-b75476b8-5b9c-4768-b15e-3f2a4903e73a - - - - -] Service 5e954547-3083-4e91-b56e-edaec69d9004 is updated
2017-10-28 09:55:42.021 28542 INFO heat.engine.service [req-f3f614ff-ca29-44e2-b0fc-3eb87f6a0fbf - - - - -] Service 94a1afb2-8a32-439d-ab8f-e06a961e4433 is updated
2017-10-28 09:55:42.075 28552 INFO heat.engine.service [req-e5f52ad3-7f91-4dd0-ace7-b076191aa501 - - - - -] Service e9eaa51d-d288-442a-bc48-944d997543a3 is updated
2017-10-28 09:55:42.084 28513 INFO heat.engine.service [req-e535aa6d-0760-4d60-993d-c5c7dabe2dd1 - - - - -] Service 5ce1d5ea-a507-4dce-98d2-430354f1824f is updated
2017-10-28 09:55:42.104 28516 INFO heat.engine.service [req-137b91cf-2629-4da0-a074-727dd069aeb3 - - - - -] Service 2d84e3bb-febf-485e-87fe-d93b4c80d1c4 is updated
2017-10-28 09:55:42.111 28527 INFO heat.engine.service [req-b0cfe4be-9d1b-428e-9b50-4bea3677ca56 - - - - -] Service 27b05062-f4e2-41b9-a5a1-b78a8e7a7cab is updated
2017-10-28 09:55:42.115 28538 INFO heat.engine.service [req-e6653508-464d-4435-992e-d090ffaa48c8 - - - - -] Service 174f2dbb-df8a-4407-b210-723a658db9cb is updated
2017-10-28 09:55:42.124 28523 INFO heat.engine.service [req-a9bef060-9a30-43d9-b0a2-34d197dea049 - - - - -] Service d7cc827c-6c72-4bc7-9c27-48fae872f1b6 is updated
2017-10-28 09:55:42.135 28562 INFO heat.engine.service [req-d6edaa90-8f25-45cf-9167-61aec7c64148 - - - - -] Service b207e39f-b808-4c6c-8285-bd415d13ec10 is updated
2017-10-28 09:55:42.159 28561 INFO heat.engine.service [req-a8fad566-9eb1-4ac7-acb8-1fa0d3686f0d - - - - -] Service 5320c9fe-fd90-45e2-9c81-06f88b38f36b is updated
2017-10-28 09:55:42.171 28510 INFO heat.engine.service [req-8522feca-2e9c-40ef-a494-7159a3ce1950 - - - - -] Service 4669f065-a489-481e-9850-91a9f44bc077 is updated
2017-10-28 09:55:42.180 28520 INFO heat.engine.service [req-39007629-4e7f-4c6f-bcb7-84b017b55413 - - - - -] Service 4afb81d2-1ea2-4a4b-bc5f-b909623e3e74 is updated
2017-10-28 09:55:42.181 28536 INFO heat.engine.service [req-c0678453-dce2-4b80-bcf8-f2f6c0060244 - - - - -] Service 98ecc1ea-b227-42dc-82e7-30ac1ed9fca4 is updated
2017-10-28 09:55:42.199 28564 INFO heat.engine.service [req-2823ee69-f904-4a93-bcd9-61cb937107df - - - - -] Service 8f50a07c-7ad8-4a6d-a9d3-37e4c8f0ba53 is updated
2017-10-28 09:55:42.210 28560 INFO heat.engine.service [req-f17ead4a-097d-4cfb-8334-5c82a2e80761 - - - - -] Service 3b95e8e7-8709-45d2-a464-bac772180735 is updated
2017-10-28 09:55:42.242 28557 INFO heat.engine.service [req-0d8186a7-6f7a-4913-9e5a-d67dc53d6ee8 - - - - -] Service 98f930a8-31b2-4e4d-8712-9e6fea660e73 is updated
2017-10-28 09:55:42.243 28563 INFO heat.engine.service [req-5e15eec1-74f7-4818-a7fe-8d331563242d - - - - -] Service 4eca1835-2fb1-450f-b336-3867986a581d is updated
2017-10-28 09:55:42.286 28519 INFO heat.engine.service [req-101f1eb5-6aa5-44a4-b44d-226e11d544e5 - - - - -] Service 7d2457db-265f-4f09-a7ed-68db183e0384 is updated
2017-10-28 09:55:42.299 28524 INFO heat.engine.service [req-ea1979c5-b17f-4b84-adb5-e1fe69bf0ed8 - - - - -] Service 2f511c44-ddf4-43a7-9fd0-41f210a8b669 is updated
2017-10-28 09:55:42.300 28533 INFO heat.engine.service [req-fe91a6ac-2725-43fc-a661-e3956fee997d - - - - -] Service 3a35d7bf-f1bd-4589-a5c3-8000c3b24793 is updated
2017-10-28 09:55:42.356 28547 INFO heat.engine.service [req-a1f2ff81-3265-40ba-81cc-eedc6fbf40c4 - - - - -] Service 25707d32-efb1-423a-b2d4-e11dfe67bcdc is updated
2017-10-28 09:55:42.367 28517 INFO heat.engine.service [req-1d33b882-7e21-43c9-ba03-5aa22421dc33 - - - - -] Service 750cf73f-337d-432c-9d53-30fab548b45c is updated
2017-10-28 09:55:42.385 28554 INFO heat.engine.service [req-d5aa9b02-5e49-40ca-9038-26969803a33f - - - - -] Service c7479ed7-747a-48d4-9a5a-b7161a57c39e is updated
2017-10-28 09:55:42.395 28541 INFO heat.engine.service [req-555284bd-e27b-4bdc-ba44-69940c860ecb - - - - -] Service 28f76f02-d340-4517-9f1d-cb1f7fd704ac is updated
2017-10-28 09:55:42.414 28534 INFO heat.engine.service [req-e7b32b2d-8a12-4711-a133-43661827a47e - - - - -] Service 7cdf9070-e34d-436d-aa75-65b1eb388638 is updated
2017-10-28 09:55:42.422 28537 INFO heat.engine.service [req-bea52510-5f4a-4e13-aca3-72319ea548f3 - - - - -] Service fd1e41c5-b76e-4f95-9fd6-4a9c3d626081 is updated
2017-10-28 09:55:42.423 28512 INFO heat.engine.service [req-0643f7d4-d07f-4548-a7be-6691c757e7e7 - - - - -] Service fc9cbb06-6f7c-4b69-b947-05f204b3ce3c is updated
2017-10-28 09:55:42.427 28549 INFO heat.engine.service [req-ef8a6e1d-4b45-42cb-9de9-9fa07b5a5aea - - - - -] Service 8942a6af-7411-45cf-9672-1c7d3127c49f is updated
2017-10-28 09:55:42.432 28530 INFO heat.engine.service [req-ccd8e925-7218-4fc1-8bb1-f2e44e866dfe - - - - -] Service caf6df39-f07f-489e-9581-9b70becae9e2 is updated
2017-10-28 09:55:42.457 28556 INFO heat.engine.service [req-c022c1a6-4bcd-4a2e-ad9a-357ab735bb7d - - - - -] Service 30227806-eb6a-421b-b64b-1f4e769dde97 is updated
2017-10-28 09:55:42.463 28518 INFO heat.engine.service [req-6017019f-b32a-437f-bef5-b3246bab9804 - - - - -] Service dd24efbc-8915-43d4-af30-b40fa3b43c47 is updated
2017-10-28 09:55:42.505 28535 INFO heat.engine.service [req-7d1cfd8b-121a-49f3-9bf6-7e0cf692a348 - - - - -] Service fb8da2fb-0ff3-4afc-956a-7d78b638efc3 is updated
2017-10-28 09:55:42.521 28558 INFO heat.engine.service [req-12b820c0-a4cf-4a0d-b5bc-8a000197e20a - - - - -] Service ce91c6b2-92c3-4791-9658-c7753c86c265 is updated
2017-10-28 09:55:42.562 28551 INFO heat.engine.service [req-d8182897-d8a0-456e-beeb-2703372cd14a - - - - -] Service 560cd9d1-ade5-4123-8efe-4822dbddfe23 is updated
2017-10-28 09:55:42.575 28550 INFO heat.engine.service [req-8d38c63c-057d-44b7-9b6a-853716db8661 - - - - -] Service ac79e68c-b408-42b8-9a3f-aaa256fcf8f0 is updated
2017-10-28 09:55:42.579 28555 INFO heat.engine.service [req-d3e980ec-2772-4644-88c8-a6ff9450edfe - - - - -] Service 6b1b66de-35d9-4105-bcd5-aa680ffcddec is updated
2017-10-28 09:55:42.581 28515 INFO heat.engine.service [req-d21ec685-dfa8-4757-b48a-3c54c1c2a3a0 - - - - -] Service 1a670f48-191d-4af2-ba9b-d59280a34029 is updated
2017-10-28 09:55:42.601 28540 INFO heat.engine.service [req-862edd9c-65ac-47d0-a0fb-601138c0968b - - - - -] Service 48ab0354-0cc3-4574-8b4b-39578b4811f9 is updated
2017-10-28 09:55:42.627 28525 INFO heat.engine.service [req-3ef10f20-5d43-43d7-bba1-9c7fb698c675 - - - - -] Service 12fa1fd5-3e02-4695-9acb-ecf6d0c6be7e is updated
2017-10-28 09:55:42.629 28521 INFO heat.engine.service [req-41fc2e87-fdae-496e-aa2f-32bb85877fac - - - - -] Service d42598ab-5331-4bf4-a271-327e00c8675f is updated
2017-10-28 09:55:42.631 28531 INFO heat.engine.service [req-8bfe3826-e157-4f6b-bb58-a44552efcc8a - - - - -] Service ff837399-1603-480b-89cf-1947330a42ab is updated
2017-10-28 09:55:42.774 28559 INFO heat.engine.service [req-4e98814d-3455-4304-8b80-9597bc011713 - - - - -] Service d321ca62-b768-43f2-9c4f-f4308f362b40 is updated
2017-10-28 09:55:42.872 28539 INFO heat.engine.service [req-561124ec-bbd5-4c29-bf4e-e72f260efc26 - - - - -] Service 75a95404-a1b5-44f6-ba31-90e0e95c8ad0 is updated
2017-10-28 09:55:44.159 28514 INFO heat.engine.service [req-64d91c1a-8d5a-4776-b739-656e04b96793 - - - - -] Service c1ca77d3-4c81-441a-914c-e8e1795d0819 is updated
2017-10-28 09:56:41.875 28529 INFO heat.engine.service [req-b90ed4dc-9a8d-4ce8-bb40-36c7a9017178 - - - - -] Service 4e596928-014f-46fe-904b-2c69d0122faa is updated
2017-10-28 09:56:41.986 28553 INFO heat.engine.service [req-0f3094b7-263c-4baf-9205-a06c7290cc06 - - - - -] Service 1231c634-a611-4552-9733-0bcd0229559d is updated
2017-10-28 09:56:41.986 28511 INFO heat.engine.service [req-1e1c70c6-357d-42f7-b2d0-f54fde599255 - - - - -] Service c4991b42-b929-41c8-92ba-07735294b97d is updated
2017-10-28 09:56:41.986 28522 INFO heat.engine.service [req-b6185f82-5335-4139-bdd5-e13870c58c5d - - - - -] Service 0b05fddd-7118-49f7-b698-e81b89f80dd0 is updated
2017-10-28 09:56:42.020 28532 INFO heat.engine.service [req-e057330d-f854-4b1c-b987-5b8b0d3fbab3 - - - - -] Service 5e954547-3083-4e91-b56e-edaec69d9004 is updated
2017-10-28 09:56:42.020 28542 INFO heat.engine.service [req-07fcde8f-61f1-44c9-bd33-f00836728c28 - - - - -] Service 94a1afb2-8a32-439d-ab8f-e06a961e4433 is updated
2017-10-28 09:56:42.073 28552 INFO heat.engine.service [req-86be4538-4d6b-4267-83e7-f823a0b4d761 - - - - -] Service e9eaa51d-d288-442a-bc48-944d997543a3 is updated
2017-10-28 09:56:42.080 28513 INFO heat.engine.service [req-6a454c12-47dc-4ffb-8957-27d81d57296e - - - - -] Service 5ce1d5ea-a507-4dce-98d2-430354f1824f is updated
2017-10-28 09:56:42.099 28516 INFO heat.engine.service [req-afca4d92-e93c-4bd7-9dd6-ac0d30ea8373 - - - - -] Service 2d84e3bb-febf-485e-87fe-d93b4c80d1c4 is updated
2017-10-28 09:56:42.111 28527 INFO heat.engine.service [req-18640044-acd0-4330-9c22-a1e9709fd81d - - - - -] Service 27b05062-f4e2-41b9-a5a1-b78a8e7a7cab is updated
2017-10-28 09:56:42.113 28538 INFO heat.engine.service [req-fb6de277-53dc-48a1-8374-cb1d6a147416 - - - - -] Service 174f2dbb-df8a-4407-b210-723a658db9cb is updated
2017-10-28 09:56:42.155 28523 INFO heat.engine.service [req-be117997-2aaa-4172-97c1-ac6de1ccd23f - - - - -] Service d7cc827c-6c72-4bc7-9c27-48fae872f1b6 is updated
2017-10-28 09:56:42.163 28562 INFO heat.engine.service [req-17c0d0ac-e901-49a6-aa0b-bface9bb7d44 - - - - -] Service b207e39f-b808-4c6c-8285-bd415d13ec10 is updated
2017-10-28 09:56:42.163 28561 INFO heat.engine.service [req-4154c8ba-9807-4a17-b9ce-13283ee6a1d1 - - - - -] Service 5320c9fe-fd90-45e2-9c81-06f88b38f36b is updated
2017-10-28 09:56:42.167 28510 INFO heat.engine.service [req-203726ea-25d1-4162-a65c-cb947b1ef03a - - - - -] Service 4669f065-a489-481e-9850-91a9f44bc077 is updated
2017-10-28 09:56:42.177 28520 INFO heat.engine.service [req-345b2a1d-0d09-414c-a924-ad66bce25ce6 - - - - -] Service 4afb81d2-1ea2-4a4b-bc5f-b909623e3e74 is updated
2017-10-28 09:56:42.178 28536 INFO heat.engine.service [req-f576b737-cba2-4e1e-8f19-a14a45d9a503 - - - - -] Service 98ecc1ea-b227-42dc-82e7-30ac1ed9fca4 is updated
2017-10-28 09:56:42.197 28564 INFO heat.engine.service [req-bae6ce34-5d74-4de2-897d-70d3b91f849e - - - - -] Service 8f50a07c-7ad8-4a6d-a9d3-37e4c8f0ba53 is updated
2017-10-28 09:56:42.208 28560 INFO heat.engine.service [req-12a9d7e7-3ecb-4e21-9896-89b71776edf5 - - - - -] Service 3b95e8e7-8709-45d2-a464-bac772180735 is updated
2017-10-28 09:56:42.238 28557 INFO heat.engine.service [req-9784eae8-645f-4e7b-bf8e-5634cca04f1b - - - - -] Service 98f930a8-31b2-4e4d-8712-9e6fea660e73 is updated
2017-10-28 09:56:42.243 28563 INFO heat.engine.service [req-c6c0ed1f-e489-4586-8891-cfc938809274 - - - - -] Service 4eca1835-2fb1-450f-b336-3867986a581d is updated
2017-10-28 09:56:42.283 28519 INFO heat.engine.service [req-3df09bfa-dd06-4b33-904c-ab02c8f0965a - - - - -] Service 7d2457db-265f-4f09-a7ed-68db183e0384 is updated
2017-10-28 09:56:42.296 28524 INFO heat.engine.service [req-1cf6c58f-820c-43f0-a4cd-2ac886a54194 - - - - -] Service 2f511c44-ddf4-43a7-9fd0-41f210a8b669 is updated
2017-10-28 09:56:42.298 28533 INFO heat.engine.service [req-0e82d0b7-9b95-487b-a6c2-05f7b7a56796 - - - - -] Service 3a35d7bf-f1bd-4589-a5c3-8000c3b24793 is updated
2017-10-28 09:56:42.354 28547 INFO heat.engine.service [req-5b6c17a8-1cff-45a0-8c3e-9ea656a5cb55 - - - - -] Service 25707d32-efb1-423a-b2d4-e11dfe67bcdc is updated
2017-10-28 09:56:42.365 28517 INFO heat.engine.service [req-69ddea13-4f6d-4aeb-a7a0-92edb903a610 - - - - -] Service 750cf73f-337d-432c-9d53-30fab548b45c is updated
2017-10-28 09:56:42.392 28541 INFO heat.engine.service [req-b84dcf52-d544-4b71-bb8a-137f3c83e377 - - - - -] Service 28f76f02-d340-4517-9f1d-cb1f7fd704ac is updated
2017-10-28 09:56:42.392 28554 INFO heat.engine.service [req-07224b3b-2eaf-4b1d-ae44-923866a52879 - - - - -] Service c7479ed7-747a-48d4-9a5a-b7161a57c39e is updated
2017-10-28 09:56:42.410 28534 INFO heat.engine.service [req-c2609d28-0552-4356-b47e-bdca81ce19f3 - - - - -] Service 7cdf9070-e34d-436d-aa75-65b1eb388638 is updated
2017-10-28 09:56:42.418 28512 INFO heat.engine.service [req-685655db-79d3-4fb3-b168-7b5a8fbfe9ae - - - - -] Service fc9cbb06-6f7c-4b69-b947-05f204b3ce3c is updated
2017-10-28 09:56:42.419 28537 INFO heat.engine.service [req-4ef188e3-d854-4441-9920-75c5da6485c3 - - - - -] Service fd1e41c5-b76e-4f95-9fd6-4a9c3d626081 is updated
2017-10-28 09:56:42.424 28549 INFO heat.engine.service [req-2c1075ba-c119-4e7a-bac0-0bda92ba3eb3 - - - - -] Service 8942a6af-7411-45cf-9672-1c7d3127c49f is updated
2017-10-28 09:56:42.428 28530 INFO heat.engine.service [req-cc0da032-5b56-49b6-9ed9-8e68d76bc24e - - - - -] Service caf6df39-f07f-489e-9581-9b70becae9e2 is updated
2017-10-28 09:56:42.454 28556 INFO heat.engine.service [req-8e605d64-c4e4-40a0-9d76-e356fcef2a4a - - - - -] Service 30227806-eb6a-421b-b64b-1f4e769dde97 is updated
2017-10-28 09:56:42.461 28518 INFO heat.engine.service [req-0bf0455f-dbcd-42ad-bcae-5ed559b553f5 - - - - -] Service dd24efbc-8915-43d4-af30-b40fa3b43c47 is updated
2017-10-28 09:56:42.501 28535 INFO heat.engine.service [req-b7713ada-35cb-48f0-bce6-17b785e6f707 - - - - -] Service fb8da2fb-0ff3-4afc-956a-7d78b638efc3 is updated
2017-10-28 09:56:42.518 28558 INFO heat.engine.service [req-13205ad7-71c8-49ed-9b8a-a27783b30240 - - - - -] Service ce91c6b2-92c3-4791-9658-c7753c86c265 is updated
2017-10-28 09:56:42.560 28551 INFO heat.engine.service [req-1275317f-dac4-4123-ad1e-33ccd8098cd0 - - - - -] Service 560cd9d1-ade5-4123-8efe-4822dbddfe23 is updated
2017-10-28 09:56:42.574 28550 INFO heat.engine.service [req-87d23425-9aaa-43ea-bc06-60cf20f9ac5e - - - - -] Service ac79e68c-b408-42b8-9a3f-aaa256fcf8f0 is updated
2017-10-28 09:56:42.575 28555 INFO heat.engine.service [req-f698aa13-1814-4bdf-8a7e-c0c58f2dc478 - - - - -] Service 6b1b66de-35d9-4105-bcd5-aa680ffcddec is updated
2017-10-28 09:56:42.580 28515 INFO heat.engine.service [req-e57e7243-740d-453a-abed-9829e6574de6 - - - - -] Service 1a670f48-191d-4af2-ba9b-d59280a34029 is updated
2017-10-28 09:56:42.600 28540 INFO heat.engine.service [req-4efddfee-9f76-479a-9360-701cf1342d53 - - - - -] Service 48ab0354-0cc3-4574-8b4b-39578b4811f9 is updated
2017-10-28 09:56:42.626 28525 INFO heat.engine.service [req-c45bdb1e-9af6-4e57-be19-f88aec5310f8 - - - - -] Service 12fa1fd5-3e02-4695-9acb-ecf6d0c6be7e is updated
2017-10-28 09:56:42.627 28521 INFO heat.engine.service [req-6406488f-c539-4fac-8453-536f0cf5dae2 - - - - -] Service d42598ab-5331-4bf4-a271-327e00c8675f is updated
2017-10-28 09:56:42.629 28531 INFO heat.engine.service [req-4e7c1278-21a3-4946-a300-7638b553f9e3 - - - - -] Service ff837399-1603-480b-89cf-1947330a42ab is updated
2017-10-28 09:56:42.775 28559 INFO heat.engine.service [req-c5650751-9e9f-4428-93ee-306441b5c490 - - - - -] Service d321ca62-b768-43f2-9c4f-f4308f362b40 is updated
2017-10-28 09:56:42.869 28539 INFO heat.engine.service [req-02141398-47a5-41da-9da2-dda1df6b59f9 - - - - -] Service 75a95404-a1b5-44f6-ba31-90e0e95c8ad0 is updated
2017-10-28 09:56:44.155 28514 INFO heat.engine.service [req-45675172-aa16-4d37-9d75-b3ba921603d2 - - - - -] Service c1ca77d3-4c81-441a-914c-e8e1795d0819 is updated
2017-10-28 09:57:41.874 28529 INFO heat.engine.service [req-8518cf15-e66d-4f07-83d1-c6c47507a1b9 - - - - -] Service 4e596928-014f-46fe-904b-2c69d0122faa is updated
2017-10-28 09:57:41.983 28522 INFO heat.engine.service [req-79f0a2fa-7b91-4b25-a7c4-2974bec94fec - - - - -] Service 0b05fddd-7118-49f7-b698-e81b89f80dd0 is updated
2017-10-28 09:57:41.983 28553 INFO heat.engine.service [req-1e704ad9-ddaa-4251-970e-55fa73dfd9f4 - - - - -] Service 1231c634-a611-4552-9733-0bcd0229559d is updated
2017-10-28 09:57:41.987 28511 INFO heat.engine.service [req-2be588f2-d871-40cb-b0ba-48ad6908ce24 - - - - -] Service c4991b42-b929-41c8-92ba-07735294b97d is updated
2017-10-28 09:57:42.019 28542 INFO heat.engine.service [req-cefb08b3-ffb0-4381-b841-3129622767e5 - - - - -] Service 94a1afb2-8a32-439d-ab8f-e06a961e4433 is updated
2017-10-28 09:57:42.019 28532 INFO heat.engine.service [req-a6e25804-719e-46d4-b601-2fd201002d55 - - - - -] Service 5e954547-3083-4e91-b56e-edaec69d9004 is updated
2017-10-28 09:57:42.072 28552 INFO heat.engine.service [req-7920f1b0-2a6b-44eb-9d1b-dba69533adba - - - - -] Service e9eaa51d-d288-442a-bc48-944d997543a3 is updated
2017-10-28 09:57:42.080 28513 INFO heat.engine.service [req-716f565b-4502-435f-a5a1-4c0610aa1593 - - - - -] Service 5ce1d5ea-a507-4dce-98d2-430354f1824f is updated
2017-10-28 09:57:42.131 28516 INFO heat.engine.service [req-8f6082c3-23e7-4082-acd5-a9b2de07543f - - - - -] Service 2d84e3bb-febf-485e-87fe-d93b4c80d1c4 is updated
2017-10-28 09:57:42.203 28538 INFO heat.engine.service [req-d351360e-103a-4470-b884-6ce1ec6e7c57 - - - - -] Service 174f2dbb-df8a-4407-b210-723a658db9cb is updated
2017-10-28 09:57:42.209 28527 INFO heat.engine.service [req-8c424197-2062-4627-a135-17f7a31fb2f4 - - - - -] Service 27b05062-f4e2-41b9-a5a1-b78a8e7a7cab is updated
2017-10-28 09:57:42.217 28564 INFO heat.engine.service [req-9b061b86-04a9-4cea-aeef-423f7d842ace - - - - -] Service 8f50a07c-7ad8-4a6d-a9d3-37e4c8f0ba53 is updated
2017-10-28 09:57:42.220 28536 INFO heat.engine.service [req-ed2b60c2-6b4e-4899-b72f-ea4736d07e82 - - - - -] Service 98ecc1ea-b227-42dc-82e7-30ac1ed9fca4 is updated
2017-10-28 09:57:42.234 28557 INFO heat.engine.service [req-a9fdf69d-fed7-4cfc-88c0-84daaf82a5cf - - - - -] Service 98f930a8-31b2-4e4d-8712-9e6fea660e73 is updated
2017-10-28 09:57:42.267 28561 INFO heat.engine.service [req-a2d29af2-f45c-4686-bea2-392a76d47e3f - - - - -] Service 5320c9fe-fd90-45e2-9c81-06f88b38f36b is updated
2017-10-28 09:57:42.267 28562 INFO heat.engine.service [req-f55e62dd-f2dc-40f2-b269-79e4a036a913 - - - - -] Service b207e39f-b808-4c6c-8285-bd415d13ec10 is updated
2017-10-28 09:57:42.267 28520 INFO heat.engine.service [req-e94090b3-bf96-42fe-8b36-3c0495bef471 - - - - -] Service 4afb81d2-1ea2-4a4b-bc5f-b909623e3e74 is updated
2017-10-28 09:57:42.267 28523 INFO heat.engine.service [req-c38e0116-6d41-4f9a-803d-3a4678de0251 - - - - -] Service d7cc827c-6c72-4bc7-9c27-48fae872f1b6 is updated
2017-10-28 09:57:42.267 28510 INFO heat.engine.service [req-1f6d8a71-81c3-4231-bb47-73f240bc3fd6 - - - - -] Service 4669f065-a489-481e-9850-91a9f44bc077 is updated
2017-10-28 09:57:42.268 28560 INFO heat.engine.service [req-f4af2d77-970a-4df1-8c5f-519dfcf7dae3 - - - - -] Service 3b95e8e7-8709-45d2-a464-bac772180735 is updated
2017-10-28 09:57:42.273 28563 INFO heat.engine.service [req-214e2c8f-b824-47ff-945f-fae06bf8a056 - - - - -] Service 4eca1835-2fb1-450f-b336-3867986a581d is updated
2017-10-28 09:57:42.283 28519 INFO heat.engine.service [req-72727fcb-adbc-4c22-9b60-ad46a47b1bd2 - - - - -] Service 7d2457db-265f-4f09-a7ed-68db183e0384 is updated
2017-10-28 09:57:42.299 28524 INFO heat.engine.service [req-497d0ea7-301e-4f0a-b70f-8c4b60cb0ead - - - - -] Service 2f511c44-ddf4-43a7-9fd0-41f210a8b669 is updated
2017-10-28 09:57:42.355 28533 INFO heat.engine.service [req-b1a1ba1e-7481-4d83-a60d-70290982a3b2 - - - - -] Service 3a35d7bf-f1bd-4589-a5c3-8000c3b24793 is updated
2017-10-28 09:57:42.364 28517 INFO heat.engine.service [req-a8f71c0a-fab9-4bd1-819d-14ec82b7f299 - - - - -] Service 750cf73f-337d-432c-9d53-30fab548b45c is updated
2017-10-28 09:57:42.364 28547 INFO heat.engine.service [req-1bdbad7e-8be2-4fd4-a323-1cdc1730c91c - - - - -] Service 25707d32-efb1-423a-b2d4-e11dfe67bcdc is updated
2017-10-28 09:57:42.387 28541 INFO heat.engine.service [req-a1235834-f0aa-4a1a-9b78-48a6e280efaf - - - - -] Service 28f76f02-d340-4517-9f1d-cb1f7fd704ac is updated
2017-10-28 09:57:42.390 28554 INFO heat.engine.service [req-28ae17a8-da0d-43ca-aef9-4f311de1cc4b - - - - -] Service c7479ed7-747a-48d4-9a5a-b7161a57c39e is updated
2017-10-28 09:57:42.405 28534 INFO heat.engine.service [req-46ccb7b6-1f47-4e38-b10b-f2bcbdddc5d8 - - - - -] Service 7cdf9070-e34d-436d-aa75-65b1eb388638 is updated
2017-10-28 09:57:42.416 28537 INFO heat.engine.service [req-808784dc-0847-4732-9503-2bff4bf19182 - - - - -] Service fd1e41c5-b76e-4f95-9fd6-4a9c3d626081 is updated
2017-10-28 09:57:42.417 28512 INFO heat.engine.service [req-2684ebbd-41da-4d3f-b696-80388af71047 - - - - -] Service fc9cbb06-6f7c-4b69-b947-05f204b3ce3c is updated
2017-10-28 09:57:42.420 28549 INFO heat.engine.service [req-bd5755fd-56dd-4d58-8550-1ee898f458c7 - - - - -] Service 8942a6af-7411-45cf-9672-1c7d3127c49f is updated
2017-10-28 09:57:42.442 28530 INFO heat.engine.service [req-89ab568e-46fb-40cc-b24a-bda62b0a8e15 - - - - -] Service caf6df39-f07f-489e-9581-9b70becae9e2 is updated
2017-10-28 09:57:42.498 28556 INFO heat.engine.service [req-6e6bfd50-0af7-494d-8f51-157ba1b6a00a - - - - -] Service 30227806-eb6a-421b-b64b-1f4e769dde97 is updated
2017-10-28 09:57:42.506 28518 INFO heat.engine.service [req-e771fba8-82ac-4976-813f-9b1a38fdbc9e - - - - -] Service dd24efbc-8915-43d4-af30-b40fa3b43c47 is updated
2017-10-28 09:57:42.508 28535 INFO heat.engine.service [req-fa78ccf1-4423-4190-9328-fd757ddb67b4 - - - - -] Service fb8da2fb-0ff3-4afc-956a-7d78b638efc3 is updated
2017-10-28 09:57:42.515 28558 INFO heat.engine.service [req-3d5ce3f7-45ff-40cf-be3f-821779359083 - - - - -] Service ce91c6b2-92c3-4791-9658-c7753c86c265 is updated
2017-10-28 09:57:42.557 28551 INFO heat.engine.service [req-4fd2b2ec-7822-4ad9-8ef8-4e89ef566954 - - - - -] Service 560cd9d1-ade5-4123-8efe-4822dbddfe23 is updated
2017-10-28 09:57:42.572 28555 INFO heat.engine.service [req-7f678857-2562-4826-9a19-126aea998551 - - - - -] Service 6b1b66de-35d9-4105-bcd5-aa680ffcddec is updated
2017-10-28 09:57:42.572 28550 INFO heat.engine.service [req-98d457b9-2d3c-4406-b180-b09055a48d8e - - - - -] Service ac79e68c-b408-42b8-9a3f-aaa256fcf8f0 is updated
2017-10-28 09:57:42.580 28515 INFO heat.engine.service [req-632375e3-e3ec-4bb8-877c-5df3795692af - - - - -] Service 1a670f48-191d-4af2-ba9b-d59280a34029 is updated
2017-10-28 09:57:42.601 28540 INFO heat.engine.service [req-e7cd1efb-8272-4948-8944-bf4486d9287b - - - - -] Service 48ab0354-0cc3-4574-8b4b-39578b4811f9 is updated
2017-10-28 09:57:42.650 28531 INFO heat.engine.service [req-8c68d2fd-68dd-4d38-b4d9-d6f2ed5aeb60 - - - - -] Service ff837399-1603-480b-89cf-1947330a42ab is updated
2017-10-28 09:57:42.650 28521 INFO heat.engine.service [req-891ab830-dd56-4ad7-856f-57f4d1d54808 - - - - -] Service d42598ab-5331-4bf4-a271-327e00c8675f is updated
2017-10-28 09:57:42.651 28525 INFO heat.engine.service [req-e69097bb-6e00-47b6-8b35-d7eb66cd44c5 - - - - -] Service 12fa1fd5-3e02-4695-9acb-ecf6d0c6be7e is updated
2017-10-28 09:57:42.776 28559 INFO heat.engine.service [req-e1af6bb2-9c8e-4e71-b96d-11f6663b6cfb - - - - -] Service d321ca62-b768-43f2-9c4f-f4308f362b40 is updated
2017-10-28 09:57:42.867 28539 INFO heat.engine.service [req-355a39fd-7805-4fe3-8caa-dfcef27549c6 - - - - -] Service 75a95404-a1b5-44f6-ba31-90e0e95c8ad0 is updated
2017-10-28 09:57:44.153 28514 INFO heat.engine.service [req-90327d24-a5c4-4a41-aca0-4857260f294f - - - - -] Service c1ca77d3-4c81-441a-914c-e8e1795d0819 is updated
2017-10-28 09:58:41.872 28529 INFO heat.engine.service [req-4b9c3778-3d10-45c0-a194-400f2ac2cbb0 - - - - -] Service 4e596928-014f-46fe-904b-2c69d0122faa is updated
2017-10-28 09:58:41.980 28553 INFO heat.engine.service [req-5d9ee292-f65a-44b9-959c-e6b201a6e4ed - - - - -] Service 1231c634-a611-4552-9733-0bcd0229559d is updated
2017-10-28 09:58:41.980 28522 INFO heat.engine.service [req-49b5195c-5a0e-4409-8115-74bb9a1aa583 - - - - -] Service 0b05fddd-7118-49f7-b698-e81b89f80dd0 is updated
2017-10-28 09:58:41.984 28511 INFO heat.engine.service [req-645abf37-50fa-4bd0-8801-2a6683454574 - - - - -] Service c4991b42-b929-41c8-92ba-07735294b97d is updated
2017-10-28 09:58:42.018 28542 INFO heat.engine.service [req-8d49e68f-d497-498d-af45-44d8f78d2023 - - - - -] Service 94a1afb2-8a32-439d-ab8f-e06a961e4433 is updated
2017-10-28 09:58:42.019 28532 INFO heat.engine.service [req-13028a91-2446-47a1-95ca-e32b71aef02c - - - - -] Service 5e954547-3083-4e91-b56e-edaec69d9004 is updated
2017-10-28 09:58:42.070 28552 INFO heat.engine.service [req-559006c4-4045-4838-8968-b49b1a4c9257 - - - - -] Service e9eaa51d-d288-442a-bc48-944d997543a3 is updated
2017-10-28 09:58:42.080 28513 INFO heat.engine.service [req-25d3114b-5d56-4840-acb8-e2b8e768a085 - - - - -] Service 5ce1d5ea-a507-4dce-98d2-430354f1824f is updated
2017-10-28 09:58:42.108 28516 INFO heat.engine.service [req-214a65fc-781e-4504-8498-3081f2f98a4d - - - - -] Service 2d84e3bb-febf-485e-87fe-d93b4c80d1c4 is updated
2017-10-28 09:58:42.108 28527 INFO heat.engine.service [req-e851133c-b55e-4c0a-b38a-ca5840ba7a23 - - - - -] Service 27b05062-f4e2-41b9-a5a1-b78a8e7a7cab is updated
2017-10-28 09:58:42.111 28538 INFO heat.engine.service [req-bed35721-c878-4bd4-bc76-430cd7b29a90 - - - - -] Service 174f2dbb-df8a-4407-b210-723a658db9cb is updated
2017-10-28 09:58:42.124 28523 INFO heat.engine.service [req-90e9e505-99f4-482e-b1c8-b4c5601f6502 - - - - -] Service d7cc827c-6c72-4bc7-9c27-48fae872f1b6 is updated
2017-10-28 09:58:42.134 28562 INFO heat.engine.service [req-44052c37-bb4e-41de-bbf3-1457b0cd205f - - - - -] Service b207e39f-b808-4c6c-8285-bd415d13ec10 is updated
2017-10-28 09:58:42.164 28561 INFO heat.engine.service [req-7beccaa6-62ad-4a82-8c2b-3d8fe4bfa412 - - - - -] Service 5320c9fe-fd90-45e2-9c81-06f88b38f36b is updated
2017-10-28 09:58:42.165 28510 INFO heat.engine.service [req-64b76f05-d90c-4169-bbe2-03cf53cc0eca - - - - -] Service 4669f065-a489-481e-9850-91a9f44bc077 is updated
2017-10-28 09:58:42.172 28536 INFO heat.engine.service [req-6ef61ecb-c6da-4712-9a2a-f76b902ad413 - - - - -] Service 98ecc1ea-b227-42dc-82e7-30ac1ed9fca4 is updated
2017-10-28 09:58:42.175 28520 INFO heat.engine.service [req-d1328661-7b64-4095-8b1f-f0ece96778bd - - - - -] Service 4afb81d2-1ea2-4a4b-bc5f-b909623e3e74 is updated
2017-10-28 09:58:42.195 28564 INFO heat.engine.service [req-15cd826c-91fd-4d2f-a29c-72228aa6d22e - - - - -] Service 8f50a07c-7ad8-4a6d-a9d3-37e4c8f0ba53 is updated
2017-10-28 09:58:42.205 28560 INFO heat.engine.service [req-e230db0b-103b-465e-8343-9e29a972e6f3 - - - - -] Service 3b95e8e7-8709-45d2-a464-bac772180735 is updated
2017-10-28 09:58:42.232 28557 INFO heat.engine.service [req-24f3faff-85c0-45b1-8780-e5c6fa0f443e - - - - -] Service 98f930a8-31b2-4e4d-8712-9e6fea660e73 is updated
2017-10-28 09:58:42.239 28563 INFO heat.engine.service [req-facb3d66-3e35-4122-ad6e-7e0bbcdbc185 - - - - -] Service 4eca1835-2fb1-450f-b336-3867986a581d is updated
2017-10-28 09:58:42.280 28519 INFO heat.engine.service [req-7511911a-13f9-43c2-a392-f3a0342d62cd - - - - -] Service 7d2457db-265f-4f09-a7ed-68db183e0384 is updated
2017-10-28 09:58:42.294 28533 INFO heat.engine.service [req-5cdb4437-9564-49a3-bfcd-2d04354a1d1a - - - - -] Service 3a35d7bf-f1bd-4589-a5c3-8000c3b24793 is updated
2017-10-28 09:58:42.296 28524 INFO heat.engine.service [req-dfa12246-b948-4453-afd5-7106f45d819a - - - - -] Service 2f511c44-ddf4-43a7-9fd0-41f210a8b669 is updated
2017-10-28 09:58:42.351 28547 INFO heat.engine.service [req-48acc150-bc75-48c6-b3b4-76fd8088bff5 - - - - -] Service 25707d32-efb1-423a-b2d4-e11dfe67bcdc is updated
2017-10-28 09:58:42.362 28517 INFO heat.engine.service [req-1552c41c-6f0c-4e37-a8b5-88c087bee94a - - - - -] Service 750cf73f-337d-432c-9d53-30fab548b45c is updated
2017-10-28 09:58:42.386 28554 INFO heat.engine.service [req-7ae7ac8f-7e10-4a69-bd81-3c8429a5ffe5 - - - - -] Service c7479ed7-747a-48d4-9a5a-b7161a57c39e is updated
2017-10-28 09:58:42.393 28541 INFO heat.engine.service [req-36d83440-d310-4d97-ac8b-a36b23cc548b - - - - -] Service 28f76f02-d340-4517-9f1d-cb1f7fd704ac is updated
2017-10-28 09:58:42.412 28537 INFO heat.engine.service [req-cde9b3d8-51dc-454f-b359-6f7fa0c4581e - - - - -] Service fd1e41c5-b76e-4f95-9fd6-4a9c3d626081 is updated
2017-10-28 09:58:42.412 28534 INFO heat.engine.service [req-c265e088-02c8-47bf-8ec4-f93b88b94bfb - - - - -] Service 7cdf9070-e34d-436d-aa75-65b1eb388638 is updated
2017-10-28 09:58:42.415 28512 INFO heat.engine.service [req-59c9c0c5-7cd3-437d-91da-b40a4a500766 - - - - -] Service fc9cbb06-6f7c-4b69-b947-05f204b3ce3c is updated
2017-10-28 09:58:42.416 28549 INFO heat.engine.service [req-1d8f6537-e65c-405b-a497-762f9ca1fb1a - - - - -] Service 8942a6af-7411-45cf-9672-1c7d3127c49f is updated
2017-10-28 09:58:42.431 28530 INFO heat.engine.service [req-4cfafc3a-19ea-4051-b2ea-8f504f4f0f75 - - - - -] Service caf6df39-f07f-489e-9581-9b70becae9e2 is updated
2017-10-28 09:58:42.455 28556 INFO heat.engine.service [req-b61c759e-40e3-4898-ab7d-78388f984cd3 - - - - -] Service 30227806-eb6a-421b-b64b-1f4e769dde97 is updated
2017-10-28 09:58:42.463 28518 INFO heat.engine.service [req-b0c53a3b-696f-4c8f-baf8-7e605717bf13 - - - - -] Service dd24efbc-8915-43d4-af30-b40fa3b43c47 is updated
2017-10-28 09:58:42.504 28535 INFO heat.engine.service [req-504b0a96-b152-41ce-b13b-e0da3064f788 - - - - -] Service fb8da2fb-0ff3-4afc-956a-7d78b638efc3 is updated
2017-10-28 09:58:42.511 28558 INFO heat.engine.service [req-debdc534-ee06-45de-97fc-07ccfd519c31 - - - - -] Service ce91c6b2-92c3-4791-9658-c7753c86c265 is updated
2017-10-28 09:58:42.555 28551 INFO heat.engine.service [req-4081f77f-1f17-4080-92b1-f915cb75229a - - - - -] Service 560cd9d1-ade5-4123-8efe-4822dbddfe23 is updated
2017-10-28 09:58:42.568 28555 INFO heat.engine.service [req-e89dd711-d0bf-4b99-981a-8c581a861b99 - - - - -] Service 6b1b66de-35d9-4105-bcd5-aa680ffcddec is updated
2017-10-28 09:58:42.569 28550 INFO heat.engine.service [req-7946545f-2983-4655-a5f8-2d35ff77cb6f - - - - -] Service ac79e68c-b408-42b8-9a3f-aaa256fcf8f0 is updated
2017-10-28 09:58:42.579 28515 INFO heat.engine.service [req-65efac40-06a1-44b1-89a2-f7e3676ce1df - - - - -] Service 1a670f48-191d-4af2-ba9b-d59280a34029 is updated
2017-10-28 09:58:42.599 28540 INFO heat.engine.service [req-f2190792-56c3-477f-be4c-d46dd4a53347 - - - - -] Service 48ab0354-0cc3-4574-8b4b-39578b4811f9 is updated
2017-10-28 09:58:42.627 28531 INFO heat.engine.service [req-1070bb9e-693f-4fdc-9755-22c5e62c3cf8 - - - - -] Service ff837399-1603-480b-89cf-1947330a42ab is updated
2017-10-28 09:58:42.627 28521 INFO heat.engine.service [req-e091bf16-9355-4420-842b-d46bc4196cab - - - - -] Service d42598ab-5331-4bf4-a271-327e00c8675f is updated
2017-10-28 09:58:42.628 28525 INFO heat.engine.service [req-e333aa63-d2ba-4169-a577-930114159089 - - - - -] Service 12fa1fd5-3e02-4695-9acb-ecf6d0c6be7e is updated
2017-10-28 09:58:42.773 28559 INFO heat.engine.service [req-25542f35-63b3-444b-8eb3-d3f280353228 - - - - -] Service d321ca62-b768-43f2-9c4f-f4308f362b40 is updated
2017-10-28 09:58:42.864 28539 INFO heat.engine.service [req-6353495a-4bab-435b-9970-8bf09342eaa5 - - - - -] Service 75a95404-a1b5-44f6-ba31-90e0e95c8ad0 is updated
2017-10-28 09:58:44.152 28514 INFO heat.engine.service [req-0a1decce-ad9c-4a9b-a0fe-5d0c47ffa401 - - - - -] Service c1ca77d3-4c81-441a-914c-e8e1795d0819 is updated
2017-10-28 09:59:41.871 28529 INFO heat.engine.service [req-394f6902-8cac-43f6-8894-477d57f9d843 - - - - -] Service 4e596928-014f-46fe-904b-2c69d0122faa is updated
2017-10-28 09:59:41.978 28522 INFO heat.engine.service [req-f8c0e5c8-8832-4b60-b243-32fbb114df61 - - - - -] Service 0b05fddd-7118-49f7-b698-e81b89f80dd0 is updated
2017-10-28 09:59:41.978 28553 INFO heat.engine.service [req-a602cb24-71ac-45c9-984a-beaabcb3ded8 - - - - -] Service 1231c634-a611-4552-9733-0bcd0229559d is updated
2017-10-28 09:59:41.982 28511 INFO heat.engine.service [req-b1e76032-86d2-40c6-b2d4-b414d2a6a7e4 - - - - -] Service c4991b42-b929-41c8-92ba-07735294b97d is updated
2017-10-28 09:59:42.017 28532 INFO heat.engine.service [req-d6cc1174-cfb7-4aae-a12d-4520f16d264c - - - - -] Service 5e954547-3083-4e91-b56e-edaec69d9004 is updated
2017-10-28 09:59:42.017 28542 INFO heat.engine.service [req-9adb8741-5e2b-4955-82d1-89af200fe2a0 - - - - -] Service 94a1afb2-8a32-439d-ab8f-e06a961e4433 is updated
2017-10-28 09:59:42.068 28552 INFO heat.engine.service [req-17e8ac13-c1ce-4ae5-b6cc-6ba3ea6ca0a1 - - - - -] Service e9eaa51d-d288-442a-bc48-944d997543a3 is updated
2017-10-28 09:59:42.077 28513 INFO heat.engine.service [req-0762e8f2-e900-479c-8762-9ab66028966a - - - - -] Service 5ce1d5ea-a507-4dce-98d2-430354f1824f is updated
2017-10-28 09:59:42.105 28527 INFO heat.engine.service [req-082bdd59-e0e6-4cf0-8787-03a316ac582b - - - - -] Service 27b05062-f4e2-41b9-a5a1-b78a8e7a7cab is updated
2017-10-28 09:59:42.107 28516 INFO heat.engine.service [req-c64f8c9d-f679-4b68-b871-5a76ede23790 - - - - -] Service 2d84e3bb-febf-485e-87fe-d93b4c80d1c4 is updated
2017-10-28 09:59:42.110 28538 INFO heat.engine.service [req-17a3f669-46fb-47b9-9c0d-5df9487415f3 - - - - -] Service 174f2dbb-df8a-4407-b210-723a658db9cb is updated
2017-10-28 09:59:42.119 28523 INFO heat.engine.service [req-68b8e184-bef9-4f65-84a2-f1cc54d94906 - - - - -] Service d7cc827c-6c72-4bc7-9c27-48fae872f1b6 is updated
2017-10-28 09:59:42.129 28562 INFO heat.engine.service [req-dd81e40c-c020-4500-a2e3-e63d21a3d944 - - - - -] Service b207e39f-b808-4c6c-8285-bd415d13ec10 is updated
2017-10-28 09:59:42.161 28561 INFO heat.engine.service [req-37d16be7-4036-4138-b96a-d2332fca33c3 - - - - -] Service 5320c9fe-fd90-45e2-9c81-06f88b38f36b is updated
2017-10-28 09:59:42.162 28510 INFO heat.engine.service [req-59569e99-54b5-42c3-a241-42358ffde9b7 - - - - -] Service 4669f065-a489-481e-9850-91a9f44bc077 is updated
2017-10-28 09:59:42.172 28520 INFO heat.engine.service [req-bfd420b3-1904-4825-8ceb-2c17f54a064b - - - - -] Service 4afb81d2-1ea2-4a4b-bc5f-b909623e3e74 is updated
2017-10-28 09:59:42.179 28536 INFO heat.engine.service [req-56264aea-abed-4ecd-8cff-08ff4908d217 - - - - -] Service 98ecc1ea-b227-42dc-82e7-30ac1ed9fca4 is updated
2017-10-28 09:59:42.193 28564 INFO heat.engine.service [req-ef2269a7-1a24-46a2-bf22-7c648403f6e4 - - - - -] Service 8f50a07c-7ad8-4a6d-a9d3-37e4c8f0ba53 is updated
2017-10-28 09:59:42.203 28560 INFO heat.engine.service [req-122d4c74-c9f6-4e29-8d76-f78d51c5eb6d - - - - -] Service 3b95e8e7-8709-45d2-a464-bac772180735 is updated
2017-10-28 09:59:42.230 28557 INFO heat.engine.service [req-0d286678-921f-480a-97a4-99059f80c04b - - - - -] Service 98f930a8-31b2-4e4d-8712-9e6fea660e73 is updated
2017-10-28 09:59:42.235 28563 INFO heat.engine.service [req-e67782e1-eb0f-431b-84a7-12d686a63927 - - - - -] Service 4eca1835-2fb1-450f-b336-3867986a581d is updated
2017-10-28 09:59:42.277 28519 INFO heat.engine.service [req-5c9fe737-5348-4004-a013-34bbe7454425 - - - - -] Service 7d2457db-265f-4f09-a7ed-68db183e0384 is updated
2017-10-28 09:59:42.290 28533 INFO heat.engine.service [req-0159ed81-bef7-471b-83bd-c70599b7390a - - - - -] Service 3a35d7bf-f1bd-4589-a5c3-8000c3b24793 is updated
2017-10-28 09:59:42.294 28524 INFO heat.engine.service [req-9c0dfeba-e2b7-4be4-8728-cbc20ebb701e - - - - -] Service 2f511c44-ddf4-43a7-9fd0-41f210a8b669 is updated
2017-10-28 09:59:42.349 28547 INFO heat.engine.service [req-2fbfb9e3-e17c-4814-a655-fb27a9ff8ca1 - - - - -] Service 25707d32-efb1-423a-b2d4-e11dfe67bcdc is updated
2017-10-28 09:59:42.359 28517 INFO heat.engine.service [req-dc06b2bd-e302-4f97-b419-a26bb0bdcc49 - - - - -] Service 750cf73f-337d-432c-9d53-30fab548b45c is updated
2017-10-28 09:59:42.384 28554 INFO heat.engine.service [req-2d709d78-649d-462c-bb31-a25ca313c1cc - - - - -] Service c7479ed7-747a-48d4-9a5a-b7161a57c39e is updated
2017-10-28 09:59:42.400 28541 INFO heat.engine.service [req-14eedbf6-081b-49df-85b2-36638a5e1d13 - - - - -] Service 28f76f02-d340-4517-9f1d-cb1f7fd704ac is updated
2017-10-28 09:59:42.407 28537 INFO heat.engine.service [req-9cc83c4d-8b7e-4192-b79f-3f6139ee4f85 - - - - -] Service fd1e41c5-b76e-4f95-9fd6-4a9c3d626081 is updated
2017-10-28 09:59:42.409 28534 INFO heat.engine.service [req-e00ebdf7-9930-4858-a04e-ec0de17c5b5b - - - - -] Service 7cdf9070-e34d-436d-aa75-65b1eb388638 is updated
2017-10-28 09:59:42.412 28512 INFO heat.engine.service [req-e8fd4e9e-0093-4da3-8c85-11c5b77b5ab4 - - - - -] Service fc9cbb06-6f7c-4b69-b947-05f204b3ce3c is updated
2017-10-28 09:59:42.413 28549 INFO heat.engine.service [req-911f91a1-d910-43ff-8188-b763e5936706 - - - - -] Service 8942a6af-7411-45cf-9672-1c7d3127c49f is updated
2017-10-28 09:59:42.429 28530 INFO heat.engine.service [req-b4e03363-19f2-424a-90c3-d2db898af176 - - - - -] Service caf6df39-f07f-489e-9581-9b70becae9e2 is updated
2017-10-28 09:59:42.453 28556 INFO heat.engine.service [req-46589f77-dd99-4989-8110-d43bc26a2b7a - - - - -] Service 30227806-eb6a-421b-b64b-1f4e769dde97 is updated
2017-10-28 09:59:42.461 28518 INFO heat.engine.service [req-c52e3b1c-08bf-4542-ac18-db87672e1b1b - - - - -] Service dd24efbc-8915-43d4-af30-b40fa3b43c47 is updated
2017-10-28 09:59:42.502 28535 INFO heat.engine.service [req-1329f5dd-e6ee-440a-bc16-4b4650b6e391 - - - - -] Service fb8da2fb-0ff3-4afc-956a-7d78b638efc3 is updated
2017-10-28 09:59:42.509 28558 INFO heat.engine.service [req-828d41c5-d890-42ed-adda-60817722eac7 - - - - -] Service ce91c6b2-92c3-4791-9658-c7753c86c265 is updated
2017-10-28 09:59:42.552 28551 INFO heat.engine.service [req-42da3e56-2912-4253-ab69-ee9251d303f5 - - - - -] Service 560cd9d1-ade5-4123-8efe-4822dbddfe23 is updated
2017-10-28 09:59:42.566 28550 INFO heat.engine.service [req-1a5babb4-0402-4c38-ab37-4c70deb68c5b - - - - -] Service ac79e68c-b408-42b8-9a3f-aaa256fcf8f0 is updated
2017-10-28 09:59:42.566 28555 INFO heat.engine.service [req-faf24636-53e9-4e43-947b-278c93c6b184 - - - - -] Service 6b1b66de-35d9-4105-bcd5-aa680ffcddec is updated
2017-10-28 09:59:42.574 28515 INFO heat.engine.service [req-f692e8a6-6451-4af2-8fd4-5841218ee68c - - - - -] Service 1a670f48-191d-4af2-ba9b-d59280a34029 is updated
2017-10-28 09:59:42.596 28540 INFO heat.engine.service [req-95d244c9-6f93-40fb-8aa9-cbf0f01daa0f - - - - -] Service 48ab0354-0cc3-4574-8b4b-39578b4811f9 is updated
2017-10-28 09:59:42.624 28521 INFO heat.engine.service [req-23722fc7-4e3b-431f-a40e-2c9ec64cded2 - - - - -] Service d42598ab-5331-4bf4-a271-327e00c8675f is updated
2017-10-28 09:59:42.624 28531 INFO heat.engine.service [req-c0a282d3-963e-4b88-bb65-36e1886a56af - - - - -] Service ff837399-1603-480b-89cf-1947330a42ab is updated
2017-10-28 09:59:42.626 28525 INFO heat.engine.service [req-ddf2536d-a455-4eda-b513-6ee4cb1c4452 - - - - -] Service 12fa1fd5-3e02-4695-9acb-ecf6d0c6be7e is updated
2017-10-28 09:59:42.772 28559 INFO heat.engine.service [req-2624b32b-32be-46c0-89af-19d19d46dba4 - - - - -] Service d321ca62-b768-43f2-9c4f-f4308f362b40 is updated
2017-10-28 09:59:42.862 28539 INFO heat.engine.service [req-ae34dbf7-782f-41ed-8105-19caac660ed8 - - - - -] Service 75a95404-a1b5-44f6-ba31-90e0e95c8ad0 is updated
2017-10-28 09:59:44.151 28514 INFO heat.engine.service [req-f617d6f2-0414-467a-9a33-114bb2455b02 - - - - -] Service c1ca77d3-4c81-441a-914c-e8e1795d0819 is updated
2017-10-28 10:00:41.866 28529 INFO heat.engine.service [req-6102f037-88b3-4e12-b891-dd6afafede7b - - - - -] Service 4e596928-014f-46fe-904b-2c69d0122faa is updated
2017-10-28 10:00:41.973 28553 INFO heat.engine.service [req-2b86858a-a3d8-49c2-b2d3-f9c71c0e2d11 - - - - -] Service 1231c634-a611-4552-9733-0bcd0229559d is updated
2017-10-28 10:00:41.973 28522 INFO heat.engine.service [req-7b4e8b26-4dd0-4df7-8bb5-334b92fa9e8d - - - - -] Service 0b05fddd-7118-49f7-b698-e81b89f80dd0 is updated
2017-10-28 10:00:41.978 28511 INFO heat.engine.service [req-e3d41dd4-6f43-42db-942b-97248991c328 - - - - -] Service c4991b42-b929-41c8-92ba-07735294b97d is updated
2017-10-28 10:00:42.013 28532 INFO heat.engine.service [req-f77fbea5-3849-4dbe-ad28-0cbd9fb98e64 - - - - -] Service 5e954547-3083-4e91-b56e-edaec69d9004 is updated
2017-10-28 10:00:42.014 28542 INFO heat.engine.service [req-e5b26542-82ca-425b-9a15-48e4b5b53e5f - - - - -] Service 94a1afb2-8a32-439d-ab8f-e06a961e4433 is updated
2017-10-28 10:00:42.063 28552 INFO heat.engine.service [req-b0751864-307d-4360-a2a2-0a2d5cddbd19 - - - - -] Service e9eaa51d-d288-442a-bc48-944d997543a3 is updated
2017-10-28 10:00:42.074 28513 INFO heat.engine.service [req-955c7b7d-80d0-4766-99cd-c645adad1a84 - - - - -] Service 5ce1d5ea-a507-4dce-98d2-430354f1824f is updated
2017-10-28 10:00:42.103 28527 INFO heat.engine.service [req-0f071f59-a153-40ed-8551-1497f0886c86 - - - - -] Service 27b05062-f4e2-41b9-a5a1-b78a8e7a7cab is updated
2017-10-28 10:00:42.104 28516 INFO heat.engine.service [req-3d15187a-497b-4eff-88d1-6c22686397c6 - - - - -] Service 2d84e3bb-febf-485e-87fe-d93b4c80d1c4 is updated
2017-10-28 10:00:42.108 28538 INFO heat.engine.service [req-f441a408-2b3c-4d4d-b9af-c191026ae147 - - - - -] Service 174f2dbb-df8a-4407-b210-723a658db9cb is updated
2017-10-28 10:00:42.125 28523 INFO heat.engine.service [req-de17f442-a6e8-4dc1-9d61-0d1e8a03e6f5 - - - - -] Service d7cc827c-6c72-4bc7-9c27-48fae872f1b6 is updated
2017-10-28 10:00:42.135 28562 INFO heat.engine.service [req-cef310d8-d011-4db4-a68e-e9973b0fe422 - - - - -] Service b207e39f-b808-4c6c-8285-bd415d13ec10 is updated
2017-10-28 10:00:42.159 28510 INFO heat.engine.service [req-6825520e-f52c-4122-a3bd-435bdcc1d7a7 - - - - -] Service 4669f065-a489-481e-9850-91a9f44bc077 is updated
2017-10-28 10:00:42.161 28561 INFO heat.engine.service [req-896cc286-fc47-4493-92f6-da3b97c2dacc - - - - -] Service 5320c9fe-fd90-45e2-9c81-06f88b38f36b is updated
2017-10-28 10:00:42.171 28520 INFO heat.engine.service [req-76eb983a-0765-4064-aab7-da4aabe04930 - - - - -] Service 4afb81d2-1ea2-4a4b-bc5f-b909623e3e74 is updated
