2017-10-28 08:06:42.379 28562 INFO heat.engine.service [req-6eaefdcb-5c5b-44b6-904e-4675106ea77a - - - - -] Service b207e39f-b808-4c6c-8285-bd415d13ec10 is updated
2017-10-28 08:06:42.390 28536 INFO heat.engine.service [req-e6d5e9aa-a5a5-498d-9134-fa03a98a76d2 - - - - -] Service 98ecc1ea-b227-42dc-82e7-30ac1ed9fca4 is updated
2017-10-28 08:06:42.444 28560 INFO heat.engine.service [req-3610a130-cc6f-4ee9-be62-7198ab0315af - - - - -] Service 3b95e8e7-8709-45d2-a464-bac772180735 is updated
2017-10-28 08:06:42.472 28563 INFO heat.engine.service [req-3bf06d83-61f0-46ea-812a-67a662cc2593 - - - - -] Service 4eca1835-2fb1-450f-b336-3867986a581d is updated
2017-10-28 08:06:42.484 28557 INFO heat.engine.service [req-4cec8c9f-bdce-45f6-b462-92723128d37f - - - - -] Service 98f930a8-31b2-4e4d-8712-9e6fea660e73 is updated
2017-10-28 08:06:42.486 28519 INFO heat.engine.service [req-ee5d3d78-118a-48dc-8123-ff5f5cae1f3a - - - - -] Service 7d2457db-265f-4f09-a7ed-68db183e0384 is updated
2017-10-28 08:06:42.514 28533 INFO heat.engine.service [req-b0040c2f-a410-49b3-bc79-afb5724154ab - - - - -] Service 3a35d7bf-f1bd-4589-a5c3-8000c3b24793 is updated
2017-10-28 08:06:42.531 28524 INFO heat.engine.service [req-be86213e-8db3-45ae-948e-6c2e1ba81bf2 - - - - -] Service 2f511c44-ddf4-43a7-9fd0-41f210a8b669 is updated
2017-10-28 08:06:42.571 28517 INFO heat.engine.service [req-dda3010d-35e9-4707-8855-343e0a0e055a - - - - -] Service 750cf73f-337d-432c-9d53-30fab548b45c is updated
2017-10-28 08:06:42.581 28541 INFO heat.engine.service [req-629aadb2-d81d-44de-a78d-7fda7d376992 - - - - -] Service 28f76f02-d340-4517-9f1d-cb1f7fd704ac is updated
2017-10-28 08:06:42.596 28547 INFO heat.engine.service [req-9bb662b2-7d24-42da-aa7b-d5a3c27959d8 - - - - -] Service 25707d32-efb1-423a-b2d4-e11dfe67bcdc is updated
2017-10-28 08:06:42.600 28549 INFO heat.engine.service [req-d89f0af2-d317-4020-9c0e-f8ed25fb9b80 - - - - -] Service 8942a6af-7411-45cf-9672-1c7d3127c49f is updated
2017-10-28 08:06:42.611 28530 INFO heat.engine.service [req-3c5684b3-a306-4ee4-aa7d-26a7527309cd - - - - -] Service caf6df39-f07f-489e-9581-9b70becae9e2 is updated
2017-10-28 08:06:42.621 28554 INFO heat.engine.service [req-d1484463-c05f-4629-a4f9-738821f495a6 - - - - -] Service c7479ed7-747a-48d4-9a5a-b7161a57c39e is updated
2017-10-28 08:06:42.624 28534 INFO heat.engine.service [req-e5d6924c-3160-4164-bca4-9966ecd5ef31 - - - - -] Service 7cdf9070-e34d-436d-aa75-65b1eb388638 is updated
2017-10-28 08:06:42.626 28537 INFO heat.engine.service [req-8b8d9d57-a175-476b-aebf-5c75d63cc251 - - - - -] Service fd1e41c5-b76e-4f95-9fd6-4a9c3d626081 is updated
2017-10-28 08:06:42.686 28518 INFO heat.engine.service [req-7ab56d96-d84e-4589-9bbb-849e5e5c56ef - - - - -] Service dd24efbc-8915-43d4-af30-b40fa3b43c47 is updated
2017-10-28 08:06:42.686 28556 INFO heat.engine.service [req-31b8a868-d5ed-48c6-9737-22b900cfa8ad - - - - -] Service 30227806-eb6a-421b-b64b-1f4e769dde97 is updated
2017-10-28 08:06:42.720 28512 INFO heat.engine.service [req-b217d3af-65e5-4ace-b0da-e2edeb96aac1 - - - - -] Service fc9cbb06-6f7c-4b69-b947-05f204b3ce3c is updated
2017-10-28 08:06:42.729 28535 INFO heat.engine.service [req-bff3ab51-39ec-43ff-bf46-78c0e59619b8 - - - - -] Service fb8da2fb-0ff3-4afc-956a-7d78b638efc3 is updated
2017-10-28 08:06:42.729 28515 INFO heat.engine.service [req-7b0824d1-d9f3-4044-8a99-1ff24d5dcf00 - - - - -] Service 1a670f48-191d-4af2-ba9b-d59280a34029 is updated
2017-10-28 08:06:42.732 28551 INFO heat.engine.service [req-dbaa7f29-a638-4cee-9fbb-735f768c925c - - - - -] Service 560cd9d1-ade5-4123-8efe-4822dbddfe23 is updated
2017-10-28 08:06:42.739 28540 INFO heat.engine.service [req-46cadb82-6955-405a-b8ec-80d6559831f9 - - - - -] Service 48ab0354-0cc3-4574-8b4b-39578b4811f9 is updated
2017-10-28 08:06:42.741 28558 INFO heat.engine.service [req-1b9016ec-c933-4829-a8f4-519f764c1a64 - - - - -] Service ce91c6b2-92c3-4791-9658-c7753c86c265 is updated
2017-10-28 08:06:42.747 28550 INFO heat.engine.service [req-367875fa-ceca-4583-80bd-6b255921bb89 - - - - -] Service ac79e68c-b408-42b8-9a3f-aaa256fcf8f0 is updated
2017-10-28 08:06:42.759 28521 INFO heat.engine.service [req-435047d1-5605-4244-8b0d-e0e674409e76 - - - - -] Service d42598ab-5331-4bf4-a271-327e00c8675f is updated
2017-10-28 08:06:42.768 28531 INFO heat.engine.service [req-df0e5596-f532-424f-8ed5-d87ad91f4274 - - - - -] Service ff837399-1603-480b-89cf-1947330a42ab is updated
2017-10-28 08:06:42.771 28555 INFO heat.engine.service [req-e6e98060-48ee-4734-8956-7e9bcf3d25b9 - - - - -] Service 6b1b66de-35d9-4105-bcd5-aa680ffcddec is updated
2017-10-28 08:06:42.774 28525 INFO heat.engine.service [req-7bb3ac96-f8cc-4ebd-ae5b-420bd2c1f00d - - - - -] Service 12fa1fd5-3e02-4695-9acb-ecf6d0c6be7e is updated
2017-10-28 08:06:42.904 28559 INFO heat.engine.service [req-718aca1b-7205-46a6-ad76-209b52f4270b - - - - -] Service d321ca62-b768-43f2-9c4f-f4308f362b40 is updated
2017-10-28 08:06:43.097 28539 INFO heat.engine.service [req-2e5ab20d-d1f4-489e-9d6c-81d9402019a2 - - - - -] Service 75a95404-a1b5-44f6-ba31-90e0e95c8ad0 is updated
2017-10-28 08:06:44.326 28514 INFO heat.engine.service [req-c7bc05d7-7781-49a3-a684-4b250e8ddaba - - - - -] Service c1ca77d3-4c81-441a-914c-e8e1795d0819 is updated
2017-10-28 08:07:42.083 28529 INFO heat.engine.service [req-803d52dd-d32b-4404-ade3-54a628b9f17f - - - - -] Service 4e596928-014f-46fe-904b-2c69d0122faa is updated
2017-10-28 08:07:42.143 28553 INFO heat.engine.service [req-67890aa6-44e3-4188-b9ee-836491eed11c - - - - -] Service 1231c634-a611-4552-9733-0bcd0229559d is updated
2017-10-28 08:07:42.191 28527 INFO heat.engine.service [req-a47591c3-d76c-4f0f-82fb-6bfb2e3b5205 - - - - -] Service 27b05062-f4e2-41b9-a5a1-b78a8e7a7cab is updated
2017-10-28 08:07:42.202 28522 INFO heat.engine.service [req-2faed3b2-aa6a-4069-90b4-2c5d93823d15 - - - - -] Service 0b05fddd-7118-49f7-b698-e81b89f80dd0 is updated
2017-10-28 08:07:42.219 28542 INFO heat.engine.service [req-cbcdff83-dd2f-4732-92d6-174116c19dbf - - - - -] Service 94a1afb2-8a32-439d-ab8f-e06a961e4433 is updated
2017-10-28 08:07:42.237 28511 INFO heat.engine.service [req-2de1380f-03e5-4f8a-bdd2-9b92efb0dd34 - - - - -] Service c4991b42-b929-41c8-92ba-07735294b97d is updated
2017-10-28 08:07:42.246 28532 INFO heat.engine.service [req-c2ef9a7e-d306-41e3-bcec-5528707fff38 - - - - -] Service 5e954547-3083-4e91-b56e-edaec69d9004 is updated
2017-10-28 08:07:42.263 28513 INFO heat.engine.service [req-b3bca685-390f-4ee8-bdd1-4a5e202b1c56 - - - - -] Service 5ce1d5ea-a507-4dce-98d2-430354f1824f is updated
2017-10-28 08:07:42.263 28523 INFO heat.engine.service [req-ea276e5e-0af3-4403-a381-66a9936966ec - - - - -] Service d7cc827c-6c72-4bc7-9c27-48fae872f1b6 is updated
2017-10-28 08:07:42.281 28552 INFO heat.engine.service [req-ecc54237-4774-4b2d-a1f5-7513ad94ac31 - - - - -] Service e9eaa51d-d288-442a-bc48-944d997543a3 is updated
2017-10-28 08:07:42.301 28538 INFO heat.engine.service [req-c2d466c4-0747-4b61-b2ad-9a74bf0966d0 - - - - -] Service 174f2dbb-df8a-4407-b210-723a658db9cb is updated
2017-10-28 08:07:42.310 28561 INFO heat.engine.service [req-95ce4a47-5d78-4218-bbb5-63a6b30c9318 - - - - -] Service 5320c9fe-fd90-45e2-9c81-06f88b38f36b is updated
2017-10-28 08:07:42.340 28516 INFO heat.engine.service [req-89de45e3-528c-490e-877d-88805bc05de7 - - - - -] Service 2d84e3bb-febf-485e-87fe-d93b4c80d1c4 is updated
2017-10-28 08:07:42.353 28564 INFO heat.engine.service [req-376b91b5-ebca-4424-8f3f-dad968afd536 - - - - -] Service 8f50a07c-7ad8-4a6d-a9d3-37e4c8f0ba53 is updated
2017-10-28 08:07:42.368 28520 INFO heat.engine.service [req-beacb0b8-c289-4f21-aad7-3936590d79f4 - - - - -] Service 4afb81d2-1ea2-4a4b-bc5f-b909623e3e74 is updated
2017-10-28 08:07:42.369 28510 INFO heat.engine.service [req-63c83f32-6580-4ba8-9642-ea22f491fdad - - - - -] Service 4669f065-a489-481e-9850-91a9f44bc077 is updated
2017-10-28 08:07:42.374 28562 INFO heat.engine.service [req-58eebd8a-364a-45c2-9602-2d3a0d41de05 - - - - -] Service b207e39f-b808-4c6c-8285-bd415d13ec10 is updated
2017-10-28 08:07:42.387 28536 INFO heat.engine.service [req-7a97f67e-0a86-4442-8983-ffa8e4b7e57f - - - - -] Service 98ecc1ea-b227-42dc-82e7-30ac1ed9fca4 is updated
2017-10-28 08:07:42.440 28560 INFO heat.engine.service [req-19302bb5-7895-4847-b20e-48a25e23f682 - - - - -] Service 3b95e8e7-8709-45d2-a464-bac772180735 is updated
2017-10-28 08:07:42.470 28563 INFO heat.engine.service [req-04b2298c-9a9e-4e04-85a2-6defbf19a0e2 - - - - -] Service 4eca1835-2fb1-450f-b336-3867986a581d is updated
2017-10-28 08:07:42.502 28557 INFO heat.engine.service [req-4c677755-4e0b-44d2-aebb-9ad85c822679 - - - - -] Service 98f930a8-31b2-4e4d-8712-9e6fea660e73 is updated
2017-10-28 08:07:42.502 28519 INFO heat.engine.service [req-02521cf8-8b9a-4a71-99ac-6e62c1ade648 - - - - -] Service 7d2457db-265f-4f09-a7ed-68db183e0384 is updated
2017-10-28 08:07:42.512 28533 INFO heat.engine.service [req-1a5e9e7b-ee74-429f-a06f-7ffa3bad5318 - - - - -] Service 3a35d7bf-f1bd-4589-a5c3-8000c3b24793 is updated
2017-10-28 08:07:42.529 28524 INFO heat.engine.service [req-da9e2a81-c9e6-4ad8-b700-ee0bdf591361 - - - - -] Service 2f511c44-ddf4-43a7-9fd0-41f210a8b669 is updated
2017-10-28 08:07:42.571 28517 INFO heat.engine.service [req-3a3393b4-fca3-4b4d-81dc-ccccd4ea97c8 - - - - -] Service 750cf73f-337d-432c-9d53-30fab548b45c is updated
2017-10-28 08:07:42.580 28541 INFO heat.engine.service [req-f7662a7c-8ef8-44b9-8796-95a830cb1af5 - - - - -] Service 28f76f02-d340-4517-9f1d-cb1f7fd704ac is updated
2017-10-28 08:07:42.594 28547 INFO heat.engine.service [req-091b1fcc-69ec-46a4-82ee-a783449ca647 - - - - -] Service 25707d32-efb1-423a-b2d4-e11dfe67bcdc is updated
2017-10-28 08:07:42.597 28549 INFO heat.engine.service [req-11b98fcc-cd20-4480-8fa8-f1409fe21574 - - - - -] Service 8942a6af-7411-45cf-9672-1c7d3127c49f is updated
2017-10-28 08:07:42.610 28530 INFO heat.engine.service [req-9f8ae150-a0c4-44b0-bae7-6ac68685977f - - - - -] Service caf6df39-f07f-489e-9581-9b70becae9e2 is updated
2017-10-28 08:07:42.617 28554 INFO heat.engine.service [req-6a1e65a9-3e3e-4908-86bb-8db8bba114c2 - - - - -] Service c7479ed7-747a-48d4-9a5a-b7161a57c39e is updated
2017-10-28 08:07:42.620 28537 INFO heat.engine.service [req-42698596-09c8-435e-abe8-7230c8e52526 - - - - -] Service fd1e41c5-b76e-4f95-9fd6-4a9c3d626081 is updated
2017-10-28 08:07:42.621 28534 INFO heat.engine.service [req-4f2fc468-3868-4965-8e16-f58154a9eecf - - - - -] Service 7cdf9070-e34d-436d-aa75-65b1eb388638 is updated
2017-10-28 08:07:42.682 28518 INFO heat.engine.service [req-c5ba7474-e69c-432b-9d8d-478f6b41931e - - - - -] Service dd24efbc-8915-43d4-af30-b40fa3b43c47 is updated
2017-10-28 08:07:42.685 28556 INFO heat.engine.service [req-730e8c30-fcd0-45e9-b764-05f385effb80 - - - - -] Service 30227806-eb6a-421b-b64b-1f4e769dde97 is updated
2017-10-28 08:07:42.697 28512 INFO heat.engine.service [req-0f3a0d31-c05a-45be-88c0-5989b6ebf874 - - - - -] Service fc9cbb06-6f7c-4b69-b947-05f204b3ce3c is updated
2017-10-28 08:07:42.726 28515 INFO heat.engine.service [req-e07ac0e1-4775-409a-8aae-438bbbfdb1f2 - - - - -] Service 1a670f48-191d-4af2-ba9b-d59280a34029 is updated
2017-10-28 08:07:42.726 28535 INFO heat.engine.service [req-f570db07-d243-4e1a-af97-72a5a95d9470 - - - - -] Service fb8da2fb-0ff3-4afc-956a-7d78b638efc3 is updated
2017-10-28 08:07:42.731 28551 INFO heat.engine.service [req-913c9272-f469-41ba-a0f5-bffda9e8ad03 - - - - -] Service 560cd9d1-ade5-4123-8efe-4822dbddfe23 is updated
2017-10-28 08:07:42.736 28540 INFO heat.engine.service [req-29ace0e9-8add-4c3c-bc42-5196e17546be - - - - -] Service 48ab0354-0cc3-4574-8b4b-39578b4811f9 is updated
2017-10-28 08:07:42.748 28550 INFO heat.engine.service [req-81b81043-9884-48cc-9067-c6321793f3fd - - - - -] Service ac79e68c-b408-42b8-9a3f-aaa256fcf8f0 is updated
2017-10-28 08:07:42.749 28558 INFO heat.engine.service [req-f98f05ab-ae8f-461f-a02c-49a2d3320973 - - - - -] Service ce91c6b2-92c3-4791-9658-c7753c86c265 is updated
2017-10-28 08:07:42.765 28521 INFO heat.engine.service [req-9e25ebdd-77e6-4516-9d15-32d687e90f47 - - - - -] Service d42598ab-5331-4bf4-a271-327e00c8675f is updated
2017-10-28 08:07:42.766 28555 INFO heat.engine.service [req-10b16521-88be-4fba-9559-3927f62ab327 - - - - -] Service 6b1b66de-35d9-4105-bcd5-aa680ffcddec is updated
2017-10-28 08:07:42.774 28531 INFO heat.engine.service [req-249e24a3-e4c8-48bf-9701-260077e421d4 - - - - -] Service ff837399-1603-480b-89cf-1947330a42ab is updated
2017-10-28 08:07:42.779 28525 INFO heat.engine.service [req-e0d9f5b4-cc48-4676-b63d-594a07290a35 - - - - -] Service 12fa1fd5-3e02-4695-9acb-ecf6d0c6be7e is updated
2017-10-28 08:07:42.902 28559 INFO heat.engine.service [req-5d8f2774-0990-4aa2-af15-c393899bdfbc - - - - -] Service d321ca62-b768-43f2-9c4f-f4308f362b40 is updated
2017-10-28 08:07:43.094 28539 INFO heat.engine.service [req-d776a32a-bad3-47b5-98f7-3ad3a8d89f5f - - - - -] Service 75a95404-a1b5-44f6-ba31-90e0e95c8ad0 is updated
2017-10-28 08:07:44.326 28514 INFO heat.engine.service [req-a1a5eca2-284d-4310-9a41-4a5ad69db293 - - - - -] Service c1ca77d3-4c81-441a-914c-e8e1795d0819 is updated
2017-10-28 08:08:42.083 28529 INFO heat.engine.service [req-6554bf6c-c1cc-447b-94ef-0b1e78754ba9 - - - - -] Service 4e596928-014f-46fe-904b-2c69d0122faa is updated
2017-10-28 08:08:42.151 28553 INFO heat.engine.service [req-dcbf2eee-a1a2-4526-9878-35d31107854a - - - - -] Service 1231c634-a611-4552-9733-0bcd0229559d is updated
2017-10-28 08:08:42.188 28527 INFO heat.engine.service [req-5f95c1de-dd51-4d84-83d7-dfea39d1b944 - - - - -] Service 27b05062-f4e2-41b9-a5a1-b78a8e7a7cab is updated
2017-10-28 08:08:42.199 28522 INFO heat.engine.service [req-9b8490ce-9438-451e-b1e9-671192121f4e - - - - -] Service 0b05fddd-7118-49f7-b698-e81b89f80dd0 is updated
2017-10-28 08:08:42.217 28542 INFO heat.engine.service [req-7fadaed3-3ee9-49d0-a163-f6fb3838eb65 - - - - -] Service 94a1afb2-8a32-439d-ab8f-e06a961e4433 is updated
2017-10-28 08:08:42.235 28511 INFO heat.engine.service [req-71b0e94c-1a49-4575-b9f9-2464a6a2d30c - - - - -] Service c4991b42-b929-41c8-92ba-07735294b97d is updated
2017-10-28 08:08:42.245 28532 INFO heat.engine.service [req-8a413033-afbc-47b9-8b5c-e471b1b38462 - - - - -] Service 5e954547-3083-4e91-b56e-edaec69d9004 is updated
2017-10-28 08:08:42.258 28523 INFO heat.engine.service [req-078a3948-1f3b-41dc-b4a8-a68516339b6b - - - - -] Service d7cc827c-6c72-4bc7-9c27-48fae872f1b6 is updated
2017-10-28 08:08:42.261 28513 INFO heat.engine.service [req-5e2f2b35-c381-4b4e-bde1-a6249c115194 - - - - -] Service 5ce1d5ea-a507-4dce-98d2-430354f1824f is updated
2017-10-28 08:08:42.278 28552 INFO heat.engine.service [req-c5579bf6-5e77-491f-b27f-d0d52b651c4e - - - - -] Service e9eaa51d-d288-442a-bc48-944d997543a3 is updated
2017-10-28 08:08:42.297 28538 INFO heat.engine.service [req-3f454bf3-fa5f-46b8-8be8-b87b5e071822 - - - - -] Service 174f2dbb-df8a-4407-b210-723a658db9cb is updated
2017-10-28 08:08:42.304 28561 INFO heat.engine.service [req-753e9f6e-badd-4bb1-86c6-a85c3a53f58e - - - - -] Service 5320c9fe-fd90-45e2-9c81-06f88b38f36b is updated
2017-10-28 08:08:42.337 28516 INFO heat.engine.service [req-f0ca1593-20bb-4f7f-94c0-3bd3df4d89d0 - - - - -] Service 2d84e3bb-febf-485e-87fe-d93b4c80d1c4 is updated
2017-10-28 08:08:42.352 28564 INFO heat.engine.service [req-6da8e20a-11e7-498a-99c7-0ae774a1448e - - - - -] Service 8f50a07c-7ad8-4a6d-a9d3-37e4c8f0ba53 is updated
2017-10-28 08:08:42.365 28520 INFO heat.engine.service [req-13552bef-5f5d-4267-8b3a-3c606da0b242 - - - - -] Service 4afb81d2-1ea2-4a4b-bc5f-b909623e3e74 is updated
2017-10-28 08:08:42.367 28510 INFO heat.engine.service [req-d6ef2502-572a-4696-ab52-d0e8114997ca - - - - -] Service 4669f065-a489-481e-9850-91a9f44bc077 is updated
2017-10-28 08:08:42.370 28562 INFO heat.engine.service [req-5b603ab8-58e2-41b9-b10f-fc65c334fa97 - - - - -] Service b207e39f-b808-4c6c-8285-bd415d13ec10 is updated
2017-10-28 08:08:42.383 28536 INFO heat.engine.service [req-717ef69a-5222-4a8e-bfd7-29ccc7c2086d - - - - -] Service 98ecc1ea-b227-42dc-82e7-30ac1ed9fca4 is updated
2017-10-28 08:08:42.438 28560 INFO heat.engine.service [req-9ae08632-6b55-452a-8e57-7a34f09bf1c8 - - - - -] Service 3b95e8e7-8709-45d2-a464-bac772180735 is updated
2017-10-28 08:08:42.467 28563 INFO heat.engine.service [req-46251f0a-319d-4a12-a21e-076f1e2c61f5 - - - - -] Service 4eca1835-2fb1-450f-b336-3867986a581d is updated
2017-10-28 08:08:42.479 28557 INFO heat.engine.service [req-4c1e85fb-a3ba-4488-bb49-246d433d9867 - - - - -] Service 98f930a8-31b2-4e4d-8712-9e6fea660e73 is updated
2017-10-28 08:08:42.480 28519 INFO heat.engine.service [req-e31ff23c-4ecd-4448-97f4-eb0ee41f85d5 - - - - -] Service 7d2457db-265f-4f09-a7ed-68db183e0384 is updated
2017-10-28 08:08:42.509 28533 INFO heat.engine.service [req-3e891a03-6ccc-4f2f-b723-f81d331e7323 - - - - -] Service 3a35d7bf-f1bd-4589-a5c3-8000c3b24793 is updated
2017-10-28 08:08:42.526 28524 INFO heat.engine.service [req-9598c3d1-ab09-48ea-8347-b312f1f03abf - - - - -] Service 2f511c44-ddf4-43a7-9fd0-41f210a8b669 is updated
2017-10-28 08:08:42.569 28517 INFO heat.engine.service [req-b7f29ba3-5cd4-47f0-8e9f-5ad7ec00e5f1 - - - - -] Service 750cf73f-337d-432c-9d53-30fab548b45c is updated
2017-10-28 08:08:42.574 28541 INFO heat.engine.service [req-ba98660f-a02f-462d-96de-045e75decd9c - - - - -] Service 28f76f02-d340-4517-9f1d-cb1f7fd704ac is updated
2017-10-28 08:08:42.591 28547 INFO heat.engine.service [req-5d3063ec-89a3-45d4-aae2-2ce891cc07de - - - - -] Service 25707d32-efb1-423a-b2d4-e11dfe67bcdc is updated
2017-10-28 08:08:42.597 28549 INFO heat.engine.service [req-bd9cdcd6-9554-499c-813b-7b31e6b83af4 - - - - -] Service 8942a6af-7411-45cf-9672-1c7d3127c49f is updated
2017-10-28 08:08:42.608 28530 INFO heat.engine.service [req-02d5c59e-4674-4a67-a4f3-6ea36e99072f - - - - -] Service caf6df39-f07f-489e-9581-9b70becae9e2 is updated
2017-10-28 08:08:42.615 28554 INFO heat.engine.service [req-4b4fe675-6b43-449e-8f1d-bdd46f665f9f - - - - -] Service c7479ed7-747a-48d4-9a5a-b7161a57c39e is updated
2017-10-28 08:08:42.618 28534 INFO heat.engine.service [req-5279ee0f-67c6-44fd-bd50-43ba3898d769 - - - - -] Service 7cdf9070-e34d-436d-aa75-65b1eb388638 is updated
2017-10-28 08:08:42.626 28537 INFO heat.engine.service [req-482e289f-7a33-42c7-b94d-8d2cea169b30 - - - - -] Service fd1e41c5-b76e-4f95-9fd6-4a9c3d626081 is updated
2017-10-28 08:08:42.681 28556 INFO heat.engine.service [req-adc1245c-ef86-4624-b233-0e261b34ac54 - - - - -] Service 30227806-eb6a-421b-b64b-1f4e769dde97 is updated
2017-10-28 08:08:42.689 28518 INFO heat.engine.service [req-d46f90d2-16ec-4e0e-abfc-4f63e499a21b - - - - -] Service dd24efbc-8915-43d4-af30-b40fa3b43c47 is updated
2017-10-28 08:08:42.694 28512 INFO heat.engine.service [req-767f76fa-406e-4fe7-90fb-e7b118a48668 - - - - -] Service fc9cbb06-6f7c-4b69-b947-05f204b3ce3c is updated
2017-10-28 08:08:42.724 28515 INFO heat.engine.service [req-454ac5d4-55e1-4645-abde-d669f290c7a2 - - - - -] Service 1a670f48-191d-4af2-ba9b-d59280a34029 is updated
2017-10-28 08:08:42.724 28535 INFO heat.engine.service [req-68b20d3d-7b74-47ae-ac94-f8696fa03624 - - - - -] Service fb8da2fb-0ff3-4afc-956a-7d78b638efc3 is updated
2017-10-28 08:08:42.729 28551 INFO heat.engine.service [req-bdc01145-80c1-42c3-be05-2dde0332f771 - - - - -] Service 560cd9d1-ade5-4123-8efe-4822dbddfe23 is updated
2017-10-28 08:08:42.734 28540 INFO heat.engine.service [req-1be2ab1c-3c55-4af5-b447-a1129caf2ae7 - - - - -] Service 48ab0354-0cc3-4574-8b4b-39578b4811f9 is updated
2017-10-28 08:08:42.745 28558 INFO heat.engine.service [req-0619edd4-c297-4d6c-bb83-52ee2f9515ef - - - - -] Service ce91c6b2-92c3-4791-9658-c7753c86c265 is updated
2017-10-28 08:08:42.745 28550 INFO heat.engine.service [req-5929d979-36e2-4e6f-b7d7-a57c0dba306c - - - - -] Service ac79e68c-b408-42b8-9a3f-aaa256fcf8f0 is updated
2017-10-28 08:08:42.763 28521 INFO heat.engine.service [req-e72ca1cd-1e70-4adb-ba3a-7e0d4c204002 - - - - -] Service d42598ab-5331-4bf4-a271-327e00c8675f is updated
2017-10-28 08:08:42.765 28555 INFO heat.engine.service [req-de089098-3dea-4260-9399-9fd4ce530dc3 - - - - -] Service 6b1b66de-35d9-4105-bcd5-aa680ffcddec is updated
2017-10-28 08:08:42.770 28531 INFO heat.engine.service [req-a0d8033e-e3b9-4151-9781-aab13694464d - - - - -] Service ff837399-1603-480b-89cf-1947330a42ab is updated
2017-10-28 08:08:42.785 28525 INFO heat.engine.service [req-dbcf1b98-964c-47e1-8b0b-87abe4496dc6 - - - - -] Service 12fa1fd5-3e02-4695-9acb-ecf6d0c6be7e is updated
2017-10-28 08:08:42.899 28559 INFO heat.engine.service [req-5fc04a40-6aaf-4c2a-94b5-3e1df7d8fce2 - - - - -] Service d321ca62-b768-43f2-9c4f-f4308f362b40 is updated
2017-10-28 08:08:43.091 28539 INFO heat.engine.service [req-820bae19-c844-42d3-a07f-c3eae65bbf5f - - - - -] Service 75a95404-a1b5-44f6-ba31-90e0e95c8ad0 is updated
2017-10-28 08:08:44.327 28514 INFO heat.engine.service [req-e33fafac-8239-4e2f-ada6-c338a4f4bd58 - - - - -] Service c1ca77d3-4c81-441a-914c-e8e1795d0819 is updated
2017-10-28 08:09:42.081 28529 INFO heat.engine.service [req-8898bf4d-f50a-4e8d-a4a9-730805504712 - - - - -] Service 4e596928-014f-46fe-904b-2c69d0122faa is updated
2017-10-28 08:09:42.148 28553 INFO heat.engine.service [req-19906d46-e3b8-4046-b45d-cdde427a25ba - - - - -] Service 1231c634-a611-4552-9733-0bcd0229559d is updated
2017-10-28 08:09:42.192 28527 INFO heat.engine.service [req-47954f3d-3b03-4370-8891-b5ea36ab627d - - - - -] Service 27b05062-f4e2-41b9-a5a1-b78a8e7a7cab is updated
2017-10-28 08:09:42.196 28522 INFO heat.engine.service [req-0f68870f-c4e5-4be3-90a9-cc99d8f85585 - - - - -] Service 0b05fddd-7118-49f7-b698-e81b89f80dd0 is updated
2017-10-28 08:09:42.214 28542 INFO heat.engine.service [req-b8c8e2e6-c4c2-41a0-a545-0358d6641e78 - - - - -] Service 94a1afb2-8a32-439d-ab8f-e06a961e4433 is updated
2017-10-28 08:09:42.231 28511 INFO heat.engine.service [req-1ce5ce0b-1428-4ebf-aed3-71bb657c255f - - - - -] Service c4991b42-b929-41c8-92ba-07735294b97d is updated
2017-10-28 08:09:42.241 28532 INFO heat.engine.service [req-40cc6e7b-b75e-4b52-a398-b9b7f62587a7 - - - - -] Service 5e954547-3083-4e91-b56e-edaec69d9004 is updated
2017-10-28 08:09:42.258 28513 INFO heat.engine.service [req-d003bc9d-78f0-40a8-879d-2af60183a246 - - - - -] Service 5ce1d5ea-a507-4dce-98d2-430354f1824f is updated
2017-10-28 08:09:42.265 28523 INFO heat.engine.service [req-ab68933f-6a43-4e72-99a9-b6b560fbf36d - - - - -] Service d7cc827c-6c72-4bc7-9c27-48fae872f1b6 is updated
2017-10-28 08:09:42.277 28552 INFO heat.engine.service [req-b2939dbe-ae5a-488b-99c7-185b44c1299b - - - - -] Service e9eaa51d-d288-442a-bc48-944d997543a3 is updated
2017-10-28 08:09:42.296 28538 INFO heat.engine.service [req-dc452767-62d7-48a9-a651-be670f353871 - - - - -] Service 174f2dbb-df8a-4407-b210-723a658db9cb is updated
2017-10-28 08:09:42.303 28561 INFO heat.engine.service [req-09b640f1-6421-487b-a2c9-f6d77561c723 - - - - -] Service 5320c9fe-fd90-45e2-9c81-06f88b38f36b is updated
2017-10-28 08:09:42.333 28516 INFO heat.engine.service [req-9f858b52-fc75-45f8-81e8-b3b63edd47eb - - - - -] Service 2d84e3bb-febf-485e-87fe-d93b4c80d1c4 is updated
2017-10-28 08:09:42.354 28564 INFO heat.engine.service [req-a4bc9d3a-b8ef-425b-9307-86ffc73146cc - - - - -] Service 8f50a07c-7ad8-4a6d-a9d3-37e4c8f0ba53 is updated
2017-10-28 08:09:42.362 28520 INFO heat.engine.service [req-cf07ef27-049a-44bb-b458-c496d24e6ed2 - - - - -] Service 4afb81d2-1ea2-4a4b-bc5f-b909623e3e74 is updated
2017-10-28 08:09:42.364 28510 INFO heat.engine.service [req-fadcfd64-3c2f-4679-a65f-736b5ce30aa4 - - - - -] Service 4669f065-a489-481e-9850-91a9f44bc077 is updated
2017-10-28 08:09:42.367 28562 INFO heat.engine.service [req-f7ee38e1-37bc-408d-bb37-4ecc4f0e4951 - - - - -] Service b207e39f-b808-4c6c-8285-bd415d13ec10 is updated
2017-10-28 08:09:42.380 28536 INFO heat.engine.service [req-8533b072-78d5-42e1-a718-7d8dcae05376 - - - - -] Service 98ecc1ea-b227-42dc-82e7-30ac1ed9fca4 is updated
2017-10-28 08:09:42.436 28560 INFO heat.engine.service [req-03b7e3cf-3f71-4635-ba39-1811647f7702 - - - - -] Service 3b95e8e7-8709-45d2-a464-bac772180735 is updated
2017-10-28 08:09:42.465 28563 INFO heat.engine.service [req-0ae2f0e1-7112-432c-b928-9e6fd0a0b01f - - - - -] Service 4eca1835-2fb1-450f-b336-3867986a581d is updated
2017-10-28 08:09:42.476 28519 INFO heat.engine.service [req-453a4067-6d48-49b0-ba99-1d18b39202c6 - - - - -] Service 7d2457db-265f-4f09-a7ed-68db183e0384 is updated
2017-10-28 08:09:42.476 28557 INFO heat.engine.service [req-63650721-8f31-4c7d-b68f-a9909de5e5d7 - - - - -] Service 98f930a8-31b2-4e4d-8712-9e6fea660e73 is updated
2017-10-28 08:09:42.507 28533 INFO heat.engine.service [req-aeb0ca62-f2bc-4bc3-9b67-70cb69e8912e - - - - -] Service 3a35d7bf-f1bd-4589-a5c3-8000c3b24793 is updated
2017-10-28 08:09:42.524 28524 INFO heat.engine.service [req-9f67df90-790e-4696-af48-7379e12d999e - - - - -] Service 2f511c44-ddf4-43a7-9fd0-41f210a8b669 is updated
2017-10-28 08:09:42.566 28517 INFO heat.engine.service [req-87262fc6-9e8d-4598-b60b-a82d7451a610 - - - - -] Service 750cf73f-337d-432c-9d53-30fab548b45c is updated
2017-10-28 08:09:42.581 28541 INFO heat.engine.service [req-8b7375a8-7c4e-4c4a-bce2-4675862fed12 - - - - -] Service 28f76f02-d340-4517-9f1d-cb1f7fd704ac is updated
2017-10-28 08:09:42.588 28547 INFO heat.engine.service [req-719ca2eb-65a1-42b2-b95d-2566471fb38e - - - - -] Service 25707d32-efb1-423a-b2d4-e11dfe67bcdc is updated
2017-10-28 08:09:42.593 28549 INFO heat.engine.service [req-99152f5c-531d-43ab-b8ee-742bc4937638 - - - - -] Service 8942a6af-7411-45cf-9672-1c7d3127c49f is updated
2017-10-28 08:09:42.605 28530 INFO heat.engine.service [req-a3c4ad06-1240-49d3-9652-122247a5e07b - - - - -] Service caf6df39-f07f-489e-9581-9b70becae9e2 is updated
2017-10-28 08:09:42.614 28534 INFO heat.engine.service [req-eee4112f-4491-4128-9315-7ca8c48d7d05 - - - - -] Service 7cdf9070-e34d-436d-aa75-65b1eb388638 is updated
2017-10-28 08:09:42.615 28554 INFO heat.engine.service [req-6dc8ae2c-7bd8-4b66-8eeb-1af1e06f66d8 - - - - -] Service c7479ed7-747a-48d4-9a5a-b7161a57c39e is updated
2017-10-28 08:09:42.623 28537 INFO heat.engine.service [req-c91464af-cfed-4124-b12c-1cbfacc12cbd - - - - -] Service fd1e41c5-b76e-4f95-9fd6-4a9c3d626081 is updated
2017-10-28 08:09:42.676 28556 INFO heat.engine.service [req-a14aeb61-8e2b-4925-a936-24e7af5d4344 - - - - -] Service 30227806-eb6a-421b-b64b-1f4e769dde97 is updated
2017-10-28 08:09:42.686 28518 INFO heat.engine.service [req-567547d8-8de1-42a2-87fa-54190fe6c0da - - - - -] Service dd24efbc-8915-43d4-af30-b40fa3b43c47 is updated
2017-10-28 08:09:42.692 28512 INFO heat.engine.service [req-c2b70d1f-38d5-474e-8915-215137cbb1f6 - - - - -] Service fc9cbb06-6f7c-4b69-b947-05f204b3ce3c is updated
2017-10-28 08:09:42.722 28515 INFO heat.engine.service [req-01d2d511-bfe4-4b93-ab8f-22b25d99c183 - - - - -] Service 1a670f48-191d-4af2-ba9b-d59280a34029 is updated
2017-10-28 08:09:42.721 28535 INFO heat.engine.service [req-8fb59d9a-8755-4a2b-a009-a675f49cc2f1 - - - - -] Service fb8da2fb-0ff3-4afc-956a-7d78b638efc3 is updated
2017-10-28 08:09:42.727 28551 INFO heat.engine.service [req-b326055e-532a-4f9e-9f15-bda9f4d12b3d - - - - -] Service 560cd9d1-ade5-4123-8efe-4822dbddfe23 is updated
2017-10-28 08:09:42.730 28540 INFO heat.engine.service [req-e92b7f89-6031-4a91-8a6f-23c29c85b02b - - - - -] Service 48ab0354-0cc3-4574-8b4b-39578b4811f9 is updated
2017-10-28 08:09:42.741 28558 INFO heat.engine.service [req-b16b2fbe-a4d1-4d29-9080-f1a02830a2ab - - - - -] Service ce91c6b2-92c3-4791-9658-c7753c86c265 is updated
2017-10-28 08:09:42.741 28550 INFO heat.engine.service [req-60d4192c-ce4c-4840-87ef-1f3cb0437bfa - - - - -] Service ac79e68c-b408-42b8-9a3f-aaa256fcf8f0 is updated
2017-10-28 08:09:42.759 28521 INFO heat.engine.service [req-059442ef-7a2f-421e-9ece-961674f4cfb1 - - - - -] Service d42598ab-5331-4bf4-a271-327e00c8675f is updated
2017-10-28 08:09:42.760 28555 INFO heat.engine.service [req-00ab55e3-d97f-4b97-b19c-2dd30f9d3339 - - - - -] Service 6b1b66de-35d9-4105-bcd5-aa680ffcddec is updated
2017-10-28 08:09:42.766 28531 INFO heat.engine.service [req-04df171a-6571-4012-a4c6-e93800c61e4b - - - - -] Service ff837399-1603-480b-89cf-1947330a42ab is updated
2017-10-28 08:09:42.783 28525 INFO heat.engine.service [req-b7069361-818d-4e88-92d0-356d12ed4058 - - - - -] Service 12fa1fd5-3e02-4695-9acb-ecf6d0c6be7e is updated
2017-10-28 08:09:42.941 28559 INFO heat.engine.service [req-e89e0e0f-0b5f-448c-addf-538264addff8 - - - - -] Service d321ca62-b768-43f2-9c4f-f4308f362b40 is updated
2017-10-28 08:09:43.109 28539 INFO heat.engine.service [req-8cc10683-9c1f-4679-b01f-529c1547cd30 - - - - -] Service 75a95404-a1b5-44f6-ba31-90e0e95c8ad0 is updated
2017-10-28 08:09:44.325 28514 INFO heat.engine.service [req-5bdb669c-a564-4028-9144-2400bce719de - - - - -] Service c1ca77d3-4c81-441a-914c-e8e1795d0819 is updated
2017-10-28 08:10:42.078 28529 INFO heat.engine.service [req-9d9a9c6f-a7ca-4dae-88f2-c085c65c2899 - - - - -] Service 4e596928-014f-46fe-904b-2c69d0122faa is updated
2017-10-28 08:10:42.145 28553 INFO heat.engine.service [req-3e6dcbbf-0adb-4d88-8bc5-817e339e43a9 - - - - -] Service 1231c634-a611-4552-9733-0bcd0229559d is updated
2017-10-28 08:10:42.190 28527 INFO heat.engine.service [req-012ff851-eb0a-407c-8783-092cd72f5a13 - - - - -] Service 27b05062-f4e2-41b9-a5a1-b78a8e7a7cab is updated
2017-10-28 08:10:42.192 28522 INFO heat.engine.service [req-d8eaae14-b78c-492f-860a-0db79d8e3cd1 - - - - -] Service 0b05fddd-7118-49f7-b698-e81b89f80dd0 is updated
2017-10-28 08:10:42.211 28542 INFO heat.engine.service [req-0e52575b-beff-4d4d-b3a4-72a8d9d51153 - - - - -] Service 94a1afb2-8a32-439d-ab8f-e06a961e4433 is updated
2017-10-28 08:10:42.228 28511 INFO heat.engine.service [req-3c094472-0894-4d53-a1b3-d30115a6f9d5 - - - - -] Service c4991b42-b929-41c8-92ba-07735294b97d is updated
2017-10-28 08:10:42.239 28532 INFO heat.engine.service [req-82f9a1b7-6877-40df-91c2-633ea65a95ad - - - - -] Service 5e954547-3083-4e91-b56e-edaec69d9004 is updated
2017-10-28 08:10:42.256 28513 INFO heat.engine.service [req-ff7c14d0-e159-4aea-8da0-4cf5f215499f - - - - -] Service 5ce1d5ea-a507-4dce-98d2-430354f1824f is updated
2017-10-28 08:10:42.263 28523 INFO heat.engine.service [req-098a6d65-0647-4d1f-af16-614f9862b48b - - - - -] Service d7cc827c-6c72-4bc7-9c27-48fae872f1b6 is updated
2017-10-28 08:10:42.274 28552 INFO heat.engine.service [req-17ab2cd0-605b-4ecd-83ea-f6e805fb9b1b - - - - -] Service e9eaa51d-d288-442a-bc48-944d997543a3 is updated
2017-10-28 08:10:42.293 28538 INFO heat.engine.service [req-e041d99b-98a3-4008-958b-6b4642437e4e - - - - -] Service 174f2dbb-df8a-4407-b210-723a658db9cb is updated
2017-10-28 08:10:42.299 28561 INFO heat.engine.service [req-58ee96fd-a250-4496-a307-02e5c7694dd2 - - - - -] Service 5320c9fe-fd90-45e2-9c81-06f88b38f36b is updated
2017-10-28 08:10:42.331 28516 INFO heat.engine.service [req-4a9c8c56-9183-4832-ae96-8a73e51c3d14 - - - - -] Service 2d84e3bb-febf-485e-87fe-d93b4c80d1c4 is updated
2017-10-28 08:10:42.353 28564 INFO heat.engine.service [req-0a62f3a1-59a8-4876-89eb-511baa797760 - - - - -] Service 8f50a07c-7ad8-4a6d-a9d3-37e4c8f0ba53 is updated
2017-10-28 08:10:42.358 28520 INFO heat.engine.service [req-de99c878-3cbc-4592-8acd-590c3f8898fb - - - - -] Service 4afb81d2-1ea2-4a4b-bc5f-b909623e3e74 is updated
2017-10-28 08:10:42.361 28510 INFO heat.engine.service [req-fc068338-ca5a-412a-a110-8468fe6764ea - - - - -] Service 4669f065-a489-481e-9850-91a9f44bc077 is updated
2017-10-28 08:10:42.365 28562 INFO heat.engine.service [req-ef7f69df-3b23-4b6e-ad0c-7d7a9372589d - - - - -] Service b207e39f-b808-4c6c-8285-bd415d13ec10 is updated
2017-10-28 08:10:42.380 28536 INFO heat.engine.service [req-a5e3cb86-8bf6-4919-a156-1d1d144cf744 - - - - -] Service 98ecc1ea-b227-42dc-82e7-30ac1ed9fca4 is updated
2017-10-28 08:10:42.432 28560 INFO heat.engine.service [req-aff112a4-0a7a-4ac9-8f09-2097868e51e2 - - - - -] Service 3b95e8e7-8709-45d2-a464-bac772180735 is updated
2017-10-28 08:10:42.461 28563 INFO heat.engine.service [req-ee721004-94c3-4f15-9525-8afef1243943 - - - - -] Service 4eca1835-2fb1-450f-b336-3867986a581d is updated
2017-10-28 08:10:42.473 28557 INFO heat.engine.service [req-cd7d72de-3c46-4230-a2c7-1eb1a133cb6a - - - - -] Service 98f930a8-31b2-4e4d-8712-9e6fea660e73 is updated
2017-10-28 08:10:42.482 28519 INFO heat.engine.service [req-52a3992f-4520-47a2-bb7a-f56d50519a5e - - - - -] Service 7d2457db-265f-4f09-a7ed-68db183e0384 is updated
2017-10-28 08:10:42.504 28533 INFO heat.engine.service [req-26b61a7c-84cc-416a-b57f-1f8e9ca4914b - - - - -] Service 3a35d7bf-f1bd-4589-a5c3-8000c3b24793 is updated
2017-10-28 08:10:42.522 28524 INFO heat.engine.service [req-16601be6-748b-470c-bef7-c44f64f1f8f9 - - - - -] Service 2f511c44-ddf4-43a7-9fd0-41f210a8b669 is updated
2017-10-28 08:10:42.562 28517 INFO heat.engine.service [req-f5940f28-d0a3-4151-bfd5-ffbcb874138f - - - - -] Service 750cf73f-337d-432c-9d53-30fab548b45c is updated
2017-10-28 08:10:42.579 28541 INFO heat.engine.service [req-f78c4aeb-83d7-4cdc-aa69-9750c53a1437 - - - - -] Service 28f76f02-d340-4517-9f1d-cb1f7fd704ac is updated
2017-10-28 08:10:42.584 28547 INFO heat.engine.service [req-609fdec2-b460-4702-8f8d-ac1a0b1ccd34 - - - - -] Service 25707d32-efb1-423a-b2d4-e11dfe67bcdc is updated
2017-10-28 08:10:42.591 28549 INFO heat.engine.service [req-a17f62bf-80e7-4e5f-8bc6-66fe2f9d3971 - - - - -] Service 8942a6af-7411-45cf-9672-1c7d3127c49f is updated
2017-10-28 08:10:42.602 28530 INFO heat.engine.service [req-253c6bbc-4df6-43ed-b397-56cb3facb8b9 - - - - -] Service caf6df39-f07f-489e-9581-9b70becae9e2 is updated
2017-10-28 08:10:42.612 28554 INFO heat.engine.service [req-fa73eb54-7774-4649-832c-530b75d23f6b - - - - -] Service c7479ed7-747a-48d4-9a5a-b7161a57c39e is updated
2017-10-28 08:10:42.619 28534 INFO heat.engine.service [req-99bb7940-9091-4c03-bfe7-b041cc2785f6 - - - - -] Service 7cdf9070-e34d-436d-aa75-65b1eb388638 is updated
2017-10-28 08:10:42.621 28537 INFO heat.engine.service [req-dda007dc-5d28-47e6-8633-d3b838730c87 - - - - -] Service fd1e41c5-b76e-4f95-9fd6-4a9c3d626081 is updated
2017-10-28 08:10:42.676 28556 INFO heat.engine.service [req-eee8ae06-6546-4674-9b82-24cf641b3ef6 - - - - -] Service 30227806-eb6a-421b-b64b-1f4e769dde97 is updated
2017-10-28 08:10:42.687 28518 INFO heat.engine.service [req-90c602c9-431d-4aa8-a7d1-3010e3399779 - - - - -] Service dd24efbc-8915-43d4-af30-b40fa3b43c47 is updated
2017-10-28 08:10:42.690 28512 INFO heat.engine.service [req-857a6501-5dbe-4445-b6f8-51f4f1059319 - - - - -] Service fc9cbb06-6f7c-4b69-b947-05f204b3ce3c is updated
2017-10-28 08:10:42.718 28515 INFO heat.engine.service [req-14a9442c-e0df-42e6-a687-af5e4754e507 - - - - -] Service 1a670f48-191d-4af2-ba9b-d59280a34029 is updated
2017-10-28 08:10:42.718 28535 INFO heat.engine.service [req-eba3ce7e-4876-413f-8755-2a081365e976 - - - - -] Service fb8da2fb-0ff3-4afc-956a-7d78b638efc3 is updated
2017-10-28 08:10:42.725 28540 INFO heat.engine.service [req-069cc470-67c4-4b5a-a7ff-144d8760cd5f - - - - -] Service 48ab0354-0cc3-4574-8b4b-39578b4811f9 is updated
2017-10-28 08:10:42.725 28551 INFO heat.engine.service [req-edd095b9-7395-42cc-b3dd-14e4d418c696 - - - - -] Service 560cd9d1-ade5-4123-8efe-4822dbddfe23 is updated
2017-10-28 08:10:42.736 28558 INFO heat.engine.service [req-bdd05c55-cde9-4f69-a9d3-1ea7fcc963b7 - - - - -] Service ce91c6b2-92c3-4791-9658-c7753c86c265 is updated
2017-10-28 08:10:42.736 28550 INFO heat.engine.service [req-da58ed12-f7e2-4359-aef6-21e7693d2ddd - - - - -] Service ac79e68c-b408-42b8-9a3f-aaa256fcf8f0 is updated
2017-10-28 08:10:42.754 28521 INFO heat.engine.service [req-201eee71-6a80-4fbc-a6d6-29af7b151cff - - - - -] Service d42598ab-5331-4bf4-a271-327e00c8675f is updated
2017-10-28 08:10:42.757 28555 INFO heat.engine.service [req-2f59fd6b-f04e-45da-aeee-e186b1fdfc95 - - - - -] Service 6b1b66de-35d9-4105-bcd5-aa680ffcddec is updated
2017-10-28 08:10:42.762 28531 INFO heat.engine.service [req-3bf9dfb5-4427-44fb-bf6f-7b0e35ec87fe - - - - -] Service ff837399-1603-480b-89cf-1947330a42ab is updated
2017-10-28 08:10:42.781 28525 INFO heat.engine.service [req-74d82bdd-43b7-45fb-b35d-27af138c213f - - - - -] Service 12fa1fd5-3e02-4695-9acb-ecf6d0c6be7e is updated
2017-10-28 08:10:42.899 28559 INFO heat.engine.service [req-f95a3cc5-dee6-4ba0-b31e-97e1293a4cc4 - - - - -] Service d321ca62-b768-43f2-9c4f-f4308f362b40 is updated
2017-10-28 08:10:43.086 28539 INFO heat.engine.service [req-26a5a936-d97c-4e45-ac7d-3159dac9ab30 - - - - -] Service 75a95404-a1b5-44f6-ba31-90e0e95c8ad0 is updated
2017-10-28 08:10:44.323 28514 INFO heat.engine.service [req-be87787a-c50c-483f-a789-1253c6a2bc99 - - - - -] Service c1ca77d3-4c81-441a-914c-e8e1795d0819 is updated
2017-10-28 08:11:42.076 28529 INFO heat.engine.service [req-56c2d70a-7f66-4d54-933f-90901f44cc96 - - - - -] Service 4e596928-014f-46fe-904b-2c69d0122faa is updated
2017-10-28 08:11:42.143 28553 INFO heat.engine.service [req-dac72cb8-58f4-4ba8-8294-697382d046f7 - - - - -] Service 1231c634-a611-4552-9733-0bcd0229559d is updated
2017-10-28 08:11:42.191 28522 INFO heat.engine.service [req-76237156-12da-4981-889a-e601804220e6 - - - - -] Service 0b05fddd-7118-49f7-b698-e81b89f80dd0 is updated
2017-10-28 08:11:42.193 28527 INFO heat.engine.service [req-be3eb05a-c6a2-4156-91fc-85c9f6385ddb - - - - -] Service 27b05062-f4e2-41b9-a5a1-b78a8e7a7cab is updated
2017-10-28 08:11:42.208 28542 INFO heat.engine.service [req-dfc6f0a1-0384-49fc-a1db-d9b55bb0ad9e - - - - -] Service 94a1afb2-8a32-439d-ab8f-e06a961e4433 is updated
2017-10-28 08:11:42.224 28511 INFO heat.engine.service [req-862d31d3-74af-4f90-bd3e-bc17f1614ef9 - - - - -] Service c4991b42-b929-41c8-92ba-07735294b97d is updated
2017-10-28 08:11:42.237 28532 INFO heat.engine.service [req-d53b86a4-8fce-4906-917c-3307e5889a7f - - - - -] Service 5e954547-3083-4e91-b56e-edaec69d9004 is updated
2017-10-28 08:11:42.252 28513 INFO heat.engine.service [req-f5fc5ecb-e7f9-42fc-bcd0-a2655dc0bccb - - - - -] Service 5ce1d5ea-a507-4dce-98d2-430354f1824f is updated
2017-10-28 08:11:42.263 28523 INFO heat.engine.service [req-f2749e60-5807-4880-b3f0-9b15cbe34461 - - - - -] Service d7cc827c-6c72-4bc7-9c27-48fae872f1b6 is updated
2017-10-28 08:11:42.272 28552 INFO heat.engine.service [req-f5723d4e-4fd8-4f54-873a-ad54c1fd0e52 - - - - -] Service e9eaa51d-d288-442a-bc48-944d997543a3 is updated
2017-10-28 08:11:42.290 28538 INFO heat.engine.service [req-bb65d6bb-c5a2-45ee-bcc6-58252244b780 - - - - -] Service 174f2dbb-df8a-4407-b210-723a658db9cb is updated
2017-10-28 08:11:42.296 28561 INFO heat.engine.service [req-b06b5610-a373-40bb-960f-7ab80bfad2e9 - - - - -] Service 5320c9fe-fd90-45e2-9c81-06f88b38f36b is updated
2017-10-28 08:11:42.329 28516 INFO heat.engine.service [req-cb9ab344-7108-4386-a1c9-c0d67d6a82d6 - - - - -] Service 2d84e3bb-febf-485e-87fe-d93b4c80d1c4 is updated
2017-10-28 08:11:42.352 28564 INFO heat.engine.service [req-dbab9f31-59bf-41e3-b8ad-4d576ebde89b - - - - -] Service 8f50a07c-7ad8-4a6d-a9d3-37e4c8f0ba53 is updated
2017-10-28 08:11:42.355 28520 INFO heat.engine.service [req-b67b6352-71a0-4db5-b2c9-b1d0e7d41452 - - - - -] Service 4afb81d2-1ea2-4a4b-bc5f-b909623e3e74 is updated
2017-10-28 08:11:42.358 28510 INFO heat.engine.service [req-23990ab5-4c1e-4f53-bad0-eac21f0a4069 - - - - -] Service 4669f065-a489-481e-9850-91a9f44bc077 is updated
2017-10-28 08:11:42.362 28562 INFO heat.engine.service [req-51c1f72c-c972-424a-820e-7dba8b7498f7 - - - - -] Service b207e39f-b808-4c6c-8285-bd415d13ec10 is updated
2017-10-28 08:11:42.377 28536 INFO heat.engine.service [req-ddff21a0-c567-4465-a1bf-0a986155c4d1 - - - - -] Service 98ecc1ea-b227-42dc-82e7-30ac1ed9fca4 is updated
2017-10-28 08:11:42.428 28560 INFO heat.engine.service [req-b36f5b57-257d-450c-a488-15a46fb00089 - - - - -] Service 3b95e8e7-8709-45d2-a464-bac772180735 is updated
2017-10-28 08:11:42.459 28563 INFO heat.engine.service [req-2fe67be8-333a-4dcd-8e93-b1ea84082ec3 - - - - -] Service 4eca1835-2fb1-450f-b336-3867986a581d is updated
2017-10-28 08:11:42.470 28557 INFO heat.engine.service [req-cd881a9b-7eb6-4bb8-acd0-51a93207a7a5 - - - - -] Service 98f930a8-31b2-4e4d-8712-9e6fea660e73 is updated
2017-10-28 08:11:42.480 28519 INFO heat.engine.service [req-5cfc3c72-58b0-4145-9fbf-a8775dc043f9 - - - - -] Service 7d2457db-265f-4f09-a7ed-68db183e0384 is updated
2017-10-28 08:11:42.502 28533 INFO heat.engine.service [req-c4d2fb9c-6634-4ab8-bd6c-ad6bdd988653 - - - - -] Service 3a35d7bf-f1bd-4589-a5c3-8000c3b24793 is updated
2017-10-28 08:11:42.539 28524 INFO heat.engine.service [req-09dd58e1-77cd-4e52-bfa0-95c22f6ec9cd - - - - -] Service 2f511c44-ddf4-43a7-9fd0-41f210a8b669 is updated
2017-10-28 08:11:42.562 28517 INFO heat.engine.service [req-aae776ad-6bab-4e7f-afbd-81d5a87dd04e - - - - -] Service 750cf73f-337d-432c-9d53-30fab548b45c is updated
2017-10-28 08:11:42.576 28541 INFO heat.engine.service [req-c0182df0-56b6-4a29-991c-e47c0fad2ccc - - - - -] Service 28f76f02-d340-4517-9f1d-cb1f7fd704ac is updated
2017-10-28 08:11:42.580 28547 INFO heat.engine.service [req-7e64d806-e054-4cdd-8198-0aefa522c4b3 - - - - -] Service 25707d32-efb1-423a-b2d4-e11dfe67bcdc is updated
2017-10-28 08:11:42.585 28549 INFO heat.engine.service [req-23737a6d-5252-4fa9-b947-a5e5cd3c9572 - - - - -] Service 8942a6af-7411-45cf-9672-1c7d3127c49f is updated
2017-10-28 08:11:42.597 28530 INFO heat.engine.service [req-dd9e77fe-cd58-4459-a5a2-6ddfb591ee4c - - - - -] Service caf6df39-f07f-489e-9581-9b70becae9e2 is updated
2017-10-28 08:11:42.608 28554 INFO heat.engine.service [req-bf8e5e7e-3c7b-41e5-a988-ed2297cf3d60 - - - - -] Service c7479ed7-747a-48d4-9a5a-b7161a57c39e is updated
2017-10-28 08:11:42.615 28534 INFO heat.engine.service [req-9c30bb38-7ed7-400e-b1d6-f357f10c5fc4 - - - - -] Service 7cdf9070-e34d-436d-aa75-65b1eb388638 is updated
2017-10-28 08:11:42.618 28537 INFO heat.engine.service [req-ddc4ac2c-9c8a-443e-8bb5-cc20391df9c5 - - - - -] Service fd1e41c5-b76e-4f95-9fd6-4a9c3d626081 is updated
2017-10-28 08:11:42.682 28556 INFO heat.engine.service [req-fa2404b7-8a52-4029-8281-1b104ff349e0 - - - - -] Service 30227806-eb6a-421b-b64b-1f4e769dde97 is updated
2017-10-28 08:11:42.684 28518 INFO heat.engine.service [req-c883def1-ddf8-490d-b8a4-d60410a60590 - - - - -] Service dd24efbc-8915-43d4-af30-b40fa3b43c47 is updated
2017-10-28 08:11:42.688 28512 INFO heat.engine.service [req-85d6812a-faa4-4a48-9c2d-0995448860e7 - - - - -] Service fc9cbb06-6f7c-4b69-b947-05f204b3ce3c is updated
2017-10-28 08:11:42.715 28535 INFO heat.engine.service [req-59471f4a-a097-4254-bda8-94301960b8d6 - - - - -] Service fb8da2fb-0ff3-4afc-956a-7d78b638efc3 is updated
2017-10-28 08:11:42.716 28515 INFO heat.engine.service [req-2622018f-94d4-42b8-b2de-ee2df30a456f - - - - -] Service 1a670f48-191d-4af2-ba9b-d59280a34029 is updated
2017-10-28 08:11:42.723 28551 INFO heat.engine.service [req-daaab300-d57e-45a8-906a-bc97620be0c4 - - - - -] Service 560cd9d1-ade5-4123-8efe-4822dbddfe23 is updated
2017-10-28 08:11:42.731 28540 INFO heat.engine.service [req-f4d40e8a-b096-424f-9bfa-139ab9d6f6b4 - - - - -] Service 48ab0354-0cc3-4574-8b4b-39578b4811f9 is updated
2017-10-28 08:11:42.732 28558 INFO heat.engine.service [req-4c3dfa50-3605-4704-88a7-553d9515e089 - - - - -] Service ce91c6b2-92c3-4791-9658-c7753c86c265 is updated
2017-10-28 08:11:42.743 28550 INFO heat.engine.service [req-afbcaa80-9034-412a-b691-2e9d00301ca6 - - - - -] Service ac79e68c-b408-42b8-9a3f-aaa256fcf8f0 is updated
2017-10-28 08:11:42.751 28555 INFO heat.engine.service [req-e2049a55-a3e1-4b14-82f0-e59eac9860e5 - - - - -] Service 6b1b66de-35d9-4105-bcd5-aa680ffcddec is updated
2017-10-28 08:11:42.759 28521 INFO heat.engine.service [req-5770a6f8-607d-4427-b52a-88c1c5385fe7 - - - - -] Service d42598ab-5331-4bf4-a271-327e00c8675f is updated
2017-10-28 08:11:42.759 28531 INFO heat.engine.service [req-fbbf1755-0073-4cae-af89-24fbfb76174c - - - - -] Service ff837399-1603-480b-89cf-1947330a42ab is updated
2017-10-28 08:11:42.779 28525 INFO heat.engine.service [req-e1f00209-4de0-43b3-8db1-05b99060a4d9 - - - - -] Service 12fa1fd5-3e02-4695-9acb-ecf6d0c6be7e is updated
2017-10-28 08:11:42.896 28559 INFO heat.engine.service [req-ea6acfb8-4b0b-4861-a394-896892a4d133 - - - - -] Service d321ca62-b768-43f2-9c4f-f4308f362b40 is updated
2017-10-28 08:11:43.085 28539 INFO heat.engine.service [req-a5e6f9f3-7208-414a-b85f-a7d0ce497502 - - - - -] Service 75a95404-a1b5-44f6-ba31-90e0e95c8ad0 is updated
2017-10-28 08:11:44.321 28514 INFO heat.engine.service [req-ec959722-75ec-49b8-82c0-3fdce0e0011a - - - - -] Service c1ca77d3-4c81-441a-914c-e8e1795d0819 is updated
2017-10-28 08:12:42.073 28529 INFO heat.engine.service [req-25d1b5b5-8044-4ccc-8e1c-78b622b0ba24 - - - - -] Service 4e596928-014f-46fe-904b-2c69d0122faa is updated
2017-10-28 08:12:42.142 28553 INFO heat.engine.service [req-842a55fe-55be-4a32-a15a-1d3e088a3be9 - - - - -] Service 1231c634-a611-4552-9733-0bcd0229559d is updated
2017-10-28 08:12:42.189 28522 INFO heat.engine.service [req-06b5e1fa-f17f-40ae-ad39-ba588812d431 - - - - -] Service 0b05fddd-7118-49f7-b698-e81b89f80dd0 is updated
2017-10-28 08:12:42.195 28527 INFO heat.engine.service [req-39d0b483-c989-4d24-8945-dd04b8f05906 - - - - -] Service 27b05062-f4e2-41b9-a5a1-b78a8e7a7cab is updated
2017-10-28 08:12:42.206 28542 INFO heat.engine.service [req-c62cb9ea-5f70-46e0-9ec6-cc6676b6c39a - - - - -] Service 94a1afb2-8a32-439d-ab8f-e06a961e4433 is updated
2017-10-28 08:12:42.233 28532 INFO heat.engine.service [req-35d8c265-3861-45f7-be16-41d9c1aae428 - - - - -] Service 5e954547-3083-4e91-b56e-edaec69d9004 is updated
2017-10-28 08:12:42.234 28511 INFO heat.engine.service [req-e41b8ce9-b0f9-4c3f-9a7e-69c001fc3bb4 - - - - -] Service c4991b42-b929-41c8-92ba-07735294b97d is updated
2017-10-28 08:12:42.249 28513 INFO heat.engine.service [req-02c7ad5f-7308-4806-8bd5-f89c9f176205 - - - - -] Service 5ce1d5ea-a507-4dce-98d2-430354f1824f is updated
2017-10-28 08:12:42.261 28523 INFO heat.engine.service [req-05856070-4625-4d85-a4e9-b567ce947449 - - - - -] Service d7cc827c-6c72-4bc7-9c27-48fae872f1b6 is updated
2017-10-28 08:12:42.267 28552 INFO heat.engine.service [req-91f6b7a4-312b-41ec-bd24-c01f74144051 - - - - -] Service e9eaa51d-d288-442a-bc48-944d997543a3 is updated
2017-10-28 08:12:42.286 28538 INFO heat.engine.service [req-a5415c3b-9bc4-4672-b5a3-b30b3867bec8 - - - - -] Service 174f2dbb-df8a-4407-b210-723a658db9cb is updated
2017-10-28 08:12:42.293 28561 INFO heat.engine.service [req-6f33e94d-8cd9-4625-afe1-b07b75ede19e - - - - -] Service 5320c9fe-fd90-45e2-9c81-06f88b38f36b is updated
2017-10-28 08:12:42.326 28516 INFO heat.engine.service [req-e940cef9-53a3-444c-bae6-4395b324330a - - - - -] Service 2d84e3bb-febf-485e-87fe-d93b4c80d1c4 is updated
2017-10-28 08:12:42.356 28520 INFO heat.engine.service [req-4979f5e2-9e88-4940-8cac-bec84157000f - - - - -] Service 4afb81d2-1ea2-4a4b-bc5f-b909623e3e74 is updated
2017-10-28 08:12:42.355 28564 INFO heat.engine.service [req-2cb10758-cdfe-4087-bd38-6fa0e56ffdb3 - - - - -] Service 8f50a07c-7ad8-4a6d-a9d3-37e4c8f0ba53 is updated
2017-10-28 08:12:42.358 28510 INFO heat.engine.service [req-ef88d042-9e1b-4b20-b12b-8650e888e751 - - - - -] Service 4669f065-a489-481e-9850-91a9f44bc077 is updated
2017-10-28 08:12:42.362 28562 INFO heat.engine.service [req-627e3878-0187-4ed6-b1db-a98bcb696edf - - - - -] Service b207e39f-b808-4c6c-8285-bd415d13ec10 is updated
2017-10-28 08:12:42.373 28536 INFO heat.engine.service [req-ec244cd0-f896-4afb-89c7-0cdea6044227 - - - - -] Service 98ecc1ea-b227-42dc-82e7-30ac1ed9fca4 is updated
2017-10-28 08:12:42.425 28560 INFO heat.engine.service [req-de5b3e22-d9e6-480b-be44-8f4deaa931c5 - - - - -] Service 3b95e8e7-8709-45d2-a464-bac772180735 is updated
2017-10-28 08:12:42.457 28563 INFO heat.engine.service [req-eebbae95-81d9-49ff-9469-1a1b9f5188b1 - - - - -] Service 4eca1835-2fb1-450f-b336-3867986a581d is updated
2017-10-28 08:12:42.466 28557 INFO heat.engine.service [req-d9b84783-ec26-43f9-85f8-578e3e4640d0 - - - - -] Service 98f930a8-31b2-4e4d-8712-9e6fea660e73 is updated
2017-10-28 08:12:42.478 28519 INFO heat.engine.service [req-6588ffed-18a5-4613-9db3-026e822a4653 - - - - -] Service 7d2457db-265f-4f09-a7ed-68db183e0384 is updated
2017-10-28 08:12:42.499 28533 INFO heat.engine.service [req-92805de8-f039-425d-b2c9-66032f4389a1 - - - - -] Service 3a35d7bf-f1bd-4589-a5c3-8000c3b24793 is updated
2017-10-28 08:12:42.512 28524 INFO heat.engine.service [req-b01f074e-6903-43df-982c-46fc44970f6d - - - - -] Service 2f511c44-ddf4-43a7-9fd0-41f210a8b669 is updated
2017-10-28 08:12:42.562 28517 INFO heat.engine.service [req-67e8b2d2-96f6-4800-91b9-9c4280aa62e1 - - - - -] Service 750cf73f-337d-432c-9d53-30fab548b45c is updated
2017-10-28 08:12:42.573 28541 INFO heat.engine.service [req-f92e29b9-31fb-47be-8730-74745dd6e0be - - - - -] Service 28f76f02-d340-4517-9f1d-cb1f7fd704ac is updated
2017-10-28 08:12:42.577 28547 INFO heat.engine.service [req-22adc457-7cd7-4fdd-8691-1ffedf8c7485 - - - - -] Service 25707d32-efb1-423a-b2d4-e11dfe67bcdc is updated
2017-10-28 08:12:42.592 28549 INFO heat.engine.service [req-299670be-868c-4113-bfb3-4a57e53beb3e - - - - -] Service 8942a6af-7411-45cf-9672-1c7d3127c49f is updated
2017-10-28 08:12:42.604 28530 INFO heat.engine.service [req-70d8ac90-6e15-4244-acd4-74d9614e3f84 - - - - -] Service caf6df39-f07f-489e-9581-9b70becae9e2 is updated
2017-10-28 08:12:42.604 28554 INFO heat.engine.service [req-5e04d53c-dddd-4ac0-a2dc-27514c29ed85 - - - - -] Service c7479ed7-747a-48d4-9a5a-b7161a57c39e is updated
2017-10-28 08:12:42.610 28534 INFO heat.engine.service [req-6fce7e78-0184-4151-b5d1-e14216bc697d - - - - -] Service 7cdf9070-e34d-436d-aa75-65b1eb388638 is updated
2017-10-28 08:12:42.615 28537 INFO heat.engine.service [req-5fa9bab9-3440-4e05-bc67-4d7adeb35cd4 - - - - -] Service fd1e41c5-b76e-4f95-9fd6-4a9c3d626081 is updated
