2017-10-28 06:31:42.598 28510 INFO heat.engine.service [req-154da182-4138-43ab-9bee-1a73ec12ad19 - - - - -] Service 4669f065-a489-481e-9850-91a9f44bc077 is updated
2017-10-28 06:31:42.613 28560 INFO heat.engine.service [req-819b171d-1918-4c93-aa6a-48bb4890ba58 - - - - -] Service 3b95e8e7-8709-45d2-a464-bac772180735 is updated
2017-10-28 06:31:42.613 28536 INFO heat.engine.service [req-f7374bfa-b287-4983-ad4e-40fd6655cebf - - - - -] Service 98ecc1ea-b227-42dc-82e7-30ac1ed9fca4 is updated
2017-10-28 06:31:42.684 28519 INFO heat.engine.service [req-a25b8547-01c8-4949-87a6-1aec7034bf9f - - - - -] Service 7d2457db-265f-4f09-a7ed-68db183e0384 is updated
2017-10-28 06:31:42.699 28557 INFO heat.engine.service [req-a370e9f2-44b1-47b7-93d8-e557c480fa9e - - - - -] Service 98f930a8-31b2-4e4d-8712-9e6fea660e73 is updated
2017-10-28 06:31:42.700 28563 INFO heat.engine.service [req-7fa3ca64-9dd8-4670-bf6d-67f106ddd303 - - - - -] Service 4eca1835-2fb1-450f-b336-3867986a581d is updated
2017-10-28 06:31:42.714 28533 INFO heat.engine.service [req-729044f3-8048-4f25-b960-87e7b30ed53b - - - - -] Service 3a35d7bf-f1bd-4589-a5c3-8000c3b24793 is updated
2017-10-28 06:31:42.726 28524 INFO heat.engine.service [req-884adae1-413f-4bbd-9a3e-fc2cf1d2e3fe - - - - -] Service 2f511c44-ddf4-43a7-9fd0-41f210a8b669 is updated
2017-10-28 06:31:42.729 28517 INFO heat.engine.service [req-02d335f7-9a06-4c8c-a8ca-bb5083b59178 - - - - -] Service 750cf73f-337d-432c-9d53-30fab548b45c is updated
2017-10-28 06:31:42.736 28547 INFO heat.engine.service [req-77031b0a-1973-4ded-a72e-672f6b057843 - - - - -] Service 25707d32-efb1-423a-b2d4-e11dfe67bcdc is updated
2017-10-28 06:31:42.747 28541 INFO heat.engine.service [req-0a50bb33-fc92-476b-9b00-65fd53436d80 - - - - -] Service 28f76f02-d340-4517-9f1d-cb1f7fd704ac is updated
2017-10-28 06:31:42.762 28554 INFO heat.engine.service [req-55026640-205f-49f6-927e-0892a5e47cca - - - - -] Service c7479ed7-747a-48d4-9a5a-b7161a57c39e is updated
2017-10-28 06:31:42.782 28549 INFO heat.engine.service [req-c625d6bc-0c57-40e7-ac39-989cd243d329 - - - - -] Service 8942a6af-7411-45cf-9672-1c7d3127c49f is updated
2017-10-28 06:31:42.783 28530 INFO heat.engine.service [req-292296b2-b19a-4d3a-9eeb-d06e38bea5b8 - - - - -] Service caf6df39-f07f-489e-9581-9b70becae9e2 is updated
2017-10-28 06:31:42.796 28537 INFO heat.engine.service [req-41cbcf64-4b38-443f-bfac-0b873434e330 - - - - -] Service fd1e41c5-b76e-4f95-9fd6-4a9c3d626081 is updated
2017-10-28 06:31:42.869 28518 INFO heat.engine.service [req-bca7071f-f7d8-46c8-bc09-0c2afc7cc757 - - - - -] Service dd24efbc-8915-43d4-af30-b40fa3b43c47 is updated
2017-10-28 06:31:42.886 28556 INFO heat.engine.service [req-93b9cad8-52f0-4b8f-a824-de2d6b82ecb0 - - - - -] Service 30227806-eb6a-421b-b64b-1f4e769dde97 is updated
2017-10-28 06:31:42.885 28534 INFO heat.engine.service [req-2f3cf92b-7164-4468-a3b0-642bc3462331 - - - - -] Service 7cdf9070-e34d-436d-aa75-65b1eb388638 is updated
2017-10-28 06:31:42.886 28512 INFO heat.engine.service [req-8e1abba3-213c-48ae-8ab6-71cce34ef452 - - - - -] Service fc9cbb06-6f7c-4b69-b947-05f204b3ce3c is updated
2017-10-28 06:31:42.903 28551 INFO heat.engine.service [req-a7b7321d-662f-4da9-a83d-fcd7880dc762 - - - - -] Service 560cd9d1-ade5-4123-8efe-4822dbddfe23 is updated
2017-10-28 06:31:42.920 28515 INFO heat.engine.service [req-851f6eb5-7db4-40aa-ba97-8d37d56a0386 - - - - -] Service 1a670f48-191d-4af2-ba9b-d59280a34029 is updated
2017-10-28 06:31:42.999 28525 INFO heat.engine.service [req-1a5d6432-6e07-4e97-bd48-f0904ab1a506 - - - - -] Service 12fa1fd5-3e02-4695-9acb-ecf6d0c6be7e is updated
2017-10-28 06:31:42.999 28558 INFO heat.engine.service [req-cd693377-c708-49d1-a0c6-07589509cc85 - - - - -] Service ce91c6b2-92c3-4791-9658-c7753c86c265 is updated
2017-10-28 06:31:42.999 28535 INFO heat.engine.service [req-cd56d6b4-e063-4d60-80ff-08c2ffbc4836 - - - - -] Service fb8da2fb-0ff3-4afc-956a-7d78b638efc3 is updated
2017-10-28 06:31:42.999 28521 INFO heat.engine.service [req-a2c7eee1-0993-4dc0-9034-c8adf819b489 - - - - -] Service d42598ab-5331-4bf4-a271-327e00c8675f is updated
2017-10-28 06:31:42.999 28540 INFO heat.engine.service [req-fa1ae04c-c2dc-486e-baf0-35b961863891 - - - - -] Service 48ab0354-0cc3-4574-8b4b-39578b4811f9 is updated
2017-10-28 06:31:43.002 28550 INFO heat.engine.service [req-497be264-94fc-4ccc-a165-d5f36c691d8f - - - - -] Service ac79e68c-b408-42b8-9a3f-aaa256fcf8f0 is updated
2017-10-28 06:31:43.004 28531 INFO heat.engine.service [req-212cd6c0-69d9-4ab7-b49e-bc53685ac570 - - - - -] Service ff837399-1603-480b-89cf-1947330a42ab is updated
2017-10-28 06:31:43.007 28555 INFO heat.engine.service [req-8596c97e-c4c0-4705-bc72-9285c6d5092b - - - - -] Service 6b1b66de-35d9-4105-bcd5-aa680ffcddec is updated
2017-10-28 06:31:43.072 28559 INFO heat.engine.service [req-7a5c24f7-99ad-4d2c-b8e5-edf0d1f7c148 - - - - -] Service d321ca62-b768-43f2-9c4f-f4308f362b40 is updated
2017-10-28 06:31:43.287 28539 INFO heat.engine.service [req-499c38eb-b082-4390-bc05-791bfdd18118 - - - - -] Service 75a95404-a1b5-44f6-ba31-90e0e95c8ad0 is updated
2017-10-28 06:31:44.486 28514 INFO heat.engine.service [req-ec348951-8691-4af4-8885-04349786b0a0 - - - - -] Service c1ca77d3-4c81-441a-914c-e8e1795d0819 is updated
2017-10-28 06:32:42.286 28527 INFO heat.engine.service [req-042ff064-4633-4ae0-8196-da8e88fee7ac - - - - -] Service 27b05062-f4e2-41b9-a5a1-b78a8e7a7cab is updated
2017-10-28 06:32:42.289 28529 INFO heat.engine.service [req-a734d8b9-05a6-4599-87e2-253ffdce3287 - - - - -] Service 4e596928-014f-46fe-904b-2c69d0122faa is updated
2017-10-28 06:32:42.343 28553 INFO heat.engine.service [req-3601c71c-ffdf-49ec-af99-f32dc9d2bfb6 - - - - -] Service 1231c634-a611-4552-9733-0bcd0229559d is updated
2017-10-28 06:32:42.393 28522 INFO heat.engine.service [req-58abe14f-107a-4676-bf3a-293af2a3b828 - - - - -] Service 0b05fddd-7118-49f7-b698-e81b89f80dd0 is updated
2017-10-28 06:32:42.415 28523 INFO heat.engine.service [req-4ae66716-7ad0-427c-b57e-cd7f402e8e35 - - - - -] Service d7cc827c-6c72-4bc7-9c27-48fae872f1b6 is updated
2017-10-28 06:32:42.423 28511 INFO heat.engine.service [req-05e30feb-982a-460f-896c-70f890e24678 - - - - -] Service c4991b42-b929-41c8-92ba-07735294b97d is updated
2017-10-28 06:32:42.425 28542 INFO heat.engine.service [req-34bce185-bdf0-45ec-80cd-6d17179aed17 - - - - -] Service 94a1afb2-8a32-439d-ab8f-e06a961e4433 is updated
2017-10-28 06:32:42.441 28532 INFO heat.engine.service [req-bcba351f-8b8c-445f-9016-4edb0d9c7c90 - - - - -] Service 5e954547-3083-4e91-b56e-edaec69d9004 is updated
2017-10-28 06:32:42.469 28552 INFO heat.engine.service [req-7e8798ce-91ee-45d2-b0e3-39484591bf40 - - - - -] Service e9eaa51d-d288-442a-bc48-944d997543a3 is updated
2017-10-28 06:32:42.473 28513 INFO heat.engine.service [req-a1e750fb-6575-4dc9-adfa-90609b13d235 - - - - -] Service 5ce1d5ea-a507-4dce-98d2-430354f1824f is updated
2017-10-28 06:32:42.474 28538 INFO heat.engine.service [req-60176949-46d3-4786-967b-6e8a334878bb - - - - -] Service 174f2dbb-df8a-4407-b210-723a658db9cb is updated
2017-10-28 06:32:42.486 28516 INFO heat.engine.service [req-81118fc5-7537-44ee-93c7-d93d1062b141 - - - - -] Service 2d84e3bb-febf-485e-87fe-d93b4c80d1c4 is updated
2017-10-28 06:32:42.488 28561 INFO heat.engine.service [req-6675dec0-e58a-4a5f-b8e5-725483825fcd - - - - -] Service 5320c9fe-fd90-45e2-9c81-06f88b38f36b is updated
2017-10-28 06:32:42.524 28520 INFO heat.engine.service [req-4548f310-20d9-4181-897a-1c8d30c07043 - - - - -] Service 4afb81d2-1ea2-4a4b-bc5f-b909623e3e74 is updated
2017-10-28 06:32:42.572 28562 INFO heat.engine.service [req-4c7e8daf-bc7c-4327-8949-43802b60ae19 - - - - -] Service b207e39f-b808-4c6c-8285-bd415d13ec10 is updated
2017-10-28 06:32:42.573 28564 INFO heat.engine.service [req-e8bcc4b8-993c-47e3-a352-1f272b599823 - - - - -] Service 8f50a07c-7ad8-4a6d-a9d3-37e4c8f0ba53 is updated
2017-10-28 06:32:42.596 28510 INFO heat.engine.service [req-c79ca420-fe29-418b-a4b0-3caa710bb993 - - - - -] Service 4669f065-a489-481e-9850-91a9f44bc077 is updated
2017-10-28 06:32:42.610 28536 INFO heat.engine.service [req-38c706b1-b764-449e-8a11-b19463325afb - - - - -] Service 98ecc1ea-b227-42dc-82e7-30ac1ed9fca4 is updated
2017-10-28 06:32:42.621 28560 INFO heat.engine.service [req-7ba4d2a5-50c6-44fb-8cac-98b563097a43 - - - - -] Service 3b95e8e7-8709-45d2-a464-bac772180735 is updated
2017-10-28 06:32:42.682 28519 INFO heat.engine.service [req-f36a2ed9-f0b2-4890-8daa-24347beb83b7 - - - - -] Service 7d2457db-265f-4f09-a7ed-68db183e0384 is updated
2017-10-28 06:32:42.696 28557 INFO heat.engine.service [req-a9b0a1c9-5d7e-4eb4-8298-0e133a1288ea - - - - -] Service 98f930a8-31b2-4e4d-8712-9e6fea660e73 is updated
2017-10-28 06:32:42.699 28563 INFO heat.engine.service [req-4ab719a8-e3bf-4ed9-87b7-3180ddf3971b - - - - -] Service 4eca1835-2fb1-450f-b336-3867986a581d is updated
2017-10-28 06:32:42.711 28533 INFO heat.engine.service [req-5648c974-736b-4339-8b21-70e5b1635195 - - - - -] Service 3a35d7bf-f1bd-4589-a5c3-8000c3b24793 is updated
2017-10-28 06:32:42.722 28524 INFO heat.engine.service [req-f8349ef4-9c74-4bb6-9138-bbf911191a43 - - - - -] Service 2f511c44-ddf4-43a7-9fd0-41f210a8b669 is updated
2017-10-28 06:32:42.728 28517 INFO heat.engine.service [req-6ed01b13-645c-463c-a336-2e141a08fe8b - - - - -] Service 750cf73f-337d-432c-9d53-30fab548b45c is updated
2017-10-28 06:32:42.730 28547 INFO heat.engine.service [req-a7853046-6647-4255-b1b2-17b93300aea4 - - - - -] Service 25707d32-efb1-423a-b2d4-e11dfe67bcdc is updated
2017-10-28 06:32:42.745 28541 INFO heat.engine.service [req-343e796c-febb-4db9-a586-3ee455cf36c5 - - - - -] Service 28f76f02-d340-4517-9f1d-cb1f7fd704ac is updated
2017-10-28 06:32:42.759 28554 INFO heat.engine.service [req-e97a9a9c-ae51-48fb-8e50-b1d01c71e68a - - - - -] Service c7479ed7-747a-48d4-9a5a-b7161a57c39e is updated
2017-10-28 06:32:42.781 28530 INFO heat.engine.service [req-ead0fedd-0788-4a8e-a75d-1aaa35f86e89 - - - - -] Service caf6df39-f07f-489e-9581-9b70becae9e2 is updated
2017-10-28 06:32:42.789 28549 INFO heat.engine.service [req-dcf46aad-1def-495b-a580-1e9b7421110a - - - - -] Service 8942a6af-7411-45cf-9672-1c7d3127c49f is updated
2017-10-28 06:32:42.793 28537 INFO heat.engine.service [req-c04912c7-155d-4b75-b964-737ee2a3cbaf - - - - -] Service fd1e41c5-b76e-4f95-9fd6-4a9c3d626081 is updated
2017-10-28 06:32:42.846 28518 INFO heat.engine.service [req-6b5483c7-8a87-41fb-a484-2a6e2b141209 - - - - -] Service dd24efbc-8915-43d4-af30-b40fa3b43c47 is updated
2017-10-28 06:32:42.852 28534 INFO heat.engine.service [req-45b0ddc3-3939-4128-9eee-e8f50af6648c - - - - -] Service 7cdf9070-e34d-436d-aa75-65b1eb388638 is updated
2017-10-28 06:32:42.854 28512 INFO heat.engine.service [req-3b30f2bc-e0c4-4d4d-b50b-60f4ecb59d1a - - - - -] Service fc9cbb06-6f7c-4b69-b947-05f204b3ce3c is updated
2017-10-28 06:32:42.873 28556 INFO heat.engine.service [req-b0d1d7b2-f5bf-47a7-83a2-0afa77b0a029 - - - - -] Service 30227806-eb6a-421b-b64b-1f4e769dde97 is updated
2017-10-28 06:32:42.879 28551 INFO heat.engine.service [req-146f750c-4188-41bd-ba58-96748e371731 - - - - -] Service 560cd9d1-ade5-4123-8efe-4822dbddfe23 is updated
2017-10-28 06:32:42.886 28558 INFO heat.engine.service [req-eeffa3f2-14e3-4729-a8de-fe6951cd2f78 - - - - -] Service ce91c6b2-92c3-4791-9658-c7753c86c265 is updated
2017-10-28 06:32:42.887 28515 INFO heat.engine.service [req-16bc59b7-4d7d-40d6-bb9a-108616f958c5 - - - - -] Service 1a670f48-191d-4af2-ba9b-d59280a34029 is updated
2017-10-28 06:32:42.900 28550 INFO heat.engine.service [req-f89a5aa1-a26f-4e09-83ed-c2d7b1ad0077 - - - - -] Service ac79e68c-b408-42b8-9a3f-aaa256fcf8f0 is updated
2017-10-28 06:32:42.907 28521 INFO heat.engine.service [req-532ab114-e15f-4b52-91b9-1ada560c5130 - - - - -] Service d42598ab-5331-4bf4-a271-327e00c8675f is updated
2017-10-28 06:32:42.916 28535 INFO heat.engine.service [req-3edd92fd-c43b-4db5-992b-bb0085179e66 - - - - -] Service fb8da2fb-0ff3-4afc-956a-7d78b638efc3 is updated
2017-10-28 06:32:42.921 28531 INFO heat.engine.service [req-1c8470e9-5e47-4571-a939-df8ee6858604 - - - - -] Service ff837399-1603-480b-89cf-1947330a42ab is updated
2017-10-28 06:32:42.937 28525 INFO heat.engine.service [req-79f96d3b-acf0-4ded-b7f5-c36a02847e07 - - - - -] Service 12fa1fd5-3e02-4695-9acb-ecf6d0c6be7e is updated
2017-10-28 06:32:42.937 28540 INFO heat.engine.service [req-5ffeab9d-89d9-4bdd-86f9-c7cd7c6b3730 - - - - -] Service 48ab0354-0cc3-4574-8b4b-39578b4811f9 is updated
2017-10-28 06:32:42.953 28555 INFO heat.engine.service [req-3e6d9b4f-8399-44a5-8659-fc9b07e76d3c - - - - -] Service 6b1b66de-35d9-4105-bcd5-aa680ffcddec is updated
2017-10-28 06:32:43.067 28559 INFO heat.engine.service [req-71fa5d14-ba14-43f2-aa14-286d5895cee9 - - - - -] Service d321ca62-b768-43f2-9c4f-f4308f362b40 is updated
2017-10-28 06:32:43.286 28539 INFO heat.engine.service [req-5ffa0014-65dd-414c-a5c4-eab46178737f - - - - -] Service 75a95404-a1b5-44f6-ba31-90e0e95c8ad0 is updated
2017-10-28 06:32:44.484 28514 INFO heat.engine.service [req-1c70243e-e541-4bb8-aa28-227ccdba01a8 - - - - -] Service c1ca77d3-4c81-441a-914c-e8e1795d0819 is updated
2017-10-28 06:33:42.284 28527 INFO heat.engine.service [req-eff2f351-f890-4e44-88a6-08e8e75b7274 - - - - -] Service 27b05062-f4e2-41b9-a5a1-b78a8e7a7cab is updated
2017-10-28 06:33:42.287 28529 INFO heat.engine.service [req-bae72065-42b0-4f52-ba57-f22d55a05071 - - - - -] Service 4e596928-014f-46fe-904b-2c69d0122faa is updated
2017-10-28 06:33:42.342 28553 INFO heat.engine.service [req-d9989b23-aaeb-47ba-9443-3c280f6ce0e8 - - - - -] Service 1231c634-a611-4552-9733-0bcd0229559d is updated
2017-10-28 06:33:42.390 28522 INFO heat.engine.service [req-618cd31d-5494-4371-83c7-4542114b488a - - - - -] Service 0b05fddd-7118-49f7-b698-e81b89f80dd0 is updated
2017-10-28 06:33:42.415 28523 INFO heat.engine.service [req-25a6be47-c941-4784-af60-52b4967a0da8 - - - - -] Service d7cc827c-6c72-4bc7-9c27-48fae872f1b6 is updated
2017-10-28 06:33:42.418 28511 INFO heat.engine.service [req-7c1f12e4-8d2f-4040-b3e2-4eade1e9167c - - - - -] Service c4991b42-b929-41c8-92ba-07735294b97d is updated
2017-10-28 06:33:42.423 28542 INFO heat.engine.service [req-2d3a9f5a-bf93-4349-b82a-a17ee2975579 - - - - -] Service 94a1afb2-8a32-439d-ab8f-e06a961e4433 is updated
2017-10-28 06:33:42.439 28532 INFO heat.engine.service [req-5e20ecfd-93d6-47ea-9ac3-2ee105f15b4f - - - - -] Service 5e954547-3083-4e91-b56e-edaec69d9004 is updated
2017-10-28 06:33:42.466 28552 INFO heat.engine.service [req-677bdebd-7069-4920-8ad7-641570cf62df - - - - -] Service e9eaa51d-d288-442a-bc48-944d997543a3 is updated
2017-10-28 06:33:42.470 28538 INFO heat.engine.service [req-467eb8a1-ed9b-4150-b07f-cc327fce8054 - - - - -] Service 174f2dbb-df8a-4407-b210-723a658db9cb is updated
2017-10-28 06:33:42.470 28513 INFO heat.engine.service [req-90cf91c1-eaf4-4d0e-9328-1e21cf54fec3 - - - - -] Service 5ce1d5ea-a507-4dce-98d2-430354f1824f is updated
2017-10-28 06:33:42.485 28516 INFO heat.engine.service [req-42664f9e-c848-4b14-9cda-b3c61c419d86 - - - - -] Service 2d84e3bb-febf-485e-87fe-d93b4c80d1c4 is updated
2017-10-28 06:33:42.486 28561 INFO heat.engine.service [req-5f18f671-8fee-4914-80d3-aaa2ed068d8a - - - - -] Service 5320c9fe-fd90-45e2-9c81-06f88b38f36b is updated
2017-10-28 06:33:42.523 28520 INFO heat.engine.service [req-c561b0b0-7698-445f-ba6e-f755fce56fbf - - - - -] Service 4afb81d2-1ea2-4a4b-bc5f-b909623e3e74 is updated
2017-10-28 06:33:42.570 28562 INFO heat.engine.service [req-681cbfba-8deb-4b06-a1b2-19be22c75d40 - - - - -] Service b207e39f-b808-4c6c-8285-bd415d13ec10 is updated
2017-10-28 06:33:42.574 28564 INFO heat.engine.service [req-2fe7dd6a-6556-411a-aac7-15167839a3f0 - - - - -] Service 8f50a07c-7ad8-4a6d-a9d3-37e4c8f0ba53 is updated
2017-10-28 06:33:42.593 28510 INFO heat.engine.service [req-303309a7-d8cd-4f30-b6f9-6a434fd49616 - - - - -] Service 4669f065-a489-481e-9850-91a9f44bc077 is updated
2017-10-28 06:33:42.608 28536 INFO heat.engine.service [req-a92eae06-2642-459b-a021-bc5aff95c693 - - - - -] Service 98ecc1ea-b227-42dc-82e7-30ac1ed9fca4 is updated
2017-10-28 06:33:42.619 28560 INFO heat.engine.service [req-dc47584c-ed3f-410a-8604-b4d8bb09eaa9 - - - - -] Service 3b95e8e7-8709-45d2-a464-bac772180735 is updated
2017-10-28 06:33:42.679 28519 INFO heat.engine.service [req-f283242a-1a5d-4d26-aaf8-33f5b665eb51 - - - - -] Service 7d2457db-265f-4f09-a7ed-68db183e0384 is updated
2017-10-28 06:33:42.694 28557 INFO heat.engine.service [req-5e137e33-a913-4603-9fb1-60113c752361 - - - - -] Service 98f930a8-31b2-4e4d-8712-9e6fea660e73 is updated
2017-10-28 06:33:42.695 28563 INFO heat.engine.service [req-c7a6a879-91a1-4278-a809-a0fcb97e1fe3 - - - - -] Service 4eca1835-2fb1-450f-b336-3867986a581d is updated
2017-10-28 06:33:42.730 28533 INFO heat.engine.service [req-b402618c-e369-4fa4-878f-d5f50dd3eb4b - - - - -] Service 3a35d7bf-f1bd-4589-a5c3-8000c3b24793 is updated
2017-10-28 06:33:42.739 28547 INFO heat.engine.service [req-5562a072-9139-42f1-906b-e90eff5545bc - - - - -] Service 25707d32-efb1-423a-b2d4-e11dfe67bcdc is updated
2017-10-28 06:33:42.740 28524 INFO heat.engine.service [req-bf12ba83-39f8-45c5-9a5a-e6e776f03dad - - - - -] Service 2f511c44-ddf4-43a7-9fd0-41f210a8b669 is updated
2017-10-28 06:33:42.740 28517 INFO heat.engine.service [req-3a1e630b-84f7-415b-9fae-df402dd75094 - - - - -] Service 750cf73f-337d-432c-9d53-30fab548b45c is updated
2017-10-28 06:33:42.742 28541 INFO heat.engine.service [req-f90ea385-c317-485e-953e-b23cf5e47421 - - - - -] Service 28f76f02-d340-4517-9f1d-cb1f7fd704ac is updated
2017-10-28 06:33:42.756 28554 INFO heat.engine.service [req-0c33191e-e3c1-4223-90da-2ca083863c48 - - - - -] Service c7479ed7-747a-48d4-9a5a-b7161a57c39e is updated
2017-10-28 06:33:42.778 28530 INFO heat.engine.service [req-a4db4d65-861f-427e-b496-335e634a3258 - - - - -] Service caf6df39-f07f-489e-9581-9b70becae9e2 is updated
2017-10-28 06:33:42.786 28549 INFO heat.engine.service [req-c691b7eb-1332-4010-b756-d4d845e28154 - - - - -] Service 8942a6af-7411-45cf-9672-1c7d3127c49f is updated
2017-10-28 06:33:42.789 28537 INFO heat.engine.service [req-96d7bc13-c175-4f80-b417-b7dcd771e58d - - - - -] Service fd1e41c5-b76e-4f95-9fd6-4a9c3d626081 is updated
2017-10-28 06:33:42.844 28518 INFO heat.engine.service [req-2845e765-cdb5-4568-9047-120a8ba862a2 - - - - -] Service dd24efbc-8915-43d4-af30-b40fa3b43c47 is updated
2017-10-28 06:33:42.849 28534 INFO heat.engine.service [req-c77b0a87-199d-47e9-921b-a824e1268e8f - - - - -] Service 7cdf9070-e34d-436d-aa75-65b1eb388638 is updated
2017-10-28 06:33:42.851 28512 INFO heat.engine.service [req-f8332110-2101-4e62-a30c-0ad66b61001e - - - - -] Service fc9cbb06-6f7c-4b69-b947-05f204b3ce3c is updated
2017-10-28 06:33:42.870 28556 INFO heat.engine.service [req-983d5c31-7bdd-45cb-80b4-b7258cb54367 - - - - -] Service 30227806-eb6a-421b-b64b-1f4e769dde97 is updated
2017-10-28 06:33:42.875 28551 INFO heat.engine.service [req-a474b17b-f1c8-4bcd-ae78-4332b96500b6 - - - - -] Service 560cd9d1-ade5-4123-8efe-4822dbddfe23 is updated
2017-10-28 06:33:42.883 28558 INFO heat.engine.service [req-475385ef-6967-4df4-81ba-08e400bb6839 - - - - -] Service ce91c6b2-92c3-4791-9658-c7753c86c265 is updated
2017-10-28 06:33:42.883 28515 INFO heat.engine.service [req-7b4d42a7-b77d-45e1-aadc-f6d755da54ff - - - - -] Service 1a670f48-191d-4af2-ba9b-d59280a34029 is updated
2017-10-28 06:33:42.897 28550 INFO heat.engine.service [req-4e7c6ac8-9a92-42f9-aa93-3a13f7efb906 - - - - -] Service ac79e68c-b408-42b8-9a3f-aaa256fcf8f0 is updated
2017-10-28 06:33:42.903 28521 INFO heat.engine.service [req-08cc499f-4d22-46e8-9709-9f54a29c4721 - - - - -] Service d42598ab-5331-4bf4-a271-327e00c8675f is updated
2017-10-28 06:33:42.913 28535 INFO heat.engine.service [req-7f2b3570-1cd1-406f-980f-e0bdb0ef022c - - - - -] Service fb8da2fb-0ff3-4afc-956a-7d78b638efc3 is updated
2017-10-28 06:33:42.919 28531 INFO heat.engine.service [req-b05bfd9c-7d89-48dc-904e-c5360e49806b - - - - -] Service ff837399-1603-480b-89cf-1947330a42ab is updated
2017-10-28 06:33:42.933 28525 INFO heat.engine.service [req-0b169e30-055d-4930-99ce-e3909c2fea7a - - - - -] Service 12fa1fd5-3e02-4695-9acb-ecf6d0c6be7e is updated
2017-10-28 06:33:42.933 28540 INFO heat.engine.service [req-8b0c1939-c32e-4cdb-9cf4-341a5d79f03b - - - - -] Service 48ab0354-0cc3-4574-8b4b-39578b4811f9 is updated
2017-10-28 06:33:42.950 28555 INFO heat.engine.service [req-f15e0896-8590-40a3-a524-66fec09c46d2 - - - - -] Service 6b1b66de-35d9-4105-bcd5-aa680ffcddec is updated
2017-10-28 06:33:43.063 28559 INFO heat.engine.service [req-82d1852a-6a56-44de-8f21-7506062b55bd - - - - -] Service d321ca62-b768-43f2-9c4f-f4308f362b40 is updated
2017-10-28 06:33:43.283 28539 INFO heat.engine.service [req-9f0665b0-88ac-4e6a-9034-ed9ed727ed99 - - - - -] Service 75a95404-a1b5-44f6-ba31-90e0e95c8ad0 is updated
2017-10-28 06:33:44.482 28514 INFO heat.engine.service [req-d24fc500-dbe1-4c4b-b83e-9e31ddc88d40 - - - - -] Service c1ca77d3-4c81-441a-914c-e8e1795d0819 is updated
2017-10-28 06:34:42.286 28529 INFO heat.engine.service [req-c8a6e418-cfee-4f57-945a-aa659a588b65 - - - - -] Service 4e596928-014f-46fe-904b-2c69d0122faa is updated
2017-10-28 06:34:42.290 28527 INFO heat.engine.service [req-ed75dc15-4db3-4cd1-bea1-4f5c7d92cb3f - - - - -] Service 27b05062-f4e2-41b9-a5a1-b78a8e7a7cab is updated
2017-10-28 06:34:42.339 28553 INFO heat.engine.service [req-7916723b-6663-4a2f-9cfc-2837b54120db - - - - -] Service 1231c634-a611-4552-9733-0bcd0229559d is updated
2017-10-28 06:34:42.387 28522 INFO heat.engine.service [req-f9ef08f1-708e-4cf2-ba75-dba4b328d9d1 - - - - -] Service 0b05fddd-7118-49f7-b698-e81b89f80dd0 is updated
2017-10-28 06:34:42.414 28523 INFO heat.engine.service [req-d4adfab4-c617-4c94-ac0f-763d75d15c88 - - - - -] Service d7cc827c-6c72-4bc7-9c27-48fae872f1b6 is updated
2017-10-28 06:34:42.417 28511 INFO heat.engine.service [req-3e7b1ed6-67a5-45e6-bc59-87375a5ca00b - - - - -] Service c4991b42-b929-41c8-92ba-07735294b97d is updated
2017-10-28 06:34:42.419 28542 INFO heat.engine.service [req-05259a58-b960-4f7a-8319-5fddebe9e9e5 - - - - -] Service 94a1afb2-8a32-439d-ab8f-e06a961e4433 is updated
2017-10-28 06:34:42.437 28532 INFO heat.engine.service [req-937c140b-6626-4a63-bc76-25e839775aee - - - - -] Service 5e954547-3083-4e91-b56e-edaec69d9004 is updated
2017-10-28 06:34:42.464 28552 INFO heat.engine.service [req-58ef44cd-3fb3-4bc2-89d0-fb2df96dc180 - - - - -] Service e9eaa51d-d288-442a-bc48-944d997543a3 is updated
2017-10-28 06:34:42.467 28538 INFO heat.engine.service [req-ff93d80b-00b4-4ddf-b772-6eb008e995f0 - - - - -] Service 174f2dbb-df8a-4407-b210-723a658db9cb is updated
2017-10-28 06:34:42.467 28513 INFO heat.engine.service [req-f7b1ece2-dd1c-4449-b1ec-4f64394a67ef - - - - -] Service 5ce1d5ea-a507-4dce-98d2-430354f1824f is updated
2017-10-28 06:34:42.484 28561 INFO heat.engine.service [req-8335e42a-3f20-4da4-a397-5e60938f87a5 - - - - -] Service 5320c9fe-fd90-45e2-9c81-06f88b38f36b is updated
2017-10-28 06:34:42.484 28516 INFO heat.engine.service [req-14f8ed3b-03bd-4f1d-8e59-f2ac3b5371b3 - - - - -] Service 2d84e3bb-febf-485e-87fe-d93b4c80d1c4 is updated
2017-10-28 06:34:42.521 28520 INFO heat.engine.service [req-19e74950-e431-4f5e-b86a-ba932a562ccb - - - - -] Service 4afb81d2-1ea2-4a4b-bc5f-b909623e3e74 is updated
2017-10-28 06:34:42.568 28562 INFO heat.engine.service [req-3b411534-f182-4053-a19e-5516c2822351 - - - - -] Service b207e39f-b808-4c6c-8285-bd415d13ec10 is updated
2017-10-28 06:34:42.571 28564 INFO heat.engine.service [req-4c1d98aa-602b-4034-b5d8-7ef8fe92ba07 - - - - -] Service 8f50a07c-7ad8-4a6d-a9d3-37e4c8f0ba53 is updated
2017-10-28 06:34:42.590 28510 INFO heat.engine.service [req-0cceab7b-627e-46ca-b03f-112168db0d79 - - - - -] Service 4669f065-a489-481e-9850-91a9f44bc077 is updated
2017-10-28 06:34:42.604 28536 INFO heat.engine.service [req-3b6830c7-30e9-462c-b385-a6c51f39d642 - - - - -] Service 98ecc1ea-b227-42dc-82e7-30ac1ed9fca4 is updated
2017-10-28 06:34:42.616 28560 INFO heat.engine.service [req-9c48ddc2-1d8c-4f59-8834-524afb51e61c - - - - -] Service 3b95e8e7-8709-45d2-a464-bac772180735 is updated
2017-10-28 06:34:42.677 28519 INFO heat.engine.service [req-9728b487-5374-4f8c-8aa3-5518844d4e84 - - - - -] Service 7d2457db-265f-4f09-a7ed-68db183e0384 is updated
2017-10-28 06:34:42.691 28557 INFO heat.engine.service [req-d2f26625-d796-4f07-88fe-9d45e2306071 - - - - -] Service 98f930a8-31b2-4e4d-8712-9e6fea660e73 is updated
2017-10-28 06:34:42.692 28563 INFO heat.engine.service [req-b79fb97f-7da6-44a1-922d-37da1e1fc671 - - - - -] Service 4eca1835-2fb1-450f-b336-3867986a581d is updated
2017-10-28 06:34:42.708 28533 INFO heat.engine.service [req-6895094b-00c6-413b-af22-a9d644a5dc0c - - - - -] Service 3a35d7bf-f1bd-4589-a5c3-8000c3b24793 is updated
2017-10-28 06:34:42.716 28524 INFO heat.engine.service [req-436dbebf-e83a-4eb1-b130-e683e3cfa124 - - - - -] Service 2f511c44-ddf4-43a7-9fd0-41f210a8b669 is updated
2017-10-28 06:34:42.728 28517 INFO heat.engine.service [req-12844e26-f628-4a21-9a23-b7da0397b41f - - - - -] Service 750cf73f-337d-432c-9d53-30fab548b45c is updated
2017-10-28 06:34:42.736 28547 INFO heat.engine.service [req-d9d0a466-ce18-44d9-9c88-17996863933b - - - - -] Service 25707d32-efb1-423a-b2d4-e11dfe67bcdc is updated
2017-10-28 06:34:42.739 28541 INFO heat.engine.service [req-bfd1e767-32b4-4ef3-a91a-8ec014a3287d - - - - -] Service 28f76f02-d340-4517-9f1d-cb1f7fd704ac is updated
2017-10-28 06:34:42.752 28554 INFO heat.engine.service [req-3920b354-ea64-4015-b077-6f23e4d2e3a0 - - - - -] Service c7479ed7-747a-48d4-9a5a-b7161a57c39e is updated
2017-10-28 06:34:42.775 28530 INFO heat.engine.service [req-3414d2bb-04d6-41cf-96c0-284e260134f3 - - - - -] Service caf6df39-f07f-489e-9581-9b70becae9e2 is updated
2017-10-28 06:34:42.782 28549 INFO heat.engine.service [req-6b5927a8-c4d9-452d-a1c1-4ff0406a76d3 - - - - -] Service 8942a6af-7411-45cf-9672-1c7d3127c49f is updated
2017-10-28 06:34:42.785 28537 INFO heat.engine.service [req-828ec2d1-0151-40b2-b018-2577f4e7987d - - - - -] Service fd1e41c5-b76e-4f95-9fd6-4a9c3d626081 is updated
2017-10-28 06:34:42.842 28518 INFO heat.engine.service [req-24861fab-332e-4a9d-92e1-bb4f83f85d86 - - - - -] Service dd24efbc-8915-43d4-af30-b40fa3b43c47 is updated
2017-10-28 06:34:42.847 28512 INFO heat.engine.service [req-e2f7009a-894a-4e9d-9a80-7760ab96b3ac - - - - -] Service fc9cbb06-6f7c-4b69-b947-05f204b3ce3c is updated
2017-10-28 06:34:42.847 28534 INFO heat.engine.service [req-055ab244-946c-43e7-8327-b6ef6099e478 - - - - -] Service 7cdf9070-e34d-436d-aa75-65b1eb388638 is updated
2017-10-28 06:34:42.867 28556 INFO heat.engine.service [req-42600d74-81fb-4770-8926-cad4de9cc01a - - - - -] Service 30227806-eb6a-421b-b64b-1f4e769dde97 is updated
2017-10-28 06:34:42.873 28551 INFO heat.engine.service [req-819cbe8e-7258-4bc7-b667-66872ded1aa6 - - - - -] Service 560cd9d1-ade5-4123-8efe-4822dbddfe23 is updated
2017-10-28 06:34:42.881 28558 INFO heat.engine.service [req-7accb8d9-5b6f-4be1-98bf-fbd30d28971e - - - - -] Service ce91c6b2-92c3-4791-9658-c7753c86c265 is updated
2017-10-28 06:34:42.881 28515 INFO heat.engine.service [req-ba1239cd-06cb-4094-a25a-4fdf5c068842 - - - - -] Service 1a670f48-191d-4af2-ba9b-d59280a34029 is updated
2017-10-28 06:34:42.894 28550 INFO heat.engine.service [req-8e80fc67-b279-417b-952e-376b98fe919b - - - - -] Service ac79e68c-b408-42b8-9a3f-aaa256fcf8f0 is updated
2017-10-28 06:34:42.900 28521 INFO heat.engine.service [req-92b56837-bbfe-4e55-9ad0-d2538285cf79 - - - - -] Service d42598ab-5331-4bf4-a271-327e00c8675f is updated
2017-10-28 06:34:42.909 28535 INFO heat.engine.service [req-a19d9648-93d7-4e53-8400-a66fb5c4ddce - - - - -] Service fb8da2fb-0ff3-4afc-956a-7d78b638efc3 is updated
2017-10-28 06:34:42.916 28531 INFO heat.engine.service [req-0118bb8f-a5c9-46db-aac0-98ed5bc44d8a - - - - -] Service ff837399-1603-480b-89cf-1947330a42ab is updated
2017-10-28 06:34:42.928 28540 INFO heat.engine.service [req-3d6982ba-a041-4c46-860f-592f887f4686 - - - - -] Service 48ab0354-0cc3-4574-8b4b-39578b4811f9 is updated
2017-10-28 06:34:42.929 28525 INFO heat.engine.service [req-3b418193-2f0b-4637-b889-836f146c4014 - - - - -] Service 12fa1fd5-3e02-4695-9acb-ecf6d0c6be7e is updated
2017-10-28 06:34:42.947 28555 INFO heat.engine.service [req-5372df1d-620b-4234-8c2b-5e88077ee80f - - - - -] Service 6b1b66de-35d9-4105-bcd5-aa680ffcddec is updated
2017-10-28 06:34:43.070 28559 INFO heat.engine.service [req-8ba1c8bb-5a00-4336-860b-eef5f492b77d - - - - -] Service d321ca62-b768-43f2-9c4f-f4308f362b40 is updated
2017-10-28 06:34:43.280 28539 INFO heat.engine.service [req-40af4bf9-756b-499e-bf63-1f78b1306a4f - - - - -] Service 75a95404-a1b5-44f6-ba31-90e0e95c8ad0 is updated
2017-10-28 06:34:44.483 28514 INFO heat.engine.service [req-8caf512e-929c-4f1e-9621-81b978ff7607 - - - - -] Service c1ca77d3-4c81-441a-914c-e8e1795d0819 is updated
2017-10-28 06:35:42.277 28527 INFO heat.engine.service [req-e4014904-5146-4354-87b7-ef8929136098 - - - - -] Service 27b05062-f4e2-41b9-a5a1-b78a8e7a7cab is updated
2017-10-28 06:35:42.283 28529 INFO heat.engine.service [req-398b0eb1-32d6-49ff-b8e6-e3daa7fd8e2e - - - - -] Service 4e596928-014f-46fe-904b-2c69d0122faa is updated
2017-10-28 06:35:42.337 28553 INFO heat.engine.service [req-7c406702-e461-4cf5-9ca5-93b78e8cd8ab - - - - -] Service 1231c634-a611-4552-9733-0bcd0229559d is updated
2017-10-28 06:35:42.382 28522 INFO heat.engine.service [req-48396ada-9271-4a21-8f03-2a059cd569d1 - - - - -] Service 0b05fddd-7118-49f7-b698-e81b89f80dd0 is updated
2017-10-28 06:35:42.411 28523 INFO heat.engine.service [req-37e825dc-b409-4331-b365-0f29d6fa3cd7 - - - - -] Service d7cc827c-6c72-4bc7-9c27-48fae872f1b6 is updated
2017-10-28 06:35:42.413 28511 INFO heat.engine.service [req-9952ce7c-e5c7-4ba3-b455-c4169ea546b6 - - - - -] Service c4991b42-b929-41c8-92ba-07735294b97d is updated
2017-10-28 06:35:42.414 28542 INFO heat.engine.service [req-12448416-2f20-4cb3-be59-4c80575ce035 - - - - -] Service 94a1afb2-8a32-439d-ab8f-e06a961e4433 is updated
2017-10-28 06:35:42.433 28532 INFO heat.engine.service [req-5cb78de9-d48c-4ef9-bea6-1f5efaf7b30d - - - - -] Service 5e954547-3083-4e91-b56e-edaec69d9004 is updated
2017-10-28 06:35:42.461 28552 INFO heat.engine.service [req-66f7a932-0795-459b-8780-8677ce102ed0 - - - - -] Service e9eaa51d-d288-442a-bc48-944d997543a3 is updated
2017-10-28 06:35:42.464 28513 INFO heat.engine.service [req-98381a42-57fc-416d-8086-3723beaf50e3 - - - - -] Service 5ce1d5ea-a507-4dce-98d2-430354f1824f is updated
2017-10-28 06:35:42.465 28538 INFO heat.engine.service [req-582f68e8-1c4c-4253-b10c-f7638769a2a9 - - - - -] Service 174f2dbb-df8a-4407-b210-723a658db9cb is updated
2017-10-28 06:35:42.481 28561 INFO heat.engine.service [req-d1365801-e229-4f5d-931d-37a1cd9cb46f - - - - -] Service 5320c9fe-fd90-45e2-9c81-06f88b38f36b is updated
2017-10-28 06:35:42.483 28516 INFO heat.engine.service [req-18c96fae-e86f-472c-90bf-a8a07f4c01bf - - - - -] Service 2d84e3bb-febf-485e-87fe-d93b4c80d1c4 is updated
2017-10-28 06:35:42.520 28520 INFO heat.engine.service [req-d36611ed-65c3-480f-ad44-dd7169ef38c2 - - - - -] Service 4afb81d2-1ea2-4a4b-bc5f-b909623e3e74 is updated
2017-10-28 06:35:42.563 28562 INFO heat.engine.service [req-9ef827d7-a9be-410a-b284-d58703acf40c - - - - -] Service b207e39f-b808-4c6c-8285-bd415d13ec10 is updated
2017-10-28 06:35:42.568 28564 INFO heat.engine.service [req-1b022e8e-d56d-4540-9879-988f175813ac - - - - -] Service 8f50a07c-7ad8-4a6d-a9d3-37e4c8f0ba53 is updated
2017-10-28 06:35:42.588 28510 INFO heat.engine.service [req-2eb0546c-5ce5-483f-9119-ba8bb602c47b - - - - -] Service 4669f065-a489-481e-9850-91a9f44bc077 is updated
2017-10-28 06:35:42.604 28536 INFO heat.engine.service [req-4a3d705e-d389-4155-8aed-af22b043d36c - - - - -] Service 98ecc1ea-b227-42dc-82e7-30ac1ed9fca4 is updated
2017-10-28 06:35:42.614 28560 INFO heat.engine.service [req-2956567f-cfd4-4d5d-a444-58f854cf0027 - - - - -] Service 3b95e8e7-8709-45d2-a464-bac772180735 is updated
2017-10-28 06:35:42.673 28519 INFO heat.engine.service [req-6ebf81d0-f4ed-4a7a-b830-17f76510c25e - - - - -] Service 7d2457db-265f-4f09-a7ed-68db183e0384 is updated
2017-10-28 06:35:42.689 28557 INFO heat.engine.service [req-22289618-ed96-415e-9b9c-6ef1c9bc2a57 - - - - -] Service 98f930a8-31b2-4e4d-8712-9e6fea660e73 is updated
2017-10-28 06:35:42.691 28563 INFO heat.engine.service [req-b773b832-9ab7-4dd7-a314-7c0131e196fd - - - - -] Service 4eca1835-2fb1-450f-b336-3867986a581d is updated
2017-10-28 06:35:42.704 28533 INFO heat.engine.service [req-b356dd42-624a-4923-bbb5-4baf469ade4f - - - - -] Service 3a35d7bf-f1bd-4589-a5c3-8000c3b24793 is updated
2017-10-28 06:35:42.713 28524 INFO heat.engine.service [req-22f164a6-d989-4cb0-a653-5304eaa406d3 - - - - -] Service 2f511c44-ddf4-43a7-9fd0-41f210a8b669 is updated
2017-10-28 06:35:42.726 28517 INFO heat.engine.service [req-56081bd0-b5f7-4aa8-b75c-3635906cf653 - - - - -] Service 750cf73f-337d-432c-9d53-30fab548b45c is updated
2017-10-28 06:35:42.734 28547 INFO heat.engine.service [req-7755bcdc-da4d-42c9-b908-183074823bb5 - - - - -] Service 25707d32-efb1-423a-b2d4-e11dfe67bcdc is updated
2017-10-28 06:35:42.741 28541 INFO heat.engine.service [req-51e7f37f-82c6-4f30-acf9-527f19da7888 - - - - -] Service 28f76f02-d340-4517-9f1d-cb1f7fd704ac is updated
2017-10-28 06:35:42.751 28554 INFO heat.engine.service [req-0a716d6b-a75c-406f-a1d2-655c17d77f08 - - - - -] Service c7479ed7-747a-48d4-9a5a-b7161a57c39e is updated
2017-10-28 06:35:42.773 28530 INFO heat.engine.service [req-4e0a6540-e1e0-4dd3-a86b-7a43960a1fad - - - - -] Service caf6df39-f07f-489e-9581-9b70becae9e2 is updated
2017-10-28 06:35:42.780 28549 INFO heat.engine.service [req-b0961106-f858-4729-9064-e886216c15b0 - - - - -] Service 8942a6af-7411-45cf-9672-1c7d3127c49f is updated
2017-10-28 06:35:42.792 28537 INFO heat.engine.service [req-5689e410-42c4-4b36-8c77-96f2e915a5a7 - - - - -] Service fd1e41c5-b76e-4f95-9fd6-4a9c3d626081 is updated
2017-10-28 06:35:42.841 28518 INFO heat.engine.service [req-93d9f01a-cbc2-4961-8980-624075dcfaaa - - - - -] Service dd24efbc-8915-43d4-af30-b40fa3b43c47 is updated
2017-10-28 06:35:42.846 28512 INFO heat.engine.service [req-9c4f0b32-bc03-4866-8775-e68de2a71119 - - - - -] Service fc9cbb06-6f7c-4b69-b947-05f204b3ce3c is updated
2017-10-28 06:35:42.846 28534 INFO heat.engine.service [req-d964c381-88f1-465f-a355-89c9eb599392 - - - - -] Service 7cdf9070-e34d-436d-aa75-65b1eb388638 is updated
2017-10-28 06:35:42.865 28556 INFO heat.engine.service [req-af5c814d-ca0a-4155-b1ed-3feb640f6380 - - - - -] Service 30227806-eb6a-421b-b64b-1f4e769dde97 is updated
2017-10-28 06:35:42.870 28551 INFO heat.engine.service [req-11f8bae2-387e-4834-ba79-c290cac8ef00 - - - - -] Service 560cd9d1-ade5-4123-8efe-4822dbddfe23 is updated
2017-10-28 06:35:42.876 28558 INFO heat.engine.service [req-3fbe22b0-c617-4c7a-9e21-958fc429264c - - - - -] Service ce91c6b2-92c3-4791-9658-c7753c86c265 is updated
2017-10-28 06:35:42.877 28515 INFO heat.engine.service [req-6fc174d6-4fd0-4501-a267-e8d788801150 - - - - -] Service 1a670f48-191d-4af2-ba9b-d59280a34029 is updated
2017-10-28 06:35:42.892 28550 INFO heat.engine.service [req-6e63974a-46c4-4fc8-b149-13f81a33d977 - - - - -] Service ac79e68c-b408-42b8-9a3f-aaa256fcf8f0 is updated
2017-10-28 06:35:42.897 28521 INFO heat.engine.service [req-43ca7bed-6845-492a-85e2-3d5da4f26bfe - - - - -] Service d42598ab-5331-4bf4-a271-327e00c8675f is updated
2017-10-28 06:35:42.906 28535 INFO heat.engine.service [req-719f1e6a-20af-4967-9df5-d4ecf67b5b1f - - - - -] Service fb8da2fb-0ff3-4afc-956a-7d78b638efc3 is updated
2017-10-28 06:35:42.913 28531 INFO heat.engine.service [req-b2e0ad06-59c8-4bdc-8a07-c8526e6846dd - - - - -] Service ff837399-1603-480b-89cf-1947330a42ab is updated
2017-10-28 06:35:42.926 28525 INFO heat.engine.service [req-e19c8560-4dfa-4713-a1e6-28dcf658a55c - - - - -] Service 12fa1fd5-3e02-4695-9acb-ecf6d0c6be7e is updated
2017-10-28 06:35:42.934 28540 INFO heat.engine.service [req-587f0c56-e017-4465-83ed-cae5516c3ab9 - - - - -] Service 48ab0354-0cc3-4574-8b4b-39578b4811f9 is updated
2017-10-28 06:35:42.945 28555 INFO heat.engine.service [req-b768d9f6-6707-4511-b5c7-7cabc48dc99e - - - - -] Service 6b1b66de-35d9-4105-bcd5-aa680ffcddec is updated
2017-10-28 06:35:43.068 28559 INFO heat.engine.service [req-93b20f01-2c19-46de-9a47-42455c85880a - - - - -] Service d321ca62-b768-43f2-9c4f-f4308f362b40 is updated
2017-10-28 06:35:43.277 28539 INFO heat.engine.service [req-2ebb4d18-b60c-4e62-aa1d-03823e365b1e - - - - -] Service 75a95404-a1b5-44f6-ba31-90e0e95c8ad0 is updated
2017-10-28 06:35:44.478 28514 INFO heat.engine.service [req-6a40e61c-315e-4ef6-ad55-d539e371c3c8 - - - - -] Service c1ca77d3-4c81-441a-914c-e8e1795d0819 is updated
2017-10-28 06:36:42.278 28527 INFO heat.engine.service [req-c6c5531a-8a88-458c-856a-92d6d825d0b1 - - - - -] Service 27b05062-f4e2-41b9-a5a1-b78a8e7a7cab is updated
2017-10-28 06:36:42.279 28529 INFO heat.engine.service [req-cd9e46a1-6f45-4ec4-91b4-bcd7062c9919 - - - - -] Service 4e596928-014f-46fe-904b-2c69d0122faa is updated
2017-10-28 06:36:42.334 28553 INFO heat.engine.service [req-141cb107-3927-4e68-a904-4a5dac59bdb3 - - - - -] Service 1231c634-a611-4552-9733-0bcd0229559d is updated
2017-10-28 06:36:42.389 28522 INFO heat.engine.service [req-a87220ec-21c3-4882-bb5d-d1d91c6f1456 - - - - -] Service 0b05fddd-7118-49f7-b698-e81b89f80dd0 is updated
2017-10-28 06:36:42.408 28523 INFO heat.engine.service [req-8ce91a6e-8fc6-453b-835a-fc5669c0d3da - - - - -] Service d7cc827c-6c72-4bc7-9c27-48fae872f1b6 is updated
2017-10-28 06:36:42.411 28511 INFO heat.engine.service [req-9401b485-d7b9-4cd1-b208-a441e9f8a0fb - - - - -] Service c4991b42-b929-41c8-92ba-07735294b97d is updated
2017-10-28 06:36:42.412 28542 INFO heat.engine.service [req-5a326b45-1f15-4f08-9ebd-4e65516dd408 - - - - -] Service 94a1afb2-8a32-439d-ab8f-e06a961e4433 is updated
2017-10-28 06:36:42.430 28532 INFO heat.engine.service [req-f1f5970d-cd9a-4714-8c0a-892ec9502924 - - - - -] Service 5e954547-3083-4e91-b56e-edaec69d9004 is updated
2017-10-28 06:36:42.460 28552 INFO heat.engine.service [req-6df42ed7-60d4-4023-a5a4-fafe1eaecfce - - - - -] Service e9eaa51d-d288-442a-bc48-944d997543a3 is updated
2017-10-28 06:36:42.462 28513 INFO heat.engine.service [req-c005e9ec-0d06-4385-b368-d34b00edc65f - - - - -] Service 5ce1d5ea-a507-4dce-98d2-430354f1824f is updated
2017-10-28 06:36:42.462 28538 INFO heat.engine.service [req-fe317b9a-64d1-4873-8f57-a629c87078b9 - - - - -] Service 174f2dbb-df8a-4407-b210-723a658db9cb is updated
2017-10-28 06:36:42.478 28561 INFO heat.engine.service [req-20c56c25-10f1-4b07-948d-465d2288e472 - - - - -] Service 5320c9fe-fd90-45e2-9c81-06f88b38f36b is updated
2017-10-28 06:36:42.479 28516 INFO heat.engine.service [req-b5e78fa4-e991-4510-a226-f5d94cb5966a - - - - -] Service 2d84e3bb-febf-485e-87fe-d93b4c80d1c4 is updated
2017-10-28 06:36:42.518 28520 INFO heat.engine.service [req-c301a89c-3bda-46b4-84ed-8d867aea002a - - - - -] Service 4afb81d2-1ea2-4a4b-bc5f-b909623e3e74 is updated
2017-10-28 06:36:42.564 28564 INFO heat.engine.service [req-c6033248-ba73-4364-803d-b65ba9aacde7 - - - - -] Service 8f50a07c-7ad8-4a6d-a9d3-37e4c8f0ba53 is updated
2017-10-28 06:36:42.570 28562 INFO heat.engine.service [req-c9fdcf08-f460-4a13-a6c8-6d165a3e134b - - - - -] Service b207e39f-b808-4c6c-8285-bd415d13ec10 is updated
2017-10-28 06:36:42.586 28510 INFO heat.engine.service [req-2e9ad333-fd66-4efb-b44b-de68c39c451c - - - - -] Service 4669f065-a489-481e-9850-91a9f44bc077 is updated
2017-10-28 06:36:42.601 28536 INFO heat.engine.service [req-01a85d0c-0750-4474-bbae-76aa58550143 - - - - -] Service 98ecc1ea-b227-42dc-82e7-30ac1ed9fca4 is updated
2017-10-28 06:36:42.611 28560 INFO heat.engine.service [req-10e3b9ba-8b48-462e-88f1-356e7b1a8722 - - - - -] Service 3b95e8e7-8709-45d2-a464-bac772180735 is updated
2017-10-28 06:36:42.671 28519 INFO heat.engine.service [req-dffd2ce3-b79f-4b13-be92-8e0cf104539c - - - - -] Service 7d2457db-265f-4f09-a7ed-68db183e0384 is updated
2017-10-28 06:36:42.686 28557 INFO heat.engine.service [req-64c4ba70-9964-49cd-ab02-2628c19ebc01 - - - - -] Service 98f930a8-31b2-4e4d-8712-9e6fea660e73 is updated
2017-10-28 06:36:42.688 28563 INFO heat.engine.service [req-804e0fff-dcd8-408b-bac1-d9c6eb3f8c6a - - - - -] Service 4eca1835-2fb1-450f-b336-3867986a581d is updated
2017-10-28 06:36:42.701 28533 INFO heat.engine.service [req-fe1faebe-29b0-47cd-961f-f6b482ba8420 - - - - -] Service 3a35d7bf-f1bd-4589-a5c3-8000c3b24793 is updated
2017-10-28 06:36:42.710 28524 INFO heat.engine.service [req-aaf7d45a-f87a-4583-ace1-97fc3d9e16a5 - - - - -] Service 2f511c44-ddf4-43a7-9fd0-41f210a8b669 is updated
2017-10-28 06:36:42.723 28517 INFO heat.engine.service [req-f44f0c4b-c039-42a3-a647-78cb9f0e96b3 - - - - -] Service 750cf73f-337d-432c-9d53-30fab548b45c is updated
2017-10-28 06:36:42.731 28547 INFO heat.engine.service [req-f9c5e08a-ac84-46d6-8cfe-7d307560d08e - - - - -] Service 25707d32-efb1-423a-b2d4-e11dfe67bcdc is updated
2017-10-28 06:36:42.737 28541 INFO heat.engine.service [req-8acaa795-03c2-4ba6-9701-f994cfd7f295 - - - - -] Service 28f76f02-d340-4517-9f1d-cb1f7fd704ac is updated
2017-10-28 06:36:42.749 28554 INFO heat.engine.service [req-9f94b1a6-41fb-4cc1-b23e-c7407c4ce2dd - - - - -] Service c7479ed7-747a-48d4-9a5a-b7161a57c39e is updated
2017-10-28 06:36:42.772 28530 INFO heat.engine.service [req-c50cb814-9b8e-44eb-af7f-4aa43b4108db - - - - -] Service caf6df39-f07f-489e-9581-9b70becae9e2 is updated
2017-10-28 06:36:42.778 28549 INFO heat.engine.service [req-53562558-425c-42fb-932b-e5b39b53efd3 - - - - -] Service 8942a6af-7411-45cf-9672-1c7d3127c49f is updated
2017-10-28 06:36:42.790 28537 INFO heat.engine.service [req-9a4e480b-5709-4f86-8965-aa3b10e9e8b1 - - - - -] Service fd1e41c5-b76e-4f95-9fd6-4a9c3d626081 is updated
2017-10-28 06:36:42.839 28518 INFO heat.engine.service [req-f8004527-bf3a-4f05-8419-d58c0d075d2a - - - - -] Service dd24efbc-8915-43d4-af30-b40fa3b43c47 is updated
2017-10-28 06:36:42.842 28534 INFO heat.engine.service [req-31e5a931-da93-4be6-a3cc-4e75f016d5da - - - - -] Service 7cdf9070-e34d-436d-aa75-65b1eb388638 is updated
2017-10-28 06:36:42.843 28512 INFO heat.engine.service [req-71b2465b-a471-498b-95db-2ea2124d4fdb - - - - -] Service fc9cbb06-6f7c-4b69-b947-05f204b3ce3c is updated
2017-10-28 06:36:42.861 28556 INFO heat.engine.service [req-1a549607-301e-4507-bb00-c7e2a5a8d5c0 - - - - -] Service 30227806-eb6a-421b-b64b-1f4e769dde97 is updated
2017-10-28 06:36:42.867 28551 INFO heat.engine.service [req-bd3238ed-0148-4ac6-ad83-b1f53f3b918c - - - - -] Service 560cd9d1-ade5-4123-8efe-4822dbddfe23 is updated
2017-10-28 06:36:42.873 28558 INFO heat.engine.service [req-725c1287-0f40-44e9-a8c0-4539322dc992 - - - - -] Service ce91c6b2-92c3-4791-9658-c7753c86c265 is updated
2017-10-28 06:36:42.874 28515 INFO heat.engine.service [req-a4f52810-241b-41fb-a55c-091e5e5a92d9 - - - - -] Service 1a670f48-191d-4af2-ba9b-d59280a34029 is updated
2017-10-28 06:36:42.889 28550 INFO heat.engine.service [req-f0b5366c-638e-40ac-b1e1-3d802ab32b14 - - - - -] Service ac79e68c-b408-42b8-9a3f-aaa256fcf8f0 is updated
2017-10-28 06:36:42.893 28521 INFO heat.engine.service [req-ee2b498f-6bf1-4af5-88ae-b634725d804a - - - - -] Service d42598ab-5331-4bf4-a271-327e00c8675f is updated
2017-10-28 06:36:42.903 28535 INFO heat.engine.service [req-6a56b128-b498-44e4-b9ed-39f6f211bebb - - - - -] Service fb8da2fb-0ff3-4afc-956a-7d78b638efc3 is updated
2017-10-28 06:36:42.910 28531 INFO heat.engine.service [req-4df51d09-80f5-439f-9420-4d71c35b58c9 - - - - -] Service ff837399-1603-480b-89cf-1947330a42ab is updated
2017-10-28 06:36:42.924 28525 INFO heat.engine.service [req-687eea25-c71c-4cef-bbae-469d3f13f714 - - - - -] Service 12fa1fd5-3e02-4695-9acb-ecf6d0c6be7e is updated
2017-10-28 06:36:42.931 28540 INFO heat.engine.service [req-5db14892-d423-4b86-90f9-1760c5f5bdcc - - - - -] Service 48ab0354-0cc3-4574-8b4b-39578b4811f9 is updated
2017-10-28 06:36:42.975 28555 INFO heat.engine.service [req-483738e0-8c94-40c7-b843-8b8a7bce6929 - - - - -] Service 6b1b66de-35d9-4105-bcd5-aa680ffcddec is updated
2017-10-28 06:36:43.065 28559 INFO heat.engine.service [req-99d7c0c6-9796-4578-b40b-9fe60ec90980 - - - - -] Service d321ca62-b768-43f2-9c4f-f4308f362b40 is updated
2017-10-28 06:36:43.276 28539 INFO heat.engine.service [req-e331a21a-9c1f-475a-9806-51acff7101ba - - - - -] Service 75a95404-a1b5-44f6-ba31-90e0e95c8ad0 is updated
2017-10-28 06:36:44.476 28514 INFO heat.engine.service [req-dca9dbc1-c07a-45cd-96dc-dca37f5a603f - - - - -] Service c1ca77d3-4c81-441a-914c-e8e1795d0819 is updated
2017-10-28 06:37:42.277 28527 INFO heat.engine.service [req-3bb352d9-45b7-4e7e-81e5-df0c2916ad4c - - - - -] Service 27b05062-f4e2-41b9-a5a1-b78a8e7a7cab is updated
2017-10-28 06:37:42.280 28529 INFO heat.engine.service [req-55da13b4-276e-4c4d-a93a-89ab984e57f4 - - - - -] Service 4e596928-014f-46fe-904b-2c69d0122faa is updated
2017-10-28 06:37:42.334 28553 INFO heat.engine.service [req-1572fb4e-76cf-4f16-a6fa-8f17ca1895a4 - - - - -] Service 1231c634-a611-4552-9733-0bcd0229559d is updated
2017-10-28 06:37:42.390 28522 INFO heat.engine.service [req-d691a52e-c5e1-49cf-9553-4c03ac352f0b - - - - -] Service 0b05fddd-7118-49f7-b698-e81b89f80dd0 is updated
2017-10-28 06:37:42.409 28542 INFO heat.engine.service [req-bd9dde1a-4e65-4d3f-8124-e82aa77ef90c - - - - -] Service 94a1afb2-8a32-439d-ab8f-e06a961e4433 is updated
2017-10-28 06:37:42.409 28523 INFO heat.engine.service [req-1627f823-8822-4845-bbfe-4397442cbf83 - - - - -] Service d7cc827c-6c72-4bc7-9c27-48fae872f1b6 is updated
2017-10-28 06:37:42.413 28511 INFO heat.engine.service [req-20dc664d-7ea8-42e4-a064-65d9295f19d2 - - - - -] Service c4991b42-b929-41c8-92ba-07735294b97d is updated
2017-10-28 06:37:42.427 28532 INFO heat.engine.service [req-3f32e3b7-b276-4a13-8c48-21785849afde - - - - -] Service 5e954547-3083-4e91-b56e-edaec69d9004 is updated
2017-10-28 06:37:42.460 28552 INFO heat.engine.service [req-bac3c0e5-33a0-42fd-95a0-f02c1f16452f - - - - -] Service e9eaa51d-d288-442a-bc48-944d997543a3 is updated
2017-10-28 06:37:42.462 28513 INFO heat.engine.service [req-a7b45138-4c9b-41ac-bb8f-bb5e31ad2392 - - - - -] Service 5ce1d5ea-a507-4dce-98d2-430354f1824f is updated
2017-10-28 06:37:42.463 28538 INFO heat.engine.service [req-79ec7b94-dcd0-442b-969e-2d8e882b10d5 - - - - -] Service 174f2dbb-df8a-4407-b210-723a658db9cb is updated
2017-10-28 06:37:42.479 28516 INFO heat.engine.service [req-6078dfdb-a96e-45f3-ba86-d217a57e119d - - - - -] Service 2d84e3bb-febf-485e-87fe-d93b4c80d1c4 is updated
2017-10-28 06:37:42.479 28561 INFO heat.engine.service [req-93e1d3c0-4bb2-4bb3-9cb1-41c46843bcb4 - - - - -] Service 5320c9fe-fd90-45e2-9c81-06f88b38f36b is updated
2017-10-28 06:37:42.519 28520 INFO heat.engine.service [req-b2019c10-9d36-426d-8b67-e1242352ece4 - - - - -] Service 4afb81d2-1ea2-4a4b-bc5f-b909623e3e74 is updated
2017-10-28 06:37:42.564 28564 INFO heat.engine.service [req-59208887-0b10-4195-8387-694fd771d53a - - - - -] Service 8f50a07c-7ad8-4a6d-a9d3-37e4c8f0ba53 is updated
2017-10-28 06:37:42.572 28562 INFO heat.engine.service [req-3fc7bace-5a59-4bd4-9e00-4b7c239fe438 - - - - -] Service b207e39f-b808-4c6c-8285-bd415d13ec10 is updated
2017-10-28 06:37:42.585 28510 INFO heat.engine.service [req-34aaf6eb-5125-4952-9bde-15dd00dcc008 - - - - -] Service 4669f065-a489-481e-9850-91a9f44bc077 is updated
2017-10-28 06:37:42.600 28536 INFO heat.engine.service [req-8d02d547-ca6a-4829-a305-d81e9165b18b - - - - -] Service 98ecc1ea-b227-42dc-82e7-30ac1ed9fca4 is updated
2017-10-28 06:37:42.609 28560 INFO heat.engine.service [req-e1197eba-3736-4561-97e6-a97110ab64fa - - - - -] Service 3b95e8e7-8709-45d2-a464-bac772180735 is updated
2017-10-28 06:37:42.671 28519 INFO heat.engine.service [req-2892461c-0d08-4ce1-82a2-3018669d6272 - - - - -] Service 7d2457db-265f-4f09-a7ed-68db183e0384 is updated
2017-10-28 06:37:42.686 28563 INFO heat.engine.service [req-c6aa1a45-b041-4dda-9350-b6f4e031845a - - - - -] Service 4eca1835-2fb1-450f-b336-3867986a581d is updated
2017-10-28 06:37:42.688 28557 INFO heat.engine.service [req-ce6fcb8f-3510-48f5-8f9e-ce3ab55b1808 - - - - -] Service 98f930a8-31b2-4e4d-8712-9e6fea660e73 is updated
2017-10-28 06:37:42.702 28533 INFO heat.engine.service [req-460c334c-787a-48de-a864-ca5c5c8e3773 - - - - -] Service 3a35d7bf-f1bd-4589-a5c3-8000c3b24793 is updated
2017-10-28 06:37:42.709 28524 INFO heat.engine.service [req-c6afc857-730f-4952-ac48-0ff5ea26f07f - - - - -] Service 2f511c44-ddf4-43a7-9fd0-41f210a8b669 is updated
2017-10-28 06:37:42.724 28517 INFO heat.engine.service [req-1f8a8480-b10d-4f36-a50d-f5f8a1aa8aa5 - - - - -] Service 750cf73f-337d-432c-9d53-30fab548b45c is updated
2017-10-28 06:37:42.731 28547 INFO heat.engine.service [req-9fa9a4a7-f4f4-4bc1-869c-d6de57d2d4fb - - - - -] Service 25707d32-efb1-423a-b2d4-e11dfe67bcdc is updated
2017-10-28 06:37:42.738 28541 INFO heat.engine.service [req-03778b3b-4b37-41d2-904b-f1c7885cc1dd - - - - -] Service 28f76f02-d340-4517-9f1d-cb1f7fd704ac is updated
2017-10-28 06:37:42.752 28554 INFO heat.engine.service [req-6c2623af-9576-40e0-b17d-74f21f6c6a09 - - - - -] Service c7479ed7-747a-48d4-9a5a-b7161a57c39e is updated
2017-10-28 06:37:42.772 28530 INFO heat.engine.service [req-077317ed-f006-4912-bc2b-4c33ef13e0a4 - - - - -] Service caf6df39-f07f-489e-9581-9b70becae9e2 is updated
2017-10-28 06:37:42.778 28549 INFO heat.engine.service [req-60aa5338-9b57-4bdc-bc6e-9a6bcd6631b3 - - - - -] Service 8942a6af-7411-45cf-9672-1c7d3127c49f is updated
2017-10-28 06:37:42.788 28537 INFO heat.engine.service [req-16ff5327-f0bf-4952-8097-1f256f8e85ec - - - - -] Service fd1e41c5-b76e-4f95-9fd6-4a9c3d626081 is updated
2017-10-28 06:37:42.838 28518 INFO heat.engine.service [req-67c3f503-ddaa-44f0-962d-b38abe87f3fc - - - - -] Service dd24efbc-8915-43d4-af30-b40fa3b43c47 is updated
