2017-10-28 07:41:42.146 28529 INFO heat.engine.service [req-40c8732e-44e5-48f5-a655-4d7b9ea4364b - - - - -] Service 4e596928-014f-46fe-904b-2c69d0122faa is updated
2017-10-28 07:41:42.207 28553 INFO heat.engine.service [req-05b137a0-6bf5-460f-8633-006b6f260bda - - - - -] Service 1231c634-a611-4552-9733-0bcd0229559d is updated
2017-10-28 07:41:42.216 28527 INFO heat.engine.service [req-e79f555a-4a87-4cda-b317-9b027c2aa115 - - - - -] Service 27b05062-f4e2-41b9-a5a1-b78a8e7a7cab is updated
2017-10-28 07:41:42.273 28522 INFO heat.engine.service [req-6bd82025-beba-4b92-ad07-b71dc7e7eb0d - - - - -] Service 0b05fddd-7118-49f7-b698-e81b89f80dd0 is updated
2017-10-28 07:41:42.281 28542 INFO heat.engine.service [req-4cde2a37-b325-4fe1-b611-6234652ffb0f - - - - -] Service 94a1afb2-8a32-439d-ab8f-e06a961e4433 is updated
2017-10-28 07:41:42.290 28532 INFO heat.engine.service [req-aaebe142-836e-4d70-bb11-2c3afef48f8c - - - - -] Service 5e954547-3083-4e91-b56e-edaec69d9004 is updated
2017-10-28 07:41:42.302 28523 INFO heat.engine.service [req-7b6dbf6c-1156-4c4e-aa65-2198052ad92c - - - - -] Service d7cc827c-6c72-4bc7-9c27-48fae872f1b6 is updated
2017-10-28 07:41:42.303 28511 INFO heat.engine.service [req-afb502f4-4cbd-4232-8c82-a1e5398ff5e9 - - - - -] Service c4991b42-b929-41c8-92ba-07735294b97d is updated
2017-10-28 07:41:42.328 28513 INFO heat.engine.service [req-002d9b68-10ef-4b1d-bc4f-97b868eaa85e - - - - -] Service 5ce1d5ea-a507-4dce-98d2-430354f1824f is updated
2017-10-28 07:41:42.336 28538 INFO heat.engine.service [req-a69888f4-8581-4172-9d4f-feabaf19ed69 - - - - -] Service 174f2dbb-df8a-4407-b210-723a658db9cb is updated
2017-10-28 07:41:42.343 28552 INFO heat.engine.service [req-2fea8e0f-f96d-480d-9a08-ee75f6f7a92e - - - - -] Service e9eaa51d-d288-442a-bc48-944d997543a3 is updated
2017-10-28 07:41:42.365 28561 INFO heat.engine.service [req-57a8dbf3-ec6d-47c6-9d70-5abeb1780840 - - - - -] Service 5320c9fe-fd90-45e2-9c81-06f88b38f36b is updated
2017-10-28 07:41:42.397 28516 INFO heat.engine.service [req-c8b84c8a-211b-4daf-8b0d-a21a2e5ca5ee - - - - -] Service 2d84e3bb-febf-485e-87fe-d93b4c80d1c4 is updated
2017-10-28 07:41:42.408 28564 INFO heat.engine.service [req-b2db53a7-372e-4772-92e2-351d5011d1f1 - - - - -] Service 8f50a07c-7ad8-4a6d-a9d3-37e4c8f0ba53 is updated
2017-10-28 07:41:42.435 28520 INFO heat.engine.service [req-9e6bf140-261b-4a94-b9d8-ff42cc2a276d - - - - -] Service 4afb81d2-1ea2-4a4b-bc5f-b909623e3e74 is updated
2017-10-28 07:41:42.435 28510 INFO heat.engine.service [req-38ca5671-dd4a-46d3-9e52-78142e8ee644 - - - - -] Service 4669f065-a489-481e-9850-91a9f44bc077 is updated
2017-10-28 07:41:42.450 28562 INFO heat.engine.service [req-94682ed8-69c0-4d60-a1f2-d25f17758600 - - - - -] Service b207e39f-b808-4c6c-8285-bd415d13ec10 is updated
2017-10-28 07:41:42.460 28536 INFO heat.engine.service [req-814ce553-e169-464b-a210-2b44127fd14f - - - - -] Service 98ecc1ea-b227-42dc-82e7-30ac1ed9fca4 is updated
2017-10-28 07:41:42.508 28560 INFO heat.engine.service [req-9feed809-4acf-4540-976a-21056cbf7b9e - - - - -] Service 3b95e8e7-8709-45d2-a464-bac772180735 is updated
2017-10-28 07:41:42.536 28557 INFO heat.engine.service [req-c712d7e3-f170-42f6-b4c1-a74202f53970 - - - - -] Service 98f930a8-31b2-4e4d-8712-9e6fea660e73 is updated
2017-10-28 07:41:42.543 28563 INFO heat.engine.service [req-e6f0797d-2107-4b67-807a-a91a29cbced0 - - - - -] Service 4eca1835-2fb1-450f-b336-3867986a581d is updated
2017-10-28 07:41:42.545 28519 INFO heat.engine.service [req-2d95e0f1-2c06-4a86-b555-61489d71438e - - - - -] Service 7d2457db-265f-4f09-a7ed-68db183e0384 is updated
2017-10-28 07:41:42.569 28524 INFO heat.engine.service [req-fc0a261b-48ff-4f0c-89b9-a4acc8c24f70 - - - - -] Service 2f511c44-ddf4-43a7-9fd0-41f210a8b669 is updated
2017-10-28 07:41:42.569 28533 INFO heat.engine.service [req-b1349187-5e5a-498d-8c8a-dface4f95d94 - - - - -] Service 3a35d7bf-f1bd-4589-a5c3-8000c3b24793 is updated
2017-10-28 07:41:42.604 28517 INFO heat.engine.service [req-d63ba427-62f5-4aab-9a8c-18f725883076 - - - - -] Service 750cf73f-337d-432c-9d53-30fab548b45c is updated
2017-10-28 07:41:42.623 28541 INFO heat.engine.service [req-ca1b5f9c-cb7a-4879-809f-b0ae423c2306 - - - - -] Service 28f76f02-d340-4517-9f1d-cb1f7fd704ac is updated
2017-10-28 07:41:42.649 28547 INFO heat.engine.service [req-bdd3a672-9f28-4515-8bbd-f19152d52431 - - - - -] Service 25707d32-efb1-423a-b2d4-e11dfe67bcdc is updated
2017-10-28 07:41:42.661 28554 INFO heat.engine.service [req-9d0f62e4-e64d-4767-9cdf-30326ce4f973 - - - - -] Service c7479ed7-747a-48d4-9a5a-b7161a57c39e is updated
2017-10-28 07:41:42.661 28530 INFO heat.engine.service [req-3b4f0d31-466c-4ebe-a67c-017b5fd94d12 - - - - -] Service caf6df39-f07f-489e-9581-9b70becae9e2 is updated
2017-10-28 07:41:42.664 28549 INFO heat.engine.service [req-6e96d052-f68f-4d8c-befd-6d436e7f7925 - - - - -] Service 8942a6af-7411-45cf-9672-1c7d3127c49f is updated
2017-10-28 07:41:42.668 28537 INFO heat.engine.service [req-3d7bd68c-96bf-4c63-b0b6-e6895c63d6d7 - - - - -] Service fd1e41c5-b76e-4f95-9fd6-4a9c3d626081 is updated
2017-10-28 07:41:42.683 28534 INFO heat.engine.service [req-4a8c997c-e3f9-4d02-9643-d69a72147895 - - - - -] Service 7cdf9070-e34d-436d-aa75-65b1eb388638 is updated
2017-10-28 07:41:42.734 28512 INFO heat.engine.service [req-db4e951c-368b-4ab4-9ecf-5bd315b7f597 - - - - -] Service fc9cbb06-6f7c-4b69-b947-05f204b3ce3c is updated
2017-10-28 07:41:42.739 28518 INFO heat.engine.service [req-87260a6d-0138-450f-aee1-2d11be83d92d - - - - -] Service dd24efbc-8915-43d4-af30-b40fa3b43c47 is updated
2017-10-28 07:41:42.742 28556 INFO heat.engine.service [req-ba063c2d-ef0c-4021-98a5-604e9bb436df - - - - -] Service 30227806-eb6a-421b-b64b-1f4e769dde97 is updated
2017-10-28 07:41:42.768 28515 INFO heat.engine.service [req-13d0d283-70ff-4c2b-8e18-02adb60ec532 - - - - -] Service 1a670f48-191d-4af2-ba9b-d59280a34029 is updated
2017-10-28 07:41:42.768 28535 INFO heat.engine.service [req-0979bc94-167e-411a-965a-c547b33046f5 - - - - -] Service fb8da2fb-0ff3-4afc-956a-7d78b638efc3 is updated
2017-10-28 07:41:42.770 28551 INFO heat.engine.service [req-2efae3b5-a5cf-4609-9b57-a9aa7836670c - - - - -] Service 560cd9d1-ade5-4123-8efe-4822dbddfe23 is updated
2017-10-28 07:41:42.773 28540 INFO heat.engine.service [req-27a35725-de95-4cec-961a-adcbd97a33e3 - - - - -] Service 48ab0354-0cc3-4574-8b4b-39578b4811f9 is updated
2017-10-28 07:41:42.783 28521 INFO heat.engine.service [req-40327b00-b0b7-417e-8acc-e8c14fc2c919 - - - - -] Service d42598ab-5331-4bf4-a271-327e00c8675f is updated
2017-10-28 07:41:42.794 28550 INFO heat.engine.service [req-a76e53bf-b3fa-466a-a280-3203ce8a925b - - - - -] Service ac79e68c-b408-42b8-9a3f-aaa256fcf8f0 is updated
2017-10-28 07:41:42.804 28531 INFO heat.engine.service [req-947514ea-ce5f-4c8f-99c8-12e2033d278b - - - - -] Service ff837399-1603-480b-89cf-1947330a42ab is updated
2017-10-28 07:41:42.809 28558 INFO heat.engine.service [req-2c2f95f3-caca-42bd-a88e-ca6c9bd0d3b4 - - - - -] Service ce91c6b2-92c3-4791-9658-c7753c86c265 is updated
2017-10-28 07:41:42.825 28555 INFO heat.engine.service [req-e9e36110-1d89-409d-9ce3-3d7eda8c07d2 - - - - -] Service 6b1b66de-35d9-4105-bcd5-aa680ffcddec is updated
2017-10-28 07:41:42.834 28525 INFO heat.engine.service [req-a99707f6-366f-44aa-a2fa-5093518f7be6 - - - - -] Service 12fa1fd5-3e02-4695-9acb-ecf6d0c6be7e is updated
2017-10-28 07:41:42.941 28559 INFO heat.engine.service [req-5b1c4ed2-a2d9-4733-9f8c-f3331f88acf5 - - - - -] Service d321ca62-b768-43f2-9c4f-f4308f362b40 is updated
2017-10-28 07:41:43.136 28539 INFO heat.engine.service [req-421a6f65-b57b-42b5-9f7a-b29838aff8c2 - - - - -] Service 75a95404-a1b5-44f6-ba31-90e0e95c8ad0 is updated
2017-10-28 07:41:44.374 28514 INFO heat.engine.service [req-15743afd-5b28-4c25-a8ce-b81c7725225c - - - - -] Service c1ca77d3-4c81-441a-914c-e8e1795d0819 is updated
2017-10-28 07:42:42.146 28529 INFO heat.engine.service [req-8d5f62f5-f39b-41d7-b806-0d309ab3271f - - - - -] Service 4e596928-014f-46fe-904b-2c69d0122faa is updated
2017-10-28 07:42:42.203 28553 INFO heat.engine.service [req-e5244cd6-05d2-4eda-9d6e-03bc6be772d2 - - - - -] Service 1231c634-a611-4552-9733-0bcd0229559d is updated
2017-10-28 07:42:42.215 28527 INFO heat.engine.service [req-116998f5-0f2a-4040-a250-a5c664aa14d7 - - - - -] Service 27b05062-f4e2-41b9-a5a1-b78a8e7a7cab is updated
2017-10-28 07:42:42.280 28522 INFO heat.engine.service [req-33ebb991-096e-441b-8619-ce964f419234 - - - - -] Service 0b05fddd-7118-49f7-b698-e81b89f80dd0 is updated
2017-10-28 07:42:42.283 28542 INFO heat.engine.service [req-47fcfa5e-00ca-4473-bd99-85f2a53d60dc - - - - -] Service 94a1afb2-8a32-439d-ab8f-e06a961e4433 is updated
2017-10-28 07:42:42.288 28532 INFO heat.engine.service [req-583e4e30-6c01-4b92-92a2-cc8c569196f2 - - - - -] Service 5e954547-3083-4e91-b56e-edaec69d9004 is updated
2017-10-28 07:42:42.299 28523 INFO heat.engine.service [req-627a5b86-646f-4720-a365-fcaa272950a7 - - - - -] Service d7cc827c-6c72-4bc7-9c27-48fae872f1b6 is updated
2017-10-28 07:42:42.300 28511 INFO heat.engine.service [req-87a12781-c4b6-42c0-92c6-9c299b2d79e5 - - - - -] Service c4991b42-b929-41c8-92ba-07735294b97d is updated
2017-10-28 07:42:42.325 28513 INFO heat.engine.service [req-a0938ee4-6665-481a-837d-aa461c1a3b05 - - - - -] Service 5ce1d5ea-a507-4dce-98d2-430354f1824f is updated
2017-10-28 07:42:42.333 28538 INFO heat.engine.service [req-b214a081-7262-4ff0-a137-5c7472d75208 - - - - -] Service 174f2dbb-df8a-4407-b210-723a658db9cb is updated
2017-10-28 07:42:42.339 28552 INFO heat.engine.service [req-7fec5b8f-57fd-40ef-b9ac-a8b863957e5f - - - - -] Service e9eaa51d-d288-442a-bc48-944d997543a3 is updated
2017-10-28 07:42:42.365 28561 INFO heat.engine.service [req-07f6aba8-43e1-4ccf-9027-edfc8e53f334 - - - - -] Service 5320c9fe-fd90-45e2-9c81-06f88b38f36b is updated
2017-10-28 07:42:42.394 28516 INFO heat.engine.service [req-669b3bfd-7b8e-4ed5-a38e-6d3f11f63753 - - - - -] Service 2d84e3bb-febf-485e-87fe-d93b4c80d1c4 is updated
2017-10-28 07:42:42.406 28564 INFO heat.engine.service [req-71114183-3f46-4bbb-bc63-64e3a97c4020 - - - - -] Service 8f50a07c-7ad8-4a6d-a9d3-37e4c8f0ba53 is updated
2017-10-28 07:42:42.432 28520 INFO heat.engine.service [req-6857b74c-b686-480d-96ef-3838d62c0554 - - - - -] Service 4afb81d2-1ea2-4a4b-bc5f-b909623e3e74 is updated
2017-10-28 07:42:42.432 28510 INFO heat.engine.service [req-6b5c8fcd-9c35-463a-899f-c3bd756a63de - - - - -] Service 4669f065-a489-481e-9850-91a9f44bc077 is updated
2017-10-28 07:42:42.447 28562 INFO heat.engine.service [req-317fecb6-9e1e-434b-8e91-74f103cda6d5 - - - - -] Service b207e39f-b808-4c6c-8285-bd415d13ec10 is updated
2017-10-28 07:42:42.457 28536 INFO heat.engine.service [req-7b17df52-fb33-4245-8a83-f0489e3c4d92 - - - - -] Service 98ecc1ea-b227-42dc-82e7-30ac1ed9fca4 is updated
2017-10-28 07:42:42.505 28560 INFO heat.engine.service [req-6f088815-868c-4b33-879d-aa6d999b76e3 - - - - -] Service 3b95e8e7-8709-45d2-a464-bac772180735 is updated
2017-10-28 07:42:42.533 28557 INFO heat.engine.service [req-759a6ecd-f64c-48fb-bbca-34e4db6f8077 - - - - -] Service 98f930a8-31b2-4e4d-8712-9e6fea660e73 is updated
2017-10-28 07:42:42.541 28563 INFO heat.engine.service [req-24c7a277-19e2-4b3a-8b06-12ece1ae7442 - - - - -] Service 4eca1835-2fb1-450f-b336-3867986a581d is updated
2017-10-28 07:42:42.543 28519 INFO heat.engine.service [req-cf8571ed-a05b-4831-aa13-ba29f50b7bab - - - - -] Service 7d2457db-265f-4f09-a7ed-68db183e0384 is updated
2017-10-28 07:42:42.567 28524 INFO heat.engine.service [req-eb923ab0-e117-486d-a6fc-84102ea2599b - - - - -] Service 2f511c44-ddf4-43a7-9fd0-41f210a8b669 is updated
2017-10-28 07:42:42.567 28533 INFO heat.engine.service [req-f0a3129d-3348-47f3-bbf1-9d10571f02b7 - - - - -] Service 3a35d7bf-f1bd-4589-a5c3-8000c3b24793 is updated
2017-10-28 07:42:42.602 28517 INFO heat.engine.service [req-ad7bba68-a457-4a9d-a6c9-474e46708e9f - - - - -] Service 750cf73f-337d-432c-9d53-30fab548b45c is updated
2017-10-28 07:42:42.621 28541 INFO heat.engine.service [req-baf80f78-5397-40c9-b143-cd60966fa349 - - - - -] Service 28f76f02-d340-4517-9f1d-cb1f7fd704ac is updated
2017-10-28 07:42:42.646 28547 INFO heat.engine.service [req-a0b32097-6289-4d1f-b41f-f2fccd4fc871 - - - - -] Service 25707d32-efb1-423a-b2d4-e11dfe67bcdc is updated
2017-10-28 07:42:42.657 28530 INFO heat.engine.service [req-c78a9bc3-23f8-464e-9973-ffed4ea90c39 - - - - -] Service caf6df39-f07f-489e-9581-9b70becae9e2 is updated
2017-10-28 07:42:42.659 28554 INFO heat.engine.service [req-69dbf2e2-64fd-44cb-91b7-f63e4f0fec5a - - - - -] Service c7479ed7-747a-48d4-9a5a-b7161a57c39e is updated
2017-10-28 07:42:42.662 28549 INFO heat.engine.service [req-d4c6c583-7720-4062-af4b-7d32f178aa08 - - - - -] Service 8942a6af-7411-45cf-9672-1c7d3127c49f is updated
2017-10-28 07:42:42.665 28537 INFO heat.engine.service [req-870cf99a-9917-4b6e-9130-d23f6ebbb5e9 - - - - -] Service fd1e41c5-b76e-4f95-9fd6-4a9c3d626081 is updated
2017-10-28 07:42:42.680 28534 INFO heat.engine.service [req-5fc8a861-ccb4-49ab-add5-df24bf396c73 - - - - -] Service 7cdf9070-e34d-436d-aa75-65b1eb388638 is updated
2017-10-28 07:42:42.731 28512 INFO heat.engine.service [req-13dc1993-05e1-410b-88c4-28d3ff883a97 - - - - -] Service fc9cbb06-6f7c-4b69-b947-05f204b3ce3c is updated
2017-10-28 07:42:42.734 28518 INFO heat.engine.service [req-f8e15704-ef5a-48cc-afe0-ed0b599204a1 - - - - -] Service dd24efbc-8915-43d4-af30-b40fa3b43c47 is updated
2017-10-28 07:42:42.741 28556 INFO heat.engine.service [req-e1e3b566-4edf-40eb-97b4-d94cf3969f56 - - - - -] Service 30227806-eb6a-421b-b64b-1f4e769dde97 is updated
2017-10-28 07:42:42.765 28551 INFO heat.engine.service [req-5b5b634d-a093-478d-b1be-d9c9d4d0fe34 - - - - -] Service 560cd9d1-ade5-4123-8efe-4822dbddfe23 is updated
2017-10-28 07:42:42.765 28515 INFO heat.engine.service [req-a123d1ec-b502-4021-82d6-14c06072bcc6 - - - - -] Service 1a670f48-191d-4af2-ba9b-d59280a34029 is updated
2017-10-28 07:42:42.765 28535 INFO heat.engine.service [req-e5aeac8d-f7bb-434f-89fd-357f66043009 - - - - -] Service fb8da2fb-0ff3-4afc-956a-7d78b638efc3 is updated
2017-10-28 07:42:42.769 28540 INFO heat.engine.service [req-8744a4cd-cf20-4bd2-b753-55fd8a2f1eef - - - - -] Service 48ab0354-0cc3-4574-8b4b-39578b4811f9 is updated
2017-10-28 07:42:42.779 28521 INFO heat.engine.service [req-4b405b6e-c876-4cfe-815c-9cea0f2654c4 - - - - -] Service d42598ab-5331-4bf4-a271-327e00c8675f is updated
2017-10-28 07:42:42.791 28550 INFO heat.engine.service [req-0a4ec9ec-eca1-4a77-8539-3a350e2966cb - - - - -] Service ac79e68c-b408-42b8-9a3f-aaa256fcf8f0 is updated
2017-10-28 07:42:42.801 28531 INFO heat.engine.service [req-54381afe-d104-458b-b3f2-eebdb7ef5d9d - - - - -] Service ff837399-1603-480b-89cf-1947330a42ab is updated
2017-10-28 07:42:42.805 28558 INFO heat.engine.service [req-c1060dc7-376a-4350-82b3-08dc12f19b03 - - - - -] Service ce91c6b2-92c3-4791-9658-c7753c86c265 is updated
2017-10-28 07:42:42.821 28555 INFO heat.engine.service [req-289243ad-0351-4acf-a155-1a15cd51b897 - - - - -] Service 6b1b66de-35d9-4105-bcd5-aa680ffcddec is updated
2017-10-28 07:42:42.829 28525 INFO heat.engine.service [req-bcfdc7f9-45a6-447a-8143-0ce19e209b57 - - - - -] Service 12fa1fd5-3e02-4695-9acb-ecf6d0c6be7e is updated
2017-10-28 07:42:42.939 28559 INFO heat.engine.service [req-88134cd8-37e8-447a-be49-59af087c8ebc - - - - -] Service d321ca62-b768-43f2-9c4f-f4308f362b40 is updated
2017-10-28 07:42:43.136 28539 INFO heat.engine.service [req-3202212d-368e-4a05-b7ab-08e4c76a656e - - - - -] Service 75a95404-a1b5-44f6-ba31-90e0e95c8ad0 is updated
2017-10-28 07:42:44.373 28514 INFO heat.engine.service [req-8d59afc1-c1db-40dd-8aff-45c1d90eea99 - - - - -] Service c1ca77d3-4c81-441a-914c-e8e1795d0819 is updated
2017-10-28 07:43:42.145 28529 INFO heat.engine.service [req-8110b1fb-e012-4122-a7c9-3eb0954e410b - - - - -] Service 4e596928-014f-46fe-904b-2c69d0122faa is updated
2017-10-28 07:43:42.204 28553 INFO heat.engine.service [req-c88c9286-0d22-4ea2-ae13-e41dc95048da - - - - -] Service 1231c634-a611-4552-9733-0bcd0229559d is updated
2017-10-28 07:43:42.216 28527 INFO heat.engine.service [req-046f66c1-5967-41bb-932e-576cb9957217 - - - - -] Service 27b05062-f4e2-41b9-a5a1-b78a8e7a7cab is updated
2017-10-28 07:43:42.268 28522 INFO heat.engine.service [req-14f6b8f0-a7e2-4aab-870f-4dec4f9cce68 - - - - -] Service 0b05fddd-7118-49f7-b698-e81b89f80dd0 is updated
2017-10-28 07:43:42.280 28542 INFO heat.engine.service [req-09a27065-fe3a-4cef-b16a-fa5b17ce786e - - - - -] Service 94a1afb2-8a32-439d-ab8f-e06a961e4433 is updated
2017-10-28 07:43:42.302 28532 INFO heat.engine.service [req-b7595254-5310-413f-8d89-678de86732ec - - - - -] Service 5e954547-3083-4e91-b56e-edaec69d9004 is updated
2017-10-28 07:43:42.349 28511 INFO heat.engine.service [req-bf6dad06-b73f-48a7-8c14-6286cb376eab - - - - -] Service c4991b42-b929-41c8-92ba-07735294b97d is updated
2017-10-28 07:43:42.349 28523 INFO heat.engine.service [req-825609e8-d52f-4fb5-a34b-82e855606b96 - - - - -] Service d7cc827c-6c72-4bc7-9c27-48fae872f1b6 is updated
2017-10-28 07:43:42.357 28538 INFO heat.engine.service [req-eccf3090-ae8d-438c-9f47-45365430153e - - - - -] Service 174f2dbb-df8a-4407-b210-723a658db9cb is updated
2017-10-28 07:43:42.358 28513 INFO heat.engine.service [req-cc660602-e406-4caf-975e-680ef7dbf198 - - - - -] Service 5ce1d5ea-a507-4dce-98d2-430354f1824f is updated
2017-10-28 07:43:42.358 28552 INFO heat.engine.service [req-a76ae2ab-a159-4c79-a007-7922abb07c52 - - - - -] Service e9eaa51d-d288-442a-bc48-944d997543a3 is updated
2017-10-28 07:43:42.364 28561 INFO heat.engine.service [req-c0f3379c-b49b-4769-8fa0-8f2691826e45 - - - - -] Service 5320c9fe-fd90-45e2-9c81-06f88b38f36b is updated
2017-10-28 07:43:42.392 28516 INFO heat.engine.service [req-f12d6935-0168-474b-b5e0-fb874f565cf1 - - - - -] Service 2d84e3bb-febf-485e-87fe-d93b4c80d1c4 is updated
2017-10-28 07:43:42.404 28564 INFO heat.engine.service [req-02d23b17-cfcb-48c5-8a17-3c79e90509a5 - - - - -] Service 8f50a07c-7ad8-4a6d-a9d3-37e4c8f0ba53 is updated
2017-10-28 07:43:42.494 28520 INFO heat.engine.service [req-57489270-86f8-4e46-93f0-efe4d648447e - - - - -] Service 4afb81d2-1ea2-4a4b-bc5f-b909623e3e74 is updated
2017-10-28 07:43:42.497 28510 INFO heat.engine.service [req-71e110bf-c890-4407-bf58-b4e7ea2248a2 - - - - -] Service 4669f065-a489-481e-9850-91a9f44bc077 is updated
2017-10-28 07:43:42.505 28560 INFO heat.engine.service [req-5e413ec9-8066-438c-baf6-3575f76b3ba0 - - - - -] Service 3b95e8e7-8709-45d2-a464-bac772180735 is updated
2017-10-28 07:43:42.506 28562 INFO heat.engine.service [req-3273dd89-d5eb-48a8-8f02-818a3d2100d9 - - - - -] Service b207e39f-b808-4c6c-8285-bd415d13ec10 is updated
2017-10-28 07:43:42.506 28536 INFO heat.engine.service [req-6d478d36-42e1-4d65-9694-345da6cefd50 - - - - -] Service 98ecc1ea-b227-42dc-82e7-30ac1ed9fca4 is updated
2017-10-28 07:43:42.530 28557 INFO heat.engine.service [req-a909a1ec-af93-441a-b585-90af8f63fbdc - - - - -] Service 98f930a8-31b2-4e4d-8712-9e6fea660e73 is updated
2017-10-28 07:43:42.538 28563 INFO heat.engine.service [req-2f5d799c-7ebf-4189-953a-4fc3b84eca9b - - - - -] Service 4eca1835-2fb1-450f-b336-3867986a581d is updated
2017-10-28 07:43:42.539 28519 INFO heat.engine.service [req-a7e665a4-9dea-412a-98d1-51c3e3a18d80 - - - - -] Service 7d2457db-265f-4f09-a7ed-68db183e0384 is updated
2017-10-28 07:43:42.564 28533 INFO heat.engine.service [req-a450a861-1e99-4860-87d1-d1f9b6c1f0d5 - - - - -] Service 3a35d7bf-f1bd-4589-a5c3-8000c3b24793 is updated
2017-10-28 07:43:42.564 28524 INFO heat.engine.service [req-e75a7832-a486-4502-a724-d36c500d3617 - - - - -] Service 2f511c44-ddf4-43a7-9fd0-41f210a8b669 is updated
2017-10-28 07:43:42.619 28517 INFO heat.engine.service [req-52601b03-6d39-486a-9031-8e5fa23eecd4 - - - - -] Service 750cf73f-337d-432c-9d53-30fab548b45c is updated
2017-10-28 07:43:42.621 28541 INFO heat.engine.service [req-adcc579c-7d0b-40dc-854a-8f3689684563 - - - - -] Service 28f76f02-d340-4517-9f1d-cb1f7fd704ac is updated
2017-10-28 07:43:42.643 28547 INFO heat.engine.service [req-c5a51177-a177-49ee-a67c-6d53cae1bec7 - - - - -] Service 25707d32-efb1-423a-b2d4-e11dfe67bcdc is updated
2017-10-28 07:43:42.654 28530 INFO heat.engine.service [req-6c8178fe-338c-4e50-816a-263c2fbd663c - - - - -] Service caf6df39-f07f-489e-9581-9b70becae9e2 is updated
2017-10-28 07:43:42.656 28554 INFO heat.engine.service [req-77a8a13c-0755-434f-88cf-52f1ab19680f - - - - -] Service c7479ed7-747a-48d4-9a5a-b7161a57c39e is updated
2017-10-28 07:43:42.659 28549 INFO heat.engine.service [req-8f09284d-216b-4f97-8910-be643886be00 - - - - -] Service 8942a6af-7411-45cf-9672-1c7d3127c49f is updated
2017-10-28 07:43:42.661 28537 INFO heat.engine.service [req-211a040b-4306-4a99-889d-de6df5b1b1e9 - - - - -] Service fd1e41c5-b76e-4f95-9fd6-4a9c3d626081 is updated
2017-10-28 07:43:42.675 28534 INFO heat.engine.service [req-20360c35-f856-4d36-acef-45c6df760e7d - - - - -] Service 7cdf9070-e34d-436d-aa75-65b1eb388638 is updated
2017-10-28 07:43:42.727 28512 INFO heat.engine.service [req-37814ba2-207d-42b6-ab48-494e9cea2ed2 - - - - -] Service fc9cbb06-6f7c-4b69-b947-05f204b3ce3c is updated
2017-10-28 07:43:42.740 28556 INFO heat.engine.service [req-cde8a2af-9af8-428d-9603-4050edce0e1f - - - - -] Service 30227806-eb6a-421b-b64b-1f4e769dde97 is updated
2017-10-28 07:43:42.741 28518 INFO heat.engine.service [req-9a294543-5834-4afc-b5f9-30ae43165130 - - - - -] Service dd24efbc-8915-43d4-af30-b40fa3b43c47 is updated
2017-10-28 07:43:42.762 28515 INFO heat.engine.service [req-b7a79968-63be-4af8-8ea6-b089c870d225 - - - - -] Service 1a670f48-191d-4af2-ba9b-d59280a34029 is updated
2017-10-28 07:43:42.762 28535 INFO heat.engine.service [req-1a262b21-a09b-48e6-a236-b6bc2bc0f849 - - - - -] Service fb8da2fb-0ff3-4afc-956a-7d78b638efc3 is updated
2017-10-28 07:43:42.767 28540 INFO heat.engine.service [req-0ad2222e-7add-4869-8eac-3e7af1fa2200 - - - - -] Service 48ab0354-0cc3-4574-8b4b-39578b4811f9 is updated
2017-10-28 07:43:42.772 28551 INFO heat.engine.service [req-a9649221-7f6e-4f69-ab8e-f81861f05644 - - - - -] Service 560cd9d1-ade5-4123-8efe-4822dbddfe23 is updated
2017-10-28 07:43:42.776 28521 INFO heat.engine.service [req-b0a3f6c8-215f-473e-9380-93681fa2ec7f - - - - -] Service d42598ab-5331-4bf4-a271-327e00c8675f is updated
2017-10-28 07:43:42.787 28550 INFO heat.engine.service [req-448b3bd1-fc36-4fbd-988a-8c366d9864f4 - - - - -] Service ac79e68c-b408-42b8-9a3f-aaa256fcf8f0 is updated
2017-10-28 07:43:42.798 28531 INFO heat.engine.service [req-0e279b8e-d9e6-4fda-9832-1d6ffbd2541f - - - - -] Service ff837399-1603-480b-89cf-1947330a42ab is updated
2017-10-28 07:43:42.801 28558 INFO heat.engine.service [req-6bca221f-42b1-4e7a-bbb0-c4bf0cfbbd5a - - - - -] Service ce91c6b2-92c3-4791-9658-c7753c86c265 is updated
2017-10-28 07:43:42.819 28555 INFO heat.engine.service [req-58f2227d-f9ae-433f-a770-d9831ddc5c29 - - - - -] Service 6b1b66de-35d9-4105-bcd5-aa680ffcddec is updated
2017-10-28 07:43:42.828 28525 INFO heat.engine.service [req-475fe50a-756c-41df-b161-aa5335ed912a - - - - -] Service 12fa1fd5-3e02-4695-9acb-ecf6d0c6be7e is updated
2017-10-28 07:43:42.936 28559 INFO heat.engine.service [req-5183f8d8-051e-4b85-8edb-df9eff42d57a - - - - -] Service d321ca62-b768-43f2-9c4f-f4308f362b40 is updated
2017-10-28 07:43:43.136 28539 INFO heat.engine.service [req-de55e70a-2f0b-4e5d-abbd-b84720438007 - - - - -] Service 75a95404-a1b5-44f6-ba31-90e0e95c8ad0 is updated
2017-10-28 07:43:44.371 28514 INFO heat.engine.service [req-f3c9a762-575c-4d2d-bd22-165de308a3de - - - - -] Service c1ca77d3-4c81-441a-914c-e8e1795d0819 is updated
2017-10-28 07:44:42.142 28529 INFO heat.engine.service [req-58038af7-d8ac-4979-a4e5-0edda002231a - - - - -] Service 4e596928-014f-46fe-904b-2c69d0122faa is updated
2017-10-28 07:44:42.202 28553 INFO heat.engine.service [req-4475353c-53f9-4335-8998-365d37ce66f6 - - - - -] Service 1231c634-a611-4552-9733-0bcd0229559d is updated
2017-10-28 07:44:42.214 28527 INFO heat.engine.service [req-adffbdeb-396c-49a6-940a-ee6842f437eb - - - - -] Service 27b05062-f4e2-41b9-a5a1-b78a8e7a7cab is updated
2017-10-28 07:44:42.264 28522 INFO heat.engine.service [req-6828a676-7c49-4c39-b11e-5308841f294b - - - - -] Service 0b05fddd-7118-49f7-b698-e81b89f80dd0 is updated
2017-10-28 07:44:42.279 28542 INFO heat.engine.service [req-5c986001-46a9-4399-aba9-3f19e4f2a170 - - - - -] Service 94a1afb2-8a32-439d-ab8f-e06a961e4433 is updated
2017-10-28 07:44:42.289 28532 INFO heat.engine.service [req-f1335688-8e4b-48b3-b761-dbe3d76db1a4 - - - - -] Service 5e954547-3083-4e91-b56e-edaec69d9004 is updated
2017-10-28 07:44:42.296 28523 INFO heat.engine.service [req-1a848514-e728-4793-ba0b-dd58789918bf - - - - -] Service d7cc827c-6c72-4bc7-9c27-48fae872f1b6 is updated
2017-10-28 07:44:42.296 28511 INFO heat.engine.service [req-97b15ba1-6042-4c7d-8ed2-1314a7bb720e - - - - -] Service c4991b42-b929-41c8-92ba-07735294b97d is updated
2017-10-28 07:44:42.325 28513 INFO heat.engine.service [req-30fdf35a-39ff-4351-b1ca-fb43bb42498b - - - - -] Service 5ce1d5ea-a507-4dce-98d2-430354f1824f is updated
2017-10-28 07:44:42.333 28538 INFO heat.engine.service [req-fa2056de-29e8-4d8a-a73c-d5c6709569d6 - - - - -] Service 174f2dbb-df8a-4407-b210-723a658db9cb is updated
2017-10-28 07:44:42.336 28552 INFO heat.engine.service [req-9fa1bc77-68ca-4c37-8580-07862074b887 - - - - -] Service e9eaa51d-d288-442a-bc48-944d997543a3 is updated
2017-10-28 07:44:42.363 28561 INFO heat.engine.service [req-1147d970-8089-4b40-bd53-942e5b049772 - - - - -] Service 5320c9fe-fd90-45e2-9c81-06f88b38f36b is updated
2017-10-28 07:44:42.389 28516 INFO heat.engine.service [req-7229dd05-4330-4759-b5f8-8c6c0c62baa1 - - - - -] Service 2d84e3bb-febf-485e-87fe-d93b4c80d1c4 is updated
2017-10-28 07:44:42.401 28564 INFO heat.engine.service [req-37035777-76b1-46ab-a5d9-9a483c5a7764 - - - - -] Service 8f50a07c-7ad8-4a6d-a9d3-37e4c8f0ba53 is updated
2017-10-28 07:44:42.431 28520 INFO heat.engine.service [req-9bda52e1-710e-4306-b8fe-898fe5b8fea6 - - - - -] Service 4afb81d2-1ea2-4a4b-bc5f-b909623e3e74 is updated
2017-10-28 07:44:42.435 28510 INFO heat.engine.service [req-5049968e-8262-4fbf-87e3-1e126a0ff0a7 - - - - -] Service 4669f065-a489-481e-9850-91a9f44bc077 is updated
2017-10-28 07:44:42.443 28562 INFO heat.engine.service [req-f339068e-89de-4617-bd04-d2652f2c8480 - - - - -] Service b207e39f-b808-4c6c-8285-bd415d13ec10 is updated
2017-10-28 07:44:42.452 28536 INFO heat.engine.service [req-0823fbe1-60c3-4718-9794-6f769d4426f3 - - - - -] Service 98ecc1ea-b227-42dc-82e7-30ac1ed9fca4 is updated
2017-10-28 07:44:42.502 28560 INFO heat.engine.service [req-2b3288e1-bc21-416f-961b-08592f99a9db - - - - -] Service 3b95e8e7-8709-45d2-a464-bac772180735 is updated
2017-10-28 07:44:42.527 28557 INFO heat.engine.service [req-fcbcfbe3-09b7-4aa4-a049-c3da305fe1de - - - - -] Service 98f930a8-31b2-4e4d-8712-9e6fea660e73 is updated
2017-10-28 07:44:42.534 28563 INFO heat.engine.service [req-1dfcaac1-33d0-4743-b546-a960bff4630d - - - - -] Service 4eca1835-2fb1-450f-b336-3867986a581d is updated
2017-10-28 07:44:42.536 28519 INFO heat.engine.service [req-894dcb1c-5fe5-4b20-b27b-4224463040aa - - - - -] Service 7d2457db-265f-4f09-a7ed-68db183e0384 is updated
2017-10-28 07:44:42.562 28524 INFO heat.engine.service [req-f6d4f7dc-c6ca-44a6-a556-f2bc7866e142 - - - - -] Service 2f511c44-ddf4-43a7-9fd0-41f210a8b669 is updated
2017-10-28 07:44:42.562 28533 INFO heat.engine.service [req-a6d43821-6306-4087-8eec-3ad8e4b1ac19 - - - - -] Service 3a35d7bf-f1bd-4589-a5c3-8000c3b24793 is updated
2017-10-28 07:44:42.596 28517 INFO heat.engine.service [req-41560c9d-aae6-49cd-97cc-a85498d95599 - - - - -] Service 750cf73f-337d-432c-9d53-30fab548b45c is updated
2017-10-28 07:44:42.617 28541 INFO heat.engine.service [req-55371398-37d6-41f6-9eeb-a62f229010d0 - - - - -] Service 28f76f02-d340-4517-9f1d-cb1f7fd704ac is updated
2017-10-28 07:44:42.640 28547 INFO heat.engine.service [req-62a3ad62-f321-4433-98a8-48f6230f9eeb - - - - -] Service 25707d32-efb1-423a-b2d4-e11dfe67bcdc is updated
2017-10-28 07:44:42.652 28530 INFO heat.engine.service [req-a41afe48-d398-4fc2-9501-c1135f14edd2 - - - - -] Service caf6df39-f07f-489e-9581-9b70becae9e2 is updated
2017-10-28 07:44:42.653 28554 INFO heat.engine.service [req-3ff4d227-2a8c-4dc6-afb3-e78f32c65abc - - - - -] Service c7479ed7-747a-48d4-9a5a-b7161a57c39e is updated
2017-10-28 07:44:42.658 28537 INFO heat.engine.service [req-cc5a400e-fb40-4472-bb56-64f9402dadc0 - - - - -] Service fd1e41c5-b76e-4f95-9fd6-4a9c3d626081 is updated
2017-10-28 07:44:42.659 28549 INFO heat.engine.service [req-1baf6617-e8d2-40e3-965c-c10f04f281ff - - - - -] Service 8942a6af-7411-45cf-9672-1c7d3127c49f is updated
2017-10-28 07:44:42.684 28534 INFO heat.engine.service [req-d4222fe2-70dc-488a-9014-befca7930a3e - - - - -] Service 7cdf9070-e34d-436d-aa75-65b1eb388638 is updated
2017-10-28 07:44:42.733 28512 INFO heat.engine.service [req-0359306a-8253-4beb-807d-f532e7167e75 - - - - -] Service fc9cbb06-6f7c-4b69-b947-05f204b3ce3c is updated
2017-10-28 07:44:42.737 28518 INFO heat.engine.service [req-608e05be-83c5-4c14-bb27-899e6d7ec4eb - - - - -] Service dd24efbc-8915-43d4-af30-b40fa3b43c47 is updated
2017-10-28 07:44:42.738 28556 INFO heat.engine.service [req-bf6532c1-af48-4feb-92e3-e9c7d60b3282 - - - - -] Service 30227806-eb6a-421b-b64b-1f4e769dde97 is updated
2017-10-28 07:44:42.758 28515 INFO heat.engine.service [req-17a31f30-b515-4dfc-9c30-9e8ec18d0758 - - - - -] Service 1a670f48-191d-4af2-ba9b-d59280a34029 is updated
2017-10-28 07:44:42.760 28535 INFO heat.engine.service [req-c28bfa11-ccef-426a-a960-4bf68a757673 - - - - -] Service fb8da2fb-0ff3-4afc-956a-7d78b638efc3 is updated
2017-10-28 07:44:42.763 28540 INFO heat.engine.service [req-3561a576-b024-48af-adc7-e062e9dd1ef9 - - - - -] Service 48ab0354-0cc3-4574-8b4b-39578b4811f9 is updated
2017-10-28 07:44:42.768 28551 INFO heat.engine.service [req-617f8799-b147-4a91-9edf-5ed1232414f2 - - - - -] Service 560cd9d1-ade5-4123-8efe-4822dbddfe23 is updated
2017-10-28 07:44:42.773 28521 INFO heat.engine.service [req-c1ed708c-f829-4a78-a1ae-395b4a7326e5 - - - - -] Service d42598ab-5331-4bf4-a271-327e00c8675f is updated
2017-10-28 07:44:42.787 28550 INFO heat.engine.service [req-ce6c11df-4894-4fb0-9b11-80fe23b45ddf - - - - -] Service ac79e68c-b408-42b8-9a3f-aaa256fcf8f0 is updated
2017-10-28 07:44:42.796 28531 INFO heat.engine.service [req-9852bf2f-f609-492c-933b-f316cc52697d - - - - -] Service ff837399-1603-480b-89cf-1947330a42ab is updated
2017-10-28 07:44:42.797 28558 INFO heat.engine.service [req-9d40c050-20ab-428c-8aab-0f008ee7b7f7 - - - - -] Service ce91c6b2-92c3-4791-9658-c7753c86c265 is updated
2017-10-28 07:44:42.815 28555 INFO heat.engine.service [req-f9c0ea35-b845-4b09-9868-077b66aafb5f - - - - -] Service 6b1b66de-35d9-4105-bcd5-aa680ffcddec is updated
2017-10-28 07:44:42.824 28525 INFO heat.engine.service [req-d56e346e-0e41-4a78-b6f4-809a18e20530 - - - - -] Service 12fa1fd5-3e02-4695-9acb-ecf6d0c6be7e is updated
2017-10-28 07:44:42.934 28559 INFO heat.engine.service [req-48900f95-206d-4fd8-8917-b74cfbba59eb - - - - -] Service d321ca62-b768-43f2-9c4f-f4308f362b40 is updated
2017-10-28 07:44:43.130 28539 INFO heat.engine.service [req-f2f86944-65c3-452f-80cc-06f584180d21 - - - - -] Service 75a95404-a1b5-44f6-ba31-90e0e95c8ad0 is updated
2017-10-28 07:44:44.367 28514 INFO heat.engine.service [req-110174a1-1b49-4d65-800e-f128d910672a - - - - -] Service c1ca77d3-4c81-441a-914c-e8e1795d0819 is updated
2017-10-28 07:45:42.139 28529 INFO heat.engine.service [req-36b827bb-3521-4cf6-874c-cd81bfe363aa - - - - -] Service 4e596928-014f-46fe-904b-2c69d0122faa is updated
2017-10-28 07:45:42.198 28553 INFO heat.engine.service [req-d921b5df-7fcf-4c3d-9d82-179da91a897f - - - - -] Service 1231c634-a611-4552-9733-0bcd0229559d is updated
2017-10-28 07:45:42.214 28527 INFO heat.engine.service [req-c148155d-fa80-4cbd-96c2-25ef7b65c48a - - - - -] Service 27b05062-f4e2-41b9-a5a1-b78a8e7a7cab is updated
2017-10-28 07:45:42.261 28522 INFO heat.engine.service [req-284028ef-de8d-4bac-8d2f-35656133f911 - - - - -] Service 0b05fddd-7118-49f7-b698-e81b89f80dd0 is updated
2017-10-28 07:45:42.277 28542 INFO heat.engine.service [req-f312cf73-e99c-442e-bcdb-40a4aee10641 - - - - -] Service 94a1afb2-8a32-439d-ab8f-e06a961e4433 is updated
2017-10-28 07:45:42.287 28532 INFO heat.engine.service [req-3097bf17-b9cd-4cb8-a1ac-6d10cf9a78d8 - - - - -] Service 5e954547-3083-4e91-b56e-edaec69d9004 is updated
2017-10-28 07:45:42.294 28511 INFO heat.engine.service [req-a97ebb31-bb52-4bd6-b46b-70330dd516ba - - - - -] Service c4991b42-b929-41c8-92ba-07735294b97d is updated
2017-10-28 07:45:42.294 28523 INFO heat.engine.service [req-41f57a31-2e24-4e0f-aaf0-a7123bd4d101 - - - - -] Service d7cc827c-6c72-4bc7-9c27-48fae872f1b6 is updated
2017-10-28 07:45:42.324 28513 INFO heat.engine.service [req-1beddfb1-6231-4afe-92e4-233e3ed8b0d1 - - - - -] Service 5ce1d5ea-a507-4dce-98d2-430354f1824f is updated
2017-10-28 07:45:42.330 28538 INFO heat.engine.service [req-592a2e6e-2c09-42a3-a832-f7acf26ec98b - - - - -] Service 174f2dbb-df8a-4407-b210-723a658db9cb is updated
2017-10-28 07:45:42.333 28552 INFO heat.engine.service [req-a4fdbeb9-2ee5-498a-b547-8e38cc1a0b9a - - - - -] Service e9eaa51d-d288-442a-bc48-944d997543a3 is updated
2017-10-28 07:45:42.359 28561 INFO heat.engine.service [req-1ffb107a-fc01-46f2-95be-fbe451be833f - - - - -] Service 5320c9fe-fd90-45e2-9c81-06f88b38f36b is updated
2017-10-28 07:45:42.388 28516 INFO heat.engine.service [req-e1d5a629-076e-49e9-b698-4563d04daee0 - - - - -] Service 2d84e3bb-febf-485e-87fe-d93b4c80d1c4 is updated
2017-10-28 07:45:42.398 28564 INFO heat.engine.service [req-b7a610a8-0894-464b-bbaa-8398f89dfa4a - - - - -] Service 8f50a07c-7ad8-4a6d-a9d3-37e4c8f0ba53 is updated
2017-10-28 07:45:42.428 28520 INFO heat.engine.service [req-6f881655-6616-4feb-a78d-39ff08492acd - - - - -] Service 4afb81d2-1ea2-4a4b-bc5f-b909623e3e74 is updated
2017-10-28 07:45:42.432 28510 INFO heat.engine.service [req-e528ab30-24f9-46c1-832d-bcc1975395f5 - - - - -] Service 4669f065-a489-481e-9850-91a9f44bc077 is updated
2017-10-28 07:45:42.439 28562 INFO heat.engine.service [req-23dfc0c6-dbf8-43aa-a1f9-57642f67dc1a - - - - -] Service b207e39f-b808-4c6c-8285-bd415d13ec10 is updated
2017-10-28 07:45:42.448 28536 INFO heat.engine.service [req-ea0b78ce-34a5-46e8-a48e-546d8001437a - - - - -] Service 98ecc1ea-b227-42dc-82e7-30ac1ed9fca4 is updated
2017-10-28 07:45:42.497 28560 INFO heat.engine.service [req-98890c5a-8c55-465a-8caa-5b2e6fafb98b - - - - -] Service 3b95e8e7-8709-45d2-a464-bac772180735 is updated
2017-10-28 07:45:42.523 28557 INFO heat.engine.service [req-9b1a7b11-d160-4107-a703-d9ebf12a6155 - - - - -] Service 98f930a8-31b2-4e4d-8712-9e6fea660e73 is updated
2017-10-28 07:45:42.530 28563 INFO heat.engine.service [req-dcde2c0e-3c10-43a1-ae78-c17a3a6c6ef0 - - - - -] Service 4eca1835-2fb1-450f-b336-3867986a581d is updated
2017-10-28 07:45:42.533 28519 INFO heat.engine.service [req-1e540efe-900c-46e2-b99f-c169c8301ec3 - - - - -] Service 7d2457db-265f-4f09-a7ed-68db183e0384 is updated
2017-10-28 07:45:42.558 28524 INFO heat.engine.service [req-dc8ef688-4064-4efd-942d-f262f4ddaf7c - - - - -] Service 2f511c44-ddf4-43a7-9fd0-41f210a8b669 is updated
2017-10-28 07:45:42.559 28533 INFO heat.engine.service [req-28c30215-dfec-406f-8d29-4005863cc450 - - - - -] Service 3a35d7bf-f1bd-4589-a5c3-8000c3b24793 is updated
2017-10-28 07:45:42.592 28517 INFO heat.engine.service [req-45293a11-2bd1-498c-8f5f-edc0ecf7d105 - - - - -] Service 750cf73f-337d-432c-9d53-30fab548b45c is updated
2017-10-28 07:45:42.622 28541 INFO heat.engine.service [req-c2c08b5b-6dce-4aca-9833-1f2033cc7c7c - - - - -] Service 28f76f02-d340-4517-9f1d-cb1f7fd704ac is updated
2017-10-28 07:45:42.636 28547 INFO heat.engine.service [req-fba1c174-7d4a-4dcc-82dd-37e549d1138b - - - - -] Service 25707d32-efb1-423a-b2d4-e11dfe67bcdc is updated
2017-10-28 07:45:42.648 28530 INFO heat.engine.service [req-7b5f216d-8026-471a-8c3d-20f8be5ddf85 - - - - -] Service caf6df39-f07f-489e-9581-9b70becae9e2 is updated
2017-10-28 07:45:42.648 28554 INFO heat.engine.service [req-fd4b939b-e9da-489c-a48f-6c114390017f - - - - -] Service c7479ed7-747a-48d4-9a5a-b7161a57c39e is updated
2017-10-28 07:45:42.653 28537 INFO heat.engine.service [req-252ca226-2f16-420a-aaae-268dd48c6708 - - - - -] Service fd1e41c5-b76e-4f95-9fd6-4a9c3d626081 is updated
2017-10-28 07:45:42.655 28549 INFO heat.engine.service [req-b8141999-0d92-482c-8190-9c798be6f6bd - - - - -] Service 8942a6af-7411-45cf-9672-1c7d3127c49f is updated
2017-10-28 07:45:42.681 28534 INFO heat.engine.service [req-5708e795-075b-468c-8f4e-98511b6d01fc - - - - -] Service 7cdf9070-e34d-436d-aa75-65b1eb388638 is updated
2017-10-28 07:45:42.729 28512 INFO heat.engine.service [req-e16904e9-bbf8-4529-9211-470eaa30b31f - - - - -] Service fc9cbb06-6f7c-4b69-b947-05f204b3ce3c is updated
2017-10-28 07:45:42.733 28518 INFO heat.engine.service [req-d85df393-888c-46bf-9938-5404b9483861 - - - - -] Service dd24efbc-8915-43d4-af30-b40fa3b43c47 is updated
2017-10-28 07:45:42.733 28556 INFO heat.engine.service [req-aecff889-0f84-48cb-9e36-2d16aa7d2f74 - - - - -] Service 30227806-eb6a-421b-b64b-1f4e769dde97 is updated
2017-10-28 07:45:42.752 28515 INFO heat.engine.service [req-25131f4e-d711-46a3-af0c-c33f598279fd - - - - -] Service 1a670f48-191d-4af2-ba9b-d59280a34029 is updated
2017-10-28 07:45:42.754 28535 INFO heat.engine.service [req-4e3858fe-177a-4c3b-b3eb-ac7c724be23f - - - - -] Service fb8da2fb-0ff3-4afc-956a-7d78b638efc3 is updated
2017-10-28 07:45:42.758 28540 INFO heat.engine.service [req-757329bc-b32c-44a7-bc12-18d1b653e124 - - - - -] Service 48ab0354-0cc3-4574-8b4b-39578b4811f9 is updated
2017-10-28 07:45:42.760 28551 INFO heat.engine.service [req-34ac8f60-e90d-4e54-9402-33fb03f8c243 - - - - -] Service 560cd9d1-ade5-4123-8efe-4822dbddfe23 is updated
2017-10-28 07:45:42.769 28521 INFO heat.engine.service [req-e5191c04-7d59-4d59-85c2-59b55b001de1 - - - - -] Service d42598ab-5331-4bf4-a271-327e00c8675f is updated
2017-10-28 07:45:42.782 28550 INFO heat.engine.service [req-a7aa2163-1bd7-4944-960d-f4b6d6505a73 - - - - -] Service ac79e68c-b408-42b8-9a3f-aaa256fcf8f0 is updated
2017-10-28 07:45:42.791 28558 INFO heat.engine.service [req-f287da63-c396-4c1a-b388-6b60bb1f4955 - - - - -] Service ce91c6b2-92c3-4791-9658-c7753c86c265 is updated
2017-10-28 07:45:42.791 28531 INFO heat.engine.service [req-bc087d19-3456-454f-81c4-23870f05474c - - - - -] Service ff837399-1603-480b-89cf-1947330a42ab is updated
2017-10-28 07:45:42.810 28555 INFO heat.engine.service [req-7f0ed190-0d86-4df1-a3af-1fc0066fdc6d - - - - -] Service 6b1b66de-35d9-4105-bcd5-aa680ffcddec is updated
2017-10-28 07:45:42.819 28525 INFO heat.engine.service [req-6c8d358f-2b36-41f7-aed2-df2ceb384621 - - - - -] Service 12fa1fd5-3e02-4695-9acb-ecf6d0c6be7e is updated
2017-10-28 07:45:42.930 28559 INFO heat.engine.service [req-a62df72a-3710-475e-a7f6-13d5d37b90c2 - - - - -] Service d321ca62-b768-43f2-9c4f-f4308f362b40 is updated
2017-10-28 07:45:43.137 28539 INFO heat.engine.service [req-d7d9a73e-c460-4931-b294-89eb9643a5c5 - - - - -] Service 75a95404-a1b5-44f6-ba31-90e0e95c8ad0 is updated
2017-10-28 07:45:44.365 28514 INFO heat.engine.service [req-a368d279-1d67-49a1-b037-020fbaae1156 - - - - -] Service c1ca77d3-4c81-441a-914c-e8e1795d0819 is updated
2017-10-28 07:46:42.136 28529 INFO heat.engine.service [req-20d2aa01-438e-450b-9fe8-3fc5dac06a39 - - - - -] Service 4e596928-014f-46fe-904b-2c69d0122faa is updated
2017-10-28 07:46:42.196 28553 INFO heat.engine.service [req-d6a8f486-e436-4d3a-b973-8b622b39bbaf - - - - -] Service 1231c634-a611-4552-9733-0bcd0229559d is updated
2017-10-28 07:46:42.212 28527 INFO heat.engine.service [req-932e09a3-e774-4e2f-a625-69f445047dfa - - - - -] Service 27b05062-f4e2-41b9-a5a1-b78a8e7a7cab is updated
2017-10-28 07:46:42.258 28522 INFO heat.engine.service [req-1639ae86-f103-4ddf-98e9-ccca5341d2b7 - - - - -] Service 0b05fddd-7118-49f7-b698-e81b89f80dd0 is updated
2017-10-28 07:46:42.274 28542 INFO heat.engine.service [req-ec2088d5-bbae-4a38-bda8-9c2728f03e20 - - - - -] Service 94a1afb2-8a32-439d-ab8f-e06a961e4433 is updated
2017-10-28 07:46:42.285 28532 INFO heat.engine.service [req-b85eeb85-8e07-4c92-a8fc-8f8a31b434d7 - - - - -] Service 5e954547-3083-4e91-b56e-edaec69d9004 is updated
2017-10-28 07:46:42.290 28523 INFO heat.engine.service [req-22e67006-4158-4b26-aa5c-9e3f444092c7 - - - - -] Service d7cc827c-6c72-4bc7-9c27-48fae872f1b6 is updated
2017-10-28 07:46:42.291 28511 INFO heat.engine.service [req-6f10a544-585f-4c18-9bbc-b90abbf94d52 - - - - -] Service c4991b42-b929-41c8-92ba-07735294b97d is updated
2017-10-28 07:46:42.324 28513 INFO heat.engine.service [req-a6f416ac-e2bf-46ba-9acc-a59d12e9d4b6 - - - - -] Service 5ce1d5ea-a507-4dce-98d2-430354f1824f is updated
2017-10-28 07:46:42.328 28538 INFO heat.engine.service [req-a963d17e-5a7c-42df-a510-9fa53c860ea3 - - - - -] Service 174f2dbb-df8a-4407-b210-723a658db9cb is updated
2017-10-28 07:46:42.329 28552 INFO heat.engine.service [req-27eb2fcd-c915-4474-9870-34434083967c - - - - -] Service e9eaa51d-d288-442a-bc48-944d997543a3 is updated
2017-10-28 07:46:42.355 28561 INFO heat.engine.service [req-b864e5d6-01c7-4fa8-87b4-1326efd18bec - - - - -] Service 5320c9fe-fd90-45e2-9c81-06f88b38f36b is updated
2017-10-28 07:46:42.386 28516 INFO heat.engine.service [req-e460d6b3-96da-4b39-a3f6-958551647bc3 - - - - -] Service 2d84e3bb-febf-485e-87fe-d93b4c80d1c4 is updated
2017-10-28 07:46:42.396 28564 INFO heat.engine.service [req-922795ce-ba31-46a0-ae43-608b4ce7cb0c - - - - -] Service 8f50a07c-7ad8-4a6d-a9d3-37e4c8f0ba53 is updated
2017-10-28 07:46:42.426 28520 INFO heat.engine.service [req-02fbae77-8877-4d94-bbf8-83555bd822cf - - - - -] Service 4afb81d2-1ea2-4a4b-bc5f-b909623e3e74 is updated
2017-10-28 07:46:42.429 28510 INFO heat.engine.service [req-c4e348b5-b472-42fd-9195-8eea1d4f5553 - - - - -] Service 4669f065-a489-481e-9850-91a9f44bc077 is updated
2017-10-28 07:46:42.436 28562 INFO heat.engine.service [req-b8fd01e1-7fb4-49e0-b440-2ffdb8671814 - - - - -] Service b207e39f-b808-4c6c-8285-bd415d13ec10 is updated
2017-10-28 07:46:42.445 28536 INFO heat.engine.service [req-0a375531-10cd-4da5-bd8e-fd429b6dfe56 - - - - -] Service 98ecc1ea-b227-42dc-82e7-30ac1ed9fca4 is updated
2017-10-28 07:46:42.494 28560 INFO heat.engine.service [req-7f8dd941-8d62-4741-9039-934fc27d2201 - - - - -] Service 3b95e8e7-8709-45d2-a464-bac772180735 is updated
2017-10-28 07:46:42.528 28563 INFO heat.engine.service [req-85eb5277-ab76-468a-800f-44c8c7e42397 - - - - -] Service 4eca1835-2fb1-450f-b336-3867986a581d is updated
2017-10-28 07:46:42.529 28557 INFO heat.engine.service [req-cae30ae8-5b28-403e-9ab6-70743fb22a85 - - - - -] Service 98f930a8-31b2-4e4d-8712-9e6fea660e73 is updated
2017-10-28 07:46:42.531 28519 INFO heat.engine.service [req-0003f221-0417-4413-a0fb-53fca317d5b9 - - - - -] Service 7d2457db-265f-4f09-a7ed-68db183e0384 is updated
2017-10-28 07:46:42.555 28533 INFO heat.engine.service [req-ec67137b-bf04-4630-b434-2e2d15afaeed - - - - -] Service 3a35d7bf-f1bd-4589-a5c3-8000c3b24793 is updated
2017-10-28 07:46:42.556 28524 INFO heat.engine.service [req-13490f06-020c-4b20-885b-4bf980df3745 - - - - -] Service 2f511c44-ddf4-43a7-9fd0-41f210a8b669 is updated
2017-10-28 07:46:42.592 28517 INFO heat.engine.service [req-73da2d19-6753-4414-9680-f163ed481126 - - - - -] Service 750cf73f-337d-432c-9d53-30fab548b45c is updated
2017-10-28 07:46:42.619 28541 INFO heat.engine.service [req-090fa259-6caf-4223-b126-757dc8c96478 - - - - -] Service 28f76f02-d340-4517-9f1d-cb1f7fd704ac is updated
2017-10-28 07:46:42.632 28547 INFO heat.engine.service [req-814e8640-586a-42b1-8fdb-394b6a0bb263 - - - - -] Service 25707d32-efb1-423a-b2d4-e11dfe67bcdc is updated
2017-10-28 07:46:42.651 28549 INFO heat.engine.service [req-c9f9fdcd-f9ef-4294-9850-d92c4c6e01e6 - - - - -] Service 8942a6af-7411-45cf-9672-1c7d3127c49f is updated
2017-10-28 07:46:42.655 28530 INFO heat.engine.service [req-083eb903-a5bb-48c0-936c-d21496115069 - - - - -] Service caf6df39-f07f-489e-9581-9b70becae9e2 is updated
2017-10-28 07:46:42.656 28554 INFO heat.engine.service [req-a6089a87-927e-43a1-90a6-4766df3b3c21 - - - - -] Service c7479ed7-747a-48d4-9a5a-b7161a57c39e is updated
2017-10-28 07:46:42.662 28537 INFO heat.engine.service [req-93d4bafd-9f23-405d-bcf5-02726427902d - - - - -] Service fd1e41c5-b76e-4f95-9fd6-4a9c3d626081 is updated
2017-10-28 07:46:42.677 28534 INFO heat.engine.service [req-828a64ab-261a-436c-a322-1355152c7654 - - - - -] Service 7cdf9070-e34d-436d-aa75-65b1eb388638 is updated
2017-10-28 07:46:42.729 28518 INFO heat.engine.service [req-81b78bc5-3cc5-4006-b24e-d300d68ffc56 - - - - -] Service dd24efbc-8915-43d4-af30-b40fa3b43c47 is updated
2017-10-28 07:46:42.736 28512 INFO heat.engine.service [req-6ab2e501-4cbf-446b-9709-b90a69517ab9 - - - - -] Service fc9cbb06-6f7c-4b69-b947-05f204b3ce3c is updated
2017-10-28 07:46:42.740 28556 INFO heat.engine.service [req-82b598aa-db24-4ee2-8dda-85618c048525 - - - - -] Service 30227806-eb6a-421b-b64b-1f4e769dde97 is updated
2017-10-28 07:46:42.758 28515 INFO heat.engine.service [req-08ec19a3-810f-440f-b3b1-359bcf78a589 - - - - -] Service 1a670f48-191d-4af2-ba9b-d59280a34029 is updated
2017-10-28 07:46:42.760 28535 INFO heat.engine.service [req-d2ba2cca-9b89-4597-9e3f-dabec2c97687 - - - - -] Service fb8da2fb-0ff3-4afc-956a-7d78b638efc3 is updated
2017-10-28 07:46:42.763 28540 INFO heat.engine.service [req-f50fc621-523c-469f-8ad7-bb1bfadac46a - - - - -] Service 48ab0354-0cc3-4574-8b4b-39578b4811f9 is updated
2017-10-28 07:46:42.767 28551 INFO heat.engine.service [req-343116c6-4512-4c2c-8933-f887a88bead1 - - - - -] Service 560cd9d1-ade5-4123-8efe-4822dbddfe23 is updated
2017-10-28 07:46:42.774 28521 INFO heat.engine.service [req-edba3631-321d-4d31-8047-34a32e5794d1 - - - - -] Service d42598ab-5331-4bf4-a271-327e00c8675f is updated
2017-10-28 07:46:42.779 28550 INFO heat.engine.service [req-21200b29-a0c2-484f-b35a-398a445453d7 - - - - -] Service ac79e68c-b408-42b8-9a3f-aaa256fcf8f0 is updated
2017-10-28 07:46:42.798 28558 INFO heat.engine.service [req-dc5e0150-47f7-4cbe-9855-50860ec8e6ca - - - - -] Service ce91c6b2-92c3-4791-9658-c7753c86c265 is updated
2017-10-28 07:46:42.798 28531 INFO heat.engine.service [req-314e92c0-a2c1-495c-9a90-ac6c23676058 - - - - -] Service ff837399-1603-480b-89cf-1947330a42ab is updated
2017-10-28 07:46:42.815 28555 INFO heat.engine.service [req-682dd2a5-4c52-4338-961a-0d7112183694 - - - - -] Service 6b1b66de-35d9-4105-bcd5-aa680ffcddec is updated
2017-10-28 07:46:42.825 28525 INFO heat.engine.service [req-4450adde-a4ab-49b6-b261-49041d527793 - - - - -] Service 12fa1fd5-3e02-4695-9acb-ecf6d0c6be7e is updated
2017-10-28 07:46:42.942 28559 INFO heat.engine.service [req-a1c616f3-9705-4037-956d-01b1fd5002ea - - - - -] Service d321ca62-b768-43f2-9c4f-f4308f362b40 is updated
2017-10-28 07:46:43.134 28539 INFO heat.engine.service [req-f46aa29a-13cf-4475-9192-a883a50887d5 - - - - -] Service 75a95404-a1b5-44f6-ba31-90e0e95c8ad0 is updated
2017-10-28 07:46:44.364 28514 INFO heat.engine.service [req-97ffac6a-5d59-49ba-81da-54781947c1ca - - - - -] Service c1ca77d3-4c81-441a-914c-e8e1795d0819 is updated
2017-10-28 07:47:42.137 28529 INFO heat.engine.service [req-ad830fa1-711b-4211-84ae-c89d0167fa1c - - - - -] Service 4e596928-014f-46fe-904b-2c69d0122faa is updated
2017-10-28 07:47:42.192 28553 INFO heat.engine.service [req-aa5be519-2ec0-43ea-b146-7af45fb54c51 - - - - -] Service 1231c634-a611-4552-9733-0bcd0229559d is updated
2017-10-28 07:47:42.210 28527 INFO heat.engine.service [req-ca00c305-3109-46a5-8ba7-feb56ef2eb50 - - - - -] Service 27b05062-f4e2-41b9-a5a1-b78a8e7a7cab is updated
2017-10-28 07:47:42.255 28522 INFO heat.engine.service [req-89f85950-f583-491d-9093-f11930866c69 - - - - -] Service 0b05fddd-7118-49f7-b698-e81b89f80dd0 is updated
2017-10-28 07:47:42.274 28542 INFO heat.engine.service [req-12dd6154-ffea-452b-886f-2abd2bb7825b - - - - -] Service 94a1afb2-8a32-439d-ab8f-e06a961e4433 is updated
2017-10-28 07:47:42.283 28532 INFO heat.engine.service [req-41b638e8-3187-48ff-acfd-36f496b57598 - - - - -] Service 5e954547-3083-4e91-b56e-edaec69d9004 is updated
2017-10-28 07:47:42.288 28523 INFO heat.engine.service [req-22a995a3-3955-4b50-b549-f4612937c566 - - - - -] Service d7cc827c-6c72-4bc7-9c27-48fae872f1b6 is updated
2017-10-28 07:47:42.290 28511 INFO heat.engine.service [req-d402eedc-7b6e-4c6c-910f-9f0571d77c9b - - - - -] Service c4991b42-b929-41c8-92ba-07735294b97d is updated
2017-10-28 07:47:42.322 28538 INFO heat.engine.service [req-f7bc77f6-2aed-4f0c-9517-a5c8f0fd60d7 - - - - -] Service 174f2dbb-df8a-4407-b210-723a658db9cb is updated
2017-10-28 07:47:42.322 28513 INFO heat.engine.service [req-51e3d314-4a2d-46c8-960e-308f936e9d7a - - - - -] Service 5ce1d5ea-a507-4dce-98d2-430354f1824f is updated
2017-10-28 07:47:42.323 28552 INFO heat.engine.service [req-cc439b91-08de-4e93-9091-7a5d781a581f - - - - -] Service e9eaa51d-d288-442a-bc48-944d997543a3 is updated
2017-10-28 07:47:42.351 28561 INFO heat.engine.service [req-dc99607d-1f73-4b57-ba68-4f56ab67f4ae - - - - -] Service 5320c9fe-fd90-45e2-9c81-06f88b38f36b is updated
2017-10-28 07:47:42.380 28516 INFO heat.engine.service [req-4b6f6943-6dbf-4dcb-b5df-bc808ee94c2f - - - - -] Service 2d84e3bb-febf-485e-87fe-d93b4c80d1c4 is updated
2017-10-28 07:47:42.393 28564 INFO heat.engine.service [req-857653ae-c69e-430b-b7aa-83dcb70398cb - - - - -] Service 8f50a07c-7ad8-4a6d-a9d3-37e4c8f0ba53 is updated
2017-10-28 07:47:42.422 28520 INFO heat.engine.service [req-173aed1a-c7d8-408f-97d2-8db6d1fbeb94 - - - - -] Service 4afb81d2-1ea2-4a4b-bc5f-b909623e3e74 is updated
2017-10-28 07:47:42.426 28510 INFO heat.engine.service [req-4e2bc622-16ef-44b7-8a1f-7deec451ef2a - - - - -] Service 4669f065-a489-481e-9850-91a9f44bc077 is updated
