2017-10-28 08:25:42.331 28510 INFO heat.engine.service [req-ef1b7333-a066-4f26-b3e7-cd97705a1664 - - - - -] Service 4669f065-a489-481e-9850-91a9f44bc077 is updated
2017-10-28 08:25:42.336 28536 INFO heat.engine.service [req-d4730e76-bd3b-4d4b-92a4-b9cc9fc24428 - - - - -] Service 98ecc1ea-b227-42dc-82e7-30ac1ed9fca4 is updated
2017-10-28 08:25:42.405 28560 INFO heat.engine.service [req-c446f8bd-7739-411f-80f9-cd3b42039821 - - - - -] Service 3b95e8e7-8709-45d2-a464-bac772180735 is updated
2017-10-28 08:25:42.420 28563 INFO heat.engine.service [req-5d47d277-a125-4526-86cc-e7d8483979fd - - - - -] Service 4eca1835-2fb1-450f-b336-3867986a581d is updated
2017-10-28 08:25:42.431 28557 INFO heat.engine.service [req-ccd5903b-5eaf-4ec1-bf24-80c615a31539 - - - - -] Service 98f930a8-31b2-4e4d-8712-9e6fea660e73 is updated
2017-10-28 08:25:42.452 28519 INFO heat.engine.service [req-e56dfb35-8b2c-450b-86de-7d19aec29fd6 - - - - -] Service 7d2457db-265f-4f09-a7ed-68db183e0384 is updated
2017-10-28 08:25:42.470 28533 INFO heat.engine.service [req-dd28c9ce-4ed5-4946-8200-d18775406c72 - - - - -] Service 3a35d7bf-f1bd-4589-a5c3-8000c3b24793 is updated
2017-10-28 08:25:42.497 28524 INFO heat.engine.service [req-059c0712-3e1a-4ed6-9e02-8fd85e0b059e - - - - -] Service 2f511c44-ddf4-43a7-9fd0-41f210a8b669 is updated
2017-10-28 08:25:42.541 28517 INFO heat.engine.service [req-88465f8d-91dc-4706-aff3-6386f8a63ca6 - - - - -] Service 750cf73f-337d-432c-9d53-30fab548b45c is updated
2017-10-28 08:25:42.546 28541 INFO heat.engine.service [req-ea33da1f-e955-4c5f-955f-e41e99bcac9a - - - - -] Service 28f76f02-d340-4517-9f1d-cb1f7fd704ac is updated
2017-10-28 08:25:42.550 28547 INFO heat.engine.service [req-fd22c8cf-aa4c-4069-95a0-9d557535f1a5 - - - - -] Service 25707d32-efb1-423a-b2d4-e11dfe67bcdc is updated
2017-10-28 08:25:42.563 28549 INFO heat.engine.service [req-45acdff4-3990-425b-aa32-d85c118eb732 - - - - -] Service 8942a6af-7411-45cf-9672-1c7d3127c49f is updated
2017-10-28 08:25:42.564 28554 INFO heat.engine.service [req-48bf1386-a06c-4d4b-a932-76723b86cb8f - - - - -] Service c7479ed7-747a-48d4-9a5a-b7161a57c39e is updated
2017-10-28 08:25:42.577 28534 INFO heat.engine.service [req-aa9c4ec4-ebb4-42b4-90f8-8dcb2c6c41c6 - - - - -] Service 7cdf9070-e34d-436d-aa75-65b1eb388638 is updated
2017-10-28 08:25:42.582 28530 INFO heat.engine.service [req-f1d0cc6a-25fb-45c5-a269-ea53250b07dd - - - - -] Service caf6df39-f07f-489e-9581-9b70becae9e2 is updated
2017-10-28 08:25:42.583 28537 INFO heat.engine.service [req-a02e360e-fb48-4080-881b-b80c6f532b53 - - - - -] Service fd1e41c5-b76e-4f95-9fd6-4a9c3d626081 is updated
2017-10-28 08:25:42.653 28512 INFO heat.engine.service [req-8b0f6b12-cf1a-4c4e-8142-f1c28e6b4ffe - - - - -] Service fc9cbb06-6f7c-4b69-b947-05f204b3ce3c is updated
2017-10-28 08:25:42.655 28556 INFO heat.engine.service [req-9241e953-4567-43ac-874e-178407a0da8d - - - - -] Service 30227806-eb6a-421b-b64b-1f4e769dde97 is updated
2017-10-28 08:25:42.665 28518 INFO heat.engine.service [req-31b27d88-c313-4d5e-ade1-146db58b4437 - - - - -] Service dd24efbc-8915-43d4-af30-b40fa3b43c47 is updated
2017-10-28 08:25:42.675 28535 INFO heat.engine.service [req-f0808d95-6cbe-4432-a652-32ce88939dd7 - - - - -] Service fb8da2fb-0ff3-4afc-956a-7d78b638efc3 is updated
2017-10-28 08:25:42.691 28515 INFO heat.engine.service [req-34d27823-11fb-4a24-a7bb-b1b81ba84c2a - - - - -] Service 1a670f48-191d-4af2-ba9b-d59280a34029 is updated
2017-10-28 08:25:42.696 28551 INFO heat.engine.service [req-1a058f32-0e26-400e-a2f4-f4544324029c - - - - -] Service 560cd9d1-ade5-4123-8efe-4822dbddfe23 is updated
2017-10-28 08:25:42.706 28540 INFO heat.engine.service [req-510b4a77-f832-4c0e-8c98-72b9bdf9dd3b - - - - -] Service 48ab0354-0cc3-4574-8b4b-39578b4811f9 is updated
2017-10-28 08:25:42.707 28558 INFO heat.engine.service [req-960ee7e8-b5f9-4d6d-aee9-dec16339b107 - - - - -] Service ce91c6b2-92c3-4791-9658-c7753c86c265 is updated
2017-10-28 08:25:42.731 28531 INFO heat.engine.service [req-bf44c807-3904-4a64-85ac-95e6caea4e9c - - - - -] Service ff837399-1603-480b-89cf-1947330a42ab is updated
2017-10-28 08:25:42.735 28555 INFO heat.engine.service [req-b8b1e271-0f53-4301-b9d1-0e03159e1987 - - - - -] Service 6b1b66de-35d9-4105-bcd5-aa680ffcddec is updated
2017-10-28 08:25:42.736 28550 INFO heat.engine.service [req-5d2bab20-c79f-49da-b542-45c03c39f274 - - - - -] Service ac79e68c-b408-42b8-9a3f-aaa256fcf8f0 is updated
2017-10-28 08:25:42.736 28521 INFO heat.engine.service [req-bc122d4d-4a8f-49c9-85e5-7ee6304c4656 - - - - -] Service d42598ab-5331-4bf4-a271-327e00c8675f is updated
2017-10-28 08:25:42.756 28525 INFO heat.engine.service [req-cfd8ae31-519e-42ef-a10c-7bcab191e6e6 - - - - -] Service 12fa1fd5-3e02-4695-9acb-ecf6d0c6be7e is updated
2017-10-28 08:25:42.910 28559 INFO heat.engine.service [req-a2359111-d404-49fb-9bbd-e5e8785336c5 - - - - -] Service d321ca62-b768-43f2-9c4f-f4308f362b40 is updated
2017-10-28 08:25:43.068 28539 INFO heat.engine.service [req-e567bf26-cb59-437f-95a6-584d98580135 - - - - -] Service 75a95404-a1b5-44f6-ba31-90e0e95c8ad0 is updated
2017-10-28 08:25:44.295 28514 INFO heat.engine.service [req-373a69dd-b6b7-440f-bfcf-989e7ac648d2 - - - - -] Service c1ca77d3-4c81-441a-914c-e8e1795d0819 is updated
2017-10-28 08:26:42.038 28529 INFO heat.engine.service [req-3e9e9043-c552-44ef-b3c4-eef95f1e0148 - - - - -] Service 4e596928-014f-46fe-904b-2c69d0122faa is updated
2017-10-28 08:26:42.132 28553 INFO heat.engine.service [req-a67a84d3-afef-4abb-8fb3-1c7249a54809 - - - - -] Service 1231c634-a611-4552-9733-0bcd0229559d is updated
2017-10-28 08:26:42.166 28522 INFO heat.engine.service [req-46f3326e-e39d-4f77-aa63-45ab69aaf227 - - - - -] Service 0b05fddd-7118-49f7-b698-e81b89f80dd0 is updated
2017-10-28 08:26:42.180 28542 INFO heat.engine.service [req-9c0202d1-d25f-4985-9632-8bb981134b89 - - - - -] Service 94a1afb2-8a32-439d-ab8f-e06a961e4433 is updated
2017-10-28 08:26:42.182 28527 INFO heat.engine.service [req-b40e3811-7c1b-4f88-98e4-d504b13ee86b - - - - -] Service 27b05062-f4e2-41b9-a5a1-b78a8e7a7cab is updated
2017-10-28 08:26:42.192 28511 INFO heat.engine.service [req-ad5460d4-1908-43a2-a2c6-241cc2d70ad0 - - - - -] Service c4991b42-b929-41c8-92ba-07735294b97d is updated
2017-10-28 08:26:42.223 28513 INFO heat.engine.service [req-29a4b564-1921-46de-8380-650a78fe966b - - - - -] Service 5ce1d5ea-a507-4dce-98d2-430354f1824f is updated
2017-10-28 08:26:42.225 28532 INFO heat.engine.service [req-caa3bb53-a22b-424f-8756-66a7928a833e - - - - -] Service 5e954547-3083-4e91-b56e-edaec69d9004 is updated
2017-10-28 08:26:42.239 28552 INFO heat.engine.service [req-4ffa94aa-98da-4471-a0f8-3b8a1c955e99 - - - - -] Service e9eaa51d-d288-442a-bc48-944d997543a3 is updated
2017-10-28 08:26:42.240 28523 INFO heat.engine.service [req-47007179-1ebe-44ae-9102-727417b40861 - - - - -] Service d7cc827c-6c72-4bc7-9c27-48fae872f1b6 is updated
2017-10-28 08:26:42.267 28538 INFO heat.engine.service [req-df8f8a9c-cd88-4a22-99b2-1b25ea765961 - - - - -] Service 174f2dbb-df8a-4407-b210-723a658db9cb is updated
2017-10-28 08:26:42.271 28561 INFO heat.engine.service [req-ad2bacf7-6a29-4525-9634-ee0a313d961f - - - - -] Service 5320c9fe-fd90-45e2-9c81-06f88b38f36b is updated
2017-10-28 08:26:42.289 28516 INFO heat.engine.service [req-0407e4ca-3294-480b-a9b6-9096b8c31fb8 - - - - -] Service 2d84e3bb-febf-485e-87fe-d93b4c80d1c4 is updated
2017-10-28 08:26:42.321 28520 INFO heat.engine.service [req-b8bf103f-99bb-40f6-ba88-f62eec9d9e52 - - - - -] Service 4afb81d2-1ea2-4a4b-bc5f-b909623e3e74 is updated
2017-10-28 08:26:42.322 28564 INFO heat.engine.service [req-e569baeb-4d34-4985-a824-7112a7fe8bff - - - - -] Service 8f50a07c-7ad8-4a6d-a9d3-37e4c8f0ba53 is updated
2017-10-28 08:26:42.327 28562 INFO heat.engine.service [req-4b781f3b-6b07-4d6b-8356-b2ea574650e8 - - - - -] Service b207e39f-b808-4c6c-8285-bd415d13ec10 is updated
2017-10-28 08:26:42.329 28510 INFO heat.engine.service [req-9d870f2e-00d1-4839-91b5-03e27a82c7c2 - - - - -] Service 4669f065-a489-481e-9850-91a9f44bc077 is updated
2017-10-28 08:26:42.332 28536 INFO heat.engine.service [req-7edbbe87-54b6-4543-8f43-121d8c63b6e0 - - - - -] Service 98ecc1ea-b227-42dc-82e7-30ac1ed9fca4 is updated
2017-10-28 08:26:42.403 28560 INFO heat.engine.service [req-aaffdb50-dc38-4e93-9668-fe0392da0cef - - - - -] Service 3b95e8e7-8709-45d2-a464-bac772180735 is updated
2017-10-28 08:26:42.416 28563 INFO heat.engine.service [req-d875b039-99d7-4973-b130-3cc32f50078d - - - - -] Service 4eca1835-2fb1-450f-b336-3867986a581d is updated
2017-10-28 08:26:42.428 28557 INFO heat.engine.service [req-0d511208-1bb3-4489-80e7-bfbfb5333232 - - - - -] Service 98f930a8-31b2-4e4d-8712-9e6fea660e73 is updated
2017-10-28 08:26:42.450 28519 INFO heat.engine.service [req-8f99d305-de98-4606-95cc-d64f408df3ea - - - - -] Service 7d2457db-265f-4f09-a7ed-68db183e0384 is updated
2017-10-28 08:26:42.466 28533 INFO heat.engine.service [req-4f1b5fd9-fdd9-4434-8a63-78ef9039015e - - - - -] Service 3a35d7bf-f1bd-4589-a5c3-8000c3b24793 is updated
2017-10-28 08:26:42.494 28524 INFO heat.engine.service [req-cc3cff8d-7c61-457c-989f-ec20a6dc572d - - - - -] Service 2f511c44-ddf4-43a7-9fd0-41f210a8b669 is updated
2017-10-28 08:26:42.539 28517 INFO heat.engine.service [req-317d27be-faac-4713-9629-fc39e2993985 - - - - -] Service 750cf73f-337d-432c-9d53-30fab548b45c is updated
2017-10-28 08:26:42.546 28547 INFO heat.engine.service [req-d0f75a78-5034-46e6-bcec-4623d0ec2227 - - - - -] Service 25707d32-efb1-423a-b2d4-e11dfe67bcdc is updated
2017-10-28 08:26:42.552 28541 INFO heat.engine.service [req-1aa8335d-efe3-484d-a7c4-72f9c9631802 - - - - -] Service 28f76f02-d340-4517-9f1d-cb1f7fd704ac is updated
2017-10-28 08:26:42.562 28549 INFO heat.engine.service [req-a2da66f1-6f30-4397-a257-da8abcbcf58f - - - - -] Service 8942a6af-7411-45cf-9672-1c7d3127c49f is updated
2017-10-28 08:26:42.562 28554 INFO heat.engine.service [req-6ae468a2-7c52-4c54-81c4-d3c5bdcc477d - - - - -] Service c7479ed7-747a-48d4-9a5a-b7161a57c39e is updated
2017-10-28 08:26:42.573 28534 INFO heat.engine.service [req-6b89574d-ade6-433f-b7a8-43ac97c49559 - - - - -] Service 7cdf9070-e34d-436d-aa75-65b1eb388638 is updated
2017-10-28 08:26:42.579 28530 INFO heat.engine.service [req-0fccd084-ab7b-4159-afd3-d4bbfb41e903 - - - - -] Service caf6df39-f07f-489e-9581-9b70becae9e2 is updated
2017-10-28 08:26:42.589 28537 INFO heat.engine.service [req-b03359aa-b78f-477d-aab4-49fc9ceb7c84 - - - - -] Service fd1e41c5-b76e-4f95-9fd6-4a9c3d626081 is updated
2017-10-28 08:26:42.651 28512 INFO heat.engine.service [req-ffde3904-67dc-4080-95a2-ca0c3919e179 - - - - -] Service fc9cbb06-6f7c-4b69-b947-05f204b3ce3c is updated
2017-10-28 08:26:42.653 28556 INFO heat.engine.service [req-554b00a4-0567-4af8-a407-08f1f5814dab - - - - -] Service 30227806-eb6a-421b-b64b-1f4e769dde97 is updated
2017-10-28 08:26:42.662 28518 INFO heat.engine.service [req-8aabcd38-3071-4f75-bb9b-5fb50c762762 - - - - -] Service dd24efbc-8915-43d4-af30-b40fa3b43c47 is updated
2017-10-28 08:26:42.683 28535 INFO heat.engine.service [req-2a0426f2-9a27-4701-b182-80fe7457a740 - - - - -] Service fb8da2fb-0ff3-4afc-956a-7d78b638efc3 is updated
2017-10-28 08:26:42.693 28515 INFO heat.engine.service [req-1f4a8ef2-032e-42af-8bd4-6af8509e929b - - - - -] Service 1a670f48-191d-4af2-ba9b-d59280a34029 is updated
2017-10-28 08:26:42.693 28551 INFO heat.engine.service [req-e99bfc54-e4be-4de0-8aa4-161397f916d9 - - - - -] Service 560cd9d1-ade5-4123-8efe-4822dbddfe23 is updated
2017-10-28 08:26:42.704 28558 INFO heat.engine.service [req-330763a3-3a65-4fb8-af20-a8838eb9217b - - - - -] Service ce91c6b2-92c3-4791-9658-c7753c86c265 is updated
2017-10-28 08:26:42.715 28540 INFO heat.engine.service [req-d9cb19bc-d024-4589-ba39-d86ec86866d9 - - - - -] Service 48ab0354-0cc3-4574-8b4b-39578b4811f9 is updated
2017-10-28 08:26:42.728 28531 INFO heat.engine.service [req-a9680eec-7184-4b34-b0a1-ffaa67cf66d7 - - - - -] Service ff837399-1603-480b-89cf-1947330a42ab is updated
2017-10-28 08:26:42.733 28521 INFO heat.engine.service [req-7ae72521-55a8-4b27-b7d5-d6d467d30010 - - - - -] Service d42598ab-5331-4bf4-a271-327e00c8675f is updated
2017-10-28 08:26:42.733 28555 INFO heat.engine.service [req-13f89882-6e5f-46f2-8f6d-5f8fefed4c9b - - - - -] Service 6b1b66de-35d9-4105-bcd5-aa680ffcddec is updated
2017-10-28 08:26:42.744 28550 INFO heat.engine.service [req-6b4b4715-518e-4256-9486-fe87739d4c18 - - - - -] Service ac79e68c-b408-42b8-9a3f-aaa256fcf8f0 is updated
2017-10-28 08:26:42.752 28525 INFO heat.engine.service [req-5dc70dd6-a295-486a-a7d1-0f44e26b2047 - - - - -] Service 12fa1fd5-3e02-4695-9acb-ecf6d0c6be7e is updated
2017-10-28 08:26:42.870 28559 INFO heat.engine.service [req-8e425527-d3ed-44e6-9910-03f2a7f56ed8 - - - - -] Service d321ca62-b768-43f2-9c4f-f4308f362b40 is updated
2017-10-28 08:26:43.069 28539 INFO heat.engine.service [req-bf83a8d7-aef3-49c7-8067-fceb0c27a300 - - - - -] Service 75a95404-a1b5-44f6-ba31-90e0e95c8ad0 is updated
2017-10-28 08:26:44.292 28514 INFO heat.engine.service [req-c0e41b16-dcee-4e77-ad03-292bb6a198cb - - - - -] Service c1ca77d3-4c81-441a-914c-e8e1795d0819 is updated
2017-10-28 08:27:42.036 28529 INFO heat.engine.service [req-42d8642c-b079-4762-8272-6dadcd56532e - - - - -] Service 4e596928-014f-46fe-904b-2c69d0122faa is updated
2017-10-28 08:27:42.129 28553 INFO heat.engine.service [req-c2275065-e1fa-41fb-94ad-f6543e071790 - - - - -] Service 1231c634-a611-4552-9733-0bcd0229559d is updated
2017-10-28 08:27:42.177 28522 INFO heat.engine.service [req-6af48bde-521f-421e-841d-cb810ab24417 - - - - -] Service 0b05fddd-7118-49f7-b698-e81b89f80dd0 is updated
2017-10-28 08:27:42.185 28542 INFO heat.engine.service [req-09d192c1-d16f-4872-a96f-feb2e78e9b81 - - - - -] Service 94a1afb2-8a32-439d-ab8f-e06a961e4433 is updated
2017-10-28 08:27:42.186 28527 INFO heat.engine.service [req-ef502bc4-f7d0-4d34-b37e-f310b2455e23 - - - - -] Service 27b05062-f4e2-41b9-a5a1-b78a8e7a7cab is updated
2017-10-28 08:27:42.188 28511 INFO heat.engine.service [req-f9fff34c-7b79-40d2-82e5-0181ae55bd7e - - - - -] Service c4991b42-b929-41c8-92ba-07735294b97d is updated
2017-10-28 08:27:42.220 28513 INFO heat.engine.service [req-2fab8fd5-9b3b-4b59-ac3c-c6b28fb0dc43 - - - - -] Service 5ce1d5ea-a507-4dce-98d2-430354f1824f is updated
2017-10-28 08:27:42.223 28532 INFO heat.engine.service [req-9d610948-715c-4c52-b947-96f5c2328d82 - - - - -] Service 5e954547-3083-4e91-b56e-edaec69d9004 is updated
2017-10-28 08:27:42.238 28523 INFO heat.engine.service [req-d5d9bc46-8e69-4098-8a0e-8904679ed263 - - - - -] Service d7cc827c-6c72-4bc7-9c27-48fae872f1b6 is updated
2017-10-28 08:27:42.246 28552 INFO heat.engine.service [req-e3bdcf41-8c94-4f0d-b84e-507228dde4c8 - - - - -] Service e9eaa51d-d288-442a-bc48-944d997543a3 is updated
2017-10-28 08:27:42.265 28538 INFO heat.engine.service [req-426e35a5-2766-449d-9194-b6713631ce64 - - - - -] Service 174f2dbb-df8a-4407-b210-723a658db9cb is updated
2017-10-28 08:27:42.270 28561 INFO heat.engine.service [req-6fb6af9f-ffc4-4e9f-9bbd-c9256ab9d8f6 - - - - -] Service 5320c9fe-fd90-45e2-9c81-06f88b38f36b is updated
2017-10-28 08:27:42.296 28516 INFO heat.engine.service [req-c7c59f03-4a27-449a-8836-de47b4dfbfcd - - - - -] Service 2d84e3bb-febf-485e-87fe-d93b4c80d1c4 is updated
2017-10-28 08:27:42.319 28520 INFO heat.engine.service [req-936faaec-8e20-487d-8b6d-2c284c7f2890 - - - - -] Service 4afb81d2-1ea2-4a4b-bc5f-b909623e3e74 is updated
2017-10-28 08:27:42.319 28564 INFO heat.engine.service [req-09922639-5d7b-4c34-93cb-97bc77f3c4d0 - - - - -] Service 8f50a07c-7ad8-4a6d-a9d3-37e4c8f0ba53 is updated
2017-10-28 08:27:42.324 28562 INFO heat.engine.service [req-8815a83f-3d16-40e3-b817-3cd65ca862e5 - - - - -] Service b207e39f-b808-4c6c-8285-bd415d13ec10 is updated
2017-10-28 08:27:42.327 28510 INFO heat.engine.service [req-0874a8b6-459f-44b2-b424-6a77f335b2a1 - - - - -] Service 4669f065-a489-481e-9850-91a9f44bc077 is updated
2017-10-28 08:27:42.328 28536 INFO heat.engine.service [req-8ada5d8e-f0a7-4863-afef-eb85b61d4a5e - - - - -] Service 98ecc1ea-b227-42dc-82e7-30ac1ed9fca4 is updated
2017-10-28 08:27:42.401 28560 INFO heat.engine.service [req-800a7080-9f36-47ef-8f2c-b9a3cca04d31 - - - - -] Service 3b95e8e7-8709-45d2-a464-bac772180735 is updated
2017-10-28 08:27:42.415 28563 INFO heat.engine.service [req-61e14a95-86aa-4de3-879f-bff8da2b8381 - - - - -] Service 4eca1835-2fb1-450f-b336-3867986a581d is updated
2017-10-28 08:27:42.425 28557 INFO heat.engine.service [req-7b49dae0-5e27-4028-b6cf-2ee9f41d3b75 - - - - -] Service 98f930a8-31b2-4e4d-8712-9e6fea660e73 is updated
2017-10-28 08:27:42.448 28519 INFO heat.engine.service [req-5a9a45d8-6de0-4b52-82e9-8dd083c43829 - - - - -] Service 7d2457db-265f-4f09-a7ed-68db183e0384 is updated
2017-10-28 08:27:42.463 28533 INFO heat.engine.service [req-dea10565-9a4d-42e5-90e6-a96e1c671eef - - - - -] Service 3a35d7bf-f1bd-4589-a5c3-8000c3b24793 is updated
2017-10-28 08:27:42.492 28524 INFO heat.engine.service [req-32dea348-fda6-4e07-80f4-5b233b371271 - - - - -] Service 2f511c44-ddf4-43a7-9fd0-41f210a8b669 is updated
2017-10-28 08:27:42.536 28517 INFO heat.engine.service [req-ec830d5c-21b2-42f6-851b-0936afdf6b14 - - - - -] Service 750cf73f-337d-432c-9d53-30fab548b45c is updated
2017-10-28 08:27:42.544 28547 INFO heat.engine.service [req-456be9c7-fb6b-408b-8138-a81925a1b83f - - - - -] Service 25707d32-efb1-423a-b2d4-e11dfe67bcdc is updated
2017-10-28 08:27:42.548 28541 INFO heat.engine.service [req-c5dc3389-c81d-415f-82da-c7d848658f03 - - - - -] Service 28f76f02-d340-4517-9f1d-cb1f7fd704ac is updated
2017-10-28 08:27:42.560 28554 INFO heat.engine.service [req-975c6758-8798-4608-b6c5-fb5a77c549ac - - - - -] Service c7479ed7-747a-48d4-9a5a-b7161a57c39e is updated
2017-10-28 08:27:42.560 28549 INFO heat.engine.service [req-e6b23324-9bd8-4138-89d6-442b819a8f23 - - - - -] Service 8942a6af-7411-45cf-9672-1c7d3127c49f is updated
2017-10-28 08:27:42.570 28534 INFO heat.engine.service [req-11a79d06-ae55-4c67-99ca-557d85bbf88b - - - - -] Service 7cdf9070-e34d-436d-aa75-65b1eb388638 is updated
2017-10-28 08:27:42.575 28537 INFO heat.engine.service [req-91caec87-4698-4068-8d77-866bd6e9b768 - - - - -] Service fd1e41c5-b76e-4f95-9fd6-4a9c3d626081 is updated
2017-10-28 08:27:42.576 28530 INFO heat.engine.service [req-9c1b391f-d4b9-4564-8226-98a222ed558b - - - - -] Service caf6df39-f07f-489e-9581-9b70becae9e2 is updated
2017-10-28 08:27:42.649 28512 INFO heat.engine.service [req-cfc6739d-01b5-473b-87ff-15e2418a10a5 - - - - -] Service fc9cbb06-6f7c-4b69-b947-05f204b3ce3c is updated
2017-10-28 08:27:42.650 28556 INFO heat.engine.service [req-192e490a-f0ae-47c0-98de-eefd5e20e8b9 - - - - -] Service 30227806-eb6a-421b-b64b-1f4e769dde97 is updated
2017-10-28 08:27:42.659 28518 INFO heat.engine.service [req-9bd0f46a-08a1-4784-b6fd-666653b7b7ca - - - - -] Service dd24efbc-8915-43d4-af30-b40fa3b43c47 is updated
2017-10-28 08:27:42.670 28535 INFO heat.engine.service [req-025cb08c-1c78-4e3b-97b3-bfedc5702c40 - - - - -] Service fb8da2fb-0ff3-4afc-956a-7d78b638efc3 is updated
2017-10-28 08:27:42.689 28551 INFO heat.engine.service [req-60f7b685-44a2-48ee-a027-1dd27d2bb3ac - - - - -] Service 560cd9d1-ade5-4123-8efe-4822dbddfe23 is updated
2017-10-28 08:27:42.690 28515 INFO heat.engine.service [req-2f04b8fa-f55e-4229-98b2-83ed1a412869 - - - - -] Service 1a670f48-191d-4af2-ba9b-d59280a34029 is updated
2017-10-28 08:27:42.700 28558 INFO heat.engine.service [req-33a7c115-990b-4a3b-9bbc-bbdc19a30b6f - - - - -] Service ce91c6b2-92c3-4791-9658-c7753c86c265 is updated
2017-10-28 08:27:42.713 28540 INFO heat.engine.service [req-2ec1ebc9-6ffc-4fd0-b3f9-07f012e10a20 - - - - -] Service 48ab0354-0cc3-4574-8b4b-39578b4811f9 is updated
2017-10-28 08:27:42.726 28531 INFO heat.engine.service [req-00a5d857-82c5-446d-b78d-9df7bc6a8bd1 - - - - -] Service ff837399-1603-480b-89cf-1947330a42ab is updated
2017-10-28 08:27:42.731 28555 INFO heat.engine.service [req-4e5fc3dd-6208-4bea-a1b3-35f575899fc6 - - - - -] Service 6b1b66de-35d9-4105-bcd5-aa680ffcddec is updated
2017-10-28 08:27:42.732 28521 INFO heat.engine.service [req-2f4579ae-f711-4e29-8953-1ed5e511cee1 - - - - -] Service d42598ab-5331-4bf4-a271-327e00c8675f is updated
2017-10-28 08:27:42.743 28550 INFO heat.engine.service [req-f6450379-cac2-49b2-9ce0-88e6ac61b448 - - - - -] Service ac79e68c-b408-42b8-9a3f-aaa256fcf8f0 is updated
2017-10-28 08:27:42.749 28525 INFO heat.engine.service [req-f175e9d9-bf44-4119-badb-d586fd8e3ff7 - - - - -] Service 12fa1fd5-3e02-4695-9acb-ecf6d0c6be7e is updated
2017-10-28 08:27:42.879 28559 INFO heat.engine.service [req-437e79b1-4d0d-40c7-8793-2281c6d121c5 - - - - -] Service d321ca62-b768-43f2-9c4f-f4308f362b40 is updated
2017-10-28 08:27:43.066 28539 INFO heat.engine.service [req-d524ce3f-8c01-43e2-a998-14a2c31ea8d8 - - - - -] Service 75a95404-a1b5-44f6-ba31-90e0e95c8ad0 is updated
2017-10-28 08:27:44.290 28514 INFO heat.engine.service [req-4491b7f0-62c1-46eb-99a1-7453980a6f8f - - - - -] Service c1ca77d3-4c81-441a-914c-e8e1795d0819 is updated
2017-10-28 08:28:42.035 28529 INFO heat.engine.service [req-e36dca99-06c0-4c29-a409-6420d66708e4 - - - - -] Service 4e596928-014f-46fe-904b-2c69d0122faa is updated
2017-10-28 08:28:42.128 28553 INFO heat.engine.service [req-193b33bc-6055-480d-a507-44211f6630f1 - - - - -] Service 1231c634-a611-4552-9733-0bcd0229559d is updated
2017-10-28 08:28:42.238 28522 INFO heat.engine.service [req-c53dec46-8e52-445e-b745-3a233fd39ada - - - - -] Service 0b05fddd-7118-49f7-b698-e81b89f80dd0 is updated
2017-10-28 08:28:42.239 28513 INFO heat.engine.service [req-85257204-4bc3-4cef-be06-93a06f702852 - - - - -] Service 5ce1d5ea-a507-4dce-98d2-430354f1824f is updated
2017-10-28 08:28:42.239 28523 INFO heat.engine.service [req-8a1f3764-6b5b-4bb7-a584-ca050e9d7089 - - - - -] Service d7cc827c-6c72-4bc7-9c27-48fae872f1b6 is updated
2017-10-28 08:28:42.240 28542 INFO heat.engine.service [req-0e84a465-7033-4dfd-9654-1db79cf023d3 - - - - -] Service 94a1afb2-8a32-439d-ab8f-e06a961e4433 is updated
2017-10-28 08:28:42.240 28511 INFO heat.engine.service [req-e8e68881-e0bb-4117-b383-583ab0916715 - - - - -] Service c4991b42-b929-41c8-92ba-07735294b97d is updated
2017-10-28 08:28:42.241 28532 INFO heat.engine.service [req-66f06247-9876-44f8-87dc-a92448fa4e17 - - - - -] Service 5e954547-3083-4e91-b56e-edaec69d9004 is updated
2017-10-28 08:28:42.241 28527 INFO heat.engine.service [req-7b961af1-5598-4fcb-b0cb-2c873987523f - - - - -] Service 27b05062-f4e2-41b9-a5a1-b78a8e7a7cab is updated
2017-10-28 08:28:42.243 28552 INFO heat.engine.service [req-acfe2e07-dd93-41bc-80a2-cb9dee74ef0e - - - - -] Service e9eaa51d-d288-442a-bc48-944d997543a3 is updated
2017-10-28 08:28:42.259 28538 INFO heat.engine.service [req-1aa73b43-cf40-4688-8d78-9a41996a500d - - - - -] Service 174f2dbb-df8a-4407-b210-723a658db9cb is updated
2017-10-28 08:28:42.267 28561 INFO heat.engine.service [req-b3d79f57-1695-421d-9859-78854b3125d6 - - - - -] Service 5320c9fe-fd90-45e2-9c81-06f88b38f36b is updated
2017-10-28 08:28:42.293 28516 INFO heat.engine.service [req-2c8c0938-2f3a-42c0-8a80-8c6989549ecb - - - - -] Service 2d84e3bb-febf-485e-87fe-d93b4c80d1c4 is updated
2017-10-28 08:28:42.316 28564 INFO heat.engine.service [req-34bf3822-92f3-4e1f-ac80-5b9570f08858 - - - - -] Service 8f50a07c-7ad8-4a6d-a9d3-37e4c8f0ba53 is updated
2017-10-28 08:28:42.316 28520 INFO heat.engine.service [req-629eb086-d90a-4393-b57f-0bbc2793bf17 - - - - -] Service 4afb81d2-1ea2-4a4b-bc5f-b909623e3e74 is updated
2017-10-28 08:28:42.321 28562 INFO heat.engine.service [req-93aff7b1-0a03-46a2-9fa3-374ec14a7f28 - - - - -] Service b207e39f-b808-4c6c-8285-bd415d13ec10 is updated
2017-10-28 08:28:42.339 28510 INFO heat.engine.service [req-c5550f93-8278-4464-8533-2bacecc840b7 - - - - -] Service 4669f065-a489-481e-9850-91a9f44bc077 is updated
2017-10-28 08:28:42.410 28536 INFO heat.engine.service [req-e4cf933e-415c-4eb8-812b-5939dc242a85 - - - - -] Service 98ecc1ea-b227-42dc-82e7-30ac1ed9fca4 is updated
2017-10-28 08:28:42.419 28563 INFO heat.engine.service [req-64e9315f-70df-44a9-be86-efdbe06959fa - - - - -] Service 4eca1835-2fb1-450f-b336-3867986a581d is updated
2017-10-28 08:28:42.419 28560 INFO heat.engine.service [req-90846604-2c31-452c-a8bb-b758629a4d06 - - - - -] Service 3b95e8e7-8709-45d2-a464-bac772180735 is updated
2017-10-28 08:28:42.423 28557 INFO heat.engine.service [req-15328f53-568e-495a-8c12-f4361170585c - - - - -] Service 98f930a8-31b2-4e4d-8712-9e6fea660e73 is updated
2017-10-28 08:28:42.445 28519 INFO heat.engine.service [req-aea54270-500b-4e0f-b1cc-4adc61fed89d - - - - -] Service 7d2457db-265f-4f09-a7ed-68db183e0384 is updated
2017-10-28 08:28:42.460 28533 INFO heat.engine.service [req-5ba9ee48-fb4e-4ca9-985c-d116de56cdd5 - - - - -] Service 3a35d7bf-f1bd-4589-a5c3-8000c3b24793 is updated
2017-10-28 08:28:42.489 28524 INFO heat.engine.service [req-96437d15-017b-448e-94e8-8eacf018df85 - - - - -] Service 2f511c44-ddf4-43a7-9fd0-41f210a8b669 is updated
2017-10-28 08:28:42.547 28547 INFO heat.engine.service [req-4041ca91-deb6-4c07-b6f8-0458429b74c2 - - - - -] Service 25707d32-efb1-423a-b2d4-e11dfe67bcdc is updated
2017-10-28 08:28:42.547 28517 INFO heat.engine.service [req-ae9cc033-facb-466b-8553-e997a8307050 - - - - -] Service 750cf73f-337d-432c-9d53-30fab548b45c is updated
2017-10-28 08:28:42.552 28541 INFO heat.engine.service [req-25fa78d1-34fe-47d4-903d-30d6da94df0a - - - - -] Service 28f76f02-d340-4517-9f1d-cb1f7fd704ac is updated
2017-10-28 08:28:42.557 28554 INFO heat.engine.service [req-176e1567-1984-4dfc-ad8d-27b1203934df - - - - -] Service c7479ed7-747a-48d4-9a5a-b7161a57c39e is updated
2017-10-28 08:28:42.558 28549 INFO heat.engine.service [req-a3545801-8fad-4e22-9716-bedb206de01e - - - - -] Service 8942a6af-7411-45cf-9672-1c7d3127c49f is updated
2017-10-28 08:28:42.565 28534 INFO heat.engine.service [req-d8707b63-d735-48ef-982d-beab6ce415f9 - - - - -] Service 7cdf9070-e34d-436d-aa75-65b1eb388638 is updated
2017-10-28 08:28:42.573 28530 INFO heat.engine.service [req-360480f5-5389-4d32-8271-e2afc653b9d2 - - - - -] Service caf6df39-f07f-489e-9581-9b70becae9e2 is updated
2017-10-28 08:28:42.579 28537 INFO heat.engine.service [req-6450bc91-6862-490f-881f-a53690ddbd95 - - - - -] Service fd1e41c5-b76e-4f95-9fd6-4a9c3d626081 is updated
2017-10-28 08:28:42.646 28512 INFO heat.engine.service [req-3ec4cf04-7442-40ec-a1dd-3c733a39b3bb - - - - -] Service fc9cbb06-6f7c-4b69-b947-05f204b3ce3c is updated
2017-10-28 08:28:42.651 28556 INFO heat.engine.service [req-7823755b-ae40-47f1-a9e1-a7da924b3cf4 - - - - -] Service 30227806-eb6a-421b-b64b-1f4e769dde97 is updated
2017-10-28 08:28:42.656 28518 INFO heat.engine.service [req-1dc5311f-cffe-48d6-9054-489775fb793e - - - - -] Service dd24efbc-8915-43d4-af30-b40fa3b43c47 is updated
2017-10-28 08:28:42.667 28535 INFO heat.engine.service [req-d1ee3bb4-146b-4502-ad86-08f22f195934 - - - - -] Service fb8da2fb-0ff3-4afc-956a-7d78b638efc3 is updated
2017-10-28 08:28:42.687 28515 INFO heat.engine.service [req-b8e8b161-ba1e-43bd-b856-256c0aca6ecd - - - - -] Service 1a670f48-191d-4af2-ba9b-d59280a34029 is updated
2017-10-28 08:28:42.695 28551 INFO heat.engine.service [req-04e4c7c1-85f7-4f1b-b9c1-c70679823c61 - - - - -] Service 560cd9d1-ade5-4123-8efe-4822dbddfe23 is updated
2017-10-28 08:28:42.696 28558 INFO heat.engine.service [req-d67565cd-04a0-4760-81f0-2c7b43e6f692 - - - - -] Service ce91c6b2-92c3-4791-9658-c7753c86c265 is updated
2017-10-28 08:28:42.706 28540 INFO heat.engine.service [req-fd5c3bbe-b39c-4316-91de-f0cefeedf6bb - - - - -] Service 48ab0354-0cc3-4574-8b4b-39578b4811f9 is updated
2017-10-28 08:28:42.722 28531 INFO heat.engine.service [req-5acc8736-02c3-4878-9cb3-fa92091f9f01 - - - - -] Service ff837399-1603-480b-89cf-1947330a42ab is updated
2017-10-28 08:28:42.728 28555 INFO heat.engine.service [req-dee99c87-9409-4abd-aa45-cd001fe06af8 - - - - -] Service 6b1b66de-35d9-4105-bcd5-aa680ffcddec is updated
2017-10-28 08:28:42.729 28521 INFO heat.engine.service [req-dd2e8490-e055-4b63-8559-b1260f9f0348 - - - - -] Service d42598ab-5331-4bf4-a271-327e00c8675f is updated
2017-10-28 08:28:42.741 28550 INFO heat.engine.service [req-522e76a1-0c24-4c1a-93c9-5058bb7cdf03 - - - - -] Service ac79e68c-b408-42b8-9a3f-aaa256fcf8f0 is updated
2017-10-28 08:28:42.749 28525 INFO heat.engine.service [req-5f652ec2-d5d6-4d21-b7af-9f93438e2f2d - - - - -] Service 12fa1fd5-3e02-4695-9acb-ecf6d0c6be7e is updated
2017-10-28 08:28:42.871 28559 INFO heat.engine.service [req-c5a9bd09-4a36-4a78-84d6-049aff91e775 - - - - -] Service d321ca62-b768-43f2-9c4f-f4308f362b40 is updated
2017-10-28 08:28:43.064 28539 INFO heat.engine.service [req-d83cd0ea-021b-4190-9055-5be846dfe5ad - - - - -] Service 75a95404-a1b5-44f6-ba31-90e0e95c8ad0 is updated
2017-10-28 08:28:44.287 28514 INFO heat.engine.service [req-b76cde7a-a5bf-4db5-af78-48866a62482c - - - - -] Service c1ca77d3-4c81-441a-914c-e8e1795d0819 is updated
2017-10-28 08:29:42.033 28529 INFO heat.engine.service [req-f66129e2-ed71-4e19-a9b5-10f642c87987 - - - - -] Service 4e596928-014f-46fe-904b-2c69d0122faa is updated
2017-10-28 08:29:42.128 28553 INFO heat.engine.service [req-13bd689b-4f5d-4106-a585-efc8934f20dd - - - - -] Service 1231c634-a611-4552-9733-0bcd0229559d is updated
2017-10-28 08:29:42.165 28522 INFO heat.engine.service [req-e2a298ef-b89e-4cde-9298-0bfbdd1f380a - - - - -] Service 0b05fddd-7118-49f7-b698-e81b89f80dd0 is updated
2017-10-28 08:29:42.187 28511 INFO heat.engine.service [req-c26f048d-58a0-47e3-a8cf-e7c2f2c6d72e - - - - -] Service c4991b42-b929-41c8-92ba-07735294b97d is updated
2017-10-28 08:29:42.187 28527 INFO heat.engine.service [req-9c263f50-e2ec-44e5-8eee-53add76b14f1 - - - - -] Service 27b05062-f4e2-41b9-a5a1-b78a8e7a7cab is updated
2017-10-28 08:29:42.187 28542 INFO heat.engine.service [req-f75816f2-87d0-448a-9b57-2f69a8a76574 - - - - -] Service 94a1afb2-8a32-439d-ab8f-e06a961e4433 is updated
2017-10-28 08:29:42.216 28513 INFO heat.engine.service [req-aaae9e7a-e772-4206-b4ed-7ccfc9365e7d - - - - -] Service 5ce1d5ea-a507-4dce-98d2-430354f1824f is updated
2017-10-28 08:29:42.218 28532 INFO heat.engine.service [req-24a6553d-2442-47b7-b480-650370246c18 - - - - -] Service 5e954547-3083-4e91-b56e-edaec69d9004 is updated
2017-10-28 08:29:42.238 28552 INFO heat.engine.service [req-051c3469-ce9c-4ed0-b80e-3c835eda0567 - - - - -] Service e9eaa51d-d288-442a-bc48-944d997543a3 is updated
2017-10-28 08:29:42.238 28523 INFO heat.engine.service [req-031c16b2-8f37-409d-9f95-c6431213a1b8 - - - - -] Service d7cc827c-6c72-4bc7-9c27-48fae872f1b6 is updated
2017-10-28 08:29:42.262 28561 INFO heat.engine.service [req-d76e0289-838a-41db-b329-f0a5f9094c75 - - - - -] Service 5320c9fe-fd90-45e2-9c81-06f88b38f36b is updated
2017-10-28 08:29:42.266 28538 INFO heat.engine.service [req-7b5a7822-8023-4257-abb2-10c54412e86f - - - - -] Service 174f2dbb-df8a-4407-b210-723a658db9cb is updated
2017-10-28 08:29:42.291 28516 INFO heat.engine.service [req-7dfd5b1c-c88b-4297-879a-70d59fb6bc99 - - - - -] Service 2d84e3bb-febf-485e-87fe-d93b4c80d1c4 is updated
2017-10-28 08:29:42.313 28520 INFO heat.engine.service [req-07bbaf0c-7e4a-43ac-9cbd-8b6c565a89da - - - - -] Service 4afb81d2-1ea2-4a4b-bc5f-b909623e3e74 is updated
2017-10-28 08:29:42.314 28564 INFO heat.engine.service [req-e009e95a-40fe-4669-bf8a-898e846a7a85 - - - - -] Service 8f50a07c-7ad8-4a6d-a9d3-37e4c8f0ba53 is updated
2017-10-28 08:29:42.315 28562 INFO heat.engine.service [req-21986fa5-8fa7-4763-aeac-e127a0519b80 - - - - -] Service b207e39f-b808-4c6c-8285-bd415d13ec10 is updated
2017-10-28 08:29:42.325 28510 INFO heat.engine.service [req-da1230d4-f48d-40e9-88a8-e14526374260 - - - - -] Service 4669f065-a489-481e-9850-91a9f44bc077 is updated
2017-10-28 08:29:42.327 28536 INFO heat.engine.service [req-f178f18b-bfa9-449c-b28e-4da6a29a8c9b - - - - -] Service 98ecc1ea-b227-42dc-82e7-30ac1ed9fca4 is updated
2017-10-28 08:29:42.396 28560 INFO heat.engine.service [req-b295cb8b-55f8-488a-8528-18a3796d6887 - - - - -] Service 3b95e8e7-8709-45d2-a464-bac772180735 is updated
2017-10-28 08:29:42.416 28563 INFO heat.engine.service [req-d3f0cf7e-68c0-4ae3-862a-8750bc77beb0 - - - - -] Service 4eca1835-2fb1-450f-b336-3867986a581d is updated
2017-10-28 08:29:42.420 28557 INFO heat.engine.service [req-8cf0fbb8-050b-4ac7-badf-5325bfa2f6bc - - - - -] Service 98f930a8-31b2-4e4d-8712-9e6fea660e73 is updated
2017-10-28 08:29:42.443 28519 INFO heat.engine.service [req-2d6e607f-0a50-4119-9eda-3b044ab2c90b - - - - -] Service 7d2457db-265f-4f09-a7ed-68db183e0384 is updated
2017-10-28 08:29:42.457 28533 INFO heat.engine.service [req-acea9f2d-6e44-4e43-9ab6-954aad6cf1da - - - - -] Service 3a35d7bf-f1bd-4589-a5c3-8000c3b24793 is updated
2017-10-28 08:29:42.486 28524 INFO heat.engine.service [req-f48e0a05-9d37-4bfe-8174-3cf70c4eb2e7 - - - - -] Service 2f511c44-ddf4-43a7-9fd0-41f210a8b669 is updated
2017-10-28 08:29:42.535 28517 INFO heat.engine.service [req-73495cf8-86ef-4ebd-8a76-12d3eec61a20 - - - - -] Service 750cf73f-337d-432c-9d53-30fab548b45c is updated
2017-10-28 08:29:42.545 28547 INFO heat.engine.service [req-93da1ce7-e8c9-45f0-b3f7-839ffd9ed86b - - - - -] Service 25707d32-efb1-423a-b2d4-e11dfe67bcdc is updated
2017-10-28 08:29:42.549 28541 INFO heat.engine.service [req-39fec3a3-317b-43e8-a566-3b76689400c2 - - - - -] Service 28f76f02-d340-4517-9f1d-cb1f7fd704ac is updated
2017-10-28 08:29:42.555 28554 INFO heat.engine.service [req-0f66b671-6c8b-446d-8044-194844cdba6c - - - - -] Service c7479ed7-747a-48d4-9a5a-b7161a57c39e is updated
2017-10-28 08:29:42.557 28549 INFO heat.engine.service [req-0915b477-45c3-47ab-a098-750da90559a3 - - - - -] Service 8942a6af-7411-45cf-9672-1c7d3127c49f is updated
2017-10-28 08:29:42.567 28530 INFO heat.engine.service [req-d8afe232-00b2-48af-997f-16aa01a31819 - - - - -] Service caf6df39-f07f-489e-9581-9b70becae9e2 is updated
2017-10-28 08:29:42.572 28534 INFO heat.engine.service [req-9289c1d0-654e-4be6-bd12-c3b04d2430d1 - - - - -] Service 7cdf9070-e34d-436d-aa75-65b1eb388638 is updated
2017-10-28 08:29:42.574 28537 INFO heat.engine.service [req-864b3600-c5f3-44c0-a2d6-b3be97640877 - - - - -] Service fd1e41c5-b76e-4f95-9fd6-4a9c3d626081 is updated
2017-10-28 08:29:42.643 28512 INFO heat.engine.service [req-a62f6a40-8e32-40c6-9744-c02d807b92d6 - - - - -] Service fc9cbb06-6f7c-4b69-b947-05f204b3ce3c is updated
2017-10-28 08:29:42.649 28556 INFO heat.engine.service [req-8e8229d6-90d4-4dbd-b860-fe03aa681cb7 - - - - -] Service 30227806-eb6a-421b-b64b-1f4e769dde97 is updated
2017-10-28 08:29:42.653 28518 INFO heat.engine.service [req-d91a19a2-f701-464e-adcd-aef48c396b86 - - - - -] Service dd24efbc-8915-43d4-af30-b40fa3b43c47 is updated
2017-10-28 08:29:42.663 28535 INFO heat.engine.service [req-e225bf23-ada0-4f86-aa95-9ccad7504a6b - - - - -] Service fb8da2fb-0ff3-4afc-956a-7d78b638efc3 is updated
2017-10-28 08:29:42.685 28515 INFO heat.engine.service [req-73d46cc2-273f-4cb2-8d7d-e83cdc52dc49 - - - - -] Service 1a670f48-191d-4af2-ba9b-d59280a34029 is updated
2017-10-28 08:29:42.692 28551 INFO heat.engine.service [req-eedf1312-c45b-4041-aa3c-3e05d395fbf2 - - - - -] Service 560cd9d1-ade5-4123-8efe-4822dbddfe23 is updated
2017-10-28 08:29:42.693 28558 INFO heat.engine.service [req-995fbd74-eaba-4c21-a045-7fe4ca954d4f - - - - -] Service ce91c6b2-92c3-4791-9658-c7753c86c265 is updated
2017-10-28 08:29:42.713 28540 INFO heat.engine.service [req-4f317808-73be-4a57-a36f-69f159c53bfb - - - - -] Service 48ab0354-0cc3-4574-8b4b-39578b4811f9 is updated
2017-10-28 08:29:42.721 28531 INFO heat.engine.service [req-ee2b6500-3fa3-4a57-b7f2-c0954eb63391 - - - - -] Service ff837399-1603-480b-89cf-1947330a42ab is updated
2017-10-28 08:29:42.724 28555 INFO heat.engine.service [req-7832116f-6cbd-417a-9e08-3f9ce98b8bef - - - - -] Service 6b1b66de-35d9-4105-bcd5-aa680ffcddec is updated
2017-10-28 08:29:42.728 28521 INFO heat.engine.service [req-d09192fa-b247-47d6-b69d-003ceefadd4f - - - - -] Service d42598ab-5331-4bf4-a271-327e00c8675f is updated
2017-10-28 08:29:42.739 28550 INFO heat.engine.service [req-dc2d9850-bc9a-4f6d-940d-ff104447866e - - - - -] Service ac79e68c-b408-42b8-9a3f-aaa256fcf8f0 is updated
2017-10-28 08:29:42.748 28525 INFO heat.engine.service [req-40ee694b-3df6-43ad-9e28-b96c36670935 - - - - -] Service 12fa1fd5-3e02-4695-9acb-ecf6d0c6be7e is updated
2017-10-28 08:29:42.869 28559 INFO heat.engine.service [req-f427dbd1-978f-4a6c-bf98-226cf339c68c - - - - -] Service d321ca62-b768-43f2-9c4f-f4308f362b40 is updated
2017-10-28 08:29:43.071 28539 INFO heat.engine.service [req-6520f182-0141-485e-8144-953f5adb633f - - - - -] Service 75a95404-a1b5-44f6-ba31-90e0e95c8ad0 is updated
2017-10-28 08:29:44.285 28514 INFO heat.engine.service [req-dcd0f7d2-7d7e-422a-bd86-da524e607cd7 - - - - -] Service c1ca77d3-4c81-441a-914c-e8e1795d0819 is updated
2017-10-28 08:30:42.027 28529 INFO heat.engine.service [req-96c0b96e-645e-44cc-9d95-974511ff041a - - - - -] Service 4e596928-014f-46fe-904b-2c69d0122faa is updated
2017-10-28 08:30:42.127 28553 INFO heat.engine.service [req-985a282e-0e74-4f00-a63f-a7df495823c6 - - - - -] Service 1231c634-a611-4552-9733-0bcd0229559d is updated
2017-10-28 08:30:42.162 28522 INFO heat.engine.service [req-20c69c73-fc73-4e07-ac19-8a6f00896d22 - - - - -] Service 0b05fddd-7118-49f7-b698-e81b89f80dd0 is updated
2017-10-28 08:30:42.181 28542 INFO heat.engine.service [req-1a3a9a1c-227e-4fa2-aad2-52675e9a033a - - - - -] Service 94a1afb2-8a32-439d-ab8f-e06a961e4433 is updated
2017-10-28 08:30:42.181 28511 INFO heat.engine.service [req-404ce6cc-d5c4-45c5-b34e-8c643f3c8d7b - - - - -] Service c4991b42-b929-41c8-92ba-07735294b97d is updated
2017-10-28 08:30:42.183 28527 INFO heat.engine.service [req-9e58f90a-9a34-4383-ba07-23b46c5b18a3 - - - - -] Service 27b05062-f4e2-41b9-a5a1-b78a8e7a7cab is updated
2017-10-28 08:30:42.214 28532 INFO heat.engine.service [req-4111da76-beb1-40bf-a6e0-f1a0f4acc362 - - - - -] Service 5e954547-3083-4e91-b56e-edaec69d9004 is updated
2017-10-28 08:30:42.218 28513 INFO heat.engine.service [req-697bc008-cb16-4fa0-a06c-47fc1519c6e7 - - - - -] Service 5ce1d5ea-a507-4dce-98d2-430354f1824f is updated
2017-10-28 08:30:42.235 28552 INFO heat.engine.service [req-9a5e2ee7-72ce-4fa3-8166-3dbd35b61314 - - - - -] Service e9eaa51d-d288-442a-bc48-944d997543a3 is updated
2017-10-28 08:30:42.235 28523 INFO heat.engine.service [req-34b676c1-4bf3-417b-876a-314d53c0b1c3 - - - - -] Service d7cc827c-6c72-4bc7-9c27-48fae872f1b6 is updated
2017-10-28 08:30:42.263 28538 INFO heat.engine.service [req-5fca5557-07f9-4952-ace4-3675de223676 - - - - -] Service 174f2dbb-df8a-4407-b210-723a658db9cb is updated
2017-10-28 08:30:42.268 28561 INFO heat.engine.service [req-42f9173f-dae4-45b2-a409-0ac9d52ac295 - - - - -] Service 5320c9fe-fd90-45e2-9c81-06f88b38f36b is updated
2017-10-28 08:30:42.288 28516 INFO heat.engine.service [req-130f7b90-7e77-4ff7-9ad9-e1d0d3d7ce1b - - - - -] Service 2d84e3bb-febf-485e-87fe-d93b4c80d1c4 is updated
2017-10-28 08:30:42.309 28564 INFO heat.engine.service [req-fe16cfc5-acf2-419d-98dd-79c9945c7a74 - - - - -] Service 8f50a07c-7ad8-4a6d-a9d3-37e4c8f0ba53 is updated
2017-10-28 08:30:42.310 28520 INFO heat.engine.service [req-efcb639e-6bb0-4eea-a352-dd93d961f6f4 - - - - -] Service 4afb81d2-1ea2-4a4b-bc5f-b909623e3e74 is updated
2017-10-28 08:30:42.321 28510 INFO heat.engine.service [req-496c6f4f-30f5-45e8-a5ed-40f9da3fe972 - - - - -] Service 4669f065-a489-481e-9850-91a9f44bc077 is updated
2017-10-28 08:30:42.321 28562 INFO heat.engine.service [req-f3b6146b-5cfe-40a9-bc84-74b98246f2e6 - - - - -] Service b207e39f-b808-4c6c-8285-bd415d13ec10 is updated
2017-10-28 08:30:42.325 28536 INFO heat.engine.service [req-f5c4d2e4-5758-4bc5-bbd5-8b7532a788f9 - - - - -] Service 98ecc1ea-b227-42dc-82e7-30ac1ed9fca4 is updated
2017-10-28 08:30:42.393 28560 INFO heat.engine.service [req-680e2580-18e0-4c6c-903d-cc49e67c1526 - - - - -] Service 3b95e8e7-8709-45d2-a464-bac772180735 is updated
2017-10-28 08:30:42.415 28563 INFO heat.engine.service [req-7fa2988a-24f0-4be0-bb6a-2bb4cf3da719 - - - - -] Service 4eca1835-2fb1-450f-b336-3867986a581d is updated
2017-10-28 08:30:42.417 28557 INFO heat.engine.service [req-eefbf71c-0565-4afe-8c4e-de315e5077dd - - - - -] Service 98f930a8-31b2-4e4d-8712-9e6fea660e73 is updated
2017-10-28 08:30:42.443 28519 INFO heat.engine.service [req-3dc13b03-219a-4699-823c-ccf6f5348802 - - - - -] Service 7d2457db-265f-4f09-a7ed-68db183e0384 is updated
2017-10-28 08:30:42.455 28533 INFO heat.engine.service [req-9226fdd9-2110-45a7-98ab-56fac073379a - - - - -] Service 3a35d7bf-f1bd-4589-a5c3-8000c3b24793 is updated
2017-10-28 08:30:42.482 28524 INFO heat.engine.service [req-e34c8f20-2b74-4df7-9373-42fac02a7569 - - - - -] Service 2f511c44-ddf4-43a7-9fd0-41f210a8b669 is updated
2017-10-28 08:30:42.533 28517 INFO heat.engine.service [req-a72ea916-1231-4c0f-ad1f-5d61f7e3a9c3 - - - - -] Service 750cf73f-337d-432c-9d53-30fab548b45c is updated
2017-10-28 08:30:42.541 28547 INFO heat.engine.service [req-149f5c30-15a6-441d-ab0d-b822bbc7ab3f - - - - -] Service 25707d32-efb1-423a-b2d4-e11dfe67bcdc is updated
2017-10-28 08:30:42.546 28541 INFO heat.engine.service [req-4ab39414-75f3-4f88-9b99-f265beccde39 - - - - -] Service 28f76f02-d340-4517-9f1d-cb1f7fd704ac is updated
2017-10-28 08:30:42.553 28554 INFO heat.engine.service [req-52423078-1855-426d-8c28-ade05b1f1931 - - - - -] Service c7479ed7-747a-48d4-9a5a-b7161a57c39e is updated
2017-10-28 08:30:42.556 28549 INFO heat.engine.service [req-0cd73cd4-496d-4876-8dc3-9bd0b55cd3fd - - - - -] Service 8942a6af-7411-45cf-9672-1c7d3127c49f is updated
2017-10-28 08:30:42.570 28534 INFO heat.engine.service [req-2266a17b-d081-4368-b144-ab86b7443aab - - - - -] Service 7cdf9070-e34d-436d-aa75-65b1eb388638 is updated
2017-10-28 08:30:42.573 28530 INFO heat.engine.service [req-6ca22150-8e1d-4093-b6a4-b4b07eb24272 - - - - -] Service caf6df39-f07f-489e-9581-9b70becae9e2 is updated
2017-10-28 08:30:42.582 28537 INFO heat.engine.service [req-4205fe73-b77c-4ca6-a79f-cedaed8c6947 - - - - -] Service fd1e41c5-b76e-4f95-9fd6-4a9c3d626081 is updated
2017-10-28 08:30:42.640 28512 INFO heat.engine.service [req-1b42eaca-4e4a-45b4-b0f3-337da40fafe4 - - - - -] Service fc9cbb06-6f7c-4b69-b947-05f204b3ce3c is updated
2017-10-28 08:30:42.647 28556 INFO heat.engine.service [req-f06541e1-362a-4c30-a3e1-ea8d863b6a9c - - - - -] Service 30227806-eb6a-421b-b64b-1f4e769dde97 is updated
2017-10-28 08:30:42.650 28518 INFO heat.engine.service [req-c28393f6-5157-475a-98b0-914c53700bd2 - - - - -] Service dd24efbc-8915-43d4-af30-b40fa3b43c47 is updated
2017-10-28 08:30:42.660 28535 INFO heat.engine.service [req-84a224a3-bd3d-4e8e-8b0b-282c8c8ce556 - - - - -] Service fb8da2fb-0ff3-4afc-956a-7d78b638efc3 is updated
2017-10-28 08:30:42.682 28515 INFO heat.engine.service [req-a59ebb1e-7ab9-42da-8e87-e4ead6546e6f - - - - -] Service 1a670f48-191d-4af2-ba9b-d59280a34029 is updated
2017-10-28 08:30:42.688 28551 INFO heat.engine.service [req-1bc8c8ed-471e-4017-bfd9-22ad693875ac - - - - -] Service 560cd9d1-ade5-4123-8efe-4822dbddfe23 is updated
2017-10-28 08:30:42.690 28558 INFO heat.engine.service [req-ed9b9a2f-f3a5-47fd-82fe-db9c74c6c433 - - - - -] Service ce91c6b2-92c3-4791-9658-c7753c86c265 is updated
2017-10-28 08:30:42.713 28540 INFO heat.engine.service [req-3dce6156-6cab-43e4-8d6c-c9e112c4f7ed - - - - -] Service 48ab0354-0cc3-4574-8b4b-39578b4811f9 is updated
2017-10-28 08:30:42.716 28531 INFO heat.engine.service [req-4f169ee1-1d48-49de-8e49-c535db88ec17 - - - - -] Service ff837399-1603-480b-89cf-1947330a42ab is updated
2017-10-28 08:30:42.722 28555 INFO heat.engine.service [req-dbcbe978-7b6f-4d7f-b655-cb99123c4201 - - - - -] Service 6b1b66de-35d9-4105-bcd5-aa680ffcddec is updated
2017-10-28 08:30:42.726 28521 INFO heat.engine.service [req-a2b23d6e-561b-4b89-8a68-48130226a893 - - - - -] Service d42598ab-5331-4bf4-a271-327e00c8675f is updated
2017-10-28 08:30:42.736 28550 INFO heat.engine.service [req-891081ed-89f3-47dc-8bc8-88ca7fac4d62 - - - - -] Service ac79e68c-b408-42b8-9a3f-aaa256fcf8f0 is updated
2017-10-28 08:30:42.743 28525 INFO heat.engine.service [req-e68ac88f-b35c-4d29-b7b2-f20f2c9c05cb - - - - -] Service 12fa1fd5-3e02-4695-9acb-ecf6d0c6be7e is updated
2017-10-28 08:30:42.867 28559 INFO heat.engine.service [req-63e1f06b-779a-4800-a2ee-5765b86a877a - - - - -] Service d321ca62-b768-43f2-9c4f-f4308f362b40 is updated
2017-10-28 08:30:43.055 28539 INFO heat.engine.service [req-2dbc6d78-4744-4204-a7cc-405cdac150e2 - - - - -] Service 75a95404-a1b5-44f6-ba31-90e0e95c8ad0 is updated
2017-10-28 08:30:44.284 28514 INFO heat.engine.service [req-9073c5de-3249-4d27-ae7a-1c88647eb72e - - - - -] Service c1ca77d3-4c81-441a-914c-e8e1795d0819 is updated
2017-10-28 08:31:42.035 28529 INFO heat.engine.service [req-5e25a00f-f50f-4491-90ff-f29150712622 - - - - -] Service 4e596928-014f-46fe-904b-2c69d0122faa is updated
2017-10-28 08:31:42.124 28553 INFO heat.engine.service [req-e59e64be-ece1-449a-9fd4-a20e137235d8 - - - - -] Service 1231c634-a611-4552-9733-0bcd0229559d is updated
2017-10-28 08:31:42.160 28522 INFO heat.engine.service [req-b9daaa64-6f06-4430-9a03-478b699decd2 - - - - -] Service 0b05fddd-7118-49f7-b698-e81b89f80dd0 is updated
2017-10-28 08:31:42.182 28527 INFO heat.engine.service [req-7a25b109-881a-478b-8585-4ec9c898d775 - - - - -] Service 27b05062-f4e2-41b9-a5a1-b78a8e7a7cab is updated
2017-10-28 08:31:42.187 28542 INFO heat.engine.service [req-84ddd4b8-8a47-492a-b264-f929548f7187 - - - - -] Service 94a1afb2-8a32-439d-ab8f-e06a961e4433 is updated
2017-10-28 08:31:42.188 28511 INFO heat.engine.service [req-ed71609e-9111-4731-af9a-32c944fa787a - - - - -] Service c4991b42-b929-41c8-92ba-07735294b97d is updated
2017-10-28 08:31:42.215 28532 INFO heat.engine.service [req-bb13a5fa-61a4-4ada-a939-3bc6e3be1722 - - - - -] Service 5e954547-3083-4e91-b56e-edaec69d9004 is updated
2017-10-28 08:31:42.216 28513 INFO heat.engine.service [req-9bd6a4b1-8b8a-47af-94f0-78fb282ee565 - - - - -] Service 5ce1d5ea-a507-4dce-98d2-430354f1824f is updated
2017-10-28 08:31:42.232 28523 INFO heat.engine.service [req-54a443ab-727b-420c-b927-3b9aa5dc89f5 - - - - -] Service d7cc827c-6c72-4bc7-9c27-48fae872f1b6 is updated
2017-10-28 08:31:42.232 28552 INFO heat.engine.service [req-b690caa8-fae4-4bc3-bd0d-20970950918f - - - - -] Service e9eaa51d-d288-442a-bc48-944d997543a3 is updated
2017-10-28 08:31:42.262 28538 INFO heat.engine.service [req-37e94637-2984-493f-97fd-ac053d279a81 - - - - -] Service 174f2dbb-df8a-4407-b210-723a658db9cb is updated
2017-10-28 08:31:42.266 28561 INFO heat.engine.service [req-0c1cdca1-8529-464c-9657-74ab7ebae0c5 - - - - -] Service 5320c9fe-fd90-45e2-9c81-06f88b38f36b is updated
2017-10-28 08:31:42.286 28516 INFO heat.engine.service [req-df425d95-6248-4567-9bab-1a2288e09aca - - - - -] Service 2d84e3bb-febf-485e-87fe-d93b4c80d1c4 is updated
2017-10-28 08:31:42.305 28564 INFO heat.engine.service [req-8519c3bb-7d0f-4b00-85da-77c789fa5bfc - - - - -] Service 8f50a07c-7ad8-4a6d-a9d3-37e4c8f0ba53 is updated
2017-10-28 08:31:42.306 28520 INFO heat.engine.service [req-64332b41-03db-4f1e-be55-42e74ee2f4b1 - - - - -] Service 4afb81d2-1ea2-4a4b-bc5f-b909623e3e74 is updated
2017-10-28 08:31:42.317 28562 INFO heat.engine.service [req-6d5af73f-f885-4ad9-8d30-68088c6d0de5 - - - - -] Service b207e39f-b808-4c6c-8285-bd415d13ec10 is updated
2017-10-28 08:31:42.318 28510 INFO heat.engine.service [req-6acf4a96-491a-4e75-906d-08b504765515 - - - - -] Service 4669f065-a489-481e-9850-91a9f44bc077 is updated
2017-10-28 08:31:42.322 28536 INFO heat.engine.service [req-c2e90aa6-4ab9-4257-996f-9abb65f9e28f - - - - -] Service 98ecc1ea-b227-42dc-82e7-30ac1ed9fca4 is updated
2017-10-28 08:31:42.390 28560 INFO heat.engine.service [req-136cbb10-c0e4-4fa4-9925-0d8649129a7e - - - - -] Service 3b95e8e7-8709-45d2-a464-bac772180735 is updated
2017-10-28 08:31:42.413 28563 INFO heat.engine.service [req-c20814a5-021c-4c56-b6cc-0be66467a3cd - - - - -] Service 4eca1835-2fb1-450f-b336-3867986a581d is updated
2017-10-28 08:31:42.414 28557 INFO heat.engine.service [req-f104ec56-fafd-4fb6-8829-f74ec3394586 - - - - -] Service 98f930a8-31b2-4e4d-8712-9e6fea660e73 is updated
2017-10-28 08:31:42.442 28519 INFO heat.engine.service [req-a82fd267-b2ca-41ac-8335-d78cdd50b979 - - - - -] Service 7d2457db-265f-4f09-a7ed-68db183e0384 is updated
2017-10-28 08:31:42.457 28533 INFO heat.engine.service [req-cd4f1601-d71e-4606-bdbb-4cbffb4f41ef - - - - -] Service 3a35d7bf-f1bd-4589-a5c3-8000c3b24793 is updated
2017-10-28 08:31:42.478 28524 INFO heat.engine.service [req-78a216e4-ab0b-49ce-85a7-aa0d6a5d6bdc - - - - -] Service 2f511c44-ddf4-43a7-9fd0-41f210a8b669 is updated
2017-10-28 08:31:42.530 28517 INFO heat.engine.service [req-67677318-9edc-4624-b8c5-84f654a0bed3 - - - - -] Service 750cf73f-337d-432c-9d53-30fab548b45c is updated
2017-10-28 08:31:42.538 28547 INFO heat.engine.service [req-b801fe87-5a9c-4396-b7b2-8e42b6733c1a - - - - -] Service 25707d32-efb1-423a-b2d4-e11dfe67bcdc is updated
2017-10-28 08:31:42.544 28541 INFO heat.engine.service [req-6c30a463-ec27-4af8-b125-55d60e175191 - - - - -] Service 28f76f02-d340-4517-9f1d-cb1f7fd704ac is updated
2017-10-28 08:31:42.548 28554 INFO heat.engine.service [req-948391f6-b328-42cb-9bbd-9f89d298ed36 - - - - -] Service c7479ed7-747a-48d4-9a5a-b7161a57c39e is updated
2017-10-28 08:31:42.550 28549 INFO heat.engine.service [req-545f22ec-df6a-4d19-a0d9-12af02015004 - - - - -] Service 8942a6af-7411-45cf-9672-1c7d3127c49f is updated
2017-10-28 08:31:42.567 28534 INFO heat.engine.service [req-7ac2cdf3-a670-474f-aa46-a0454211ba45 - - - - -] Service 7cdf9070-e34d-436d-aa75-65b1eb388638 is updated
2017-10-28 08:31:42.568 28530 INFO heat.engine.service [req-aa2ef2a9-2640-424f-b05d-c413d3367fc7 - - - - -] Service caf6df39-f07f-489e-9581-9b70becae9e2 is updated
2017-10-28 08:31:42.578 28537 INFO heat.engine.service [req-bffa252b-326f-49bc-89c4-cafaffa2d984 - - - - -] Service fd1e41c5-b76e-4f95-9fd6-4a9c3d626081 is updated
