2017-10-28 09:35:41.918 28529 INFO heat.engine.service [req-afb6cdf2-4f99-4464-9fb3-9fba2d22b65b - - - - -] Service 4e596928-014f-46fe-904b-2c69d0122faa is updated
2017-10-28 09:35:42.026 28553 INFO heat.engine.service [req-f5518879-ce76-4325-9098-7bbd83d8b841 - - - - -] Service 1231c634-a611-4552-9733-0bcd0229559d is updated
2017-10-28 09:35:42.027 28511 INFO heat.engine.service [req-00d231f6-cb82-4f1b-a4b0-909d748feb1c - - - - -] Service c4991b42-b929-41c8-92ba-07735294b97d is updated
2017-10-28 09:35:42.030 28522 INFO heat.engine.service [req-ef996976-ab41-4fcb-897a-563ee7d741a6 - - - - -] Service 0b05fddd-7118-49f7-b698-e81b89f80dd0 is updated
2017-10-28 09:35:42.045 28542 INFO heat.engine.service [req-f420f67a-d062-4fd4-adc4-c34ff4c9b937 - - - - -] Service 94a1afb2-8a32-439d-ab8f-e06a961e4433 is updated
2017-10-28 09:35:42.060 28532 INFO heat.engine.service [req-72b212be-706a-4d58-b067-0cdcd9a173a4 - - - - -] Service 5e954547-3083-4e91-b56e-edaec69d9004 is updated
2017-10-28 09:35:42.093 28513 INFO heat.engine.service [req-62412768-fa8d-4dc4-8c1c-83006827b087 - - - - -] Service 5ce1d5ea-a507-4dce-98d2-430354f1824f is updated
2017-10-28 09:35:42.102 28552 INFO heat.engine.service [req-f3227c19-fc59-4be9-bfe4-ff3ff1e0a6b8 - - - - -] Service e9eaa51d-d288-442a-bc48-944d997543a3 is updated
2017-10-28 09:35:42.130 28527 INFO heat.engine.service [req-ec8a9586-669b-4487-af91-4c38a7932e97 - - - - -] Service 27b05062-f4e2-41b9-a5a1-b78a8e7a7cab is updated
2017-10-28 09:35:42.139 28523 INFO heat.engine.service [req-d668eafd-0b14-41c0-8b05-5d7aee7aeff8 - - - - -] Service d7cc827c-6c72-4bc7-9c27-48fae872f1b6 is updated
2017-10-28 09:35:42.148 28538 INFO heat.engine.service [req-b02d109a-e36a-405c-8214-b8827f276e53 - - - - -] Service 174f2dbb-df8a-4407-b210-723a658db9cb is updated
2017-10-28 09:35:42.152 28516 INFO heat.engine.service [req-c40f9d6c-9d46-4ada-8c4e-d3cd6f348ead - - - - -] Service 2d84e3bb-febf-485e-87fe-d93b4c80d1c4 is updated
2017-10-28 09:35:42.183 28562 INFO heat.engine.service [req-aa4fdd75-67d9-4e32-af64-1c8021e79579 - - - - -] Service b207e39f-b808-4c6c-8285-bd415d13ec10 is updated
2017-10-28 09:35:42.188 28510 INFO heat.engine.service [req-b2367523-7255-4d83-b54f-e7f311fbf307 - - - - -] Service 4669f065-a489-481e-9850-91a9f44bc077 is updated
2017-10-28 09:35:42.218 28561 INFO heat.engine.service [req-9f87f7a6-946d-4e51-ae33-ccc1f0249a1c - - - - -] Service 5320c9fe-fd90-45e2-9c81-06f88b38f36b is updated
2017-10-28 09:35:42.218 28520 INFO heat.engine.service [req-9a02ae03-1df7-48db-a6c8-c4c002373d29 - - - - -] Service 4afb81d2-1ea2-4a4b-bc5f-b909623e3e74 is updated
2017-10-28 09:35:42.221 28564 INFO heat.engine.service [req-56182733-bd5c-4afd-97c1-d2103531ad4e - - - - -] Service 8f50a07c-7ad8-4a6d-a9d3-37e4c8f0ba53 is updated
2017-10-28 09:35:42.226 28536 INFO heat.engine.service [req-7dbd5fb2-4152-422b-a53c-b2355652be85 - - - - -] Service 98ecc1ea-b227-42dc-82e7-30ac1ed9fca4 is updated
2017-10-28 09:35:42.241 28560 INFO heat.engine.service [req-c5993d96-de3c-4234-b8e6-aa1b7fef5e17 - - - - -] Service 3b95e8e7-8709-45d2-a464-bac772180735 is updated
2017-10-28 09:35:42.262 28557 INFO heat.engine.service [req-ee7b85bc-bd64-4ec6-98ea-a5b6a49920a4 - - - - -] Service 98f930a8-31b2-4e4d-8712-9e6fea660e73 is updated
2017-10-28 09:35:42.271 28563 INFO heat.engine.service [req-6bb3d400-af1e-4730-9c66-48686b972370 - - - - -] Service 4eca1835-2fb1-450f-b336-3867986a581d is updated
2017-10-28 09:35:42.322 28519 INFO heat.engine.service [req-313b8fae-fac8-40a9-8089-dae1bfe01077 - - - - -] Service 7d2457db-265f-4f09-a7ed-68db183e0384 is updated
2017-10-28 09:35:42.335 28524 INFO heat.engine.service [req-0dc7583a-48d8-4da2-8f11-b43432dff7ba - - - - -] Service 2f511c44-ddf4-43a7-9fd0-41f210a8b669 is updated
2017-10-28 09:35:42.350 28533 INFO heat.engine.service [req-8524756a-7279-4b10-ad64-57abbda1cb79 - - - - -] Service 3a35d7bf-f1bd-4589-a5c3-8000c3b24793 is updated
2017-10-28 09:35:42.397 28547 INFO heat.engine.service [req-8dd66d92-2882-418b-80ec-88fa8e2812e2 - - - - -] Service 25707d32-efb1-423a-b2d4-e11dfe67bcdc is updated
2017-10-28 09:35:42.397 28517 INFO heat.engine.service [req-55b16e45-f379-478d-a335-aee7c4683690 - - - - -] Service 750cf73f-337d-432c-9d53-30fab548b45c is updated
2017-10-28 09:35:42.414 28554 INFO heat.engine.service [req-c68e4a9b-4743-4a73-8643-64e092ed50c6 - - - - -] Service c7479ed7-747a-48d4-9a5a-b7161a57c39e is updated
2017-10-28 09:35:42.438 28541 INFO heat.engine.service [req-3d5def38-f6c1-4dfa-839e-8c3ea1fa36ff - - - - -] Service 28f76f02-d340-4517-9f1d-cb1f7fd704ac is updated
2017-10-28 09:35:42.447 28534 INFO heat.engine.service [req-f0f1db7c-0d11-4d75-9029-6031c08b3b5b - - - - -] Service 7cdf9070-e34d-436d-aa75-65b1eb388638 is updated
2017-10-28 09:35:42.452 28537 INFO heat.engine.service [req-dcebd128-c906-4f46-b3d1-053364d61b6d - - - - -] Service fd1e41c5-b76e-4f95-9fd6-4a9c3d626081 is updated
2017-10-28 09:35:42.453 28549 INFO heat.engine.service [req-c31be0a0-60c7-4600-bba3-173799839c59 - - - - -] Service 8942a6af-7411-45cf-9672-1c7d3127c49f is updated
2017-10-28 09:35:42.462 28530 INFO heat.engine.service [req-401530a6-1de2-4f9f-9b66-5509cf26f27b - - - - -] Service caf6df39-f07f-489e-9581-9b70becae9e2 is updated
2017-10-28 09:35:42.472 28512 INFO heat.engine.service [req-fd1ee731-0f2f-4459-bd0a-977e510b7388 - - - - -] Service fc9cbb06-6f7c-4b69-b947-05f204b3ce3c is updated
2017-10-28 09:35:42.489 28556 INFO heat.engine.service [req-0213d8d8-839d-4193-9dab-8175776862c9 - - - - -] Service 30227806-eb6a-421b-b64b-1f4e769dde97 is updated
2017-10-28 09:35:42.508 28518 INFO heat.engine.service [req-6801d679-f5f7-4792-a2cc-2f0313937b69 - - - - -] Service dd24efbc-8915-43d4-af30-b40fa3b43c47 is updated
2017-10-28 09:35:42.539 28535 INFO heat.engine.service [req-5a210c0a-2930-4577-bd96-839290af6dca - - - - -] Service fb8da2fb-0ff3-4afc-956a-7d78b638efc3 is updated
2017-10-28 09:35:42.557 28558 INFO heat.engine.service [req-fd68c40f-03ea-4cbe-bb19-6e27bbaf7184 - - - - -] Service ce91c6b2-92c3-4791-9658-c7753c86c265 is updated
2017-10-28 09:35:42.588 28551 INFO heat.engine.service [req-1a2dc4f7-8a21-42f4-a136-8ac3244f0a25 - - - - -] Service 560cd9d1-ade5-4123-8efe-4822dbddfe23 is updated
2017-10-28 09:35:42.595 28515 INFO heat.engine.service [req-d3ba65b0-700f-453f-a447-0b6c3f43cba3 - - - - -] Service 1a670f48-191d-4af2-ba9b-d59280a34029 is updated
2017-10-28 09:35:42.610 28550 INFO heat.engine.service [req-2c9da357-3041-4552-bb90-50ae32273c8e - - - - -] Service ac79e68c-b408-42b8-9a3f-aaa256fcf8f0 is updated
2017-10-28 09:35:42.619 28555 INFO heat.engine.service [req-d1cd71a5-6dbb-4e6d-ab85-aeeb663ab9f7 - - - - -] Service 6b1b66de-35d9-4105-bcd5-aa680ffcddec is updated
2017-10-28 09:35:42.641 28540 INFO heat.engine.service [req-82383629-a44d-4517-a8b0-cfbb0ce5d045 - - - - -] Service 48ab0354-0cc3-4574-8b4b-39578b4811f9 is updated
2017-10-28 09:35:42.653 28531 INFO heat.engine.service [req-daac9d72-f83a-464d-ab00-7df17b92e939 - - - - -] Service ff837399-1603-480b-89cf-1947330a42ab is updated
2017-10-28 09:35:42.661 28521 INFO heat.engine.service [req-91113237-4cff-43d8-8d5a-1dbedb66b7e5 - - - - -] Service d42598ab-5331-4bf4-a271-327e00c8675f is updated
2017-10-28 09:35:42.666 28525 INFO heat.engine.service [req-95256ad3-8685-4759-8845-59769010a68a - - - - -] Service 12fa1fd5-3e02-4695-9acb-ecf6d0c6be7e is updated
2017-10-28 09:35:42.782 28559 INFO heat.engine.service [req-ed3b7925-dfb5-4a7f-b87f-dac7e259d027 - - - - -] Service d321ca62-b768-43f2-9c4f-f4308f362b40 is updated
2017-10-28 09:35:42.921 28539 INFO heat.engine.service [req-b547d32c-12f1-48cb-8764-171c3d4f3e3c - - - - -] Service 75a95404-a1b5-44f6-ba31-90e0e95c8ad0 is updated
2017-10-28 09:35:44.198 28514 INFO heat.engine.service [req-5d9ad46e-4b8a-403a-8819-a73ee17b17e1 - - - - -] Service c1ca77d3-4c81-441a-914c-e8e1795d0819 is updated
2017-10-28 09:36:41.916 28529 INFO heat.engine.service [req-e1a2a23b-a3f1-4a4a-b696-c2ecded6a0ce - - - - -] Service 4e596928-014f-46fe-904b-2c69d0122faa is updated
2017-10-28 09:36:42.023 28511 INFO heat.engine.service [req-ef7d93ee-19aa-490c-84cd-803b138f2993 - - - - -] Service c4991b42-b929-41c8-92ba-07735294b97d is updated
2017-10-28 09:36:42.024 28553 INFO heat.engine.service [req-74871a89-6023-40e9-8fb2-297c298f673e - - - - -] Service 1231c634-a611-4552-9733-0bcd0229559d is updated
2017-10-28 09:36:42.028 28522 INFO heat.engine.service [req-36970029-2b35-4d9f-b650-540fb2ffed7f - - - - -] Service 0b05fddd-7118-49f7-b698-e81b89f80dd0 is updated
2017-10-28 09:36:42.052 28542 INFO heat.engine.service [req-27d6a352-88eb-4b7e-a20c-fdfcea5cb4fc - - - - -] Service 94a1afb2-8a32-439d-ab8f-e06a961e4433 is updated
2017-10-28 09:36:42.057 28532 INFO heat.engine.service [req-13381371-9f9a-450b-ac56-2b91c375acc6 - - - - -] Service 5e954547-3083-4e91-b56e-edaec69d9004 is updated
2017-10-28 09:36:42.091 28513 INFO heat.engine.service [req-4abfc0c9-7855-4371-8884-ba9410048f03 - - - - -] Service 5ce1d5ea-a507-4dce-98d2-430354f1824f is updated
2017-10-28 09:36:42.098 28552 INFO heat.engine.service [req-454d7fb5-9dd6-42c4-9781-45c97fb63add - - - - -] Service e9eaa51d-d288-442a-bc48-944d997543a3 is updated
2017-10-28 09:36:42.133 28527 INFO heat.engine.service [req-c3f89d53-d844-4fb9-a8c8-8d1e804edc46 - - - - -] Service 27b05062-f4e2-41b9-a5a1-b78a8e7a7cab is updated
2017-10-28 09:36:42.140 28523 INFO heat.engine.service [req-efc84888-44ec-40e1-9665-11894652b864 - - - - -] Service d7cc827c-6c72-4bc7-9c27-48fae872f1b6 is updated
2017-10-28 09:36:42.146 28538 INFO heat.engine.service [req-644e10b3-b874-4f42-8c61-eb34f28baf9c - - - - -] Service 174f2dbb-df8a-4407-b210-723a658db9cb is updated
2017-10-28 09:36:42.149 28516 INFO heat.engine.service [req-78a6b179-85cb-493b-955d-76ca7d808b39 - - - - -] Service 2d84e3bb-febf-485e-87fe-d93b4c80d1c4 is updated
2017-10-28 09:36:42.183 28562 INFO heat.engine.service [req-c0ef5f7b-9cc3-4041-aecd-0168da075d55 - - - - -] Service b207e39f-b808-4c6c-8285-bd415d13ec10 is updated
2017-10-28 09:36:42.226 28510 INFO heat.engine.service [req-48f31b24-430e-4ee8-bb58-aa0744bfbe6e - - - - -] Service 4669f065-a489-481e-9850-91a9f44bc077 is updated
2017-10-28 09:36:42.260 28564 INFO heat.engine.service [req-7c55800f-1d6f-4f25-aa4d-59dfc261178e - - - - -] Service 8f50a07c-7ad8-4a6d-a9d3-37e4c8f0ba53 is updated
2017-10-28 09:36:42.260 28536 INFO heat.engine.service [req-fb86cf52-b1ed-4346-8ab0-82a7f1cea9eb - - - - -] Service 98ecc1ea-b227-42dc-82e7-30ac1ed9fca4 is updated
2017-10-28 09:36:42.327 28560 INFO heat.engine.service [req-1f1d1f00-2f4a-4d11-8a7c-8c948f1fdaa5 - - - - -] Service 3b95e8e7-8709-45d2-a464-bac772180735 is updated
2017-10-28 09:36:42.327 28557 INFO heat.engine.service [req-8c45c805-a554-425d-984d-091afd8504fd - - - - -] Service 98f930a8-31b2-4e4d-8712-9e6fea660e73 is updated
2017-10-28 09:36:42.327 28561 INFO heat.engine.service [req-a1eaa874-a58f-4227-8e78-8c2134a7dcbe - - - - -] Service 5320c9fe-fd90-45e2-9c81-06f88b38f36b is updated
2017-10-28 09:36:42.327 28520 INFO heat.engine.service [req-a37a7bc6-0e49-4ca3-b389-d81b99c2d32f - - - - -] Service 4afb81d2-1ea2-4a4b-bc5f-b909623e3e74 is updated
2017-10-28 09:36:42.332 28563 INFO heat.engine.service [req-62d6a425-3ac9-4249-9bfd-aae875bd40f4 - - - - -] Service 4eca1835-2fb1-450f-b336-3867986a581d is updated
2017-10-28 09:36:42.338 28524 INFO heat.engine.service [req-5917cf39-3237-433b-8e12-a2ceaf42851b - - - - -] Service 2f511c44-ddf4-43a7-9fd0-41f210a8b669 is updated
2017-10-28 09:36:42.340 28519 INFO heat.engine.service [req-7d81e31e-0faf-4843-8bc9-02e37c0b3565 - - - - -] Service 7d2457db-265f-4f09-a7ed-68db183e0384 is updated
2017-10-28 09:36:42.346 28533 INFO heat.engine.service [req-20172a68-893a-4631-b05b-186f3459e1e8 - - - - -] Service 3a35d7bf-f1bd-4589-a5c3-8000c3b24793 is updated
2017-10-28 09:36:42.392 28517 INFO heat.engine.service [req-3e766ee6-e346-45b1-a9b9-c2a08b6efd22 - - - - -] Service 750cf73f-337d-432c-9d53-30fab548b45c is updated
2017-10-28 09:36:42.392 28547 INFO heat.engine.service [req-22aeaece-5145-40dc-a5d2-73d2efb09362 - - - - -] Service 25707d32-efb1-423a-b2d4-e11dfe67bcdc is updated
2017-10-28 09:36:42.436 28554 INFO heat.engine.service [req-9aff7ece-3226-4931-9ba0-7eebe286954e - - - - -] Service c7479ed7-747a-48d4-9a5a-b7161a57c39e is updated
2017-10-28 09:36:42.489 28534 INFO heat.engine.service [req-e36adf0b-00eb-4063-a373-ccaf8c9b12b1 - - - - -] Service 7cdf9070-e34d-436d-aa75-65b1eb388638 is updated
2017-10-28 09:36:42.489 28537 INFO heat.engine.service [req-ecd58222-03ef-4b22-8122-4e265dc683dd - - - - -] Service fd1e41c5-b76e-4f95-9fd6-4a9c3d626081 is updated
2017-10-28 09:36:42.489 28541 INFO heat.engine.service [req-cb6c0b35-e90b-4f59-a39b-af0f7cd5baef - - - - -] Service 28f76f02-d340-4517-9f1d-cb1f7fd704ac is updated
2017-10-28 09:36:42.493 28549 INFO heat.engine.service [req-a43f9cf6-af3c-4a6a-9771-35264487dd98 - - - - -] Service 8942a6af-7411-45cf-9672-1c7d3127c49f is updated
2017-10-28 09:36:42.498 28512 INFO heat.engine.service [req-6076c7cc-2afb-4726-99b2-2509c688f5bd - - - - -] Service fc9cbb06-6f7c-4b69-b947-05f204b3ce3c is updated
2017-10-28 09:36:42.498 28530 INFO heat.engine.service [req-c0b24909-1464-4c5a-9cca-7dbb366acead - - - - -] Service caf6df39-f07f-489e-9581-9b70becae9e2 is updated
2017-10-28 09:36:42.500 28556 INFO heat.engine.service [req-0230b1dc-f042-4e0b-998c-8a8ffbfbda18 - - - - -] Service 30227806-eb6a-421b-b64b-1f4e769dde97 is updated
2017-10-28 09:36:42.505 28518 INFO heat.engine.service [req-4b21984a-68c2-432d-9350-4635ec3434d6 - - - - -] Service dd24efbc-8915-43d4-af30-b40fa3b43c47 is updated
2017-10-28 09:36:42.536 28535 INFO heat.engine.service [req-f3db3740-1511-423b-a135-a0a27b7adce3 - - - - -] Service fb8da2fb-0ff3-4afc-956a-7d78b638efc3 is updated
2017-10-28 09:36:42.570 28558 INFO heat.engine.service [req-b7f822a0-d577-4d1a-8352-1b564dbdc0ce - - - - -] Service ce91c6b2-92c3-4791-9658-c7753c86c265 is updated
2017-10-28 09:36:42.587 28551 INFO heat.engine.service [req-a5d1b5b8-d3fb-447b-ad03-a1993e170c3a - - - - -] Service 560cd9d1-ade5-4123-8efe-4822dbddfe23 is updated
2017-10-28 09:36:42.629 28515 INFO heat.engine.service [req-b8c71c5a-096f-460e-a694-a92e361c1ccb - - - - -] Service 1a670f48-191d-4af2-ba9b-d59280a34029 is updated
2017-10-28 09:36:42.629 28550 INFO heat.engine.service [req-7b5f597e-42e9-42db-a135-86333521f259 - - - - -] Service ac79e68c-b408-42b8-9a3f-aaa256fcf8f0 is updated
2017-10-28 09:36:42.632 28555 INFO heat.engine.service [req-e6416dcd-696c-4017-8698-d21613ea24ce - - - - -] Service 6b1b66de-35d9-4105-bcd5-aa680ffcddec is updated
2017-10-28 09:36:42.639 28540 INFO heat.engine.service [req-22a7a3a1-4aad-4c59-9902-7326e8ed70ba - - - - -] Service 48ab0354-0cc3-4574-8b4b-39578b4811f9 is updated
2017-10-28 09:36:42.653 28531 INFO heat.engine.service [req-c88b69cf-075f-46a4-8337-aed43815806c - - - - -] Service ff837399-1603-480b-89cf-1947330a42ab is updated
2017-10-28 09:36:42.660 28521 INFO heat.engine.service [req-c78cb632-9cf7-4975-9f35-ffdb87dc8c8b - - - - -] Service d42598ab-5331-4bf4-a271-327e00c8675f is updated
2017-10-28 09:36:42.673 28525 INFO heat.engine.service [req-c2cd5e58-6b2d-412f-b877-139f809b46fe - - - - -] Service 12fa1fd5-3e02-4695-9acb-ecf6d0c6be7e is updated
2017-10-28 09:36:42.785 28559 INFO heat.engine.service [req-d48acd76-e412-4c3f-8ebf-21d99af6a20a - - - - -] Service d321ca62-b768-43f2-9c4f-f4308f362b40 is updated
2017-10-28 09:36:42.921 28539 INFO heat.engine.service [req-607039d1-6b99-4a85-95a9-ce9045e18ba1 - - - - -] Service 75a95404-a1b5-44f6-ba31-90e0e95c8ad0 is updated
2017-10-28 09:36:44.209 28514 INFO heat.engine.service [req-17ebfd12-4586-4713-9748-37be5fae9313 - - - - -] Service c1ca77d3-4c81-441a-914c-e8e1795d0819 is updated
2017-10-28 09:37:41.914 28529 INFO heat.engine.service [req-b88a6b7f-2052-4d05-a09d-843a5015d488 - - - - -] Service 4e596928-014f-46fe-904b-2c69d0122faa is updated
2017-10-28 09:37:42.020 28511 INFO heat.engine.service [req-c2547582-362b-4128-85f8-06d3a94af896 - - - - -] Service c4991b42-b929-41c8-92ba-07735294b97d is updated
2017-10-28 09:37:42.022 28553 INFO heat.engine.service [req-32f19395-edcb-4c43-99ea-99015b958ab4 - - - - -] Service 1231c634-a611-4552-9733-0bcd0229559d is updated
2017-10-28 09:37:42.025 28522 INFO heat.engine.service [req-073084c7-239c-47af-b4db-00628910d764 - - - - -] Service 0b05fddd-7118-49f7-b698-e81b89f80dd0 is updated
2017-10-28 09:37:42.049 28542 INFO heat.engine.service [req-fef58819-6c8c-41d1-95bc-0644f081db26 - - - - -] Service 94a1afb2-8a32-439d-ab8f-e06a961e4433 is updated
2017-10-28 09:37:42.055 28532 INFO heat.engine.service [req-cae787f4-992e-4a14-a7eb-b0cf772bf1a0 - - - - -] Service 5e954547-3083-4e91-b56e-edaec69d9004 is updated
2017-10-28 09:37:42.088 28513 INFO heat.engine.service [req-31b248be-fcd7-48d0-b399-79709b95c24b - - - - -] Service 5ce1d5ea-a507-4dce-98d2-430354f1824f is updated
2017-10-28 09:37:42.095 28552 INFO heat.engine.service [req-780551ea-8fb1-4b19-a9e3-e67fb815f9ca - - - - -] Service e9eaa51d-d288-442a-bc48-944d997543a3 is updated
2017-10-28 09:37:42.134 28527 INFO heat.engine.service [req-d9b9eabe-4d60-4ffc-a919-5f93171c43d4 - - - - -] Service 27b05062-f4e2-41b9-a5a1-b78a8e7a7cab is updated
2017-10-28 09:37:42.138 28523 INFO heat.engine.service [req-bf61862b-6db3-4354-b859-b034ac5e43f7 - - - - -] Service d7cc827c-6c72-4bc7-9c27-48fae872f1b6 is updated
2017-10-28 09:37:42.145 28538 INFO heat.engine.service [req-9f8409c7-8bba-4130-b205-163891976a44 - - - - -] Service 174f2dbb-df8a-4407-b210-723a658db9cb is updated
2017-10-28 09:37:42.147 28516 INFO heat.engine.service [req-f3ad262f-db14-4a2a-bd26-792a69e4ff3b - - - - -] Service 2d84e3bb-febf-485e-87fe-d93b4c80d1c4 is updated
2017-10-28 09:37:42.180 28562 INFO heat.engine.service [req-8d3868ee-4ab5-404f-bc81-2a4607412431 - - - - -] Service b207e39f-b808-4c6c-8285-bd415d13ec10 is updated
2017-10-28 09:37:42.182 28510 INFO heat.engine.service [req-c5f95bb5-9d82-41a2-8223-5e3b5acb0d3f - - - - -] Service 4669f065-a489-481e-9850-91a9f44bc077 is updated
2017-10-28 09:37:42.206 28520 INFO heat.engine.service [req-83dbb025-7535-4af4-aa61-5a9aaa9eeee5 - - - - -] Service 4afb81d2-1ea2-4a4b-bc5f-b909623e3e74 is updated
2017-10-28 09:37:42.206 28561 INFO heat.engine.service [req-5b44d9e6-1f57-4231-95b9-474e3c7d4e39 - - - - -] Service 5320c9fe-fd90-45e2-9c81-06f88b38f36b is updated
2017-10-28 09:37:42.208 28564 INFO heat.engine.service [req-b9ee23b6-0390-4c1b-a740-7ef82eec9967 - - - - -] Service 8f50a07c-7ad8-4a6d-a9d3-37e4c8f0ba53 is updated
2017-10-28 09:37:42.226 28536 INFO heat.engine.service [req-80abe50d-ad71-47e6-805e-a8b28a653c64 - - - - -] Service 98ecc1ea-b227-42dc-82e7-30ac1ed9fca4 is updated
2017-10-28 09:37:42.233 28560 INFO heat.engine.service [req-76ec2b0a-f8ef-4339-a7ba-36892c1c93e2 - - - - -] Service 3b95e8e7-8709-45d2-a464-bac772180735 is updated
2017-10-28 09:37:42.265 28557 INFO heat.engine.service [req-12d52878-67c2-4c2f-a15c-e513c66b0a1b - - - - -] Service 98f930a8-31b2-4e4d-8712-9e6fea660e73 is updated
2017-10-28 09:37:42.270 28563 INFO heat.engine.service [req-fbf2dee6-2404-4ceb-812e-a6b8e4e18f41 - - - - -] Service 4eca1835-2fb1-450f-b336-3867986a581d is updated
2017-10-28 09:37:42.313 28519 INFO heat.engine.service [req-d51ff218-3542-4f42-96d2-c03dedd34f73 - - - - -] Service 7d2457db-265f-4f09-a7ed-68db183e0384 is updated
2017-10-28 09:37:42.334 28524 INFO heat.engine.service [req-1be329b2-7144-4752-b3d1-9abf81d80418 - - - - -] Service 2f511c44-ddf4-43a7-9fd0-41f210a8b669 is updated
2017-10-28 09:37:42.343 28533 INFO heat.engine.service [req-ee9527c6-f98a-4cd4-b020-0b491b75803f - - - - -] Service 3a35d7bf-f1bd-4589-a5c3-8000c3b24793 is updated
2017-10-28 09:37:42.399 28517 INFO heat.engine.service [req-ff61965e-ee5b-4616-941f-06cb3a577a13 - - - - -] Service 750cf73f-337d-432c-9d53-30fab548b45c is updated
2017-10-28 09:37:42.399 28547 INFO heat.engine.service [req-00ff5b94-7f1b-4124-8e97-a99fab37e924 - - - - -] Service 25707d32-efb1-423a-b2d4-e11dfe67bcdc is updated
2017-10-28 09:37:42.423 28554 INFO heat.engine.service [req-8dde315c-6b23-419d-b480-9fc562229f4f - - - - -] Service c7479ed7-747a-48d4-9a5a-b7161a57c39e is updated
2017-10-28 09:37:42.436 28541 INFO heat.engine.service [req-15b8107c-2da8-43c9-9663-07367916e5d0 - - - - -] Service 28f76f02-d340-4517-9f1d-cb1f7fd704ac is updated
2017-10-28 09:37:42.446 28534 INFO heat.engine.service [req-2ca68dfe-8b94-49f9-9bae-9d3d6ebe6d15 - - - - -] Service 7cdf9070-e34d-436d-aa75-65b1eb388638 is updated
2017-10-28 09:37:42.446 28537 INFO heat.engine.service [req-a66bb928-980e-487b-b2b1-05b00fabff64 - - - - -] Service fd1e41c5-b76e-4f95-9fd6-4a9c3d626081 is updated
2017-10-28 09:37:42.451 28549 INFO heat.engine.service [req-5f683910-56a7-4905-9946-09851a97f8ff - - - - -] Service 8942a6af-7411-45cf-9672-1c7d3127c49f is updated
2017-10-28 09:37:42.457 28530 INFO heat.engine.service [req-4829c89c-9f4a-416d-a48f-722078bcc7b6 - - - - -] Service caf6df39-f07f-489e-9581-9b70becae9e2 is updated
2017-10-28 09:37:42.466 28512 INFO heat.engine.service [req-fee48e88-d7dd-4dec-ac0a-6aa6007ecaa8 - - - - -] Service fc9cbb06-6f7c-4b69-b947-05f204b3ce3c is updated
2017-10-28 09:37:42.487 28556 INFO heat.engine.service [req-28988185-b769-4a39-bcad-8c00e9a097d9 - - - - -] Service 30227806-eb6a-421b-b64b-1f4e769dde97 is updated
2017-10-28 09:37:42.504 28518 INFO heat.engine.service [req-e1b550ee-9917-4344-8136-569384951e41 - - - - -] Service dd24efbc-8915-43d4-af30-b40fa3b43c47 is updated
2017-10-28 09:37:42.533 28535 INFO heat.engine.service [req-89419db4-6c89-4270-92d0-458f71d08183 - - - - -] Service fb8da2fb-0ff3-4afc-956a-7d78b638efc3 is updated
2017-10-28 09:37:42.557 28558 INFO heat.engine.service [req-8233a68f-cee4-48c2-883f-90ddd6ff0214 - - - - -] Service ce91c6b2-92c3-4791-9658-c7753c86c265 is updated
2017-10-28 09:37:42.582 28551 INFO heat.engine.service [req-9df0e6e3-821b-44ec-9945-65c98ba3f2bf - - - - -] Service 560cd9d1-ade5-4123-8efe-4822dbddfe23 is updated
2017-10-28 09:37:42.594 28515 INFO heat.engine.service [req-cffce0a6-f9b0-4617-a534-0cd9dc75eed5 - - - - -] Service 1a670f48-191d-4af2-ba9b-d59280a34029 is updated
2017-10-28 09:37:42.606 28550 INFO heat.engine.service [req-57562d00-4377-4be9-b5bd-f4a9d9279654 - - - - -] Service ac79e68c-b408-42b8-9a3f-aaa256fcf8f0 is updated
2017-10-28 09:37:42.619 28555 INFO heat.engine.service [req-0272cc94-d7e5-4f1a-aeba-4f52e414db34 - - - - -] Service 6b1b66de-35d9-4105-bcd5-aa680ffcddec is updated
2017-10-28 09:37:42.634 28540 INFO heat.engine.service [req-14713ae0-9015-4b95-963e-cd9bd6288a5f - - - - -] Service 48ab0354-0cc3-4574-8b4b-39578b4811f9 is updated
2017-10-28 09:37:42.657 28531 INFO heat.engine.service [req-9326e60f-b57a-434a-9296-d2c8cbf84e39 - - - - -] Service ff837399-1603-480b-89cf-1947330a42ab is updated
2017-10-28 09:37:42.663 28521 INFO heat.engine.service [req-cc4c3963-a9f7-462a-acca-c381e99266ff - - - - -] Service d42598ab-5331-4bf4-a271-327e00c8675f is updated
2017-10-28 09:37:42.670 28525 INFO heat.engine.service [req-c1e14b54-62ec-4429-85fb-530cee596afa - - - - -] Service 12fa1fd5-3e02-4695-9acb-ecf6d0c6be7e is updated
2017-10-28 09:37:42.784 28559 INFO heat.engine.service [req-c7425107-cf14-4776-af9c-6076540de213 - - - - -] Service d321ca62-b768-43f2-9c4f-f4308f362b40 is updated
2017-10-28 09:37:42.919 28539 INFO heat.engine.service [req-bc746a47-b563-43f9-a18a-fbe20dd0e436 - - - - -] Service 75a95404-a1b5-44f6-ba31-90e0e95c8ad0 is updated
2017-10-28 09:37:44.197 28514 INFO heat.engine.service [req-0de06d45-39f5-4b7d-a1b6-37b51a67a991 - - - - -] Service c1ca77d3-4c81-441a-914c-e8e1795d0819 is updated
2017-10-28 09:38:41.912 28529 INFO heat.engine.service [req-de5a8c3c-0d43-4435-8064-c299c2aea940 - - - - -] Service 4e596928-014f-46fe-904b-2c69d0122faa is updated
2017-10-28 09:38:42.018 28511 INFO heat.engine.service [req-3ea509dd-767f-4689-b90f-95110e5ff6af - - - - -] Service c4991b42-b929-41c8-92ba-07735294b97d is updated
2017-10-28 09:38:42.019 28553 INFO heat.engine.service [req-a920b121-d1c4-4df9-af09-c304c524b319 - - - - -] Service 1231c634-a611-4552-9733-0bcd0229559d is updated
2017-10-28 09:38:42.023 28522 INFO heat.engine.service [req-8d4d4879-6c31-4410-88c0-36a6dd3f6adc - - - - -] Service 0b05fddd-7118-49f7-b698-e81b89f80dd0 is updated
2017-10-28 09:38:42.046 28542 INFO heat.engine.service [req-ab02cc28-ffa9-46d0-bd89-fa222f49841b - - - - -] Service 94a1afb2-8a32-439d-ab8f-e06a961e4433 is updated
2017-10-28 09:38:42.051 28532 INFO heat.engine.service [req-d9db8474-1f5b-4896-bac7-4db3bb3e8759 - - - - -] Service 5e954547-3083-4e91-b56e-edaec69d9004 is updated
2017-10-28 09:38:42.083 28513 INFO heat.engine.service [req-bd44263f-bb49-4792-9a8b-7e36e197e4a2 - - - - -] Service 5ce1d5ea-a507-4dce-98d2-430354f1824f is updated
2017-10-28 09:38:42.092 28552 INFO heat.engine.service [req-cc14207c-f48a-4c66-8c21-e7f043c73359 - - - - -] Service e9eaa51d-d288-442a-bc48-944d997543a3 is updated
2017-10-28 09:38:42.131 28523 INFO heat.engine.service [req-ef092574-2446-4603-8316-005c75d51369 - - - - -] Service d7cc827c-6c72-4bc7-9c27-48fae872f1b6 is updated
2017-10-28 09:38:42.135 28527 INFO heat.engine.service [req-c66bbe40-3647-4d91-ab29-55a62341e6b2 - - - - -] Service 27b05062-f4e2-41b9-a5a1-b78a8e7a7cab is updated
2017-10-28 09:38:42.140 28538 INFO heat.engine.service [req-fd6108e6-1096-4436-bfe7-18b77718108b - - - - -] Service 174f2dbb-df8a-4407-b210-723a658db9cb is updated
2017-10-28 09:38:42.142 28516 INFO heat.engine.service [req-a91e3228-0bdb-409b-ab98-51473323f8da - - - - -] Service 2d84e3bb-febf-485e-87fe-d93b4c80d1c4 is updated
2017-10-28 09:38:42.177 28562 INFO heat.engine.service [req-f14f004f-eff2-4dc6-85da-043d41896e56 - - - - -] Service b207e39f-b808-4c6c-8285-bd415d13ec10 is updated
2017-10-28 09:38:42.179 28510 INFO heat.engine.service [req-76439545-d051-4776-8033-fee4cc4f2d56 - - - - -] Service 4669f065-a489-481e-9850-91a9f44bc077 is updated
2017-10-28 09:38:42.204 28561 INFO heat.engine.service [req-99a5ad5e-92e1-483b-8102-99614e2b0c2c - - - - -] Service 5320c9fe-fd90-45e2-9c81-06f88b38f36b is updated
2017-10-28 09:38:42.204 28520 INFO heat.engine.service [req-1e70c63a-0976-4eb0-ba30-9f54be0b5a09 - - - - -] Service 4afb81d2-1ea2-4a4b-bc5f-b909623e3e74 is updated
2017-10-28 09:38:42.205 28564 INFO heat.engine.service [req-de600c1d-5ad9-4303-a847-6052842afcf8 - - - - -] Service 8f50a07c-7ad8-4a6d-a9d3-37e4c8f0ba53 is updated
2017-10-28 09:38:42.223 28536 INFO heat.engine.service [req-f8153b2d-7f9a-4ad5-8bd2-d378595e7f4b - - - - -] Service 98ecc1ea-b227-42dc-82e7-30ac1ed9fca4 is updated
2017-10-28 09:38:42.229 28560 INFO heat.engine.service [req-4fed326c-cf41-446a-a709-fcf1ac99be40 - - - - -] Service 3b95e8e7-8709-45d2-a464-bac772180735 is updated
2017-10-28 09:38:42.263 28557 INFO heat.engine.service [req-26ab6021-7425-42ef-9f30-f826fff1c2a4 - - - - -] Service 98f930a8-31b2-4e4d-8712-9e6fea660e73 is updated
2017-10-28 09:38:42.267 28563 INFO heat.engine.service [req-f70b2ed7-571c-44f7-a0bc-d297f4dd45eb - - - - -] Service 4eca1835-2fb1-450f-b336-3867986a581d is updated
2017-10-28 09:38:42.319 28519 INFO heat.engine.service [req-aaee23e0-c5d0-4c78-943a-8cdfe23cd28f - - - - -] Service 7d2457db-265f-4f09-a7ed-68db183e0384 is updated
2017-10-28 09:38:42.331 28524 INFO heat.engine.service [req-470f716f-b9e7-42e2-a798-6f6601ee51d6 - - - - -] Service 2f511c44-ddf4-43a7-9fd0-41f210a8b669 is updated
2017-10-28 09:38:42.340 28533 INFO heat.engine.service [req-204b7a2e-f96d-4852-a90b-1cb7730b174b - - - - -] Service 3a35d7bf-f1bd-4589-a5c3-8000c3b24793 is updated
2017-10-28 09:38:42.395 28547 INFO heat.engine.service [req-c21448e5-edca-46a1-8fae-45666d081834 - - - - -] Service 25707d32-efb1-423a-b2d4-e11dfe67bcdc is updated
2017-10-28 09:38:42.396 28517 INFO heat.engine.service [req-49d3a00b-5874-495d-8862-c182a6aebf14 - - - - -] Service 750cf73f-337d-432c-9d53-30fab548b45c is updated
2017-10-28 09:38:42.419 28554 INFO heat.engine.service [req-73baf4a3-71e2-4763-b358-5cad0e9c06c3 - - - - -] Service c7479ed7-747a-48d4-9a5a-b7161a57c39e is updated
2017-10-28 09:38:42.433 28541 INFO heat.engine.service [req-079326d2-5f04-4464-8f3e-f879324a60b8 - - - - -] Service 28f76f02-d340-4517-9f1d-cb1f7fd704ac is updated
2017-10-28 09:38:42.443 28537 INFO heat.engine.service [req-d3b3d58e-6626-4bbb-b811-29bfa5579737 - - - - -] Service fd1e41c5-b76e-4f95-9fd6-4a9c3d626081 is updated
2017-10-28 09:38:42.443 28534 INFO heat.engine.service [req-6bc4eb96-87ab-45d2-b602-ba304583209c - - - - -] Service 7cdf9070-e34d-436d-aa75-65b1eb388638 is updated
2017-10-28 09:38:42.447 28549 INFO heat.engine.service [req-079d89c1-4d27-4108-ad58-ad04fd48d825 - - - - -] Service 8942a6af-7411-45cf-9672-1c7d3127c49f is updated
2017-10-28 09:38:42.455 28530 INFO heat.engine.service [req-80704565-c239-4772-8b12-666c20b44c68 - - - - -] Service caf6df39-f07f-489e-9581-9b70becae9e2 is updated
2017-10-28 09:38:42.463 28512 INFO heat.engine.service [req-610d106c-5b5f-4b44-af10-d6162709b06d - - - - -] Service fc9cbb06-6f7c-4b69-b947-05f204b3ce3c is updated
2017-10-28 09:38:42.483 28556 INFO heat.engine.service [req-cda06218-0e59-4611-a409-d7b12d5df246 - - - - -] Service 30227806-eb6a-421b-b64b-1f4e769dde97 is updated
2017-10-28 09:38:42.500 28518 INFO heat.engine.service [req-a6d62ece-d5ec-4e56-9da1-e70eaa39169d - - - - -] Service dd24efbc-8915-43d4-af30-b40fa3b43c47 is updated
2017-10-28 09:38:42.530 28535 INFO heat.engine.service [req-fd30fae3-6d03-44b2-bfd2-2a8e2095f9c6 - - - - -] Service fb8da2fb-0ff3-4afc-956a-7d78b638efc3 is updated
2017-10-28 09:38:42.556 28558 INFO heat.engine.service [req-4344cc79-ad4b-41d0-a906-2bf67bc87c86 - - - - -] Service ce91c6b2-92c3-4791-9658-c7753c86c265 is updated
2017-10-28 09:38:42.588 28551 INFO heat.engine.service [req-bf01ce3f-96de-443b-9a70-d4d6024b6ccd - - - - -] Service 560cd9d1-ade5-4123-8efe-4822dbddfe23 is updated
2017-10-28 09:38:42.601 28515 INFO heat.engine.service [req-8298a69a-7062-4ab1-b833-30e455fb3184 - - - - -] Service 1a670f48-191d-4af2-ba9b-d59280a34029 is updated
2017-10-28 09:38:42.602 28550 INFO heat.engine.service [req-3237fd5e-2694-477b-8744-e4b0a67c2878 - - - - -] Service ac79e68c-b408-42b8-9a3f-aaa256fcf8f0 is updated
2017-10-28 09:38:42.616 28555 INFO heat.engine.service [req-4676b3e4-ff1b-4d5f-b55d-556ad18c043e - - - - -] Service 6b1b66de-35d9-4105-bcd5-aa680ffcddec is updated
2017-10-28 09:38:42.641 28540 INFO heat.engine.service [req-b5ecb154-251b-4a7b-b4f3-88609856c4dc - - - - -] Service 48ab0354-0cc3-4574-8b4b-39578b4811f9 is updated
2017-10-28 09:38:42.657 28531 INFO heat.engine.service [req-ae8ca27b-3b29-4e14-a1f9-b207b658f8cb - - - - -] Service ff837399-1603-480b-89cf-1947330a42ab is updated
2017-10-28 09:38:42.659 28521 INFO heat.engine.service [req-2d2f1f95-8d2b-4e61-90c0-a8c450ac66af - - - - -] Service d42598ab-5331-4bf4-a271-327e00c8675f is updated
2017-10-28 09:38:42.663 28525 INFO heat.engine.service [req-84d4acda-aa0d-42f2-8827-a1227f0ea7c9 - - - - -] Service 12fa1fd5-3e02-4695-9acb-ecf6d0c6be7e is updated
2017-10-28 09:38:42.797 28559 INFO heat.engine.service [req-eddeb4b0-b5fa-489f-8a83-93bc0e8d8baa - - - - -] Service d321ca62-b768-43f2-9c4f-f4308f362b40 is updated
2017-10-28 09:38:42.915 28539 INFO heat.engine.service [req-48921f6e-d4d4-423b-9516-2db0396b6793 - - - - -] Service 75a95404-a1b5-44f6-ba31-90e0e95c8ad0 is updated
2017-10-28 09:38:44.197 28514 INFO heat.engine.service [req-1fd150aa-c002-4bdd-aaf7-a23eec3d241d - - - - -] Service c1ca77d3-4c81-441a-914c-e8e1795d0819 is updated
2017-10-28 09:39:41.910 28529 INFO heat.engine.service [req-a9decb08-275a-437d-a930-38fef9accb47 - - - - -] Service 4e596928-014f-46fe-904b-2c69d0122faa is updated
2017-10-28 09:39:42.015 28511 INFO heat.engine.service [req-b67622f1-dbfd-460e-a899-b865de6e8d3f - - - - -] Service c4991b42-b929-41c8-92ba-07735294b97d is updated
2017-10-28 09:39:42.015 28553 INFO heat.engine.service [req-c14c277d-f55d-4ee6-9ec8-146b23d14a3e - - - - -] Service 1231c634-a611-4552-9733-0bcd0229559d is updated
2017-10-28 09:39:42.020 28522 INFO heat.engine.service [req-d85f39a6-fecc-49ab-a44e-29bb7be558ae - - - - -] Service 0b05fddd-7118-49f7-b698-e81b89f80dd0 is updated
2017-10-28 09:39:42.043 28542 INFO heat.engine.service [req-38873a2f-c5e5-4400-af3f-bb0da59ab267 - - - - -] Service 94a1afb2-8a32-439d-ab8f-e06a961e4433 is updated
2017-10-28 09:39:42.048 28532 INFO heat.engine.service [req-8a016c67-a8c8-45f6-b6b0-956e60c906ca - - - - -] Service 5e954547-3083-4e91-b56e-edaec69d9004 is updated
2017-10-28 09:39:42.089 28552 INFO heat.engine.service [req-7d99a12f-e51e-4db3-8379-d5bb5ca7d77c - - - - -] Service e9eaa51d-d288-442a-bc48-944d997543a3 is updated
2017-10-28 09:39:42.090 28513 INFO heat.engine.service [req-b2605000-966d-4b22-8def-995d92f36108 - - - - -] Service 5ce1d5ea-a507-4dce-98d2-430354f1824f is updated
2017-10-28 09:39:42.133 28527 INFO heat.engine.service [req-6740f150-ebf8-4d69-8bd6-311e68fb3e05 - - - - -] Service 27b05062-f4e2-41b9-a5a1-b78a8e7a7cab is updated
2017-10-28 09:39:42.136 28538 INFO heat.engine.service [req-60b194eb-8ff7-4fdb-bd57-c8f4ad0890c8 - - - - -] Service 174f2dbb-df8a-4407-b210-723a658db9cb is updated
2017-10-28 09:39:42.137 28523 INFO heat.engine.service [req-b45b5801-a819-4d4e-9f2d-ab8384c97952 - - - - -] Service d7cc827c-6c72-4bc7-9c27-48fae872f1b6 is updated
2017-10-28 09:39:42.139 28516 INFO heat.engine.service [req-a0ef931e-55a1-4db2-a644-3f14cf4334d8 - - - - -] Service 2d84e3bb-febf-485e-87fe-d93b4c80d1c4 is updated
2017-10-28 09:39:42.174 28562 INFO heat.engine.service [req-9b5618f7-5261-439c-b88d-4284e353447c - - - - -] Service b207e39f-b808-4c6c-8285-bd415d13ec10 is updated
2017-10-28 09:39:42.175 28510 INFO heat.engine.service [req-15af1391-dafd-4616-93ea-5eae18840b21 - - - - -] Service 4669f065-a489-481e-9850-91a9f44bc077 is updated
2017-10-28 09:39:42.199 28564 INFO heat.engine.service [req-63e08df6-8c91-4b75-8a43-37a16703d4a5 - - - - -] Service 8f50a07c-7ad8-4a6d-a9d3-37e4c8f0ba53 is updated
2017-10-28 09:39:42.201 28561 INFO heat.engine.service [req-d0629c5f-16d1-4437-90a3-5c20919f6dbc - - - - -] Service 5320c9fe-fd90-45e2-9c81-06f88b38f36b is updated
2017-10-28 09:39:42.201 28520 INFO heat.engine.service [req-43b2a794-4c45-497c-a6c0-702c880b6fd8 - - - - -] Service 4afb81d2-1ea2-4a4b-bc5f-b909623e3e74 is updated
2017-10-28 09:39:42.219 28536 INFO heat.engine.service [req-eb37c6a2-84bc-4298-ae49-450990f4b6a4 - - - - -] Service 98ecc1ea-b227-42dc-82e7-30ac1ed9fca4 is updated
2017-10-28 09:39:42.227 28560 INFO heat.engine.service [req-d8bbf16c-6f1d-4839-a757-2b5498bdd532 - - - - -] Service 3b95e8e7-8709-45d2-a464-bac772180735 is updated
2017-10-28 09:39:42.262 28557 INFO heat.engine.service [req-269dca4a-25b2-4a54-a223-9bfeff7f9159 - - - - -] Service 98f930a8-31b2-4e4d-8712-9e6fea660e73 is updated
2017-10-28 09:39:42.264 28563 INFO heat.engine.service [req-533f41c3-7383-484c-bff8-e8beed5fb66b - - - - -] Service 4eca1835-2fb1-450f-b336-3867986a581d is updated
2017-10-28 09:39:42.317 28519 INFO heat.engine.service [req-6158b0d4-136c-48d6-8ca3-225f5dd7713e - - - - -] Service 7d2457db-265f-4f09-a7ed-68db183e0384 is updated
2017-10-28 09:39:42.327 28524 INFO heat.engine.service [req-5080053c-37af-424b-9edc-16b57a147106 - - - - -] Service 2f511c44-ddf4-43a7-9fd0-41f210a8b669 is updated
2017-10-28 09:39:42.337 28533 INFO heat.engine.service [req-e04c213c-91db-4312-95c1-e79bc1b81794 - - - - -] Service 3a35d7bf-f1bd-4589-a5c3-8000c3b24793 is updated
2017-10-28 09:39:42.393 28547 INFO heat.engine.service [req-ba6a01e0-b7bb-4d84-b9af-0553b7760b27 - - - - -] Service 25707d32-efb1-423a-b2d4-e11dfe67bcdc is updated
2017-10-28 09:39:42.393 28517 INFO heat.engine.service [req-e144762f-997b-41e4-982e-2c86ac21bf7d - - - - -] Service 750cf73f-337d-432c-9d53-30fab548b45c is updated
2017-10-28 09:39:42.415 28554 INFO heat.engine.service [req-f80ab984-c5a3-495c-a941-c7acee7231c4 - - - - -] Service c7479ed7-747a-48d4-9a5a-b7161a57c39e is updated
2017-10-28 09:39:42.429 28541 INFO heat.engine.service [req-30a7963a-9eb0-4a4b-a9e5-3f856349f161 - - - - -] Service 28f76f02-d340-4517-9f1d-cb1f7fd704ac is updated
2017-10-28 09:39:42.440 28534 INFO heat.engine.service [req-efdd5e2c-5bed-41cf-843a-1c2c679e485a - - - - -] Service 7cdf9070-e34d-436d-aa75-65b1eb388638 is updated
2017-10-28 09:39:42.442 28537 INFO heat.engine.service [req-673b71fe-7ff0-4b36-a5b1-389d7af1df35 - - - - -] Service fd1e41c5-b76e-4f95-9fd6-4a9c3d626081 is updated
2017-10-28 09:39:42.444 28549 INFO heat.engine.service [req-f8e29156-1a45-47b1-a4fa-2fb13dc4daa6 - - - - -] Service 8942a6af-7411-45cf-9672-1c7d3127c49f is updated
2017-10-28 09:39:42.452 28530 INFO heat.engine.service [req-f0d9a286-a7ab-4eea-90dc-01e2b470df8b - - - - -] Service caf6df39-f07f-489e-9581-9b70becae9e2 is updated
2017-10-28 09:39:42.460 28512 INFO heat.engine.service [req-963b016b-dd49-481e-b3f4-ea68274516b4 - - - - -] Service fc9cbb06-6f7c-4b69-b947-05f204b3ce3c is updated
2017-10-28 09:39:42.481 28556 INFO heat.engine.service [req-0222fff1-6e40-41f0-8008-ca8d1e4769f5 - - - - -] Service 30227806-eb6a-421b-b64b-1f4e769dde97 is updated
2017-10-28 09:39:42.498 28518 INFO heat.engine.service [req-f23c088d-2aad-4f6b-b6da-ef6faa3adb52 - - - - -] Service dd24efbc-8915-43d4-af30-b40fa3b43c47 is updated
2017-10-28 09:39:42.527 28535 INFO heat.engine.service [req-65411216-435d-4f0d-b97f-05bd66e241fa - - - - -] Service fb8da2fb-0ff3-4afc-956a-7d78b638efc3 is updated
2017-10-28 09:39:42.553 28558 INFO heat.engine.service [req-7e1a8b2d-6ca2-4b93-91fc-ce9926d7ce85 - - - - -] Service ce91c6b2-92c3-4791-9658-c7753c86c265 is updated
2017-10-28 09:39:42.585 28551 INFO heat.engine.service [req-0f584245-788a-4832-a0ba-9223c5697cdc - - - - -] Service 560cd9d1-ade5-4123-8efe-4822dbddfe23 is updated
2017-10-28 09:39:42.598 28515 INFO heat.engine.service [req-1574877c-c6bd-408c-953f-bdf620f96906 - - - - -] Service 1a670f48-191d-4af2-ba9b-d59280a34029 is updated
2017-10-28 09:39:42.599 28550 INFO heat.engine.service [req-517175d9-bd92-4a1f-8885-0a0a327004ef - - - - -] Service ac79e68c-b408-42b8-9a3f-aaa256fcf8f0 is updated
2017-10-28 09:39:42.612 28555 INFO heat.engine.service [req-326646db-71aa-42e4-8537-4ca834d928ab - - - - -] Service 6b1b66de-35d9-4105-bcd5-aa680ffcddec is updated
2017-10-28 09:39:42.638 28540 INFO heat.engine.service [req-e9759586-cd44-4fcb-b9aa-5719f43f55ca - - - - -] Service 48ab0354-0cc3-4574-8b4b-39578b4811f9 is updated
2017-10-28 09:39:42.655 28521 INFO heat.engine.service [req-e46cecb1-d646-4c0c-8b76-d0529394a1c1 - - - - -] Service d42598ab-5331-4bf4-a271-327e00c8675f is updated
2017-10-28 09:39:42.655 28531 INFO heat.engine.service [req-00df99f7-ffbd-43db-9b59-3930a8490fdf - - - - -] Service ff837399-1603-480b-89cf-1947330a42ab is updated
2017-10-28 09:39:42.670 28525 INFO heat.engine.service [req-bc56faa7-3698-4c3f-860f-f1dc7142604e - - - - -] Service 12fa1fd5-3e02-4695-9acb-ecf6d0c6be7e is updated
2017-10-28 09:39:42.785 28559 INFO heat.engine.service [req-78fcbe0b-cfb5-4ace-ac48-fedfb79665d1 - - - - -] Service d321ca62-b768-43f2-9c4f-f4308f362b40 is updated
2017-10-28 09:39:42.913 28539 INFO heat.engine.service [req-0c4dd5d5-af03-4f6f-bb8e-7152f754b911 - - - - -] Service 75a95404-a1b5-44f6-ba31-90e0e95c8ad0 is updated
2017-10-28 09:39:44.196 28514 INFO heat.engine.service [req-f6c50674-9c9a-4764-b086-96a8db671d7c - - - - -] Service c1ca77d3-4c81-441a-914c-e8e1795d0819 is updated
2017-10-28 09:40:41.909 28529 INFO heat.engine.service [req-305b9b75-a78d-4522-8568-20935dceb8f2 - - - - -] Service 4e596928-014f-46fe-904b-2c69d0122faa is updated
2017-10-28 09:40:42.036 28511 INFO heat.engine.service [req-f6e2b856-f424-423a-9393-0395098ac078 - - - - -] Service c4991b42-b929-41c8-92ba-07735294b97d is updated
2017-10-28 09:40:42.039 28522 INFO heat.engine.service [req-6b754fc9-4062-441b-b277-72fd6402f7d4 - - - - -] Service 0b05fddd-7118-49f7-b698-e81b89f80dd0 is updated
2017-10-28 09:40:42.046 28542 INFO heat.engine.service [req-8d6e475f-5eaa-44a5-b3d0-9e1d0eabed2e - - - - -] Service 94a1afb2-8a32-439d-ab8f-e06a961e4433 is updated
2017-10-28 09:40:42.047 28553 INFO heat.engine.service [req-673de5d2-b647-4f38-b192-a101c9fe84e7 - - - - -] Service 1231c634-a611-4552-9733-0bcd0229559d is updated
2017-10-28 09:40:42.048 28532 INFO heat.engine.service [req-f93731cd-ade8-4b4b-8bb7-c94c5993d169 - - - - -] Service 5e954547-3083-4e91-b56e-edaec69d9004 is updated
2017-10-28 09:40:42.090 28513 INFO heat.engine.service [req-843652ea-698f-4257-a01b-36a77ca9ac39 - - - - -] Service 5ce1d5ea-a507-4dce-98d2-430354f1824f is updated
2017-10-28 09:40:42.091 28552 INFO heat.engine.service [req-4ba3d38f-96df-4240-8e0d-dc345abe32e7 - - - - -] Service e9eaa51d-d288-442a-bc48-944d997543a3 is updated
2017-10-28 09:40:42.137 28523 INFO heat.engine.service [req-1b13bf7e-8099-4141-9d81-1838d394afbf - - - - -] Service d7cc827c-6c72-4bc7-9c27-48fae872f1b6 is updated
2017-10-28 09:40:42.138 28527 INFO heat.engine.service [req-cc2e206a-2842-48d4-ab6c-8b53c4e564fe - - - - -] Service 27b05062-f4e2-41b9-a5a1-b78a8e7a7cab is updated
2017-10-28 09:40:42.139 28516 INFO heat.engine.service [req-5bf0ab4d-d195-4e29-bea1-7887cb8da89d - - - - -] Service 2d84e3bb-febf-485e-87fe-d93b4c80d1c4 is updated
2017-10-28 09:40:42.139 28538 INFO heat.engine.service [req-e305f97a-ebcc-45a3-a9a0-a469bab214be - - - - -] Service 174f2dbb-df8a-4407-b210-723a658db9cb is updated
2017-10-28 09:40:42.174 28562 INFO heat.engine.service [req-fcd322a6-101c-49d5-a282-21e180fbf54e - - - - -] Service b207e39f-b808-4c6c-8285-bd415d13ec10 is updated
2017-10-28 09:40:42.185 28510 INFO heat.engine.service [req-019996ee-8347-4cf9-bfda-b10e601214ba - - - - -] Service 4669f065-a489-481e-9850-91a9f44bc077 is updated
2017-10-28 09:40:42.200 28561 INFO heat.engine.service [req-8282266c-c606-4df5-9ea7-bdabeeee9c19 - - - - -] Service 5320c9fe-fd90-45e2-9c81-06f88b38f36b is updated
2017-10-28 09:40:42.202 28520 INFO heat.engine.service [req-00d564ce-a9f6-41d1-bfd9-6caf81717f80 - - - - -] Service 4afb81d2-1ea2-4a4b-bc5f-b909623e3e74 is updated
2017-10-28 09:40:42.206 28564 INFO heat.engine.service [req-b65981e1-c964-46ec-af6a-6e9e73a5585f - - - - -] Service 8f50a07c-7ad8-4a6d-a9d3-37e4c8f0ba53 is updated
2017-10-28 09:40:42.221 28536 INFO heat.engine.service [req-1da30ed5-e0ac-4721-b8fa-d3b9e0c90b04 - - - - -] Service 98ecc1ea-b227-42dc-82e7-30ac1ed9fca4 is updated
2017-10-28 09:40:42.225 28560 INFO heat.engine.service [req-199597d4-1188-41be-a0aa-b40223add45e - - - - -] Service 3b95e8e7-8709-45d2-a464-bac772180735 is updated
2017-10-28 09:40:42.265 28557 INFO heat.engine.service [req-12e003a4-426c-4b5b-b5b9-1c12feaa8a33 - - - - -] Service 98f930a8-31b2-4e4d-8712-9e6fea660e73 is updated
2017-10-28 09:40:42.268 28563 INFO heat.engine.service [req-ffa14066-1b70-4015-89c5-555d7be8b381 - - - - -] Service 4eca1835-2fb1-450f-b336-3867986a581d is updated
2017-10-28 09:40:42.317 28519 INFO heat.engine.service [req-f038209f-3971-4e85-845a-1ef6eced4292 - - - - -] Service 7d2457db-265f-4f09-a7ed-68db183e0384 is updated
2017-10-28 09:40:42.331 28524 INFO heat.engine.service [req-119faac4-7206-4de0-832f-603d07dd0d35 - - - - -] Service 2f511c44-ddf4-43a7-9fd0-41f210a8b669 is updated
2017-10-28 09:40:42.338 28533 INFO heat.engine.service [req-c766eb97-4367-43d0-8f91-66f7fdf44b81 - - - - -] Service 3a35d7bf-f1bd-4589-a5c3-8000c3b24793 is updated
2017-10-28 09:40:42.394 28547 INFO heat.engine.service [req-d13aa492-c102-4835-a962-8f3ff85474d4 - - - - -] Service 25707d32-efb1-423a-b2d4-e11dfe67bcdc is updated
2017-10-28 09:40:42.394 28517 INFO heat.engine.service [req-06f3929f-7880-4a19-a580-1f4de6508958 - - - - -] Service 750cf73f-337d-432c-9d53-30fab548b45c is updated
2017-10-28 09:40:42.416 28554 INFO heat.engine.service [req-7074affb-c4d6-4280-b558-8ff7d801cafd - - - - -] Service c7479ed7-747a-48d4-9a5a-b7161a57c39e is updated
2017-10-28 09:40:42.430 28541 INFO heat.engine.service [req-b5b3f7f5-261b-42c7-bf40-88884587ba78 - - - - -] Service 28f76f02-d340-4517-9f1d-cb1f7fd704ac is updated
2017-10-28 09:40:42.440 28534 INFO heat.engine.service [req-3d4b5246-abb4-4f69-b572-288813069349 - - - - -] Service 7cdf9070-e34d-436d-aa75-65b1eb388638 is updated
2017-10-28 09:40:42.442 28537 INFO heat.engine.service [req-3f368f11-c9fa-4913-b078-f4133b5362dc - - - - -] Service fd1e41c5-b76e-4f95-9fd6-4a9c3d626081 is updated
2017-10-28 09:40:42.443 28549 INFO heat.engine.service [req-df72c14d-2133-4c6f-88e3-c950f6881944 - - - - -] Service 8942a6af-7411-45cf-9672-1c7d3127c49f is updated
2017-10-28 09:40:42.452 28530 INFO heat.engine.service [req-16d547d7-8130-4904-ac7d-007d9cf251d5 - - - - -] Service caf6df39-f07f-489e-9581-9b70becae9e2 is updated
2017-10-28 09:40:42.457 28512 INFO heat.engine.service [req-24690b3f-e8f7-4d17-bff9-685c1042fc22 - - - - -] Service fc9cbb06-6f7c-4b69-b947-05f204b3ce3c is updated
2017-10-28 09:40:42.480 28556 INFO heat.engine.service [req-32f582b8-8eca-4dac-a780-5f1408ff3345 - - - - -] Service 30227806-eb6a-421b-b64b-1f4e769dde97 is updated
2017-10-28 09:40:42.501 28518 INFO heat.engine.service [req-7800e89b-8f70-4a87-ba0e-5abd45655511 - - - - -] Service dd24efbc-8915-43d4-af30-b40fa3b43c47 is updated
2017-10-28 09:40:42.526 28535 INFO heat.engine.service [req-f323ac6e-c820-4ff3-9902-9950b48dc205 - - - - -] Service fb8da2fb-0ff3-4afc-956a-7d78b638efc3 is updated
2017-10-28 09:40:42.554 28558 INFO heat.engine.service [req-c6fa3d32-8ee7-4a48-9a6b-9546a49592bd - - - - -] Service ce91c6b2-92c3-4791-9658-c7753c86c265 is updated
2017-10-28 09:40:42.586 28551 INFO heat.engine.service [req-cd61aaac-84c2-401c-8e23-568fc335993d - - - - -] Service 560cd9d1-ade5-4123-8efe-4822dbddfe23 is updated
2017-10-28 09:40:42.598 28550 INFO heat.engine.service [req-d484be92-21f1-40f6-835e-81e6722bed9d - - - - -] Service ac79e68c-b408-42b8-9a3f-aaa256fcf8f0 is updated
2017-10-28 09:40:42.599 28515 INFO heat.engine.service [req-c9d6596a-1a87-4232-95b0-258e042815e9 - - - - -] Service 1a670f48-191d-4af2-ba9b-d59280a34029 is updated
2017-10-28 09:40:42.610 28555 INFO heat.engine.service [req-2078ab56-da86-4a28-a373-2fbcf2259e6b - - - - -] Service 6b1b66de-35d9-4105-bcd5-aa680ffcddec is updated
2017-10-28 09:40:42.640 28540 INFO heat.engine.service [req-7f2d21fd-2fcc-45dc-9164-be252ee44d5d - - - - -] Service 48ab0354-0cc3-4574-8b4b-39578b4811f9 is updated
2017-10-28 09:40:42.655 28521 INFO heat.engine.service [req-49ea08d6-7b94-4261-8304-daca8f4044f1 - - - - -] Service d42598ab-5331-4bf4-a271-327e00c8675f is updated
2017-10-28 09:40:42.657 28531 INFO heat.engine.service [req-315046c8-fd76-439e-a86f-2214f65498fd - - - - -] Service ff837399-1603-480b-89cf-1947330a42ab is updated
2017-10-28 09:40:42.669 28525 INFO heat.engine.service [req-ab09ca86-71b4-4dd5-9991-f0945f868c72 - - - - -] Service 12fa1fd5-3e02-4695-9acb-ecf6d0c6be7e is updated
2017-10-28 09:40:42.792 28559 INFO heat.engine.service [req-c4857ebe-abad-42ec-977d-ef537206df23 - - - - -] Service d321ca62-b768-43f2-9c4f-f4308f362b40 is updated
2017-10-28 09:40:42.913 28539 INFO heat.engine.service [req-3883d09f-8f1b-44bb-a2f4-36813023db65 - - - - -] Service 75a95404-a1b5-44f6-ba31-90e0e95c8ad0 is updated
2017-10-28 09:40:44.195 28514 INFO heat.engine.service [req-3b9c105e-8da0-4b4f-bffa-2b2a1566bcc9 - - - - -] Service c1ca77d3-4c81-441a-914c-e8e1795d0819 is updated
2017-10-28 09:41:41.907 28529 INFO heat.engine.service [req-c0d514cd-c526-44b9-b833-2f425c29a056 - - - - -] Service 4e596928-014f-46fe-904b-2c69d0122faa is updated
2017-10-28 09:41:42.013 28511 INFO heat.engine.service [req-656f0c2d-fe73-4193-bdfb-6bdca3e4eeb0 - - - - -] Service c4991b42-b929-41c8-92ba-07735294b97d is updated
2017-10-28 09:41:42.015 28522 INFO heat.engine.service [req-4699f87e-31c8-49f8-b54a-0570a99f3536 - - - - -] Service 0b05fddd-7118-49f7-b698-e81b89f80dd0 is updated
2017-10-28 09:41:42.023 28553 INFO heat.engine.service [req-58426b40-f772-4b46-8c02-6b8a9fd3f1e6 - - - - -] Service 1231c634-a611-4552-9733-0bcd0229559d is updated
2017-10-28 09:41:42.043 28542 INFO heat.engine.service [req-0f52de7f-5fd3-49f2-876d-fc7a6670e4d1 - - - - -] Service 94a1afb2-8a32-439d-ab8f-e06a961e4433 is updated
2017-10-28 09:41:42.046 28532 INFO heat.engine.service [req-c11b2f7a-2b6f-4686-8295-28d68d481ec7 - - - - -] Service 5e954547-3083-4e91-b56e-edaec69d9004 is updated
2017-10-28 09:41:42.088 28552 INFO heat.engine.service [req-4725bc04-d5e4-415d-bf8d-6f4db7feeccc - - - - -] Service e9eaa51d-d288-442a-bc48-944d997543a3 is updated
2017-10-28 09:41:42.088 28513 INFO heat.engine.service [req-88aab449-80b7-4576-9300-bddd3a45fab8 - - - - -] Service 5ce1d5ea-a507-4dce-98d2-430354f1824f is updated
2017-10-28 09:41:42.135 28523 INFO heat.engine.service [req-c1e3c836-2112-4b7e-8b1c-cf58f46f19fc - - - - -] Service d7cc827c-6c72-4bc7-9c27-48fae872f1b6 is updated
2017-10-28 09:41:42.136 28538 INFO heat.engine.service [req-191691db-51db-49db-94c9-5fda18a2b510 - - - - -] Service 174f2dbb-df8a-4407-b210-723a658db9cb is updated
2017-10-28 09:41:42.136 28527 INFO heat.engine.service [req-644fe0f6-cd81-4985-8fd7-493fdf09d61d - - - - -] Service 27b05062-f4e2-41b9-a5a1-b78a8e7a7cab is updated
2017-10-28 09:41:42.136 28516 INFO heat.engine.service [req-fbdec524-f4d9-4930-b9cf-be7c5fb71401 - - - - -] Service 2d84e3bb-febf-485e-87fe-d93b4c80d1c4 is updated
2017-10-28 09:41:42.171 28562 INFO heat.engine.service [req-fe219afe-38f5-4802-bcda-fd83fbdf82a9 - - - - -] Service b207e39f-b808-4c6c-8285-bd415d13ec10 is updated
2017-10-28 09:41:42.180 28510 INFO heat.engine.service [req-2cf45bef-9798-4767-9801-1ae82f799efa - - - - -] Service 4669f065-a489-481e-9850-91a9f44bc077 is updated
2017-10-28 09:41:42.198 28520 INFO heat.engine.service [req-bed954cd-9b9b-4273-b037-2f4bf8f48bdc - - - - -] Service 4afb81d2-1ea2-4a4b-bc5f-b909623e3e74 is updated
2017-10-28 09:41:42.198 28561 INFO heat.engine.service [req-515e625c-54a5-4ed3-9a9c-2ebf271f8ef9 - - - - -] Service 5320c9fe-fd90-45e2-9c81-06f88b38f36b is updated
