2017-10-28 10:00:42.174 28536 INFO heat.engine.service [req-78641d46-986b-4b71-90b2-9e8d1d43d283 - - - - -] Service 98ecc1ea-b227-42dc-82e7-30ac1ed9fca4 is updated
2017-10-28 10:00:42.189 28564 INFO heat.engine.service [req-e700a039-1553-49ee-a59c-dbf43f7402d8 - - - - -] Service 8f50a07c-7ad8-4a6d-a9d3-37e4c8f0ba53 is updated
2017-10-28 10:00:42.200 28560 INFO heat.engine.service [req-cb2a4c04-85d9-4323-b230-f28a4a8c6f5d - - - - -] Service 3b95e8e7-8709-45d2-a464-bac772180735 is updated
2017-10-28 10:00:42.225 28557 INFO heat.engine.service [req-88dcdda0-8916-42a0-b469-ff780c3f77fe - - - - -] Service 98f930a8-31b2-4e4d-8712-9e6fea660e73 is updated
2017-10-28 10:00:42.230 28563 INFO heat.engine.service [req-5a94646d-21b6-4c34-8490-86c2355b1f28 - - - - -] Service 4eca1835-2fb1-450f-b336-3867986a581d is updated
2017-10-28 10:00:42.273 28519 INFO heat.engine.service [req-291aca23-c870-46c5-a398-fd3eceb4eaaa - - - - -] Service 7d2457db-265f-4f09-a7ed-68db183e0384 is updated
2017-10-28 10:00:42.287 28533 INFO heat.engine.service [req-b7e9771b-a748-4591-b635-a8c2518ca60c - - - - -] Service 3a35d7bf-f1bd-4589-a5c3-8000c3b24793 is updated
2017-10-28 10:00:42.290 28524 INFO heat.engine.service [req-e505f7a8-f573-4348-84b8-e50bd8f2b29d - - - - -] Service 2f511c44-ddf4-43a7-9fd0-41f210a8b669 is updated
2017-10-28 10:00:42.347 28547 INFO heat.engine.service [req-e3c0c371-184b-46da-80f4-929e15c7780e - - - - -] Service 25707d32-efb1-423a-b2d4-e11dfe67bcdc is updated
2017-10-28 10:00:42.356 28517 INFO heat.engine.service [req-e4b6e4ca-9a0e-4ba1-9e18-019acc68e0df - - - - -] Service 750cf73f-337d-432c-9d53-30fab548b45c is updated
2017-10-28 10:00:42.381 28554 INFO heat.engine.service [req-d88ea2cc-899c-44da-a8a2-943b3c3508da - - - - -] Service c7479ed7-747a-48d4-9a5a-b7161a57c39e is updated
2017-10-28 10:00:42.398 28541 INFO heat.engine.service [req-8a598c0f-3bb4-4fca-a8fa-5c82e5893ef7 - - - - -] Service 28f76f02-d340-4517-9f1d-cb1f7fd704ac is updated
2017-10-28 10:00:42.407 28534 INFO heat.engine.service [req-4e76ecd9-1cfb-461e-a76e-29ffa028a3fd - - - - -] Service 7cdf9070-e34d-436d-aa75-65b1eb388638 is updated
2017-10-28 10:00:42.410 28512 INFO heat.engine.service [req-c44ab028-be19-404f-90d8-ff216e2ec67d - - - - -] Service fc9cbb06-6f7c-4b69-b947-05f204b3ce3c is updated
2017-10-28 10:00:42.411 28549 INFO heat.engine.service [req-22d47813-12fe-4365-afa4-11447064dbf5 - - - - -] Service 8942a6af-7411-45cf-9672-1c7d3127c49f is updated
2017-10-28 10:00:42.413 28537 INFO heat.engine.service [req-d15cd88b-fcb3-4a2a-8173-b85d61cab9d2 - - - - -] Service fd1e41c5-b76e-4f95-9fd6-4a9c3d626081 is updated
2017-10-28 10:00:42.427 28530 INFO heat.engine.service [req-367dd653-3d24-4c16-a47d-2c222ad80ea1 - - - - -] Service caf6df39-f07f-489e-9581-9b70becae9e2 is updated
2017-10-28 10:00:42.451 28556 INFO heat.engine.service [req-66ed58f2-805f-464b-a975-845af242fdf9 - - - - -] Service 30227806-eb6a-421b-b64b-1f4e769dde97 is updated
2017-10-28 10:00:42.458 28518 INFO heat.engine.service [req-6d347022-0168-4823-932c-4d7e0af3f81f - - - - -] Service dd24efbc-8915-43d4-af30-b40fa3b43c47 is updated
2017-10-28 10:00:42.499 28535 INFO heat.engine.service [req-9416b0ad-f611-4ceb-a753-085a892dcfa1 - - - - -] Service fb8da2fb-0ff3-4afc-956a-7d78b638efc3 is updated
2017-10-28 10:00:42.506 28558 INFO heat.engine.service [req-6e0e0586-58dc-45fb-bda8-d2b720b25d7b - - - - -] Service ce91c6b2-92c3-4791-9658-c7753c86c265 is updated
2017-10-28 10:00:42.549 28551 INFO heat.engine.service [req-377f2c3c-f936-4d64-bac0-73c9c36a464f - - - - -] Service 560cd9d1-ade5-4123-8efe-4822dbddfe23 is updated
2017-10-28 10:00:42.564 28555 INFO heat.engine.service [req-28618670-8a7d-4e5c-9404-113b36de3502 - - - - -] Service 6b1b66de-35d9-4105-bcd5-aa680ffcddec is updated
2017-10-28 10:00:42.564 28550 INFO heat.engine.service [req-0ba1c2a2-574f-4032-b053-7cdca4b5d0a0 - - - - -] Service ac79e68c-b408-42b8-9a3f-aaa256fcf8f0 is updated
2017-10-28 10:00:42.579 28515 INFO heat.engine.service [req-bec51d58-8254-4cca-a4d5-69abd89b33d0 - - - - -] Service 1a670f48-191d-4af2-ba9b-d59280a34029 is updated
2017-10-28 10:00:42.591 28540 INFO heat.engine.service [req-2293c1ee-2153-473b-a801-7317695ef66a - - - - -] Service 48ab0354-0cc3-4574-8b4b-39578b4811f9 is updated
2017-10-28 10:00:42.621 28521 INFO heat.engine.service [req-84a3ec7e-fbc1-4814-a473-083b9fd3590f - - - - -] Service d42598ab-5331-4bf4-a271-327e00c8675f is updated
2017-10-28 10:00:42.621 28525 INFO heat.engine.service [req-b4ff6f2c-1a4c-4427-90a8-9845e81280c0 - - - - -] Service 12fa1fd5-3e02-4695-9acb-ecf6d0c6be7e is updated
2017-10-28 10:00:42.622 28531 INFO heat.engine.service [req-fcaa8c58-ad1e-470f-a583-1b0139c105b7 - - - - -] Service ff837399-1603-480b-89cf-1947330a42ab is updated
2017-10-28 10:00:42.770 28559 INFO heat.engine.service [req-ec306ede-cd43-438b-afb9-4e31418a7915 - - - - -] Service d321ca62-b768-43f2-9c4f-f4308f362b40 is updated
2017-10-28 10:00:42.860 28539 INFO heat.engine.service [req-7c8157e5-e730-4f5d-a6f4-8cdc69887277 - - - - -] Service 75a95404-a1b5-44f6-ba31-90e0e95c8ad0 is updated
2017-10-28 10:00:44.145 28514 INFO heat.engine.service [req-e40a970e-2165-4049-b07f-5474db30bec2 - - - - -] Service c1ca77d3-4c81-441a-914c-e8e1795d0819 is updated
2017-10-28 10:01:41.873 28529 INFO heat.engine.service [req-39edb1a2-c150-4d91-a922-017b2f7eea20 - - - - -] Service 4e596928-014f-46fe-904b-2c69d0122faa is updated
2017-10-28 10:01:41.970 28522 INFO heat.engine.service [req-eba0c05b-a74a-4ca1-b4a9-7ba9348a7899 - - - - -] Service 0b05fddd-7118-49f7-b698-e81b89f80dd0 is updated
2017-10-28 10:01:41.973 28511 INFO heat.engine.service [req-22014ed7-810c-467f-9992-f63a4e81ff4b - - - - -] Service c4991b42-b929-41c8-92ba-07735294b97d is updated
2017-10-28 10:01:41.978 28553 INFO heat.engine.service [req-fc4e3015-70b4-480f-b795-7933b5bf4b32 - - - - -] Service 1231c634-a611-4552-9733-0bcd0229559d is updated
2017-10-28 10:01:42.008 28532 INFO heat.engine.service [req-19897720-81d6-418b-a1d7-ecc054e3bffe - - - - -] Service 5e954547-3083-4e91-b56e-edaec69d9004 is updated
2017-10-28 10:01:42.011 28542 INFO heat.engine.service [req-19cd0324-5a2a-4469-bd97-439b8df14fa7 - - - - -] Service 94a1afb2-8a32-439d-ab8f-e06a961e4433 is updated
2017-10-28 10:01:42.060 28552 INFO heat.engine.service [req-07804cbb-89ef-433a-bc6e-7a588fd0bbfc - - - - -] Service e9eaa51d-d288-442a-bc48-944d997543a3 is updated
2017-10-28 10:01:42.071 28513 INFO heat.engine.service [req-68d2e7ae-1d72-4216-b78a-60916d409152 - - - - -] Service 5ce1d5ea-a507-4dce-98d2-430354f1824f is updated
2017-10-28 10:01:42.101 28527 INFO heat.engine.service [req-84daed49-d108-4186-81f5-2cb78619e32d - - - - -] Service 27b05062-f4e2-41b9-a5a1-b78a8e7a7cab is updated
2017-10-28 10:01:42.101 28516 INFO heat.engine.service [req-0155fbf2-2709-41e4-804e-e1902648a367 - - - - -] Service 2d84e3bb-febf-485e-87fe-d93b4c80d1c4 is updated
2017-10-28 10:01:42.104 28538 INFO heat.engine.service [req-16cdaacf-418b-4548-a64e-321c31ef6f94 - - - - -] Service 174f2dbb-df8a-4407-b210-723a658db9cb is updated
2017-10-28 10:01:42.121 28523 INFO heat.engine.service [req-fc2ffe15-29df-4682-a6e9-78af9237504c - - - - -] Service d7cc827c-6c72-4bc7-9c27-48fae872f1b6 is updated
2017-10-28 10:01:42.132 28562 INFO heat.engine.service [req-60ce0c15-374a-4748-aea2-bb75328b25f7 - - - - -] Service b207e39f-b808-4c6c-8285-bd415d13ec10 is updated
2017-10-28 10:01:42.155 28510 INFO heat.engine.service [req-c185980a-3b28-4a9e-bc2b-62c5b18fb896 - - - - -] Service 4669f065-a489-481e-9850-91a9f44bc077 is updated
2017-10-28 10:01:42.158 28561 INFO heat.engine.service [req-590271cb-af64-4667-bad2-8208919a2551 - - - - -] Service 5320c9fe-fd90-45e2-9c81-06f88b38f36b is updated
2017-10-28 10:01:42.168 28520 INFO heat.engine.service [req-621a4984-216c-467f-984e-7d08272a57ab - - - - -] Service 4afb81d2-1ea2-4a4b-bc5f-b909623e3e74 is updated
2017-10-28 10:01:42.170 28536 INFO heat.engine.service [req-6469d21b-6fd5-40a7-8c3c-02440e7b13e0 - - - - -] Service 98ecc1ea-b227-42dc-82e7-30ac1ed9fca4 is updated
2017-10-28 10:01:42.186 28564 INFO heat.engine.service [req-f0f14d99-125e-4116-b536-d34aefdb5621 - - - - -] Service 8f50a07c-7ad8-4a6d-a9d3-37e4c8f0ba53 is updated
2017-10-28 10:01:42.200 28560 INFO heat.engine.service [req-bd3865cb-1458-4886-9928-110fb55d0e66 - - - - -] Service 3b95e8e7-8709-45d2-a464-bac772180735 is updated
2017-10-28 10:01:42.232 28557 INFO heat.engine.service [req-b3e42532-5648-45b2-ae2b-f8d38d989d49 - - - - -] Service 98f930a8-31b2-4e4d-8712-9e6fea660e73 is updated
2017-10-28 10:01:42.238 28563 INFO heat.engine.service [req-5e7c60ff-1127-4404-993c-165f98cc1d2c - - - - -] Service 4eca1835-2fb1-450f-b336-3867986a581d is updated
2017-10-28 10:01:42.270 28519 INFO heat.engine.service [req-d702a0ec-d2fc-42c8-a7d2-ffcfd39265d9 - - - - -] Service 7d2457db-265f-4f09-a7ed-68db183e0384 is updated
2017-10-28 10:01:42.285 28533 INFO heat.engine.service [req-27eb545d-154a-4fa5-9828-ae8b613fc2f0 - - - - -] Service 3a35d7bf-f1bd-4589-a5c3-8000c3b24793 is updated
2017-10-28 10:01:42.287 28524 INFO heat.engine.service [req-08bf6185-6cbf-4816-9e0b-fd9bf330a186 - - - - -] Service 2f511c44-ddf4-43a7-9fd0-41f210a8b669 is updated
2017-10-28 10:01:42.344 28547 INFO heat.engine.service [req-d3f0a72f-d201-4320-9792-85df52522e8b - - - - -] Service 25707d32-efb1-423a-b2d4-e11dfe67bcdc is updated
2017-10-28 10:01:42.355 28517 INFO heat.engine.service [req-b77ed123-5bb9-45c7-b2a1-096b558191c8 - - - - -] Service 750cf73f-337d-432c-9d53-30fab548b45c is updated
2017-10-28 10:01:42.378 28554 INFO heat.engine.service [req-dc6cefaf-8dc3-459a-b9ac-6b304bbe5a33 - - - - -] Service c7479ed7-747a-48d4-9a5a-b7161a57c39e is updated
2017-10-28 10:01:42.395 28541 INFO heat.engine.service [req-61807ab5-2d24-4700-b265-0b7dd8b99b82 - - - - -] Service 28f76f02-d340-4517-9f1d-cb1f7fd704ac is updated
2017-10-28 10:01:42.404 28534 INFO heat.engine.service [req-c1e5cc29-5217-45a1-ab00-79d8c1d767be - - - - -] Service 7cdf9070-e34d-436d-aa75-65b1eb388638 is updated
2017-10-28 10:01:42.408 28549 INFO heat.engine.service [req-d195720d-eeef-4918-8349-5f8cf507918e - - - - -] Service 8942a6af-7411-45cf-9672-1c7d3127c49f is updated
2017-10-28 10:01:42.408 28512 INFO heat.engine.service [req-5a6b6c1c-ff04-4871-9c71-3a526d43e70a - - - - -] Service fc9cbb06-6f7c-4b69-b947-05f204b3ce3c is updated
2017-10-28 10:01:42.410 28537 INFO heat.engine.service [req-c6e60d4a-9572-4575-b025-31de80ded03d - - - - -] Service fd1e41c5-b76e-4f95-9fd6-4a9c3d626081 is updated
2017-10-28 10:01:42.422 28530 INFO heat.engine.service [req-e8c03fe6-4b20-4429-ad0f-17de1cd46edc - - - - -] Service caf6df39-f07f-489e-9581-9b70becae9e2 is updated
2017-10-28 10:01:42.448 28556 INFO heat.engine.service [req-b2782899-352f-4989-95ea-f7aaa0d0a969 - - - - -] Service 30227806-eb6a-421b-b64b-1f4e769dde97 is updated
2017-10-28 10:01:42.455 28518 INFO heat.engine.service [req-647325b7-a934-49fa-85dd-7a3c4dc712bd - - - - -] Service dd24efbc-8915-43d4-af30-b40fa3b43c47 is updated
2017-10-28 10:01:42.496 28535 INFO heat.engine.service [req-11bcda67-d3d1-49a1-8d4c-992ed9bf4b0a - - - - -] Service fb8da2fb-0ff3-4afc-956a-7d78b638efc3 is updated
2017-10-28 10:01:42.503 28558 INFO heat.engine.service [req-67706864-0892-469e-9182-f5bab457b593 - - - - -] Service ce91c6b2-92c3-4791-9658-c7753c86c265 is updated
2017-10-28 10:01:42.545 28551 INFO heat.engine.service [req-e0b8a14b-6f09-4146-94cf-9a30e9de6c47 - - - - -] Service 560cd9d1-ade5-4123-8efe-4822dbddfe23 is updated
2017-10-28 10:01:42.560 28555 INFO heat.engine.service [req-c8ed19d9-494a-44f1-b5f6-9b625eeefebc - - - - -] Service 6b1b66de-35d9-4105-bcd5-aa680ffcddec is updated
2017-10-28 10:01:42.561 28550 INFO heat.engine.service [req-60aaa933-7761-4e40-b7b1-67920962a685 - - - - -] Service ac79e68c-b408-42b8-9a3f-aaa256fcf8f0 is updated
2017-10-28 10:01:42.576 28515 INFO heat.engine.service [req-094525f4-b16b-4e05-a785-cff580c1b762 - - - - -] Service 1a670f48-191d-4af2-ba9b-d59280a34029 is updated
2017-10-28 10:01:42.598 28540 INFO heat.engine.service [req-cbfdc273-de86-4944-8b5e-e5b0c75ad6cd - - - - -] Service 48ab0354-0cc3-4574-8b4b-39578b4811f9 is updated
2017-10-28 10:01:42.618 28525 INFO heat.engine.service [req-10746cc3-4ffb-4908-bc62-85ba9304c8fc - - - - -] Service 12fa1fd5-3e02-4695-9acb-ecf6d0c6be7e is updated
2017-10-28 10:01:42.619 28521 INFO heat.engine.service [req-fbfc0ed3-2055-4452-bbb3-c3a0b2c04d73 - - - - -] Service d42598ab-5331-4bf4-a271-327e00c8675f is updated
2017-10-28 10:01:42.619 28531 INFO heat.engine.service [req-a0746bca-c36d-443b-8b73-2b8ede5023b9 - - - - -] Service ff837399-1603-480b-89cf-1947330a42ab is updated
2017-10-28 10:01:42.772 28559 INFO heat.engine.service [req-bbfce6ae-a15a-41d3-aee2-664b8bbe2d41 - - - - -] Service d321ca62-b768-43f2-9c4f-f4308f362b40 is updated
2017-10-28 10:01:42.857 28539 INFO heat.engine.service [req-219c1672-2016-4019-bf51-0bd9e9363f7c - - - - -] Service 75a95404-a1b5-44f6-ba31-90e0e95c8ad0 is updated
2017-10-28 10:01:44.153 28514 INFO heat.engine.service [req-6a48cd5d-c9e2-438e-8150-c9f7200896c4 - - - - -] Service c1ca77d3-4c81-441a-914c-e8e1795d0819 is updated
2017-10-28 10:02:41.870 28529 INFO heat.engine.service [req-3301d48a-65a8-428b-a2dd-51c44cc03926 - - - - -] Service 4e596928-014f-46fe-904b-2c69d0122faa is updated
2017-10-28 10:02:41.968 28522 INFO heat.engine.service [req-383647a1-164b-4383-873d-a6387a589861 - - - - -] Service 0b05fddd-7118-49f7-b698-e81b89f80dd0 is updated
2017-10-28 10:02:41.970 28511 INFO heat.engine.service [req-4fb58678-4eac-4f98-9ea2-1780520daf33 - - - - -] Service c4991b42-b929-41c8-92ba-07735294b97d is updated
2017-10-28 10:02:41.982 28553 INFO heat.engine.service [req-f0068b7d-0bd4-46e4-abd6-602e623c837e - - - - -] Service 1231c634-a611-4552-9733-0bcd0229559d is updated
2017-10-28 10:02:42.008 28542 INFO heat.engine.service [req-1b3abd85-b9bb-4595-97a0-2d7782c224f3 - - - - -] Service 94a1afb2-8a32-439d-ab8f-e06a961e4433 is updated
2017-10-28 10:02:42.017 28532 INFO heat.engine.service [req-d11264b9-5da4-45cc-ba33-d21e2e8e574a - - - - -] Service 5e954547-3083-4e91-b56e-edaec69d9004 is updated
2017-10-28 10:02:42.057 28552 INFO heat.engine.service [req-c73c4036-e770-48d2-a56a-1190bfd72647 - - - - -] Service e9eaa51d-d288-442a-bc48-944d997543a3 is updated
2017-10-28 10:02:42.067 28513 INFO heat.engine.service [req-cc1e1d32-9caa-49a4-a397-0ca37012ea5b - - - - -] Service 5ce1d5ea-a507-4dce-98d2-430354f1824f is updated
2017-10-28 10:02:42.098 28527 INFO heat.engine.service [req-01cb5a08-e6d7-42ce-99bb-0cf75144029a - - - - -] Service 27b05062-f4e2-41b9-a5a1-b78a8e7a7cab is updated
2017-10-28 10:02:42.099 28516 INFO heat.engine.service [req-e0c50f7d-bf2c-44e1-8cef-23571a54280c - - - - -] Service 2d84e3bb-febf-485e-87fe-d93b4c80d1c4 is updated
2017-10-28 10:02:42.101 28538 INFO heat.engine.service [req-ca5678ee-add7-4c19-a09b-eb00f5c32011 - - - - -] Service 174f2dbb-df8a-4407-b210-723a658db9cb is updated
2017-10-28 10:02:42.117 28523 INFO heat.engine.service [req-a01fd038-6619-4d03-b787-df2f344aadf5 - - - - -] Service d7cc827c-6c72-4bc7-9c27-48fae872f1b6 is updated
2017-10-28 10:02:42.128 28562 INFO heat.engine.service [req-f1b5de43-cfaa-49cd-ad9e-c7148f75360f - - - - -] Service b207e39f-b808-4c6c-8285-bd415d13ec10 is updated
2017-10-28 10:02:42.152 28510 INFO heat.engine.service [req-e38160d4-ade0-4e68-b544-966b2b486c9a - - - - -] Service 4669f065-a489-481e-9850-91a9f44bc077 is updated
2017-10-28 10:02:42.155 28561 INFO heat.engine.service [req-537bce4a-89d1-4bb2-a341-4ff316658808 - - - - -] Service 5320c9fe-fd90-45e2-9c81-06f88b38f36b is updated
2017-10-28 10:02:42.164 28520 INFO heat.engine.service [req-d972700a-9c1f-402b-8470-2f0e17a3d256 - - - - -] Service 4afb81d2-1ea2-4a4b-bc5f-b909623e3e74 is updated
2017-10-28 10:02:42.167 28536 INFO heat.engine.service [req-500c2a23-61c7-4653-ab49-8a255a5ca033 - - - - -] Service 98ecc1ea-b227-42dc-82e7-30ac1ed9fca4 is updated
2017-10-28 10:02:42.184 28564 INFO heat.engine.service [req-f09af5f1-efd6-4c81-8556-377381192c1a - - - - -] Service 8f50a07c-7ad8-4a6d-a9d3-37e4c8f0ba53 is updated
2017-10-28 10:02:42.195 28560 INFO heat.engine.service [req-090da6f5-efbb-45e2-b884-55111faf41cd - - - - -] Service 3b95e8e7-8709-45d2-a464-bac772180735 is updated
2017-10-28 10:02:42.229 28557 INFO heat.engine.service [req-edb993dd-6b6e-47e7-8cae-592fa599b44d - - - - -] Service 98f930a8-31b2-4e4d-8712-9e6fea660e73 is updated
2017-10-28 10:02:42.235 28563 INFO heat.engine.service [req-91a44cb9-3b8c-4caf-93f7-6aa13f3bdeae - - - - -] Service 4eca1835-2fb1-450f-b336-3867986a581d is updated
2017-10-28 10:02:42.268 28519 INFO heat.engine.service [req-71700e1e-fe57-4cef-a2db-4b7960a00588 - - - - -] Service 7d2457db-265f-4f09-a7ed-68db183e0384 is updated
2017-10-28 10:02:42.281 28533 INFO heat.engine.service [req-4c40969b-89e4-48d1-abcb-b67e9038e707 - - - - -] Service 3a35d7bf-f1bd-4589-a5c3-8000c3b24793 is updated
2017-10-28 10:02:42.284 28524 INFO heat.engine.service [req-d944f379-c39e-40f1-95a1-a5f69b2c0207 - - - - -] Service 2f511c44-ddf4-43a7-9fd0-41f210a8b669 is updated
2017-10-28 10:02:42.342 28547 INFO heat.engine.service [req-5e187979-34c3-4434-ad60-3c6e46d121d6 - - - - -] Service 25707d32-efb1-423a-b2d4-e11dfe67bcdc is updated
2017-10-28 10:02:42.352 28517 INFO heat.engine.service [req-b4c97a84-16d0-46c9-9328-2d5e0de4fd59 - - - - -] Service 750cf73f-337d-432c-9d53-30fab548b45c is updated
2017-10-28 10:02:42.373 28554 INFO heat.engine.service [req-297576d0-63e4-46e8-83f3-235b340a4827 - - - - -] Service c7479ed7-747a-48d4-9a5a-b7161a57c39e is updated
2017-10-28 10:02:42.391 28541 INFO heat.engine.service [req-83acbc78-9fa5-4772-9789-87d106e369c3 - - - - -] Service 28f76f02-d340-4517-9f1d-cb1f7fd704ac is updated
2017-10-28 10:02:42.403 28534 INFO heat.engine.service [req-d9830db8-b2fe-4515-9abf-2e300db31088 - - - - -] Service 7cdf9070-e34d-436d-aa75-65b1eb388638 is updated
2017-10-28 10:02:42.406 28549 INFO heat.engine.service [req-d05be2dd-4bd4-4464-bc2d-64576aaa449b - - - - -] Service 8942a6af-7411-45cf-9672-1c7d3127c49f is updated
2017-10-28 10:02:42.409 28512 INFO heat.engine.service [req-33204627-f9e3-4f36-a6c9-fd1d94db7026 - - - - -] Service fc9cbb06-6f7c-4b69-b947-05f204b3ce3c is updated
2017-10-28 10:02:42.409 28537 INFO heat.engine.service [req-4463da09-6fa1-45e5-b500-527d253f62d7 - - - - -] Service fd1e41c5-b76e-4f95-9fd6-4a9c3d626081 is updated
2017-10-28 10:02:42.428 28530 INFO heat.engine.service [req-992db734-ddc1-4ffc-bf00-01d4ca9f8d1d - - - - -] Service caf6df39-f07f-489e-9581-9b70becae9e2 is updated
2017-10-28 10:02:42.444 28556 INFO heat.engine.service [req-d6089966-c913-4547-9ebc-d8c73e401d88 - - - - -] Service 30227806-eb6a-421b-b64b-1f4e769dde97 is updated
2017-10-28 10:02:42.450 28518 INFO heat.engine.service [req-c1a79a65-69a3-43bc-940a-7f1e76a14593 - - - - -] Service dd24efbc-8915-43d4-af30-b40fa3b43c47 is updated
2017-10-28 10:02:42.493 28535 INFO heat.engine.service [req-7f390757-bbd0-4552-a462-162c44a2b669 - - - - -] Service fb8da2fb-0ff3-4afc-956a-7d78b638efc3 is updated
2017-10-28 10:02:42.500 28558 INFO heat.engine.service [req-2d663500-4ce4-4177-8844-cd45b9732faa - - - - -] Service ce91c6b2-92c3-4791-9658-c7753c86c265 is updated
2017-10-28 10:02:42.544 28551 INFO heat.engine.service [req-55ea8811-fc17-42ac-9997-fac6abf2cbaa - - - - -] Service 560cd9d1-ade5-4123-8efe-4822dbddfe23 is updated
2017-10-28 10:02:42.557 28555 INFO heat.engine.service [req-62c660b0-4947-4b41-99f1-d3a3da38d604 - - - - -] Service 6b1b66de-35d9-4105-bcd5-aa680ffcddec is updated
2017-10-28 10:02:42.560 28550 INFO heat.engine.service [req-b7a1b9aa-ad45-420d-8bc6-79fdd18e5577 - - - - -] Service ac79e68c-b408-42b8-9a3f-aaa256fcf8f0 is updated
2017-10-28 10:02:42.573 28515 INFO heat.engine.service [req-9fd20d2f-4a61-40be-a8d1-9c5782a0d337 - - - - -] Service 1a670f48-191d-4af2-ba9b-d59280a34029 is updated
2017-10-28 10:02:42.596 28540 INFO heat.engine.service [req-e8c3ea0f-ecc1-493a-8576-f76ce9a6ed3f - - - - -] Service 48ab0354-0cc3-4574-8b4b-39578b4811f9 is updated
2017-10-28 10:02:42.614 28525 INFO heat.engine.service [req-537255ba-059d-4fbd-baaa-08bb60e9055b - - - - -] Service 12fa1fd5-3e02-4695-9acb-ecf6d0c6be7e is updated
2017-10-28 10:02:42.614 28521 INFO heat.engine.service [req-e4dc1b35-ff6c-480a-9bf1-24759da883cb - - - - -] Service d42598ab-5331-4bf4-a271-327e00c8675f is updated
2017-10-28 10:02:42.615 28531 INFO heat.engine.service [req-9c66272a-1c09-4ce1-833c-b039a52e61d9 - - - - -] Service ff837399-1603-480b-89cf-1947330a42ab is updated
2017-10-28 10:02:42.785 28559 INFO heat.engine.service [req-91056aa8-1639-49d2-8195-d70caf218f92 - - - - -] Service d321ca62-b768-43f2-9c4f-f4308f362b40 is updated
2017-10-28 10:02:42.856 28539 INFO heat.engine.service [req-087a15d1-9fad-494a-97cf-fc960d0f883f - - - - -] Service 75a95404-a1b5-44f6-ba31-90e0e95c8ad0 is updated
2017-10-28 10:02:44.146 28514 INFO heat.engine.service [req-07a4de2c-8354-4b0b-a48f-3090a7b0e347 - - - - -] Service c1ca77d3-4c81-441a-914c-e8e1795d0819 is updated
2017-10-28 10:03:41.868 28529 INFO heat.engine.service [req-ba76ee86-37c7-4890-827c-245112e83005 - - - - -] Service 4e596928-014f-46fe-904b-2c69d0122faa is updated
2017-10-28 10:03:41.965 28522 INFO heat.engine.service [req-e37ab90f-72cf-4426-9364-592306660022 - - - - -] Service 0b05fddd-7118-49f7-b698-e81b89f80dd0 is updated
2017-10-28 10:03:41.967 28511 INFO heat.engine.service [req-f9bb3f28-7dc5-4e28-9203-63cbdcb1e454 - - - - -] Service c4991b42-b929-41c8-92ba-07735294b97d is updated
2017-10-28 10:03:41.987 28553 INFO heat.engine.service [req-12d5b580-4bfa-497e-913a-975e1fb5a830 - - - - -] Service 1231c634-a611-4552-9733-0bcd0229559d is updated
2017-10-28 10:03:42.005 28542 INFO heat.engine.service [req-62688cc0-3eef-440b-8a58-40a39579f7a5 - - - - -] Service 94a1afb2-8a32-439d-ab8f-e06a961e4433 is updated
2017-10-28 10:03:42.025 28532 INFO heat.engine.service [req-d004fbc4-39b8-4b38-b908-c2cef3fc1ccf - - - - -] Service 5e954547-3083-4e91-b56e-edaec69d9004 is updated
2017-10-28 10:03:42.054 28552 INFO heat.engine.service [req-c103fce6-756c-4d88-88e1-f958472b2664 - - - - -] Service e9eaa51d-d288-442a-bc48-944d997543a3 is updated
2017-10-28 10:03:42.064 28513 INFO heat.engine.service [req-2fbd4212-b872-405b-b08e-8c58adf7c2cf - - - - -] Service 5ce1d5ea-a507-4dce-98d2-430354f1824f is updated
2017-10-28 10:03:42.095 28516 INFO heat.engine.service [req-570324fa-5d83-4d6b-b770-ffe234d2eb7e - - - - -] Service 2d84e3bb-febf-485e-87fe-d93b4c80d1c4 is updated
2017-10-28 10:03:42.097 28527 INFO heat.engine.service [req-30805289-deef-4cd4-abaa-bac90fe39e00 - - - - -] Service 27b05062-f4e2-41b9-a5a1-b78a8e7a7cab is updated
2017-10-28 10:03:42.099 28538 INFO heat.engine.service [req-1fc82399-66ff-42bb-a8e2-24024e33916b - - - - -] Service 174f2dbb-df8a-4407-b210-723a658db9cb is updated
2017-10-28 10:03:42.113 28523 INFO heat.engine.service [req-231b4fec-6cc6-4de3-85d2-d8c0b1c828de - - - - -] Service d7cc827c-6c72-4bc7-9c27-48fae872f1b6 is updated
2017-10-28 10:03:42.134 28562 INFO heat.engine.service [req-3ae10145-c8cc-4d9a-b00a-5b58b32cf285 - - - - -] Service b207e39f-b808-4c6c-8285-bd415d13ec10 is updated
2017-10-28 10:03:42.149 28510 INFO heat.engine.service [req-b1d32bd3-3799-491d-acfc-071df808e9c8 - - - - -] Service 4669f065-a489-481e-9850-91a9f44bc077 is updated
2017-10-28 10:03:42.150 28561 INFO heat.engine.service [req-edd8e3ed-a136-4464-b186-5bc958af4d5d - - - - -] Service 5320c9fe-fd90-45e2-9c81-06f88b38f36b is updated
2017-10-28 10:03:42.161 28520 INFO heat.engine.service [req-fe73a4a9-9091-4127-96ae-4003d59a4c8f - - - - -] Service 4afb81d2-1ea2-4a4b-bc5f-b909623e3e74 is updated
2017-10-28 10:03:42.163 28536 INFO heat.engine.service [req-0fe9bb40-32c0-41f0-815a-111abc33eea9 - - - - -] Service 98ecc1ea-b227-42dc-82e7-30ac1ed9fca4 is updated
2017-10-28 10:03:42.185 28564 INFO heat.engine.service [req-157a6606-ff15-4dcf-ba67-e3fceaf9a462 - - - - -] Service 8f50a07c-7ad8-4a6d-a9d3-37e4c8f0ba53 is updated
2017-10-28 10:03:42.202 28560 INFO heat.engine.service [req-734d7aba-9c2e-425c-a45d-48d07bb6de4b - - - - -] Service 3b95e8e7-8709-45d2-a464-bac772180735 is updated
2017-10-28 10:03:42.225 28557 INFO heat.engine.service [req-c27be45b-fa63-4697-bd56-af7eb6102ae1 - - - - -] Service 98f930a8-31b2-4e4d-8712-9e6fea660e73 is updated
2017-10-28 10:03:42.231 28563 INFO heat.engine.service [req-8aaf378f-3b8b-4830-85ea-9200e255c1cf - - - - -] Service 4eca1835-2fb1-450f-b336-3867986a581d is updated
2017-10-28 10:03:42.266 28519 INFO heat.engine.service [req-a8958718-99f2-439e-aa0f-d08431bdb7de - - - - -] Service 7d2457db-265f-4f09-a7ed-68db183e0384 is updated
2017-10-28 10:03:42.280 28533 INFO heat.engine.service [req-d10ac5fa-0409-4ff0-984d-61647774bbbf - - - - -] Service 3a35d7bf-f1bd-4589-a5c3-8000c3b24793 is updated
2017-10-28 10:03:42.282 28524 INFO heat.engine.service [req-b060404f-2f82-43e7-b9d1-f69dd76882be - - - - -] Service 2f511c44-ddf4-43a7-9fd0-41f210a8b669 is updated
2017-10-28 10:03:42.340 28547 INFO heat.engine.service [req-26898036-97e2-4382-beea-95ca2b1725b8 - - - - -] Service 25707d32-efb1-423a-b2d4-e11dfe67bcdc is updated
2017-10-28 10:03:42.350 28517 INFO heat.engine.service [req-a6bd919a-c09b-4ad2-84ad-15d8deb4313a - - - - -] Service 750cf73f-337d-432c-9d53-30fab548b45c is updated
2017-10-28 10:03:42.381 28554 INFO heat.engine.service [req-980c3219-d247-4f7a-b8d6-eb2174702c44 - - - - -] Service c7479ed7-747a-48d4-9a5a-b7161a57c39e is updated
2017-10-28 10:03:42.389 28541 INFO heat.engine.service [req-0b03f7d1-b2af-4f1a-b21e-5b31a64c7d10 - - - - -] Service 28f76f02-d340-4517-9f1d-cb1f7fd704ac is updated
2017-10-28 10:03:42.400 28534 INFO heat.engine.service [req-c1e38dde-ff38-4b61-b657-ffcbc2a349ef - - - - -] Service 7cdf9070-e34d-436d-aa75-65b1eb388638 is updated
2017-10-28 10:03:42.405 28512 INFO heat.engine.service [req-d2ae5587-470d-4255-bf73-e67db7861e0c - - - - -] Service fc9cbb06-6f7c-4b69-b947-05f204b3ce3c is updated
2017-10-28 10:03:42.406 28549 INFO heat.engine.service [req-07284a67-3e00-4cc8-a4fc-c3845eb1d19d - - - - -] Service 8942a6af-7411-45cf-9672-1c7d3127c49f is updated
2017-10-28 10:03:42.407 28537 INFO heat.engine.service [req-4f0b2b50-656f-44d4-9456-7c6f044723c9 - - - - -] Service fd1e41c5-b76e-4f95-9fd6-4a9c3d626081 is updated
2017-10-28 10:03:42.435 28530 INFO heat.engine.service [req-893ebdec-dfff-4b7f-b9f5-b066e31a16d5 - - - - -] Service caf6df39-f07f-489e-9581-9b70becae9e2 is updated
2017-10-28 10:03:42.442 28556 INFO heat.engine.service [req-fa558f24-069c-4709-8172-9b574fe64a99 - - - - -] Service 30227806-eb6a-421b-b64b-1f4e769dde97 is updated
2017-10-28 10:03:42.456 28518 INFO heat.engine.service [req-ce06e03b-2615-4b47-b27f-107763024af7 - - - - -] Service dd24efbc-8915-43d4-af30-b40fa3b43c47 is updated
2017-10-28 10:03:42.490 28535 INFO heat.engine.service [req-6da5bae2-f2de-49f7-a65e-2446e411f2be - - - - -] Service fb8da2fb-0ff3-4afc-956a-7d78b638efc3 is updated
2017-10-28 10:03:42.497 28558 INFO heat.engine.service [req-948b925b-f395-47e7-91fe-a11ebd4efe2d - - - - -] Service ce91c6b2-92c3-4791-9658-c7753c86c265 is updated
2017-10-28 10:03:42.541 28551 INFO heat.engine.service [req-264cbf8f-5f8b-496c-9392-a935522213a9 - - - - -] Service 560cd9d1-ade5-4123-8efe-4822dbddfe23 is updated
2017-10-28 10:03:42.555 28555 INFO heat.engine.service [req-f9d95083-5197-4023-a501-f513268e89f4 - - - - -] Service 6b1b66de-35d9-4105-bcd5-aa680ffcddec is updated
2017-10-28 10:03:42.557 28550 INFO heat.engine.service [req-5e8d5fa9-8592-4b4b-b1a8-fcadc136c762 - - - - -] Service ac79e68c-b408-42b8-9a3f-aaa256fcf8f0 is updated
2017-10-28 10:03:42.570 28515 INFO heat.engine.service [req-dbc81093-0641-43ea-9747-08448a39fe4e - - - - -] Service 1a670f48-191d-4af2-ba9b-d59280a34029 is updated
2017-10-28 10:03:42.593 28540 INFO heat.engine.service [req-de83457f-cf57-46da-b65e-eec9f7aa84b3 - - - - -] Service 48ab0354-0cc3-4574-8b4b-39578b4811f9 is updated
2017-10-28 10:03:42.611 28525 INFO heat.engine.service [req-233ceb4e-04ae-4074-bedb-df8185b552b3 - - - - -] Service 12fa1fd5-3e02-4695-9acb-ecf6d0c6be7e is updated
2017-10-28 10:03:42.612 28531 INFO heat.engine.service [req-d2dfe920-548e-461d-af41-4a578fc89740 - - - - -] Service ff837399-1603-480b-89cf-1947330a42ab is updated
2017-10-28 10:03:42.621 28521 INFO heat.engine.service [req-d48ad949-2553-4f0b-90c1-72cf5ac58569 - - - - -] Service d42598ab-5331-4bf4-a271-327e00c8675f is updated
2017-10-28 10:03:42.773 28559 INFO heat.engine.service [req-e7d795fe-647e-4229-bd52-883166197e1c - - - - -] Service d321ca62-b768-43f2-9c4f-f4308f362b40 is updated
2017-10-28 10:03:42.854 28539 INFO heat.engine.service [req-aa87f953-2451-4b42-876b-72b92641f123 - - - - -] Service 75a95404-a1b5-44f6-ba31-90e0e95c8ad0 is updated
2017-10-28 10:03:44.153 28514 INFO heat.engine.service [req-6debbc21-1955-44e7-a142-fbb20e4f734f - - - - -] Service c1ca77d3-4c81-441a-914c-e8e1795d0819 is updated
2017-10-28 10:04:41.865 28529 INFO heat.engine.service [req-da82cd6a-8239-4a97-885b-09f482efdc79 - - - - -] Service 4e596928-014f-46fe-904b-2c69d0122faa is updated
2017-10-28 10:04:41.963 28522 INFO heat.engine.service [req-8f6ded33-dd7e-476a-8644-32ad4d629012 - - - - -] Service 0b05fddd-7118-49f7-b698-e81b89f80dd0 is updated
2017-10-28 10:04:41.964 28511 INFO heat.engine.service [req-370e9bd7-6f23-4f47-b509-616ecf9c9f12 - - - - -] Service c4991b42-b929-41c8-92ba-07735294b97d is updated
2017-10-28 10:04:41.996 28553 INFO heat.engine.service [req-b8cd1125-1701-4f65-b3ca-233915edecb8 - - - - -] Service 1231c634-a611-4552-9733-0bcd0229559d is updated
2017-10-28 10:04:42.002 28542 INFO heat.engine.service [req-8f40bd69-1475-40f0-ac08-49871beedfb8 - - - - -] Service 94a1afb2-8a32-439d-ab8f-e06a961e4433 is updated
2017-10-28 10:04:42.013 28532 INFO heat.engine.service [req-bdb99611-6bff-43d2-8b03-a8c9c27480c7 - - - - -] Service 5e954547-3083-4e91-b56e-edaec69d9004 is updated
2017-10-28 10:04:42.050 28552 INFO heat.engine.service [req-decba005-7c38-407f-8cc4-ea336ac70e8e - - - - -] Service e9eaa51d-d288-442a-bc48-944d997543a3 is updated
2017-10-28 10:04:42.060 28513 INFO heat.engine.service [req-e664fc2b-c8d8-42dd-b533-ca1a70e30b37 - - - - -] Service 5ce1d5ea-a507-4dce-98d2-430354f1824f is updated
2017-10-28 10:04:42.092 28516 INFO heat.engine.service [req-e8aa137b-aa47-4c41-afb2-245e72b6ad92 - - - - -] Service 2d84e3bb-febf-485e-87fe-d93b4c80d1c4 is updated
2017-10-28 10:04:42.094 28527 INFO heat.engine.service [req-5c633807-8c1c-4123-8034-f18a11b06807 - - - - -] Service 27b05062-f4e2-41b9-a5a1-b78a8e7a7cab is updated
2017-10-28 10:04:42.097 28538 INFO heat.engine.service [req-4893ca06-1bdf-4d4b-a791-9f631a2d2b04 - - - - -] Service 174f2dbb-df8a-4407-b210-723a658db9cb is updated
2017-10-28 10:04:42.109 28523 INFO heat.engine.service [req-da66638f-be71-46a7-8cfb-49466101732e - - - - -] Service d7cc827c-6c72-4bc7-9c27-48fae872f1b6 is updated
2017-10-28 10:04:42.129 28562 INFO heat.engine.service [req-0025830c-8dfd-49a8-b9c4-5d4c6ecd3b67 - - - - -] Service b207e39f-b808-4c6c-8285-bd415d13ec10 is updated
2017-10-28 10:04:42.146 28510 INFO heat.engine.service [req-91996c44-c39c-4c07-8dc1-a09319bd9464 - - - - -] Service 4669f065-a489-481e-9850-91a9f44bc077 is updated
2017-10-28 10:04:42.158 28561 INFO heat.engine.service [req-7c75239d-ad08-4f69-821a-339cc92970fa - - - - -] Service 5320c9fe-fd90-45e2-9c81-06f88b38f36b is updated
2017-10-28 10:04:42.158 28520 INFO heat.engine.service [req-15432d0a-0f68-4097-a1bf-e8ba0552c107 - - - - -] Service 4afb81d2-1ea2-4a4b-bc5f-b909623e3e74 is updated
2017-10-28 10:04:42.161 28536 INFO heat.engine.service [req-45d9521d-9f60-4aeb-b2a5-2710025e71aa - - - - -] Service 98ecc1ea-b227-42dc-82e7-30ac1ed9fca4 is updated
2017-10-28 10:04:42.185 28564 INFO heat.engine.service [req-be2ee18a-c5dc-4f0e-86ce-66cf698ab3b0 - - - - -] Service 8f50a07c-7ad8-4a6d-a9d3-37e4c8f0ba53 is updated
2017-10-28 10:04:42.197 28560 INFO heat.engine.service [req-fe9fc57e-6691-4b04-a1fa-46f7093ae452 - - - - -] Service 3b95e8e7-8709-45d2-a464-bac772180735 is updated
2017-10-28 10:04:42.222 28557 INFO heat.engine.service [req-7fb11235-e02c-4129-85f7-36db089501cd - - - - -] Service 98f930a8-31b2-4e4d-8712-9e6fea660e73 is updated
2017-10-28 10:04:42.227 28563 INFO heat.engine.service [req-23272b2d-c4c1-4458-9375-5ade5ee9caf3 - - - - -] Service 4eca1835-2fb1-450f-b336-3867986a581d is updated
2017-10-28 10:04:42.260 28519 INFO heat.engine.service [req-3df512d6-0261-4a42-b1f3-042b8f38824f - - - - -] Service 7d2457db-265f-4f09-a7ed-68db183e0384 is updated
2017-10-28 10:04:42.277 28533 INFO heat.engine.service [req-c7538188-ddb5-4b61-b79e-fca3989f800c - - - - -] Service 3a35d7bf-f1bd-4589-a5c3-8000c3b24793 is updated
2017-10-28 10:04:42.280 28524 INFO heat.engine.service [req-29f2cea0-5ae6-46b8-82ba-e35411c467b2 - - - - -] Service 2f511c44-ddf4-43a7-9fd0-41f210a8b669 is updated
2017-10-28 10:04:42.335 28547 INFO heat.engine.service [req-1ba54b46-0281-4e71-aa08-cf6abfc6e531 - - - - -] Service 25707d32-efb1-423a-b2d4-e11dfe67bcdc is updated
2017-10-28 10:04:42.347 28517 INFO heat.engine.service [req-46cc5641-64ff-416d-ad81-45cfcdb1cf08 - - - - -] Service 750cf73f-337d-432c-9d53-30fab548b45c is updated
2017-10-28 10:04:42.378 28554 INFO heat.engine.service [req-5971c267-5846-4c49-9f1b-02009b1a492d - - - - -] Service c7479ed7-747a-48d4-9a5a-b7161a57c39e is updated
2017-10-28 10:04:42.387 28541 INFO heat.engine.service [req-c39ff7ce-df5b-4cb8-bc7e-3206dd8601f2 - - - - -] Service 28f76f02-d340-4517-9f1d-cb1f7fd704ac is updated
2017-10-28 10:04:42.397 28534 INFO heat.engine.service [req-223c67ab-7134-4aa4-a271-be4569cbd10e - - - - -] Service 7cdf9070-e34d-436d-aa75-65b1eb388638 is updated
2017-10-28 10:04:42.401 28549 INFO heat.engine.service [req-6a8e6ab7-946c-4869-9ba6-2d259adf138b - - - - -] Service 8942a6af-7411-45cf-9672-1c7d3127c49f is updated
2017-10-28 10:04:42.402 28512 INFO heat.engine.service [req-968a4290-06a2-40d6-bae6-1de85cbb55d1 - - - - -] Service fc9cbb06-6f7c-4b69-b947-05f204b3ce3c is updated
2017-10-28 10:04:42.402 28537 INFO heat.engine.service [req-8f44fb80-5e97-478f-96fc-dc1289794b09 - - - - -] Service fd1e41c5-b76e-4f95-9fd6-4a9c3d626081 is updated
2017-10-28 10:04:42.430 28530 INFO heat.engine.service [req-83aceeb6-c910-4be3-bad8-373398cd8b29 - - - - -] Service caf6df39-f07f-489e-9581-9b70becae9e2 is updated
2017-10-28 10:04:42.439 28556 INFO heat.engine.service [req-8a6e5475-58a3-4bb4-b37b-f22939866c54 - - - - -] Service 30227806-eb6a-421b-b64b-1f4e769dde97 is updated
2017-10-28 10:04:42.455 28518 INFO heat.engine.service [req-9a60083f-e73c-4972-a815-6287e05d7240 - - - - -] Service dd24efbc-8915-43d4-af30-b40fa3b43c47 is updated
2017-10-28 10:04:42.486 28535 INFO heat.engine.service [req-5fd5bbcc-702e-43b8-a832-882fee9fa360 - - - - -] Service fb8da2fb-0ff3-4afc-956a-7d78b638efc3 is updated
2017-10-28 10:04:42.494 28558 INFO heat.engine.service [req-b0667356-93ec-4e4a-8b92-c3d701a3e0ea - - - - -] Service ce91c6b2-92c3-4791-9658-c7753c86c265 is updated
2017-10-28 10:04:42.537 28551 INFO heat.engine.service [req-a36c94b2-19a4-4b35-86fa-ca94e349c237 - - - - -] Service 560cd9d1-ade5-4123-8efe-4822dbddfe23 is updated
2017-10-28 10:04:42.553 28555 INFO heat.engine.service [req-076996a2-b08a-483a-98e2-30896c776846 - - - - -] Service 6b1b66de-35d9-4105-bcd5-aa680ffcddec is updated
2017-10-28 10:04:42.554 28550 INFO heat.engine.service [req-47181bb4-3962-419f-956a-683e3e2465ac - - - - -] Service ac79e68c-b408-42b8-9a3f-aaa256fcf8f0 is updated
2017-10-28 10:04:42.565 28515 INFO heat.engine.service [req-bca73ae1-110d-4bb0-bccb-911aaaa1bdfe - - - - -] Service 1a670f48-191d-4af2-ba9b-d59280a34029 is updated
2017-10-28 10:04:42.589 28540 INFO heat.engine.service [req-aaa7fd85-1e60-42ea-aaf0-b94c53b3fe5e - - - - -] Service 48ab0354-0cc3-4574-8b4b-39578b4811f9 is updated
2017-10-28 10:04:42.608 28531 INFO heat.engine.service [req-f245e32f-76cb-42ca-a95d-202ddb5d1ffa - - - - -] Service ff837399-1603-480b-89cf-1947330a42ab is updated
2017-10-28 10:04:42.608 28525 INFO heat.engine.service [req-3992a121-5616-4568-a29d-faf1ca5fe706 - - - - -] Service 12fa1fd5-3e02-4695-9acb-ecf6d0c6be7e is updated
2017-10-28 10:04:42.617 28521 INFO heat.engine.service [req-89542220-41f2-4301-abb1-9a7adf6b27b1 - - - - -] Service d42598ab-5331-4bf4-a271-327e00c8675f is updated
2017-10-28 10:04:42.772 28559 INFO heat.engine.service [req-1b052e25-25dc-411f-8432-72f350f7c02d - - - - -] Service d321ca62-b768-43f2-9c4f-f4308f362b40 is updated
2017-10-28 10:04:42.851 28539 INFO heat.engine.service [req-f4c6bd04-514b-4964-82e9-57b538b64583 - - - - -] Service 75a95404-a1b5-44f6-ba31-90e0e95c8ad0 is updated
2017-10-28 10:04:44.150 28514 INFO heat.engine.service [req-cd103cac-f825-4bf3-b351-7fd08143b8e1 - - - - -] Service c1ca77d3-4c81-441a-914c-e8e1795d0819 is updated
2017-10-28 10:05:41.863 28529 INFO heat.engine.service [req-0815eb3a-5319-42aa-94ed-fba53ea92e84 - - - - -] Service 4e596928-014f-46fe-904b-2c69d0122faa is updated
2017-10-28 10:05:41.961 28522 INFO heat.engine.service [req-7cd0e713-65bc-44f6-bd27-099c62f1c899 - - - - -] Service 0b05fddd-7118-49f7-b698-e81b89f80dd0 is updated
2017-10-28 10:05:41.962 28511 INFO heat.engine.service [req-399d2477-c469-48aa-b1ed-c85796fdce4d - - - - -] Service c4991b42-b929-41c8-92ba-07735294b97d is updated
2017-10-28 10:05:41.993 28553 INFO heat.engine.service [req-31fda8c5-dedd-41c3-8d2e-11147c27e615 - - - - -] Service 1231c634-a611-4552-9733-0bcd0229559d is updated
2017-10-28 10:05:42.000 28542 INFO heat.engine.service [req-37650efa-a55e-48cb-ab89-58e93bb14458 - - - - -] Service 94a1afb2-8a32-439d-ab8f-e06a961e4433 is updated
2017-10-28 10:05:42.014 28532 INFO heat.engine.service [req-dd646a7b-891e-46ce-bf7b-8b1ca9417764 - - - - -] Service 5e954547-3083-4e91-b56e-edaec69d9004 is updated
2017-10-28 10:05:42.046 28552 INFO heat.engine.service [req-f82e424c-b64e-4de0-a136-4d0a98da18b7 - - - - -] Service e9eaa51d-d288-442a-bc48-944d997543a3 is updated
2017-10-28 10:05:42.056 28513 INFO heat.engine.service [req-c3e45fbc-4e38-4bd4-9271-f102d095d827 - - - - -] Service 5ce1d5ea-a507-4dce-98d2-430354f1824f is updated
2017-10-28 10:05:42.090 28516 INFO heat.engine.service [req-ec11d478-0a27-40fc-8aa2-5c5f9ce5ac23 - - - - -] Service 2d84e3bb-febf-485e-87fe-d93b4c80d1c4 is updated
2017-10-28 10:05:42.091 28527 INFO heat.engine.service [req-d74adfe1-72d3-4030-803a-60f21e326041 - - - - -] Service 27b05062-f4e2-41b9-a5a1-b78a8e7a7cab is updated
2017-10-28 10:05:42.091 28538 INFO heat.engine.service [req-d0975121-fb38-44cb-bdd6-ceed1ffae09c - - - - -] Service 174f2dbb-df8a-4407-b210-723a658db9cb is updated
2017-10-28 10:05:42.105 28523 INFO heat.engine.service [req-20527094-9554-447b-bf0c-e8abacd5ad4b - - - - -] Service d7cc827c-6c72-4bc7-9c27-48fae872f1b6 is updated
2017-10-28 10:05:42.125 28562 INFO heat.engine.service [req-ba04e28b-0205-4eff-b300-fe28906082a1 - - - - -] Service b207e39f-b808-4c6c-8285-bd415d13ec10 is updated
2017-10-28 10:05:42.143 28510 INFO heat.engine.service [req-63147622-aa26-4605-821d-3a82ebfbbb8c - - - - -] Service 4669f065-a489-481e-9850-91a9f44bc077 is updated
2017-10-28 10:05:42.184 28520 INFO heat.engine.service [req-5acc036c-5512-4c38-9779-3578701e4492 - - - - -] Service 4afb81d2-1ea2-4a4b-bc5f-b909623e3e74 is updated
2017-10-28 10:05:42.184 28561 INFO heat.engine.service [req-2cca664c-e088-4c91-bb1b-d746fc356776 - - - - -] Service 5320c9fe-fd90-45e2-9c81-06f88b38f36b is updated
2017-10-28 10:05:42.187 28536 INFO heat.engine.service [req-66310819-2023-4a45-9a90-a22f61628a0c - - - - -] Service 98ecc1ea-b227-42dc-82e7-30ac1ed9fca4 is updated
2017-10-28 10:05:42.196 28564 INFO heat.engine.service [req-5e691af7-bb05-40e5-8962-802f531f699f - - - - -] Service 8f50a07c-7ad8-4a6d-a9d3-37e4c8f0ba53 is updated
2017-10-28 10:05:42.206 28560 INFO heat.engine.service [req-32e6c957-73e8-422c-9e75-5bd3c21355b4 - - - - -] Service 3b95e8e7-8709-45d2-a464-bac772180735 is updated
2017-10-28 10:05:42.219 28557 INFO heat.engine.service [req-91ba59e7-83e3-4b15-a33c-0e82b7d5773f - - - - -] Service 98f930a8-31b2-4e4d-8712-9e6fea660e73 is updated
2017-10-28 10:05:42.224 28563 INFO heat.engine.service [req-96820bbe-e0b1-4f6e-bf4f-b0f4efad6ddf - - - - -] Service 4eca1835-2fb1-450f-b336-3867986a581d is updated
2017-10-28 10:05:42.259 28519 INFO heat.engine.service [req-0bf3dfda-8373-4976-9d7a-27db73fdd357 - - - - -] Service 7d2457db-265f-4f09-a7ed-68db183e0384 is updated
2017-10-28 10:05:42.274 28533 INFO heat.engine.service [req-8fd226e5-c686-4869-8d82-844e95ec8b51 - - - - -] Service 3a35d7bf-f1bd-4589-a5c3-8000c3b24793 is updated
2017-10-28 10:05:42.278 28524 INFO heat.engine.service [req-eaac02db-f61c-4cbb-90c1-eb75550fb31a - - - - -] Service 2f511c44-ddf4-43a7-9fd0-41f210a8b669 is updated
2017-10-28 10:05:42.342 28547 INFO heat.engine.service [req-c27d15d7-92d4-4deb-b24e-1f16fda6babc - - - - -] Service 25707d32-efb1-423a-b2d4-e11dfe67bcdc is updated
2017-10-28 10:05:42.344 28517 INFO heat.engine.service [req-5aa9a9e4-f6d4-4fe2-954e-6dde136198cb - - - - -] Service 750cf73f-337d-432c-9d53-30fab548b45c is updated
2017-10-28 10:05:42.375 28554 INFO heat.engine.service [req-6cedbf27-6bf7-43ce-8fb3-ed74e0b9ed16 - - - - -] Service c7479ed7-747a-48d4-9a5a-b7161a57c39e is updated
2017-10-28 10:05:42.383 28541 INFO heat.engine.service [req-1cf3df65-473c-4463-9cad-0049ddaf27e9 - - - - -] Service 28f76f02-d340-4517-9f1d-cb1f7fd704ac is updated
2017-10-28 10:05:42.394 28534 INFO heat.engine.service [req-6c01c54c-156a-4b0c-b74e-e8703b2d35de - - - - -] Service 7cdf9070-e34d-436d-aa75-65b1eb388638 is updated
2017-10-28 10:05:42.399 28512 INFO heat.engine.service [req-f76f4706-462d-4c35-8bc2-31394652bc7b - - - - -] Service fc9cbb06-6f7c-4b69-b947-05f204b3ce3c is updated
2017-10-28 10:05:42.400 28537 INFO heat.engine.service [req-4200f6a5-a032-4d1b-954a-16953eb4293c - - - - -] Service fd1e41c5-b76e-4f95-9fd6-4a9c3d626081 is updated
2017-10-28 10:05:42.405 28549 INFO heat.engine.service [req-e30b64f5-2b44-477c-9f0d-a2c8f9d07fd0 - - - - -] Service 8942a6af-7411-45cf-9672-1c7d3127c49f is updated
2017-10-28 10:05:42.437 28556 INFO heat.engine.service [req-79b54c01-0614-45fb-bf29-83c2f33e0246 - - - - -] Service 30227806-eb6a-421b-b64b-1f4e769dde97 is updated
2017-10-28 10:05:42.439 28530 INFO heat.engine.service [req-2ea468d3-ef96-43f2-aa8f-579a899db6d6 - - - - -] Service caf6df39-f07f-489e-9581-9b70becae9e2 is updated
2017-10-28 10:05:42.453 28518 INFO heat.engine.service [req-c21df021-1593-47a9-ac6e-30a45d386925 - - - - -] Service dd24efbc-8915-43d4-af30-b40fa3b43c47 is updated
2017-10-28 10:05:42.483 28535 INFO heat.engine.service [req-3ac48a08-6d5a-4b7d-ac05-714fdf40717e - - - - -] Service fb8da2fb-0ff3-4afc-956a-7d78b638efc3 is updated
2017-10-28 10:05:42.491 28558 INFO heat.engine.service [req-13416695-16ff-4f2a-8f40-2c22f5bc852e - - - - -] Service ce91c6b2-92c3-4791-9658-c7753c86c265 is updated
2017-10-28 10:05:42.534 28551 INFO heat.engine.service [req-7438b920-2429-47db-8d31-18e465c5f2a7 - - - - -] Service 560cd9d1-ade5-4123-8efe-4822dbddfe23 is updated
2017-10-28 10:05:42.549 28555 INFO heat.engine.service [req-871dcaca-5e94-4199-86e6-c317c7b5d5f2 - - - - -] Service 6b1b66de-35d9-4105-bcd5-aa680ffcddec is updated
2017-10-28 10:05:42.550 28550 INFO heat.engine.service [req-4dd80f42-d1a0-4fde-b792-cf6d49ad8b9f - - - - -] Service ac79e68c-b408-42b8-9a3f-aaa256fcf8f0 is updated
2017-10-28 10:05:42.572 28515 INFO heat.engine.service [req-974f494c-0ff3-4677-9dd5-1e967e717f85 - - - - -] Service 1a670f48-191d-4af2-ba9b-d59280a34029 is updated
2017-10-28 10:05:42.586 28540 INFO heat.engine.service [req-bd961e40-4120-4da3-91be-f1adb4497c1d - - - - -] Service 48ab0354-0cc3-4574-8b4b-39578b4811f9 is updated
2017-10-28 10:05:42.603 28525 INFO heat.engine.service [req-5ddd08d9-e212-454a-9810-67696083a71e - - - - -] Service 12fa1fd5-3e02-4695-9acb-ecf6d0c6be7e is updated
2017-10-28 10:05:42.605 28531 INFO heat.engine.service [req-0cdfd82e-72dd-4c3c-ae39-0a4888ecc6b8 - - - - -] Service ff837399-1603-480b-89cf-1947330a42ab is updated
2017-10-28 10:05:42.614 28521 INFO heat.engine.service [req-4b987823-d2df-425f-ac72-508f050b2db8 - - - - -] Service d42598ab-5331-4bf4-a271-327e00c8675f is updated
2017-10-28 10:05:42.771 28559 INFO heat.engine.service [req-9d9380fa-3738-4eaf-a978-3f02308a0f75 - - - - -] Service d321ca62-b768-43f2-9c4f-f4308f362b40 is updated
2017-10-28 10:05:42.849 28539 INFO heat.engine.service [req-9b1a1192-fbe0-4565-bab7-2f7e6e3dc80a - - - - -] Service 75a95404-a1b5-44f6-ba31-90e0e95c8ad0 is updated
2017-10-28 10:05:44.148 28514 INFO heat.engine.service [req-c591fe6e-7e65-4562-a802-81041f7d89aa - - - - -] Service c1ca77d3-4c81-441a-914c-e8e1795d0819 is updated
2017-10-28 10:06:41.861 28529 INFO heat.engine.service [req-e901643c-7fea-4ee6-a47f-0e3da7771d71 - - - - -] Service 4e596928-014f-46fe-904b-2c69d0122faa is updated
2017-10-28 10:06:41.959 28522 INFO heat.engine.service [req-a561750d-4ebb-4a6e-854b-fb1789a06186 - - - - -] Service 0b05fddd-7118-49f7-b698-e81b89f80dd0 is updated
2017-10-28 10:06:41.960 28511 INFO heat.engine.service [req-f5f90ddd-ec72-4717-811b-31cf31a9098c - - - - -] Service c4991b42-b929-41c8-92ba-07735294b97d is updated
2017-10-28 10:06:41.992 28553 INFO heat.engine.service [req-4b15e0e7-88b4-4cfc-a6e9-739b826b0a00 - - - - -] Service 1231c634-a611-4552-9733-0bcd0229559d is updated
2017-10-28 10:06:41.998 28542 INFO heat.engine.service [req-46f4e561-6adb-4d2c-b085-e0b3f2674dd1 - - - - -] Service 94a1afb2-8a32-439d-ab8f-e06a961e4433 is updated
2017-10-28 10:06:42.012 28532 INFO heat.engine.service [req-4c9541c8-b8c6-408f-a6ec-f1f4b2ae9248 - - - - -] Service 5e954547-3083-4e91-b56e-edaec69d9004 is updated
2017-10-28 10:06:42.045 28552 INFO heat.engine.service [req-e063a115-6c41-429f-a468-3ba424f1fa10 - - - - -] Service e9eaa51d-d288-442a-bc48-944d997543a3 is updated
2017-10-28 10:06:42.054 28513 INFO heat.engine.service [req-3c3da64b-c6b5-46ed-a282-cd4f47968530 - - - - -] Service 5ce1d5ea-a507-4dce-98d2-430354f1824f is updated
2017-10-28 10:06:42.088 28516 INFO heat.engine.service [req-d381994f-d8fd-40f1-9af7-81aa99413ba1 - - - - -] Service 2d84e3bb-febf-485e-87fe-d93b4c80d1c4 is updated
2017-10-28 10:06:42.088 28527 INFO heat.engine.service [req-eeca6bea-920b-4170-a671-f9129224a298 - - - - -] Service 27b05062-f4e2-41b9-a5a1-b78a8e7a7cab is updated
2017-10-28 10:06:42.098 28538 INFO heat.engine.service [req-40e75542-201f-4715-91d3-3ac5267a5ed1 - - - - -] Service 174f2dbb-df8a-4407-b210-723a658db9cb is updated
2017-10-28 10:06:42.101 28523 INFO heat.engine.service [req-311c608d-d320-4e8a-bc48-00cbe17472fb - - - - -] Service d7cc827c-6c72-4bc7-9c27-48fae872f1b6 is updated
2017-10-28 10:06:42.122 28562 INFO heat.engine.service [req-6b4abb78-70cc-484d-b6ec-db36c5929961 - - - - -] Service b207e39f-b808-4c6c-8285-bd415d13ec10 is updated
2017-10-28 10:06:42.139 28510 INFO heat.engine.service [req-dfa43457-f8e4-4cc0-83b8-329c49da3700 - - - - -] Service 4669f065-a489-481e-9850-91a9f44bc077 is updated
2017-10-28 10:06:42.151 28520 INFO heat.engine.service [req-c536681d-86bd-4984-beac-e830a5582eee - - - - -] Service 4afb81d2-1ea2-4a4b-bc5f-b909623e3e74 is updated
2017-10-28 10:06:42.152 28561 INFO heat.engine.service [req-d4b13140-18e7-4c95-a108-7e2cd6018f25 - - - - -] Service 5320c9fe-fd90-45e2-9c81-06f88b38f36b is updated
2017-10-28 10:06:42.154 28536 INFO heat.engine.service [req-4ba3d9fc-1664-441d-9b8c-8a5ce4d7d94c - - - - -] Service 98ecc1ea-b227-42dc-82e7-30ac1ed9fca4 is updated
2017-10-28 10:06:42.181 28564 INFO heat.engine.service [req-ef271dab-8b7c-43bd-b559-ce0cd21cff10 - - - - -] Service 8f50a07c-7ad8-4a6d-a9d3-37e4c8f0ba53 is updated
2017-10-28 10:06:42.204 28560 INFO heat.engine.service [req-85693dd0-fdbc-4e7b-97f8-01627ab9d4ae - - - - -] Service 3b95e8e7-8709-45d2-a464-bac772180735 is updated
2017-10-28 10:06:42.215 28557 INFO heat.engine.service [req-cb9726a0-5728-4506-8a40-0c21e3c55d7c - - - - -] Service 98f930a8-31b2-4e4d-8712-9e6fea660e73 is updated
2017-10-28 10:06:42.228 28563 INFO heat.engine.service [req-6891ce55-3feb-4657-9459-d98324267710 - - - - -] Service 4eca1835-2fb1-450f-b336-3867986a581d is updated
2017-10-28 10:06:42.256 28519 INFO heat.engine.service [req-b4de2243-e40e-47cc-9160-f77b1517c23e - - - - -] Service 7d2457db-265f-4f09-a7ed-68db183e0384 is updated
2017-10-28 10:06:42.273 28533 INFO heat.engine.service [req-c0061388-985e-4bfa-820f-a84eef1f14b6 - - - - -] Service 3a35d7bf-f1bd-4589-a5c3-8000c3b24793 is updated
2017-10-28 10:06:42.275 28524 INFO heat.engine.service [req-473dc39f-9659-4dbd-b595-fc9b6d435f35 - - - - -] Service 2f511c44-ddf4-43a7-9fd0-41f210a8b669 is updated
2017-10-28 10:06:42.339 28547 INFO heat.engine.service [req-9349501c-78cd-4158-a600-3db1d66d2079 - - - - -] Service 25707d32-efb1-423a-b2d4-e11dfe67bcdc is updated
2017-10-28 10:06:42.341 28517 INFO heat.engine.service [req-46111590-7ed8-469a-bb0b-e1e3bc56a8cf - - - - -] Service 750cf73f-337d-432c-9d53-30fab548b45c is updated
2017-10-28 10:06:42.372 28554 INFO heat.engine.service [req-a26eef5a-e186-44bb-9630-b06987039a36 - - - - -] Service c7479ed7-747a-48d4-9a5a-b7161a57c39e is updated
2017-10-28 10:06:42.380 28541 INFO heat.engine.service [req-4e11d81e-2231-43fd-89dd-f90cc2425185 - - - - -] Service 28f76f02-d340-4517-9f1d-cb1f7fd704ac is updated
2017-10-28 10:06:42.393 28534 INFO heat.engine.service [req-fc70f867-4380-47a5-a916-a61c2cb6cc5a - - - - -] Service 7cdf9070-e34d-436d-aa75-65b1eb388638 is updated
2017-10-28 10:06:42.397 28537 INFO heat.engine.service [req-6a16d957-c34f-4199-9b17-58835c18cc4f - - - - -] Service fd1e41c5-b76e-4f95-9fd6-4a9c3d626081 is updated
2017-10-28 10:06:42.397 28512 INFO heat.engine.service [req-a1c8e3cb-5fbe-450c-9bd4-fbedf135bc74 - - - - -] Service fc9cbb06-6f7c-4b69-b947-05f204b3ce3c is updated
2017-10-28 10:06:42.412 28549 INFO heat.engine.service [req-858b051e-9484-4722-af63-0d84990dc6cd - - - - -] Service 8942a6af-7411-45cf-9672-1c7d3127c49f is updated
