2017-10-28 08:57:41.984 28529 INFO heat.engine.service [req-f3b74329-88ed-4a8d-969a-f5ef35c297ae - - - - -] Service 4e596928-014f-46fe-904b-2c69d0122faa is updated
2017-10-28 08:57:42.090 28553 INFO heat.engine.service [req-a6b37cc5-688d-4aa9-9ede-3600be756d9c - - - - -] Service 1231c634-a611-4552-9733-0bcd0229559d is updated
2017-10-28 08:57:42.090 28522 INFO heat.engine.service [req-b15cfe11-6f01-4dd1-8ffb-ae4d8480b728 - - - - -] Service 0b05fddd-7118-49f7-b698-e81b89f80dd0 is updated
2017-10-28 08:57:42.122 28511 INFO heat.engine.service [req-fe9b1809-98ae-4401-915a-e12c6bf79ed5 - - - - -] Service c4991b42-b929-41c8-92ba-07735294b97d is updated
2017-10-28 08:57:42.142 28542 INFO heat.engine.service [req-8ed69ba4-97fe-4fcc-9cc1-e9c72bed3750 - - - - -] Service 94a1afb2-8a32-439d-ab8f-e06a961e4433 is updated
2017-10-28 08:57:42.161 28532 INFO heat.engine.service [req-5e703347-b713-4b06-90d3-a12c90284ddc - - - - -] Service 5e954547-3083-4e91-b56e-edaec69d9004 is updated
2017-10-28 08:57:42.170 28527 INFO heat.engine.service [req-e128aa4c-93fe-4784-ae95-350f69b282b5 - - - - -] Service 27b05062-f4e2-41b9-a5a1-b78a8e7a7cab is updated
2017-10-28 08:57:42.171 28513 INFO heat.engine.service [req-d8bc94e3-3c80-4b3f-bb1a-e5eeea07c7bf - - - - -] Service 5ce1d5ea-a507-4dce-98d2-430354f1824f is updated
2017-10-28 08:57:42.177 28552 INFO heat.engine.service [req-2304d083-829b-4ba6-ad57-c647e042a507 - - - - -] Service e9eaa51d-d288-442a-bc48-944d997543a3 is updated
2017-10-28 08:57:42.195 28523 INFO heat.engine.service [req-a14337e0-50e4-47d2-acb0-1b01748d46b9 - - - - -] Service d7cc827c-6c72-4bc7-9c27-48fae872f1b6 is updated
2017-10-28 08:57:42.212 28538 INFO heat.engine.service [req-ff364747-cef0-4635-a36d-0184be91341e - - - - -] Service 174f2dbb-df8a-4407-b210-723a658db9cb is updated
2017-10-28 08:57:42.223 28516 INFO heat.engine.service [req-417a286b-b585-41a4-8cf1-999c0f403b74 - - - - -] Service 2d84e3bb-febf-485e-87fe-d93b4c80d1c4 is updated
2017-10-28 08:57:42.242 28561 INFO heat.engine.service [req-01887207-7b52-4a23-a928-130fbb2ea0bd - - - - -] Service 5320c9fe-fd90-45e2-9c81-06f88b38f36b is updated
2017-10-28 08:57:42.244 28564 INFO heat.engine.service [req-6c860546-c726-4029-aaa4-56efa7600ec6 - - - - -] Service 8f50a07c-7ad8-4a6d-a9d3-37e4c8f0ba53 is updated
2017-10-28 08:57:42.251 28520 INFO heat.engine.service [req-3205c5ed-b360-402a-9cb1-1dddfdbcae24 - - - - -] Service 4afb81d2-1ea2-4a4b-bc5f-b909623e3e74 is updated
2017-10-28 08:57:42.255 28562 INFO heat.engine.service [req-e07b45af-a741-4df7-b45e-71b5546667e3 - - - - -] Service b207e39f-b808-4c6c-8285-bd415d13ec10 is updated
2017-10-28 08:57:42.256 28510 INFO heat.engine.service [req-cc24bc3a-daa7-4ce2-82f7-2100a1197dec - - - - -] Service 4669f065-a489-481e-9850-91a9f44bc077 is updated
2017-10-28 08:57:42.271 28536 INFO heat.engine.service [req-5dacdf94-8132-42d8-9391-ffdba63b6ab7 - - - - -] Service 98ecc1ea-b227-42dc-82e7-30ac1ed9fca4 is updated
2017-10-28 08:57:42.319 28560 INFO heat.engine.service [req-ee427fcd-efcd-46ee-bee2-927f517eaa14 - - - - -] Service 3b95e8e7-8709-45d2-a464-bac772180735 is updated
2017-10-28 08:57:42.348 28557 INFO heat.engine.service [req-a8084cbf-e15e-4bcc-9254-78fd0356c193 - - - - -] Service 98f930a8-31b2-4e4d-8712-9e6fea660e73 is updated
2017-10-28 08:57:42.365 28563 INFO heat.engine.service [req-adab2626-21fb-4275-8801-5ef41ce83d4d - - - - -] Service 4eca1835-2fb1-450f-b336-3867986a581d is updated
2017-10-28 08:57:42.395 28519 INFO heat.engine.service [req-8dd7b3e2-0435-41f5-8d3d-e5d56cf2c437 - - - - -] Service 7d2457db-265f-4f09-a7ed-68db183e0384 is updated
2017-10-28 08:57:42.409 28533 INFO heat.engine.service [req-ddf44df7-7f7f-4080-9b72-b226526c7502 - - - - -] Service 3a35d7bf-f1bd-4589-a5c3-8000c3b24793 is updated
2017-10-28 08:57:42.415 28524 INFO heat.engine.service [req-cfad7ecd-b40f-404a-900f-8b1e59925352 - - - - -] Service 2f511c44-ddf4-43a7-9fd0-41f210a8b669 is updated
2017-10-28 08:57:42.478 28517 INFO heat.engine.service [req-095ae5b9-5c83-4a7d-8857-94e31e66ac0a - - - - -] Service 750cf73f-337d-432c-9d53-30fab548b45c is updated
2017-10-28 08:57:42.485 28547 INFO heat.engine.service [req-c234a22d-ae41-4d37-86bf-b99d8ae25927 - - - - -] Service 25707d32-efb1-423a-b2d4-e11dfe67bcdc is updated
2017-10-28 08:57:42.513 28541 INFO heat.engine.service [req-dee7891d-32d0-45ba-8d76-df78ffd49d92 - - - - -] Service 28f76f02-d340-4517-9f1d-cb1f7fd704ac is updated
2017-10-28 08:57:42.522 28549 INFO heat.engine.service [req-bed3bfa7-0c07-4fdc-852f-3059837f2fa4 - - - - -] Service 8942a6af-7411-45cf-9672-1c7d3127c49f is updated
2017-10-28 08:57:42.523 28554 INFO heat.engine.service [req-9dfe6558-21b5-441c-add5-71563d4fa110 - - - - -] Service c7479ed7-747a-48d4-9a5a-b7161a57c39e is updated
2017-10-28 08:57:42.526 28537 INFO heat.engine.service [req-a2c2b6f5-5aee-4914-969a-b1b744e26c8b - - - - -] Service fd1e41c5-b76e-4f95-9fd6-4a9c3d626081 is updated
2017-10-28 08:57:42.527 28530 INFO heat.engine.service [req-cbb3e945-3ac4-43bf-ba4f-8ea60ed5ea06 - - - - -] Service caf6df39-f07f-489e-9581-9b70becae9e2 is updated
2017-10-28 08:57:42.529 28534 INFO heat.engine.service [req-ff4e0cb7-7be9-43da-be53-229e70761c9e - - - - -] Service 7cdf9070-e34d-436d-aa75-65b1eb388638 is updated
2017-10-28 08:57:42.572 28512 INFO heat.engine.service [req-bd50d50a-1d4b-4643-bdfc-7d7b2ad5faef - - - - -] Service fc9cbb06-6f7c-4b69-b947-05f204b3ce3c is updated
2017-10-28 08:57:42.579 28556 INFO heat.engine.service [req-b7f69451-fc2e-4daa-9561-7ad393b40974 - - - - -] Service 30227806-eb6a-421b-b64b-1f4e769dde97 is updated
2017-10-28 08:57:42.594 28518 INFO heat.engine.service [req-962238cf-d3c1-45c1-a9ae-d412f3535742 - - - - -] Service dd24efbc-8915-43d4-af30-b40fa3b43c47 is updated
2017-10-28 08:57:42.621 28535 INFO heat.engine.service [req-302295b2-7e41-4da1-ba26-9ebfedb2a274 - - - - -] Service fb8da2fb-0ff3-4afc-956a-7d78b638efc3 is updated
2017-10-28 08:57:42.652 28515 INFO heat.engine.service [req-0d3fd9f1-3b1a-4959-8e0f-67da65ea9f1a - - - - -] Service 1a670f48-191d-4af2-ba9b-d59280a34029 is updated
2017-10-28 08:57:42.653 28558 INFO heat.engine.service [req-4f3ec179-9e4e-45e6-b1c2-3a108ae1bd7a - - - - -] Service ce91c6b2-92c3-4791-9658-c7753c86c265 is updated
2017-10-28 08:57:42.659 28551 INFO heat.engine.service [req-08e6af22-3278-4564-808f-19cfd12ca598 - - - - -] Service 560cd9d1-ade5-4123-8efe-4822dbddfe23 is updated
2017-10-28 08:57:42.675 28550 INFO heat.engine.service [req-8b8d73d4-26e5-4d6e-9054-81c04b2db093 - - - - -] Service ac79e68c-b408-42b8-9a3f-aaa256fcf8f0 is updated
2017-10-28 08:57:42.689 28521 INFO heat.engine.service [req-51f8ba6f-e07c-4933-9147-86650793d4b8 - - - - -] Service d42598ab-5331-4bf4-a271-327e00c8675f is updated
2017-10-28 08:57:42.692 28555 INFO heat.engine.service [req-293400f4-0591-4c3b-b156-891b253d28bf - - - - -] Service 6b1b66de-35d9-4105-bcd5-aa680ffcddec is updated
2017-10-28 08:57:42.697 28540 INFO heat.engine.service [req-efd8becc-d716-4f3b-b9ff-9b09b2db325c - - - - -] Service 48ab0354-0cc3-4574-8b4b-39578b4811f9 is updated
2017-10-28 08:57:42.703 28525 INFO heat.engine.service [req-043e4ccb-f0d5-4276-84a2-be90cb652f5e - - - - -] Service 12fa1fd5-3e02-4695-9acb-ecf6d0c6be7e is updated
2017-10-28 08:57:42.718 28531 INFO heat.engine.service [req-bfb2e7a3-3bda-4e5f-8f1d-9b96aaa19e2f - - - - -] Service ff837399-1603-480b-89cf-1947330a42ab is updated
2017-10-28 08:57:42.831 28559 INFO heat.engine.service [req-23ea3891-f981-4177-80d4-e967b34d2981 - - - - -] Service d321ca62-b768-43f2-9c4f-f4308f362b40 is updated
2017-10-28 08:57:42.999 28539 INFO heat.engine.service [req-03e586e2-1abc-42d3-8461-4d68d44cdf28 - - - - -] Service 75a95404-a1b5-44f6-ba31-90e0e95c8ad0 is updated
2017-10-28 08:57:44.245 28514 INFO heat.engine.service [req-2b529ec3-3c90-470a-add1-0e068db30b86 - - - - -] Service c1ca77d3-4c81-441a-914c-e8e1795d0819 is updated
2017-10-28 08:58:41.980 28529 INFO heat.engine.service [req-9a72c31d-a0d6-4489-9b1d-a6fe03582093 - - - - -] Service 4e596928-014f-46fe-904b-2c69d0122faa is updated
2017-10-28 08:58:42.086 28553 INFO heat.engine.service [req-ba1b2293-0306-4600-a7b8-ed7077eb2b93 - - - - -] Service 1231c634-a611-4552-9733-0bcd0229559d is updated
2017-10-28 08:58:42.086 28522 INFO heat.engine.service [req-a1c4cf5e-54af-42de-a881-0d21637993ee - - - - -] Service 0b05fddd-7118-49f7-b698-e81b89f80dd0 is updated
2017-10-28 08:58:42.119 28511 INFO heat.engine.service [req-6fa3662a-c260-4b29-963b-6ba09e747ee6 - - - - -] Service c4991b42-b929-41c8-92ba-07735294b97d is updated
2017-10-28 08:58:42.138 28542 INFO heat.engine.service [req-1b4bf9f5-0731-463f-84a1-d2be200a9bb1 - - - - -] Service 94a1afb2-8a32-439d-ab8f-e06a961e4433 is updated
2017-10-28 08:58:42.156 28532 INFO heat.engine.service [req-b9b3f6a0-faab-492f-b255-2051726ac305 - - - - -] Service 5e954547-3083-4e91-b56e-edaec69d9004 is updated
2017-10-28 08:58:42.166 28513 INFO heat.engine.service [req-5b93dabf-9a2f-4c00-9b23-c5ee1c5ec055 - - - - -] Service 5ce1d5ea-a507-4dce-98d2-430354f1824f is updated
2017-10-28 08:58:42.167 28527 INFO heat.engine.service [req-ddb95304-5c4d-48dc-bf71-2a2c54df73f6 - - - - -] Service 27b05062-f4e2-41b9-a5a1-b78a8e7a7cab is updated
2017-10-28 08:58:42.181 28552 INFO heat.engine.service [req-65db3fa8-0d65-471a-b32b-5dc2556849e1 - - - - -] Service e9eaa51d-d288-442a-bc48-944d997543a3 is updated
2017-10-28 08:58:42.189 28523 INFO heat.engine.service [req-2506e531-f24c-4f57-acd0-d89a17a3dc20 - - - - -] Service d7cc827c-6c72-4bc7-9c27-48fae872f1b6 is updated
2017-10-28 08:58:42.208 28538 INFO heat.engine.service [req-ea96158a-fb5c-4a10-bc3d-8fdf2fda860e - - - - -] Service 174f2dbb-df8a-4407-b210-723a658db9cb is updated
2017-10-28 08:58:42.220 28516 INFO heat.engine.service [req-9b149328-19c9-4226-8d5e-6de700477a57 - - - - -] Service 2d84e3bb-febf-485e-87fe-d93b4c80d1c4 is updated
2017-10-28 08:58:42.237 28561 INFO heat.engine.service [req-9fcbcb73-ee3c-40c0-9e52-9e51228679f8 - - - - -] Service 5320c9fe-fd90-45e2-9c81-06f88b38f36b is updated
2017-10-28 08:58:42.238 28564 INFO heat.engine.service [req-b6dbda13-a2ff-4a64-90dd-b2399f09b7d4 - - - - -] Service 8f50a07c-7ad8-4a6d-a9d3-37e4c8f0ba53 is updated
2017-10-28 08:58:42.248 28562 INFO heat.engine.service [req-23301cde-3f4b-4c4b-bbee-5c3ebbc95341 - - - - -] Service b207e39f-b808-4c6c-8285-bd415d13ec10 is updated
2017-10-28 08:58:42.253 28510 INFO heat.engine.service [req-345a2555-bf52-4e07-b241-8f43221fa7c2 - - - - -] Service 4669f065-a489-481e-9850-91a9f44bc077 is updated
2017-10-28 08:58:42.259 28520 INFO heat.engine.service [req-007a5211-81a4-45fd-95c3-09c8d71ddb33 - - - - -] Service 4afb81d2-1ea2-4a4b-bc5f-b909623e3e74 is updated
2017-10-28 08:58:42.268 28536 INFO heat.engine.service [req-b0b7171d-b883-446a-a19f-9ffe1f4ec863 - - - - -] Service 98ecc1ea-b227-42dc-82e7-30ac1ed9fca4 is updated
2017-10-28 08:58:42.316 28560 INFO heat.engine.service [req-6d799681-6477-49c1-8bf0-99bc23063924 - - - - -] Service 3b95e8e7-8709-45d2-a464-bac772180735 is updated
2017-10-28 08:58:42.343 28557 INFO heat.engine.service [req-5d49ddcb-9cab-4588-a7d2-9f1711803577 - - - - -] Service 98f930a8-31b2-4e4d-8712-9e6fea660e73 is updated
2017-10-28 08:58:42.359 28563 INFO heat.engine.service [req-3d065e87-4aaa-46ef-ae22-f64bf2bc5e08 - - - - -] Service 4eca1835-2fb1-450f-b336-3867986a581d is updated
2017-10-28 08:58:42.388 28519 INFO heat.engine.service [req-5886e8a6-4c97-4508-8e66-098bd1b6abb5 - - - - -] Service 7d2457db-265f-4f09-a7ed-68db183e0384 is updated
2017-10-28 08:58:42.405 28533 INFO heat.engine.service [req-68397642-a8e6-400a-a24e-e505e340abb4 - - - - -] Service 3a35d7bf-f1bd-4589-a5c3-8000c3b24793 is updated
2017-10-28 08:58:42.410 28524 INFO heat.engine.service [req-0cf7714a-5dc9-4e39-b2c8-4e04d51971a2 - - - - -] Service 2f511c44-ddf4-43a7-9fd0-41f210a8b669 is updated
2017-10-28 08:58:42.474 28517 INFO heat.engine.service [req-61cd9cdb-f0d6-467f-98af-187b109f924c - - - - -] Service 750cf73f-337d-432c-9d53-30fab548b45c is updated
2017-10-28 08:58:42.481 28547 INFO heat.engine.service [req-fbac8b8a-c2af-4d81-9770-d629bd4311eb - - - - -] Service 25707d32-efb1-423a-b2d4-e11dfe67bcdc is updated
2017-10-28 08:58:42.498 28541 INFO heat.engine.service [req-35874e06-3366-4414-8824-664c14b41410 - - - - -] Service 28f76f02-d340-4517-9f1d-cb1f7fd704ac is updated
2017-10-28 08:58:42.516 28549 INFO heat.engine.service [req-b0c7953b-a8f4-450d-b233-cb566662c60d - - - - -] Service 8942a6af-7411-45cf-9672-1c7d3127c49f is updated
2017-10-28 08:58:42.519 28554 INFO heat.engine.service [req-3b2ff9bf-add5-4f2b-aa76-271b8c27bddb - - - - -] Service c7479ed7-747a-48d4-9a5a-b7161a57c39e is updated
2017-10-28 08:58:42.520 28537 INFO heat.engine.service [req-59ac5e9b-d36f-4e5f-9b96-754027399ca6 - - - - -] Service fd1e41c5-b76e-4f95-9fd6-4a9c3d626081 is updated
2017-10-28 08:58:42.526 28534 INFO heat.engine.service [req-10bccddd-93a8-4955-97ab-5955d9871407 - - - - -] Service 7cdf9070-e34d-436d-aa75-65b1eb388638 is updated
2017-10-28 08:58:42.533 28530 INFO heat.engine.service [req-5ed133f2-f78b-447a-bf76-f7162f781681 - - - - -] Service caf6df39-f07f-489e-9581-9b70becae9e2 is updated
2017-10-28 08:58:42.568 28512 INFO heat.engine.service [req-351a6ee9-a0c9-4c09-96f9-61b1de9f710e - - - - -] Service fc9cbb06-6f7c-4b69-b947-05f204b3ce3c is updated
2017-10-28 08:58:42.576 28556 INFO heat.engine.service [req-5f436953-d319-40e4-9efa-b10f8703f1a8 - - - - -] Service 30227806-eb6a-421b-b64b-1f4e769dde97 is updated
2017-10-28 08:58:42.591 28518 INFO heat.engine.service [req-79b4e5c6-e20e-4a05-9232-e2b724f8904b - - - - -] Service dd24efbc-8915-43d4-af30-b40fa3b43c47 is updated
2017-10-28 08:58:42.618 28535 INFO heat.engine.service [req-41df9c92-74ef-49ea-be25-7264f8fc54bf - - - - -] Service fb8da2fb-0ff3-4afc-956a-7d78b638efc3 is updated
2017-10-28 08:58:42.646 28515 INFO heat.engine.service [req-75c20bff-544f-4454-ad60-20eaf8b84f37 - - - - -] Service 1a670f48-191d-4af2-ba9b-d59280a34029 is updated
2017-10-28 08:58:42.648 28558 INFO heat.engine.service [req-d41bee85-0a8a-44c0-b5f5-76d592fba78f - - - - -] Service ce91c6b2-92c3-4791-9658-c7753c86c265 is updated
2017-10-28 08:58:42.652 28551 INFO heat.engine.service [req-b5fec1ff-9adc-493e-a3e1-5d80cdbe79e1 - - - - -] Service 560cd9d1-ade5-4123-8efe-4822dbddfe23 is updated
2017-10-28 08:58:42.668 28550 INFO heat.engine.service [req-e3503ba4-1a37-4756-b228-10045aa7bbef - - - - -] Service ac79e68c-b408-42b8-9a3f-aaa256fcf8f0 is updated
2017-10-28 08:58:42.685 28521 INFO heat.engine.service [req-5b09550e-0e5e-444b-bed9-08faa67e5844 - - - - -] Service d42598ab-5331-4bf4-a271-327e00c8675f is updated
2017-10-28 08:58:42.690 28555 INFO heat.engine.service [req-5857ce98-834a-4de1-a6bc-e555da8e868a - - - - -] Service 6b1b66de-35d9-4105-bcd5-aa680ffcddec is updated
2017-10-28 08:58:42.694 28540 INFO heat.engine.service [req-35369fbb-96f4-446a-b4f0-6ccc5b776c02 - - - - -] Service 48ab0354-0cc3-4574-8b4b-39578b4811f9 is updated
2017-10-28 08:58:42.708 28525 INFO heat.engine.service [req-983d52d1-0cc2-4dcf-ba45-bf4bd5ec7f96 - - - - -] Service 12fa1fd5-3e02-4695-9acb-ecf6d0c6be7e is updated
2017-10-28 08:58:42.714 28531 INFO heat.engine.service [req-549d7d67-ab09-4f9a-b9f3-8e9d4f7b1e44 - - - - -] Service ff837399-1603-480b-89cf-1947330a42ab is updated
2017-10-28 08:58:42.827 28559 INFO heat.engine.service [req-0c337e0b-b76a-4ba0-b3d7-884ffe126707 - - - - -] Service d321ca62-b768-43f2-9c4f-f4308f362b40 is updated
2017-10-28 08:58:42.993 28539 INFO heat.engine.service [req-406ea406-6df1-465c-bd7b-2b7a7625c15e - - - - -] Service 75a95404-a1b5-44f6-ba31-90e0e95c8ad0 is updated
2017-10-28 08:58:44.243 28514 INFO heat.engine.service [req-4609192a-b12f-4bf6-9dcd-9fefba1e2718 - - - - -] Service c1ca77d3-4c81-441a-914c-e8e1795d0819 is updated
2017-10-28 08:59:41.978 28529 INFO heat.engine.service [req-b13db298-ae85-432a-9758-c8ee0042cffe - - - - -] Service 4e596928-014f-46fe-904b-2c69d0122faa is updated
2017-10-28 08:59:42.083 28553 INFO heat.engine.service [req-43847ae0-298a-480a-9295-d1a100c688f0 - - - - -] Service 1231c634-a611-4552-9733-0bcd0229559d is updated
2017-10-28 08:59:42.105 28522 INFO heat.engine.service [req-ed7ee865-4a15-4298-8455-02aefd9780dd - - - - -] Service 0b05fddd-7118-49f7-b698-e81b89f80dd0 is updated
2017-10-28 08:59:42.116 28511 INFO heat.engine.service [req-50b76c00-77dd-44a9-9127-c64864442fb0 - - - - -] Service c4991b42-b929-41c8-92ba-07735294b97d is updated
2017-10-28 08:59:42.135 28542 INFO heat.engine.service [req-2d856d53-b687-4057-bddd-e5dce67cdfc5 - - - - -] Service 94a1afb2-8a32-439d-ab8f-e06a961e4433 is updated
2017-10-28 08:59:42.153 28532 INFO heat.engine.service [req-de665fcf-b074-4327-bd66-8af7be31813b - - - - -] Service 5e954547-3083-4e91-b56e-edaec69d9004 is updated
2017-10-28 08:59:42.164 28527 INFO heat.engine.service [req-1aae9b71-6675-4266-acc6-6764f8c74006 - - - - -] Service 27b05062-f4e2-41b9-a5a1-b78a8e7a7cab is updated
2017-10-28 08:59:42.175 28513 INFO heat.engine.service [req-ec2764ec-4052-43a5-b7ab-043eb1f79c0b - - - - -] Service 5ce1d5ea-a507-4dce-98d2-430354f1824f is updated
2017-10-28 08:59:42.189 28552 INFO heat.engine.service [req-4f10bf9e-582c-4dd7-98ab-f1aa716bcade - - - - -] Service e9eaa51d-d288-442a-bc48-944d997543a3 is updated
2017-10-28 08:59:42.197 28523 INFO heat.engine.service [req-7e6bc7fb-8015-4fc6-8fd1-6eeae0614e52 - - - - -] Service d7cc827c-6c72-4bc7-9c27-48fae872f1b6 is updated
2017-10-28 08:59:42.207 28538 INFO heat.engine.service [req-ea7c13b3-0db4-4aeb-bf00-18b46e3529bc - - - - -] Service 174f2dbb-df8a-4407-b210-723a658db9cb is updated
2017-10-28 08:59:42.216 28516 INFO heat.engine.service [req-4e6db2c0-3b28-4d14-bb1e-c192a889f00a - - - - -] Service 2d84e3bb-febf-485e-87fe-d93b4c80d1c4 is updated
2017-10-28 08:59:42.251 28561 INFO heat.engine.service [req-c19d6723-7f3f-43e4-84ec-6101ebe6bce5 - - - - -] Service 5320c9fe-fd90-45e2-9c81-06f88b38f36b is updated
2017-10-28 08:59:42.253 28564 INFO heat.engine.service [req-1c65467b-a83f-4c87-b5e5-117ccf2a3a52 - - - - -] Service 8f50a07c-7ad8-4a6d-a9d3-37e4c8f0ba53 is updated
2017-10-28 08:59:42.254 28562 INFO heat.engine.service [req-d27d63cd-5cbc-4fa1-b42c-56dcd0958de9 - - - - -] Service b207e39f-b808-4c6c-8285-bd415d13ec10 is updated
2017-10-28 08:59:42.253 28510 INFO heat.engine.service [req-e5a2de51-bfc1-4ea3-a97a-0c58d817a677 - - - - -] Service 4669f065-a489-481e-9850-91a9f44bc077 is updated
2017-10-28 08:59:42.259 28520 INFO heat.engine.service [req-b713508a-1e6d-42e3-9dc2-9baf0b8e97c1 - - - - -] Service 4afb81d2-1ea2-4a4b-bc5f-b909623e3e74 is updated
2017-10-28 08:59:42.263 28536 INFO heat.engine.service [req-7b8f192a-7235-4e3c-a6e9-afadaf183cb1 - - - - -] Service 98ecc1ea-b227-42dc-82e7-30ac1ed9fca4 is updated
2017-10-28 08:59:42.313 28560 INFO heat.engine.service [req-e944dae4-211e-423a-b28c-e80c26c3f435 - - - - -] Service 3b95e8e7-8709-45d2-a464-bac772180735 is updated
2017-10-28 08:59:42.340 28557 INFO heat.engine.service [req-58d41703-242e-442b-b9ef-9569615ef375 - - - - -] Service 98f930a8-31b2-4e4d-8712-9e6fea660e73 is updated
2017-10-28 08:59:42.366 28563 INFO heat.engine.service [req-e3238162-b96f-4af6-9368-e28a95eacec9 - - - - -] Service 4eca1835-2fb1-450f-b336-3867986a581d is updated
2017-10-28 08:59:42.400 28519 INFO heat.engine.service [req-76de0612-83d1-4a84-8405-59b5652f8b8e - - - - -] Service 7d2457db-265f-4f09-a7ed-68db183e0384 is updated
2017-10-28 08:59:42.402 28533 INFO heat.engine.service [req-11d57832-3c28-4989-994e-d05cc6cb081d - - - - -] Service 3a35d7bf-f1bd-4589-a5c3-8000c3b24793 is updated
2017-10-28 08:59:42.407 28524 INFO heat.engine.service [req-8ed4e491-688d-4644-98a8-4a6480d38183 - - - - -] Service 2f511c44-ddf4-43a7-9fd0-41f210a8b669 is updated
2017-10-28 08:59:42.473 28517 INFO heat.engine.service [req-223a04a2-409f-4db2-8d92-18f456c57e67 - - - - -] Service 750cf73f-337d-432c-9d53-30fab548b45c is updated
2017-10-28 08:59:42.480 28547 INFO heat.engine.service [req-16e6fd96-d152-413f-b80f-6c61222bfb42 - - - - -] Service 25707d32-efb1-423a-b2d4-e11dfe67bcdc is updated
2017-10-28 08:59:42.510 28541 INFO heat.engine.service [req-18059750-8e1b-46bc-aff0-0da621d04fff - - - - -] Service 28f76f02-d340-4517-9f1d-cb1f7fd704ac is updated
2017-10-28 08:59:42.516 28554 INFO heat.engine.service [req-aa163a09-23f0-4a42-ae16-16099d1ad907 - - - - -] Service c7479ed7-747a-48d4-9a5a-b7161a57c39e is updated
2017-10-28 08:59:42.523 28549 INFO heat.engine.service [req-30893c6c-1a40-45aa-8bef-75a40c98a52d - - - - -] Service 8942a6af-7411-45cf-9672-1c7d3127c49f is updated
2017-10-28 08:59:42.525 28534 INFO heat.engine.service [req-dbb2ab5d-2993-474e-912a-3a73a2b18acd - - - - -] Service 7cdf9070-e34d-436d-aa75-65b1eb388638 is updated
2017-10-28 08:59:42.526 28537 INFO heat.engine.service [req-60e72945-9ad2-4416-81df-8d639b783a1c - - - - -] Service fd1e41c5-b76e-4f95-9fd6-4a9c3d626081 is updated
2017-10-28 08:59:42.528 28530 INFO heat.engine.service [req-e991232a-004a-48a3-b0bb-fea3b0aa3c5a - - - - -] Service caf6df39-f07f-489e-9581-9b70becae9e2 is updated
2017-10-28 08:59:42.565 28512 INFO heat.engine.service [req-f0503cf8-dab7-4b46-8bb1-bd091057b2ba - - - - -] Service fc9cbb06-6f7c-4b69-b947-05f204b3ce3c is updated
2017-10-28 08:59:42.576 28556 INFO heat.engine.service [req-d1626483-2bae-4196-84ad-b777ce315160 - - - - -] Service 30227806-eb6a-421b-b64b-1f4e769dde97 is updated
2017-10-28 08:59:42.587 28518 INFO heat.engine.service [req-d8c46c50-f322-4c0d-b729-ba60821bde78 - - - - -] Service dd24efbc-8915-43d4-af30-b40fa3b43c47 is updated
2017-10-28 08:59:42.616 28535 INFO heat.engine.service [req-7aa7224e-c8e3-45a1-80ec-9aa8f523638f - - - - -] Service fb8da2fb-0ff3-4afc-956a-7d78b638efc3 is updated
2017-10-28 08:59:42.646 28558 INFO heat.engine.service [req-bd56a387-1293-4ca0-8c02-f4e06615e550 - - - - -] Service ce91c6b2-92c3-4791-9658-c7753c86c265 is updated
2017-10-28 08:59:42.655 28515 INFO heat.engine.service [req-d6b0aac9-23d7-446c-a1bf-4eb297c3a412 - - - - -] Service 1a670f48-191d-4af2-ba9b-d59280a34029 is updated
2017-10-28 08:59:42.657 28551 INFO heat.engine.service [req-736af7f5-1aad-41e1-90c0-55c158fcf533 - - - - -] Service 560cd9d1-ade5-4123-8efe-4822dbddfe23 is updated
2017-10-28 08:59:42.677 28550 INFO heat.engine.service [req-2bca5751-7b60-44b8-9d67-d88e49936686 - - - - -] Service ac79e68c-b408-42b8-9a3f-aaa256fcf8f0 is updated
2017-10-28 08:59:42.689 28555 INFO heat.engine.service [req-c6182ad0-c2ff-4e11-b45f-f7f069bbffe3 - - - - -] Service 6b1b66de-35d9-4105-bcd5-aa680ffcddec is updated
2017-10-28 08:59:42.692 28540 INFO heat.engine.service [req-9cab1425-47e1-483f-ab63-1b9b43f047d9 - - - - -] Service 48ab0354-0cc3-4574-8b4b-39578b4811f9 is updated
2017-10-28 08:59:42.693 28521 INFO heat.engine.service [req-2f49c45a-c204-4b9e-8fc8-a30f57c1ecc1 - - - - -] Service d42598ab-5331-4bf4-a271-327e00c8675f is updated
2017-10-28 08:59:42.710 28531 INFO heat.engine.service [req-a18a3d7b-c7f9-4dcc-b46d-72d47a6c2e7d - - - - -] Service ff837399-1603-480b-89cf-1947330a42ab is updated
2017-10-28 08:59:42.714 28525 INFO heat.engine.service [req-cc5e7f84-a862-4ed3-8735-1d5f08432498 - - - - -] Service 12fa1fd5-3e02-4695-9acb-ecf6d0c6be7e is updated
2017-10-28 08:59:42.826 28559 INFO heat.engine.service [req-fef75a6c-9a8e-4393-8677-b4241f353166 - - - - -] Service d321ca62-b768-43f2-9c4f-f4308f362b40 is updated
2017-10-28 08:59:43.000 28539 INFO heat.engine.service [req-8242daf5-20a4-4704-9630-866707456812 - - - - -] Service 75a95404-a1b5-44f6-ba31-90e0e95c8ad0 is updated
2017-10-28 08:59:44.241 28514 INFO heat.engine.service [req-d80e584c-0121-45dc-a6a3-e53372e57afb - - - - -] Service c1ca77d3-4c81-441a-914c-e8e1795d0819 is updated
2017-10-28 09:00:41.977 28529 INFO heat.engine.service [req-ad5c0e0c-a476-4fb7-8934-f33472dbd1b8 - - - - -] Service 4e596928-014f-46fe-904b-2c69d0122faa is updated
2017-10-28 09:00:42.082 28553 INFO heat.engine.service [req-93be1a45-8484-492a-82d5-d422fd1665c2 - - - - -] Service 1231c634-a611-4552-9733-0bcd0229559d is updated
2017-10-28 09:00:42.097 28522 INFO heat.engine.service [req-96debedd-f8ad-455c-a1be-5cc15a3be431 - - - - -] Service 0b05fddd-7118-49f7-b698-e81b89f80dd0 is updated
2017-10-28 09:00:42.115 28511 INFO heat.engine.service [req-251dd82b-04dd-4a7b-b1cb-6f6517771158 - - - - -] Service c4991b42-b929-41c8-92ba-07735294b97d is updated
2017-10-28 09:00:42.133 28542 INFO heat.engine.service [req-1633588c-b77a-4c16-a776-20566c155718 - - - - -] Service 94a1afb2-8a32-439d-ab8f-e06a961e4433 is updated
2017-10-28 09:00:42.149 28532 INFO heat.engine.service [req-60eecee0-e09e-4cf8-bbfa-d488af1fccd4 - - - - -] Service 5e954547-3083-4e91-b56e-edaec69d9004 is updated
2017-10-28 09:00:42.162 28527 INFO heat.engine.service [req-fb1a3c12-1e4b-4a16-85c5-2061dd8a2f5f - - - - -] Service 27b05062-f4e2-41b9-a5a1-b78a8e7a7cab is updated
2017-10-28 09:00:42.172 28513 INFO heat.engine.service [req-516973a4-ce92-49db-81d0-8e08e813b324 - - - - -] Service 5ce1d5ea-a507-4dce-98d2-430354f1824f is updated
2017-10-28 09:00:42.185 28552 INFO heat.engine.service [req-84b28dcb-3924-4848-8ec4-825588608a04 - - - - -] Service e9eaa51d-d288-442a-bc48-944d997543a3 is updated
2017-10-28 09:00:42.194 28523 INFO heat.engine.service [req-3a3af5f7-76d2-4b73-b251-6419127ab7e4 - - - - -] Service d7cc827c-6c72-4bc7-9c27-48fae872f1b6 is updated
2017-10-28 09:00:42.205 28538 INFO heat.engine.service [req-5936eb45-0c4c-46a2-a1e5-ca9b5c4c374f - - - - -] Service 174f2dbb-df8a-4407-b210-723a658db9cb is updated
2017-10-28 09:00:42.247 28516 INFO heat.engine.service [req-23a51310-5318-4aba-bd40-eb542d82dd2e - - - - -] Service 2d84e3bb-febf-485e-87fe-d93b4c80d1c4 is updated
2017-10-28 09:00:42.322 28562 INFO heat.engine.service [req-2d1f157e-d38a-4512-b167-543f51ed8d63 - - - - -] Service b207e39f-b808-4c6c-8285-bd415d13ec10 is updated
2017-10-28 09:00:42.322 28510 INFO heat.engine.service [req-37414d37-3b22-4016-b890-32ef0fe504c8 - - - - -] Service 4669f065-a489-481e-9850-91a9f44bc077 is updated
2017-10-28 09:00:42.328 28520 INFO heat.engine.service [req-5b493786-044f-452a-83f6-e19678426c0f - - - - -] Service 4afb81d2-1ea2-4a4b-bc5f-b909623e3e74 is updated
2017-10-28 09:00:42.336 28536 INFO heat.engine.service [req-ace845ed-7489-4ea7-9446-906e8aded9f3 - - - - -] Service 98ecc1ea-b227-42dc-82e7-30ac1ed9fca4 is updated
2017-10-28 09:00:42.336 28564 INFO heat.engine.service [req-f8d374dd-ce7e-4be1-b8cb-344a4b90371b - - - - -] Service 8f50a07c-7ad8-4a6d-a9d3-37e4c8f0ba53 is updated
2017-10-28 09:00:42.337 28560 INFO heat.engine.service [req-2dd57d97-6785-4d18-92d0-3e3dca84b21c - - - - -] Service 3b95e8e7-8709-45d2-a464-bac772180735 is updated
2017-10-28 09:00:42.337 28561 INFO heat.engine.service [req-81ecaac1-4e81-4b57-b422-29f129a17631 - - - - -] Service 5320c9fe-fd90-45e2-9c81-06f88b38f36b is updated
2017-10-28 09:00:42.341 28557 INFO heat.engine.service [req-1cc22dc6-a02a-415e-83f5-1261e63b9b01 - - - - -] Service 98f930a8-31b2-4e4d-8712-9e6fea660e73 is updated
2017-10-28 09:00:42.363 28563 INFO heat.engine.service [req-81413246-b9a2-4e1a-b361-2566510c8b02 - - - - -] Service 4eca1835-2fb1-450f-b336-3867986a581d is updated
2017-10-28 09:00:42.398 28519 INFO heat.engine.service [req-0f65a68f-f3d1-409e-8bff-ac3605e5734e - - - - -] Service 7d2457db-265f-4f09-a7ed-68db183e0384 is updated
2017-10-28 09:00:42.399 28533 INFO heat.engine.service [req-9057c382-3a45-4efd-9c90-1b67c238f997 - - - - -] Service 3a35d7bf-f1bd-4589-a5c3-8000c3b24793 is updated
2017-10-28 09:00:42.405 28524 INFO heat.engine.service [req-d018dd5c-365e-4881-a6bb-45a54ee11210 - - - - -] Service 2f511c44-ddf4-43a7-9fd0-41f210a8b669 is updated
2017-10-28 09:00:42.486 28517 INFO heat.engine.service [req-9719dcaa-0909-46e4-a73b-b07be0e48618 - - - - -] Service 750cf73f-337d-432c-9d53-30fab548b45c is updated
2017-10-28 09:00:42.486 28547 INFO heat.engine.service [req-3059e141-232b-4eab-ab1b-34921958b665 - - - - -] Service 25707d32-efb1-423a-b2d4-e11dfe67bcdc is updated
2017-10-28 09:00:42.508 28541 INFO heat.engine.service [req-7e0a5df1-34d0-4639-a058-0d4f80d2fa53 - - - - -] Service 28f76f02-d340-4517-9f1d-cb1f7fd704ac is updated
2017-10-28 09:00:42.514 28554 INFO heat.engine.service [req-b0e58bce-8070-4fa4-90d8-23e339148240 - - - - -] Service c7479ed7-747a-48d4-9a5a-b7161a57c39e is updated
2017-10-28 09:00:42.518 28549 INFO heat.engine.service [req-76a4d047-c851-4f94-b6ca-196dcfaa466d - - - - -] Service 8942a6af-7411-45cf-9672-1c7d3127c49f is updated
2017-10-28 09:00:42.523 28537 INFO heat.engine.service [req-e5bed7d0-b1e7-41b1-8472-aed784804d0e - - - - -] Service fd1e41c5-b76e-4f95-9fd6-4a9c3d626081 is updated
2017-10-28 09:00:42.523 28534 INFO heat.engine.service [req-18563209-7de6-48fc-8ae1-f0f054af3b15 - - - - -] Service 7cdf9070-e34d-436d-aa75-65b1eb388638 is updated
2017-10-28 09:00:42.534 28530 INFO heat.engine.service [req-5f5e85b5-8e25-4e05-8033-ec3a6ba4a334 - - - - -] Service caf6df39-f07f-489e-9581-9b70becae9e2 is updated
2017-10-28 09:00:42.563 28512 INFO heat.engine.service [req-15c1ca4c-f446-4c4f-86ad-11023c08ed87 - - - - -] Service fc9cbb06-6f7c-4b69-b947-05f204b3ce3c is updated
2017-10-28 09:00:42.573 28556 INFO heat.engine.service [req-7ad3f21b-2d4d-48a6-bce7-df44e0d38913 - - - - -] Service 30227806-eb6a-421b-b64b-1f4e769dde97 is updated
2017-10-28 09:00:42.588 28518 INFO heat.engine.service [req-4dd0dd80-8677-4e0d-8320-e6124b7e6c7d - - - - -] Service dd24efbc-8915-43d4-af30-b40fa3b43c47 is updated
2017-10-28 09:00:42.614 28535 INFO heat.engine.service [req-d11d4899-e5b3-48c8-a7ca-37c221e00145 - - - - -] Service fb8da2fb-0ff3-4afc-956a-7d78b638efc3 is updated
2017-10-28 09:00:42.657 28558 INFO heat.engine.service [req-4b221497-9699-4421-8796-13cddc1ea2d6 - - - - -] Service ce91c6b2-92c3-4791-9658-c7753c86c265 is updated
2017-10-28 09:00:42.715 28551 INFO heat.engine.service [req-7987d28c-bcfe-4453-8410-b0defeb5eac4 - - - - -] Service 560cd9d1-ade5-4123-8efe-4822dbddfe23 is updated
2017-10-28 09:00:42.719 28515 INFO heat.engine.service [req-5fc1e09d-ecf5-4fcc-9457-94a568880ea9 - - - - -] Service 1a670f48-191d-4af2-ba9b-d59280a34029 is updated
2017-10-28 09:00:42.722 28550 INFO heat.engine.service [req-9544b118-4b30-4cc0-aaf1-7caca951b8a5 - - - - -] Service ac79e68c-b408-42b8-9a3f-aaa256fcf8f0 is updated
2017-10-28 09:00:42.724 28540 INFO heat.engine.service [req-65002c22-de16-4905-ac62-a79c618e722b - - - - -] Service 48ab0354-0cc3-4574-8b4b-39578b4811f9 is updated
2017-10-28 09:00:42.724 28531 INFO heat.engine.service [req-260610c5-d1c0-47be-ad71-e09afa702893 - - - - -] Service ff837399-1603-480b-89cf-1947330a42ab is updated
2017-10-28 09:00:42.724 28521 INFO heat.engine.service [req-4116fdbb-5389-4092-a85c-35dc056b02ed - - - - -] Service d42598ab-5331-4bf4-a271-327e00c8675f is updated
2017-10-28 09:00:42.725 28525 INFO heat.engine.service [req-1141078a-c96e-4667-b3b0-dee7dadbd17f - - - - -] Service 12fa1fd5-3e02-4695-9acb-ecf6d0c6be7e is updated
2017-10-28 09:00:42.728 28555 INFO heat.engine.service [req-59b1e106-4525-4d68-9f3c-5252e6809620 - - - - -] Service 6b1b66de-35d9-4105-bcd5-aa680ffcddec is updated
2017-10-28 09:00:42.826 28559 INFO heat.engine.service [req-e2456686-19c5-4eee-be5a-ad5309af6c01 - - - - -] Service d321ca62-b768-43f2-9c4f-f4308f362b40 is updated
2017-10-28 09:00:42.997 28539 INFO heat.engine.service [req-9ab0eba9-3220-4de7-ae78-4c9594b9e360 - - - - -] Service 75a95404-a1b5-44f6-ba31-90e0e95c8ad0 is updated
2017-10-28 09:00:44.240 28514 INFO heat.engine.service [req-d08d9d4d-247b-426e-982f-9f8f93121887 - - - - -] Service c1ca77d3-4c81-441a-914c-e8e1795d0819 is updated
2017-10-28 09:01:41.976 28529 INFO heat.engine.service [req-db86fe61-b076-4fa7-8d7a-2cac52d4327d - - - - -] Service 4e596928-014f-46fe-904b-2c69d0122faa is updated
2017-10-28 09:01:42.080 28553 INFO heat.engine.service [req-8eb72f54-9344-40a4-9421-69e3867539c6 - - - - -] Service 1231c634-a611-4552-9733-0bcd0229559d is updated
2017-10-28 09:01:42.094 28522 INFO heat.engine.service [req-89fc2145-d1d1-4113-aaf5-1d5002b1042e - - - - -] Service 0b05fddd-7118-49f7-b698-e81b89f80dd0 is updated
2017-10-28 09:01:42.112 28511 INFO heat.engine.service [req-dab6147d-9c26-4da0-871b-ecb94640104e - - - - -] Service c4991b42-b929-41c8-92ba-07735294b97d is updated
2017-10-28 09:01:42.130 28542 INFO heat.engine.service [req-c9ece502-e4ff-423b-abce-0fd9e021333d - - - - -] Service 94a1afb2-8a32-439d-ab8f-e06a961e4433 is updated
2017-10-28 09:01:42.170 28532 INFO heat.engine.service [req-ce74f639-f42c-4d1f-9cc1-13db9f1bdee7 - - - - -] Service 5e954547-3083-4e91-b56e-edaec69d9004 is updated
2017-10-28 09:01:42.177 28513 INFO heat.engine.service [req-5a838454-3a93-4df0-ae4e-2e5cef1e71d1 - - - - -] Service 5ce1d5ea-a507-4dce-98d2-430354f1824f is updated
2017-10-28 09:01:42.177 28527 INFO heat.engine.service [req-0dbaaa13-4c37-484d-8261-01dba1335cf3 - - - - -] Service 27b05062-f4e2-41b9-a5a1-b78a8e7a7cab is updated
2017-10-28 09:01:42.181 28552 INFO heat.engine.service [req-771b3856-4795-4819-be48-80c8ea91edf6 - - - - -] Service e9eaa51d-d288-442a-bc48-944d997543a3 is updated
2017-10-28 09:01:42.189 28523 INFO heat.engine.service [req-fd7e53d5-eadc-4d88-bcc2-4487ea3a26e6 - - - - -] Service d7cc827c-6c72-4bc7-9c27-48fae872f1b6 is updated
2017-10-28 09:01:42.202 28538 INFO heat.engine.service [req-12f82e66-59cd-4fa7-a120-ebfe4897a6cb - - - - -] Service 174f2dbb-df8a-4407-b210-723a658db9cb is updated
2017-10-28 09:01:42.212 28516 INFO heat.engine.service [req-d1c8157f-ba60-4c1b-a9b3-b039676ea1f3 - - - - -] Service 2d84e3bb-febf-485e-87fe-d93b4c80d1c4 is updated
2017-10-28 09:01:42.241 28561 INFO heat.engine.service [req-1de062f9-728d-4298-adae-7cca286223e9 - - - - -] Service 5320c9fe-fd90-45e2-9c81-06f88b38f36b is updated
2017-10-28 09:01:42.247 28562 INFO heat.engine.service [req-528b9a5b-3e8f-4e6e-b2a7-2ced5262d058 - - - - -] Service b207e39f-b808-4c6c-8285-bd415d13ec10 is updated
2017-10-28 09:01:42.248 28510 INFO heat.engine.service [req-4e9ae7c4-307d-4956-b582-069eb4d8ed44 - - - - -] Service 4669f065-a489-481e-9850-91a9f44bc077 is updated
2017-10-28 09:01:42.254 28520 INFO heat.engine.service [req-d7e6fd33-a026-46f6-a874-99681526ede9 - - - - -] Service 4afb81d2-1ea2-4a4b-bc5f-b909623e3e74 is updated
2017-10-28 09:01:42.255 28564 INFO heat.engine.service [req-497be3c9-d02d-426d-8a1e-95305f667653 - - - - -] Service 8f50a07c-7ad8-4a6d-a9d3-37e4c8f0ba53 is updated
2017-10-28 09:01:42.268 28536 INFO heat.engine.service [req-41a9d1f2-73f4-442b-bb29-6998b55cfec4 - - - - -] Service 98ecc1ea-b227-42dc-82e7-30ac1ed9fca4 is updated
2017-10-28 09:01:42.314 28560 INFO heat.engine.service [req-f65cb72d-4326-4e12-acaf-d968c2eb4210 - - - - -] Service 3b95e8e7-8709-45d2-a464-bac772180735 is updated
2017-10-28 09:01:42.338 28557 INFO heat.engine.service [req-c242d0f4-47e1-41a9-abca-de0736e8088e - - - - -] Service 98f930a8-31b2-4e4d-8712-9e6fea660e73 is updated
2017-10-28 09:01:42.360 28563 INFO heat.engine.service [req-697476bc-dc52-42df-911e-a8ce62038cee - - - - -] Service 4eca1835-2fb1-450f-b336-3867986a581d is updated
2017-10-28 09:01:42.391 28519 INFO heat.engine.service [req-e916e703-7eb4-4849-9290-b74ba56a8dd0 - - - - -] Service 7d2457db-265f-4f09-a7ed-68db183e0384 is updated
2017-10-28 09:01:42.395 28533 INFO heat.engine.service [req-5cb19514-7c4f-4fd1-aba1-5e3ed29017b6 - - - - -] Service 3a35d7bf-f1bd-4589-a5c3-8000c3b24793 is updated
2017-10-28 09:01:42.402 28524 INFO heat.engine.service [req-7d0c57ff-8c55-4a10-a1a5-8d71df335908 - - - - -] Service 2f511c44-ddf4-43a7-9fd0-41f210a8b669 is updated
2017-10-28 09:01:42.472 28547 INFO heat.engine.service [req-df6b7f15-c219-4af8-bdf7-739c7cbeb93d - - - - -] Service 25707d32-efb1-423a-b2d4-e11dfe67bcdc is updated
2017-10-28 09:01:42.475 28517 INFO heat.engine.service [req-ae2bd82d-6f07-484c-850c-6dcec6b8a105 - - - - -] Service 750cf73f-337d-432c-9d53-30fab548b45c is updated
2017-10-28 09:01:42.505 28541 INFO heat.engine.service [req-12ffbfa2-571a-4a1c-b0b4-72ba875a2743 - - - - -] Service 28f76f02-d340-4517-9f1d-cb1f7fd704ac is updated
2017-10-28 09:01:42.511 28554 INFO heat.engine.service [req-7833b068-6a16-4094-8457-139fb0319c84 - - - - -] Service c7479ed7-747a-48d4-9a5a-b7161a57c39e is updated
2017-10-28 09:01:42.519 28537 INFO heat.engine.service [req-bd0dd370-c0a1-44de-b043-d3a6e51db199 - - - - -] Service fd1e41c5-b76e-4f95-9fd6-4a9c3d626081 is updated
2017-10-28 09:01:42.518 28534 INFO heat.engine.service [req-b1878d9d-60da-4889-9f4f-b6f5ef116fbf - - - - -] Service 7cdf9070-e34d-436d-aa75-65b1eb388638 is updated
2017-10-28 09:01:42.524 28549 INFO heat.engine.service [req-2974f4ac-573c-47a1-bae2-f0551d88dec9 - - - - -] Service 8942a6af-7411-45cf-9672-1c7d3127c49f is updated
2017-10-28 09:01:42.531 28530 INFO heat.engine.service [req-c520cfe6-4cf6-408d-95e6-7a66cc683902 - - - - -] Service caf6df39-f07f-489e-9581-9b70becae9e2 is updated
2017-10-28 09:01:42.561 28512 INFO heat.engine.service [req-e244369d-dd7d-4590-97dd-b8ce65dddb74 - - - - -] Service fc9cbb06-6f7c-4b69-b947-05f204b3ce3c is updated
2017-10-28 09:01:42.574 28556 INFO heat.engine.service [req-cd9030bb-a7d7-4097-b062-bf776c5fea91 - - - - -] Service 30227806-eb6a-421b-b64b-1f4e769dde97 is updated
2017-10-28 09:01:42.587 28518 INFO heat.engine.service [req-21d80b86-d4e8-4e54-a531-06503a4fe1d9 - - - - -] Service dd24efbc-8915-43d4-af30-b40fa3b43c47 is updated
2017-10-28 09:01:42.612 28535 INFO heat.engine.service [req-673582be-d037-4593-a6a0-9ef16a560fba - - - - -] Service fb8da2fb-0ff3-4afc-956a-7d78b638efc3 is updated
2017-10-28 09:01:42.646 28558 INFO heat.engine.service [req-b66eba55-51b0-46bc-b04f-b76876b48484 - - - - -] Service ce91c6b2-92c3-4791-9658-c7753c86c265 is updated
2017-10-28 09:01:42.650 28551 INFO heat.engine.service [req-696e51f8-c70d-42a4-a8de-f72a2a7de410 - - - - -] Service 560cd9d1-ade5-4123-8efe-4822dbddfe23 is updated
2017-10-28 09:01:42.652 28515 INFO heat.engine.service [req-31288dfb-7aba-472f-8ca0-142a89d009f5 - - - - -] Service 1a670f48-191d-4af2-ba9b-d59280a34029 is updated
2017-10-28 09:01:42.679 28550 INFO heat.engine.service [req-ae9029e9-b72a-457a-b38c-846a04626a54 - - - - -] Service ac79e68c-b408-42b8-9a3f-aaa256fcf8f0 is updated
2017-10-28 09:01:42.682 28555 INFO heat.engine.service [req-4bc356b2-c586-4cc7-8317-b686bddb01d3 - - - - -] Service 6b1b66de-35d9-4105-bcd5-aa680ffcddec is updated
2017-10-28 09:01:42.690 28521 INFO heat.engine.service [req-519b735d-ddd4-4bfd-a1f1-db807865087c - - - - -] Service d42598ab-5331-4bf4-a271-327e00c8675f is updated
2017-10-28 09:01:42.690 28540 INFO heat.engine.service [req-baab1ad9-b452-43df-b274-0472356c1362 - - - - -] Service 48ab0354-0cc3-4574-8b4b-39578b4811f9 is updated
2017-10-28 09:01:42.710 28531 INFO heat.engine.service [req-27feaebc-0033-4a96-9f91-532564e61018 - - - - -] Service ff837399-1603-480b-89cf-1947330a42ab is updated
2017-10-28 09:01:42.711 28525 INFO heat.engine.service [req-fadef853-8e56-42b2-b66f-340c148d5304 - - - - -] Service 12fa1fd5-3e02-4695-9acb-ecf6d0c6be7e is updated
2017-10-28 09:01:42.820 28559 INFO heat.engine.service [req-e24cc2ae-5925-431a-9e62-e9afd0e5df4e - - - - -] Service d321ca62-b768-43f2-9c4f-f4308f362b40 is updated
2017-10-28 09:01:42.994 28539 INFO heat.engine.service [req-dd1a297d-732a-455d-a825-de8d136da121 - - - - -] Service 75a95404-a1b5-44f6-ba31-90e0e95c8ad0 is updated
2017-10-28 09:01:44.237 28514 INFO heat.engine.service [req-3dcb988a-817c-4e88-8c05-9309b3035e1a - - - - -] Service c1ca77d3-4c81-441a-914c-e8e1795d0819 is updated
2017-10-28 09:02:41.975 28529 INFO heat.engine.service [req-c7e1fd4e-9767-422b-ae3d-e1199a412abd - - - - -] Service 4e596928-014f-46fe-904b-2c69d0122faa is updated
2017-10-28 09:02:42.076 28553 INFO heat.engine.service [req-566d3c8e-c2fe-412b-9a14-50f08babda9f - - - - -] Service 1231c634-a611-4552-9733-0bcd0229559d is updated
2017-10-28 09:02:42.091 28522 INFO heat.engine.service [req-40a16b70-b5bf-425e-ad7f-9373438b603b - - - - -] Service 0b05fddd-7118-49f7-b698-e81b89f80dd0 is updated
2017-10-28 09:02:42.108 28511 INFO heat.engine.service [req-1e04c945-87a5-4715-ae6f-49f46c2bb4d3 - - - - -] Service c4991b42-b929-41c8-92ba-07735294b97d is updated
2017-10-28 09:02:42.127 28542 INFO heat.engine.service [req-e4027bbf-1430-4120-ba5c-c236db6d6bc1 - - - - -] Service 94a1afb2-8a32-439d-ab8f-e06a961e4433 is updated
2017-10-28 09:02:42.147 28532 INFO heat.engine.service [req-7c58bb7f-f8b1-4da4-97ce-bf78c378aa38 - - - - -] Service 5e954547-3083-4e91-b56e-edaec69d9004 is updated
2017-10-28 09:02:42.164 28527 INFO heat.engine.service [req-68373c46-88df-4b8b-ba8c-91a839c3c4e0 - - - - -] Service 27b05062-f4e2-41b9-a5a1-b78a8e7a7cab is updated
2017-10-28 09:02:42.174 28513 INFO heat.engine.service [req-e80d54e0-0a54-4e3c-8950-edc8aca0e42b - - - - -] Service 5ce1d5ea-a507-4dce-98d2-430354f1824f is updated
2017-10-28 09:02:42.178 28552 INFO heat.engine.service [req-4b9a311c-3e93-4873-8b16-cba82619e9dd - - - - -] Service e9eaa51d-d288-442a-bc48-944d997543a3 is updated
2017-10-28 09:02:42.196 28523 INFO heat.engine.service [req-8aa877d3-299f-463b-b74f-c4c982402b95 - - - - -] Service d7cc827c-6c72-4bc7-9c27-48fae872f1b6 is updated
2017-10-28 09:02:42.199 28538 INFO heat.engine.service [req-32fba0c3-aaad-4100-978b-6b71e8b5fdb7 - - - - -] Service 174f2dbb-df8a-4407-b210-723a658db9cb is updated
2017-10-28 09:02:42.219 28516 INFO heat.engine.service [req-2d22001f-f0d7-4162-90e1-a7a4e3939542 - - - - -] Service 2d84e3bb-febf-485e-87fe-d93b4c80d1c4 is updated
2017-10-28 09:02:42.245 28510 INFO heat.engine.service [req-be3fd7d7-5459-44f7-ba1a-1e72d5794dfc - - - - -] Service 4669f065-a489-481e-9850-91a9f44bc077 is updated
2017-10-28 09:02:42.247 28561 INFO heat.engine.service [req-4b801897-f2a4-474c-a75f-6c963761e80c - - - - -] Service 5320c9fe-fd90-45e2-9c81-06f88b38f36b is updated
2017-10-28 09:02:42.253 28520 INFO heat.engine.service [req-3c19fa14-fcfa-4d5a-a145-c6e9a75288ff - - - - -] Service 4afb81d2-1ea2-4a4b-bc5f-b909623e3e74 is updated
2017-10-28 09:02:42.253 28564 INFO heat.engine.service [req-30facb2f-b71c-483e-86d7-56657818d9a3 - - - - -] Service 8f50a07c-7ad8-4a6d-a9d3-37e4c8f0ba53 is updated
2017-10-28 09:02:42.256 28562 INFO heat.engine.service [req-84d7df49-6110-4d31-8232-c816839b6121 - - - - -] Service b207e39f-b808-4c6c-8285-bd415d13ec10 is updated
2017-10-28 09:02:42.261 28536 INFO heat.engine.service [req-eea4a335-36a4-4854-8bb4-597fb3a26c4d - - - - -] Service 98ecc1ea-b227-42dc-82e7-30ac1ed9fca4 is updated
2017-10-28 09:02:42.310 28560 INFO heat.engine.service [req-3466a2a5-a5f3-4f26-84fa-d42956359d8f - - - - -] Service 3b95e8e7-8709-45d2-a464-bac772180735 is updated
2017-10-28 09:02:42.334 28557 INFO heat.engine.service [req-8e97c081-4439-46ec-9df2-93744ceaa325 - - - - -] Service 98f930a8-31b2-4e4d-8712-9e6fea660e73 is updated
2017-10-28 09:02:42.357 28563 INFO heat.engine.service [req-5e5380cf-b749-4e39-a13c-998a117f17e1 - - - - -] Service 4eca1835-2fb1-450f-b336-3867986a581d is updated
2017-10-28 09:02:42.394 28533 INFO heat.engine.service [req-01bcd1b4-df9f-4b49-9686-9c2a2ecf2f2c - - - - -] Service 3a35d7bf-f1bd-4589-a5c3-8000c3b24793 is updated
2017-10-28 09:02:42.398 28519 INFO heat.engine.service [req-3dcc393f-71c3-45eb-97ee-3a19424f4e3a - - - - -] Service 7d2457db-265f-4f09-a7ed-68db183e0384 is updated
2017-10-28 09:02:42.400 28524 INFO heat.engine.service [req-24673a4f-31af-4c2d-b8ba-e327196eb980 - - - - -] Service 2f511c44-ddf4-43a7-9fd0-41f210a8b669 is updated
2017-10-28 09:02:42.469 28547 INFO heat.engine.service [req-a6554ecb-13ec-4be2-8697-8d18dfedc230 - - - - -] Service 25707d32-efb1-423a-b2d4-e11dfe67bcdc is updated
2017-10-28 09:02:42.472 28517 INFO heat.engine.service [req-68c29250-c5b1-4d33-b26f-1b0818cf2e95 - - - - -] Service 750cf73f-337d-432c-9d53-30fab548b45c is updated
2017-10-28 09:02:42.502 28541 INFO heat.engine.service [req-f8895bed-a2f5-4f01-b8d3-cb3add3f45eb - - - - -] Service 28f76f02-d340-4517-9f1d-cb1f7fd704ac is updated
2017-10-28 09:02:42.508 28554 INFO heat.engine.service [req-6d79febe-cd34-48ea-9fff-db4af2191d86 - - - - -] Service c7479ed7-747a-48d4-9a5a-b7161a57c39e is updated
2017-10-28 09:02:42.513 28534 INFO heat.engine.service [req-ea40bd17-f2e1-4c39-a4fd-417343ea291c - - - - -] Service 7cdf9070-e34d-436d-aa75-65b1eb388638 is updated
2017-10-28 09:02:42.514 28537 INFO heat.engine.service [req-f32a75ce-ba51-4e57-8ddd-55077b248e65 - - - - -] Service fd1e41c5-b76e-4f95-9fd6-4a9c3d626081 is updated
2017-10-28 09:02:42.521 28549 INFO heat.engine.service [req-eeafd215-45d1-4199-a797-abaf797deb48 - - - - -] Service 8942a6af-7411-45cf-9672-1c7d3127c49f is updated
2017-10-28 09:02:42.528 28530 INFO heat.engine.service [req-6b3bb271-b1dc-4665-9718-ff1f79c7224e - - - - -] Service caf6df39-f07f-489e-9581-9b70becae9e2 is updated
2017-10-28 09:02:42.558 28512 INFO heat.engine.service [req-42f059a1-6ff2-43ac-b9d7-de620d2bcd4d - - - - -] Service fc9cbb06-6f7c-4b69-b947-05f204b3ce3c is updated
2017-10-28 09:02:42.572 28556 INFO heat.engine.service [req-5f05d243-9f97-44e9-b5ec-959488422fc1 - - - - -] Service 30227806-eb6a-421b-b64b-1f4e769dde97 is updated
2017-10-28 09:02:42.582 28518 INFO heat.engine.service [req-ee0c9870-2b87-431a-afb5-663816adc50e - - - - -] Service dd24efbc-8915-43d4-af30-b40fa3b43c47 is updated
2017-10-28 09:02:42.613 28535 INFO heat.engine.service [req-23e3497f-91fd-4c73-b352-808aeed7365f - - - - -] Service fb8da2fb-0ff3-4afc-956a-7d78b638efc3 is updated
2017-10-28 09:02:42.642 28558 INFO heat.engine.service [req-f075604f-c21b-4b40-8f90-5f1820457f5e - - - - -] Service ce91c6b2-92c3-4791-9658-c7753c86c265 is updated
2017-10-28 09:02:42.657 28551 INFO heat.engine.service [req-61093c43-11fd-443f-8388-bcf445cdff0c - - - - -] Service 560cd9d1-ade5-4123-8efe-4822dbddfe23 is updated
2017-10-28 09:02:42.663 28515 INFO heat.engine.service [req-e44cc65b-fd5c-4c62-b3ab-50a34ea9aba6 - - - - -] Service 1a670f48-191d-4af2-ba9b-d59280a34029 is updated
2017-10-28 09:02:42.676 28550 INFO heat.engine.service [req-f8da13c6-a7c1-46a0-9d44-bc71d8ce3533 - - - - -] Service ac79e68c-b408-42b8-9a3f-aaa256fcf8f0 is updated
2017-10-28 09:02:42.686 28540 INFO heat.engine.service [req-fc27d269-b978-48a2-9cef-f915f2cfdc0e - - - - -] Service 48ab0354-0cc3-4574-8b4b-39578b4811f9 is updated
2017-10-28 09:02:42.688 28555 INFO heat.engine.service [req-84ea491f-d03b-4881-a1ac-e987efced3df - - - - -] Service 6b1b66de-35d9-4105-bcd5-aa680ffcddec is updated
2017-10-28 09:02:42.698 28521 INFO heat.engine.service [req-85d6312f-2b77-43a2-89bc-9c9afaf5677d - - - - -] Service d42598ab-5331-4bf4-a271-327e00c8675f is updated
2017-10-28 09:02:42.706 28525 INFO heat.engine.service [req-f6c9e7ea-596c-4ccb-8631-c6a2fb739a99 - - - - -] Service 12fa1fd5-3e02-4695-9acb-ecf6d0c6be7e is updated
2017-10-28 09:02:42.707 28531 INFO heat.engine.service [req-01f53673-f0b8-4cfc-ba51-4e5792a929d0 - - - - -] Service ff837399-1603-480b-89cf-1947330a42ab is updated
2017-10-28 09:02:42.850 28559 INFO heat.engine.service [req-5814928a-05c8-493c-bba9-d069ac7330ba - - - - -] Service d321ca62-b768-43f2-9c4f-f4308f362b40 is updated
2017-10-28 09:02:42.991 28539 INFO heat.engine.service [req-1f9cb6b8-e2e0-460b-b5bf-a1e3b1c2c3bc - - - - -] Service 75a95404-a1b5-44f6-ba31-90e0e95c8ad0 is updated
2017-10-28 09:02:44.235 28514 INFO heat.engine.service [req-0f9d9779-7bb0-4e6f-bdbb-7cb8eb469206 - - - - -] Service c1ca77d3-4c81-441a-914c-e8e1795d0819 is updated
2017-10-28 09:03:41.972 28529 INFO heat.engine.service [req-94775722-6c87-4f98-8146-03d416bbd64c - - - - -] Service 4e596928-014f-46fe-904b-2c69d0122faa is updated
2017-10-28 09:03:42.074 28553 INFO heat.engine.service [req-e995a8d7-c73b-4f86-b39a-f6205f1b2dd1 - - - - -] Service 1231c634-a611-4552-9733-0bcd0229559d is updated
2017-10-28 09:03:42.088 28522 INFO heat.engine.service [req-0bcf1242-fa35-4b7b-848a-17327e179734 - - - - -] Service 0b05fddd-7118-49f7-b698-e81b89f80dd0 is updated
2017-10-28 09:03:42.106 28511 INFO heat.engine.service [req-ae0dd258-a5a6-4ca6-9551-4900fe8aaa12 - - - - -] Service c4991b42-b929-41c8-92ba-07735294b97d is updated
2017-10-28 09:03:42.124 28542 INFO heat.engine.service [req-86171fef-afad-4cd3-93f7-286dd0b31674 - - - - -] Service 94a1afb2-8a32-439d-ab8f-e06a961e4433 is updated
2017-10-28 09:03:42.145 28532 INFO heat.engine.service [req-d0c1f535-2838-48f0-8657-858084ce7950 - - - - -] Service 5e954547-3083-4e91-b56e-edaec69d9004 is updated
2017-10-28 09:03:42.169 28527 INFO heat.engine.service [req-930345bb-3265-4138-8c76-416193410975 - - - - -] Service 27b05062-f4e2-41b9-a5a1-b78a8e7a7cab is updated
2017-10-28 09:03:42.171 28513 INFO heat.engine.service [req-ebf30c64-1b39-4ad1-a3eb-7008ac9d4633 - - - - -] Service 5ce1d5ea-a507-4dce-98d2-430354f1824f is updated
2017-10-28 09:03:42.175 28552 INFO heat.engine.service [req-9d34c491-df22-4b0f-b36b-0a578d21b811 - - - - -] Service e9eaa51d-d288-442a-bc48-944d997543a3 is updated
2017-10-28 09:03:42.197 28538 INFO heat.engine.service [req-c7f52d91-b088-4d8c-ac6d-3b785ae14445 - - - - -] Service 174f2dbb-df8a-4407-b210-723a658db9cb is updated
2017-10-28 09:03:42.197 28523 INFO heat.engine.service [req-e0100bd5-e4a4-4066-b98e-c7a1a6663e9d - - - - -] Service d7cc827c-6c72-4bc7-9c27-48fae872f1b6 is updated
2017-10-28 09:03:42.220 28516 INFO heat.engine.service [req-98c8f690-ced7-4829-9a96-1b87c9b65597 - - - - -] Service 2d84e3bb-febf-485e-87fe-d93b4c80d1c4 is updated
2017-10-28 09:03:42.243 28510 INFO heat.engine.service [req-8fa7495a-11bd-4604-849b-7d7902b2029b - - - - -] Service 4669f065-a489-481e-9850-91a9f44bc077 is updated
2017-10-28 09:03:42.244 28561 INFO heat.engine.service [req-d1e392f4-ebc6-45c1-a2df-6b6d791e8d98 - - - - -] Service 5320c9fe-fd90-45e2-9c81-06f88b38f36b is updated
2017-10-28 09:03:42.251 28520 INFO heat.engine.service [req-aa179426-3d76-49f1-b962-a23f7c9a8791 - - - - -] Service 4afb81d2-1ea2-4a4b-bc5f-b909623e3e74 is updated
2017-10-28 09:03:42.251 28564 INFO heat.engine.service [req-3e1eabb6-2cd3-4214-8a9d-427453f0e247 - - - - -] Service 8f50a07c-7ad8-4a6d-a9d3-37e4c8f0ba53 is updated
