2017-10-28 06:56:42.823 28512 INFO heat.engine.service [req-6d3e6faf-3d7b-490c-95da-e7dbad2e47bb - - - - -] Service fc9cbb06-6f7c-4b69-b947-05f204b3ce3c is updated
2017-10-28 06:56:42.826 28556 INFO heat.engine.service [req-c53071eb-5448-4993-a7d0-71dad811b94a - - - - -] Service 30227806-eb6a-421b-b64b-1f4e769dde97 is updated
2017-10-28 06:56:42.830 28518 INFO heat.engine.service [req-4c632e17-a5cb-4da6-b1ae-150949f452ac - - - - -] Service dd24efbc-8915-43d4-af30-b40fa3b43c47 is updated
2017-10-28 06:56:42.831 28551 INFO heat.engine.service [req-ea047f6a-7939-4fcf-ae72-a18417f059a3 - - - - -] Service 560cd9d1-ade5-4123-8efe-4822dbddfe23 is updated
2017-10-28 06:56:42.845 28550 INFO heat.engine.service [req-f04b00a5-bd3b-4ec1-9c38-61d22a4dbcaf - - - - -] Service ac79e68c-b408-42b8-9a3f-aaa256fcf8f0 is updated
2017-10-28 06:56:42.845 28558 INFO heat.engine.service [req-549706dc-541e-4e44-aa68-43471f4b44f8 - - - - -] Service ce91c6b2-92c3-4791-9658-c7753c86c265 is updated
2017-10-28 06:56:42.846 28515 INFO heat.engine.service [req-f9743828-b267-473e-bfbc-cb70238fc351 - - - - -] Service 1a670f48-191d-4af2-ba9b-d59280a34029 is updated
2017-10-28 06:56:42.855 28521 INFO heat.engine.service [req-0dee4568-2c77-4e78-b842-156612d76867 - - - - -] Service d42598ab-5331-4bf4-a271-327e00c8675f is updated
2017-10-28 06:56:42.861 28535 INFO heat.engine.service [req-3ed37c45-ade1-422e-8b04-c20c2d04874e - - - - -] Service fb8da2fb-0ff3-4afc-956a-7d78b638efc3 is updated
2017-10-28 06:56:42.875 28531 INFO heat.engine.service [req-8c664c64-c8bb-47e4-b07b-b875039cc3a7 - - - - -] Service ff837399-1603-480b-89cf-1947330a42ab is updated
2017-10-28 06:56:42.883 28540 INFO heat.engine.service [req-dda04393-9956-4168-befd-3985898b6dc2 - - - - -] Service 48ab0354-0cc3-4574-8b4b-39578b4811f9 is updated
2017-10-28 06:56:42.910 28525 INFO heat.engine.service [req-ff278e8c-8d86-4342-b534-d1e70d2838e6 - - - - -] Service 12fa1fd5-3e02-4695-9acb-ecf6d0c6be7e is updated
2017-10-28 06:56:42.913 28555 INFO heat.engine.service [req-395a5fdd-f9f3-491f-a309-b6064e3fe27e - - - - -] Service 6b1b66de-35d9-4105-bcd5-aa680ffcddec is updated
2017-10-28 06:56:43.027 28559 INFO heat.engine.service [req-461e6aec-39a1-4f42-9862-65ca16881950 - - - - -] Service d321ca62-b768-43f2-9c4f-f4308f362b40 is updated
2017-10-28 06:56:43.244 28539 INFO heat.engine.service [req-e07b53e3-28e4-43d7-a3e7-d5809af69e9f - - - - -] Service 75a95404-a1b5-44f6-ba31-90e0e95c8ad0 is updated
2017-10-28 06:56:44.437 28514 INFO heat.engine.service [req-c4c84b9f-6346-4e7c-ac9f-43fcddb3a4ec - - - - -] Service c1ca77d3-4c81-441a-914c-e8e1795d0819 is updated
2017-10-28 06:57:42.237 28529 INFO heat.engine.service [req-515f5e0d-4b6f-40bc-9f98-97e1c71a5a21 - - - - -] Service 4e596928-014f-46fe-904b-2c69d0122faa is updated
2017-10-28 06:57:42.251 28527 INFO heat.engine.service [req-4cbf6f03-4057-41c7-9a69-8a86df7e7e6a - - - - -] Service 27b05062-f4e2-41b9-a5a1-b78a8e7a7cab is updated
2017-10-28 06:57:42.305 28553 INFO heat.engine.service [req-02073c44-4b15-470b-bcb2-77b2e5518664 - - - - -] Service 1231c634-a611-4552-9733-0bcd0229559d is updated
2017-10-28 06:57:42.353 28522 INFO heat.engine.service [req-2f1859e4-ce53-447a-9fc6-63ab77c95acd - - - - -] Service 0b05fddd-7118-49f7-b698-e81b89f80dd0 is updated
2017-10-28 06:57:42.370 28542 INFO heat.engine.service [req-77c815fa-b0fb-4fa1-a92c-d3d36ff5d063 - - - - -] Service 94a1afb2-8a32-439d-ab8f-e06a961e4433 is updated
2017-10-28 06:57:42.378 28532 INFO heat.engine.service [req-8d6578f5-40cd-4e12-9e1e-81dfe32fd474 - - - - -] Service 5e954547-3083-4e91-b56e-edaec69d9004 is updated
2017-10-28 06:57:42.383 28511 INFO heat.engine.service [req-65c4c10c-fd3a-4b92-9616-831d2de3d027 - - - - -] Service c4991b42-b929-41c8-92ba-07735294b97d is updated
2017-10-28 06:57:42.389 28523 INFO heat.engine.service [req-1b1b3548-4548-4827-bd4f-dcbd298783c3 - - - - -] Service d7cc827c-6c72-4bc7-9c27-48fae872f1b6 is updated
2017-10-28 06:57:42.415 28513 INFO heat.engine.service [req-795891ab-c482-4987-8132-5a20e7e5c5ca - - - - -] Service 5ce1d5ea-a507-4dce-98d2-430354f1824f is updated
2017-10-28 06:57:42.419 28552 INFO heat.engine.service [req-fedd808f-b1a2-423b-9a62-ceed72074ec1 - - - - -] Service e9eaa51d-d288-442a-bc48-944d997543a3 is updated
2017-10-28 06:57:42.425 28538 INFO heat.engine.service [req-6a29fe3a-2758-4468-a17c-8400449b2c8a - - - - -] Service 174f2dbb-df8a-4407-b210-723a658db9cb is updated
2017-10-28 06:57:42.452 28516 INFO heat.engine.service [req-500ac0e3-7f67-4179-b503-62c83b1920e7 - - - - -] Service 2d84e3bb-febf-485e-87fe-d93b4c80d1c4 is updated
2017-10-28 06:57:42.453 28561 INFO heat.engine.service [req-100c529a-021f-4f89-a360-59b3ee9f949b - - - - -] Service 5320c9fe-fd90-45e2-9c81-06f88b38f36b is updated
2017-10-28 06:57:42.502 28520 INFO heat.engine.service [req-ed41622e-7a43-4496-bdf4-99d998dfc991 - - - - -] Service 4afb81d2-1ea2-4a4b-bc5f-b909623e3e74 is updated
2017-10-28 06:57:42.510 28564 INFO heat.engine.service [req-a1cd887f-8b56-4d24-a984-4e721e6cf666 - - - - -] Service 8f50a07c-7ad8-4a6d-a9d3-37e4c8f0ba53 is updated
2017-10-28 06:57:42.522 28562 INFO heat.engine.service [req-cdba3232-9497-4303-9932-a8b5a2010d66 - - - - -] Service b207e39f-b808-4c6c-8285-bd415d13ec10 is updated
2017-10-28 06:57:42.539 28510 INFO heat.engine.service [req-e9f8045a-a3dd-42fb-96b3-68fe3cfe24d0 - - - - -] Service 4669f065-a489-481e-9850-91a9f44bc077 is updated
2017-10-28 06:57:42.552 28536 INFO heat.engine.service [req-6f5eed55-b1e2-414a-bfc0-9b5df774283f - - - - -] Service 98ecc1ea-b227-42dc-82e7-30ac1ed9fca4 is updated
2017-10-28 06:57:42.581 28560 INFO heat.engine.service [req-b2a4d0d9-4855-4840-8857-d869fed0aab5 - - - - -] Service 3b95e8e7-8709-45d2-a464-bac772180735 is updated
2017-10-28 06:57:42.629 28557 INFO heat.engine.service [req-f3dffb54-72c1-486e-b071-5d1aaa1a422d - - - - -] Service 98f930a8-31b2-4e4d-8712-9e6fea660e73 is updated
2017-10-28 06:57:42.636 28519 INFO heat.engine.service [req-adad5320-3fc9-4170-bb91-60a33254c997 - - - - -] Service 7d2457db-265f-4f09-a7ed-68db183e0384 is updated
2017-10-28 06:57:42.636 28563 INFO heat.engine.service [req-94aecd2b-f271-4822-a6b9-62a5dbe45aa5 - - - - -] Service 4eca1835-2fb1-450f-b336-3867986a581d is updated
2017-10-28 06:57:42.658 28524 INFO heat.engine.service [req-2c55c5d0-61ed-4300-a235-06fe5a3c43b3 - - - - -] Service 2f511c44-ddf4-43a7-9fd0-41f210a8b669 is updated
2017-10-28 06:57:42.666 28533 INFO heat.engine.service [req-d6691c32-d999-4afd-95ab-de6738a614cd - - - - -] Service 3a35d7bf-f1bd-4589-a5c3-8000c3b24793 is updated
2017-10-28 06:57:42.691 28517 INFO heat.engine.service [req-c31f9a1f-c5dd-48ce-9b58-92c11711c27a - - - - -] Service 750cf73f-337d-432c-9d53-30fab548b45c is updated
2017-10-28 06:57:42.702 28547 INFO heat.engine.service [req-bb2e8257-5b8e-48be-bc38-f9b974d2da72 - - - - -] Service 25707d32-efb1-423a-b2d4-e11dfe67bcdc is updated
2017-10-28 06:57:42.717 28541 INFO heat.engine.service [req-59019d03-54f8-46df-a00d-056d322e42f9 - - - - -] Service 28f76f02-d340-4517-9f1d-cb1f7fd704ac is updated
2017-10-28 06:57:42.724 28554 INFO heat.engine.service [req-a8ad4d84-8017-4389-a527-483318d5dac7 - - - - -] Service c7479ed7-747a-48d4-9a5a-b7161a57c39e is updated
2017-10-28 06:57:42.742 28549 INFO heat.engine.service [req-6d4fa948-4e24-4d46-b17d-a943a9c1b47d - - - - -] Service 8942a6af-7411-45cf-9672-1c7d3127c49f is updated
2017-10-28 06:57:42.744 28530 INFO heat.engine.service [req-e4886383-f4eb-4f32-969b-fc418a74061a - - - - -] Service caf6df39-f07f-489e-9581-9b70becae9e2 is updated
2017-10-28 06:57:42.753 28537 INFO heat.engine.service [req-01b6b077-843a-4904-9bb5-341e780c2c32 - - - - -] Service fd1e41c5-b76e-4f95-9fd6-4a9c3d626081 is updated
2017-10-28 06:57:42.805 28534 INFO heat.engine.service [req-d17133a5-2b9f-4e89-96e5-5b0d4ef969ed - - - - -] Service 7cdf9070-e34d-436d-aa75-65b1eb388638 is updated
2017-10-28 06:57:42.820 28512 INFO heat.engine.service [req-8b8bc616-e9e8-4985-ad15-e82b2f0c70a8 - - - - -] Service fc9cbb06-6f7c-4b69-b947-05f204b3ce3c is updated
2017-10-28 06:57:42.845 28556 INFO heat.engine.service [req-513dca6c-cc6c-4620-a7d3-b50909c356cd - - - - -] Service 30227806-eb6a-421b-b64b-1f4e769dde97 is updated
2017-10-28 06:57:42.848 28551 INFO heat.engine.service [req-2caec40a-15e1-4f09-a790-fa0d3fa43314 - - - - -] Service 560cd9d1-ade5-4123-8efe-4822dbddfe23 is updated
2017-10-28 06:57:42.849 28518 INFO heat.engine.service [req-2d0248b9-ae97-4722-a48e-bb0ce5d5fccf - - - - -] Service dd24efbc-8915-43d4-af30-b40fa3b43c47 is updated
2017-10-28 06:57:42.854 28515 INFO heat.engine.service [req-cd86d421-0984-495d-af2f-26660586ae79 - - - - -] Service 1a670f48-191d-4af2-ba9b-d59280a34029 is updated
2017-10-28 06:57:42.854 28558 INFO heat.engine.service [req-808005ea-d84d-4a30-b90c-dde6310864dc - - - - -] Service ce91c6b2-92c3-4791-9658-c7753c86c265 is updated
2017-10-28 06:57:42.855 28550 INFO heat.engine.service [req-79fdb2ab-890b-4807-87c7-55f8ade396ff - - - - -] Service ac79e68c-b408-42b8-9a3f-aaa256fcf8f0 is updated
2017-10-28 06:57:42.857 28521 INFO heat.engine.service [req-fdf569d8-1894-44e4-b96a-c629d4697bf9 - - - - -] Service d42598ab-5331-4bf4-a271-327e00c8675f is updated
2017-10-28 06:57:42.857 28535 INFO heat.engine.service [req-790e5a09-5e78-4102-be46-c78dc6e9ba94 - - - - -] Service fb8da2fb-0ff3-4afc-956a-7d78b638efc3 is updated
2017-10-28 06:57:42.882 28540 INFO heat.engine.service [req-0f687207-c8ec-4fea-950c-dbdd5a35e0e9 - - - - -] Service 48ab0354-0cc3-4574-8b4b-39578b4811f9 is updated
2017-10-28 06:57:42.882 28531 INFO heat.engine.service [req-72aa4bcb-197b-4112-937d-ab5f5d2de3c4 - - - - -] Service ff837399-1603-480b-89cf-1947330a42ab is updated
2017-10-28 06:57:42.909 28525 INFO heat.engine.service [req-d919854d-64e1-4163-b656-2d252d4ffd70 - - - - -] Service 12fa1fd5-3e02-4695-9acb-ecf6d0c6be7e is updated
2017-10-28 06:57:42.911 28555 INFO heat.engine.service [req-8937cae1-460e-4c2b-aabb-fe4de8abe6c0 - - - - -] Service 6b1b66de-35d9-4105-bcd5-aa680ffcddec is updated
2017-10-28 06:57:43.025 28559 INFO heat.engine.service [req-29707885-c927-4464-bc4c-b388a694c496 - - - - -] Service d321ca62-b768-43f2-9c4f-f4308f362b40 is updated
2017-10-28 06:57:43.242 28539 INFO heat.engine.service [req-ad910f64-443d-43b7-b80f-6c807a469eb8 - - - - -] Service 75a95404-a1b5-44f6-ba31-90e0e95c8ad0 is updated
2017-10-28 06:57:44.436 28514 INFO heat.engine.service [req-8543b8d6-968a-48b0-b621-f1c69de29086 - - - - -] Service c1ca77d3-4c81-441a-914c-e8e1795d0819 is updated
2017-10-28 06:58:42.235 28529 INFO heat.engine.service [req-b11b9437-bb18-42ef-8522-4386adb87679 - - - - -] Service 4e596928-014f-46fe-904b-2c69d0122faa is updated
2017-10-28 06:58:42.254 28527 INFO heat.engine.service [req-b1742e1c-0a36-4c13-a2b2-eb298c27add6 - - - - -] Service 27b05062-f4e2-41b9-a5a1-b78a8e7a7cab is updated
2017-10-28 06:58:42.302 28553 INFO heat.engine.service [req-1bc4959a-3618-4932-a40a-c2bd66e1ca75 - - - - -] Service 1231c634-a611-4552-9733-0bcd0229559d is updated
2017-10-28 06:58:42.350 28522 INFO heat.engine.service [req-819c8824-1d98-45b7-ac46-9cb7b9880751 - - - - -] Service 0b05fddd-7118-49f7-b698-e81b89f80dd0 is updated
2017-10-28 06:58:42.365 28542 INFO heat.engine.service [req-3fa42732-1e04-4a4d-9377-2b1ffc79a9c4 - - - - -] Service 94a1afb2-8a32-439d-ab8f-e06a961e4433 is updated
2017-10-28 06:58:42.375 28532 INFO heat.engine.service [req-02f2b36a-1bae-4653-a36e-d575894cbeba - - - - -] Service 5e954547-3083-4e91-b56e-edaec69d9004 is updated
2017-10-28 06:58:42.383 28511 INFO heat.engine.service [req-7b56ec4f-29c0-46a9-a930-769001166b67 - - - - -] Service c4991b42-b929-41c8-92ba-07735294b97d is updated
2017-10-28 06:58:42.386 28523 INFO heat.engine.service [req-98aa9043-b999-4e82-b7bb-0ce6e5f5b897 - - - - -] Service d7cc827c-6c72-4bc7-9c27-48fae872f1b6 is updated
2017-10-28 06:58:42.412 28513 INFO heat.engine.service [req-fce4be8c-8ff7-4751-891b-fdc5a36c817e - - - - -] Service 5ce1d5ea-a507-4dce-98d2-430354f1824f is updated
2017-10-28 06:58:42.416 28552 INFO heat.engine.service [req-e46ec58f-7373-493d-8345-c3bf0b91e6e8 - - - - -] Service e9eaa51d-d288-442a-bc48-944d997543a3 is updated
2017-10-28 06:58:42.423 28538 INFO heat.engine.service [req-f28854b1-7819-4c28-992b-72a581bb9944 - - - - -] Service 174f2dbb-df8a-4407-b210-723a658db9cb is updated
2017-10-28 06:58:42.447 28516 INFO heat.engine.service [req-772f2b86-2483-4e32-9744-917eb229c5ea - - - - -] Service 2d84e3bb-febf-485e-87fe-d93b4c80d1c4 is updated
2017-10-28 06:58:42.450 28561 INFO heat.engine.service [req-239b6c42-e524-4550-84a0-fb9112b5c298 - - - - -] Service 5320c9fe-fd90-45e2-9c81-06f88b38f36b is updated
2017-10-28 06:58:42.507 28520 INFO heat.engine.service [req-df0d0d8e-c2d3-444c-9439-8dca9129215f - - - - -] Service 4afb81d2-1ea2-4a4b-bc5f-b909623e3e74 is updated
2017-10-28 06:58:42.508 28564 INFO heat.engine.service [req-42b5634c-5592-4fc8-817c-7e81b301f695 - - - - -] Service 8f50a07c-7ad8-4a6d-a9d3-37e4c8f0ba53 is updated
2017-10-28 06:58:42.518 28562 INFO heat.engine.service [req-9c0ff863-9134-4a5f-bd27-d0b81f9edc20 - - - - -] Service b207e39f-b808-4c6c-8285-bd415d13ec10 is updated
2017-10-28 06:58:42.536 28510 INFO heat.engine.service [req-3247fa49-fc42-4fd4-97c8-7a9a873b3e90 - - - - -] Service 4669f065-a489-481e-9850-91a9f44bc077 is updated
2017-10-28 06:58:42.549 28536 INFO heat.engine.service [req-fd74cb39-17d1-4ab5-ae4a-a3d29bef95fb - - - - -] Service 98ecc1ea-b227-42dc-82e7-30ac1ed9fca4 is updated
2017-10-28 06:58:42.578 28560 INFO heat.engine.service [req-c7dcf839-16e4-4c2f-987c-56f6455aedf6 - - - - -] Service 3b95e8e7-8709-45d2-a464-bac772180735 is updated
2017-10-28 06:58:42.626 28557 INFO heat.engine.service [req-a1229d2d-5559-457f-8c2e-f63b2585aaf1 - - - - -] Service 98f930a8-31b2-4e4d-8712-9e6fea660e73 is updated
2017-10-28 06:58:42.633 28519 INFO heat.engine.service [req-ada54cc8-45a3-446b-b737-249517c0b518 - - - - -] Service 7d2457db-265f-4f09-a7ed-68db183e0384 is updated
2017-10-28 06:58:42.634 28563 INFO heat.engine.service [req-2103fc48-bb9b-48f1-bad6-ed083cc572c9 - - - - -] Service 4eca1835-2fb1-450f-b336-3867986a581d is updated
2017-10-28 06:58:42.655 28524 INFO heat.engine.service [req-ca55343e-e2b7-42c5-8603-15bd7a8ae7c4 - - - - -] Service 2f511c44-ddf4-43a7-9fd0-41f210a8b669 is updated
2017-10-28 06:58:42.663 28533 INFO heat.engine.service [req-2d25337d-48c4-49aa-870d-c1242776d3b0 - - - - -] Service 3a35d7bf-f1bd-4589-a5c3-8000c3b24793 is updated
2017-10-28 06:58:42.689 28517 INFO heat.engine.service [req-04550ecf-4e35-4012-9353-c94ffd72a7dc - - - - -] Service 750cf73f-337d-432c-9d53-30fab548b45c is updated
2017-10-28 06:58:42.700 28547 INFO heat.engine.service [req-0b918327-204d-4547-bff4-84b6e3ac3996 - - - - -] Service 25707d32-efb1-423a-b2d4-e11dfe67bcdc is updated
2017-10-28 06:58:42.714 28541 INFO heat.engine.service [req-3493cbd6-4929-4aaa-a0bc-14dc07657aa2 - - - - -] Service 28f76f02-d340-4517-9f1d-cb1f7fd704ac is updated
2017-10-28 06:58:42.720 28554 INFO heat.engine.service [req-2a8c7e21-c50c-46ff-a6e9-d4df7aaad59e - - - - -] Service c7479ed7-747a-48d4-9a5a-b7161a57c39e is updated
2017-10-28 06:58:42.739 28549 INFO heat.engine.service [req-87e356dc-8560-4315-89b9-0eae3dc725c0 - - - - -] Service 8942a6af-7411-45cf-9672-1c7d3127c49f is updated
2017-10-28 06:58:42.741 28530 INFO heat.engine.service [req-b0ae1be0-c0a8-4e91-86dd-b72349f82db2 - - - - -] Service caf6df39-f07f-489e-9581-9b70becae9e2 is updated
2017-10-28 06:58:42.750 28537 INFO heat.engine.service [req-307d7406-3d0f-44b4-8690-7d08ebc38e21 - - - - -] Service fd1e41c5-b76e-4f95-9fd6-4a9c3d626081 is updated
2017-10-28 06:58:42.802 28534 INFO heat.engine.service [req-20f1dc9f-9aae-48cd-aa17-000403e84504 - - - - -] Service 7cdf9070-e34d-436d-aa75-65b1eb388638 is updated
2017-10-28 06:58:42.818 28512 INFO heat.engine.service [req-351b486a-448f-42af-b96e-974a5450d4f4 - - - - -] Service fc9cbb06-6f7c-4b69-b947-05f204b3ce3c is updated
2017-10-28 06:58:42.823 28556 INFO heat.engine.service [req-5ea3613f-bf1d-4354-bf1a-50b63c4d9954 - - - - -] Service 30227806-eb6a-421b-b64b-1f4e769dde97 is updated
2017-10-28 06:58:42.825 28551 INFO heat.engine.service [req-7b9baaaa-0ed1-483a-9e63-be61ddf989e7 - - - - -] Service 560cd9d1-ade5-4123-8efe-4822dbddfe23 is updated
2017-10-28 06:58:42.827 28518 INFO heat.engine.service [req-5bad77de-af67-4a63-84a3-cc61852feb8d - - - - -] Service dd24efbc-8915-43d4-af30-b40fa3b43c47 is updated
2017-10-28 06:58:42.841 28515 INFO heat.engine.service [req-11b2faa5-8c80-45bf-860c-f515d168c831 - - - - -] Service 1a670f48-191d-4af2-ba9b-d59280a34029 is updated
2017-10-28 06:58:42.842 28558 INFO heat.engine.service [req-2beee76d-475b-441d-bdb8-28b297d05407 - - - - -] Service ce91c6b2-92c3-4791-9658-c7753c86c265 is updated
2017-10-28 06:58:42.844 28550 INFO heat.engine.service [req-32ccaec9-f586-4be5-bc78-2caccf328685 - - - - -] Service ac79e68c-b408-42b8-9a3f-aaa256fcf8f0 is updated
2017-10-28 06:58:42.850 28521 INFO heat.engine.service [req-6fe0ab98-90fd-48d8-97ff-739cd2216cc1 - - - - -] Service d42598ab-5331-4bf4-a271-327e00c8675f is updated
2017-10-28 06:58:42.854 28535 INFO heat.engine.service [req-d0d0405a-3f98-4759-ae96-1fb5f3c431f6 - - - - -] Service fb8da2fb-0ff3-4afc-956a-7d78b638efc3 is updated
2017-10-28 06:58:42.879 28540 INFO heat.engine.service [req-df967afd-fe42-4968-a79d-f6fbc52c2400 - - - - -] Service 48ab0354-0cc3-4574-8b4b-39578b4811f9 is updated
2017-10-28 06:58:42.913 28531 INFO heat.engine.service [req-da13af91-98dc-418f-b246-dd90f8722637 - - - - -] Service ff837399-1603-480b-89cf-1947330a42ab is updated
2017-10-28 06:58:42.922 28525 INFO heat.engine.service [req-e7076395-84db-479c-bcf3-daf62e9398ff - - - - -] Service 12fa1fd5-3e02-4695-9acb-ecf6d0c6be7e is updated
2017-10-28 06:58:42.923 28555 INFO heat.engine.service [req-cfee822d-d912-4a20-b8b2-6d4c9dc71c38 - - - - -] Service 6b1b66de-35d9-4105-bcd5-aa680ffcddec is updated
2017-10-28 06:58:43.023 28559 INFO heat.engine.service [req-c1d34995-3953-4407-8884-654a13367ac8 - - - - -] Service d321ca62-b768-43f2-9c4f-f4308f362b40 is updated
2017-10-28 06:58:43.240 28539 INFO heat.engine.service [req-ceff3afb-6e45-42d2-a610-ffb3d6e4c702 - - - - -] Service 75a95404-a1b5-44f6-ba31-90e0e95c8ad0 is updated
2017-10-28 06:58:44.434 28514 INFO heat.engine.service [req-b41dc611-d3b7-44cf-b861-a3c28267e9e3 - - - - -] Service c1ca77d3-4c81-441a-914c-e8e1795d0819 is updated
2017-10-28 06:59:42.233 28529 INFO heat.engine.service [req-fe1c4c3c-d304-4375-9d0f-6a1d32067060 - - - - -] Service 4e596928-014f-46fe-904b-2c69d0122faa is updated
2017-10-28 06:59:42.253 28527 INFO heat.engine.service [req-56cbf606-1c11-49d1-9528-059c7b4e0d15 - - - - -] Service 27b05062-f4e2-41b9-a5a1-b78a8e7a7cab is updated
2017-10-28 06:59:42.300 28553 INFO heat.engine.service [req-00cd4503-cead-4793-b43f-47ec89360653 - - - - -] Service 1231c634-a611-4552-9733-0bcd0229559d is updated
2017-10-28 06:59:42.345 28522 INFO heat.engine.service [req-ea40ded8-7aea-4a08-960f-7c9442b505e5 - - - - -] Service 0b05fddd-7118-49f7-b698-e81b89f80dd0 is updated
2017-10-28 06:59:42.362 28542 INFO heat.engine.service [req-f818ba1f-c205-45b8-be5a-bdeabcd15e09 - - - - -] Service 94a1afb2-8a32-439d-ab8f-e06a961e4433 is updated
2017-10-28 06:59:42.374 28532 INFO heat.engine.service [req-09296416-4864-4ba5-9a0d-dd66ce51c4a0 - - - - -] Service 5e954547-3083-4e91-b56e-edaec69d9004 is updated
2017-10-28 06:59:42.382 28511 INFO heat.engine.service [req-edd1f986-9200-45f1-aa3d-422cf6da7480 - - - - -] Service c4991b42-b929-41c8-92ba-07735294b97d is updated
2017-10-28 06:59:42.383 28523 INFO heat.engine.service [req-59969e56-0c5f-471d-9675-60386a5fb734 - - - - -] Service d7cc827c-6c72-4bc7-9c27-48fae872f1b6 is updated
2017-10-28 06:59:42.409 28513 INFO heat.engine.service [req-0b146730-271e-4408-9aff-f77096a2e097 - - - - -] Service 5ce1d5ea-a507-4dce-98d2-430354f1824f is updated
2017-10-28 06:59:42.413 28552 INFO heat.engine.service [req-f5fb787a-91c7-4e8f-b7be-60ab06c566aa - - - - -] Service e9eaa51d-d288-442a-bc48-944d997543a3 is updated
2017-10-28 06:59:42.420 28538 INFO heat.engine.service [req-a397dae8-9496-4e19-bcd4-783c41929ac4 - - - - -] Service 174f2dbb-df8a-4407-b210-723a658db9cb is updated
2017-10-28 06:59:42.446 28561 INFO heat.engine.service [req-8c73dbd7-ccbc-4845-bd03-b4c28a485def - - - - -] Service 5320c9fe-fd90-45e2-9c81-06f88b38f36b is updated
2017-10-28 06:59:42.455 28516 INFO heat.engine.service [req-1ebe64b8-b928-4d65-bd6c-fff519ddb042 - - - - -] Service 2d84e3bb-febf-485e-87fe-d93b4c80d1c4 is updated
2017-10-28 06:59:42.506 28564 INFO heat.engine.service [req-432ba9ae-88cd-4245-8638-d0773aefe736 - - - - -] Service 8f50a07c-7ad8-4a6d-a9d3-37e4c8f0ba53 is updated
2017-10-28 06:59:42.514 28562 INFO heat.engine.service [req-735fb433-497b-42fd-8bf0-28be7a7a8930 - - - - -] Service b207e39f-b808-4c6c-8285-bd415d13ec10 is updated
2017-10-28 06:59:42.514 28520 INFO heat.engine.service [req-49e67e59-6639-4a44-b743-aaf58179b86b - - - - -] Service 4afb81d2-1ea2-4a4b-bc5f-b909623e3e74 is updated
2017-10-28 06:59:42.532 28510 INFO heat.engine.service [req-0f001313-de46-4fc3-958c-c4520d7c11b6 - - - - -] Service 4669f065-a489-481e-9850-91a9f44bc077 is updated
2017-10-28 06:59:42.545 28536 INFO heat.engine.service [req-a36fb7e7-269d-4828-8010-b012843d6672 - - - - -] Service 98ecc1ea-b227-42dc-82e7-30ac1ed9fca4 is updated
2017-10-28 06:59:42.576 28560 INFO heat.engine.service [req-25e1d786-d088-45df-ac62-1a08ff79da25 - - - - -] Service 3b95e8e7-8709-45d2-a464-bac772180735 is updated
2017-10-28 06:59:42.625 28557 INFO heat.engine.service [req-642e5a4b-a014-45d6-88f8-21532334d0d0 - - - - -] Service 98f930a8-31b2-4e4d-8712-9e6fea660e73 is updated
2017-10-28 06:59:42.629 28563 INFO heat.engine.service [req-04b80c57-dfab-4567-9139-fa29d9454383 - - - - -] Service 4eca1835-2fb1-450f-b336-3867986a581d is updated
2017-10-28 06:59:42.631 28519 INFO heat.engine.service [req-57ee458a-d769-48c1-9e0a-15b8fbe3365a - - - - -] Service 7d2457db-265f-4f09-a7ed-68db183e0384 is updated
2017-10-28 06:59:42.652 28524 INFO heat.engine.service [req-261c06a0-c212-4c6e-9c15-a54dcce5b3e8 - - - - -] Service 2f511c44-ddf4-43a7-9fd0-41f210a8b669 is updated
2017-10-28 06:59:42.661 28533 INFO heat.engine.service [req-925f1b8e-1196-476e-a701-9aa133117d94 - - - - -] Service 3a35d7bf-f1bd-4589-a5c3-8000c3b24793 is updated
2017-10-28 06:59:42.686 28517 INFO heat.engine.service [req-b7bb3a80-b4d2-4bd0-a2e5-5b952464f5f7 - - - - -] Service 750cf73f-337d-432c-9d53-30fab548b45c is updated
2017-10-28 06:59:42.696 28547 INFO heat.engine.service [req-7fa8f7ca-90a1-44a1-b61c-5ba20f32aefd - - - - -] Service 25707d32-efb1-423a-b2d4-e11dfe67bcdc is updated
2017-10-28 06:59:42.711 28541 INFO heat.engine.service [req-0ffda540-3d5b-4e48-8f70-ae71fc5e11b9 - - - - -] Service 28f76f02-d340-4517-9f1d-cb1f7fd704ac is updated
2017-10-28 06:59:42.729 28554 INFO heat.engine.service [req-d527515c-1250-46ec-9d7c-43febc66603e - - - - -] Service c7479ed7-747a-48d4-9a5a-b7161a57c39e is updated
2017-10-28 06:59:42.737 28549 INFO heat.engine.service [req-fadf9319-d519-4cfd-a69f-1522b5a4149f - - - - -] Service 8942a6af-7411-45cf-9672-1c7d3127c49f is updated
2017-10-28 06:59:42.739 28530 INFO heat.engine.service [req-b42bce68-c9b3-4d4f-8dfa-b5f88e1b4a2a - - - - -] Service caf6df39-f07f-489e-9581-9b70becae9e2 is updated
2017-10-28 06:59:42.747 28537 INFO heat.engine.service [req-821aa1f8-9d4b-4255-9f9c-096d38678ce6 - - - - -] Service fd1e41c5-b76e-4f95-9fd6-4a9c3d626081 is updated
2017-10-28 06:59:42.799 28534 INFO heat.engine.service [req-16a2e41d-5178-406f-9b23-b7608d00ea80 - - - - -] Service 7cdf9070-e34d-436d-aa75-65b1eb388638 is updated
2017-10-28 06:59:42.816 28512 INFO heat.engine.service [req-8d0388d6-6986-4b6e-942c-303576b2b40a - - - - -] Service fc9cbb06-6f7c-4b69-b947-05f204b3ce3c is updated
2017-10-28 06:59:42.822 28556 INFO heat.engine.service [req-f9538665-5f2f-4600-b572-7e31b723cd34 - - - - -] Service 30227806-eb6a-421b-b64b-1f4e769dde97 is updated
2017-10-28 06:59:42.822 28551 INFO heat.engine.service [req-6f290b16-c24c-4582-b22a-a863f670648d - - - - -] Service 560cd9d1-ade5-4123-8efe-4822dbddfe23 is updated
2017-10-28 06:59:42.825 28518 INFO heat.engine.service [req-beabe947-77a7-4283-bd7c-d52f62f4f372 - - - - -] Service dd24efbc-8915-43d4-af30-b40fa3b43c47 is updated
2017-10-28 06:59:42.838 28515 INFO heat.engine.service [req-2e1bece1-43fc-466b-b712-3894017a5f02 - - - - -] Service 1a670f48-191d-4af2-ba9b-d59280a34029 is updated
2017-10-28 06:59:42.839 28558 INFO heat.engine.service [req-04e86828-8100-4c85-89af-d2626df47f46 - - - - -] Service ce91c6b2-92c3-4791-9658-c7753c86c265 is updated
2017-10-28 06:59:42.841 28550 INFO heat.engine.service [req-72ac511d-6daa-4e44-a803-b5d8db73adf6 - - - - -] Service ac79e68c-b408-42b8-9a3f-aaa256fcf8f0 is updated
2017-10-28 06:59:42.850 28535 INFO heat.engine.service [req-69c09b1f-d192-49e9-8063-c81d8e0fe9f6 - - - - -] Service fb8da2fb-0ff3-4afc-956a-7d78b638efc3 is updated
2017-10-28 06:59:42.856 28521 INFO heat.engine.service [req-2466b5d6-1bc4-4ef7-a837-f6705dfc189a - - - - -] Service d42598ab-5331-4bf4-a271-327e00c8675f is updated
2017-10-28 06:59:42.875 28540 INFO heat.engine.service [req-e0a896d5-6580-47a8-96c2-9649d7f26724 - - - - -] Service 48ab0354-0cc3-4574-8b4b-39578b4811f9 is updated
2017-10-28 06:59:42.881 28531 INFO heat.engine.service [req-6c296167-79ab-489b-ae52-413411a01912 - - - - -] Service ff837399-1603-480b-89cf-1947330a42ab is updated
2017-10-28 06:59:42.909 28525 INFO heat.engine.service [req-2c6b3df2-4019-4220-8f10-2f2fe8fdc7a4 - - - - -] Service 12fa1fd5-3e02-4695-9acb-ecf6d0c6be7e is updated
2017-10-28 06:59:42.912 28555 INFO heat.engine.service [req-0b2574af-7d12-4b7b-a627-6a8ff920fa94 - - - - -] Service 6b1b66de-35d9-4105-bcd5-aa680ffcddec is updated
2017-10-28 06:59:43.020 28559 INFO heat.engine.service [req-b9284048-3694-4ac1-a73c-5e4a86a3019b - - - - -] Service d321ca62-b768-43f2-9c4f-f4308f362b40 is updated
2017-10-28 06:59:43.250 28539 INFO heat.engine.service [req-d79605c0-13f2-4d5c-bfb8-2d66170328b5 - - - - -] Service 75a95404-a1b5-44f6-ba31-90e0e95c8ad0 is updated
2017-10-28 06:59:44.430 28514 INFO heat.engine.service [req-01d1aa2c-ccc9-4066-9a0b-e54c5bb219e0 - - - - -] Service c1ca77d3-4c81-441a-914c-e8e1795d0819 is updated
2017-10-28 07:00:42.231 28529 INFO heat.engine.service [req-0d78772c-2bf2-4fbc-829c-16fa152db914 - - - - -] Service 4e596928-014f-46fe-904b-2c69d0122faa is updated
2017-10-28 07:00:42.249 28527 INFO heat.engine.service [req-1a055414-08f1-4a04-903e-2fe5a3c91ea4 - - - - -] Service 27b05062-f4e2-41b9-a5a1-b78a8e7a7cab is updated
2017-10-28 07:00:42.305 28553 INFO heat.engine.service [req-2bc0cc24-b5a2-4784-b420-8fc8ee55639b - - - - -] Service 1231c634-a611-4552-9733-0bcd0229559d is updated
2017-10-28 07:00:42.352 28522 INFO heat.engine.service [req-f3183a50-d297-49c7-95fc-95f028df9c13 - - - - -] Service 0b05fddd-7118-49f7-b698-e81b89f80dd0 is updated
2017-10-28 07:00:42.359 28542 INFO heat.engine.service [req-23ee7e1a-d7b3-4d4a-a256-13a98f92aa2d - - - - -] Service 94a1afb2-8a32-439d-ab8f-e06a961e4433 is updated
2017-10-28 07:00:42.372 28532 INFO heat.engine.service [req-5eb54b99-7afd-4d3b-b569-7c28e192dee5 - - - - -] Service 5e954547-3083-4e91-b56e-edaec69d9004 is updated
2017-10-28 07:00:42.379 28511 INFO heat.engine.service [req-ddfadbc4-beec-47b4-9f62-2d5b71c8cb38 - - - - -] Service c4991b42-b929-41c8-92ba-07735294b97d is updated
2017-10-28 07:00:42.379 28523 INFO heat.engine.service [req-7fdedbc9-f1ba-4cba-9500-734aa4830050 - - - - -] Service d7cc827c-6c72-4bc7-9c27-48fae872f1b6 is updated
2017-10-28 07:00:42.405 28513 INFO heat.engine.service [req-651f45dc-d8ac-43c0-b180-89681d161c18 - - - - -] Service 5ce1d5ea-a507-4dce-98d2-430354f1824f is updated
2017-10-28 07:00:42.409 28552 INFO heat.engine.service [req-a1d052fa-6287-42bb-8906-24f6288ce38e - - - - -] Service e9eaa51d-d288-442a-bc48-944d997543a3 is updated
2017-10-28 07:00:42.416 28538 INFO heat.engine.service [req-44c95655-27b3-48d0-b27b-fe5893d5814c - - - - -] Service 174f2dbb-df8a-4407-b210-723a658db9cb is updated
2017-10-28 07:00:42.441 28561 INFO heat.engine.service [req-4e45bacb-0720-4fe1-8661-b53737655e82 - - - - -] Service 5320c9fe-fd90-45e2-9c81-06f88b38f36b is updated
2017-10-28 07:00:42.452 28516 INFO heat.engine.service [req-2edda04b-7099-4f1e-ba05-cd71ec188bec - - - - -] Service 2d84e3bb-febf-485e-87fe-d93b4c80d1c4 is updated
2017-10-28 07:00:42.500 28564 INFO heat.engine.service [req-0845bd54-5050-4089-b478-e23c090b79ff - - - - -] Service 8f50a07c-7ad8-4a6d-a9d3-37e4c8f0ba53 is updated
2017-10-28 07:00:42.510 28520 INFO heat.engine.service [req-44ba870d-cbdb-4a28-bbf2-972c3377e861 - - - - -] Service 4afb81d2-1ea2-4a4b-bc5f-b909623e3e74 is updated
2017-10-28 07:00:42.520 28562 INFO heat.engine.service [req-138553c5-1217-4dc8-acac-aea3cc259990 - - - - -] Service b207e39f-b808-4c6c-8285-bd415d13ec10 is updated
2017-10-28 07:00:42.528 28510 INFO heat.engine.service [req-04e03042-fc99-4ba8-95ca-5a236ba7fa67 - - - - -] Service 4669f065-a489-481e-9850-91a9f44bc077 is updated
2017-10-28 07:00:42.541 28536 INFO heat.engine.service [req-4e1f3478-c154-4d1f-a625-f7a7c47672f2 - - - - -] Service 98ecc1ea-b227-42dc-82e7-30ac1ed9fca4 is updated
2017-10-28 07:00:42.571 28560 INFO heat.engine.service [req-3e54dd46-5ee3-449d-94fc-818bf65bf6ed - - - - -] Service 3b95e8e7-8709-45d2-a464-bac772180735 is updated
2017-10-28 07:00:42.622 28557 INFO heat.engine.service [req-7a8a3f06-0c48-44c1-9aa2-5b6552c273d8 - - - - -] Service 98f930a8-31b2-4e4d-8712-9e6fea660e73 is updated
2017-10-28 07:00:42.628 28519 INFO heat.engine.service [req-78c8b689-8950-49af-b41d-fa8de0828735 - - - - -] Service 7d2457db-265f-4f09-a7ed-68db183e0384 is updated
2017-10-28 07:00:42.637 28563 INFO heat.engine.service [req-aa7229e1-151d-4514-b248-c0bcb941d853 - - - - -] Service 4eca1835-2fb1-450f-b336-3867986a581d is updated
2017-10-28 07:00:42.647 28524 INFO heat.engine.service [req-4d8206a5-bb1f-4ebd-b0dd-f7094c5e3817 - - - - -] Service 2f511c44-ddf4-43a7-9fd0-41f210a8b669 is updated
2017-10-28 07:00:42.657 28533 INFO heat.engine.service [req-eb7dc9d1-a4c2-46a7-9951-7912202df0db - - - - -] Service 3a35d7bf-f1bd-4589-a5c3-8000c3b24793 is updated
2017-10-28 07:00:42.681 28517 INFO heat.engine.service [req-19bf201c-491c-4296-a0b2-17213f09c2d9 - - - - -] Service 750cf73f-337d-432c-9d53-30fab548b45c is updated
2017-10-28 07:00:42.691 28547 INFO heat.engine.service [req-ed7bf3df-55a2-4e01-97d8-3218e6159ba8 - - - - -] Service 25707d32-efb1-423a-b2d4-e11dfe67bcdc is updated
2017-10-28 07:00:42.706 28541 INFO heat.engine.service [req-95f67061-812b-4afd-a44b-b6a768168b89 - - - - -] Service 28f76f02-d340-4517-9f1d-cb1f7fd704ac is updated
2017-10-28 07:00:42.725 28554 INFO heat.engine.service [req-3bf04d55-9370-4e9e-81b5-c42236aca5b3 - - - - -] Service c7479ed7-747a-48d4-9a5a-b7161a57c39e is updated
2017-10-28 07:00:42.734 28549 INFO heat.engine.service [req-f07686ef-faa1-4609-b057-37d43b49098b - - - - -] Service 8942a6af-7411-45cf-9672-1c7d3127c49f is updated
2017-10-28 07:00:42.738 28530 INFO heat.engine.service [req-7edccd61-ab5b-4ab5-8988-195194f3842d - - - - -] Service caf6df39-f07f-489e-9581-9b70becae9e2 is updated
2017-10-28 07:00:42.743 28537 INFO heat.engine.service [req-15fb32e9-b72d-4b5a-abc6-7b900a9b1092 - - - - -] Service fd1e41c5-b76e-4f95-9fd6-4a9c3d626081 is updated
2017-10-28 07:00:42.799 28534 INFO heat.engine.service [req-ddd0fd51-93f8-4d75-9042-3cf84a5f04cf - - - - -] Service 7cdf9070-e34d-436d-aa75-65b1eb388638 is updated
2017-10-28 07:00:42.812 28512 INFO heat.engine.service [req-354822eb-6da6-4388-93a6-5352a52124cf - - - - -] Service fc9cbb06-6f7c-4b69-b947-05f204b3ce3c is updated
2017-10-28 07:00:42.817 28556 INFO heat.engine.service [req-93c05ca0-905d-47c9-8b87-703fa6105d47 - - - - -] Service 30227806-eb6a-421b-b64b-1f4e769dde97 is updated
2017-10-28 07:00:42.817 28551 INFO heat.engine.service [req-177b879b-38d4-473d-8863-4e8c8ed118df - - - - -] Service 560cd9d1-ade5-4123-8efe-4822dbddfe23 is updated
2017-10-28 07:00:42.821 28518 INFO heat.engine.service [req-3ca3bb87-d4fb-4937-adf4-4cbc5a53161e - - - - -] Service dd24efbc-8915-43d4-af30-b40fa3b43c47 is updated
2017-10-28 07:00:42.834 28550 INFO heat.engine.service [req-e19d0825-3625-49df-b0f0-8377e28ab9cf - - - - -] Service ac79e68c-b408-42b8-9a3f-aaa256fcf8f0 is updated
2017-10-28 07:00:42.834 28558 INFO heat.engine.service [req-7359275a-c3d6-44cc-a5ba-53463eee7215 - - - - -] Service ce91c6b2-92c3-4791-9658-c7753c86c265 is updated
2017-10-28 07:00:42.835 28515 INFO heat.engine.service [req-66b4d528-da53-4f2e-bdd2-ee063e75a4d5 - - - - -] Service 1a670f48-191d-4af2-ba9b-d59280a34029 is updated
2017-10-28 07:00:42.845 28535 INFO heat.engine.service [req-4f1ea867-5e55-40f5-ada3-d798e053b99e - - - - -] Service fb8da2fb-0ff3-4afc-956a-7d78b638efc3 is updated
2017-10-28 07:00:42.852 28521 INFO heat.engine.service [req-af36447e-d6f2-4690-b18f-f102df5ff230 - - - - -] Service d42598ab-5331-4bf4-a271-327e00c8675f is updated
2017-10-28 07:00:42.872 28540 INFO heat.engine.service [req-1a33825e-4ef4-4e74-9e1b-72bb2b7a7014 - - - - -] Service 48ab0354-0cc3-4574-8b4b-39578b4811f9 is updated
2017-10-28 07:00:42.877 28531 INFO heat.engine.service [req-9f5888d7-87f1-4cea-85ba-4ada7c558cb8 - - - - -] Service ff837399-1603-480b-89cf-1947330a42ab is updated
2017-10-28 07:00:42.906 28525 INFO heat.engine.service [req-3010aa19-8d73-4339-b311-444b198c92bf - - - - -] Service 12fa1fd5-3e02-4695-9acb-ecf6d0c6be7e is updated
2017-10-28 07:00:42.909 28555 INFO heat.engine.service [req-7d4f349a-672c-4fa2-acf3-84b4e39d22f9 - - - - -] Service 6b1b66de-35d9-4105-bcd5-aa680ffcddec is updated
2017-10-28 07:00:43.017 28559 INFO heat.engine.service [req-af0cbdc8-1e46-4fbf-88ee-feff2dd64e2b - - - - -] Service d321ca62-b768-43f2-9c4f-f4308f362b40 is updated
2017-10-28 07:00:43.236 28539 INFO heat.engine.service [req-3b19f0cb-b803-4355-94d2-345d8726778d - - - - -] Service 75a95404-a1b5-44f6-ba31-90e0e95c8ad0 is updated
2017-10-28 07:00:44.428 28514 INFO heat.engine.service [req-9c79d773-95fd-4e83-82b3-8da79e4ccd0f - - - - -] Service c1ca77d3-4c81-441a-914c-e8e1795d0819 is updated
2017-10-28 07:01:42.228 28529 INFO heat.engine.service [req-52b74135-1491-435c-8d08-c0ff5ef78a99 - - - - -] Service 4e596928-014f-46fe-904b-2c69d0122faa is updated
2017-10-28 07:01:42.251 28527 INFO heat.engine.service [req-612cfcac-c362-4229-8838-542ecfdf60a8 - - - - -] Service 27b05062-f4e2-41b9-a5a1-b78a8e7a7cab is updated
2017-10-28 07:01:42.303 28553 INFO heat.engine.service [req-5d1848a2-e9ff-49cb-bc16-9c54f5476bd6 - - - - -] Service 1231c634-a611-4552-9733-0bcd0229559d is updated
2017-10-28 07:01:42.349 28522 INFO heat.engine.service [req-36e123a9-fa75-48f4-8ff9-afbe41c7f7e8 - - - - -] Service 0b05fddd-7118-49f7-b698-e81b89f80dd0 is updated
2017-10-28 07:01:42.357 28542 INFO heat.engine.service [req-712993e0-3202-4ca1-b71a-aecbe8ef1422 - - - - -] Service 94a1afb2-8a32-439d-ab8f-e06a961e4433 is updated
2017-10-28 07:01:42.370 28532 INFO heat.engine.service [req-08ddac34-94ef-4987-b98b-70c0cdaf7722 - - - - -] Service 5e954547-3083-4e91-b56e-edaec69d9004 is updated
2017-10-28 07:01:42.374 28523 INFO heat.engine.service [req-b8058360-1c4e-4452-a006-580dd372effe - - - - -] Service d7cc827c-6c72-4bc7-9c27-48fae872f1b6 is updated
2017-10-28 07:01:42.373 28511 INFO heat.engine.service [req-721acd61-1f15-4477-b9fd-d2a32ca81d90 - - - - -] Service c4991b42-b929-41c8-92ba-07735294b97d is updated
2017-10-28 07:01:42.401 28513 INFO heat.engine.service [req-f41b342e-8539-41cf-95f1-0248a6037ea1 - - - - -] Service 5ce1d5ea-a507-4dce-98d2-430354f1824f is updated
2017-10-28 07:01:42.408 28552 INFO heat.engine.service [req-5cbe15bf-1a75-4e22-a788-b080687c4dde - - - - -] Service e9eaa51d-d288-442a-bc48-944d997543a3 is updated
2017-10-28 07:01:42.412 28538 INFO heat.engine.service [req-b57fa16c-18ac-4273-b469-b7ac416ed7db - - - - -] Service 174f2dbb-df8a-4407-b210-723a658db9cb is updated
2017-10-28 07:01:42.448 28561 INFO heat.engine.service [req-b47b1cc7-a0da-4309-98b0-4f4d4f4719cb - - - - -] Service 5320c9fe-fd90-45e2-9c81-06f88b38f36b is updated
2017-10-28 07:01:42.450 28516 INFO heat.engine.service [req-45c07c38-a519-4a04-b89a-e73f71ac47a0 - - - - -] Service 2d84e3bb-febf-485e-87fe-d93b4c80d1c4 is updated
2017-10-28 07:01:42.528 28520 INFO heat.engine.service [req-f4176c42-2ed3-40d7-a8cc-8c726f927180 - - - - -] Service 4afb81d2-1ea2-4a4b-bc5f-b909623e3e74 is updated
2017-10-28 07:01:42.528 28564 INFO heat.engine.service [req-a300296b-7541-447d-8f48-3bbf2f00885c - - - - -] Service 8f50a07c-7ad8-4a6d-a9d3-37e4c8f0ba53 is updated
2017-10-28 07:01:42.538 28562 INFO heat.engine.service [req-fe254078-8a6b-4064-8860-3951e7fb08de - - - - -] Service b207e39f-b808-4c6c-8285-bd415d13ec10 is updated
2017-10-28 07:01:42.538 28510 INFO heat.engine.service [req-e8b1d0eb-bff9-44ae-ab42-5b5069d67c5a - - - - -] Service 4669f065-a489-481e-9850-91a9f44bc077 is updated
2017-10-28 07:01:42.538 28536 INFO heat.engine.service [req-dda6d495-4321-4d61-8334-59bc311981fa - - - - -] Service 98ecc1ea-b227-42dc-82e7-30ac1ed9fca4 is updated
2017-10-28 07:01:42.578 28560 INFO heat.engine.service [req-0f943e5f-7895-489a-8bfb-4c9f5a56b5f9 - - - - -] Service 3b95e8e7-8709-45d2-a464-bac772180735 is updated
2017-10-28 07:01:42.619 28557 INFO heat.engine.service [req-7e2ae996-39dd-419d-aaae-a99a63488d48 - - - - -] Service 98f930a8-31b2-4e4d-8712-9e6fea660e73 is updated
2017-10-28 07:01:42.623 28519 INFO heat.engine.service [req-208c8d1c-21a4-4b17-b7c9-8f541729ca11 - - - - -] Service 7d2457db-265f-4f09-a7ed-68db183e0384 is updated
2017-10-28 07:01:42.634 28563 INFO heat.engine.service [req-2d44a679-102a-4c5c-b9f1-6dd3496d2aa9 - - - - -] Service 4eca1835-2fb1-450f-b336-3867986a581d is updated
2017-10-28 07:01:42.644 28524 INFO heat.engine.service [req-6e059cb6-af37-4a76-a639-51148329bafa - - - - -] Service 2f511c44-ddf4-43a7-9fd0-41f210a8b669 is updated
2017-10-28 07:01:42.653 28533 INFO heat.engine.service [req-bcf62771-635e-4eb9-9ce2-2ba41f82f5dc - - - - -] Service 3a35d7bf-f1bd-4589-a5c3-8000c3b24793 is updated
2017-10-28 07:01:42.686 28517 INFO heat.engine.service [req-aac54c66-80c3-4ce2-b5d0-eab1a70fe267 - - - - -] Service 750cf73f-337d-432c-9d53-30fab548b45c is updated
2017-10-28 07:01:42.698 28547 INFO heat.engine.service [req-a518c376-df9a-4117-a05d-12f4ad959aad - - - - -] Service 25707d32-efb1-423a-b2d4-e11dfe67bcdc is updated
2017-10-28 07:01:42.715 28541 INFO heat.engine.service [req-58a55184-fa8d-44c3-9ed8-76cef40197a8 - - - - -] Service 28f76f02-d340-4517-9f1d-cb1f7fd704ac is updated
2017-10-28 07:01:42.722 28554 INFO heat.engine.service [req-4852ff09-1792-4351-a1b3-fc62a54c8091 - - - - -] Service c7479ed7-747a-48d4-9a5a-b7161a57c39e is updated
2017-10-28 07:01:42.734 28549 INFO heat.engine.service [req-f34806ab-48ab-45c9-9285-e1c53310cde7 - - - - -] Service 8942a6af-7411-45cf-9672-1c7d3127c49f is updated
2017-10-28 07:01:42.737 28530 INFO heat.engine.service [req-7eca1e70-2d36-4884-8dc9-84c5c91e1fd4 - - - - -] Service caf6df39-f07f-489e-9581-9b70becae9e2 is updated
2017-10-28 07:01:42.741 28537 INFO heat.engine.service [req-019596f1-0339-41d5-aec6-41ee8a7cc40f - - - - -] Service fd1e41c5-b76e-4f95-9fd6-4a9c3d626081 is updated
2017-10-28 07:01:42.796 28534 INFO heat.engine.service [req-7c54065e-efa1-44e7-87fd-ac68700e4cb6 - - - - -] Service 7cdf9070-e34d-436d-aa75-65b1eb388638 is updated
2017-10-28 07:01:42.810 28512 INFO heat.engine.service [req-0d3deaa3-8f11-47b2-b008-79779721a3ea - - - - -] Service fc9cbb06-6f7c-4b69-b947-05f204b3ce3c is updated
2017-10-28 07:01:42.821 28518 INFO heat.engine.service [req-f36aa6b5-24d4-4eaa-b135-dc8879430417 - - - - -] Service dd24efbc-8915-43d4-af30-b40fa3b43c47 is updated
2017-10-28 07:01:42.825 28551 INFO heat.engine.service [req-5f3f2a7d-1548-4cf9-bc4d-67aa762084cd - - - - -] Service 560cd9d1-ade5-4123-8efe-4822dbddfe23 is updated
2017-10-28 07:01:42.825 28556 INFO heat.engine.service [req-8e6e16a0-1a25-4cdb-bae5-3be7c814dbc3 - - - - -] Service 30227806-eb6a-421b-b64b-1f4e769dde97 is updated
2017-10-28 07:01:42.832 28515 INFO heat.engine.service [req-25627b06-ae6f-464f-88fc-a882f0da2410 - - - - -] Service 1a670f48-191d-4af2-ba9b-d59280a34029 is updated
2017-10-28 07:01:42.840 28550 INFO heat.engine.service [req-bb06e5b7-3d51-4d83-a8d7-294c69109c88 - - - - -] Service ac79e68c-b408-42b8-9a3f-aaa256fcf8f0 is updated
2017-10-28 07:01:42.841 28558 INFO heat.engine.service [req-f60f7496-947f-47fd-841a-d3618ef878bf - - - - -] Service ce91c6b2-92c3-4791-9658-c7753c86c265 is updated
2017-10-28 07:01:42.852 28535 INFO heat.engine.service [req-519a60b6-bcd3-42e7-b931-6696fbc261be - - - - -] Service fb8da2fb-0ff3-4afc-956a-7d78b638efc3 is updated
2017-10-28 07:01:42.852 28521 INFO heat.engine.service [req-2676293a-403c-449a-9bce-4b558f632f73 - - - - -] Service d42598ab-5331-4bf4-a271-327e00c8675f is updated
2017-10-28 07:01:42.870 28540 INFO heat.engine.service [req-702aee8a-c949-4b43-8e28-5ee92ce8bc53 - - - - -] Service 48ab0354-0cc3-4574-8b4b-39578b4811f9 is updated
2017-10-28 07:01:42.874 28531 INFO heat.engine.service [req-e5ae2e7a-5c34-48bb-a7b9-60a28002ff7f - - - - -] Service ff837399-1603-480b-89cf-1947330a42ab is updated
2017-10-28 07:01:42.903 28525 INFO heat.engine.service [req-f6d3b854-351a-4c20-936b-c045d46e9ce3 - - - - -] Service 12fa1fd5-3e02-4695-9acb-ecf6d0c6be7e is updated
2017-10-28 07:01:42.905 28555 INFO heat.engine.service [req-c01da703-402a-4fda-9322-6bf5b1693ee4 - - - - -] Service 6b1b66de-35d9-4105-bcd5-aa680ffcddec is updated
2017-10-28 07:01:43.014 28559 INFO heat.engine.service [req-6b1f5593-354b-4f82-8e06-38d3c9ff82ed - - - - -] Service d321ca62-b768-43f2-9c4f-f4308f362b40 is updated
2017-10-28 07:01:43.234 28539 INFO heat.engine.service [req-86e843db-3458-4241-bacd-a3fdadb12702 - - - - -] Service 75a95404-a1b5-44f6-ba31-90e0e95c8ad0 is updated
2017-10-28 07:01:44.426 28514 INFO heat.engine.service [req-8c7b358f-34e5-46d4-ae38-581489d43157 - - - - -] Service c1ca77d3-4c81-441a-914c-e8e1795d0819 is updated
2017-10-28 07:02:42.228 28529 INFO heat.engine.service [req-12f3f5fb-a89e-4dd4-aa2f-f1bcc194e7a6 - - - - -] Service 4e596928-014f-46fe-904b-2c69d0122faa is updated
2017-10-28 07:02:42.250 28527 INFO heat.engine.service [req-a781f36f-a4c3-42ae-ab4d-a75c813c0068 - - - - -] Service 27b05062-f4e2-41b9-a5a1-b78a8e7a7cab is updated
2017-10-28 07:02:42.300 28553 INFO heat.engine.service [req-9fe7ecb0-2192-4b9b-b5ef-fc4d15e88bd1 - - - - -] Service 1231c634-a611-4552-9733-0bcd0229559d is updated
2017-10-28 07:02:42.345 28522 INFO heat.engine.service [req-a2dc421d-83be-4d0a-9360-c1c12459fd7c - - - - -] Service 0b05fddd-7118-49f7-b698-e81b89f80dd0 is updated
2017-10-28 07:02:42.354 28542 INFO heat.engine.service [req-51dcbc00-3ab5-4243-8c90-918660aedbc5 - - - - -] Service 94a1afb2-8a32-439d-ab8f-e06a961e4433 is updated
2017-10-28 07:02:42.364 28532 INFO heat.engine.service [req-c0f28846-1f3a-4a4e-91fa-b12bcb847141 - - - - -] Service 5e954547-3083-4e91-b56e-edaec69d9004 is updated
2017-10-28 07:02:42.370 28511 INFO heat.engine.service [req-f4be3d7b-ec2b-4cfe-a9c6-3d87e3c7b335 - - - - -] Service c4991b42-b929-41c8-92ba-07735294b97d is updated
2017-10-28 07:02:42.381 28523 INFO heat.engine.service [req-39b4c85b-f331-4188-b270-599d43043c40 - - - - -] Service d7cc827c-6c72-4bc7-9c27-48fae872f1b6 is updated
2017-10-28 07:02:42.398 28513 INFO heat.engine.service [req-ad1b8223-7d21-463e-9848-97fc3a912a79 - - - - -] Service 5ce1d5ea-a507-4dce-98d2-430354f1824f is updated
2017-10-28 07:02:42.407 28552 INFO heat.engine.service [req-935d6ec4-3c81-4df2-8479-7f6c6150f6ff - - - - -] Service e9eaa51d-d288-442a-bc48-944d997543a3 is updated
2017-10-28 07:02:42.411 28538 INFO heat.engine.service [req-16aa3b1f-88a2-4221-8c07-cf454493e3ae - - - - -] Service 174f2dbb-df8a-4407-b210-723a658db9cb is updated
2017-10-28 07:02:42.445 28561 INFO heat.engine.service [req-6b7ed83b-4a41-46c3-b581-3c8f01c11caa - - - - -] Service 5320c9fe-fd90-45e2-9c81-06f88b38f36b is updated
2017-10-28 07:02:42.447 28516 INFO heat.engine.service [req-de584022-929f-4399-9a7f-e1d514dc92b3 - - - - -] Service 2d84e3bb-febf-485e-87fe-d93b4c80d1c4 is updated
2017-10-28 07:02:42.506 28564 INFO heat.engine.service [req-d3ff6ce1-16aa-4550-8946-97d2529340e1 - - - - -] Service 8f50a07c-7ad8-4a6d-a9d3-37e4c8f0ba53 is updated
2017-10-28 07:02:42.506 28520 INFO heat.engine.service [req-109bf4b4-206f-4278-a90f-00e3efcaff33 - - - - -] Service 4afb81d2-1ea2-4a4b-bc5f-b909623e3e74 is updated
2017-10-28 07:02:42.515 28562 INFO heat.engine.service [req-b7243def-5297-46b9-bb9a-45ef2c7673da - - - - -] Service b207e39f-b808-4c6c-8285-bd415d13ec10 is updated
2017-10-28 07:02:42.525 28510 INFO heat.engine.service [req-df27f3ae-7dc7-4abf-9f9e-6f7f51d1d07d - - - - -] Service 4669f065-a489-481e-9850-91a9f44bc077 is updated
2017-10-28 07:02:42.534 28536 INFO heat.engine.service [req-497156da-ffee-4b6c-bb8c-88e62e063354 - - - - -] Service 98ecc1ea-b227-42dc-82e7-30ac1ed9fca4 is updated
2017-10-28 07:02:42.576 28560 INFO heat.engine.service [req-baebfc3f-de53-495e-8d54-57496f588ef1 - - - - -] Service 3b95e8e7-8709-45d2-a464-bac772180735 is updated
2017-10-28 07:02:42.616 28557 INFO heat.engine.service [req-ab943d93-3c21-47e9-a8a0-a0c26eae0a35 - - - - -] Service 98f930a8-31b2-4e4d-8712-9e6fea660e73 is updated
2017-10-28 07:02:42.621 28519 INFO heat.engine.service [req-e3b14407-4c5d-4528-acbf-3515f532e1d8 - - - - -] Service 7d2457db-265f-4f09-a7ed-68db183e0384 is updated
2017-10-28 07:02:42.629 28563 INFO heat.engine.service [req-44a38351-dd40-4acc-8739-2baf81f49358 - - - - -] Service 4eca1835-2fb1-450f-b336-3867986a581d is updated
2017-10-28 07:02:42.641 28524 INFO heat.engine.service [req-213d936a-3e41-4fd4-896d-3f6b06fe7e1a - - - - -] Service 2f511c44-ddf4-43a7-9fd0-41f210a8b669 is updated
2017-10-28 07:02:42.652 28533 INFO heat.engine.service [req-c941a792-3259-489a-9da4-f8fa392abe97 - - - - -] Service 3a35d7bf-f1bd-4589-a5c3-8000c3b24793 is updated
2017-10-28 07:02:42.693 28517 INFO heat.engine.service [req-7055ab81-1e16-4022-b4c1-8e1f6bc5c9d0 - - - - -] Service 750cf73f-337d-432c-9d53-30fab548b45c is updated
2017-10-28 07:02:42.694 28547 INFO heat.engine.service [req-42e8cb81-df76-46ca-b2dd-bab772361781 - - - - -] Service 25707d32-efb1-423a-b2d4-e11dfe67bcdc is updated
2017-10-28 07:02:42.714 28541 INFO heat.engine.service [req-7578ef49-2816-465b-853a-0e0c974ef2be - - - - -] Service 28f76f02-d340-4517-9f1d-cb1f7fd704ac is updated
2017-10-28 07:02:42.721 28554 INFO heat.engine.service [req-93bacc70-334b-402b-a5eb-7139bb34b3ad - - - - -] Service c7479ed7-747a-48d4-9a5a-b7161a57c39e is updated
2017-10-28 07:02:42.731 28549 INFO heat.engine.service [req-f0f904f7-c50e-4289-bbe0-897ad69d0e15 - - - - -] Service 8942a6af-7411-45cf-9672-1c7d3127c49f is updated
2017-10-28 07:02:42.734 28530 INFO heat.engine.service [req-5bd51717-bbe5-4a12-a4cb-68ea562d0fa9 - - - - -] Service caf6df39-f07f-489e-9581-9b70becae9e2 is updated
2017-10-28 07:02:42.737 28537 INFO heat.engine.service [req-92f905ac-1541-4070-911c-b2b972e9bba4 - - - - -] Service fd1e41c5-b76e-4f95-9fd6-4a9c3d626081 is updated
2017-10-28 07:02:42.793 28534 INFO heat.engine.service [req-6ae94d9a-5085-417c-81f8-3bf420e30493 - - - - -] Service 7cdf9070-e34d-436d-aa75-65b1eb388638 is updated
2017-10-28 07:02:42.808 28512 INFO heat.engine.service [req-5f9f5f10-09c9-42b1-ae8a-db3b5ae7369a - - - - -] Service fc9cbb06-6f7c-4b69-b947-05f204b3ce3c is updated
2017-10-28 07:02:42.817 28518 INFO heat.engine.service [req-90565fb1-c19f-45a3-ba62-063bcc952abc - - - - -] Service dd24efbc-8915-43d4-af30-b40fa3b43c47 is updated
2017-10-28 07:02:42.822 28551 INFO heat.engine.service [req-9a6d80a4-4528-42ed-8e6c-c3c6a5e152ee - - - - -] Service 560cd9d1-ade5-4123-8efe-4822dbddfe23 is updated
2017-10-28 07:02:42.824 28556 INFO heat.engine.service [req-003eaa05-b898-4fad-ba35-c2b24b7f3438 - - - - -] Service 30227806-eb6a-421b-b64b-1f4e769dde97 is updated
2017-10-28 07:02:42.828 28515 INFO heat.engine.service [req-07996c55-710f-43b0-828a-c0276c64b1f4 - - - - -] Service 1a670f48-191d-4af2-ba9b-d59280a34029 is updated
2017-10-28 07:02:42.835 28550 INFO heat.engine.service [req-5a77fda6-c964-446e-98bb-295437ca7b8d - - - - -] Service ac79e68c-b408-42b8-9a3f-aaa256fcf8f0 is updated
2017-10-28 07:02:42.838 28558 INFO heat.engine.service [req-294f577a-8551-4931-98a4-b10d0cbe555b - - - - -] Service ce91c6b2-92c3-4791-9658-c7753c86c265 is updated
2017-10-28 07:02:42.847 28535 INFO heat.engine.service [req-0c505702-cca6-4330-89f1-03aaeaf9bd03 - - - - -] Service fb8da2fb-0ff3-4afc-956a-7d78b638efc3 is updated
2017-10-28 07:02:42.849 28521 INFO heat.engine.service [req-169cfdbc-46aa-42b8-848a-7d8aed7f655c - - - - -] Service d42598ab-5331-4bf4-a271-327e00c8675f is updated
2017-10-28 07:02:42.867 28540 INFO heat.engine.service [req-fb93138d-8298-4c07-bafa-787584084f0e - - - - -] Service 48ab0354-0cc3-4574-8b4b-39578b4811f9 is updated
2017-10-28 07:02:42.872 28531 INFO heat.engine.service [req-4b8f47f4-7a4d-4b27-908b-8b2d59e0c74a - - - - -] Service ff837399-1603-480b-89cf-1947330a42ab is updated
2017-10-28 07:02:42.899 28525 INFO heat.engine.service [req-0d67b8fb-93ac-4bfc-b36e-1997b3adca86 - - - - -] Service 12fa1fd5-3e02-4695-9acb-ecf6d0c6be7e is updated
2017-10-28 07:02:42.903 28555 INFO heat.engine.service [req-2c272e93-5434-4105-8ce7-5ad5f27796c3 - - - - -] Service 6b1b66de-35d9-4105-bcd5-aa680ffcddec is updated
2017-10-28 07:02:43.008 28559 INFO heat.engine.service [req-15c37923-4c0f-4d61-9931-af0bd8501424 - - - - -] Service d321ca62-b768-43f2-9c4f-f4308f362b40 is updated
2017-10-28 07:02:43.231 28539 INFO heat.engine.service [req-c798f485-7e9e-464a-8e75-5322833d5f1b - - - - -] Service 75a95404-a1b5-44f6-ba31-90e0e95c8ad0 is updated
2017-10-28 07:02:44.423 28514 INFO heat.engine.service [req-e0fdd86d-1de9-4443-a231-a09dcd036396 - - - - -] Service c1ca77d3-4c81-441a-914c-e8e1795d0819 is updated
