2017-10-28 07:53:42.712 28518 INFO heat.engine.service [req-9fdc4818-24ae-4f60-aedf-dc85534ec86e - - - - -] Service dd24efbc-8915-43d4-af30-b40fa3b43c47 is updated
2017-10-28 07:53:42.716 28512 INFO heat.engine.service [req-ea94170e-923e-401f-a841-2c99697cb20e - - - - -] Service fc9cbb06-6f7c-4b69-b947-05f204b3ce3c is updated
2017-10-28 07:53:42.718 28556 INFO heat.engine.service [req-bb00ee92-70e1-4af0-a2f2-9246e26d020e - - - - -] Service 30227806-eb6a-421b-b64b-1f4e769dde97 is updated
2017-10-28 07:53:42.747 28515 INFO heat.engine.service [req-8b6d82c5-0269-40f2-8a69-81dc4bced9d6 - - - - -] Service 1a670f48-191d-4af2-ba9b-d59280a34029 is updated
2017-10-28 07:53:42.747 28551 INFO heat.engine.service [req-ef863137-a3f3-4328-9d32-03cbc49ff17f - - - - -] Service 560cd9d1-ade5-4123-8efe-4822dbddfe23 is updated
2017-10-28 07:53:42.749 28535 INFO heat.engine.service [req-fbba28aa-07e6-4c19-b22b-fdfd925f06ba - - - - -] Service fb8da2fb-0ff3-4afc-956a-7d78b638efc3 is updated
2017-10-28 07:53:42.757 28550 INFO heat.engine.service [req-cf62b367-ea4f-4288-989c-629944083fd3 - - - - -] Service ac79e68c-b408-42b8-9a3f-aaa256fcf8f0 is updated
2017-10-28 07:53:42.758 28540 INFO heat.engine.service [req-bf32e036-df4c-41d3-8a74-53ff91231ed3 - - - - -] Service 48ab0354-0cc3-4574-8b4b-39578b4811f9 is updated
2017-10-28 07:53:42.768 28521 INFO heat.engine.service [req-8d233978-c1cc-4a3c-8867-7b7546254d2c - - - - -] Service d42598ab-5331-4bf4-a271-327e00c8675f is updated
2017-10-28 07:53:42.778 28531 INFO heat.engine.service [req-dd957a2d-158f-4582-8682-78e6fa87b870 - - - - -] Service ff837399-1603-480b-89cf-1947330a42ab is updated
2017-10-28 07:53:42.786 28558 INFO heat.engine.service [req-90aed448-a55a-4d62-b581-d6b5b7458d23 - - - - -] Service ce91c6b2-92c3-4791-9658-c7753c86c265 is updated
2017-10-28 07:53:42.792 28555 INFO heat.engine.service [req-b730fef8-6b84-4d13-b56a-5d5b65a27c60 - - - - -] Service 6b1b66de-35d9-4105-bcd5-aa680ffcddec is updated
2017-10-28 07:53:42.803 28525 INFO heat.engine.service [req-56732989-0485-4296-86c9-667b749dc734 - - - - -] Service 12fa1fd5-3e02-4695-9acb-ecf6d0c6be7e is updated
2017-10-28 07:53:42.913 28559 INFO heat.engine.service [req-174802d7-237c-4eff-ae6b-4ae994d7ce91 - - - - -] Service d321ca62-b768-43f2-9c4f-f4308f362b40 is updated
2017-10-28 07:53:43.124 28539 INFO heat.engine.service [req-0ecbbfe1-c7f3-499e-a83e-2f97aea470b9 - - - - -] Service 75a95404-a1b5-44f6-ba31-90e0e95c8ad0 is updated
2017-10-28 07:53:44.352 28514 INFO heat.engine.service [req-0cb7a3fa-e2ef-4200-b81c-471542953977 - - - - -] Service c1ca77d3-4c81-441a-914c-e8e1795d0819 is updated
2017-10-28 07:54:42.117 28529 INFO heat.engine.service [req-e6feeb5e-4a04-4776-a8ed-ea78e1069725 - - - - -] Service 4e596928-014f-46fe-904b-2c69d0122faa is updated
2017-10-28 07:54:42.173 28553 INFO heat.engine.service [req-06714902-0e7d-4409-a0e7-2b78c18e1a24 - - - - -] Service 1231c634-a611-4552-9733-0bcd0229559d is updated
2017-10-28 07:54:42.209 28527 INFO heat.engine.service [req-ab9bbd27-fa73-4f02-8aea-05f26d91c69f - - - - -] Service 27b05062-f4e2-41b9-a5a1-b78a8e7a7cab is updated
2017-10-28 07:54:42.234 28522 INFO heat.engine.service [req-374c9e0e-078b-45ab-95cf-352dd7633189 - - - - -] Service 0b05fddd-7118-49f7-b698-e81b89f80dd0 is updated
2017-10-28 07:54:42.256 28542 INFO heat.engine.service [req-66b02e3d-3d9f-4714-b4ef-1624cabe9593 - - - - -] Service 94a1afb2-8a32-439d-ab8f-e06a961e4433 is updated
2017-10-28 07:54:42.267 28532 INFO heat.engine.service [req-444e8089-da81-4300-8f33-5a4a39ac9f36 - - - - -] Service 5e954547-3083-4e91-b56e-edaec69d9004 is updated
2017-10-28 07:54:42.273 28511 INFO heat.engine.service [req-8d1e3497-6af4-41cd-8d57-f1ce75494509 - - - - -] Service c4991b42-b929-41c8-92ba-07735294b97d is updated
2017-10-28 07:54:42.275 28523 INFO heat.engine.service [req-912ed2e9-77bc-444c-9944-573ff1bbed54 - - - - -] Service d7cc827c-6c72-4bc7-9c27-48fae872f1b6 is updated
2017-10-28 07:54:42.301 28513 INFO heat.engine.service [req-7aac1698-336c-49b5-b6de-b43c982a5f1f - - - - -] Service 5ce1d5ea-a507-4dce-98d2-430354f1824f is updated
2017-10-28 07:54:42.314 28552 INFO heat.engine.service [req-581f32fd-a154-43e5-9cad-a0c7997090c3 - - - - -] Service e9eaa51d-d288-442a-bc48-944d997543a3 is updated
2017-10-28 07:54:42.325 28538 INFO heat.engine.service [req-ab021803-0dca-47bc-a32a-11262894df1b - - - - -] Service 174f2dbb-df8a-4407-b210-723a658db9cb is updated
2017-10-28 07:54:42.341 28561 INFO heat.engine.service [req-bf117be9-3cff-4cbe-b9f7-f29b74d96cef - - - - -] Service 5320c9fe-fd90-45e2-9c81-06f88b38f36b is updated
2017-10-28 07:54:42.370 28516 INFO heat.engine.service [req-2676182f-ceaf-4035-bc1f-319854b146d8 - - - - -] Service 2d84e3bb-febf-485e-87fe-d93b4c80d1c4 is updated
2017-10-28 07:54:42.378 28564 INFO heat.engine.service [req-e1583d4c-f5a3-4d35-9b26-6386b4806a9c - - - - -] Service 8f50a07c-7ad8-4a6d-a9d3-37e4c8f0ba53 is updated
2017-10-28 07:54:42.402 28520 INFO heat.engine.service [req-302600ae-15dd-4285-b375-5bf9c040f8af - - - - -] Service 4afb81d2-1ea2-4a4b-bc5f-b909623e3e74 is updated
2017-10-28 07:54:42.405 28510 INFO heat.engine.service [req-4999929f-2df1-4e98-8074-ea2c3fcd6378 - - - - -] Service 4669f065-a489-481e-9850-91a9f44bc077 is updated
2017-10-28 07:54:42.412 28562 INFO heat.engine.service [req-3fe1a16b-0345-410a-860c-1e8d19fdcefc - - - - -] Service b207e39f-b808-4c6c-8285-bd415d13ec10 is updated
2017-10-28 07:54:42.420 28536 INFO heat.engine.service [req-f2146958-883b-4be6-af3f-ce8b6979daee - - - - -] Service 98ecc1ea-b227-42dc-82e7-30ac1ed9fca4 is updated
2017-10-28 07:54:42.469 28560 INFO heat.engine.service [req-8931ff03-f354-487a-a5c3-dc2ad4e93f43 - - - - -] Service 3b95e8e7-8709-45d2-a464-bac772180735 is updated
2017-10-28 07:54:42.505 28563 INFO heat.engine.service [req-0ee8fef4-4ae2-4f68-88c9-65bfd2f499d7 - - - - -] Service 4eca1835-2fb1-450f-b336-3867986a581d is updated
2017-10-28 07:54:42.507 28557 INFO heat.engine.service [req-f3b12f7f-015e-4bde-ba0c-1ae422cd43b1 - - - - -] Service 98f930a8-31b2-4e4d-8712-9e6fea660e73 is updated
2017-10-28 07:54:42.509 28519 INFO heat.engine.service [req-5c55be7f-536c-448b-ba3e-8c6b09249856 - - - - -] Service 7d2457db-265f-4f09-a7ed-68db183e0384 is updated
2017-10-28 07:54:42.545 28533 INFO heat.engine.service [req-33a3ff2a-c751-46b2-800f-cc9a452a0d18 - - - - -] Service 3a35d7bf-f1bd-4589-a5c3-8000c3b24793 is updated
2017-10-28 07:54:42.555 28524 INFO heat.engine.service [req-e5bb6bb3-7aa9-4697-b484-772b6a2a4af9 - - - - -] Service 2f511c44-ddf4-43a7-9fd0-41f210a8b669 is updated
2017-10-28 07:54:42.591 28517 INFO heat.engine.service [req-e20dac13-3445-4241-9428-9b38ed211f37 - - - - -] Service 750cf73f-337d-432c-9d53-30fab548b45c is updated
2017-10-28 07:54:42.596 28541 INFO heat.engine.service [req-865bda0a-531c-40ab-ba5f-ff7121bcfe39 - - - - -] Service 28f76f02-d340-4517-9f1d-cb1f7fd704ac is updated
2017-10-28 07:54:42.614 28547 INFO heat.engine.service [req-76c5d081-538c-48ef-a577-88185d912fb2 - - - - -] Service 25707d32-efb1-423a-b2d4-e11dfe67bcdc is updated
2017-10-28 07:54:42.636 28530 INFO heat.engine.service [req-dd20be8f-dff3-4f60-89d5-8f184a9071c7 - - - - -] Service caf6df39-f07f-489e-9581-9b70becae9e2 is updated
2017-10-28 07:54:42.636 28549 INFO heat.engine.service [req-a8537464-be5d-45b8-9d92-94aff38339fb - - - - -] Service 8942a6af-7411-45cf-9672-1c7d3127c49f is updated
2017-10-28 07:54:42.638 28554 INFO heat.engine.service [req-81f08d21-c492-41a6-9257-1a0bbcac0cc9 - - - - -] Service c7479ed7-747a-48d4-9a5a-b7161a57c39e is updated
2017-10-28 07:54:42.656 28534 INFO heat.engine.service [req-76989f5b-d5b7-4427-ae46-3a34df106962 - - - - -] Service 7cdf9070-e34d-436d-aa75-65b1eb388638 is updated
2017-10-28 07:54:42.669 28537 INFO heat.engine.service [req-fc849525-ef8f-4e7f-8d13-d400c60cf257 - - - - -] Service fd1e41c5-b76e-4f95-9fd6-4a9c3d626081 is updated
2017-10-28 07:54:42.755 28556 INFO heat.engine.service [req-9c4c70c8-ee29-4a38-b16f-e739ea620d4b - - - - -] Service 30227806-eb6a-421b-b64b-1f4e769dde97 is updated
2017-10-28 07:54:42.756 28512 INFO heat.engine.service [req-58f99f4d-494b-4e1c-b2f6-26ca6ca784c3 - - - - -] Service fc9cbb06-6f7c-4b69-b947-05f204b3ce3c is updated
2017-10-28 07:54:42.756 28551 INFO heat.engine.service [req-2c141dbf-0e0e-491f-9df8-eab55df45c16 - - - - -] Service 560cd9d1-ade5-4123-8efe-4822dbddfe23 is updated
2017-10-28 07:54:42.756 28518 INFO heat.engine.service [req-3b1bb359-c0fd-4ff3-9e03-2e879221a7b5 - - - - -] Service dd24efbc-8915-43d4-af30-b40fa3b43c47 is updated
2017-10-28 07:54:42.760 28515 INFO heat.engine.service [req-cb454c95-7c68-41db-b05f-6ccbd5e26b7e - - - - -] Service 1a670f48-191d-4af2-ba9b-d59280a34029 is updated
2017-10-28 07:54:42.760 28535 INFO heat.engine.service [req-43996788-727e-473c-9bc2-9ae647c9b89d - - - - -] Service fb8da2fb-0ff3-4afc-956a-7d78b638efc3 is updated
2017-10-28 07:54:42.760 28540 INFO heat.engine.service [req-29254a0c-1d73-4e40-94bb-5e33270d2239 - - - - -] Service 48ab0354-0cc3-4574-8b4b-39578b4811f9 is updated
2017-10-28 07:54:42.765 28550 INFO heat.engine.service [req-7397e223-9c5e-4da3-90b7-268f19c665dd - - - - -] Service ac79e68c-b408-42b8-9a3f-aaa256fcf8f0 is updated
2017-10-28 07:54:42.766 28521 INFO heat.engine.service [req-403f281a-63de-47c7-8cd3-536bf5e307aa - - - - -] Service d42598ab-5331-4bf4-a271-327e00c8675f is updated
2017-10-28 07:54:42.772 28531 INFO heat.engine.service [req-82d40a31-1218-4a76-81d7-10ae165fbb8c - - - - -] Service ff837399-1603-480b-89cf-1947330a42ab is updated
2017-10-28 07:54:42.781 28558 INFO heat.engine.service [req-b6db7e39-e485-4db3-b277-500185948fc0 - - - - -] Service ce91c6b2-92c3-4791-9658-c7753c86c265 is updated
2017-10-28 07:54:42.786 28555 INFO heat.engine.service [req-0a788ebd-b578-43f8-8d3c-202ab0304913 - - - - -] Service 6b1b66de-35d9-4105-bcd5-aa680ffcddec is updated
2017-10-28 07:54:42.798 28525 INFO heat.engine.service [req-df783025-491e-4283-b7c2-e1b39d950c63 - - - - -] Service 12fa1fd5-3e02-4695-9acb-ecf6d0c6be7e is updated
2017-10-28 07:54:43.094 28559 INFO heat.engine.service [req-314926df-c27b-4eba-b812-e5b1115a4d27 - - - - -] Service d321ca62-b768-43f2-9c4f-f4308f362b40 is updated
2017-10-28 07:54:43.177 28539 INFO heat.engine.service [req-bcd254bd-40c4-4552-8a9a-4312794ced36 - - - - -] Service 75a95404-a1b5-44f6-ba31-90e0e95c8ad0 is updated
2017-10-28 07:54:44.349 28514 INFO heat.engine.service [req-aee8aa00-3f4e-42aa-84b0-63a4c3522c21 - - - - -] Service c1ca77d3-4c81-441a-914c-e8e1795d0819 is updated
2017-10-28 07:55:42.115 28529 INFO heat.engine.service [req-74ae00e8-d05c-47b9-b9c9-0879ee9782c9 - - - - -] Service 4e596928-014f-46fe-904b-2c69d0122faa is updated
2017-10-28 07:55:42.171 28553 INFO heat.engine.service [req-42c77a64-b915-4076-8402-42d3ac286de0 - - - - -] Service 1231c634-a611-4552-9733-0bcd0229559d is updated
2017-10-28 07:55:42.207 28527 INFO heat.engine.service [req-e0a212bf-1df1-4e4d-a77d-80bc4d4bbb5d - - - - -] Service 27b05062-f4e2-41b9-a5a1-b78a8e7a7cab is updated
2017-10-28 07:55:42.232 28522 INFO heat.engine.service [req-e6965bf8-94b1-41ad-b262-3576c29e1a3c - - - - -] Service 0b05fddd-7118-49f7-b698-e81b89f80dd0 is updated
2017-10-28 07:55:42.253 28542 INFO heat.engine.service [req-77031b87-d3b8-4142-accc-709fca5e0f0e - - - - -] Service 94a1afb2-8a32-439d-ab8f-e06a961e4433 is updated
2017-10-28 07:55:42.263 28532 INFO heat.engine.service [req-0b1e63f6-470c-4fed-a980-1713a2076019 - - - - -] Service 5e954547-3083-4e91-b56e-edaec69d9004 is updated
2017-10-28 07:55:42.270 28511 INFO heat.engine.service [req-de1106c8-0f81-405c-873c-310731d71941 - - - - -] Service c4991b42-b929-41c8-92ba-07735294b97d is updated
2017-10-28 07:55:42.274 28523 INFO heat.engine.service [req-0b94fa54-4515-4795-a445-48b0bfdefbbb - - - - -] Service d7cc827c-6c72-4bc7-9c27-48fae872f1b6 is updated
2017-10-28 07:55:42.298 28513 INFO heat.engine.service [req-aa494c96-4ea9-4918-a1fd-b52d14c87cee - - - - -] Service 5ce1d5ea-a507-4dce-98d2-430354f1824f is updated
2017-10-28 07:55:42.312 28552 INFO heat.engine.service [req-a8327f18-429f-47ce-bfda-3ce8fed1d9fa - - - - -] Service e9eaa51d-d288-442a-bc48-944d997543a3 is updated
2017-10-28 07:55:42.322 28538 INFO heat.engine.service [req-30de57f6-3614-435e-a857-5c2c7ed1456d - - - - -] Service 174f2dbb-df8a-4407-b210-723a658db9cb is updated
2017-10-28 07:55:42.338 28561 INFO heat.engine.service [req-a86d8035-6d89-42e5-aea8-e220df03856a - - - - -] Service 5320c9fe-fd90-45e2-9c81-06f88b38f36b is updated
2017-10-28 07:55:42.367 28516 INFO heat.engine.service [req-81e60f19-e911-4af9-8539-4f7c5b58c03c - - - - -] Service 2d84e3bb-febf-485e-87fe-d93b4c80d1c4 is updated
2017-10-28 07:55:42.375 28564 INFO heat.engine.service [req-a8c8bfc6-ddaf-4c9f-a13e-253a6ae0d15f - - - - -] Service 8f50a07c-7ad8-4a6d-a9d3-37e4c8f0ba53 is updated
2017-10-28 07:55:42.399 28520 INFO heat.engine.service [req-2de3620c-60ed-4e91-9ffb-483342c7e7d5 - - - - -] Service 4afb81d2-1ea2-4a4b-bc5f-b909623e3e74 is updated
2017-10-28 07:55:42.402 28510 INFO heat.engine.service [req-f28850db-e51d-4ebd-8e55-8c5220988b2b - - - - -] Service 4669f065-a489-481e-9850-91a9f44bc077 is updated
2017-10-28 07:55:42.408 28562 INFO heat.engine.service [req-14091181-46ac-4c39-a909-e7279a842b35 - - - - -] Service b207e39f-b808-4c6c-8285-bd415d13ec10 is updated
2017-10-28 07:55:42.416 28536 INFO heat.engine.service [req-42989a99-923f-4ad5-ad45-e0c25c9971b7 - - - - -] Service 98ecc1ea-b227-42dc-82e7-30ac1ed9fca4 is updated
2017-10-28 07:55:42.465 28560 INFO heat.engine.service [req-d50e7832-3a81-444f-8621-fde61ae037dd - - - - -] Service 3b95e8e7-8709-45d2-a464-bac772180735 is updated
2017-10-28 07:55:42.503 28557 INFO heat.engine.service [req-77e9aac6-ba0a-436d-a208-8ad18cc701ae - - - - -] Service 98f930a8-31b2-4e4d-8712-9e6fea660e73 is updated
2017-10-28 07:55:42.503 28563 INFO heat.engine.service [req-a5a69a5f-71ac-424f-8831-21de0da9c668 - - - - -] Service 4eca1835-2fb1-450f-b336-3867986a581d is updated
2017-10-28 07:55:42.506 28519 INFO heat.engine.service [req-bf6bb564-3b1c-4c6d-b9e7-c93e33cbe094 - - - - -] Service 7d2457db-265f-4f09-a7ed-68db183e0384 is updated
2017-10-28 07:55:42.542 28533 INFO heat.engine.service [req-cd323d3d-8ced-40df-b2f7-251a7458c4c3 - - - - -] Service 3a35d7bf-f1bd-4589-a5c3-8000c3b24793 is updated
2017-10-28 07:55:42.553 28524 INFO heat.engine.service [req-e9874d0f-7645-456d-b0f3-d0898406c71d - - - - -] Service 2f511c44-ddf4-43a7-9fd0-41f210a8b669 is updated
2017-10-28 07:55:42.586 28517 INFO heat.engine.service [req-5ab1470e-0e37-47c1-8b6d-c1f8b10c460f - - - - -] Service 750cf73f-337d-432c-9d53-30fab548b45c is updated
2017-10-28 07:55:42.594 28541 INFO heat.engine.service [req-0d420f74-5a28-4f3c-939e-ccdc74b54067 - - - - -] Service 28f76f02-d340-4517-9f1d-cb1f7fd704ac is updated
2017-10-28 07:55:42.612 28547 INFO heat.engine.service [req-69e6af15-6b89-4923-a3de-d2856875f842 - - - - -] Service 25707d32-efb1-423a-b2d4-e11dfe67bcdc is updated
2017-10-28 07:55:42.632 28530 INFO heat.engine.service [req-8888a06c-64f4-46e0-bf96-a2675d7775dc - - - - -] Service caf6df39-f07f-489e-9581-9b70becae9e2 is updated
2017-10-28 07:55:42.634 28549 INFO heat.engine.service [req-3117a9b7-08c6-414d-98dd-a4512934d0a7 - - - - -] Service 8942a6af-7411-45cf-9672-1c7d3127c49f is updated
2017-10-28 07:55:42.636 28554 INFO heat.engine.service [req-0ec65c6d-fbf3-4d41-803b-d94a958e7795 - - - - -] Service c7479ed7-747a-48d4-9a5a-b7161a57c39e is updated
2017-10-28 07:55:42.652 28534 INFO heat.engine.service [req-f7863cc5-90f6-4c23-99a5-91f1c47c37f8 - - - - -] Service 7cdf9070-e34d-436d-aa75-65b1eb388638 is updated
2017-10-28 07:55:42.666 28537 INFO heat.engine.service [req-d17ee534-3906-4b1e-8250-5a9f69c2d12b - - - - -] Service fd1e41c5-b76e-4f95-9fd6-4a9c3d626081 is updated
2017-10-28 07:55:42.713 28512 INFO heat.engine.service [req-8ad92fff-47a5-4db2-be3e-1da87ec702ff - - - - -] Service fc9cbb06-6f7c-4b69-b947-05f204b3ce3c is updated
2017-10-28 07:55:42.714 28518 INFO heat.engine.service [req-604c89a0-0f8e-41e0-9f52-6d54b762b8f3 - - - - -] Service dd24efbc-8915-43d4-af30-b40fa3b43c47 is updated
2017-10-28 07:55:42.716 28556 INFO heat.engine.service [req-ccd9f51a-b3fe-4a6a-bde9-7da055f2832c - - - - -] Service 30227806-eb6a-421b-b64b-1f4e769dde97 is updated
2017-10-28 07:55:42.743 28551 INFO heat.engine.service [req-0c61fae3-07f5-4561-bc10-5c4d3fb4db3e - - - - -] Service 560cd9d1-ade5-4123-8efe-4822dbddfe23 is updated
2017-10-28 07:55:42.748 28515 INFO heat.engine.service [req-d48451ee-73ee-4526-aa26-b027556280b0 - - - - -] Service 1a670f48-191d-4af2-ba9b-d59280a34029 is updated
2017-10-28 07:55:42.748 28535 INFO heat.engine.service [req-31a1bde6-7eb2-41ca-8b08-d5fadecb905d - - - - -] Service fb8da2fb-0ff3-4afc-956a-7d78b638efc3 is updated
2017-10-28 07:55:42.755 28540 INFO heat.engine.service [req-f55ee959-0dd8-4cbf-a423-0681f692e12e - - - - -] Service 48ab0354-0cc3-4574-8b4b-39578b4811f9 is updated
2017-10-28 07:55:42.761 28550 INFO heat.engine.service [req-a209e0eb-fd59-4fa0-935d-5539a3cff973 - - - - -] Service ac79e68c-b408-42b8-9a3f-aaa256fcf8f0 is updated
2017-10-28 07:55:42.762 28521 INFO heat.engine.service [req-c1e6aab2-d5ca-4c77-8625-ecf35c721bd4 - - - - -] Service d42598ab-5331-4bf4-a271-327e00c8675f is updated
2017-10-28 07:55:42.776 28531 INFO heat.engine.service [req-fe9c8199-557c-4529-8f3d-216c396f9406 - - - - -] Service ff837399-1603-480b-89cf-1947330a42ab is updated
2017-10-28 07:55:42.778 28558 INFO heat.engine.service [req-1c1150b9-d03c-4678-a08f-12c2123b276d - - - - -] Service ce91c6b2-92c3-4791-9658-c7753c86c265 is updated
2017-10-28 07:55:42.793 28555 INFO heat.engine.service [req-6b11ec90-8737-4e71-bc50-48b9ac9413ee - - - - -] Service 6b1b66de-35d9-4105-bcd5-aa680ffcddec is updated
2017-10-28 07:55:42.795 28525 INFO heat.engine.service [req-b6aa78c4-6edc-484a-9b87-b07af1b28368 - - - - -] Service 12fa1fd5-3e02-4695-9acb-ecf6d0c6be7e is updated
2017-10-28 07:55:42.930 28559 INFO heat.engine.service [req-df23c4e1-1db5-4379-adf4-cd0005e02f47 - - - - -] Service d321ca62-b768-43f2-9c4f-f4308f362b40 is updated
2017-10-28 07:55:43.124 28539 INFO heat.engine.service [req-45e8f43c-1e49-4df4-9050-64c85feafb08 - - - - -] Service 75a95404-a1b5-44f6-ba31-90e0e95c8ad0 is updated
2017-10-28 07:55:44.347 28514 INFO heat.engine.service [req-b9be5640-129c-485d-a383-5c0614c1e139 - - - - -] Service c1ca77d3-4c81-441a-914c-e8e1795d0819 is updated
2017-10-28 07:56:42.112 28529 INFO heat.engine.service [req-ce2d0ce5-a5ef-49db-988e-1e4b90520d98 - - - - -] Service 4e596928-014f-46fe-904b-2c69d0122faa is updated
2017-10-28 07:56:42.168 28553 INFO heat.engine.service [req-c8f3c8dc-1a85-42c1-b963-b7394323d185 - - - - -] Service 1231c634-a611-4552-9733-0bcd0229559d is updated
2017-10-28 07:56:42.206 28527 INFO heat.engine.service [req-974a1a41-6630-4acb-949e-4cb963697411 - - - - -] Service 27b05062-f4e2-41b9-a5a1-b78a8e7a7cab is updated
2017-10-28 07:56:42.229 28522 INFO heat.engine.service [req-b62cbc18-e820-4616-a39a-270037be4bce - - - - -] Service 0b05fddd-7118-49f7-b698-e81b89f80dd0 is updated
2017-10-28 07:56:42.251 28542 INFO heat.engine.service [req-933447e3-b72e-4d87-b751-fd84fab0888e - - - - -] Service 94a1afb2-8a32-439d-ab8f-e06a961e4433 is updated
2017-10-28 07:56:42.268 28511 INFO heat.engine.service [req-8b0e24bf-a6a7-44cd-9d92-c54214cfbad2 - - - - -] Service c4991b42-b929-41c8-92ba-07735294b97d is updated
2017-10-28 07:56:42.269 28532 INFO heat.engine.service [req-64d4740f-00d9-4b05-afb4-764637a0572a - - - - -] Service 5e954547-3083-4e91-b56e-edaec69d9004 is updated
2017-10-28 07:56:42.272 28523 INFO heat.engine.service [req-2499f076-4fe8-46ea-bf52-1d6a2ce93698 - - - - -] Service d7cc827c-6c72-4bc7-9c27-48fae872f1b6 is updated
2017-10-28 07:56:42.295 28513 INFO heat.engine.service [req-a0b1e636-0ef3-44b9-afea-f916e0b37f68 - - - - -] Service 5ce1d5ea-a507-4dce-98d2-430354f1824f is updated
2017-10-28 07:56:42.312 28552 INFO heat.engine.service [req-8a45d4a6-0d35-42e2-ae6b-e769dccef03f - - - - -] Service e9eaa51d-d288-442a-bc48-944d997543a3 is updated
2017-10-28 07:56:42.318 28538 INFO heat.engine.service [req-002a9dc2-1c16-4fe2-8c41-49ef4603103b - - - - -] Service 174f2dbb-df8a-4407-b210-723a658db9cb is updated
2017-10-28 07:56:42.337 28561 INFO heat.engine.service [req-7db476c9-335c-4900-b37e-f579e2d168a7 - - - - -] Service 5320c9fe-fd90-45e2-9c81-06f88b38f36b is updated
2017-10-28 07:56:42.365 28516 INFO heat.engine.service [req-62106a7c-360d-45e2-b7f9-dabcf1772898 - - - - -] Service 2d84e3bb-febf-485e-87fe-d93b4c80d1c4 is updated
2017-10-28 07:56:42.373 28564 INFO heat.engine.service [req-075dab44-019d-473a-8225-78a8d852b482 - - - - -] Service 8f50a07c-7ad8-4a6d-a9d3-37e4c8f0ba53 is updated
2017-10-28 07:56:42.395 28520 INFO heat.engine.service [req-3cf3be09-565b-4fa9-a5c5-f4eadfa9e1da - - - - -] Service 4afb81d2-1ea2-4a4b-bc5f-b909623e3e74 is updated
2017-10-28 07:56:42.399 28510 INFO heat.engine.service [req-3a563659-33b7-420c-9644-cf10522b2783 - - - - -] Service 4669f065-a489-481e-9850-91a9f44bc077 is updated
2017-10-28 07:56:42.405 28562 INFO heat.engine.service [req-b550e738-71da-4839-90ae-882ed1f0c4e6 - - - - -] Service b207e39f-b808-4c6c-8285-bd415d13ec10 is updated
2017-10-28 07:56:42.415 28536 INFO heat.engine.service [req-aa52f3e4-700f-4005-9ce2-e6c5abfab108 - - - - -] Service 98ecc1ea-b227-42dc-82e7-30ac1ed9fca4 is updated
2017-10-28 07:56:42.463 28560 INFO heat.engine.service [req-ce05c294-2c57-4cc5-afb2-e4eaca2fe602 - - - - -] Service 3b95e8e7-8709-45d2-a464-bac772180735 is updated
2017-10-28 07:56:42.501 28557 INFO heat.engine.service [req-c7f8e8ab-ee97-4ee3-97e6-a2517f4d61c9 - - - - -] Service 98f930a8-31b2-4e4d-8712-9e6fea660e73 is updated
2017-10-28 07:56:42.501 28563 INFO heat.engine.service [req-60449aea-731e-4993-bbf4-d5111cda9dde - - - - -] Service 4eca1835-2fb1-450f-b336-3867986a581d is updated
2017-10-28 07:56:42.502 28519 INFO heat.engine.service [req-60d2870f-2283-4183-9e75-69848de4df3f - - - - -] Service 7d2457db-265f-4f09-a7ed-68db183e0384 is updated
2017-10-28 07:56:42.543 28533 INFO heat.engine.service [req-b99fa3f9-2032-42e7-a9df-059e6d3f039b - - - - -] Service 3a35d7bf-f1bd-4589-a5c3-8000c3b24793 is updated
2017-10-28 07:56:42.551 28524 INFO heat.engine.service [req-4bca02db-02fe-461e-9cec-e967a1a4a4cf - - - - -] Service 2f511c44-ddf4-43a7-9fd0-41f210a8b669 is updated
2017-10-28 07:56:42.591 28541 INFO heat.engine.service [req-2f6ed79c-6505-4158-a1ca-6b65bc93eb39 - - - - -] Service 28f76f02-d340-4517-9f1d-cb1f7fd704ac is updated
2017-10-28 07:56:42.594 28517 INFO heat.engine.service [req-02c6408b-2485-4a47-b013-a7c45b508303 - - - - -] Service 750cf73f-337d-432c-9d53-30fab548b45c is updated
2017-10-28 07:56:42.607 28547 INFO heat.engine.service [req-db615d40-414e-43e3-ab88-5488832d9484 - - - - -] Service 25707d32-efb1-423a-b2d4-e11dfe67bcdc is updated
2017-10-28 07:56:42.629 28530 INFO heat.engine.service [req-f6118d40-6428-4332-8189-926689c24174 - - - - -] Service caf6df39-f07f-489e-9581-9b70becae9e2 is updated
2017-10-28 07:56:42.630 28554 INFO heat.engine.service [req-4cb75174-6adc-4e91-9147-d89d21774822 - - - - -] Service c7479ed7-747a-48d4-9a5a-b7161a57c39e is updated
2017-10-28 07:56:42.631 28549 INFO heat.engine.service [req-5e367619-88c3-4ecf-be2d-072fa28b960b - - - - -] Service 8942a6af-7411-45cf-9672-1c7d3127c49f is updated
2017-10-28 07:56:42.649 28534 INFO heat.engine.service [req-256a3824-f221-494c-889b-d993d5c173d1 - - - - -] Service 7cdf9070-e34d-436d-aa75-65b1eb388638 is updated
2017-10-28 07:56:42.663 28537 INFO heat.engine.service [req-13c7c09d-a455-487a-8a3b-7127801ea31b - - - - -] Service fd1e41c5-b76e-4f95-9fd6-4a9c3d626081 is updated
2017-10-28 07:56:42.711 28512 INFO heat.engine.service [req-459c4c62-d4ba-4218-9b2e-beab2c9dcb55 - - - - -] Service fc9cbb06-6f7c-4b69-b947-05f204b3ce3c is updated
2017-10-28 07:56:42.711 28518 INFO heat.engine.service [req-f55e9541-586a-48f1-8ed5-b24005e22c31 - - - - -] Service dd24efbc-8915-43d4-af30-b40fa3b43c47 is updated
2017-10-28 07:56:42.712 28556 INFO heat.engine.service [req-9f5d01e6-afa6-4268-915f-71fe1d9983a9 - - - - -] Service 30227806-eb6a-421b-b64b-1f4e769dde97 is updated
2017-10-28 07:56:42.741 28551 INFO heat.engine.service [req-1a19aec6-1230-487e-965f-ee028a4c4325 - - - - -] Service 560cd9d1-ade5-4123-8efe-4822dbddfe23 is updated
2017-10-28 07:56:42.747 28515 INFO heat.engine.service [req-fccd1ee0-6ee2-47be-bd48-6dcc0de861dd - - - - -] Service 1a670f48-191d-4af2-ba9b-d59280a34029 is updated
2017-10-28 07:56:42.751 28540 INFO heat.engine.service [req-ab1165be-4f5e-49e6-ab12-3dd55dd21400 - - - - -] Service 48ab0354-0cc3-4574-8b4b-39578b4811f9 is updated
2017-10-28 07:56:42.756 28535 INFO heat.engine.service [req-00a9f7b8-4404-4908-beef-9f2f6d698e7f - - - - -] Service fb8da2fb-0ff3-4afc-956a-7d78b638efc3 is updated
2017-10-28 07:56:42.757 28550 INFO heat.engine.service [req-f34cae2f-dd0e-4868-8ec2-ac003a032239 - - - - -] Service ac79e68c-b408-42b8-9a3f-aaa256fcf8f0 is updated
2017-10-28 07:56:42.757 28521 INFO heat.engine.service [req-26d517a6-7d27-4a53-b8b6-9233d7ce3402 - - - - -] Service d42598ab-5331-4bf4-a271-327e00c8675f is updated
2017-10-28 07:56:42.775 28558 INFO heat.engine.service [req-acbce5e1-7f32-417c-b76f-1cd26529ccc4 - - - - -] Service ce91c6b2-92c3-4791-9658-c7753c86c265 is updated
2017-10-28 07:56:42.786 28531 INFO heat.engine.service [req-0da274ce-044e-4056-81ed-ae1a2c583075 - - - - -] Service ff837399-1603-480b-89cf-1947330a42ab is updated
2017-10-28 07:56:42.791 28555 INFO heat.engine.service [req-32e40a2f-1b78-4e1f-9c9f-e25bf1a04a0e - - - - -] Service 6b1b66de-35d9-4105-bcd5-aa680ffcddec is updated
2017-10-28 07:56:42.792 28525 INFO heat.engine.service [req-376d21ab-591f-4a37-adda-9965e56946aa - - - - -] Service 12fa1fd5-3e02-4695-9acb-ecf6d0c6be7e is updated
2017-10-28 07:56:42.917 28559 INFO heat.engine.service [req-ee2f8f5b-07f4-4013-bc30-cca9ac0584a1 - - - - -] Service d321ca62-b768-43f2-9c4f-f4308f362b40 is updated
2017-10-28 07:56:43.122 28539 INFO heat.engine.service [req-b060b151-2924-4900-a31d-5565c00873d9 - - - - -] Service 75a95404-a1b5-44f6-ba31-90e0e95c8ad0 is updated
2017-10-28 07:56:44.344 28514 INFO heat.engine.service [req-9118628a-8b55-4046-a5a1-3f40bc733f91 - - - - -] Service c1ca77d3-4c81-441a-914c-e8e1795d0819 is updated
2017-10-28 07:57:42.110 28529 INFO heat.engine.service [req-bcfba0c7-900e-4d7e-bf12-a81fdde36f4b - - - - -] Service 4e596928-014f-46fe-904b-2c69d0122faa is updated
2017-10-28 07:57:42.168 28553 INFO heat.engine.service [req-e7313b72-ff05-465f-92d5-cc17f499ed0e - - - - -] Service 1231c634-a611-4552-9733-0bcd0229559d is updated
2017-10-28 07:57:42.204 28527 INFO heat.engine.service [req-279baa72-9dd1-4a4b-86bd-179b322bb447 - - - - -] Service 27b05062-f4e2-41b9-a5a1-b78a8e7a7cab is updated
2017-10-28 07:57:42.227 28522 INFO heat.engine.service [req-6c2c10ff-00f1-460e-9222-cb2f1f231cc2 - - - - -] Service 0b05fddd-7118-49f7-b698-e81b89f80dd0 is updated
2017-10-28 07:57:42.248 28542 INFO heat.engine.service [req-46ce96f8-f978-41a2-8aa4-73eb74ff7548 - - - - -] Service 94a1afb2-8a32-439d-ab8f-e06a961e4433 is updated
2017-10-28 07:57:42.266 28511 INFO heat.engine.service [req-66ac707c-1001-48cb-9544-c31aefe8f422 - - - - -] Service c4991b42-b929-41c8-92ba-07735294b97d is updated
2017-10-28 07:57:42.266 28532 INFO heat.engine.service [req-a86de5b5-3f5b-41f3-8597-79d46a0db5ab - - - - -] Service 5e954547-3083-4e91-b56e-edaec69d9004 is updated
2017-10-28 07:57:42.271 28523 INFO heat.engine.service [req-53cc5f6d-b5bd-4fe7-9d27-3b250ea4926a - - - - -] Service d7cc827c-6c72-4bc7-9c27-48fae872f1b6 is updated
2017-10-28 07:57:42.291 28513 INFO heat.engine.service [req-3486374c-5948-47db-8b4a-ccd3ced0da11 - - - - -] Service 5ce1d5ea-a507-4dce-98d2-430354f1824f is updated
2017-10-28 07:57:42.309 28552 INFO heat.engine.service [req-3bbad14c-3d9e-40b4-869b-8a16ba0fdcbc - - - - -] Service e9eaa51d-d288-442a-bc48-944d997543a3 is updated
2017-10-28 07:57:42.315 28538 INFO heat.engine.service [req-d0929d26-10eb-4484-bcd4-fa4571d407ff - - - - -] Service 174f2dbb-df8a-4407-b210-723a658db9cb is updated
2017-10-28 07:57:42.334 28561 INFO heat.engine.service [req-e01017e0-8dd0-4098-8d55-e1fdb17b50a5 - - - - -] Service 5320c9fe-fd90-45e2-9c81-06f88b38f36b is updated
2017-10-28 07:57:42.363 28516 INFO heat.engine.service [req-c951d250-891b-4395-a4c3-f7e7abb12583 - - - - -] Service 2d84e3bb-febf-485e-87fe-d93b4c80d1c4 is updated
2017-10-28 07:57:42.371 28564 INFO heat.engine.service [req-12e0ffd7-4e28-4534-a326-44bc86329e71 - - - - -] Service 8f50a07c-7ad8-4a6d-a9d3-37e4c8f0ba53 is updated
2017-10-28 07:57:42.394 28520 INFO heat.engine.service [req-f2b36ff9-c45f-4a23-a4d2-42d6fee0afe5 - - - - -] Service 4afb81d2-1ea2-4a4b-bc5f-b909623e3e74 is updated
2017-10-28 07:57:42.398 28510 INFO heat.engine.service [req-2e55c23f-2d8f-425e-89a8-49cfa5ce861d - - - - -] Service 4669f065-a489-481e-9850-91a9f44bc077 is updated
2017-10-28 07:57:42.405 28562 INFO heat.engine.service [req-7911552c-8d35-427b-b1ae-95d0727440bd - - - - -] Service b207e39f-b808-4c6c-8285-bd415d13ec10 is updated
2017-10-28 07:57:42.410 28536 INFO heat.engine.service [req-dbd6c893-c685-45d1-8ca7-5fcadc8304cd - - - - -] Service 98ecc1ea-b227-42dc-82e7-30ac1ed9fca4 is updated
2017-10-28 07:57:42.458 28560 INFO heat.engine.service [req-649ecc27-a8c6-4c8e-848e-2b08457ce8b5 - - - - -] Service 3b95e8e7-8709-45d2-a464-bac772180735 is updated
2017-10-28 07:57:42.499 28557 INFO heat.engine.service [req-225c9b24-5e3b-4f3c-be53-8a9587b72195 - - - - -] Service 98f930a8-31b2-4e4d-8712-9e6fea660e73 is updated
2017-10-28 07:57:42.499 28563 INFO heat.engine.service [req-794450ad-3e80-4f2a-851d-26dafb8348df - - - - -] Service 4eca1835-2fb1-450f-b336-3867986a581d is updated
2017-10-28 07:57:42.500 28519 INFO heat.engine.service [req-e523abbf-7607-4796-9f6e-1e3f62b0b0ec - - - - -] Service 7d2457db-265f-4f09-a7ed-68db183e0384 is updated
2017-10-28 07:57:42.541 28533 INFO heat.engine.service [req-94ca304e-4a70-4886-ad56-9fceb1f259aa - - - - -] Service 3a35d7bf-f1bd-4589-a5c3-8000c3b24793 is updated
2017-10-28 07:57:42.548 28524 INFO heat.engine.service [req-814f23c7-98be-45e4-a2b6-73edd5ff19e2 - - - - -] Service 2f511c44-ddf4-43a7-9fd0-41f210a8b669 is updated
2017-10-28 07:57:42.589 28541 INFO heat.engine.service [req-83e016c8-3665-41a9-9a1a-dd8539958df9 - - - - -] Service 28f76f02-d340-4517-9f1d-cb1f7fd704ac is updated
2017-10-28 07:57:42.591 28517 INFO heat.engine.service [req-e7f2ec79-2a62-4864-a9e0-aab3744c0817 - - - - -] Service 750cf73f-337d-432c-9d53-30fab548b45c is updated
2017-10-28 07:57:42.615 28547 INFO heat.engine.service [req-1ff9f082-c29b-46a1-b275-2e4b33bb6779 - - - - -] Service 25707d32-efb1-423a-b2d4-e11dfe67bcdc is updated
2017-10-28 07:57:42.627 28530 INFO heat.engine.service [req-c16b7099-fc58-4855-b3ba-85c1981371df - - - - -] Service caf6df39-f07f-489e-9581-9b70becae9e2 is updated
2017-10-28 07:57:42.628 28549 INFO heat.engine.service [req-76080225-7417-484a-a30b-3f8a16f0986a - - - - -] Service 8942a6af-7411-45cf-9672-1c7d3127c49f is updated
2017-10-28 07:57:42.637 28554 INFO heat.engine.service [req-0e122037-a3c0-47c8-a405-0a551f4206b0 - - - - -] Service c7479ed7-747a-48d4-9a5a-b7161a57c39e is updated
2017-10-28 07:57:42.646 28534 INFO heat.engine.service [req-c2022dd2-9f01-4f5f-960d-aeb12db6b2ee - - - - -] Service 7cdf9070-e34d-436d-aa75-65b1eb388638 is updated
2017-10-28 07:57:42.660 28537 INFO heat.engine.service [req-994c5989-56c3-471a-9edb-5e0155fb9bd5 - - - - -] Service fd1e41c5-b76e-4f95-9fd6-4a9c3d626081 is updated
2017-10-28 07:57:42.708 28512 INFO heat.engine.service [req-aa61b963-4b8e-4b5b-b267-312e69aededd - - - - -] Service fc9cbb06-6f7c-4b69-b947-05f204b3ce3c is updated
2017-10-28 07:57:42.708 28518 INFO heat.engine.service [req-ef2e28f7-0070-42b7-b906-df9a86bc9a6a - - - - -] Service dd24efbc-8915-43d4-af30-b40fa3b43c47 is updated
2017-10-28 07:57:42.710 28556 INFO heat.engine.service [req-a0c67f5e-43af-466c-962a-821882d886f2 - - - - -] Service 30227806-eb6a-421b-b64b-1f4e769dde97 is updated
2017-10-28 07:57:42.739 28551 INFO heat.engine.service [req-20bfd3f9-6049-4707-8eb1-8d2f46b94bd0 - - - - -] Service 560cd9d1-ade5-4123-8efe-4822dbddfe23 is updated
2017-10-28 07:57:42.744 28515 INFO heat.engine.service [req-1f1067b5-7278-41af-8eb8-ec6cff6f4e85 - - - - -] Service 1a670f48-191d-4af2-ba9b-d59280a34029 is updated
2017-10-28 07:57:42.744 28535 INFO heat.engine.service [req-59dfac76-0ec9-46c0-adab-ea00fc3d08b2 - - - - -] Service fb8da2fb-0ff3-4afc-956a-7d78b638efc3 is updated
2017-10-28 07:57:42.754 28550 INFO heat.engine.service [req-a4512f33-ad57-472d-828e-6d4804bce59a - - - - -] Service ac79e68c-b408-42b8-9a3f-aaa256fcf8f0 is updated
2017-10-28 07:57:42.756 28521 INFO heat.engine.service [req-72b851b3-a0b1-4dae-8d95-4098e2c15855 - - - - -] Service d42598ab-5331-4bf4-a271-327e00c8675f is updated
2017-10-28 07:57:42.759 28540 INFO heat.engine.service [req-5dcb240d-4870-4d4d-a1ce-cb6015fb77cd - - - - -] Service 48ab0354-0cc3-4574-8b4b-39578b4811f9 is updated
2017-10-28 07:57:42.772 28558 INFO heat.engine.service [req-e05bff00-785c-4bb4-ba4b-602083464343 - - - - -] Service ce91c6b2-92c3-4791-9658-c7753c86c265 is updated
2017-10-28 07:57:42.787 28531 INFO heat.engine.service [req-bd3778d2-f16c-47da-a81c-3977142c6e00 - - - - -] Service ff837399-1603-480b-89cf-1947330a42ab is updated
2017-10-28 07:57:42.788 28525 INFO heat.engine.service [req-95bb8505-63db-45eb-9080-6ae3f3d73b1c - - - - -] Service 12fa1fd5-3e02-4695-9acb-ecf6d0c6be7e is updated
2017-10-28 07:57:42.789 28555 INFO heat.engine.service [req-56ff06b0-6963-4811-b1b8-1bd4239099bb - - - - -] Service 6b1b66de-35d9-4105-bcd5-aa680ffcddec is updated
2017-10-28 07:57:42.914 28559 INFO heat.engine.service [req-321a7767-6e02-4a85-bec9-78006c298f74 - - - - -] Service d321ca62-b768-43f2-9c4f-f4308f362b40 is updated
2017-10-28 07:57:43.119 28539 INFO heat.engine.service [req-2068c798-9816-4349-b249-331e3452a832 - - - - -] Service 75a95404-a1b5-44f6-ba31-90e0e95c8ad0 is updated
2017-10-28 07:57:44.342 28514 INFO heat.engine.service [req-633fc2b9-60e3-409f-b5e3-225864871c69 - - - - -] Service c1ca77d3-4c81-441a-914c-e8e1795d0819 is updated
2017-10-28 07:58:42.106 28529 INFO heat.engine.service [req-98507672-0e15-43b4-925b-5a6ea4e0ab44 - - - - -] Service 4e596928-014f-46fe-904b-2c69d0122faa is updated
2017-10-28 07:58:42.164 28553 INFO heat.engine.service [req-be002f81-76a8-48cb-b7ca-dc175d70e45b - - - - -] Service 1231c634-a611-4552-9733-0bcd0229559d is updated
2017-10-28 07:58:42.202 28527 INFO heat.engine.service [req-4aa7fd99-bc7a-4c3a-b2cf-864ede0491a5 - - - - -] Service 27b05062-f4e2-41b9-a5a1-b78a8e7a7cab is updated
2017-10-28 07:58:42.223 28522 INFO heat.engine.service [req-ee9729a6-59e3-4245-bfed-0f2dfe442d87 - - - - -] Service 0b05fddd-7118-49f7-b698-e81b89f80dd0 is updated
2017-10-28 07:58:42.245 28542 INFO heat.engine.service [req-7835dec1-ffe4-418c-b6c0-07d68733d012 - - - - -] Service 94a1afb2-8a32-439d-ab8f-e06a961e4433 is updated
2017-10-28 07:58:42.262 28532 INFO heat.engine.service [req-03b15263-450b-46b5-802a-793180fee44a - - - - -] Service 5e954547-3083-4e91-b56e-edaec69d9004 is updated
2017-10-28 07:58:42.263 28511 INFO heat.engine.service [req-3e852f26-70f8-48bf-b501-bf9d08bcfc80 - - - - -] Service c4991b42-b929-41c8-92ba-07735294b97d is updated
2017-10-28 07:58:42.266 28523 INFO heat.engine.service [req-feb87c88-9129-4c69-9399-0eb8d632ab34 - - - - -] Service d7cc827c-6c72-4bc7-9c27-48fae872f1b6 is updated
2017-10-28 07:58:42.289 28513 INFO heat.engine.service [req-4c61094f-ced3-423f-bf40-6b5654fa87c5 - - - - -] Service 5ce1d5ea-a507-4dce-98d2-430354f1824f is updated
2017-10-28 07:58:42.307 28552 INFO heat.engine.service [req-5cd8187b-75a3-4990-a590-6fbb1d376793 - - - - -] Service e9eaa51d-d288-442a-bc48-944d997543a3 is updated
2017-10-28 07:58:42.314 28538 INFO heat.engine.service [req-4940147b-bba6-43fd-bd46-50290ad474d6 - - - - -] Service 174f2dbb-df8a-4407-b210-723a658db9cb is updated
2017-10-28 07:58:42.332 28561 INFO heat.engine.service [req-3fb38fed-243f-4508-944b-9eba971f89dd - - - - -] Service 5320c9fe-fd90-45e2-9c81-06f88b38f36b is updated
2017-10-28 07:58:42.361 28516 INFO heat.engine.service [req-cb79a539-ce6f-40bc-8a9f-59a0a035e1cc - - - - -] Service 2d84e3bb-febf-485e-87fe-d93b4c80d1c4 is updated
2017-10-28 07:58:42.370 28564 INFO heat.engine.service [req-410b2cd5-067c-46f1-8b2b-f65d2a5f3f91 - - - - -] Service 8f50a07c-7ad8-4a6d-a9d3-37e4c8f0ba53 is updated
2017-10-28 07:58:42.393 28520 INFO heat.engine.service [req-2c2e94d6-f41b-4b09-b452-9fe4843a64f3 - - - - -] Service 4afb81d2-1ea2-4a4b-bc5f-b909623e3e74 is updated
2017-10-28 07:58:42.396 28510 INFO heat.engine.service [req-04ad71ae-1f26-4f00-9c29-17f81e638599 - - - - -] Service 4669f065-a489-481e-9850-91a9f44bc077 is updated
2017-10-28 07:58:42.404 28562 INFO heat.engine.service [req-99d23c40-b3f5-4c6d-9984-d5d707fe6c48 - - - - -] Service b207e39f-b808-4c6c-8285-bd415d13ec10 is updated
2017-10-28 07:58:42.417 28536 INFO heat.engine.service [req-bcd909d6-2a2e-42e7-85ed-3bcefffd6094 - - - - -] Service 98ecc1ea-b227-42dc-82e7-30ac1ed9fca4 is updated
2017-10-28 07:58:42.465 28560 INFO heat.engine.service [req-687ee1af-2be6-48c5-9a13-00fc84c996b8 - - - - -] Service 3b95e8e7-8709-45d2-a464-bac772180735 is updated
2017-10-28 07:58:42.496 28563 INFO heat.engine.service [req-762440a5-52c1-4837-8b42-bac7700986e3 - - - - -] Service 4eca1835-2fb1-450f-b336-3867986a581d is updated
2017-10-28 07:58:42.497 28557 INFO heat.engine.service [req-858caf3f-14b4-4115-8230-6f761759fa85 - - - - -] Service 98f930a8-31b2-4e4d-8712-9e6fea660e73 is updated
2017-10-28 07:58:42.499 28519 INFO heat.engine.service [req-eb72fb3e-9381-4310-bf3f-33a575e5606f - - - - -] Service 7d2457db-265f-4f09-a7ed-68db183e0384 is updated
2017-10-28 07:58:42.537 28533 INFO heat.engine.service [req-a3bd1f05-4a71-45e5-842f-1494fa9286b0 - - - - -] Service 3a35d7bf-f1bd-4589-a5c3-8000c3b24793 is updated
2017-10-28 07:58:42.546 28524 INFO heat.engine.service [req-491eabcb-9c30-4846-a010-faea6d84a889 - - - - -] Service 2f511c44-ddf4-43a7-9fd0-41f210a8b669 is updated
2017-10-28 07:58:42.586 28541 INFO heat.engine.service [req-0ad6259f-f585-4924-827d-fedfb2d63206 - - - - -] Service 28f76f02-d340-4517-9f1d-cb1f7fd704ac is updated
2017-10-28 07:58:42.587 28517 INFO heat.engine.service [req-a670b8a5-0d70-4b0b-9382-8e374d5e100c - - - - -] Service 750cf73f-337d-432c-9d53-30fab548b45c is updated
2017-10-28 07:58:42.614 28547 INFO heat.engine.service [req-aeb07e59-b44a-463c-9570-5244822eb2d9 - - - - -] Service 25707d32-efb1-423a-b2d4-e11dfe67bcdc is updated
2017-10-28 07:58:42.623 28530 INFO heat.engine.service [req-1dde06fc-04e4-428b-b4de-d260512cdb47 - - - - -] Service caf6df39-f07f-489e-9581-9b70becae9e2 is updated
2017-10-28 07:58:42.624 28549 INFO heat.engine.service [req-5222c022-d3c9-4866-bc7a-2e180be6154a - - - - -] Service 8942a6af-7411-45cf-9672-1c7d3127c49f is updated
2017-10-28 07:58:42.634 28554 INFO heat.engine.service [req-985bf3a2-27c1-498c-8da9-5ef0debd2c09 - - - - -] Service c7479ed7-747a-48d4-9a5a-b7161a57c39e is updated
2017-10-28 07:58:42.643 28534 INFO heat.engine.service [req-54ea914d-dab8-4d1f-aff1-00b21c0fac5d - - - - -] Service 7cdf9070-e34d-436d-aa75-65b1eb388638 is updated
2017-10-28 07:58:42.657 28537 INFO heat.engine.service [req-cd8f648b-1f94-48ba-a052-12c6907e7b37 - - - - -] Service fd1e41c5-b76e-4f95-9fd6-4a9c3d626081 is updated
2017-10-28 07:58:42.705 28512 INFO heat.engine.service [req-c07c3c39-47fb-47da-b1d4-52394ffaabfd - - - - -] Service fc9cbb06-6f7c-4b69-b947-05f204b3ce3c is updated
2017-10-28 07:58:42.706 28556 INFO heat.engine.service [req-324d8538-3123-4214-b33e-451460b0d0e1 - - - - -] Service 30227806-eb6a-421b-b64b-1f4e769dde97 is updated
2017-10-28 07:58:42.706 28518 INFO heat.engine.service [req-df3f0ec3-388f-458d-9b80-53cece7b2710 - - - - -] Service dd24efbc-8915-43d4-af30-b40fa3b43c47 is updated
2017-10-28 07:58:42.738 28551 INFO heat.engine.service [req-c14fb9bb-37da-4d52-8e45-74960cdacb5a - - - - -] Service 560cd9d1-ade5-4123-8efe-4822dbddfe23 is updated
2017-10-28 07:58:42.740 28535 INFO heat.engine.service [req-fb1f19ce-1907-43cf-b5da-9c34503698c3 - - - - -] Service fb8da2fb-0ff3-4afc-956a-7d78b638efc3 is updated
2017-10-28 07:58:42.740 28515 INFO heat.engine.service [req-35667d35-82a5-4142-9be8-20bf16d2677b - - - - -] Service 1a670f48-191d-4af2-ba9b-d59280a34029 is updated
2017-10-28 07:58:42.749 28550 INFO heat.engine.service [req-1a9e2c91-7e38-4795-881c-ea06d8e49d01 - - - - -] Service ac79e68c-b408-42b8-9a3f-aaa256fcf8f0 is updated
2017-10-28 07:58:42.750 28521 INFO heat.engine.service [req-3e8b9836-723a-4448-95d2-4526454d7c11 - - - - -] Service d42598ab-5331-4bf4-a271-327e00c8675f is updated
2017-10-28 07:58:42.755 28540 INFO heat.engine.service [req-bf61c03d-285a-4e3f-843f-ff3bd738bc5a - - - - -] Service 48ab0354-0cc3-4574-8b4b-39578b4811f9 is updated
2017-10-28 07:58:42.768 28558 INFO heat.engine.service [req-f7eb764d-eee2-4a6d-b629-f3bc6747f629 - - - - -] Service ce91c6b2-92c3-4791-9658-c7753c86c265 is updated
2017-10-28 07:58:42.785 28525 INFO heat.engine.service [req-08023493-25da-4369-b41f-1a89b4d92309 - - - - -] Service 12fa1fd5-3e02-4695-9acb-ecf6d0c6be7e is updated
2017-10-28 07:58:42.785 28531 INFO heat.engine.service [req-79cbd1e2-f1da-48c0-b06e-236102374ea1 - - - - -] Service ff837399-1603-480b-89cf-1947330a42ab is updated
2017-10-28 07:58:42.786 28555 INFO heat.engine.service [req-dd3ba534-5760-483b-bfc5-07400338322e - - - - -] Service 6b1b66de-35d9-4105-bcd5-aa680ffcddec is updated
2017-10-28 07:58:42.914 28559 INFO heat.engine.service [req-62d1c293-7be8-4e05-95a3-26ddd3325f3f - - - - -] Service d321ca62-b768-43f2-9c4f-f4308f362b40 is updated
2017-10-28 07:58:43.117 28539 INFO heat.engine.service [req-56f59d4c-14fa-4c4c-b1b9-a51707456767 - - - - -] Service 75a95404-a1b5-44f6-ba31-90e0e95c8ad0 is updated
2017-10-28 07:58:44.341 28514 INFO heat.engine.service [req-c6439c37-21e3-4490-bf53-2b0c5b82807d - - - - -] Service c1ca77d3-4c81-441a-914c-e8e1795d0819 is updated
2017-10-28 07:59:42.104 28529 INFO heat.engine.service [req-d3afc24b-0a36-4afd-a393-77d68875d8af - - - - -] Service 4e596928-014f-46fe-904b-2c69d0122faa is updated
2017-10-28 07:59:42.163 28553 INFO heat.engine.service [req-468231a2-01e5-4116-9b58-6fb7be007399 - - - - -] Service 1231c634-a611-4552-9733-0bcd0229559d is updated
2017-10-28 07:59:42.200 28527 INFO heat.engine.service [req-164eb554-7b1f-416e-b9cf-c7d996d1b765 - - - - -] Service 27b05062-f4e2-41b9-a5a1-b78a8e7a7cab is updated
2017-10-28 07:59:42.220 28522 INFO heat.engine.service [req-716ec31e-9bd0-41f7-b1ec-05a62d82c659 - - - - -] Service 0b05fddd-7118-49f7-b698-e81b89f80dd0 is updated
2017-10-28 07:59:42.242 28542 INFO heat.engine.service [req-fdd7cd3b-7505-4d7c-9a00-12f1791916e3 - - - - -] Service 94a1afb2-8a32-439d-ab8f-e06a961e4433 is updated
2017-10-28 07:59:42.259 28532 INFO heat.engine.service [req-41d5e4b1-75e3-4b26-beae-66bd752c112d - - - - -] Service 5e954547-3083-4e91-b56e-edaec69d9004 is updated
2017-10-28 07:59:42.260 28511 INFO heat.engine.service [req-a96ff270-b9c0-40bf-9632-6a456af8d0a5 - - - - -] Service c4991b42-b929-41c8-92ba-07735294b97d is updated
2017-10-28 07:59:42.263 28523 INFO heat.engine.service [req-6e77ab10-a689-4477-8c16-ad8b464f72a9 - - - - -] Service d7cc827c-6c72-4bc7-9c27-48fae872f1b6 is updated
2017-10-28 07:59:42.286 28513 INFO heat.engine.service [req-004c72e8-c190-4a61-a020-ed1e59ec01c5 - - - - -] Service 5ce1d5ea-a507-4dce-98d2-430354f1824f is updated
2017-10-28 07:59:42.304 28552 INFO heat.engine.service [req-db1ef60a-7654-48a7-a4f7-004dd50ccc37 - - - - -] Service e9eaa51d-d288-442a-bc48-944d997543a3 is updated
2017-10-28 07:59:42.312 28538 INFO heat.engine.service [req-2e4d27f2-82a8-4b68-9685-4d3684183db4 - - - - -] Service 174f2dbb-df8a-4407-b210-723a658db9cb is updated
2017-10-28 07:59:42.329 28561 INFO heat.engine.service [req-40cc9162-9730-4d9f-b30d-7aebbb7c3a27 - - - - -] Service 5320c9fe-fd90-45e2-9c81-06f88b38f36b is updated
2017-10-28 07:59:42.358 28516 INFO heat.engine.service [req-843a9e6e-0971-4356-9323-d347b581935c - - - - -] Service 2d84e3bb-febf-485e-87fe-d93b4c80d1c4 is updated
2017-10-28 07:59:42.367 28564 INFO heat.engine.service [req-1eb26214-fa1e-4606-be12-1c7f04289df7 - - - - -] Service 8f50a07c-7ad8-4a6d-a9d3-37e4c8f0ba53 is updated
2017-10-28 07:59:42.390 28520 INFO heat.engine.service [req-bc94405a-504e-4423-8711-f4f5045e9565 - - - - -] Service 4afb81d2-1ea2-4a4b-bc5f-b909623e3e74 is updated
2017-10-28 07:59:42.394 28510 INFO heat.engine.service [req-880b0873-f605-4ad5-b089-8e8e5049bab5 - - - - -] Service 4669f065-a489-481e-9850-91a9f44bc077 is updated
2017-10-28 07:59:42.402 28562 INFO heat.engine.service [req-36d7423e-2918-4b7c-9294-21367de69ea9 - - - - -] Service b207e39f-b808-4c6c-8285-bd415d13ec10 is updated
2017-10-28 07:59:42.414 28536 INFO heat.engine.service [req-7b3cfed3-56ff-46a3-84e7-394c31aa796f - - - - -] Service 98ecc1ea-b227-42dc-82e7-30ac1ed9fca4 is updated
2017-10-28 07:59:42.463 28560 INFO heat.engine.service [req-7fa98329-e416-479b-9adf-52c022543a5c - - - - -] Service 3b95e8e7-8709-45d2-a464-bac772180735 is updated
2017-10-28 07:59:42.491 28563 INFO heat.engine.service [req-feedbf74-5d3f-4dae-afa3-cc25a9fa6f57 - - - - -] Service 4eca1835-2fb1-450f-b336-3867986a581d is updated
2017-10-28 07:59:42.495 28557 INFO heat.engine.service [req-c818a6c5-e123-42cc-91b4-05816f4d68fa - - - - -] Service 98f930a8-31b2-4e4d-8712-9e6fea660e73 is updated
2017-10-28 07:59:42.498 28519 INFO heat.engine.service [req-abb7960b-669c-4135-a6e0-49ba4ce155b2 - - - - -] Service 7d2457db-265f-4f09-a7ed-68db183e0384 is updated
2017-10-28 07:59:42.534 28533 INFO heat.engine.service [req-06614031-ceff-4e56-af2b-3e24bf955c59 - - - - -] Service 3a35d7bf-f1bd-4589-a5c3-8000c3b24793 is updated
2017-10-28 07:59:42.544 28524 INFO heat.engine.service [req-e4244aaa-dec3-4fab-bf24-752e3db5b85b - - - - -] Service 2f511c44-ddf4-43a7-9fd0-41f210a8b669 is updated
2017-10-28 07:59:42.583 28541 INFO heat.engine.service [req-3569d09b-fe2f-4eb6-8c1e-3fd2e5f9cf87 - - - - -] Service 28f76f02-d340-4517-9f1d-cb1f7fd704ac is updated
2017-10-28 07:59:42.584 28517 INFO heat.engine.service [req-b060ef6f-e358-462a-a545-d1b153a529e6 - - - - -] Service 750cf73f-337d-432c-9d53-30fab548b45c is updated
2017-10-28 07:59:42.611 28547 INFO heat.engine.service [req-5c1e5ba5-c36b-4ac3-8bd4-7e3bfed0eee4 - - - - -] Service 25707d32-efb1-423a-b2d4-e11dfe67bcdc is updated
2017-10-28 07:59:42.621 28549 INFO heat.engine.service [req-bd0732ca-06c4-4d6b-b70b-bcdc29249827 - - - - -] Service 8942a6af-7411-45cf-9672-1c7d3127c49f is updated
2017-10-28 07:59:42.621 28530 INFO heat.engine.service [req-1dbf5b4d-69fd-4bf2-8d55-34402d729856 - - - - -] Service caf6df39-f07f-489e-9581-9b70becae9e2 is updated
2017-10-28 07:59:42.631 28554 INFO heat.engine.service [req-92bef13b-9b1b-4b7f-a8c3-2514bf8949c8 - - - - -] Service c7479ed7-747a-48d4-9a5a-b7161a57c39e is updated
2017-10-28 07:59:42.640 28534 INFO heat.engine.service [req-581090fe-0026-47db-8ee8-5d5c5e301968 - - - - -] Service 7cdf9070-e34d-436d-aa75-65b1eb388638 is updated
2017-10-28 07:59:42.653 28537 INFO heat.engine.service [req-5368abe4-313a-4016-af8c-a463b9961b39 - - - - -] Service fd1e41c5-b76e-4f95-9fd6-4a9c3d626081 is updated
2017-10-28 07:59:42.701 28512 INFO heat.engine.service [req-9cadc696-f629-46fb-8072-07ed139307f7 - - - - -] Service fc9cbb06-6f7c-4b69-b947-05f204b3ce3c is updated
2017-10-28 07:59:42.703 28518 INFO heat.engine.service [req-796d254f-44d0-4afe-b967-4e3d932e3d24 - - - - -] Service dd24efbc-8915-43d4-af30-b40fa3b43c47 is updated
2017-10-28 07:59:42.704 28556 INFO heat.engine.service [req-21c12641-97eb-454f-b77b-f2b28c91c2e3 - - - - -] Service 30227806-eb6a-421b-b64b-1f4e769dde97 is updated
2017-10-28 07:59:42.736 28551 INFO heat.engine.service [req-fe0b9daa-d0f4-454b-b741-4eec89d76a66 - - - - -] Service 560cd9d1-ade5-4123-8efe-4822dbddfe23 is updated
2017-10-28 07:59:42.737 28515 INFO heat.engine.service [req-5ce50586-9b54-445e-8d6b-bb984ae55e90 - - - - -] Service 1a670f48-191d-4af2-ba9b-d59280a34029 is updated
2017-10-28 07:59:42.737 28535 INFO heat.engine.service [req-b7ab30d8-094f-4d7a-a046-16471b6ae1c5 - - - - -] Service fb8da2fb-0ff3-4afc-956a-7d78b638efc3 is updated
2017-10-28 07:59:42.748 28540 INFO heat.engine.service [req-a1c8fe5f-385a-475c-b21d-bd258f0896ac - - - - -] Service 48ab0354-0cc3-4574-8b4b-39578b4811f9 is updated
2017-10-28 07:59:42.756 28550 INFO heat.engine.service [req-b81288df-651b-49a0-be26-498507609940 - - - - -] Service ac79e68c-b408-42b8-9a3f-aaa256fcf8f0 is updated
2017-10-28 07:59:42.757 28521 INFO heat.engine.service [req-548c7104-949b-4087-b31b-afceb9337ce0 - - - - -] Service d42598ab-5331-4bf4-a271-327e00c8675f is updated
2017-10-28 07:59:42.765 28558 INFO heat.engine.service [req-b74784f9-e24e-478a-977e-9e6d6346d15e - - - - -] Service ce91c6b2-92c3-4791-9658-c7753c86c265 is updated
2017-10-28 07:59:42.783 28531 INFO heat.engine.service [req-26bbc309-4802-4138-8f7f-0788635acbdd - - - - -] Service ff837399-1603-480b-89cf-1947330a42ab is updated
2017-10-28 07:59:42.784 28555 INFO heat.engine.service [req-91d45fc7-d4a0-4fd8-bfa1-23aab749ce8c - - - - -] Service 6b1b66de-35d9-4105-bcd5-aa680ffcddec is updated
2017-10-28 07:59:42.784 28525 INFO heat.engine.service [req-98f98212-1c37-484e-9a7d-84478c0bd392 - - - - -] Service 12fa1fd5-3e02-4695-9acb-ecf6d0c6be7e is updated
2017-10-28 07:59:42.912 28559 INFO heat.engine.service [req-fe21b6d7-5cfe-41fd-938f-381ddddac73a - - - - -] Service d321ca62-b768-43f2-9c4f-f4308f362b40 is updated
2017-10-28 07:59:43.117 28539 INFO heat.engine.service [req-28c6ce57-d6c9-4aeb-bdd5-04d6a23da895 - - - - -] Service 75a95404-a1b5-44f6-ba31-90e0e95c8ad0 is updated
2017-10-28 07:59:44.338 28514 INFO heat.engine.service [req-215924ae-6672-44af-b458-ffd44b3ab0b2 - - - - -] Service c1ca77d3-4c81-441a-914c-e8e1795d0819 is updated
