2017-10-28 08:44:42.296 28510 INFO heat.engine.service [req-92f60f9e-8e9e-4763-8a71-50ab6be00e78 - - - - -] Service 4669f065-a489-481e-9850-91a9f44bc077 is updated
2017-10-28 08:44:42.303 28536 INFO heat.engine.service [req-be1642a1-7fc2-49e7-9e81-06e856c60b34 - - - - -] Service 98ecc1ea-b227-42dc-82e7-30ac1ed9fca4 is updated
2017-10-28 08:44:42.355 28560 INFO heat.engine.service [req-33260cbe-99d2-49ad-a5d4-f5e9a1e8492a - - - - -] Service 3b95e8e7-8709-45d2-a464-bac772180735 is updated
2017-10-28 08:44:42.385 28563 INFO heat.engine.service [req-069d38bf-e3ba-40bb-972b-cd246dce45d4 - - - - -] Service 4eca1835-2fb1-450f-b336-3867986a581d is updated
2017-10-28 08:44:42.389 28557 INFO heat.engine.service [req-44e98297-d420-40d2-81df-8e1d12415e52 - - - - -] Service 98f930a8-31b2-4e4d-8712-9e6fea660e73 is updated
2017-10-28 08:44:42.424 28519 INFO heat.engine.service [req-c61eab70-2145-4be0-94e6-cd9570e6922e - - - - -] Service 7d2457db-265f-4f09-a7ed-68db183e0384 is updated
2017-10-28 08:44:42.438 28533 INFO heat.engine.service [req-997f080a-3b0e-4efa-94e9-b092b4224dce - - - - -] Service 3a35d7bf-f1bd-4589-a5c3-8000c3b24793 is updated
2017-10-28 08:44:42.441 28524 INFO heat.engine.service [req-daea2a69-5a8c-418c-9d17-8abb79ad7e51 - - - - -] Service 2f511c44-ddf4-43a7-9fd0-41f210a8b669 is updated
2017-10-28 08:44:42.543 28517 INFO heat.engine.service [req-21dcd836-1fca-48c6-8057-d6c06df61b68 - - - - -] Service 750cf73f-337d-432c-9d53-30fab548b45c is updated
2017-10-28 08:44:42.543 28547 INFO heat.engine.service [req-7c3ed0e4-f151-4c12-80cc-d014326c1c30 - - - - -] Service 25707d32-efb1-423a-b2d4-e11dfe67bcdc is updated
2017-10-28 08:44:42.546 28534 INFO heat.engine.service [req-de4e9c42-cb8a-4fa1-ae09-7ac948445b62 - - - - -] Service 7cdf9070-e34d-436d-aa75-65b1eb388638 is updated
2017-10-28 08:44:42.546 28541 INFO heat.engine.service [req-824dfabb-b8fb-4228-a688-5318085e8cf4 - - - - -] Service 28f76f02-d340-4517-9f1d-cb1f7fd704ac is updated
2017-10-28 08:44:42.547 28549 INFO heat.engine.service [req-9a240fd3-37e2-4872-8e49-05b025c35702 - - - - -] Service 8942a6af-7411-45cf-9672-1c7d3127c49f is updated
2017-10-28 08:44:42.558 28537 INFO heat.engine.service [req-7247a51a-78e1-4bb2-ac81-d4381d74e16f - - - - -] Service fd1e41c5-b76e-4f95-9fd6-4a9c3d626081 is updated
2017-10-28 08:44:42.558 28554 INFO heat.engine.service [req-8c448d52-2dfe-423d-9ca6-4f28bc044ca4 - - - - -] Service c7479ed7-747a-48d4-9a5a-b7161a57c39e is updated
2017-10-28 08:44:42.566 28530 INFO heat.engine.service [req-de3b1a92-f235-4225-9d65-dd8220c14aa5 - - - - -] Service caf6df39-f07f-489e-9581-9b70becae9e2 is updated
2017-10-28 08:44:42.604 28512 INFO heat.engine.service [req-36326000-cd0c-4995-8f88-5ba1ffa5d0ab - - - - -] Service fc9cbb06-6f7c-4b69-b947-05f204b3ce3c is updated
2017-10-28 08:44:42.616 28556 INFO heat.engine.service [req-d361d540-89c3-400c-95c8-f78aebef6b53 - - - - -] Service 30227806-eb6a-421b-b64b-1f4e769dde97 is updated
2017-10-28 08:44:42.619 28518 INFO heat.engine.service [req-dd00947a-17a8-4fd6-8250-39889dfdcf13 - - - - -] Service dd24efbc-8915-43d4-af30-b40fa3b43c47 is updated
2017-10-28 08:44:42.652 28535 INFO heat.engine.service [req-c9ba1dc2-1b42-4fe0-8949-aacdad0e073d - - - - -] Service fb8da2fb-0ff3-4afc-956a-7d78b638efc3 is updated
2017-10-28 08:44:42.667 28515 INFO heat.engine.service [req-b7e09018-9642-4f10-9f6d-0490bd1442d6 - - - - -] Service 1a670f48-191d-4af2-ba9b-d59280a34029 is updated
2017-10-28 08:44:42.684 28551 INFO heat.engine.service [req-817623ad-29c1-40e6-84f7-d31346c891e1 - - - - -] Service 560cd9d1-ade5-4123-8efe-4822dbddfe23 is updated
2017-10-28 08:44:42.724 28558 INFO heat.engine.service [req-c478baeb-efc9-4ae8-896c-f2779cff094d - - - - -] Service ce91c6b2-92c3-4791-9658-c7753c86c265 is updated
2017-10-28 08:44:42.733 28540 INFO heat.engine.service [req-84db7155-5b90-4aef-bf8d-548948e8704c - - - - -] Service 48ab0354-0cc3-4574-8b4b-39578b4811f9 is updated
2017-10-28 08:44:42.734 28531 INFO heat.engine.service [req-bf5dedd8-67ab-4202-bfe6-2e6b763277a5 - - - - -] Service ff837399-1603-480b-89cf-1947330a42ab is updated
2017-10-28 08:44:42.734 28521 INFO heat.engine.service [req-153004d4-50e7-4f9e-a847-ba12ed4bc486 - - - - -] Service d42598ab-5331-4bf4-a271-327e00c8675f is updated
2017-10-28 08:44:42.734 28555 INFO heat.engine.service [req-7719b2e2-2b41-4bbf-a535-739352e066a8 - - - - -] Service 6b1b66de-35d9-4105-bcd5-aa680ffcddec is updated
2017-10-28 08:44:42.736 28550 INFO heat.engine.service [req-21a345dc-d9b1-460b-9949-9ca02f225c97 - - - - -] Service ac79e68c-b408-42b8-9a3f-aaa256fcf8f0 is updated
2017-10-28 08:44:42.736 28525 INFO heat.engine.service [req-3c54f3e8-7770-476b-b01e-82f904c4d0d6 - - - - -] Service 12fa1fd5-3e02-4695-9acb-ecf6d0c6be7e is updated
2017-10-28 08:44:42.850 28559 INFO heat.engine.service [req-f2c12dfe-b6e6-4a7c-8e71-af0dcd79d402 - - - - -] Service d321ca62-b768-43f2-9c4f-f4308f362b40 is updated
2017-10-28 08:44:43.035 28539 INFO heat.engine.service [req-19565a5f-f410-4ada-92b6-6e2c3291b5c7 - - - - -] Service 75a95404-a1b5-44f6-ba31-90e0e95c8ad0 is updated
2017-10-28 08:44:44.260 28514 INFO heat.engine.service [req-ef69492c-2fad-4c4d-8fb2-57b5f8e05fd6 - - - - -] Service c1ca77d3-4c81-441a-914c-e8e1795d0819 is updated
2017-10-28 08:45:42.007 28529 INFO heat.engine.service [req-0684e0e3-0d9c-4f46-acb5-924c7bb23fb0 - - - - -] Service 4e596928-014f-46fe-904b-2c69d0122faa is updated
2017-10-28 08:45:42.114 28553 INFO heat.engine.service [req-cb7a18a2-4840-498a-b1c5-e019272a759b - - - - -] Service 1231c634-a611-4552-9733-0bcd0229559d is updated
2017-10-28 08:45:42.123 28522 INFO heat.engine.service [req-56ad4be4-62a6-4e3f-97bf-cbb3d61befb8 - - - - -] Service 0b05fddd-7118-49f7-b698-e81b89f80dd0 is updated
2017-10-28 08:45:42.154 28542 INFO heat.engine.service [req-a877c8f4-f2f1-45d7-ac2a-00ff1ab355d0 - - - - -] Service 94a1afb2-8a32-439d-ab8f-e06a961e4433 is updated
2017-10-28 08:45:42.156 28527 INFO heat.engine.service [req-f22722f5-1874-4284-8a35-f994ccbf04a9 - - - - -] Service 27b05062-f4e2-41b9-a5a1-b78a8e7a7cab is updated
2017-10-28 08:45:42.161 28511 INFO heat.engine.service [req-101fdb2c-b026-4464-a5c5-3ddb3d01c778 - - - - -] Service c4991b42-b929-41c8-92ba-07735294b97d is updated
2017-10-28 08:45:42.188 28532 INFO heat.engine.service [req-ea1c453b-b64d-4e89-9189-0bd0fba6bfb4 - - - - -] Service 5e954547-3083-4e91-b56e-edaec69d9004 is updated
2017-10-28 08:45:42.196 28552 INFO heat.engine.service [req-1980eaee-3ad5-44d5-aed2-b0f2bd47f7d0 - - - - -] Service e9eaa51d-d288-442a-bc48-944d997543a3 is updated
2017-10-28 08:45:42.206 28513 INFO heat.engine.service [req-ef8c75e6-200f-4f0f-8590-51b3eca71f41 - - - - -] Service 5ce1d5ea-a507-4dce-98d2-430354f1824f is updated
2017-10-28 08:45:42.220 28523 INFO heat.engine.service [req-a813f245-9093-4473-afbc-6c3b83530c5d - - - - -] Service d7cc827c-6c72-4bc7-9c27-48fae872f1b6 is updated
2017-10-28 08:45:42.241 28538 INFO heat.engine.service [req-104a9f75-08dc-48da-a91b-6afec9e433bc - - - - -] Service 174f2dbb-df8a-4407-b210-723a658db9cb is updated
2017-10-28 08:45:42.243 28561 INFO heat.engine.service [req-d8c13f9a-aa3d-4f40-bffb-b80f26def06a - - - - -] Service 5320c9fe-fd90-45e2-9c81-06f88b38f36b is updated
2017-10-28 08:45:42.251 28516 INFO heat.engine.service [req-b817730c-5d16-4619-9d37-781ec283d2a3 - - - - -] Service 2d84e3bb-febf-485e-87fe-d93b4c80d1c4 is updated
2017-10-28 08:45:42.273 28564 INFO heat.engine.service [req-f3ca8b09-d558-48c2-9ea4-4fe5293015cd - - - - -] Service 8f50a07c-7ad8-4a6d-a9d3-37e4c8f0ba53 is updated
2017-10-28 08:45:42.274 28520 INFO heat.engine.service [req-247215a9-edc2-4a2b-8334-c84bb056e631 - - - - -] Service 4afb81d2-1ea2-4a4b-bc5f-b909623e3e74 is updated
2017-10-28 08:45:42.279 28562 INFO heat.engine.service [req-7ad3d268-5f96-4693-ae64-89231ffe7356 - - - - -] Service b207e39f-b808-4c6c-8285-bd415d13ec10 is updated
2017-10-28 08:45:42.293 28510 INFO heat.engine.service [req-edf6a4dd-a322-4fd7-ac3e-a491cb7214a4 - - - - -] Service 4669f065-a489-481e-9850-91a9f44bc077 is updated
2017-10-28 08:45:42.299 28536 INFO heat.engine.service [req-b2356a5d-fd41-42c5-8e13-e00b08ada788 - - - - -] Service 98ecc1ea-b227-42dc-82e7-30ac1ed9fca4 is updated
2017-10-28 08:45:42.351 28560 INFO heat.engine.service [req-7a19f134-5ba4-416b-84d3-07409c7e0fac - - - - -] Service 3b95e8e7-8709-45d2-a464-bac772180735 is updated
2017-10-28 08:45:42.382 28563 INFO heat.engine.service [req-df0de976-b0d4-46e6-80da-0533a132e46d - - - - -] Service 4eca1835-2fb1-450f-b336-3867986a581d is updated
2017-10-28 08:45:42.385 28557 INFO heat.engine.service [req-c3e11c78-5ab1-41cd-a814-3812c7510064 - - - - -] Service 98f930a8-31b2-4e4d-8712-9e6fea660e73 is updated
2017-10-28 08:45:42.421 28519 INFO heat.engine.service [req-56a88436-1aa6-48be-8a05-d1b9d7359119 - - - - -] Service 7d2457db-265f-4f09-a7ed-68db183e0384 is updated
2017-10-28 08:45:42.456 28533 INFO heat.engine.service [req-3368309c-6819-4d83-9e05-c118745c619c - - - - -] Service 3a35d7bf-f1bd-4589-a5c3-8000c3b24793 is updated
2017-10-28 08:45:42.456 28524 INFO heat.engine.service [req-e4380811-056a-4536-a6a3-fd5614719382 - - - - -] Service 2f511c44-ddf4-43a7-9fd0-41f210a8b669 is updated
2017-10-28 08:45:42.510 28547 INFO heat.engine.service [req-c518a294-f536-49e6-8448-08845b5b4373 - - - - -] Service 25707d32-efb1-423a-b2d4-e11dfe67bcdc is updated
2017-10-28 08:45:42.511 28517 INFO heat.engine.service [req-2e6296a6-b291-4a06-b853-fb9afa0d2a8e - - - - -] Service 750cf73f-337d-432c-9d53-30fab548b45c is updated
2017-10-28 08:45:42.533 28541 INFO heat.engine.service [req-1f0e9ee0-019e-47c8-a797-0f1b8c7e68be - - - - -] Service 28f76f02-d340-4517-9f1d-cb1f7fd704ac is updated
2017-10-28 08:45:42.543 28534 INFO heat.engine.service [req-4b72f25e-7a0f-422e-b8cd-ba0ed45862b3 - - - - -] Service 7cdf9070-e34d-436d-aa75-65b1eb388638 is updated
2017-10-28 08:45:42.544 28554 INFO heat.engine.service [req-3207e9da-02d0-469f-b86e-6e45c42f4ea4 - - - - -] Service c7479ed7-747a-48d4-9a5a-b7161a57c39e is updated
2017-10-28 08:45:42.545 28549 INFO heat.engine.service [req-7c1694dd-1edf-42f6-92fd-2674f3cd4182 - - - - -] Service 8942a6af-7411-45cf-9672-1c7d3127c49f is updated
2017-10-28 08:45:42.554 28537 INFO heat.engine.service [req-1168ba39-5427-474e-94b8-9a7f82bb2940 - - - - -] Service fd1e41c5-b76e-4f95-9fd6-4a9c3d626081 is updated
2017-10-28 08:45:42.564 28530 INFO heat.engine.service [req-e8e49bfc-c9fc-4435-a6e5-93ca95d7e2a1 - - - - -] Service caf6df39-f07f-489e-9581-9b70becae9e2 is updated
2017-10-28 08:45:42.601 28512 INFO heat.engine.service [req-30a31fca-e773-4d40-95ac-5fbd4e523111 - - - - -] Service fc9cbb06-6f7c-4b69-b947-05f204b3ce3c is updated
2017-10-28 08:45:42.612 28556 INFO heat.engine.service [req-ec4d3be5-5285-4156-bd39-ea8772b28961 - - - - -] Service 30227806-eb6a-421b-b64b-1f4e769dde97 is updated
2017-10-28 08:45:42.617 28518 INFO heat.engine.service [req-cb0a0d69-8ba0-449a-bd02-9dead7666847 - - - - -] Service dd24efbc-8915-43d4-af30-b40fa3b43c47 is updated
2017-10-28 08:45:42.638 28535 INFO heat.engine.service [req-a1d1c8ac-97ec-4078-8c21-f05a0c6b1fa1 - - - - -] Service fb8da2fb-0ff3-4afc-956a-7d78b638efc3 is updated
2017-10-28 08:45:42.665 28515 INFO heat.engine.service [req-d3c28f75-faa9-466c-a816-d6eda8b6186a - - - - -] Service 1a670f48-191d-4af2-ba9b-d59280a34029 is updated
2017-10-28 08:45:42.671 28551 INFO heat.engine.service [req-0ed66243-73e6-4d5f-a39f-78ea0f60c416 - - - - -] Service 560cd9d1-ade5-4123-8efe-4822dbddfe23 is updated
2017-10-28 08:45:42.671 28558 INFO heat.engine.service [req-0a1f8b5a-9ee8-46e1-9acd-8157828a71fa - - - - -] Service ce91c6b2-92c3-4791-9658-c7753c86c265 is updated
2017-10-28 08:45:42.702 28550 INFO heat.engine.service [req-2359f52b-0724-41bc-80aa-4549c9fbea38 - - - - -] Service ac79e68c-b408-42b8-9a3f-aaa256fcf8f0 is updated
2017-10-28 08:45:42.713 28540 INFO heat.engine.service [req-11c409ef-3f89-4e89-95d3-b183fd9fd6c5 - - - - -] Service 48ab0354-0cc3-4574-8b4b-39578b4811f9 is updated
2017-10-28 08:45:42.713 28555 INFO heat.engine.service [req-372463fd-d777-4622-9ee8-b1c64df19fa7 - - - - -] Service 6b1b66de-35d9-4105-bcd5-aa680ffcddec is updated
2017-10-28 08:45:42.714 28525 INFO heat.engine.service [req-5719eadd-5679-40c2-a70d-50434f7f53a7 - - - - -] Service 12fa1fd5-3e02-4695-9acb-ecf6d0c6be7e is updated
2017-10-28 08:45:42.721 28521 INFO heat.engine.service [req-84894a22-c376-4f56-9c92-b9dd320f30b9 - - - - -] Service d42598ab-5331-4bf4-a271-327e00c8675f is updated
2017-10-28 08:45:42.730 28531 INFO heat.engine.service [req-111be48f-1832-41d3-9b6b-c661048b44dc - - - - -] Service ff837399-1603-480b-89cf-1947330a42ab is updated
2017-10-28 08:45:42.849 28559 INFO heat.engine.service [req-0b4b0788-9a8d-4474-a5d4-2c2f84e9cdfc - - - - -] Service d321ca62-b768-43f2-9c4f-f4308f362b40 is updated
2017-10-28 08:45:43.033 28539 INFO heat.engine.service [req-47edce53-d42d-44c4-bd51-b60d71feae89 - - - - -] Service 75a95404-a1b5-44f6-ba31-90e0e95c8ad0 is updated
2017-10-28 08:45:44.258 28514 INFO heat.engine.service [req-c075985a-57d4-421f-8867-a2ca2f4b4d8b - - - - -] Service c1ca77d3-4c81-441a-914c-e8e1795d0819 is updated
2017-10-28 08:46:42.003 28529 INFO heat.engine.service [req-37b91c5c-4c8e-4d98-8eca-a8b743742ed0 - - - - -] Service 4e596928-014f-46fe-904b-2c69d0122faa is updated
2017-10-28 08:46:42.111 28553 INFO heat.engine.service [req-bb10c936-bd23-4f6b-a40f-6ce56a24415f - - - - -] Service 1231c634-a611-4552-9733-0bcd0229559d is updated
2017-10-28 08:46:42.121 28522 INFO heat.engine.service [req-d675a394-8bbf-4647-b176-0507972e282e - - - - -] Service 0b05fddd-7118-49f7-b698-e81b89f80dd0 is updated
2017-10-28 08:46:42.152 28542 INFO heat.engine.service [req-590168d5-ae1e-414f-a95a-a4d3cd1d1e03 - - - - -] Service 94a1afb2-8a32-439d-ab8f-e06a961e4433 is updated
2017-10-28 08:46:42.155 28527 INFO heat.engine.service [req-10092840-d299-44f9-afd8-3b2967609560 - - - - -] Service 27b05062-f4e2-41b9-a5a1-b78a8e7a7cab is updated
2017-10-28 08:46:42.157 28511 INFO heat.engine.service [req-36a4d99d-d5e9-4d4b-9182-44cb01729a0e - - - - -] Service c4991b42-b929-41c8-92ba-07735294b97d is updated
2017-10-28 08:46:42.184 28532 INFO heat.engine.service [req-45e0d619-daa5-4bd1-bc33-f4f20f853512 - - - - -] Service 5e954547-3083-4e91-b56e-edaec69d9004 is updated
2017-10-28 08:46:42.194 28552 INFO heat.engine.service [req-5dc3a31e-c7e4-4f88-a39d-1f6ec7c834f1 - - - - -] Service e9eaa51d-d288-442a-bc48-944d997543a3 is updated
2017-10-28 08:46:42.204 28513 INFO heat.engine.service [req-cc69a1a7-d487-4363-b317-1451ef4d74b2 - - - - -] Service 5ce1d5ea-a507-4dce-98d2-430354f1824f is updated
2017-10-28 08:46:42.218 28523 INFO heat.engine.service [req-4ceff4ae-8377-4d6e-8cc1-3087e5e8548b - - - - -] Service d7cc827c-6c72-4bc7-9c27-48fae872f1b6 is updated
2017-10-28 08:46:42.238 28538 INFO heat.engine.service [req-74531696-2ef7-4664-bad7-54ea6bc3c7b5 - - - - -] Service 174f2dbb-df8a-4407-b210-723a658db9cb is updated
2017-10-28 08:46:42.251 28516 INFO heat.engine.service [req-99e1c5cb-f475-4651-9a25-bb44296f7fb7 - - - - -] Service 2d84e3bb-febf-485e-87fe-d93b4c80d1c4 is updated
2017-10-28 08:46:42.254 28561 INFO heat.engine.service [req-324dc78e-9d6e-4f4f-8096-05cec813f6b8 - - - - -] Service 5320c9fe-fd90-45e2-9c81-06f88b38f36b is updated
2017-10-28 08:46:42.269 28564 INFO heat.engine.service [req-115a8d90-bc85-4d15-b63b-b0efb58877a7 - - - - -] Service 8f50a07c-7ad8-4a6d-a9d3-37e4c8f0ba53 is updated
2017-10-28 08:46:42.271 28520 INFO heat.engine.service [req-bb5f3b46-0a4d-4f6f-8e4e-a7bb6e2ec4d1 - - - - -] Service 4afb81d2-1ea2-4a4b-bc5f-b909623e3e74 is updated
2017-10-28 08:46:42.275 28562 INFO heat.engine.service [req-9c2c5143-d926-4a07-b3e4-f081fc8b5fce - - - - -] Service b207e39f-b808-4c6c-8285-bd415d13ec10 is updated
2017-10-28 08:46:42.291 28510 INFO heat.engine.service [req-fb0e0aaf-75a9-44e1-958b-e1787b6f29e1 - - - - -] Service 4669f065-a489-481e-9850-91a9f44bc077 is updated
2017-10-28 08:46:42.296 28536 INFO heat.engine.service [req-e25e5ad2-2f8d-4d8e-bd44-2321fbb4d211 - - - - -] Service 98ecc1ea-b227-42dc-82e7-30ac1ed9fca4 is updated
2017-10-28 08:46:42.349 28560 INFO heat.engine.service [req-28b9fcfd-4ab8-4005-8ece-f130dbe90d9c - - - - -] Service 3b95e8e7-8709-45d2-a464-bac772180735 is updated
2017-10-28 08:46:42.379 28563 INFO heat.engine.service [req-e6fc0e5f-cb33-4da4-ae5c-6a59ee4b79f3 - - - - -] Service 4eca1835-2fb1-450f-b336-3867986a581d is updated
2017-10-28 08:46:42.382 28557 INFO heat.engine.service [req-e43f9a95-dd98-4b2e-91f8-bb943a5e67d1 - - - - -] Service 98f930a8-31b2-4e4d-8712-9e6fea660e73 is updated
2017-10-28 08:46:42.417 28519 INFO heat.engine.service [req-9d5334dc-fa25-44d1-ade2-a1ea25bf3982 - - - - -] Service 7d2457db-265f-4f09-a7ed-68db183e0384 is updated
2017-10-28 08:46:42.431 28533 INFO heat.engine.service [req-6fbaf6e7-e080-4829-b3f1-c9ea5d88cea4 - - - - -] Service 3a35d7bf-f1bd-4589-a5c3-8000c3b24793 is updated
2017-10-28 08:46:42.433 28524 INFO heat.engine.service [req-646e4df4-6bdf-459c-918d-3541d24f294f - - - - -] Service 2f511c44-ddf4-43a7-9fd0-41f210a8b669 is updated
2017-10-28 08:46:42.507 28547 INFO heat.engine.service [req-d6d3f484-20e9-4f51-aa18-1c5750486709 - - - - -] Service 25707d32-efb1-423a-b2d4-e11dfe67bcdc is updated
2017-10-28 08:46:42.509 28517 INFO heat.engine.service [req-0befe1d8-b149-46ea-a2b0-7b44e993ccbe - - - - -] Service 750cf73f-337d-432c-9d53-30fab548b45c is updated
2017-10-28 08:46:42.531 28541 INFO heat.engine.service [req-e93bba64-8b2d-4ed2-b1be-bd278934541c - - - - -] Service 28f76f02-d340-4517-9f1d-cb1f7fd704ac is updated
2017-10-28 08:46:42.541 28534 INFO heat.engine.service [req-5f9f75d6-a1eb-4c3a-b1aa-7df4ba92dfe8 - - - - -] Service 7cdf9070-e34d-436d-aa75-65b1eb388638 is updated
2017-10-28 08:46:42.542 28554 INFO heat.engine.service [req-921d670c-a729-4aaa-ab13-5a9e7de55a04 - - - - -] Service c7479ed7-747a-48d4-9a5a-b7161a57c39e is updated
2017-10-28 08:46:42.544 28549 INFO heat.engine.service [req-baf4e90e-fa82-4f76-8c25-b52e4a13518c - - - - -] Service 8942a6af-7411-45cf-9672-1c7d3127c49f is updated
2017-10-28 08:46:42.551 28537 INFO heat.engine.service [req-ec20bbab-db91-410e-af2c-6576fad23985 - - - - -] Service fd1e41c5-b76e-4f95-9fd6-4a9c3d626081 is updated
2017-10-28 08:46:42.561 28530 INFO heat.engine.service [req-20915287-2516-4e4f-92b3-8df8a6705803 - - - - -] Service caf6df39-f07f-489e-9581-9b70becae9e2 is updated
2017-10-28 08:46:42.598 28512 INFO heat.engine.service [req-5c33d22b-add3-4ae5-a3ab-2407dca490ce - - - - -] Service fc9cbb06-6f7c-4b69-b947-05f204b3ce3c is updated
2017-10-28 08:46:42.610 28556 INFO heat.engine.service [req-3a58d3d7-13a1-40ef-9060-c5876e895131 - - - - -] Service 30227806-eb6a-421b-b64b-1f4e769dde97 is updated
2017-10-28 08:46:42.616 28518 INFO heat.engine.service [req-c628f45e-3d0f-48e1-a57b-079bb00dd0f5 - - - - -] Service dd24efbc-8915-43d4-af30-b40fa3b43c47 is updated
2017-10-28 08:46:42.644 28535 INFO heat.engine.service [req-111b5c93-684c-43d3-9a84-22798af49d3f - - - - -] Service fb8da2fb-0ff3-4afc-956a-7d78b638efc3 is updated
2017-10-28 08:46:42.662 28515 INFO heat.engine.service [req-770aeaf6-8096-4ecd-99b4-190f94925107 - - - - -] Service 1a670f48-191d-4af2-ba9b-d59280a34029 is updated
2017-10-28 08:46:42.667 28551 INFO heat.engine.service [req-3bcb7a86-6757-416c-9bb0-0b6916715b3f - - - - -] Service 560cd9d1-ade5-4123-8efe-4822dbddfe23 is updated
2017-10-28 08:46:42.667 28558 INFO heat.engine.service [req-2aa4c32d-f9c4-497d-a740-72139e80c739 - - - - -] Service ce91c6b2-92c3-4791-9658-c7753c86c265 is updated
2017-10-28 08:46:42.698 28550 INFO heat.engine.service [req-89426a4d-0f0d-401e-9457-a5ed211dd4b9 - - - - -] Service ac79e68c-b408-42b8-9a3f-aaa256fcf8f0 is updated
2017-10-28 08:46:42.715 28555 INFO heat.engine.service [req-47b3afce-e4e9-477c-afd9-798a66ac6904 - - - - -] Service 6b1b66de-35d9-4105-bcd5-aa680ffcddec is updated
2017-10-28 08:46:42.716 28525 INFO heat.engine.service [req-9f4df4d9-80be-415a-89ec-e3ec837c244f - - - - -] Service 12fa1fd5-3e02-4695-9acb-ecf6d0c6be7e is updated
2017-10-28 08:46:42.716 28540 INFO heat.engine.service [req-2d3eab28-f6a3-4695-b48d-9d2d76c8efc2 - - - - -] Service 48ab0354-0cc3-4574-8b4b-39578b4811f9 is updated
2017-10-28 08:46:42.719 28521 INFO heat.engine.service [req-0448ace2-580a-4f4c-ba6d-fe73a70cf960 - - - - -] Service d42598ab-5331-4bf4-a271-327e00c8675f is updated
2017-10-28 08:46:42.724 28531 INFO heat.engine.service [req-25b95ddf-af68-40e6-ac53-523438ad489a - - - - -] Service ff837399-1603-480b-89cf-1947330a42ab is updated
2017-10-28 08:46:42.844 28559 INFO heat.engine.service [req-52d5ae11-b85b-4385-b29c-eb73292077ab - - - - -] Service d321ca62-b768-43f2-9c4f-f4308f362b40 is updated
2017-10-28 08:46:43.029 28539 INFO heat.engine.service [req-5afdc8c0-929c-4ff0-84ae-cc67cd20db35 - - - - -] Service 75a95404-a1b5-44f6-ba31-90e0e95c8ad0 is updated
2017-10-28 08:46:44.257 28514 INFO heat.engine.service [req-3692c2ef-3501-49ad-8353-28ecfa642f5c - - - - -] Service c1ca77d3-4c81-441a-914c-e8e1795d0819 is updated
2017-10-28 08:47:42.000 28529 INFO heat.engine.service [req-e54c9037-5d54-4409-b9cd-f53f64bd7727 - - - - -] Service 4e596928-014f-46fe-904b-2c69d0122faa is updated
2017-10-28 08:47:42.108 28553 INFO heat.engine.service [req-d7a8811b-88da-4137-b145-f50bbae6f66e - - - - -] Service 1231c634-a611-4552-9733-0bcd0229559d is updated
2017-10-28 08:47:42.118 28522 INFO heat.engine.service [req-8d84df41-d7ff-4316-ad26-e912f4985a4f - - - - -] Service 0b05fddd-7118-49f7-b698-e81b89f80dd0 is updated
2017-10-28 08:47:42.150 28542 INFO heat.engine.service [req-b40c916b-7b21-4dc5-b8a7-f624d0ea5529 - - - - -] Service 94a1afb2-8a32-439d-ab8f-e06a961e4433 is updated
2017-10-28 08:47:42.153 28511 INFO heat.engine.service [req-b3c8ab12-4fc3-4d80-88ac-c25978365f4b - - - - -] Service c4991b42-b929-41c8-92ba-07735294b97d is updated
2017-10-28 08:47:42.153 28527 INFO heat.engine.service [req-ddbdf97e-6c8f-480d-bd6b-b9550de09d19 - - - - -] Service 27b05062-f4e2-41b9-a5a1-b78a8e7a7cab is updated
2017-10-28 08:47:42.181 28532 INFO heat.engine.service [req-bade3a84-baf5-404c-93ae-b6f703522c49 - - - - -] Service 5e954547-3083-4e91-b56e-edaec69d9004 is updated
2017-10-28 08:47:42.192 28552 INFO heat.engine.service [req-c6e76025-ea78-4d75-954e-16fa35c0898a - - - - -] Service e9eaa51d-d288-442a-bc48-944d997543a3 is updated
2017-10-28 08:47:42.201 28513 INFO heat.engine.service [req-4b7a0c07-b11a-4fe8-ae95-9cf3af0904ae - - - - -] Service 5ce1d5ea-a507-4dce-98d2-430354f1824f is updated
2017-10-28 08:47:42.214 28523 INFO heat.engine.service [req-37ade590-42f1-447a-ab67-97c1a6d83c70 - - - - -] Service d7cc827c-6c72-4bc7-9c27-48fae872f1b6 is updated
2017-10-28 08:47:42.234 28538 INFO heat.engine.service [req-5e210a50-d897-42af-b209-da6087ff0249 - - - - -] Service 174f2dbb-df8a-4407-b210-723a658db9cb is updated
2017-10-28 08:47:42.247 28516 INFO heat.engine.service [req-ffc317ec-77da-4eca-bb63-c74db2d9d819 - - - - -] Service 2d84e3bb-febf-485e-87fe-d93b4c80d1c4 is updated
2017-10-28 08:47:42.251 28561 INFO heat.engine.service [req-ec9206ce-d6a9-45e8-a6cb-c935cfaf4b09 - - - - -] Service 5320c9fe-fd90-45e2-9c81-06f88b38f36b is updated
2017-10-28 08:47:42.266 28564 INFO heat.engine.service [req-ac4bcabd-fa2e-4843-b179-c4da43216c93 - - - - -] Service 8f50a07c-7ad8-4a6d-a9d3-37e4c8f0ba53 is updated
2017-10-28 08:47:42.271 28520 INFO heat.engine.service [req-4fb6729d-b320-40d1-a82b-5319d4a594fe - - - - -] Service 4afb81d2-1ea2-4a4b-bc5f-b909623e3e74 is updated
2017-10-28 08:47:42.275 28562 INFO heat.engine.service [req-1717d3f8-7e10-4b8b-ac12-92719784c38a - - - - -] Service b207e39f-b808-4c6c-8285-bd415d13ec10 is updated
2017-10-28 08:47:42.289 28510 INFO heat.engine.service [req-24489385-71a3-4b06-99a3-098d0e826b40 - - - - -] Service 4669f065-a489-481e-9850-91a9f44bc077 is updated
2017-10-28 08:47:42.293 28536 INFO heat.engine.service [req-141cf352-f55e-4780-a98b-f0b50b3034c6 - - - - -] Service 98ecc1ea-b227-42dc-82e7-30ac1ed9fca4 is updated
2017-10-28 08:47:42.347 28560 INFO heat.engine.service [req-7d82a737-aa41-4b21-8533-ae826f7360a6 - - - - -] Service 3b95e8e7-8709-45d2-a464-bac772180735 is updated
2017-10-28 08:47:42.377 28563 INFO heat.engine.service [req-ad98f875-7da5-4870-9790-05d7be7fec48 - - - - -] Service 4eca1835-2fb1-450f-b336-3867986a581d is updated
2017-10-28 08:47:42.378 28557 INFO heat.engine.service [req-a5ac21fb-a384-4e7b-915c-85e915a3abac - - - - -] Service 98f930a8-31b2-4e4d-8712-9e6fea660e73 is updated
2017-10-28 08:47:42.416 28519 INFO heat.engine.service [req-ab57e8f7-1bf0-460b-b95e-85bd767663bb - - - - -] Service 7d2457db-265f-4f09-a7ed-68db183e0384 is updated
2017-10-28 08:47:42.432 28524 INFO heat.engine.service [req-f8c2c30e-e437-4e8b-b459-8a910d7f14bd - - - - -] Service 2f511c44-ddf4-43a7-9fd0-41f210a8b669 is updated
2017-10-28 08:47:42.437 28533 INFO heat.engine.service [req-14f7e332-23f8-4cd8-b275-7958540c4361 - - - - -] Service 3a35d7bf-f1bd-4589-a5c3-8000c3b24793 is updated
2017-10-28 08:47:42.505 28517 INFO heat.engine.service [req-31d8f9a2-a0e5-4131-af26-140a8d30bb7b - - - - -] Service 750cf73f-337d-432c-9d53-30fab548b45c is updated
2017-10-28 08:47:42.505 28547 INFO heat.engine.service [req-421dde67-75b9-461d-9eb6-b86454e01388 - - - - -] Service 25707d32-efb1-423a-b2d4-e11dfe67bcdc is updated
2017-10-28 08:47:42.529 28541 INFO heat.engine.service [req-2f21d55b-021c-4209-af80-6315c9849bdc - - - - -] Service 28f76f02-d340-4517-9f1d-cb1f7fd704ac is updated
2017-10-28 08:47:42.539 28534 INFO heat.engine.service [req-874e0a01-90a0-4355-be9e-952d5221a8be - - - - -] Service 7cdf9070-e34d-436d-aa75-65b1eb388638 is updated
2017-10-28 08:47:42.540 28554 INFO heat.engine.service [req-435b3506-4e2c-456b-b6ca-185914d38b72 - - - - -] Service c7479ed7-747a-48d4-9a5a-b7161a57c39e is updated
2017-10-28 08:47:42.542 28549 INFO heat.engine.service [req-b4c8bfa4-333c-4ba8-b8c3-97c3e1bc7bed - - - - -] Service 8942a6af-7411-45cf-9672-1c7d3127c49f is updated
2017-10-28 08:47:42.551 28537 INFO heat.engine.service [req-011fff16-d05d-4604-be67-20b9c400f109 - - - - -] Service fd1e41c5-b76e-4f95-9fd6-4a9c3d626081 is updated
2017-10-28 08:47:42.559 28530 INFO heat.engine.service [req-a8c342f1-5706-4c04-89e7-ca6c2dcd823f - - - - -] Service caf6df39-f07f-489e-9581-9b70becae9e2 is updated
2017-10-28 08:47:42.597 28512 INFO heat.engine.service [req-408d5b8d-d6af-49c8-924d-42bab6e4e4d6 - - - - -] Service fc9cbb06-6f7c-4b69-b947-05f204b3ce3c is updated
2017-10-28 08:47:42.608 28556 INFO heat.engine.service [req-db3b7b60-1fda-4c7c-bc16-ac7abe80dcde - - - - -] Service 30227806-eb6a-421b-b64b-1f4e769dde97 is updated
2017-10-28 08:47:42.612 28518 INFO heat.engine.service [req-174258e6-fbef-4599-875f-16f1dafcc535 - - - - -] Service dd24efbc-8915-43d4-af30-b40fa3b43c47 is updated
2017-10-28 08:47:42.641 28535 INFO heat.engine.service [req-d03739df-83b3-4c73-a626-971807d7acbf - - - - -] Service fb8da2fb-0ff3-4afc-956a-7d78b638efc3 is updated
2017-10-28 08:47:42.659 28515 INFO heat.engine.service [req-1b7a31d0-ea57-4f04-8e12-19a352ce9c82 - - - - -] Service 1a670f48-191d-4af2-ba9b-d59280a34029 is updated
2017-10-28 08:47:42.664 28551 INFO heat.engine.service [req-1b4e58e4-7494-4ef2-964b-3e404ab370ff - - - - -] Service 560cd9d1-ade5-4123-8efe-4822dbddfe23 is updated
2017-10-28 08:47:42.664 28558 INFO heat.engine.service [req-ab5c000a-0c3d-4987-aae9-56594bdf18d6 - - - - -] Service ce91c6b2-92c3-4791-9658-c7753c86c265 is updated
2017-10-28 08:47:42.696 28550 INFO heat.engine.service [req-abf19679-4378-493d-8e48-c880abccb817 - - - - -] Service ac79e68c-b408-42b8-9a3f-aaa256fcf8f0 is updated
2017-10-28 08:47:42.711 28555 INFO heat.engine.service [req-8d264488-1d5d-461a-8bcc-ce41edd3e0aa - - - - -] Service 6b1b66de-35d9-4105-bcd5-aa680ffcddec is updated
2017-10-28 08:47:42.711 28525 INFO heat.engine.service [req-c18e234f-9e8b-4214-810f-fb78640c42b2 - - - - -] Service 12fa1fd5-3e02-4695-9acb-ecf6d0c6be7e is updated
2017-10-28 08:47:42.714 28540 INFO heat.engine.service [req-f8f60ab5-5b4f-4b63-bdd4-ec1c9647f3c1 - - - - -] Service 48ab0354-0cc3-4574-8b4b-39578b4811f9 is updated
2017-10-28 08:47:42.714 28521 INFO heat.engine.service [req-6cf59641-83ee-4dea-89a9-78f252bac60a - - - - -] Service d42598ab-5331-4bf4-a271-327e00c8675f is updated
2017-10-28 08:47:42.729 28531 INFO heat.engine.service [req-44e6f1ea-a2b8-4306-8e46-8456f09806a0 - - - - -] Service ff837399-1603-480b-89cf-1947330a42ab is updated
2017-10-28 08:47:42.855 28559 INFO heat.engine.service [req-cfa28785-2b62-4e70-8fd8-5d7b4bb18148 - - - - -] Service d321ca62-b768-43f2-9c4f-f4308f362b40 is updated
2017-10-28 08:47:43.026 28539 INFO heat.engine.service [req-2071f7e9-2d76-43ab-8a30-ba1466077d72 - - - - -] Service 75a95404-a1b5-44f6-ba31-90e0e95c8ad0 is updated
2017-10-28 08:47:44.255 28514 INFO heat.engine.service [req-753d4b21-f1b8-47fb-bd6e-7b0c93288839 - - - - -] Service c1ca77d3-4c81-441a-914c-e8e1795d0819 is updated
2017-10-28 08:48:41.998 28529 INFO heat.engine.service [req-2d1756c7-f21e-4282-a309-ff51ea808114 - - - - -] Service 4e596928-014f-46fe-904b-2c69d0122faa is updated
2017-10-28 08:48:42.104 28553 INFO heat.engine.service [req-984127ca-3e69-4546-bb5c-f7dd237ed920 - - - - -] Service 1231c634-a611-4552-9733-0bcd0229559d is updated
2017-10-28 08:48:42.114 28522 INFO heat.engine.service [req-f580261a-e236-4141-b61d-f5e96fbe2684 - - - - -] Service 0b05fddd-7118-49f7-b698-e81b89f80dd0 is updated
2017-10-28 08:48:42.149 28542 INFO heat.engine.service [req-88216d87-b596-4399-8414-36a27eb726c6 - - - - -] Service 94a1afb2-8a32-439d-ab8f-e06a961e4433 is updated
2017-10-28 08:48:42.150 28511 INFO heat.engine.service [req-43d77182-1a2f-480b-9cda-fd78500f0de8 - - - - -] Service c4991b42-b929-41c8-92ba-07735294b97d is updated
2017-10-28 08:48:42.154 28527 INFO heat.engine.service [req-9dcf7b35-0556-4aa2-ab47-f6d0189bc80a - - - - -] Service 27b05062-f4e2-41b9-a5a1-b78a8e7a7cab is updated
2017-10-28 08:48:42.178 28532 INFO heat.engine.service [req-881f0663-99eb-4562-b8bd-7591a1975876 - - - - -] Service 5e954547-3083-4e91-b56e-edaec69d9004 is updated
2017-10-28 08:48:42.187 28552 INFO heat.engine.service [req-0fa7c99d-ccd0-4780-99e8-6f923d56e085 - - - - -] Service e9eaa51d-d288-442a-bc48-944d997543a3 is updated
2017-10-28 08:48:42.198 28513 INFO heat.engine.service [req-1e167062-b991-42af-9266-07772a95f958 - - - - -] Service 5ce1d5ea-a507-4dce-98d2-430354f1824f is updated
2017-10-28 08:48:42.210 28523 INFO heat.engine.service [req-ce6194d3-0b9f-475a-89ed-2081f719c4e6 - - - - -] Service d7cc827c-6c72-4bc7-9c27-48fae872f1b6 is updated
2017-10-28 08:48:42.232 28538 INFO heat.engine.service [req-a5f3ae3a-03a6-478b-ab87-dd348c4ae2fc - - - - -] Service 174f2dbb-df8a-4407-b210-723a658db9cb is updated
2017-10-28 08:48:42.244 28516 INFO heat.engine.service [req-10ee217f-b6ba-4d9a-bb68-48be664df9a7 - - - - -] Service 2d84e3bb-febf-485e-87fe-d93b4c80d1c4 is updated
2017-10-28 08:48:42.246 28561 INFO heat.engine.service [req-35338a27-3683-4eb8-a668-e76733520313 - - - - -] Service 5320c9fe-fd90-45e2-9c81-06f88b38f36b is updated
2017-10-28 08:48:42.262 28564 INFO heat.engine.service [req-291fc8a8-d401-4eda-89f2-f6e82ec588b3 - - - - -] Service 8f50a07c-7ad8-4a6d-a9d3-37e4c8f0ba53 is updated
2017-10-28 08:48:42.268 28520 INFO heat.engine.service [req-a3ad22a7-239e-490f-b1e9-96e555f365c8 - - - - -] Service 4afb81d2-1ea2-4a4b-bc5f-b909623e3e74 is updated
2017-10-28 08:48:42.271 28562 INFO heat.engine.service [req-5cea1898-6ce5-465d-8073-0c4790fad30a - - - - -] Service b207e39f-b808-4c6c-8285-bd415d13ec10 is updated
2017-10-28 08:48:42.287 28510 INFO heat.engine.service [req-e44797c3-a00c-4ea0-bf83-06e76bf3fbb7 - - - - -] Service 4669f065-a489-481e-9850-91a9f44bc077 is updated
2017-10-28 08:48:42.290 28536 INFO heat.engine.service [req-764b5186-ed1a-4893-8083-7f0565461dfc - - - - -] Service 98ecc1ea-b227-42dc-82e7-30ac1ed9fca4 is updated
2017-10-28 08:48:42.344 28560 INFO heat.engine.service [req-0daba38b-2b2e-4f9f-af54-d8ec98b3134e - - - - -] Service 3b95e8e7-8709-45d2-a464-bac772180735 is updated
2017-10-28 08:48:42.372 28563 INFO heat.engine.service [req-bb94f034-071f-412a-abb8-7ff378b1108f - - - - -] Service 4eca1835-2fb1-450f-b336-3867986a581d is updated
2017-10-28 08:48:42.375 28557 INFO heat.engine.service [req-3c71b97f-6da0-4d98-9d7a-70769ad599db - - - - -] Service 98f930a8-31b2-4e4d-8712-9e6fea660e73 is updated
2017-10-28 08:48:42.413 28519 INFO heat.engine.service [req-3736aaa1-aae1-49b6-a0ca-3d010ec79123 - - - - -] Service 7d2457db-265f-4f09-a7ed-68db183e0384 is updated
2017-10-28 08:48:42.429 28524 INFO heat.engine.service [req-5e9a6977-c70c-4bb3-98d1-f8499f054123 - - - - -] Service 2f511c44-ddf4-43a7-9fd0-41f210a8b669 is updated
2017-10-28 08:48:42.434 28533 INFO heat.engine.service [req-a2d1323c-2624-4362-b92a-404e2ef566bf - - - - -] Service 3a35d7bf-f1bd-4589-a5c3-8000c3b24793 is updated
2017-10-28 08:48:42.502 28517 INFO heat.engine.service [req-092e8ee6-617e-4736-9d48-6ad6b4c23a06 - - - - -] Service 750cf73f-337d-432c-9d53-30fab548b45c is updated
2017-10-28 08:48:42.503 28547 INFO heat.engine.service [req-25fc57b1-25bd-47b5-b895-11a2db7655bf - - - - -] Service 25707d32-efb1-423a-b2d4-e11dfe67bcdc is updated
2017-10-28 08:48:42.526 28541 INFO heat.engine.service [req-017bfd0f-2d95-4c97-a96d-7f0f656a9296 - - - - -] Service 28f76f02-d340-4517-9f1d-cb1f7fd704ac is updated
2017-10-28 08:48:42.537 28534 INFO heat.engine.service [req-178c76d7-b784-4dd3-ae2d-20dc3a6ff39b - - - - -] Service 7cdf9070-e34d-436d-aa75-65b1eb388638 is updated
2017-10-28 08:48:42.537 28549 INFO heat.engine.service [req-e6499539-1cc3-473a-806a-4f5a7089f829 - - - - -] Service 8942a6af-7411-45cf-9672-1c7d3127c49f is updated
2017-10-28 08:48:42.537 28554 INFO heat.engine.service [req-582a47c2-08a4-40c4-b538-3b0bcac9d50a - - - - -] Service c7479ed7-747a-48d4-9a5a-b7161a57c39e is updated
2017-10-28 08:48:42.549 28537 INFO heat.engine.service [req-a4fbf18b-4a57-4c97-9f25-57d50442bbd1 - - - - -] Service fd1e41c5-b76e-4f95-9fd6-4a9c3d626081 is updated
2017-10-28 08:48:42.555 28530 INFO heat.engine.service [req-0462090d-d165-49af-ba86-77445a5a22b8 - - - - -] Service caf6df39-f07f-489e-9581-9b70becae9e2 is updated
2017-10-28 08:48:42.597 28512 INFO heat.engine.service [req-8a19cb00-b318-4d11-86e6-a06f62da32d1 - - - - -] Service fc9cbb06-6f7c-4b69-b947-05f204b3ce3c is updated
2017-10-28 08:48:42.605 28556 INFO heat.engine.service [req-27d18ee6-10a9-47be-a73e-7f742e932dd0 - - - - -] Service 30227806-eb6a-421b-b64b-1f4e769dde97 is updated
2017-10-28 08:48:42.612 28518 INFO heat.engine.service [req-50bd22cf-8c5c-49fa-83be-f65d5ade4e9b - - - - -] Service dd24efbc-8915-43d4-af30-b40fa3b43c47 is updated
2017-10-28 08:48:42.638 28535 INFO heat.engine.service [req-25ed80dd-4ed4-46d7-a9e3-ef878a03535e - - - - -] Service fb8da2fb-0ff3-4afc-956a-7d78b638efc3 is updated
2017-10-28 08:48:42.657 28515 INFO heat.engine.service [req-1694f7b6-3900-4dac-a4cd-8bb76377b86c - - - - -] Service 1a670f48-191d-4af2-ba9b-d59280a34029 is updated
2017-10-28 08:48:42.660 28558 INFO heat.engine.service [req-db5f9c8a-4ac4-4d50-88a3-abc9f26b9b8e - - - - -] Service ce91c6b2-92c3-4791-9658-c7753c86c265 is updated
2017-10-28 08:48:42.660 28551 INFO heat.engine.service [req-017e7611-b910-4ef9-a18b-97f30ee802f7 - - - - -] Service 560cd9d1-ade5-4123-8efe-4822dbddfe23 is updated
2017-10-28 08:48:42.693 28550 INFO heat.engine.service [req-18f95e56-f8e4-493d-aaf3-b732d9c0206e - - - - -] Service ac79e68c-b408-42b8-9a3f-aaa256fcf8f0 is updated
2017-10-28 08:48:42.707 28555 INFO heat.engine.service [req-1a3de7e0-16e0-4e15-978a-ba2d76388cec - - - - -] Service 6b1b66de-35d9-4105-bcd5-aa680ffcddec is updated
2017-10-28 08:48:42.709 28525 INFO heat.engine.service [req-4852b813-e74a-431f-9a54-e54270d72d2b - - - - -] Service 12fa1fd5-3e02-4695-9acb-ecf6d0c6be7e is updated
2017-10-28 08:48:42.710 28540 INFO heat.engine.service [req-a7cc3c36-7950-422c-b462-fc586714e9a0 - - - - -] Service 48ab0354-0cc3-4574-8b4b-39578b4811f9 is updated
2017-10-28 08:48:42.710 28521 INFO heat.engine.service [req-94b0d998-fab9-4684-85e4-942c426f513d - - - - -] Service d42598ab-5331-4bf4-a271-327e00c8675f is updated
2017-10-28 08:48:42.736 28531 INFO heat.engine.service [req-cea6112a-01c1-48f1-8b07-ccdd557d57ce - - - - -] Service ff837399-1603-480b-89cf-1947330a42ab is updated
2017-10-28 08:48:42.852 28559 INFO heat.engine.service [req-11a12d51-3fed-4c26-9899-31e820b26d53 - - - - -] Service d321ca62-b768-43f2-9c4f-f4308f362b40 is updated
2017-10-28 08:48:43.023 28539 INFO heat.engine.service [req-8f3a37fc-5ad8-4fc1-9c60-8a0c49a93adc - - - - -] Service 75a95404-a1b5-44f6-ba31-90e0e95c8ad0 is updated
2017-10-28 08:48:44.253 28514 INFO heat.engine.service [req-5bcbea67-8e1d-4c56-922a-bda83fce55ba - - - - -] Service c1ca77d3-4c81-441a-914c-e8e1795d0819 is updated
2017-10-28 08:49:41.995 28529 INFO heat.engine.service [req-5b1c49da-5fdd-4b76-a3f3-41289f105563 - - - - -] Service 4e596928-014f-46fe-904b-2c69d0122faa is updated
2017-10-28 08:49:42.102 28553 INFO heat.engine.service [req-4f99c471-39a3-46bb-bbbc-058a26264ea2 - - - - -] Service 1231c634-a611-4552-9733-0bcd0229559d is updated
2017-10-28 08:49:42.111 28522 INFO heat.engine.service [req-8925007d-50e6-450e-b3c7-ecf54e1c13f1 - - - - -] Service 0b05fddd-7118-49f7-b698-e81b89f80dd0 is updated
2017-10-28 08:49:42.145 28542 INFO heat.engine.service [req-285bf6d0-2aba-47de-b613-404bafc36953 - - - - -] Service 94a1afb2-8a32-439d-ab8f-e06a961e4433 is updated
2017-10-28 08:49:42.147 28511 INFO heat.engine.service [req-8dafc6fc-3ddb-4843-8eff-978152223b33 - - - - -] Service c4991b42-b929-41c8-92ba-07735294b97d is updated
2017-10-28 08:49:42.152 28527 INFO heat.engine.service [req-f34723b5-0b28-45ab-91c1-e81bac44ce07 - - - - -] Service 27b05062-f4e2-41b9-a5a1-b78a8e7a7cab is updated
2017-10-28 08:49:42.175 28532 INFO heat.engine.service [req-618b84a6-30fb-45b4-a002-5c8789a5d08d - - - - -] Service 5e954547-3083-4e91-b56e-edaec69d9004 is updated
2017-10-28 08:49:42.194 28552 INFO heat.engine.service [req-86565100-ac32-4d1b-95a0-c477063d8dda - - - - -] Service e9eaa51d-d288-442a-bc48-944d997543a3 is updated
2017-10-28 08:49:42.194 28513 INFO heat.engine.service [req-600b1b5e-e5a9-46d7-a5af-1746ff270158 - - - - -] Service 5ce1d5ea-a507-4dce-98d2-430354f1824f is updated
2017-10-28 08:49:42.208 28523 INFO heat.engine.service [req-1b8d3633-3435-4108-adad-a0efe789d8c1 - - - - -] Service d7cc827c-6c72-4bc7-9c27-48fae872f1b6 is updated
2017-10-28 08:49:42.228 28538 INFO heat.engine.service [req-70bada05-9f8e-4e0e-871d-473a39339e06 - - - - -] Service 174f2dbb-df8a-4407-b210-723a658db9cb is updated
2017-10-28 08:49:42.241 28516 INFO heat.engine.service [req-d5e698df-16e1-4039-97bc-03f8b2e1bdc2 - - - - -] Service 2d84e3bb-febf-485e-87fe-d93b4c80d1c4 is updated
2017-10-28 08:49:42.244 28561 INFO heat.engine.service [req-7f70f764-f7ff-4387-9384-528f0a036f7c - - - - -] Service 5320c9fe-fd90-45e2-9c81-06f88b38f36b is updated
2017-10-28 08:49:42.260 28564 INFO heat.engine.service [req-68c7aaa7-7528-4877-8f79-39fa5c77557e - - - - -] Service 8f50a07c-7ad8-4a6d-a9d3-37e4c8f0ba53 is updated
2017-10-28 08:49:42.265 28520 INFO heat.engine.service [req-4a7163b7-e496-4084-a021-1ff8894995ea - - - - -] Service 4afb81d2-1ea2-4a4b-bc5f-b909623e3e74 is updated
2017-10-28 08:49:42.268 28562 INFO heat.engine.service [req-e99bee4d-0cd0-4a9c-a182-17f0c9ae33b6 - - - - -] Service b207e39f-b808-4c6c-8285-bd415d13ec10 is updated
2017-10-28 08:49:42.284 28510 INFO heat.engine.service [req-e7891c0b-5229-4bbd-ab5f-8bb32395d823 - - - - -] Service 4669f065-a489-481e-9850-91a9f44bc077 is updated
2017-10-28 08:49:42.288 28536 INFO heat.engine.service [req-3ac02b69-ef92-46a8-8c53-fbf1cc1cd328 - - - - -] Service 98ecc1ea-b227-42dc-82e7-30ac1ed9fca4 is updated
2017-10-28 08:49:42.341 28560 INFO heat.engine.service [req-f321486d-1ecd-4c94-8ab9-fca74103a5bd - - - - -] Service 3b95e8e7-8709-45d2-a464-bac772180735 is updated
2017-10-28 08:49:42.372 28557 INFO heat.engine.service [req-0b5bd4c6-5693-4c33-9a7d-4f88464fe24e - - - - -] Service 98f930a8-31b2-4e4d-8712-9e6fea660e73 is updated
2017-10-28 08:49:42.379 28563 INFO heat.engine.service [req-6b1c8e7f-a662-49f8-a951-17ba65000615 - - - - -] Service 4eca1835-2fb1-450f-b336-3867986a581d is updated
2017-10-28 08:49:42.412 28519 INFO heat.engine.service [req-9e9df809-9af6-423c-8a9b-07e54e1be870 - - - - -] Service 7d2457db-265f-4f09-a7ed-68db183e0384 is updated
2017-10-28 08:49:42.425 28524 INFO heat.engine.service [req-3a15994e-6eda-4eb7-b25d-7452e03a13a0 - - - - -] Service 2f511c44-ddf4-43a7-9fd0-41f210a8b669 is updated
2017-10-28 08:49:42.431 28533 INFO heat.engine.service [req-c63c80f4-588a-424d-ae7f-7da561e04914 - - - - -] Service 3a35d7bf-f1bd-4589-a5c3-8000c3b24793 is updated
2017-10-28 08:49:42.499 28517 INFO heat.engine.service [req-dc92dc8b-5038-4362-9e2d-47b29f8db361 - - - - -] Service 750cf73f-337d-432c-9d53-30fab548b45c is updated
2017-10-28 08:49:42.499 28547 INFO heat.engine.service [req-bb2b29b6-8f66-4eb7-ac47-2c96825d0fbc - - - - -] Service 25707d32-efb1-423a-b2d4-e11dfe67bcdc is updated
2017-10-28 08:49:42.524 28541 INFO heat.engine.service [req-2ca7eaf3-1cfe-441b-9ab9-38cd7958ccd2 - - - - -] Service 28f76f02-d340-4517-9f1d-cb1f7fd704ac is updated
2017-10-28 08:49:42.533 28534 INFO heat.engine.service [req-f8d9309d-e795-41d7-8f76-6b9c5ce49a84 - - - - -] Service 7cdf9070-e34d-436d-aa75-65b1eb388638 is updated
2017-10-28 08:49:42.534 28554 INFO heat.engine.service [req-120f69e5-dc0b-4479-941a-fabda8c540a5 - - - - -] Service c7479ed7-747a-48d4-9a5a-b7161a57c39e is updated
2017-10-28 08:49:42.543 28549 INFO heat.engine.service [req-3aef5ecb-171a-4c6f-9071-fef5609f8c15 - - - - -] Service 8942a6af-7411-45cf-9672-1c7d3127c49f is updated
2017-10-28 08:49:42.545 28537 INFO heat.engine.service [req-3ab8dfb8-f1f0-4747-a95f-1d40abecf5df - - - - -] Service fd1e41c5-b76e-4f95-9fd6-4a9c3d626081 is updated
2017-10-28 08:49:42.552 28530 INFO heat.engine.service [req-b90a83fb-4904-4779-a011-4d0661090948 - - - - -] Service caf6df39-f07f-489e-9581-9b70becae9e2 is updated
2017-10-28 08:49:42.594 28512 INFO heat.engine.service [req-749da122-401e-480d-b2d3-8105f434bfa2 - - - - -] Service fc9cbb06-6f7c-4b69-b947-05f204b3ce3c is updated
2017-10-28 08:49:42.601 28556 INFO heat.engine.service [req-819609fd-4bb5-4c66-a03f-fc5e9b688787 - - - - -] Service 30227806-eb6a-421b-b64b-1f4e769dde97 is updated
2017-10-28 08:49:42.610 28518 INFO heat.engine.service [req-3a2bab40-11c6-4615-b819-bd208c880cb1 - - - - -] Service dd24efbc-8915-43d4-af30-b40fa3b43c47 is updated
2017-10-28 08:49:42.636 28535 INFO heat.engine.service [req-f05896f2-e721-4027-a4fa-933cf667167b - - - - -] Service fb8da2fb-0ff3-4afc-956a-7d78b638efc3 is updated
2017-10-28 08:49:42.655 28515 INFO heat.engine.service [req-677946a4-12c7-481f-a717-547950f37dce - - - - -] Service 1a670f48-191d-4af2-ba9b-d59280a34029 is updated
2017-10-28 08:49:42.656 28558 INFO heat.engine.service [req-a4bd7e87-32e4-468d-9e92-931793cd61f6 - - - - -] Service ce91c6b2-92c3-4791-9658-c7753c86c265 is updated
2017-10-28 08:49:42.657 28551 INFO heat.engine.service [req-21a21135-1487-4137-8f6d-ea0761833c54 - - - - -] Service 560cd9d1-ade5-4123-8efe-4822dbddfe23 is updated
2017-10-28 08:49:42.690 28550 INFO heat.engine.service [req-c2612ea8-ef1d-4e09-963f-dc85a225f9a1 - - - - -] Service ac79e68c-b408-42b8-9a3f-aaa256fcf8f0 is updated
2017-10-28 08:49:42.704 28555 INFO heat.engine.service [req-e734f4d4-a54c-40a6-93c7-c8f5a221c654 - - - - -] Service 6b1b66de-35d9-4105-bcd5-aa680ffcddec is updated
2017-10-28 08:49:42.707 28540 INFO heat.engine.service [req-5a34eaf6-023b-48d4-be73-505bfa1953db - - - - -] Service 48ab0354-0cc3-4574-8b4b-39578b4811f9 is updated
2017-10-28 08:49:42.707 28525 INFO heat.engine.service [req-48028a6b-a1c4-4a8f-9499-ebb04bfb56b3 - - - - -] Service 12fa1fd5-3e02-4695-9acb-ecf6d0c6be7e is updated
2017-10-28 08:49:42.709 28521 INFO heat.engine.service [req-e29ebc2e-9606-4888-9ad7-e7080b79f36d - - - - -] Service d42598ab-5331-4bf4-a271-327e00c8675f is updated
2017-10-28 08:49:42.734 28531 INFO heat.engine.service [req-4d35a712-3902-41e3-8738-19726ac46912 - - - - -] Service ff837399-1603-480b-89cf-1947330a42ab is updated
2017-10-28 08:49:42.850 28559 INFO heat.engine.service [req-43ec73f7-c543-4c16-bf76-be14a7d492b5 - - - - -] Service d321ca62-b768-43f2-9c4f-f4308f362b40 is updated
2017-10-28 08:49:43.021 28539 INFO heat.engine.service [req-62f1cb43-2a1c-47d4-b6e1-5f9d3aa3b828 - - - - -] Service 75a95404-a1b5-44f6-ba31-90e0e95c8ad0 is updated
2017-10-28 08:49:44.251 28514 INFO heat.engine.service [req-e50cbf2b-9d11-4ab7-ad22-3ef6c489a4fe - - - - -] Service c1ca77d3-4c81-441a-914c-e8e1795d0819 is updated
2017-10-28 08:50:41.993 28529 INFO heat.engine.service [req-fcbb1e2c-6e4b-4e92-b76d-8bed454ceb5a - - - - -] Service 4e596928-014f-46fe-904b-2c69d0122faa is updated
2017-10-28 08:50:42.100 28553 INFO heat.engine.service [req-cb43baf3-f343-460f-a34a-ac34505a7386 - - - - -] Service 1231c634-a611-4552-9733-0bcd0229559d is updated
2017-10-28 08:50:42.106 28522 INFO heat.engine.service [req-ffd75f3a-e669-420a-8250-22eb421769c0 - - - - -] Service 0b05fddd-7118-49f7-b698-e81b89f80dd0 is updated
2017-10-28 08:50:42.142 28542 INFO heat.engine.service [req-a4e80298-6d15-4fde-b122-f80cb10bc3b0 - - - - -] Service 94a1afb2-8a32-439d-ab8f-e06a961e4433 is updated
2017-10-28 08:50:42.144 28511 INFO heat.engine.service [req-fc5f7a42-edbc-4b95-b261-aec56a4297d5 - - - - -] Service c4991b42-b929-41c8-92ba-07735294b97d is updated
2017-10-28 08:50:42.157 28527 INFO heat.engine.service [req-d83ade06-22e0-4388-a719-5c4050acaa91 - - - - -] Service 27b05062-f4e2-41b9-a5a1-b78a8e7a7cab is updated
2017-10-28 08:50:42.171 28532 INFO heat.engine.service [req-5653f74c-7381-48f4-9a0f-b24500c68bea - - - - -] Service 5e954547-3083-4e91-b56e-edaec69d9004 is updated
2017-10-28 08:50:42.191 28513 INFO heat.engine.service [req-4125f33e-c473-4901-b9d0-7b72153db7f1 - - - - -] Service 5ce1d5ea-a507-4dce-98d2-430354f1824f is updated
2017-10-28 08:50:42.191 28552 INFO heat.engine.service [req-e4a5c4dc-e41a-421d-b783-f453de4ad93c - - - - -] Service e9eaa51d-d288-442a-bc48-944d997543a3 is updated
2017-10-28 08:50:42.206 28523 INFO heat.engine.service [req-40c36454-9d4f-4023-b931-7ecea4fedd5b - - - - -] Service d7cc827c-6c72-4bc7-9c27-48fae872f1b6 is updated
2017-10-28 08:50:42.224 28538 INFO heat.engine.service [req-2fe821f1-aa32-4c02-abfd-786da17123ef - - - - -] Service 174f2dbb-df8a-4407-b210-723a658db9cb is updated
2017-10-28 08:50:42.240 28561 INFO heat.engine.service [req-87dcec03-a291-42d3-bdc7-b95c6ec3b3be - - - - -] Service 5320c9fe-fd90-45e2-9c81-06f88b38f36b is updated
2017-10-28 08:50:42.240 28516 INFO heat.engine.service [req-23337dfe-3156-40a5-b699-5eeaf39b9a32 - - - - -] Service 2d84e3bb-febf-485e-87fe-d93b4c80d1c4 is updated
2017-10-28 08:50:42.256 28564 INFO heat.engine.service [req-78ccd9de-3ee2-43be-ac31-572c16495bfb - - - - -] Service 8f50a07c-7ad8-4a6d-a9d3-37e4c8f0ba53 is updated
2017-10-28 08:50:42.264 28520 INFO heat.engine.service [req-2754b1a9-ffab-4760-b44e-8a0d67789081 - - - - -] Service 4afb81d2-1ea2-4a4b-bc5f-b909623e3e74 is updated
2017-10-28 08:50:42.267 28562 INFO heat.engine.service [req-f6b15ca4-71d2-4391-a1e9-066ac0e8ca15 - - - - -] Service b207e39f-b808-4c6c-8285-bd415d13ec10 is updated
2017-10-28 08:50:42.282 28510 INFO heat.engine.service [req-7f9c60e5-dfe2-48d7-baa8-93aaced3aac8 - - - - -] Service 4669f065-a489-481e-9850-91a9f44bc077 is updated
2017-10-28 08:50:42.286 28536 INFO heat.engine.service [req-660e7383-1a30-49bb-93e0-aae37ff6404b - - - - -] Service 98ecc1ea-b227-42dc-82e7-30ac1ed9fca4 is updated
2017-10-28 08:50:42.340 28560 INFO heat.engine.service [req-063e7f75-c75b-44e1-a07e-32bb731a43b1 - - - - -] Service 3b95e8e7-8709-45d2-a464-bac772180735 is updated
2017-10-28 08:50:42.369 28557 INFO heat.engine.service [req-4aaf4148-96ab-4bb9-a1e1-d24b0a6cf428 - - - - -] Service 98f930a8-31b2-4e4d-8712-9e6fea660e73 is updated
2017-10-28 08:50:42.374 28563 INFO heat.engine.service [req-0e371b51-201c-4ca5-816a-9bffc315394e - - - - -] Service 4eca1835-2fb1-450f-b336-3867986a581d is updated
2017-10-28 08:50:42.408 28519 INFO heat.engine.service [req-1c42945f-ede7-4073-a9b0-00f0b029ed5d - - - - -] Service 7d2457db-265f-4f09-a7ed-68db183e0384 is updated
2017-10-28 08:50:42.423 28524 INFO heat.engine.service [req-a10e1c5e-7760-49b0-9a10-48bb8c77a061 - - - - -] Service 2f511c44-ddf4-43a7-9fd0-41f210a8b669 is updated
2017-10-28 08:50:42.428 28533 INFO heat.engine.service [req-b91bfa4a-e178-4424-8aac-c437261ed062 - - - - -] Service 3a35d7bf-f1bd-4589-a5c3-8000c3b24793 is updated
2017-10-28 08:50:42.497 28517 INFO heat.engine.service [req-21e51738-bead-458a-b614-27b874d0090e - - - - -] Service 750cf73f-337d-432c-9d53-30fab548b45c is updated
2017-10-28 08:50:42.497 28547 INFO heat.engine.service [req-83a8c474-54c6-4684-ae66-44fc11ec7bb8 - - - - -] Service 25707d32-efb1-423a-b2d4-e11dfe67bcdc is updated
2017-10-28 08:50:42.522 28541 INFO heat.engine.service [req-ee4525f5-59d8-4779-8d94-c03af13e400d - - - - -] Service 28f76f02-d340-4517-9f1d-cb1f7fd704ac is updated
2017-10-28 08:50:42.531 28554 INFO heat.engine.service [req-8bf764a8-5d34-44eb-a4b7-ceb9516e0959 - - - - -] Service c7479ed7-747a-48d4-9a5a-b7161a57c39e is updated
2017-10-28 08:50:42.533 28534 INFO heat.engine.service [req-01da9a59-deee-4c44-90f6-1a9a1969f967 - - - - -] Service 7cdf9070-e34d-436d-aa75-65b1eb388638 is updated
2017-10-28 08:50:42.539 28537 INFO heat.engine.service [req-3ee5f423-ae63-49ab-928c-6736670b8a35 - - - - -] Service fd1e41c5-b76e-4f95-9fd6-4a9c3d626081 is updated
2017-10-28 08:50:42.541 28549 INFO heat.engine.service [req-1a9e51c7-4ab3-456c-b00a-6b9e83ba6886 - - - - -] Service 8942a6af-7411-45cf-9672-1c7d3127c49f is updated
2017-10-28 08:50:42.551 28530 INFO heat.engine.service [req-c7df7f42-41c3-4ed8-881c-86443772a6e2 - - - - -] Service caf6df39-f07f-489e-9581-9b70becae9e2 is updated
