2017-10-28 08:31:42.640 28512 INFO heat.engine.service [req-f08dbc27-94d3-4a62-8317-85aeaf91c67f - - - - -] Service fc9cbb06-6f7c-4b69-b947-05f204b3ce3c is updated
2017-10-28 08:31:42.643 28556 INFO heat.engine.service [req-aa9f1a32-90e9-4c1a-9344-16b28e0a7eed - - - - -] Service 30227806-eb6a-421b-b64b-1f4e769dde97 is updated
2017-10-28 08:31:42.644 28518 INFO heat.engine.service [req-bfa3c430-a1af-4f00-9f2d-3529d3fc6632 - - - - -] Service dd24efbc-8915-43d4-af30-b40fa3b43c47 is updated
2017-10-28 08:31:42.657 28535 INFO heat.engine.service [req-28d1e0db-909f-4d7a-8b28-f262971a95fe - - - - -] Service fb8da2fb-0ff3-4afc-956a-7d78b638efc3 is updated
2017-10-28 08:31:42.680 28515 INFO heat.engine.service [req-33542ce3-d9c1-4b72-8564-6dc5e908f7d6 - - - - -] Service 1a670f48-191d-4af2-ba9b-d59280a34029 is updated
2017-10-28 08:31:42.686 28551 INFO heat.engine.service [req-cbdd4003-aa11-4ac7-bf76-d8d00fe9313a - - - - -] Service 560cd9d1-ade5-4123-8efe-4822dbddfe23 is updated
2017-10-28 08:31:42.687 28558 INFO heat.engine.service [req-4df095e0-a055-44f7-aae2-9060bea1bca8 - - - - -] Service ce91c6b2-92c3-4791-9658-c7753c86c265 is updated
2017-10-28 08:31:42.709 28540 INFO heat.engine.service [req-197e24f4-3cbd-4acb-a79b-2e91369d5bb0 - - - - -] Service 48ab0354-0cc3-4574-8b4b-39578b4811f9 is updated
2017-10-28 08:31:42.719 28555 INFO heat.engine.service [req-9cc3edce-962f-4d99-9082-1551fb9f20de - - - - -] Service 6b1b66de-35d9-4105-bcd5-aa680ffcddec is updated
2017-10-28 08:31:42.720 28521 INFO heat.engine.service [req-d61f2666-5f07-4db8-a849-f18d7ab4c1ed - - - - -] Service d42598ab-5331-4bf4-a271-327e00c8675f is updated
2017-10-28 08:31:42.725 28531 INFO heat.engine.service [req-2a12505b-644f-4341-b69c-6ac1ed2ab91e - - - - -] Service ff837399-1603-480b-89cf-1947330a42ab is updated
2017-10-28 08:31:42.733 28550 INFO heat.engine.service [req-8c55cbc4-1f4d-482e-9e43-905f42e0b8c3 - - - - -] Service ac79e68c-b408-42b8-9a3f-aaa256fcf8f0 is updated
2017-10-28 08:31:42.751 28525 INFO heat.engine.service [req-89b150a6-0b2d-45d3-a264-0679b3095782 - - - - -] Service 12fa1fd5-3e02-4695-9acb-ecf6d0c6be7e is updated
2017-10-28 08:31:42.865 28559 INFO heat.engine.service [req-55002613-02b4-42cf-a572-d734109438f1 - - - - -] Service d321ca62-b768-43f2-9c4f-f4308f362b40 is updated
2017-10-28 08:31:43.087 28539 INFO heat.engine.service [req-e02a4b6c-92de-4fd5-8d77-66f16b29ffbb - - - - -] Service 75a95404-a1b5-44f6-ba31-90e0e95c8ad0 is updated
2017-10-28 08:31:44.282 28514 INFO heat.engine.service [req-11a660e0-366c-485f-b72b-2b4c29747a05 - - - - -] Service c1ca77d3-4c81-441a-914c-e8e1795d0819 is updated
2017-10-28 08:32:42.034 28529 INFO heat.engine.service [req-d622baaf-f935-4ff1-9842-1bd3dd0eaab3 - - - - -] Service 4e596928-014f-46fe-904b-2c69d0122faa is updated
2017-10-28 08:32:42.122 28553 INFO heat.engine.service [req-83b6ad76-5b77-498a-bcd0-b3ff80b1015c - - - - -] Service 1231c634-a611-4552-9733-0bcd0229559d is updated
2017-10-28 08:32:42.157 28522 INFO heat.engine.service [req-6ebc8f36-da28-4934-8390-6477fa0b4362 - - - - -] Service 0b05fddd-7118-49f7-b698-e81b89f80dd0 is updated
2017-10-28 08:32:42.180 28527 INFO heat.engine.service [req-56cfdd10-95f4-40a4-b461-961d000cad34 - - - - -] Service 27b05062-f4e2-41b9-a5a1-b78a8e7a7cab is updated
2017-10-28 08:32:42.184 28542 INFO heat.engine.service [req-37a1e3c7-4bca-4449-a0ae-5d1a20891933 - - - - -] Service 94a1afb2-8a32-439d-ab8f-e06a961e4433 is updated
2017-10-28 08:32:42.187 28511 INFO heat.engine.service [req-98535bd2-a2cd-4886-9271-6eb276e6e5fd - - - - -] Service c4991b42-b929-41c8-92ba-07735294b97d is updated
2017-10-28 08:32:42.213 28513 INFO heat.engine.service [req-16206c1a-209d-4dc5-95b1-c5eda518061c - - - - -] Service 5ce1d5ea-a507-4dce-98d2-430354f1824f is updated
2017-10-28 08:32:42.216 28532 INFO heat.engine.service [req-5d17fa42-0e77-47ef-9a17-5b4cdffcbbb1 - - - - -] Service 5e954547-3083-4e91-b56e-edaec69d9004 is updated
2017-10-28 08:32:42.227 28523 INFO heat.engine.service [req-dd3f4675-8b24-47f5-a73a-4df8dbb0b259 - - - - -] Service d7cc827c-6c72-4bc7-9c27-48fae872f1b6 is updated
2017-10-28 08:32:42.231 28552 INFO heat.engine.service [req-13ef235e-c438-4955-858d-171007bdb5a9 - - - - -] Service e9eaa51d-d288-442a-bc48-944d997543a3 is updated
2017-10-28 08:32:42.258 28538 INFO heat.engine.service [req-34085525-0ed2-4a3b-8313-bd82d80b752c - - - - -] Service 174f2dbb-df8a-4407-b210-723a658db9cb is updated
2017-10-28 08:32:42.263 28561 INFO heat.engine.service [req-4ad8e11f-8284-453e-b162-1f0ec8f10f0a - - - - -] Service 5320c9fe-fd90-45e2-9c81-06f88b38f36b is updated
2017-10-28 08:32:42.285 28516 INFO heat.engine.service [req-bbd928ec-46b6-46c7-954a-1e8d16e4ec9e - - - - -] Service 2d84e3bb-febf-485e-87fe-d93b4c80d1c4 is updated
2017-10-28 08:32:42.303 28564 INFO heat.engine.service [req-1e40d7a4-fc59-41b9-8936-cf5647043c14 - - - - -] Service 8f50a07c-7ad8-4a6d-a9d3-37e4c8f0ba53 is updated
2017-10-28 08:32:42.305 28520 INFO heat.engine.service [req-f4220a1d-c6f5-44d2-b7f6-746e9a6d2b96 - - - - -] Service 4afb81d2-1ea2-4a4b-bc5f-b909623e3e74 is updated
2017-10-28 08:32:42.314 28562 INFO heat.engine.service [req-75a784ab-9b8b-45ec-abbd-92d839fbe0d1 - - - - -] Service b207e39f-b808-4c6c-8285-bd415d13ec10 is updated
2017-10-28 08:32:42.317 28510 INFO heat.engine.service [req-d4e0401b-c6c6-4b95-9dc8-d46f74a33096 - - - - -] Service 4669f065-a489-481e-9850-91a9f44bc077 is updated
2017-10-28 08:32:42.320 28536 INFO heat.engine.service [req-ed117f9c-35a6-43a3-bf7d-54e5bc9cb593 - - - - -] Service 98ecc1ea-b227-42dc-82e7-30ac1ed9fca4 is updated
2017-10-28 08:32:42.387 28560 INFO heat.engine.service [req-4f7fb9c8-a51d-4933-bdbb-32d7509ff954 - - - - -] Service 3b95e8e7-8709-45d2-a464-bac772180735 is updated
2017-10-28 08:32:42.412 28557 INFO heat.engine.service [req-9aefd400-e2aa-4ee7-9250-13b97ec6137a - - - - -] Service 98f930a8-31b2-4e4d-8712-9e6fea660e73 is updated
2017-10-28 08:32:42.412 28563 INFO heat.engine.service [req-ca43e27d-89a8-441d-aa7d-a4c791368a2d - - - - -] Service 4eca1835-2fb1-450f-b336-3867986a581d is updated
2017-10-28 08:32:42.440 28519 INFO heat.engine.service [req-6ce8904e-5de3-424d-9a40-b7cb95dfd1f6 - - - - -] Service 7d2457db-265f-4f09-a7ed-68db183e0384 is updated
2017-10-28 08:32:42.455 28533 INFO heat.engine.service [req-9872ed12-deff-42bd-875b-390c8deabd61 - - - - -] Service 3a35d7bf-f1bd-4589-a5c3-8000c3b24793 is updated
2017-10-28 08:32:42.474 28524 INFO heat.engine.service [req-be361e4b-30bc-41b1-bfa9-725f55a400f3 - - - - -] Service 2f511c44-ddf4-43a7-9fd0-41f210a8b669 is updated
2017-10-28 08:32:42.529 28517 INFO heat.engine.service [req-0913d4b6-e268-49f3-9d64-8142d4c737d8 - - - - -] Service 750cf73f-337d-432c-9d53-30fab548b45c is updated
2017-10-28 08:32:42.535 28547 INFO heat.engine.service [req-4e53d354-dbcc-4c69-9536-5a65c30d8361 - - - - -] Service 25707d32-efb1-423a-b2d4-e11dfe67bcdc is updated
2017-10-28 08:32:42.542 28541 INFO heat.engine.service [req-8d43329a-ebe1-4b7d-acb1-9cfbde2be6f0 - - - - -] Service 28f76f02-d340-4517-9f1d-cb1f7fd704ac is updated
2017-10-28 08:32:42.557 28554 INFO heat.engine.service [req-dff295dd-fd43-4161-ae56-8aa41e854bd8 - - - - -] Service c7479ed7-747a-48d4-9a5a-b7161a57c39e is updated
2017-10-28 08:32:42.557 28549 INFO heat.engine.service [req-7daedd17-fa08-4a2c-b87a-094755541e7b - - - - -] Service 8942a6af-7411-45cf-9672-1c7d3127c49f is updated
2017-10-28 08:32:42.563 28534 INFO heat.engine.service [req-2c94a00e-dff7-4681-8372-efe3ef6875a4 - - - - -] Service 7cdf9070-e34d-436d-aa75-65b1eb388638 is updated
2017-10-28 08:32:42.574 28530 INFO heat.engine.service [req-25f7f37b-76fd-4ca7-871e-6a8f072f0c29 - - - - -] Service caf6df39-f07f-489e-9581-9b70becae9e2 is updated
2017-10-28 08:32:42.574 28537 INFO heat.engine.service [req-516697c6-484f-469b-b693-8b860aca7263 - - - - -] Service fd1e41c5-b76e-4f95-9fd6-4a9c3d626081 is updated
2017-10-28 08:32:42.637 28512 INFO heat.engine.service [req-a1b65033-1564-406a-a3ff-9efbac81bba1 - - - - -] Service fc9cbb06-6f7c-4b69-b947-05f204b3ce3c is updated
2017-10-28 08:32:42.640 28556 INFO heat.engine.service [req-f0325e1b-a244-41ce-b2bd-2937a5dbc6c2 - - - - -] Service 30227806-eb6a-421b-b64b-1f4e769dde97 is updated
2017-10-28 08:32:42.651 28518 INFO heat.engine.service [req-6f3738c3-6c43-400d-bc82-92c0bad567f5 - - - - -] Service dd24efbc-8915-43d4-af30-b40fa3b43c47 is updated
2017-10-28 08:32:42.654 28535 INFO heat.engine.service [req-2b48f72c-675d-4945-b8f1-77064d2efe35 - - - - -] Service fb8da2fb-0ff3-4afc-956a-7d78b638efc3 is updated
2017-10-28 08:32:42.696 28515 INFO heat.engine.service [req-c510eefb-373a-4d1a-aa94-debb4f052346 - - - - -] Service 1a670f48-191d-4af2-ba9b-d59280a34029 is updated
2017-10-28 08:32:42.699 28558 INFO heat.engine.service [req-c2349e23-3ff2-4e52-8845-7e6766261fd0 - - - - -] Service ce91c6b2-92c3-4791-9658-c7753c86c265 is updated
2017-10-28 08:32:42.701 28551 INFO heat.engine.service [req-f386dac9-744b-4e35-9c67-611618780d69 - - - - -] Service 560cd9d1-ade5-4123-8efe-4822dbddfe23 is updated
2017-10-28 08:32:42.706 28540 INFO heat.engine.service [req-2668a978-11bd-4ac9-a3ca-cf70cf46c510 - - - - -] Service 48ab0354-0cc3-4574-8b4b-39578b4811f9 is updated
2017-10-28 08:32:42.718 28555 INFO heat.engine.service [req-1b7679a0-7e2e-49b1-9435-d206e1a60a4b - - - - -] Service 6b1b66de-35d9-4105-bcd5-aa680ffcddec is updated
2017-10-28 08:32:42.726 28531 INFO heat.engine.service [req-2ee3dffa-b575-4927-a58b-2c14372deab9 - - - - -] Service ff837399-1603-480b-89cf-1947330a42ab is updated
2017-10-28 08:32:42.731 28521 INFO heat.engine.service [req-6562efb8-b542-4f75-847a-c64db164a283 - - - - -] Service d42598ab-5331-4bf4-a271-327e00c8675f is updated
2017-10-28 08:32:42.733 28550 INFO heat.engine.service [req-66366534-dd23-49eb-85d0-8b96ac3833d1 - - - - -] Service ac79e68c-b408-42b8-9a3f-aaa256fcf8f0 is updated
2017-10-28 08:32:42.748 28525 INFO heat.engine.service [req-9647392f-6f81-4ea8-8886-6cb0190c303e - - - - -] Service 12fa1fd5-3e02-4695-9acb-ecf6d0c6be7e is updated
2017-10-28 08:32:42.863 28559 INFO heat.engine.service [req-5f48f237-d6ad-4166-b07a-f0db5b7a01e2 - - - - -] Service d321ca62-b768-43f2-9c4f-f4308f362b40 is updated
2017-10-28 08:32:43.064 28539 INFO heat.engine.service [req-7acfe408-4752-4838-9636-e455e07185fa - - - - -] Service 75a95404-a1b5-44f6-ba31-90e0e95c8ad0 is updated
2017-10-28 08:32:44.280 28514 INFO heat.engine.service [req-9a6f2157-7792-4fb4-a760-039378520fd4 - - - - -] Service c1ca77d3-4c81-441a-914c-e8e1795d0819 is updated
2017-10-28 08:33:42.031 28529 INFO heat.engine.service [req-4716e9c8-f41a-4bd0-95a7-dbd78a46befd - - - - -] Service 4e596928-014f-46fe-904b-2c69d0122faa is updated
2017-10-28 08:33:42.120 28553 INFO heat.engine.service [req-7d152d5d-8380-4a2c-9447-1868352b5f55 - - - - -] Service 1231c634-a611-4552-9733-0bcd0229559d is updated
2017-10-28 08:33:42.156 28522 INFO heat.engine.service [req-aefe84a4-ba0f-4fd0-8653-df9a223005f0 - - - - -] Service 0b05fddd-7118-49f7-b698-e81b89f80dd0 is updated
2017-10-28 08:33:42.178 28527 INFO heat.engine.service [req-4b8d676c-7854-448b-a1d7-8be6354c35ff - - - - -] Service 27b05062-f4e2-41b9-a5a1-b78a8e7a7cab is updated
2017-10-28 08:33:42.181 28542 INFO heat.engine.service [req-168bf018-a165-4cbf-9aba-27e75a240ad2 - - - - -] Service 94a1afb2-8a32-439d-ab8f-e06a961e4433 is updated
2017-10-28 08:33:42.183 28511 INFO heat.engine.service [req-29b9ec6e-5099-4045-82ae-6e4909eec593 - - - - -] Service c4991b42-b929-41c8-92ba-07735294b97d is updated
2017-10-28 08:33:42.210 28513 INFO heat.engine.service [req-eb9417ac-7e48-4106-bcf7-c1b7ac1f1621 - - - - -] Service 5ce1d5ea-a507-4dce-98d2-430354f1824f is updated
2017-10-28 08:33:42.212 28532 INFO heat.engine.service [req-37ba513d-6502-4f6b-931b-3ae9b6b06b66 - - - - -] Service 5e954547-3083-4e91-b56e-edaec69d9004 is updated
2017-10-28 08:33:42.228 28552 INFO heat.engine.service [req-6a6ed503-f93a-483d-bb89-1bfb1bac2ec7 - - - - -] Service e9eaa51d-d288-442a-bc48-944d997543a3 is updated
2017-10-28 08:33:42.233 28523 INFO heat.engine.service [req-fc2406ef-b03a-4060-a62e-778c2bf44df1 - - - - -] Service d7cc827c-6c72-4bc7-9c27-48fae872f1b6 is updated
2017-10-28 08:33:42.264 28538 INFO heat.engine.service [req-cd6a0b5e-2bce-4413-ba72-f52da9635605 - - - - -] Service 174f2dbb-df8a-4407-b210-723a658db9cb is updated
2017-10-28 08:33:42.268 28561 INFO heat.engine.service [req-237afea7-e3d3-4faf-9261-f8e4852e3a81 - - - - -] Service 5320c9fe-fd90-45e2-9c81-06f88b38f36b is updated
2017-10-28 08:33:42.280 28516 INFO heat.engine.service [req-dae4d8fb-6e17-4ff1-9346-417bc62377ab - - - - -] Service 2d84e3bb-febf-485e-87fe-d93b4c80d1c4 is updated
2017-10-28 08:33:42.300 28564 INFO heat.engine.service [req-2909beee-73c8-4cd7-a345-af0c9ec989f5 - - - - -] Service 8f50a07c-7ad8-4a6d-a9d3-37e4c8f0ba53 is updated
2017-10-28 08:33:42.303 28520 INFO heat.engine.service [req-31eff78a-303b-4c61-84cb-f75d403a89de - - - - -] Service 4afb81d2-1ea2-4a4b-bc5f-b909623e3e74 is updated
2017-10-28 08:33:42.311 28562 INFO heat.engine.service [req-bcb6c575-6b6a-43b7-b13a-9137655af1c1 - - - - -] Service b207e39f-b808-4c6c-8285-bd415d13ec10 is updated
2017-10-28 08:33:42.314 28510 INFO heat.engine.service [req-069a797d-b67f-4ad4-800b-6c1b243ede85 - - - - -] Service 4669f065-a489-481e-9850-91a9f44bc077 is updated
2017-10-28 08:33:42.315 28536 INFO heat.engine.service [req-82e9f30c-0271-4f90-a5e9-02cfd62180e5 - - - - -] Service 98ecc1ea-b227-42dc-82e7-30ac1ed9fca4 is updated
2017-10-28 08:33:42.384 28560 INFO heat.engine.service [req-4bf40eb3-29e4-4a2d-a0e0-178158f89c9c - - - - -] Service 3b95e8e7-8709-45d2-a464-bac772180735 is updated
2017-10-28 08:33:42.411 28557 INFO heat.engine.service [req-bd5ef86a-8c03-4202-80d7-dd7360a4f79b - - - - -] Service 98f930a8-31b2-4e4d-8712-9e6fea660e73 is updated
2017-10-28 08:33:42.413 28563 INFO heat.engine.service [req-6067e367-54ca-41f6-a61f-a2726e43c8fe - - - - -] Service 4eca1835-2fb1-450f-b336-3867986a581d is updated
2017-10-28 08:33:42.439 28519 INFO heat.engine.service [req-b18de9ca-1f49-4dbc-9bda-4adaa21c6808 - - - - -] Service 7d2457db-265f-4f09-a7ed-68db183e0384 is updated
2017-10-28 08:33:42.454 28533 INFO heat.engine.service [req-38b0eaf7-7f6b-4dec-b937-1deced6d1b9c - - - - -] Service 3a35d7bf-f1bd-4589-a5c3-8000c3b24793 is updated
2017-10-28 08:33:42.471 28524 INFO heat.engine.service [req-f372c8a1-4876-4ce9-98ea-c73d3fe8f0ef - - - - -] Service 2f511c44-ddf4-43a7-9fd0-41f210a8b669 is updated
2017-10-28 08:33:42.528 28517 INFO heat.engine.service [req-70243cfc-fb2b-4254-96cc-6d60e5b5e9b9 - - - - -] Service 750cf73f-337d-432c-9d53-30fab548b45c is updated
2017-10-28 08:33:42.533 28547 INFO heat.engine.service [req-6ef2345e-815d-4e5d-9a0c-2a88d63a7318 - - - - -] Service 25707d32-efb1-423a-b2d4-e11dfe67bcdc is updated
2017-10-28 08:33:42.540 28541 INFO heat.engine.service [req-0cb1f2ef-4932-4a05-8932-6bc5be5ac366 - - - - -] Service 28f76f02-d340-4517-9f1d-cb1f7fd704ac is updated
2017-10-28 08:33:42.554 28554 INFO heat.engine.service [req-59292b68-dee8-428f-8361-74985765d910 - - - - -] Service c7479ed7-747a-48d4-9a5a-b7161a57c39e is updated
2017-10-28 08:33:42.556 28549 INFO heat.engine.service [req-d53d2035-084a-4399-a1dc-62716d01faf1 - - - - -] Service 8942a6af-7411-45cf-9672-1c7d3127c49f is updated
2017-10-28 08:33:42.559 28534 INFO heat.engine.service [req-7a95236c-5227-441d-8c97-e0f5823a34ca - - - - -] Service 7cdf9070-e34d-436d-aa75-65b1eb388638 is updated
2017-10-28 08:33:42.571 28530 INFO heat.engine.service [req-f17ad40b-7fe6-46a7-a7a6-65bc84e4e6ca - - - - -] Service caf6df39-f07f-489e-9581-9b70becae9e2 is updated
2017-10-28 08:33:42.571 28537 INFO heat.engine.service [req-280607bb-0eb7-4bec-b79c-9c027142277d - - - - -] Service fd1e41c5-b76e-4f95-9fd6-4a9c3d626081 is updated
2017-10-28 08:33:42.633 28512 INFO heat.engine.service [req-cdce3b32-bd2b-448a-acd2-d7f7f80a09c7 - - - - -] Service fc9cbb06-6f7c-4b69-b947-05f204b3ce3c is updated
2017-10-28 08:33:42.636 28556 INFO heat.engine.service [req-cfb67cf9-8e79-416f-bdd0-6e7d63d5f97d - - - - -] Service 30227806-eb6a-421b-b64b-1f4e769dde97 is updated
2017-10-28 08:33:42.648 28535 INFO heat.engine.service [req-13d8d2be-6201-4082-a850-bdb197fa2ed4 - - - - -] Service fb8da2fb-0ff3-4afc-956a-7d78b638efc3 is updated
2017-10-28 08:33:42.649 28518 INFO heat.engine.service [req-7b8a7b98-3f45-4d98-b92d-cc8d881bda0c - - - - -] Service dd24efbc-8915-43d4-af30-b40fa3b43c47 is updated
2017-10-28 08:33:42.674 28515 INFO heat.engine.service [req-5ed54029-cdeb-4b4e-b3fc-feca01490fc8 - - - - -] Service 1a670f48-191d-4af2-ba9b-d59280a34029 is updated
2017-10-28 08:33:42.687 28551 INFO heat.engine.service [req-5fc547f9-a35a-493f-b90f-fed2cb0991b5 - - - - -] Service 560cd9d1-ade5-4123-8efe-4822dbddfe23 is updated
2017-10-28 08:33:42.686 28558 INFO heat.engine.service [req-4f286895-b67b-4471-9442-eb3ba40e3cf6 - - - - -] Service ce91c6b2-92c3-4791-9658-c7753c86c265 is updated
2017-10-28 08:33:42.703 28540 INFO heat.engine.service [req-5b656f13-bfbf-47a4-8735-2d01c2965339 - - - - -] Service 48ab0354-0cc3-4574-8b4b-39578b4811f9 is updated
2017-10-28 08:33:42.716 28555 INFO heat.engine.service [req-a71c27e7-1c5c-46e7-8ef6-e521c61a6bf5 - - - - -] Service 6b1b66de-35d9-4105-bcd5-aa680ffcddec is updated
2017-10-28 08:33:42.725 28531 INFO heat.engine.service [req-0c991b90-b319-4e9e-98f3-abdb3decdc05 - - - - -] Service ff837399-1603-480b-89cf-1947330a42ab is updated
2017-10-28 08:33:42.729 28521 INFO heat.engine.service [req-a8d984d7-f36e-4fad-a237-b5dd53c3868d - - - - -] Service d42598ab-5331-4bf4-a271-327e00c8675f is updated
2017-10-28 08:33:42.731 28550 INFO heat.engine.service [req-1649dda3-aa61-49be-8087-700c21b22e57 - - - - -] Service ac79e68c-b408-42b8-9a3f-aaa256fcf8f0 is updated
2017-10-28 08:33:42.743 28525 INFO heat.engine.service [req-1cb2860a-b5ee-40a6-ba67-86394e61e92e - - - - -] Service 12fa1fd5-3e02-4695-9acb-ecf6d0c6be7e is updated
2017-10-28 08:33:42.867 28559 INFO heat.engine.service [req-1a29e10f-99d4-4c00-a7c7-2e3540bd41a7 - - - - -] Service d321ca62-b768-43f2-9c4f-f4308f362b40 is updated
2017-10-28 08:33:43.061 28539 INFO heat.engine.service [req-de1fa527-1dd4-404f-a72c-b2b0fac952c9 - - - - -] Service 75a95404-a1b5-44f6-ba31-90e0e95c8ad0 is updated
2017-10-28 08:33:44.279 28514 INFO heat.engine.service [req-28ca254d-d9e2-4f6d-bdb6-907f128bd95b - - - - -] Service c1ca77d3-4c81-441a-914c-e8e1795d0819 is updated
2017-10-28 08:34:42.028 28529 INFO heat.engine.service [req-b1cef10a-d03c-4501-8612-713dc37e26c7 - - - - -] Service 4e596928-014f-46fe-904b-2c69d0122faa is updated
2017-10-28 08:34:42.119 28553 INFO heat.engine.service [req-5bb25193-a8ff-4bb1-bd20-30a317d32efa - - - - -] Service 1231c634-a611-4552-9733-0bcd0229559d is updated
2017-10-28 08:34:42.154 28522 INFO heat.engine.service [req-4d2238fd-8742-4abd-b3f1-ea8fc3b663e0 - - - - -] Service 0b05fddd-7118-49f7-b698-e81b89f80dd0 is updated
2017-10-28 08:34:42.177 28527 INFO heat.engine.service [req-52360c66-7c2e-48f1-8593-18a35aa923fb - - - - -] Service 27b05062-f4e2-41b9-a5a1-b78a8e7a7cab is updated
2017-10-28 08:34:42.178 28542 INFO heat.engine.service [req-142d7bd2-d869-4d32-ae05-5de279205665 - - - - -] Service 94a1afb2-8a32-439d-ab8f-e06a961e4433 is updated
2017-10-28 08:34:42.180 28511 INFO heat.engine.service [req-8113489a-0ee5-46a6-86cb-6990c5025353 - - - - -] Service c4991b42-b929-41c8-92ba-07735294b97d is updated
2017-10-28 08:34:42.208 28513 INFO heat.engine.service [req-7c93da07-fd80-4497-9267-255c687568b2 - - - - -] Service 5ce1d5ea-a507-4dce-98d2-430354f1824f is updated
2017-10-28 08:34:42.209 28532 INFO heat.engine.service [req-9ba2815e-30cb-4d8f-b842-2b67868d2cab - - - - -] Service 5e954547-3083-4e91-b56e-edaec69d9004 is updated
2017-10-28 08:34:42.224 28552 INFO heat.engine.service [req-d6bb63cf-e6df-4751-aa7b-08c166730dbd - - - - -] Service e9eaa51d-d288-442a-bc48-944d997543a3 is updated
2017-10-28 08:34:42.238 28523 INFO heat.engine.service [req-cfb91a17-af64-4d51-99c7-5a0a52029c03 - - - - -] Service d7cc827c-6c72-4bc7-9c27-48fae872f1b6 is updated
2017-10-28 08:34:42.265 28561 INFO heat.engine.service [req-9a2e08d1-3121-4801-8eff-6d4c21e89bc9 - - - - -] Service 5320c9fe-fd90-45e2-9c81-06f88b38f36b is updated
2017-10-28 08:34:42.265 28538 INFO heat.engine.service [req-f4bec201-a9c0-41b9-9935-f81f9e75f67c - - - - -] Service 174f2dbb-df8a-4407-b210-723a658db9cb is updated
2017-10-28 08:34:42.278 28516 INFO heat.engine.service [req-54f7f190-df92-40b2-b48a-81eb00b01e77 - - - - -] Service 2d84e3bb-febf-485e-87fe-d93b4c80d1c4 is updated
2017-10-28 08:34:42.298 28564 INFO heat.engine.service [req-5d7895ac-0c36-4020-a272-c2a805a4d0ea - - - - -] Service 8f50a07c-7ad8-4a6d-a9d3-37e4c8f0ba53 is updated
2017-10-28 08:34:42.300 28520 INFO heat.engine.service [req-97996a2d-0d30-41b8-bf0c-82f54dec0a70 - - - - -] Service 4afb81d2-1ea2-4a4b-bc5f-b909623e3e74 is updated
2017-10-28 08:34:42.307 28562 INFO heat.engine.service [req-730f93e4-f604-499c-800b-3bb03182eab8 - - - - -] Service b207e39f-b808-4c6c-8285-bd415d13ec10 is updated
2017-10-28 08:34:42.312 28510 INFO heat.engine.service [req-ea6fc160-6a17-422c-8ca7-6de9a0f01bf3 - - - - -] Service 4669f065-a489-481e-9850-91a9f44bc077 is updated
2017-10-28 08:34:42.322 28536 INFO heat.engine.service [req-f3558c67-e22e-4a12-8d41-9fb41df9f880 - - - - -] Service 98ecc1ea-b227-42dc-82e7-30ac1ed9fca4 is updated
2017-10-28 08:34:42.381 28560 INFO heat.engine.service [req-bdf792fe-506c-46db-afc2-7e9e422c13fb - - - - -] Service 3b95e8e7-8709-45d2-a464-bac772180735 is updated
2017-10-28 08:34:42.409 28557 INFO heat.engine.service [req-81b2c04f-50cd-4e6a-8877-7544268f7b9b - - - - -] Service 98f930a8-31b2-4e4d-8712-9e6fea660e73 is updated
2017-10-28 08:34:42.412 28563 INFO heat.engine.service [req-69de7ad0-b8c3-4429-bb0a-6cf513ca7f57 - - - - -] Service 4eca1835-2fb1-450f-b336-3867986a581d is updated
2017-10-28 08:34:42.435 28519 INFO heat.engine.service [req-a5bb43ba-ddaa-4e49-ae41-af9e7dcc8447 - - - - -] Service 7d2457db-265f-4f09-a7ed-68db183e0384 is updated
2017-10-28 08:34:42.453 28533 INFO heat.engine.service [req-2a459e1b-f42a-498e-859e-95f65836ac0f - - - - -] Service 3a35d7bf-f1bd-4589-a5c3-8000c3b24793 is updated
2017-10-28 08:34:42.469 28524 INFO heat.engine.service [req-c035cb4a-d101-45ab-a548-1f3d9898ef93 - - - - -] Service 2f511c44-ddf4-43a7-9fd0-41f210a8b669 is updated
2017-10-28 08:34:42.528 28517 INFO heat.engine.service [req-e43523f4-fcc9-40d7-aced-351298f07f1d - - - - -] Service 750cf73f-337d-432c-9d53-30fab548b45c is updated
2017-10-28 08:34:42.529 28547 INFO heat.engine.service [req-7418e639-4da9-4f83-8300-b33040711ad5 - - - - -] Service 25707d32-efb1-423a-b2d4-e11dfe67bcdc is updated
2017-10-28 08:34:42.536 28541 INFO heat.engine.service [req-5fde47f2-e5a3-4770-a8db-34861b8a8b40 - - - - -] Service 28f76f02-d340-4517-9f1d-cb1f7fd704ac is updated
2017-10-28 08:34:42.547 28554 INFO heat.engine.service [req-9a4ec7a5-896a-4e46-9045-853c7f9550b5 - - - - -] Service c7479ed7-747a-48d4-9a5a-b7161a57c39e is updated
2017-10-28 08:34:42.554 28549 INFO heat.engine.service [req-4e4578b4-8444-4fbd-8cf7-c8f5161a1095 - - - - -] Service 8942a6af-7411-45cf-9672-1c7d3127c49f is updated
2017-10-28 08:34:42.557 28534 INFO heat.engine.service [req-991ee818-7d8a-4eeb-8fae-91c0c37258ef - - - - -] Service 7cdf9070-e34d-436d-aa75-65b1eb388638 is updated
2017-10-28 08:34:42.568 28537 INFO heat.engine.service [req-45bb7ab4-d8be-4589-a1b2-a7b1b8396864 - - - - -] Service fd1e41c5-b76e-4f95-9fd6-4a9c3d626081 is updated
2017-10-28 08:34:42.568 28530 INFO heat.engine.service [req-2f4a94c2-f705-4a51-bcc0-317f6b596ca1 - - - - -] Service caf6df39-f07f-489e-9581-9b70becae9e2 is updated
2017-10-28 08:34:42.630 28512 INFO heat.engine.service [req-59980f1a-a929-4096-bdcc-722d9d5c6512 - - - - -] Service fc9cbb06-6f7c-4b69-b947-05f204b3ce3c is updated
2017-10-28 08:34:42.635 28556 INFO heat.engine.service [req-93b6a431-cc53-4696-a9c3-454efbd393a9 - - - - -] Service 30227806-eb6a-421b-b64b-1f4e769dde97 is updated
2017-10-28 08:34:42.646 28518 INFO heat.engine.service [req-900c4c7a-11f0-47bc-8f34-3d20f4d71cea - - - - -] Service dd24efbc-8915-43d4-af30-b40fa3b43c47 is updated
2017-10-28 08:34:42.655 28535 INFO heat.engine.service [req-6cb7ce86-2dd1-4f8d-8cc8-62bd9904e4e2 - - - - -] Service fb8da2fb-0ff3-4afc-956a-7d78b638efc3 is updated
2017-10-28 08:34:42.671 28515 INFO heat.engine.service [req-d6edb128-bb2c-458b-ba43-334e6d97db7e - - - - -] Service 1a670f48-191d-4af2-ba9b-d59280a34029 is updated
2017-10-28 08:34:42.696 28558 INFO heat.engine.service [req-91c75bd5-c78c-4b97-bc3e-3863bada30b6 - - - - -] Service ce91c6b2-92c3-4791-9658-c7753c86c265 is updated
2017-10-28 08:34:42.705 28551 INFO heat.engine.service [req-acccab1b-5e0e-4af6-9db7-fc1d41f78439 - - - - -] Service 560cd9d1-ade5-4123-8efe-4822dbddfe23 is updated
2017-10-28 08:34:42.705 28540 INFO heat.engine.service [req-846aac82-b82a-4a43-a712-5ee721d3de9c - - - - -] Service 48ab0354-0cc3-4574-8b4b-39578b4811f9 is updated
2017-10-28 08:34:42.713 28555 INFO heat.engine.service [req-83a7fa3d-55d3-4ebd-b550-1e5c46ff0840 - - - - -] Service 6b1b66de-35d9-4105-bcd5-aa680ffcddec is updated
2017-10-28 08:34:42.723 28531 INFO heat.engine.service [req-b1ff102e-6145-4d13-933f-0d53e9085b28 - - - - -] Service ff837399-1603-480b-89cf-1947330a42ab is updated
2017-10-28 08:34:42.726 28521 INFO heat.engine.service [req-ed6a986b-a5c6-4177-b258-03ed700b375b - - - - -] Service d42598ab-5331-4bf4-a271-327e00c8675f is updated
2017-10-28 08:34:42.728 28550 INFO heat.engine.service [req-bd98f5c3-e9c3-4524-8b5c-8696ac7ef963 - - - - -] Service ac79e68c-b408-42b8-9a3f-aaa256fcf8f0 is updated
2017-10-28 08:34:42.741 28525 INFO heat.engine.service [req-5184d87f-7806-4636-8edf-80334dc8e76c - - - - -] Service 12fa1fd5-3e02-4695-9acb-ecf6d0c6be7e is updated
2017-10-28 08:34:42.867 28559 INFO heat.engine.service [req-d5e0c0ba-22e8-464e-a54a-558a7746bb3e - - - - -] Service d321ca62-b768-43f2-9c4f-f4308f362b40 is updated
2017-10-28 08:34:43.059 28539 INFO heat.engine.service [req-7d6b3f2b-3fe7-47da-9b56-7b672614f4cb - - - - -] Service 75a95404-a1b5-44f6-ba31-90e0e95c8ad0 is updated
2017-10-28 08:34:44.277 28514 INFO heat.engine.service [req-a8acdd6d-f628-493b-8713-b1a02399a3d1 - - - - -] Service c1ca77d3-4c81-441a-914c-e8e1795d0819 is updated
2017-10-28 08:35:42.026 28529 INFO heat.engine.service [req-ab7c0f49-c017-4c22-b820-9bd9e83989c6 - - - - -] Service 4e596928-014f-46fe-904b-2c69d0122faa is updated
2017-10-28 08:35:42.119 28553 INFO heat.engine.service [req-5c7a0682-d404-4363-a638-ac5c5661cc39 - - - - -] Service 1231c634-a611-4552-9733-0bcd0229559d is updated
2017-10-28 08:35:42.151 28522 INFO heat.engine.service [req-2c27d989-6eb2-41d7-a85f-530916c03fcf - - - - -] Service 0b05fddd-7118-49f7-b698-e81b89f80dd0 is updated
2017-10-28 08:35:42.174 28527 INFO heat.engine.service [req-c829ecb0-bd5a-41cf-898d-e716532e9fcb - - - - -] Service 27b05062-f4e2-41b9-a5a1-b78a8e7a7cab is updated
2017-10-28 08:35:42.175 28542 INFO heat.engine.service [req-7b3a277b-3a68-4db0-a5f9-d3391f4b3a65 - - - - -] Service 94a1afb2-8a32-439d-ab8f-e06a961e4433 is updated
2017-10-28 08:35:42.176 28511 INFO heat.engine.service [req-24c257b5-eceb-4e32-b751-bfeff1e659d7 - - - - -] Service c4991b42-b929-41c8-92ba-07735294b97d is updated
2017-10-28 08:35:42.207 28532 INFO heat.engine.service [req-639fd4c6-4bb5-4773-9608-570ba3c3d870 - - - - -] Service 5e954547-3083-4e91-b56e-edaec69d9004 is updated
2017-10-28 08:35:42.207 28513 INFO heat.engine.service [req-8d18bff8-1698-4ae2-abfa-a82a1af60d4d - - - - -] Service 5ce1d5ea-a507-4dce-98d2-430354f1824f is updated
2017-10-28 08:35:42.220 28552 INFO heat.engine.service [req-66c39175-ef6b-44a1-ab19-5d8b575b73b3 - - - - -] Service e9eaa51d-d288-442a-bc48-944d997543a3 is updated
2017-10-28 08:35:42.236 28523 INFO heat.engine.service [req-536cbac1-aaff-415b-aa0f-fb59189392dd - - - - -] Service d7cc827c-6c72-4bc7-9c27-48fae872f1b6 is updated
2017-10-28 08:35:42.263 28561 INFO heat.engine.service [req-66047fd7-8927-4af2-8155-0ceae89e78f0 - - - - -] Service 5320c9fe-fd90-45e2-9c81-06f88b38f36b is updated
2017-10-28 08:35:42.263 28538 INFO heat.engine.service [req-3ccea18e-b35c-4a2c-ab23-9a24491da848 - - - - -] Service 174f2dbb-df8a-4407-b210-723a658db9cb is updated
2017-10-28 08:35:42.274 28516 INFO heat.engine.service [req-c20388b6-4db2-483b-bb9f-23eaa82aa0dd - - - - -] Service 2d84e3bb-febf-485e-87fe-d93b4c80d1c4 is updated
2017-10-28 08:35:42.298 28520 INFO heat.engine.service [req-b7534630-5288-4648-bd84-682969a84770 - - - - -] Service 4afb81d2-1ea2-4a4b-bc5f-b909623e3e74 is updated
2017-10-28 08:35:42.298 28564 INFO heat.engine.service [req-70106051-ac2f-448b-b716-001c633ba72a - - - - -] Service 8f50a07c-7ad8-4a6d-a9d3-37e4c8f0ba53 is updated
2017-10-28 08:35:42.306 28562 INFO heat.engine.service [req-af620816-4495-4cb8-b540-4ae1a8d94ea4 - - - - -] Service b207e39f-b808-4c6c-8285-bd415d13ec10 is updated
2017-10-28 08:35:42.308 28510 INFO heat.engine.service [req-db43d715-c391-42cd-baff-6b8fe11e5e3e - - - - -] Service 4669f065-a489-481e-9850-91a9f44bc077 is updated
2017-10-28 08:35:42.316 28536 INFO heat.engine.service [req-92c823aa-b158-48ec-b740-016108ffee83 - - - - -] Service 98ecc1ea-b227-42dc-82e7-30ac1ed9fca4 is updated
2017-10-28 08:35:42.378 28560 INFO heat.engine.service [req-32087bba-6b2a-41c7-9e4d-85954eab817d - - - - -] Service 3b95e8e7-8709-45d2-a464-bac772180735 is updated
2017-10-28 08:35:42.405 28557 INFO heat.engine.service [req-48d4e9de-ac96-42bc-bc88-c80330084964 - - - - -] Service 98f930a8-31b2-4e4d-8712-9e6fea660e73 is updated
2017-10-28 08:35:42.409 28563 INFO heat.engine.service [req-2704cd82-fa83-4a11-8156-6d4ea23fbc13 - - - - -] Service 4eca1835-2fb1-450f-b336-3867986a581d is updated
2017-10-28 08:35:42.434 28519 INFO heat.engine.service [req-a6a6a611-a9a0-4981-920e-591f123ab037 - - - - -] Service 7d2457db-265f-4f09-a7ed-68db183e0384 is updated
2017-10-28 08:35:42.451 28533 INFO heat.engine.service [req-e8fd522d-4678-4e0e-a1a7-bb4605cca625 - - - - -] Service 3a35d7bf-f1bd-4589-a5c3-8000c3b24793 is updated
2017-10-28 08:35:42.466 28524 INFO heat.engine.service [req-e2b54240-38de-4871-96fd-273f3a8a3546 - - - - -] Service 2f511c44-ddf4-43a7-9fd0-41f210a8b669 is updated
2017-10-28 08:35:42.527 28547 INFO heat.engine.service [req-0dfb7e17-e50e-49c2-aa71-909897888360 - - - - -] Service 25707d32-efb1-423a-b2d4-e11dfe67bcdc is updated
2017-10-28 08:35:42.527 28517 INFO heat.engine.service [req-d3623621-2d13-4446-81e1-b6945f02901e - - - - -] Service 750cf73f-337d-432c-9d53-30fab548b45c is updated
2017-10-28 08:35:42.534 28541 INFO heat.engine.service [req-21ce89a3-b89c-4bba-97fb-ddf960ec8c3a - - - - -] Service 28f76f02-d340-4517-9f1d-cb1f7fd704ac is updated
2017-10-28 08:35:42.553 28549 INFO heat.engine.service [req-d2f486c3-1770-4154-9cbd-5ed03929fd3f - - - - -] Service 8942a6af-7411-45cf-9672-1c7d3127c49f is updated
2017-10-28 08:35:42.555 28534 INFO heat.engine.service [req-38569a67-bd0d-45ca-b9f6-72ec1749a8ff - - - - -] Service 7cdf9070-e34d-436d-aa75-65b1eb388638 is updated
2017-10-28 08:35:42.557 28554 INFO heat.engine.service [req-995dc3e8-ab49-40bc-b717-907dbeea533d - - - - -] Service c7479ed7-747a-48d4-9a5a-b7161a57c39e is updated
2017-10-28 08:35:42.564 28530 INFO heat.engine.service [req-d74b9588-efee-4bde-bcb5-71390a1c69b1 - - - - -] Service caf6df39-f07f-489e-9581-9b70becae9e2 is updated
2017-10-28 08:35:42.565 28537 INFO heat.engine.service [req-9bbcaba6-55ed-458d-b0ee-297b384b8b3d - - - - -] Service fd1e41c5-b76e-4f95-9fd6-4a9c3d626081 is updated
2017-10-28 08:35:42.627 28512 INFO heat.engine.service [req-334728f8-733b-45b7-87a9-2b7043f9e6b5 - - - - -] Service fc9cbb06-6f7c-4b69-b947-05f204b3ce3c is updated
2017-10-28 08:35:42.633 28556 INFO heat.engine.service [req-17941eec-3b76-4e79-891c-f10f811038a7 - - - - -] Service 30227806-eb6a-421b-b64b-1f4e769dde97 is updated
2017-10-28 08:35:42.643 28518 INFO heat.engine.service [req-6903d0b8-b8b3-4b70-b19e-f44955d96113 - - - - -] Service dd24efbc-8915-43d4-af30-b40fa3b43c47 is updated
2017-10-28 08:35:42.652 28535 INFO heat.engine.service [req-a566f00d-6fb7-4fd6-a454-37bef528eb88 - - - - -] Service fb8da2fb-0ff3-4afc-956a-7d78b638efc3 is updated
2017-10-28 08:35:42.669 28515 INFO heat.engine.service [req-850c3ee6-cc8d-4e3c-abac-ca6dab28f220 - - - - -] Service 1a670f48-191d-4af2-ba9b-d59280a34029 is updated
2017-10-28 08:35:42.681 28558 INFO heat.engine.service [req-d6b3c4d1-03c0-4af1-a5d7-32b1cab2090b - - - - -] Service ce91c6b2-92c3-4791-9658-c7753c86c265 is updated
2017-10-28 08:35:42.692 28551 INFO heat.engine.service [req-67016d46-180b-45e4-b194-38f98b5b69e8 - - - - -] Service 560cd9d1-ade5-4123-8efe-4822dbddfe23 is updated
2017-10-28 08:35:42.702 28540 INFO heat.engine.service [req-b017e380-58f1-460a-ada7-b5a2f43f26fb - - - - -] Service 48ab0354-0cc3-4574-8b4b-39578b4811f9 is updated
2017-10-28 08:35:42.711 28555 INFO heat.engine.service [req-a9326364-3fc8-434a-835a-dd0494fdaba9 - - - - -] Service 6b1b66de-35d9-4105-bcd5-aa680ffcddec is updated
2017-10-28 08:35:42.719 28521 INFO heat.engine.service [req-e2cd3d8d-a9a5-4e6d-810b-461fa23bff16 - - - - -] Service d42598ab-5331-4bf4-a271-327e00c8675f is updated
2017-10-28 08:35:42.724 28531 INFO heat.engine.service [req-2942c052-cfc3-4026-8dab-0c33aa561972 - - - - -] Service ff837399-1603-480b-89cf-1947330a42ab is updated
2017-10-28 08:35:42.727 28550 INFO heat.engine.service [req-5201dee1-f12d-4d9f-9a16-de5c1151f72e - - - - -] Service ac79e68c-b408-42b8-9a3f-aaa256fcf8f0 is updated
2017-10-28 08:35:42.737 28525 INFO heat.engine.service [req-74d43f29-4b74-4e1f-8729-f1d0fa1676c1 - - - - -] Service 12fa1fd5-3e02-4695-9acb-ecf6d0c6be7e is updated
2017-10-28 08:35:42.866 28559 INFO heat.engine.service [req-c48fc30c-1d1e-401a-b47c-a722cb394c03 - - - - -] Service d321ca62-b768-43f2-9c4f-f4308f362b40 is updated
2017-10-28 08:35:43.087 28539 INFO heat.engine.service [req-0037d3fb-6f94-4083-9c9b-3e17ed79122b - - - - -] Service 75a95404-a1b5-44f6-ba31-90e0e95c8ad0 is updated
2017-10-28 08:35:44.275 28514 INFO heat.engine.service [req-2c26e1f1-dbc5-443e-a1c6-0384475539bd - - - - -] Service c1ca77d3-4c81-441a-914c-e8e1795d0819 is updated
2017-10-28 08:36:42.023 28529 INFO heat.engine.service [req-3cf8e54f-aa59-4995-8bcc-06c7708ac0d2 - - - - -] Service 4e596928-014f-46fe-904b-2c69d0122faa is updated
2017-10-28 08:36:42.118 28553 INFO heat.engine.service [req-032fc13d-3863-4a00-9599-e48bb7cd490f - - - - -] Service 1231c634-a611-4552-9733-0bcd0229559d is updated
2017-10-28 08:36:42.148 28522 INFO heat.engine.service [req-08db3fe9-b10e-481d-af8e-530a87b906e1 - - - - -] Service 0b05fddd-7118-49f7-b698-e81b89f80dd0 is updated
2017-10-28 08:36:42.170 28511 INFO heat.engine.service [req-3ce8919d-90b5-40d8-ae10-b6480064b2f1 - - - - -] Service c4991b42-b929-41c8-92ba-07735294b97d is updated
2017-10-28 08:36:42.171 28542 INFO heat.engine.service [req-18c3153a-cf73-4bed-a8ec-c41aecf33b90 - - - - -] Service 94a1afb2-8a32-439d-ab8f-e06a961e4433 is updated
2017-10-28 08:36:42.171 28527 INFO heat.engine.service [req-d6134001-f999-4970-9a63-afe9c7b168da - - - - -] Service 27b05062-f4e2-41b9-a5a1-b78a8e7a7cab is updated
2017-10-28 08:36:42.204 28532 INFO heat.engine.service [req-d26271ec-7623-4bc1-b69a-10d3c4986771 - - - - -] Service 5e954547-3083-4e91-b56e-edaec69d9004 is updated
2017-10-28 08:36:42.205 28513 INFO heat.engine.service [req-4f8b2097-5eb7-4749-8b48-609c1c101bd8 - - - - -] Service 5ce1d5ea-a507-4dce-98d2-430354f1824f is updated
2017-10-28 08:36:42.218 28552 INFO heat.engine.service [req-29a23742-c0f6-4ede-8338-5ce2f952f2e7 - - - - -] Service e9eaa51d-d288-442a-bc48-944d997543a3 is updated
2017-10-28 08:36:42.239 28523 INFO heat.engine.service [req-5ebc8925-0357-404d-bed9-f78cf837c787 - - - - -] Service d7cc827c-6c72-4bc7-9c27-48fae872f1b6 is updated
2017-10-28 08:36:42.261 28561 INFO heat.engine.service [req-afcb0207-9dac-4dd2-9d85-f7c76038d367 - - - - -] Service 5320c9fe-fd90-45e2-9c81-06f88b38f36b is updated
2017-10-28 08:36:42.261 28538 INFO heat.engine.service [req-7f51e7b1-313d-4626-a9b7-42a5639fc645 - - - - -] Service 174f2dbb-df8a-4407-b210-723a658db9cb is updated
2017-10-28 08:36:42.270 28516 INFO heat.engine.service [req-c65f7234-5d36-466c-9058-7eea549cd829 - - - - -] Service 2d84e3bb-febf-485e-87fe-d93b4c80d1c4 is updated
2017-10-28 08:36:42.295 28520 INFO heat.engine.service [req-3e52f3bc-70b5-463a-afa8-0a97162c3d07 - - - - -] Service 4afb81d2-1ea2-4a4b-bc5f-b909623e3e74 is updated
2017-10-28 08:36:42.295 28564 INFO heat.engine.service [req-c0220f2d-8c28-42b8-9610-092df841aeb6 - - - - -] Service 8f50a07c-7ad8-4a6d-a9d3-37e4c8f0ba53 is updated
2017-10-28 08:36:42.303 28562 INFO heat.engine.service [req-29b015cd-375c-42fd-afe5-12135f2b1123 - - - - -] Service b207e39f-b808-4c6c-8285-bd415d13ec10 is updated
2017-10-28 08:36:42.314 28510 INFO heat.engine.service [req-990a2d20-bd53-464b-9e95-beea8ec3e776 - - - - -] Service 4669f065-a489-481e-9850-91a9f44bc077 is updated
2017-10-28 08:36:42.323 28536 INFO heat.engine.service [req-de7901da-3213-4b39-aca9-a052a4eeb1d1 - - - - -] Service 98ecc1ea-b227-42dc-82e7-30ac1ed9fca4 is updated
2017-10-28 08:36:42.375 28560 INFO heat.engine.service [req-eb358d83-8b90-4674-a5f3-6a7bc1cab854 - - - - -] Service 3b95e8e7-8709-45d2-a464-bac772180735 is updated
2017-10-28 08:36:42.404 28557 INFO heat.engine.service [req-d80b3200-7365-438d-8703-8017e59e940a - - - - -] Service 98f930a8-31b2-4e4d-8712-9e6fea660e73 is updated
2017-10-28 08:36:42.405 28563 INFO heat.engine.service [req-2d2f4ce5-e0a9-448b-a309-7341d7aeacb2 - - - - -] Service 4eca1835-2fb1-450f-b336-3867986a581d is updated
2017-10-28 08:36:42.429 28519 INFO heat.engine.service [req-dd57c4df-4a4a-482a-8d73-79b4e67c8092 - - - - -] Service 7d2457db-265f-4f09-a7ed-68db183e0384 is updated
2017-10-28 08:36:42.448 28533 INFO heat.engine.service [req-d4cf2b02-1393-4a9f-ab45-019e949dc13b - - - - -] Service 3a35d7bf-f1bd-4589-a5c3-8000c3b24793 is updated
2017-10-28 08:36:42.463 28524 INFO heat.engine.service [req-cf77efe8-6c0e-4dc6-a385-665ffa977e7d - - - - -] Service 2f511c44-ddf4-43a7-9fd0-41f210a8b669 is updated
2017-10-28 08:36:42.524 28547 INFO heat.engine.service [req-67460b65-70e0-4e28-9798-2f2ac151ace3 - - - - -] Service 25707d32-efb1-423a-b2d4-e11dfe67bcdc is updated
2017-10-28 08:36:42.525 28517 INFO heat.engine.service [req-f8adb4c4-bf80-4509-b171-18ee609c8dc0 - - - - -] Service 750cf73f-337d-432c-9d53-30fab548b45c is updated
2017-10-28 08:36:42.533 28541 INFO heat.engine.service [req-6f94a0b9-3843-4788-9f73-92267e03e4b6 - - - - -] Service 28f76f02-d340-4517-9f1d-cb1f7fd704ac is updated
2017-10-28 08:36:42.551 28549 INFO heat.engine.service [req-8d72f458-4a37-4d6d-a41a-6bc2d7e85517 - - - - -] Service 8942a6af-7411-45cf-9672-1c7d3127c49f is updated
2017-10-28 08:36:42.552 28534 INFO heat.engine.service [req-750fe8a3-c08f-4629-957f-274cf4278d69 - - - - -] Service 7cdf9070-e34d-436d-aa75-65b1eb388638 is updated
2017-10-28 08:36:42.554 28554 INFO heat.engine.service [req-93a77aca-17c7-4fb2-bd96-71efb523b1ec - - - - -] Service c7479ed7-747a-48d4-9a5a-b7161a57c39e is updated
2017-10-28 08:36:42.563 28537 INFO heat.engine.service [req-37643461-1ad4-4c45-9cd0-8b0aa8c2210a - - - - -] Service fd1e41c5-b76e-4f95-9fd6-4a9c3d626081 is updated
2017-10-28 08:36:42.569 28530 INFO heat.engine.service [req-19b702b9-112a-4b27-9f27-1b726b4081fc - - - - -] Service caf6df39-f07f-489e-9581-9b70becae9e2 is updated
2017-10-28 08:36:42.625 28512 INFO heat.engine.service [req-fbcca6c2-523b-4e09-bcb6-cb263f2159fb - - - - -] Service fc9cbb06-6f7c-4b69-b947-05f204b3ce3c is updated
2017-10-28 08:36:42.630 28556 INFO heat.engine.service [req-18efd2cb-98c2-4d14-984b-860ae0e22254 - - - - -] Service 30227806-eb6a-421b-b64b-1f4e769dde97 is updated
2017-10-28 08:36:42.643 28518 INFO heat.engine.service [req-aee2d5a6-2416-4746-86fc-1be07cdd463f - - - - -] Service dd24efbc-8915-43d4-af30-b40fa3b43c47 is updated
2017-10-28 08:36:42.647 28535 INFO heat.engine.service [req-1738428a-88b4-4c60-b374-545d5d304195 - - - - -] Service fb8da2fb-0ff3-4afc-956a-7d78b638efc3 is updated
2017-10-28 08:36:42.667 28515 INFO heat.engine.service [req-8dd6d3ac-b59f-4cc7-925e-9733f25634a0 - - - - -] Service 1a670f48-191d-4af2-ba9b-d59280a34029 is updated
2017-10-28 08:36:42.687 28558 INFO heat.engine.service [req-18ba5304-f1e3-46ef-8ebd-ca42f0ae3980 - - - - -] Service ce91c6b2-92c3-4791-9658-c7753c86c265 is updated
2017-10-28 08:36:42.689 28551 INFO heat.engine.service [req-61c77cfe-7dc7-4ffa-a4c7-a67f32c9d7c7 - - - - -] Service 560cd9d1-ade5-4123-8efe-4822dbddfe23 is updated
2017-10-28 08:36:42.698 28540 INFO heat.engine.service [req-e728a663-f988-4562-8128-f9175d389f6d - - - - -] Service 48ab0354-0cc3-4574-8b4b-39578b4811f9 is updated
2017-10-28 08:36:42.705 28555 INFO heat.engine.service [req-f150b5fa-3634-423a-a56d-752d1c655ffa - - - - -] Service 6b1b66de-35d9-4105-bcd5-aa680ffcddec is updated
2017-10-28 08:36:42.722 28531 INFO heat.engine.service [req-76a5cd7e-6644-47e8-b77e-e2cd331132c5 - - - - -] Service ff837399-1603-480b-89cf-1947330a42ab is updated
2017-10-28 08:36:42.723 28550 INFO heat.engine.service [req-7b067dfd-7270-4aac-bad4-b2efa4c3d86c - - - - -] Service ac79e68c-b408-42b8-9a3f-aaa256fcf8f0 is updated
2017-10-28 08:36:42.726 28521 INFO heat.engine.service [req-e6513666-8b0c-408b-be95-a49b46000051 - - - - -] Service d42598ab-5331-4bf4-a271-327e00c8675f is updated
2017-10-28 08:36:42.737 28525 INFO heat.engine.service [req-a70fa154-6261-454b-9290-267d566570fa - - - - -] Service 12fa1fd5-3e02-4695-9acb-ecf6d0c6be7e is updated
2017-10-28 08:36:42.865 28559 INFO heat.engine.service [req-dadd2467-8bc4-4042-a731-a0d95b8ba0d4 - - - - -] Service d321ca62-b768-43f2-9c4f-f4308f362b40 is updated
2017-10-28 08:36:43.054 28539 INFO heat.engine.service [req-05d7ec90-8adc-4089-97b8-1ad2b84d5e03 - - - - -] Service 75a95404-a1b5-44f6-ba31-90e0e95c8ad0 is updated
2017-10-28 08:36:44.273 28514 INFO heat.engine.service [req-44e1af97-3181-48fe-89b9-6481dee38617 - - - - -] Service c1ca77d3-4c81-441a-914c-e8e1795d0819 is updated
2017-10-28 08:37:42.020 28529 INFO heat.engine.service [req-d0a10893-5127-479a-a320-1ce98640bb98 - - - - -] Service 4e596928-014f-46fe-904b-2c69d0122faa is updated
2017-10-28 08:37:42.117 28553 INFO heat.engine.service [req-1e5e742e-c05b-4468-a612-bd480e2a813c - - - - -] Service 1231c634-a611-4552-9733-0bcd0229559d is updated
2017-10-28 08:37:42.146 28522 INFO heat.engine.service [req-62483afd-06ea-494c-97c3-cb2e74dd113d - - - - -] Service 0b05fddd-7118-49f7-b698-e81b89f80dd0 is updated
2017-10-28 08:37:42.170 28542 INFO heat.engine.service [req-879d3b43-b6c1-4ac6-89f7-7585ae7a2690 - - - - -] Service 94a1afb2-8a32-439d-ab8f-e06a961e4433 is updated
2017-10-28 08:37:42.170 28527 INFO heat.engine.service [req-d7c2b496-70ed-4e2b-9127-33c718e2ed12 - - - - -] Service 27b05062-f4e2-41b9-a5a1-b78a8e7a7cab is updated
2017-10-28 08:37:42.178 28511 INFO heat.engine.service [req-14ca9258-9fcb-4170-ab68-18568f8edf74 - - - - -] Service c4991b42-b929-41c8-92ba-07735294b97d is updated
2017-10-28 08:37:42.200 28513 INFO heat.engine.service [req-04327faf-823a-417f-997a-aca4ba67c20f - - - - -] Service 5ce1d5ea-a507-4dce-98d2-430354f1824f is updated
2017-10-28 08:37:42.201 28532 INFO heat.engine.service [req-12e08958-3b01-4f05-a7a0-f33c21450650 - - - - -] Service 5e954547-3083-4e91-b56e-edaec69d9004 is updated
2017-10-28 08:37:42.215 28552 INFO heat.engine.service [req-1a00b4a9-2a79-44b6-b565-6d829bb4fa39 - - - - -] Service e9eaa51d-d288-442a-bc48-944d997543a3 is updated
2017-10-28 08:37:42.236 28523 INFO heat.engine.service [req-30e1ca4d-7a8e-43f1-9cd4-75a44b9bb548 - - - - -] Service d7cc827c-6c72-4bc7-9c27-48fae872f1b6 is updated
2017-10-28 08:37:42.258 28561 INFO heat.engine.service [req-8e0904bf-980f-4457-8793-e5a19b501122 - - - - -] Service 5320c9fe-fd90-45e2-9c81-06f88b38f36b is updated
2017-10-28 08:37:42.258 28538 INFO heat.engine.service [req-b98e1683-fd5c-48c0-ad20-d55e31755796 - - - - -] Service 174f2dbb-df8a-4407-b210-723a658db9cb is updated
2017-10-28 08:37:42.267 28516 INFO heat.engine.service [req-5431bade-362a-4fc3-b475-ed2091605006 - - - - -] Service 2d84e3bb-febf-485e-87fe-d93b4c80d1c4 is updated
2017-10-28 08:37:42.292 28520 INFO heat.engine.service [req-22a6b6ab-891d-4d59-a100-c407e2236b83 - - - - -] Service 4afb81d2-1ea2-4a4b-bc5f-b909623e3e74 is updated
2017-10-28 08:37:42.292 28564 INFO heat.engine.service [req-95c01bd7-cd05-4ab5-9b6b-0deb0ce5e269 - - - - -] Service 8f50a07c-7ad8-4a6d-a9d3-37e4c8f0ba53 is updated
2017-10-28 08:37:42.299 28562 INFO heat.engine.service [req-2b11c082-c7cc-47eb-9c84-281684c79670 - - - - -] Service b207e39f-b808-4c6c-8285-bd415d13ec10 is updated
2017-10-28 08:37:42.311 28510 INFO heat.engine.service [req-ddd9cd4f-7e8e-428d-bdbb-27df536da3d3 - - - - -] Service 4669f065-a489-481e-9850-91a9f44bc077 is updated
2017-10-28 08:37:42.319 28536 INFO heat.engine.service [req-d785ead1-2c3b-4f25-8ce4-1f195b55acf7 - - - - -] Service 98ecc1ea-b227-42dc-82e7-30ac1ed9fca4 is updated
2017-10-28 08:37:42.374 28560 INFO heat.engine.service [req-ba13ed30-665e-459d-82bb-c5cf4901a0e9 - - - - -] Service 3b95e8e7-8709-45d2-a464-bac772180735 is updated
2017-10-28 08:37:42.398 28557 INFO heat.engine.service [req-74a4f014-be39-419e-b3a2-8f39e679fe05 - - - - -] Service 98f930a8-31b2-4e4d-8712-9e6fea660e73 is updated
2017-10-28 08:37:42.402 28563 INFO heat.engine.service [req-17892deb-aeb5-4f81-a421-d88c8516a60e - - - - -] Service 4eca1835-2fb1-450f-b336-3867986a581d is updated
2017-10-28 08:37:42.435 28519 INFO heat.engine.service [req-142e0618-dea7-4a60-a01a-0f32e130b85b - - - - -] Service 7d2457db-265f-4f09-a7ed-68db183e0384 is updated
2017-10-28 08:37:42.444 28533 INFO heat.engine.service [req-8fe1bb76-e5d5-4dcf-a8a5-e23c93c668b0 - - - - -] Service 3a35d7bf-f1bd-4589-a5c3-8000c3b24793 is updated
2017-10-28 08:37:42.459 28524 INFO heat.engine.service [req-d19ec2e3-715e-4ff2-a538-e75aa2bddaee - - - - -] Service 2f511c44-ddf4-43a7-9fd0-41f210a8b669 is updated
2017-10-28 08:37:42.521 28547 INFO heat.engine.service [req-ff4caac4-50a5-4909-a6e1-dd5d0aa4709c - - - - -] Service 25707d32-efb1-423a-b2d4-e11dfe67bcdc is updated
2017-10-28 08:37:42.524 28517 INFO heat.engine.service [req-1badecbb-619e-4778-b3ca-932d4a83d09a - - - - -] Service 750cf73f-337d-432c-9d53-30fab548b45c is updated
2017-10-28 08:37:42.546 28541 INFO heat.engine.service [req-ccceb1c4-74c6-4df5-be7b-338306483bb4 - - - - -] Service 28f76f02-d340-4517-9f1d-cb1f7fd704ac is updated
2017-10-28 08:37:42.553 28554 INFO heat.engine.service [req-74788466-a835-45f0-a4c4-509c9f6199ab - - - - -] Service c7479ed7-747a-48d4-9a5a-b7161a57c39e is updated
2017-10-28 08:37:42.555 28549 INFO heat.engine.service [req-9ac3625c-f53c-470d-8b8e-0d83c361445b - - - - -] Service 8942a6af-7411-45cf-9672-1c7d3127c49f is updated
2017-10-28 08:37:42.555 28534 INFO heat.engine.service [req-bdc0a51f-4652-40de-a1f2-932dcc1d7ccf - - - - -] Service 7cdf9070-e34d-436d-aa75-65b1eb388638 is updated
2017-10-28 08:37:42.561 28537 INFO heat.engine.service [req-4716bdad-869b-4798-8496-e2efb776f242 - - - - -] Service fd1e41c5-b76e-4f95-9fd6-4a9c3d626081 is updated
2017-10-28 08:37:42.566 28530 INFO heat.engine.service [req-75f5e580-697a-404c-9cf0-a6bf75bf421d - - - - -] Service caf6df39-f07f-489e-9581-9b70becae9e2 is updated
2017-10-28 08:37:42.622 28512 INFO heat.engine.service [req-d49b12b3-0bd1-4298-a296-4f85cc101e0f - - - - -] Service fc9cbb06-6f7c-4b69-b947-05f204b3ce3c is updated
2017-10-28 08:37:42.626 28556 INFO heat.engine.service [req-41835994-b5d3-45dd-ba3c-3506d41f3fb9 - - - - -] Service 30227806-eb6a-421b-b64b-1f4e769dde97 is updated
2017-10-28 08:37:42.641 28518 INFO heat.engine.service [req-1894d32b-3bb4-4b09-863b-ea2c4412a591 - - - - -] Service dd24efbc-8915-43d4-af30-b40fa3b43c47 is updated
2017-10-28 08:37:42.654 28535 INFO heat.engine.service [req-2341be2c-f416-4513-a8f0-bca04f0b56e5 - - - - -] Service fb8da2fb-0ff3-4afc-956a-7d78b638efc3 is updated
2017-10-28 08:37:42.662 28515 INFO heat.engine.service [req-7b3c5771-bd7b-461b-8a2c-34503cd4dac0 - - - - -] Service 1a670f48-191d-4af2-ba9b-d59280a34029 is updated
2017-10-28 08:37:42.685 28558 INFO heat.engine.service [req-d4a08636-1a50-4595-834d-aaddd2a0b2ab - - - - -] Service ce91c6b2-92c3-4791-9658-c7753c86c265 is updated
2017-10-28 08:37:42.686 28551 INFO heat.engine.service [req-98558b6a-1a64-46fd-a805-994e1cd7e4d5 - - - - -] Service 560cd9d1-ade5-4123-8efe-4822dbddfe23 is updated
2017-10-28 08:37:42.706 28540 INFO heat.engine.service [req-5457f452-2473-4926-bda3-e59f5a69b75a - - - - -] Service 48ab0354-0cc3-4574-8b4b-39578b4811f9 is updated
2017-10-28 08:37:42.716 28555 INFO heat.engine.service [req-032cd7bf-7a84-4a23-b7ed-5b8cc1468a67 - - - - -] Service 6b1b66de-35d9-4105-bcd5-aa680ffcddec is updated
2017-10-28 08:37:42.719 28550 INFO heat.engine.service [req-f60531be-6b63-4980-a0f4-c13cf275ced1 - - - - -] Service ac79e68c-b408-42b8-9a3f-aaa256fcf8f0 is updated
2017-10-28 08:37:42.721 28531 INFO heat.engine.service [req-961f5ba2-46c7-4d17-b8a4-11d2fcb08ffe - - - - -] Service ff837399-1603-480b-89cf-1947330a42ab is updated
2017-10-28 08:37:42.722 28521 INFO heat.engine.service [req-3d10be8d-eff4-431d-aea7-4b504edd93a2 - - - - -] Service d42598ab-5331-4bf4-a271-327e00c8675f is updated
2017-10-28 08:37:42.735 28525 INFO heat.engine.service [req-299ee80e-44da-4ad4-bc3b-32263245b5a1 - - - - -] Service 12fa1fd5-3e02-4695-9acb-ecf6d0c6be7e is updated
2017-10-28 08:37:42.864 28559 INFO heat.engine.service [req-0240b9b5-748a-4dab-bb83-a27ad75431ad - - - - -] Service d321ca62-b768-43f2-9c4f-f4308f362b40 is updated
2017-10-28 08:37:43.052 28539 INFO heat.engine.service [req-9feec62e-d6e5-4bf3-941e-e8c0429945da - - - - -] Service 75a95404-a1b5-44f6-ba31-90e0e95c8ad0 is updated
2017-10-28 08:37:44.270 28514 INFO heat.engine.service [req-b3c496ea-4dd8-48db-a625-c9dd322f6a30 - - - - -] Service c1ca77d3-4c81-441a-914c-e8e1795d0819 is updated
