2017-10-28 07:28:42.474 28562 INFO heat.engine.service [req-85a3e300-88ca-4d83-bb0e-cf20221d8001 - - - - -] Service b207e39f-b808-4c6c-8285-bd415d13ec10 is updated
2017-10-28 07:28:42.491 28536 INFO heat.engine.service [req-0fcbea78-f262-4e01-9031-a265bdbeb3e6 - - - - -] Service 98ecc1ea-b227-42dc-82e7-30ac1ed9fca4 is updated
2017-10-28 07:28:42.530 28560 INFO heat.engine.service [req-a2054252-a847-42ef-addc-057f035423a2 - - - - -] Service 3b95e8e7-8709-45d2-a464-bac772180735 is updated
2017-10-28 07:28:42.568 28563 INFO heat.engine.service [req-a2263233-6923-4ac2-8618-4ebb148f8bf0 - - - - -] Service 4eca1835-2fb1-450f-b336-3867986a581d is updated
2017-10-28 07:28:42.570 28557 INFO heat.engine.service [req-721ee737-5f2c-4361-bb4d-41e0c8996ff5 - - - - -] Service 98f930a8-31b2-4e4d-8712-9e6fea660e73 is updated
2017-10-28 07:28:42.575 28519 INFO heat.engine.service [req-efd1e2ef-24a2-414c-bdd4-fb3c48193c30 - - - - -] Service 7d2457db-265f-4f09-a7ed-68db183e0384 is updated
2017-10-28 07:28:42.584 28524 INFO heat.engine.service [req-ff735406-8912-476a-aeec-557820ea2039 - - - - -] Service 2f511c44-ddf4-43a7-9fd0-41f210a8b669 is updated
2017-10-28 07:28:42.595 28533 INFO heat.engine.service [req-0b74e6ea-8c90-4305-8698-90b9a16f810b - - - - -] Service 3a35d7bf-f1bd-4589-a5c3-8000c3b24793 is updated
2017-10-28 07:28:42.628 28517 INFO heat.engine.service [req-0abb47db-e982-43dd-bf52-1a6ec7a42431 - - - - -] Service 750cf73f-337d-432c-9d53-30fab548b45c is updated
2017-10-28 07:28:42.654 28541 INFO heat.engine.service [req-f1f9864c-8976-4577-848e-97ff92ac8436 - - - - -] Service 28f76f02-d340-4517-9f1d-cb1f7fd704ac is updated
2017-10-28 07:28:42.662 28547 INFO heat.engine.service [req-243c7458-b059-4db2-9073-bae7411d7e48 - - - - -] Service 25707d32-efb1-423a-b2d4-e11dfe67bcdc is updated
2017-10-28 07:28:42.678 28554 INFO heat.engine.service [req-5f84d5c5-6f12-4606-8e57-13b4a171ec7e - - - - -] Service c7479ed7-747a-48d4-9a5a-b7161a57c39e is updated
2017-10-28 07:28:42.679 28530 INFO heat.engine.service [req-817f420f-a73b-428c-ad21-9d4aaaf8c212 - - - - -] Service caf6df39-f07f-489e-9581-9b70becae9e2 is updated
2017-10-28 07:28:42.694 28549 INFO heat.engine.service [req-2c2dbe62-1b53-4573-93e9-88b0ca8d2286 - - - - -] Service 8942a6af-7411-45cf-9672-1c7d3127c49f is updated
2017-10-28 07:28:42.697 28537 INFO heat.engine.service [req-048309f2-7426-4045-b203-436b6dbd9660 - - - - -] Service fd1e41c5-b76e-4f95-9fd6-4a9c3d626081 is updated
2017-10-28 07:28:42.719 28534 INFO heat.engine.service [req-1420a561-a10e-4775-8a4a-7203f56ae7da - - - - -] Service 7cdf9070-e34d-436d-aa75-65b1eb388638 is updated
2017-10-28 07:28:42.754 28512 INFO heat.engine.service [req-6a484bad-b7cb-4dd1-bc58-4b998e24a4d0 - - - - -] Service fc9cbb06-6f7c-4b69-b947-05f204b3ce3c is updated
2017-10-28 07:28:42.755 28518 INFO heat.engine.service [req-8ceb3b32-872f-44ab-84a7-7b2cd5cd28ec - - - - -] Service dd24efbc-8915-43d4-af30-b40fa3b43c47 is updated
2017-10-28 07:28:42.772 28556 INFO heat.engine.service [req-c9c0e996-6e4b-4a2f-a2a3-85d561176378 - - - - -] Service 30227806-eb6a-421b-b64b-1f4e769dde97 is updated
2017-10-28 07:28:42.779 28551 INFO heat.engine.service [req-80b592db-4622-4dfe-a33d-6c98f5258864 - - - - -] Service 560cd9d1-ade5-4123-8efe-4822dbddfe23 is updated
2017-10-28 07:28:42.781 28535 INFO heat.engine.service [req-6c482ef3-6e0f-4550-9d0d-c2928fe36cf7 - - - - -] Service fb8da2fb-0ff3-4afc-956a-7d78b638efc3 is updated
2017-10-28 07:28:42.791 28515 INFO heat.engine.service [req-3a744ab3-22ce-445b-aed7-d6b2455a9fb4 - - - - -] Service 1a670f48-191d-4af2-ba9b-d59280a34029 is updated
2017-10-28 07:28:42.803 28550 INFO heat.engine.service [req-fcb6fddb-4d49-43b3-930c-758ad6d05a1c - - - - -] Service ac79e68c-b408-42b8-9a3f-aaa256fcf8f0 is updated
2017-10-28 07:28:42.804 28540 INFO heat.engine.service [req-6e455685-6d2c-41ea-9ccc-e464480dc879 - - - - -] Service 48ab0354-0cc3-4574-8b4b-39578b4811f9 is updated
2017-10-28 07:28:42.806 28521 INFO heat.engine.service [req-a33428e4-0775-48f7-8b77-4248ae922a4f - - - - -] Service d42598ab-5331-4bf4-a271-327e00c8675f is updated
2017-10-28 07:28:42.823 28558 INFO heat.engine.service [req-f4a0e7ed-1b15-42b1-9e8d-4b83f6677a8c - - - - -] Service ce91c6b2-92c3-4791-9658-c7753c86c265 is updated
2017-10-28 07:28:42.834 28531 INFO heat.engine.service [req-eb90e2ff-15b7-4cbe-b860-62182b4523a4 - - - - -] Service ff837399-1603-480b-89cf-1947330a42ab is updated
2017-10-28 07:28:42.855 28555 INFO heat.engine.service [req-f0a5909d-c10f-44c9-a80f-7bf17e046629 - - - - -] Service 6b1b66de-35d9-4105-bcd5-aa680ffcddec is updated
2017-10-28 07:28:42.861 28525 INFO heat.engine.service [req-bfaa2d2d-3f20-4ff3-8b41-839b77240b8d - - - - -] Service 12fa1fd5-3e02-4695-9acb-ecf6d0c6be7e is updated
2017-10-28 07:28:42.975 28559 INFO heat.engine.service [req-d6025068-dd56-416f-b336-de737e62e5fb - - - - -] Service d321ca62-b768-43f2-9c4f-f4308f362b40 is updated
2017-10-28 07:28:43.168 28539 INFO heat.engine.service [req-994b8f9d-9f35-4b73-8a86-736ab6e100a7 - - - - -] Service 75a95404-a1b5-44f6-ba31-90e0e95c8ad0 is updated
2017-10-28 07:28:44.382 28514 INFO heat.engine.service [req-f41131cf-f711-4eb4-83a0-4baee2f8eec1 - - - - -] Service c1ca77d3-4c81-441a-914c-e8e1795d0819 is updated
2017-10-28 07:29:42.176 28529 INFO heat.engine.service [req-837b55a7-e538-4a59-afad-a3155b5f34f9 - - - - -] Service 4e596928-014f-46fe-904b-2c69d0122faa is updated
2017-10-28 07:29:42.220 28527 INFO heat.engine.service [req-96767c23-1c26-477b-9c4e-8f8aee5defc0 - - - - -] Service 27b05062-f4e2-41b9-a5a1-b78a8e7a7cab is updated
2017-10-28 07:29:42.236 28553 INFO heat.engine.service [req-eda73878-a3e5-48ad-98d2-8ebd6ab85153 - - - - -] Service 1231c634-a611-4552-9733-0bcd0229559d is updated
2017-10-28 07:29:42.294 28522 INFO heat.engine.service [req-68d10d9f-b887-4d78-860e-932288a6ca34 - - - - -] Service 0b05fddd-7118-49f7-b698-e81b89f80dd0 is updated
2017-10-28 07:29:42.306 28542 INFO heat.engine.service [req-e64e680d-ae78-4998-ad34-a9b241772ba1 - - - - -] Service 94a1afb2-8a32-439d-ab8f-e06a961e4433 is updated
2017-10-28 07:29:42.308 28532 INFO heat.engine.service [req-d8e1bea4-39f3-45f9-8b0e-ae20241abb4e - - - - -] Service 5e954547-3083-4e91-b56e-edaec69d9004 is updated
2017-10-28 07:29:42.316 28523 INFO heat.engine.service [req-fe0eacc3-ecad-425c-9ad4-a4598ce538ec - - - - -] Service d7cc827c-6c72-4bc7-9c27-48fae872f1b6 is updated
2017-10-28 07:29:42.327 28511 INFO heat.engine.service [req-e7cec174-f422-4274-bca2-ddc0f47ab080 - - - - -] Service c4991b42-b929-41c8-92ba-07735294b97d is updated
2017-10-28 07:29:42.344 28513 INFO heat.engine.service [req-4f1fd03e-ba28-46ff-988c-0701d5914bd4 - - - - -] Service 5ce1d5ea-a507-4dce-98d2-430354f1824f is updated
2017-10-28 07:29:42.350 28538 INFO heat.engine.service [req-b68958be-1ff6-4864-9b8a-b3c35944af00 - - - - -] Service 174f2dbb-df8a-4407-b210-723a658db9cb is updated
2017-10-28 07:29:42.366 28552 INFO heat.engine.service [req-dec3d87f-f91c-4fee-8521-a1025cb3b1ae - - - - -] Service e9eaa51d-d288-442a-bc48-944d997543a3 is updated
2017-10-28 07:29:42.380 28561 INFO heat.engine.service [req-7ab1da00-9671-416e-bddc-b4704bcdaa7e - - - - -] Service 5320c9fe-fd90-45e2-9c81-06f88b38f36b is updated
2017-10-28 07:29:42.395 28516 INFO heat.engine.service [req-b5a9c3bb-294d-4668-a256-7ecb12831ada - - - - -] Service 2d84e3bb-febf-485e-87fe-d93b4c80d1c4 is updated
2017-10-28 07:29:42.441 28564 INFO heat.engine.service [req-e4468c8d-2ef1-48c5-8388-10bbe5d2d49d - - - - -] Service 8f50a07c-7ad8-4a6d-a9d3-37e4c8f0ba53 is updated
2017-10-28 07:29:42.455 28520 INFO heat.engine.service [req-73059daf-303a-42b4-a874-83f7b80e4576 - - - - -] Service 4afb81d2-1ea2-4a4b-bc5f-b909623e3e74 is updated
2017-10-28 07:29:42.465 28510 INFO heat.engine.service [req-9ee5b586-b004-4246-85d5-3d49583934a8 - - - - -] Service 4669f065-a489-481e-9850-91a9f44bc077 is updated
2017-10-28 07:29:42.470 28562 INFO heat.engine.service [req-526e4f53-2d67-40bb-b1cb-96d2f2fda055 - - - - -] Service b207e39f-b808-4c6c-8285-bd415d13ec10 is updated
2017-10-28 07:29:42.487 28536 INFO heat.engine.service [req-796e8d45-9a1a-4535-adcb-bc68e06eb2b0 - - - - -] Service 98ecc1ea-b227-42dc-82e7-30ac1ed9fca4 is updated
2017-10-28 07:29:42.529 28560 INFO heat.engine.service [req-ea5be24a-593a-4ced-b0fb-598cfbf04aeb - - - - -] Service 3b95e8e7-8709-45d2-a464-bac772180735 is updated
2017-10-28 07:29:42.566 28557 INFO heat.engine.service [req-eed22e98-7c3e-4bb0-8864-56cf6d0e6144 - - - - -] Service 98f930a8-31b2-4e4d-8712-9e6fea660e73 is updated
2017-10-28 07:29:42.566 28563 INFO heat.engine.service [req-5c1a9665-5364-4fbe-a17e-e6d8ffac4456 - - - - -] Service 4eca1835-2fb1-450f-b336-3867986a581d is updated
2017-10-28 07:29:42.571 28519 INFO heat.engine.service [req-09181075-9d77-40cc-a5d4-497856cf0343 - - - - -] Service 7d2457db-265f-4f09-a7ed-68db183e0384 is updated
2017-10-28 07:29:42.578 28524 INFO heat.engine.service [req-8c144f2c-de53-4bdc-91c8-3f91585c8ab7 - - - - -] Service 2f511c44-ddf4-43a7-9fd0-41f210a8b669 is updated
2017-10-28 07:29:42.590 28533 INFO heat.engine.service [req-8565b3db-d582-4f22-b62b-6a2f264597a8 - - - - -] Service 3a35d7bf-f1bd-4589-a5c3-8000c3b24793 is updated
2017-10-28 07:29:42.624 28517 INFO heat.engine.service [req-1f08cf31-d42e-40b1-9e6d-298256ee2444 - - - - -] Service 750cf73f-337d-432c-9d53-30fab548b45c is updated
2017-10-28 07:29:42.650 28541 INFO heat.engine.service [req-12af0023-d34a-4ce6-8f4b-f1ed2146b83b - - - - -] Service 28f76f02-d340-4517-9f1d-cb1f7fd704ac is updated
2017-10-28 07:29:42.657 28547 INFO heat.engine.service [req-2f461b34-9be6-48b3-aa1c-a6d120c964e5 - - - - -] Service 25707d32-efb1-423a-b2d4-e11dfe67bcdc is updated
2017-10-28 07:29:42.676 28530 INFO heat.engine.service [req-32e25056-163a-4263-a7c2-fdb46e143e75 - - - - -] Service caf6df39-f07f-489e-9581-9b70becae9e2 is updated
2017-10-28 07:29:42.676 28554 INFO heat.engine.service [req-4f6007b2-c13f-4bc7-ad12-b7ceba0cc4c5 - - - - -] Service c7479ed7-747a-48d4-9a5a-b7161a57c39e is updated
2017-10-28 07:29:42.690 28549 INFO heat.engine.service [req-3dcb0c1d-efef-42ce-974c-fef01cd83d7e - - - - -] Service 8942a6af-7411-45cf-9672-1c7d3127c49f is updated
2017-10-28 07:29:42.694 28537 INFO heat.engine.service [req-afa502db-e133-43c0-9b44-b9ed54ed7eea - - - - -] Service fd1e41c5-b76e-4f95-9fd6-4a9c3d626081 is updated
2017-10-28 07:29:42.716 28534 INFO heat.engine.service [req-58cc8ef9-ec54-4c5e-9636-206fcc94878e - - - - -] Service 7cdf9070-e34d-436d-aa75-65b1eb388638 is updated
2017-10-28 07:29:42.754 28518 INFO heat.engine.service [req-dd002777-4c2b-4a26-a84b-7c73226d9335 - - - - -] Service dd24efbc-8915-43d4-af30-b40fa3b43c47 is updated
2017-10-28 07:29:42.754 28512 INFO heat.engine.service [req-9eaaa1b3-2573-4d4e-b822-00f3b2073c8a - - - - -] Service fc9cbb06-6f7c-4b69-b947-05f204b3ce3c is updated
2017-10-28 07:29:42.769 28556 INFO heat.engine.service [req-70411cb3-3956-449c-9786-e9d09f2c0051 - - - - -] Service 30227806-eb6a-421b-b64b-1f4e769dde97 is updated
2017-10-28 07:29:42.777 28551 INFO heat.engine.service [req-4bde7ff5-6c2e-4300-8a5a-84111f48dea1 - - - - -] Service 560cd9d1-ade5-4123-8efe-4822dbddfe23 is updated
2017-10-28 07:29:42.787 28535 INFO heat.engine.service [req-fd0849e5-36dc-4c99-bd2d-54b612fb6b5b - - - - -] Service fb8da2fb-0ff3-4afc-956a-7d78b638efc3 is updated
2017-10-28 07:29:42.789 28515 INFO heat.engine.service [req-a80adee0-6aee-4cd8-a6dd-c750baf82f47 - - - - -] Service 1a670f48-191d-4af2-ba9b-d59280a34029 is updated
2017-10-28 07:29:42.802 28540 INFO heat.engine.service [req-9e4223b6-8be7-4b9e-9020-63717ec08f09 - - - - -] Service 48ab0354-0cc3-4574-8b4b-39578b4811f9 is updated
2017-10-28 07:29:42.803 28521 INFO heat.engine.service [req-a0bb98f0-9172-4961-94fb-d61fe3b6c8a6 - - - - -] Service d42598ab-5331-4bf4-a271-327e00c8675f is updated
2017-10-28 07:29:42.807 28550 INFO heat.engine.service [req-d7c342b9-d177-43f3-bfa1-c78984d996dd - - - - -] Service ac79e68c-b408-42b8-9a3f-aaa256fcf8f0 is updated
2017-10-28 07:29:42.830 28558 INFO heat.engine.service [req-327437a9-b3b1-4d48-9ef3-525d4b5f5a7a - - - - -] Service ce91c6b2-92c3-4791-9658-c7753c86c265 is updated
2017-10-28 07:29:42.831 28531 INFO heat.engine.service [req-b076545a-a184-49fa-bbea-d606bb264e50 - - - - -] Service ff837399-1603-480b-89cf-1947330a42ab is updated
2017-10-28 07:29:42.851 28555 INFO heat.engine.service [req-fb9dfce0-0c58-4015-91d0-61f759387e55 - - - - -] Service 6b1b66de-35d9-4105-bcd5-aa680ffcddec is updated
2017-10-28 07:29:42.857 28525 INFO heat.engine.service [req-de907d6d-f3c3-4c80-b0ab-a9abe8fe844c - - - - -] Service 12fa1fd5-3e02-4695-9acb-ecf6d0c6be7e is updated
2017-10-28 07:29:42.961 28559 INFO heat.engine.service [req-2c2390f3-5e86-434d-b4ea-cef43b64082d - - - - -] Service d321ca62-b768-43f2-9c4f-f4308f362b40 is updated
2017-10-28 07:29:43.165 28539 INFO heat.engine.service [req-b5ed4869-33fc-4dc9-85d3-43a66b290090 - - - - -] Service 75a95404-a1b5-44f6-ba31-90e0e95c8ad0 is updated
2017-10-28 07:29:44.382 28514 INFO heat.engine.service [req-9f17a5cd-e6b0-48d8-be05-23c07776c84b - - - - -] Service c1ca77d3-4c81-441a-914c-e8e1795d0819 is updated
2017-10-28 07:30:42.165 28529 INFO heat.engine.service [req-cd4761f4-8116-43ab-8265-ce634dc0b7f1 - - - - -] Service 4e596928-014f-46fe-904b-2c69d0122faa is updated
2017-10-28 07:30:42.228 28527 INFO heat.engine.service [req-500838d3-206a-4174-b17d-a16ed174b1ea - - - - -] Service 27b05062-f4e2-41b9-a5a1-b78a8e7a7cab is updated
2017-10-28 07:30:42.233 28553 INFO heat.engine.service [req-17643da7-9919-4930-809a-3998d6a91044 - - - - -] Service 1231c634-a611-4552-9733-0bcd0229559d is updated
2017-10-28 07:30:42.300 28522 INFO heat.engine.service [req-e83369d4-ca3f-432d-820c-31c35eda8cf9 - - - - -] Service 0b05fddd-7118-49f7-b698-e81b89f80dd0 is updated
2017-10-28 07:30:42.302 28542 INFO heat.engine.service [req-0adf5072-597e-456c-9244-c01f0fea08e6 - - - - -] Service 94a1afb2-8a32-439d-ab8f-e06a961e4433 is updated
2017-10-28 07:30:42.314 28532 INFO heat.engine.service [req-80fbf6e2-3e6a-4aba-860b-0679b07db55d - - - - -] Service 5e954547-3083-4e91-b56e-edaec69d9004 is updated
2017-10-28 07:30:42.314 28523 INFO heat.engine.service [req-0f751c1c-50e0-4248-bce3-b1ea666fac3e - - - - -] Service d7cc827c-6c72-4bc7-9c27-48fae872f1b6 is updated
2017-10-28 07:30:42.324 28511 INFO heat.engine.service [req-20586446-8317-4d3d-bb13-b6b1013805ed - - - - -] Service c4991b42-b929-41c8-92ba-07735294b97d is updated
2017-10-28 07:30:42.351 28513 INFO heat.engine.service [req-1d9fa581-b594-408f-a128-96a83e6334b0 - - - - -] Service 5ce1d5ea-a507-4dce-98d2-430354f1824f is updated
2017-10-28 07:30:42.357 28538 INFO heat.engine.service [req-c7ff2703-3a4c-47da-b1e8-2c3fa6984f5a - - - - -] Service 174f2dbb-df8a-4407-b210-723a658db9cb is updated
2017-10-28 07:30:42.373 28552 INFO heat.engine.service [req-20e35363-29f4-476a-a7c6-7304cb9e9c6a - - - - -] Service e9eaa51d-d288-442a-bc48-944d997543a3 is updated
2017-10-28 07:30:42.387 28561 INFO heat.engine.service [req-f7816874-6898-43ff-9cef-2c0c942997c1 - - - - -] Service 5320c9fe-fd90-45e2-9c81-06f88b38f36b is updated
2017-10-28 07:30:42.403 28516 INFO heat.engine.service [req-62a67bf6-3b68-4988-8784-f9873487afd8 - - - - -] Service 2d84e3bb-febf-485e-87fe-d93b4c80d1c4 is updated
2017-10-28 07:30:42.437 28564 INFO heat.engine.service [req-8cca445b-4d1f-48f6-95cb-d814527c1f23 - - - - -] Service 8f50a07c-7ad8-4a6d-a9d3-37e4c8f0ba53 is updated
2017-10-28 07:30:42.452 28520 INFO heat.engine.service [req-e40835fa-30fa-418d-ad10-843f758c0423 - - - - -] Service 4afb81d2-1ea2-4a4b-bc5f-b909623e3e74 is updated
2017-10-28 07:30:42.462 28510 INFO heat.engine.service [req-4ef5a59f-005f-4aa3-bde3-e4d8109a2f52 - - - - -] Service 4669f065-a489-481e-9850-91a9f44bc077 is updated
2017-10-28 07:30:42.481 28562 INFO heat.engine.service [req-388e9bee-6dff-497d-84b7-36ff188fb430 - - - - -] Service b207e39f-b808-4c6c-8285-bd415d13ec10 is updated
2017-10-28 07:30:42.483 28536 INFO heat.engine.service [req-91e6bfd6-7c96-46a6-9bda-ba22e31e1f9c - - - - -] Service 98ecc1ea-b227-42dc-82e7-30ac1ed9fca4 is updated
2017-10-28 07:30:42.527 28560 INFO heat.engine.service [req-e1fe1c29-536a-4e9a-a1ff-03cf3cbff4f0 - - - - -] Service 3b95e8e7-8709-45d2-a464-bac772180735 is updated
2017-10-28 07:30:42.563 28557 INFO heat.engine.service [req-cb26a860-e5c6-44b0-b3e6-8c9074dfe8c9 - - - - -] Service 98f930a8-31b2-4e4d-8712-9e6fea660e73 is updated
2017-10-28 07:30:42.565 28563 INFO heat.engine.service [req-ee9a6c02-d132-4b72-9d23-801a48401553 - - - - -] Service 4eca1835-2fb1-450f-b336-3867986a581d is updated
2017-10-28 07:30:42.568 28519 INFO heat.engine.service [req-03713c0a-fc3f-4cae-b661-e90e9c8c9232 - - - - -] Service 7d2457db-265f-4f09-a7ed-68db183e0384 is updated
2017-10-28 07:30:42.585 28524 INFO heat.engine.service [req-dd0998a0-b0b0-49f6-adca-ee06edb08be0 - - - - -] Service 2f511c44-ddf4-43a7-9fd0-41f210a8b669 is updated
2017-10-28 07:30:42.596 28533 INFO heat.engine.service [req-f99a3245-67b5-45a2-a13b-c5fe2607e0c7 - - - - -] Service 3a35d7bf-f1bd-4589-a5c3-8000c3b24793 is updated
2017-10-28 07:30:42.621 28517 INFO heat.engine.service [req-8213784e-9792-4b8e-b901-f13fbf520268 - - - - -] Service 750cf73f-337d-432c-9d53-30fab548b45c is updated
2017-10-28 07:30:42.647 28541 INFO heat.engine.service [req-019c2ba7-86c4-4f9a-9682-016949876ce4 - - - - -] Service 28f76f02-d340-4517-9f1d-cb1f7fd704ac is updated
2017-10-28 07:30:42.665 28547 INFO heat.engine.service [req-a3a4d515-2b11-485c-a126-1a26e1fde85e - - - - -] Service 25707d32-efb1-423a-b2d4-e11dfe67bcdc is updated
2017-10-28 07:30:42.672 28554 INFO heat.engine.service [req-ea517f3a-3752-4f7b-b470-e867083072b5 - - - - -] Service c7479ed7-747a-48d4-9a5a-b7161a57c39e is updated
2017-10-28 07:30:42.673 28530 INFO heat.engine.service [req-518ccc2b-dcc3-4d6f-ab5a-70edba7ff876 - - - - -] Service caf6df39-f07f-489e-9581-9b70becae9e2 is updated
2017-10-28 07:30:42.685 28549 INFO heat.engine.service [req-a094b08c-91d5-4f0a-b68a-85344d916662 - - - - -] Service 8942a6af-7411-45cf-9672-1c7d3127c49f is updated
2017-10-28 07:30:42.691 28537 INFO heat.engine.service [req-57c7caff-c780-4b92-baba-50ea2a53d515 - - - - -] Service fd1e41c5-b76e-4f95-9fd6-4a9c3d626081 is updated
2017-10-28 07:30:42.713 28534 INFO heat.engine.service [req-005e86f1-9c77-4129-8cef-8011ca9eee58 - - - - -] Service 7cdf9070-e34d-436d-aa75-65b1eb388638 is updated
2017-10-28 07:30:42.752 28512 INFO heat.engine.service [req-ca255444-5627-495e-8090-37aa287bd426 - - - - -] Service fc9cbb06-6f7c-4b69-b947-05f204b3ce3c is updated
2017-10-28 07:30:42.752 28518 INFO heat.engine.service [req-27f8e30c-c292-4f51-a152-78c4c01cef7c - - - - -] Service dd24efbc-8915-43d4-af30-b40fa3b43c47 is updated
2017-10-28 07:30:42.762 28556 INFO heat.engine.service [req-2d3ad177-d2a5-4e72-9379-589107c8b750 - - - - -] Service 30227806-eb6a-421b-b64b-1f4e769dde97 is updated
2017-10-28 07:30:42.773 28551 INFO heat.engine.service [req-f206c9ac-223e-46b8-9e90-37282d7bde9c - - - - -] Service 560cd9d1-ade5-4123-8efe-4822dbddfe23 is updated
2017-10-28 07:30:42.784 28535 INFO heat.engine.service [req-2df455e3-bed6-4ed6-8bf1-dec480ccfe71 - - - - -] Service fb8da2fb-0ff3-4afc-956a-7d78b638efc3 is updated
2017-10-28 07:30:42.785 28515 INFO heat.engine.service [req-0acf8200-f78b-4034-bfae-f128a60c6a30 - - - - -] Service 1a670f48-191d-4af2-ba9b-d59280a34029 is updated
2017-10-28 07:30:42.798 28540 INFO heat.engine.service [req-825d7148-41cd-4edc-9757-dd186a276f7c - - - - -] Service 48ab0354-0cc3-4574-8b4b-39578b4811f9 is updated
2017-10-28 07:30:42.800 28521 INFO heat.engine.service [req-1ccf1ed5-42b5-475f-8c52-fe4feaf10b68 - - - - -] Service d42598ab-5331-4bf4-a271-327e00c8675f is updated
2017-10-28 07:30:42.813 28550 INFO heat.engine.service [req-74aa801d-3ecd-402c-98dc-52e2c210f331 - - - - -] Service ac79e68c-b408-42b8-9a3f-aaa256fcf8f0 is updated
2017-10-28 07:30:42.827 28531 INFO heat.engine.service [req-be32f3bd-9ba8-45da-add2-a19a6d816a7c - - - - -] Service ff837399-1603-480b-89cf-1947330a42ab is updated
2017-10-28 07:30:42.827 28558 INFO heat.engine.service [req-b0dccfff-8986-48c9-885e-d9e06ac94b5d - - - - -] Service ce91c6b2-92c3-4791-9658-c7753c86c265 is updated
2017-10-28 07:30:42.848 28555 INFO heat.engine.service [req-5427c8be-90c0-440c-96f0-87584fcf8445 - - - - -] Service 6b1b66de-35d9-4105-bcd5-aa680ffcddec is updated
2017-10-28 07:30:42.851 28525 INFO heat.engine.service [req-ac05e789-d6dd-4976-9c76-fcc0a9338468 - - - - -] Service 12fa1fd5-3e02-4695-9acb-ecf6d0c6be7e is updated
2017-10-28 07:30:42.958 28559 INFO heat.engine.service [req-ff2abcd6-a82c-4e3d-a905-09642a1ffc67 - - - - -] Service d321ca62-b768-43f2-9c4f-f4308f362b40 is updated
2017-10-28 07:30:43.163 28539 INFO heat.engine.service [req-b76779e3-6024-4c36-928b-c2277028eb2a - - - - -] Service 75a95404-a1b5-44f6-ba31-90e0e95c8ad0 is updated
2017-10-28 07:30:44.381 28514 INFO heat.engine.service [req-053570a7-b3b0-474f-bb48-bb72186972a4 - - - - -] Service c1ca77d3-4c81-441a-914c-e8e1795d0819 is updated
2017-10-28 07:31:42.162 28529 INFO heat.engine.service [req-6f4d0efb-d461-4cef-8fe8-03bc255e2c97 - - - - -] Service 4e596928-014f-46fe-904b-2c69d0122faa is updated
2017-10-28 07:31:42.226 28527 INFO heat.engine.service [req-bf1f263c-7b0c-4229-a98c-25087db48bc0 - - - - -] Service 27b05062-f4e2-41b9-a5a1-b78a8e7a7cab is updated
2017-10-28 07:31:42.229 28553 INFO heat.engine.service [req-cc8826a2-fdba-461c-bd3d-c89e8a1849c0 - - - - -] Service 1231c634-a611-4552-9733-0bcd0229559d is updated
2017-10-28 07:31:42.298 28522 INFO heat.engine.service [req-4126ec25-ea1d-4ef9-a039-af27133a638d - - - - -] Service 0b05fddd-7118-49f7-b698-e81b89f80dd0 is updated
2017-10-28 07:31:42.300 28542 INFO heat.engine.service [req-4630892b-9286-449f-a5ca-d22ff93ad24c - - - - -] Service 94a1afb2-8a32-439d-ab8f-e06a961e4433 is updated
2017-10-28 07:31:42.312 28532 INFO heat.engine.service [req-1e7e2e09-8b4b-4faf-8a8e-18e3b7276dd3 - - - - -] Service 5e954547-3083-4e91-b56e-edaec69d9004 is updated
2017-10-28 07:31:42.311 28523 INFO heat.engine.service [req-4ae8ee99-dba9-4abd-9512-11c5eb2b5e6c - - - - -] Service d7cc827c-6c72-4bc7-9c27-48fae872f1b6 is updated
2017-10-28 07:31:42.321 28511 INFO heat.engine.service [req-ea8d5c44-f874-4c48-9e53-719473c4d941 - - - - -] Service c4991b42-b929-41c8-92ba-07735294b97d is updated
2017-10-28 07:31:42.347 28513 INFO heat.engine.service [req-3f1b7862-663f-41c7-a973-a465f9cc36dc - - - - -] Service 5ce1d5ea-a507-4dce-98d2-430354f1824f is updated
2017-10-28 07:31:42.354 28538 INFO heat.engine.service [req-dd46f109-6937-4e90-b40b-98c4d59041fa - - - - -] Service 174f2dbb-df8a-4407-b210-723a658db9cb is updated
2017-10-28 07:31:42.369 28552 INFO heat.engine.service [req-ca1c67fd-ff45-473b-8b3f-4915441db6b2 - - - - -] Service e9eaa51d-d288-442a-bc48-944d997543a3 is updated
2017-10-28 07:31:42.385 28561 INFO heat.engine.service [req-7447c0e8-370f-46b6-bb46-8a04beef512c - - - - -] Service 5320c9fe-fd90-45e2-9c81-06f88b38f36b is updated
2017-10-28 07:31:42.401 28516 INFO heat.engine.service [req-322ce45a-82d7-4975-a28d-6fb7e05739c9 - - - - -] Service 2d84e3bb-febf-485e-87fe-d93b4c80d1c4 is updated
2017-10-28 07:31:42.434 28564 INFO heat.engine.service [req-a64596d0-67cc-4631-997d-9483d0ee9981 - - - - -] Service 8f50a07c-7ad8-4a6d-a9d3-37e4c8f0ba53 is updated
2017-10-28 07:31:42.447 28520 INFO heat.engine.service [req-77f911d0-2c26-4724-8b77-10635f33ea14 - - - - -] Service 4afb81d2-1ea2-4a4b-bc5f-b909623e3e74 is updated
2017-10-28 07:31:42.460 28510 INFO heat.engine.service [req-60f38646-227d-47bc-9a7d-cd1ef91e197e - - - - -] Service 4669f065-a489-481e-9850-91a9f44bc077 is updated
2017-10-28 07:31:42.480 28562 INFO heat.engine.service [req-8485be5c-d16b-452c-836e-e0d01517bac5 - - - - -] Service b207e39f-b808-4c6c-8285-bd415d13ec10 is updated
2017-10-28 07:31:42.481 28536 INFO heat.engine.service [req-0b554288-4b86-492d-9865-fd27887f3650 - - - - -] Service 98ecc1ea-b227-42dc-82e7-30ac1ed9fca4 is updated
2017-10-28 07:31:42.522 28560 INFO heat.engine.service [req-2511ed5a-9112-43cb-9abe-48bada6f3550 - - - - -] Service 3b95e8e7-8709-45d2-a464-bac772180735 is updated
2017-10-28 07:31:42.559 28563 INFO heat.engine.service [req-17183415-63d2-42c3-a346-99efa949829f - - - - -] Service 4eca1835-2fb1-450f-b336-3867986a581d is updated
2017-10-28 07:31:42.560 28557 INFO heat.engine.service [req-0d9f8f62-dd9e-47bc-9b33-1b49271114ce - - - - -] Service 98f930a8-31b2-4e4d-8712-9e6fea660e73 is updated
2017-10-28 07:31:42.565 28519 INFO heat.engine.service [req-c47b2419-0b91-42cf-a65b-6fee9fbacd82 - - - - -] Service 7d2457db-265f-4f09-a7ed-68db183e0384 is updated
2017-10-28 07:31:42.583 28524 INFO heat.engine.service [req-921c15e0-9c28-41b5-904a-daae4f3087c1 - - - - -] Service 2f511c44-ddf4-43a7-9fd0-41f210a8b669 is updated
2017-10-28 07:31:42.594 28533 INFO heat.engine.service [req-9399445c-24ba-44b2-9e7a-6dc76613f2a9 - - - - -] Service 3a35d7bf-f1bd-4589-a5c3-8000c3b24793 is updated
2017-10-28 07:31:42.618 28517 INFO heat.engine.service [req-a3757f6c-2f56-481a-a2d4-c5ccc6f85969 - - - - -] Service 750cf73f-337d-432c-9d53-30fab548b45c is updated
2017-10-28 07:31:42.645 28541 INFO heat.engine.service [req-d5f2b26b-e1fa-497b-ac62-1be5a7255167 - - - - -] Service 28f76f02-d340-4517-9f1d-cb1f7fd704ac is updated
2017-10-28 07:31:42.671 28547 INFO heat.engine.service [req-e4b4e8c5-e2c0-4a57-adb9-728a340a0a1c - - - - -] Service 25707d32-efb1-423a-b2d4-e11dfe67bcdc is updated
2017-10-28 07:31:42.677 28554 INFO heat.engine.service [req-d3565a5a-4cf0-4cfb-ab18-d956d186c1ff - - - - -] Service c7479ed7-747a-48d4-9a5a-b7161a57c39e is updated
2017-10-28 07:31:42.678 28530 INFO heat.engine.service [req-476287f2-09ef-4067-a240-d77fd182174d - - - - -] Service caf6df39-f07f-489e-9581-9b70becae9e2 is updated
2017-10-28 07:31:42.689 28537 INFO heat.engine.service [req-3c8636f9-1218-487f-a829-68f260ede700 - - - - -] Service fd1e41c5-b76e-4f95-9fd6-4a9c3d626081 is updated
2017-10-28 07:31:42.691 28549 INFO heat.engine.service [req-3c03c84e-ff26-4134-802a-729d988e3b40 - - - - -] Service 8942a6af-7411-45cf-9672-1c7d3127c49f is updated
2017-10-28 07:31:42.708 28534 INFO heat.engine.service [req-348aa2bb-58aa-4034-b7cb-1401363d2c4b - - - - -] Service 7cdf9070-e34d-436d-aa75-65b1eb388638 is updated
2017-10-28 07:31:42.750 28512 INFO heat.engine.service [req-00422518-1858-4e4e-b2f3-e165071ea47b - - - - -] Service fc9cbb06-6f7c-4b69-b947-05f204b3ce3c is updated
2017-10-28 07:31:42.750 28518 INFO heat.engine.service [req-5a8170c1-f69d-447f-939f-887496030eea - - - - -] Service dd24efbc-8915-43d4-af30-b40fa3b43c47 is updated
2017-10-28 07:31:42.768 28556 INFO heat.engine.service [req-63745a2c-3c21-47dc-a0e2-fa1e199ce434 - - - - -] Service 30227806-eb6a-421b-b64b-1f4e769dde97 is updated
2017-10-28 07:31:42.781 28551 INFO heat.engine.service [req-aef94dfa-9574-4fb1-b555-814bd5e54ce4 - - - - -] Service 560cd9d1-ade5-4123-8efe-4822dbddfe23 is updated
2017-10-28 07:31:42.781 28515 INFO heat.engine.service [req-13cf5e4c-458d-41f8-95d1-53bef5a80b0b - - - - -] Service 1a670f48-191d-4af2-ba9b-d59280a34029 is updated
2017-10-28 07:31:42.781 28535 INFO heat.engine.service [req-33e436fb-e761-495f-a881-78e139cb6005 - - - - -] Service fb8da2fb-0ff3-4afc-956a-7d78b638efc3 is updated
2017-10-28 07:31:42.797 28521 INFO heat.engine.service [req-46a3ff77-83eb-4035-9621-b752a88d8f30 - - - - -] Service d42598ab-5331-4bf4-a271-327e00c8675f is updated
2017-10-28 07:31:42.797 28540 INFO heat.engine.service [req-d8b567b9-c215-4927-8fb1-1cbe4a7dd736 - - - - -] Service 48ab0354-0cc3-4574-8b4b-39578b4811f9 is updated
2017-10-28 07:31:42.809 28550 INFO heat.engine.service [req-e868b487-444e-423a-8fac-a2d75260f043 - - - - -] Service ac79e68c-b408-42b8-9a3f-aaa256fcf8f0 is updated
2017-10-28 07:31:42.824 28531 INFO heat.engine.service [req-f3726916-dff3-43f5-9f05-8d01c2d71564 - - - - -] Service ff837399-1603-480b-89cf-1947330a42ab is updated
2017-10-28 07:31:42.824 28558 INFO heat.engine.service [req-4603707e-1d37-4070-bc48-77c575acbe1a - - - - -] Service ce91c6b2-92c3-4791-9658-c7753c86c265 is updated
2017-10-28 07:31:42.848 28555 INFO heat.engine.service [req-a7879bee-3f05-4960-b2c6-3cefd0582402 - - - - -] Service 6b1b66de-35d9-4105-bcd5-aa680ffcddec is updated
2017-10-28 07:31:42.858 28525 INFO heat.engine.service [req-b22ab606-450c-46c1-98e5-6a820a953d9b - - - - -] Service 12fa1fd5-3e02-4695-9acb-ecf6d0c6be7e is updated
2017-10-28 07:31:42.955 28559 INFO heat.engine.service [req-566a9822-4cbd-4988-9dcb-3bf7cf449031 - - - - -] Service d321ca62-b768-43f2-9c4f-f4308f362b40 is updated
2017-10-28 07:31:43.161 28539 INFO heat.engine.service [req-6c6f26da-13d5-44fb-88a5-34102c241087 - - - - -] Service 75a95404-a1b5-44f6-ba31-90e0e95c8ad0 is updated
2017-10-28 07:31:44.380 28514 INFO heat.engine.service [req-7ecf8b1b-4af6-4753-95a4-00dc3567e44a - - - - -] Service c1ca77d3-4c81-441a-914c-e8e1795d0819 is updated
2017-10-28 07:32:42.159 28529 INFO heat.engine.service [req-b50d4294-b95d-4e44-8f22-317dff8e43cc - - - - -] Service 4e596928-014f-46fe-904b-2c69d0122faa is updated
2017-10-28 07:32:42.225 28553 INFO heat.engine.service [req-3afc5e51-3828-4329-a49a-45112158cedd - - - - -] Service 1231c634-a611-4552-9733-0bcd0229559d is updated
2017-10-28 07:32:42.227 28527 INFO heat.engine.service [req-64844f71-9d5c-4fe7-8cbe-f1c974b47018 - - - - -] Service 27b05062-f4e2-41b9-a5a1-b78a8e7a7cab is updated
2017-10-28 07:32:42.295 28522 INFO heat.engine.service [req-1f5b9ff4-175d-4134-aafd-230ec2978b16 - - - - -] Service 0b05fddd-7118-49f7-b698-e81b89f80dd0 is updated
2017-10-28 07:32:42.300 28542 INFO heat.engine.service [req-8ab83da4-09f8-4634-b282-022418ccbda4 - - - - -] Service 94a1afb2-8a32-439d-ab8f-e06a961e4433 is updated
2017-10-28 07:32:42.310 28532 INFO heat.engine.service [req-1be35bae-f9f5-44e3-98b3-0c6e015ebb86 - - - - -] Service 5e954547-3083-4e91-b56e-edaec69d9004 is updated
2017-10-28 07:32:42.312 28523 INFO heat.engine.service [req-706b4f5f-2198-49e4-b4db-1264c5af78e8 - - - - -] Service d7cc827c-6c72-4bc7-9c27-48fae872f1b6 is updated
2017-10-28 07:32:42.319 28511 INFO heat.engine.service [req-b7a7f595-b3d0-4c11-a666-fdb2d9bbfe55 - - - - -] Service c4991b42-b929-41c8-92ba-07735294b97d is updated
2017-10-28 07:32:42.345 28513 INFO heat.engine.service [req-b8c252c0-ca0a-44ac-b7c5-b21761438492 - - - - -] Service 5ce1d5ea-a507-4dce-98d2-430354f1824f is updated
2017-10-28 07:32:42.353 28538 INFO heat.engine.service [req-a28f0d8d-70ee-4b32-8e94-f387f676bcbf - - - - -] Service 174f2dbb-df8a-4407-b210-723a658db9cb is updated
2017-10-28 07:32:42.366 28552 INFO heat.engine.service [req-10caaff3-d4bd-4707-8daf-cf64479a3fe3 - - - - -] Service e9eaa51d-d288-442a-bc48-944d997543a3 is updated
2017-10-28 07:32:42.381 28561 INFO heat.engine.service [req-9b453e68-ddeb-4f81-8818-47bdb0c1e17a - - - - -] Service 5320c9fe-fd90-45e2-9c81-06f88b38f36b is updated
2017-10-28 07:32:42.400 28516 INFO heat.engine.service [req-0d54bb90-05e9-4553-bb9a-9950ca35c577 - - - - -] Service 2d84e3bb-febf-485e-87fe-d93b4c80d1c4 is updated
2017-10-28 07:32:42.431 28564 INFO heat.engine.service [req-8e924d01-28bb-4b12-b92f-de102a05ff01 - - - - -] Service 8f50a07c-7ad8-4a6d-a9d3-37e4c8f0ba53 is updated
2017-10-28 07:32:42.454 28520 INFO heat.engine.service [req-b85f9ae6-571a-4498-842b-ece43292eada - - - - -] Service 4afb81d2-1ea2-4a4b-bc5f-b909623e3e74 is updated
2017-10-28 07:32:42.460 28510 INFO heat.engine.service [req-3f50a96b-4722-4859-a7df-745754afc60a - - - - -] Service 4669f065-a489-481e-9850-91a9f44bc077 is updated
2017-10-28 07:32:42.477 28562 INFO heat.engine.service [req-05723ca2-8fb5-421f-83ee-12c13cce3c57 - - - - -] Service b207e39f-b808-4c6c-8285-bd415d13ec10 is updated
2017-10-28 07:32:42.478 28536 INFO heat.engine.service [req-e3cf497e-c1b7-4ca5-85fa-117a1e1ff520 - - - - -] Service 98ecc1ea-b227-42dc-82e7-30ac1ed9fca4 is updated
2017-10-28 07:32:42.529 28560 INFO heat.engine.service [req-387d6550-5c68-4c58-83f0-09996710e0cb - - - - -] Service 3b95e8e7-8709-45d2-a464-bac772180735 is updated
2017-10-28 07:32:42.558 28557 INFO heat.engine.service [req-f9a63abd-4631-4efc-a192-c23a35da95ea - - - - -] Service 98f930a8-31b2-4e4d-8712-9e6fea660e73 is updated
2017-10-28 07:32:42.561 28519 INFO heat.engine.service [req-ab2e48d9-5482-44ea-87ce-4b624fe71a62 - - - - -] Service 7d2457db-265f-4f09-a7ed-68db183e0384 is updated
2017-10-28 07:32:42.567 28563 INFO heat.engine.service [req-233165f8-ed25-448e-973e-d201d27d60bb - - - - -] Service 4eca1835-2fb1-450f-b336-3867986a581d is updated
2017-10-28 07:32:42.580 28524 INFO heat.engine.service [req-729eeac3-c9a7-400d-a614-a8bfbfc2b0c9 - - - - -] Service 2f511c44-ddf4-43a7-9fd0-41f210a8b669 is updated
2017-10-28 07:32:42.591 28533 INFO heat.engine.service [req-e17cb244-a6fb-4336-a5a3-05c05ca99497 - - - - -] Service 3a35d7bf-f1bd-4589-a5c3-8000c3b24793 is updated
2017-10-28 07:32:42.615 28517 INFO heat.engine.service [req-001a1f1f-0142-4e4b-8105-d1119103d4a1 - - - - -] Service 750cf73f-337d-432c-9d53-30fab548b45c is updated
2017-10-28 07:32:42.642 28541 INFO heat.engine.service [req-9d643cc6-6f43-4b62-a682-ee3c28796543 - - - - -] Service 28f76f02-d340-4517-9f1d-cb1f7fd704ac is updated
2017-10-28 07:32:42.659 28547 INFO heat.engine.service [req-b7a0ead9-05bc-4b16-9631-ca7fd555f1d4 - - - - -] Service 25707d32-efb1-423a-b2d4-e11dfe67bcdc is updated
2017-10-28 07:32:42.666 28530 INFO heat.engine.service [req-3126d494-a3c1-48a3-b389-deef210083d3 - - - - -] Service caf6df39-f07f-489e-9581-9b70becae9e2 is updated
2017-10-28 07:32:42.674 28554 INFO heat.engine.service [req-6fbc4db6-0e91-4f15-a49b-c7161f394c10 - - - - -] Service c7479ed7-747a-48d4-9a5a-b7161a57c39e is updated
2017-10-28 07:32:42.685 28537 INFO heat.engine.service [req-8a921c23-0853-4b44-9b7b-38ffa1e89f39 - - - - -] Service fd1e41c5-b76e-4f95-9fd6-4a9c3d626081 is updated
2017-10-28 07:32:42.689 28549 INFO heat.engine.service [req-5ef70e20-55ba-4a53-bd0e-d780e27418e3 - - - - -] Service 8942a6af-7411-45cf-9672-1c7d3127c49f is updated
2017-10-28 07:32:42.704 28534 INFO heat.engine.service [req-be6f13a9-ccaa-4b08-bf19-f2b342e70d92 - - - - -] Service 7cdf9070-e34d-436d-aa75-65b1eb388638 is updated
2017-10-28 07:32:42.747 28512 INFO heat.engine.service [req-5f303d25-dd71-497e-a56c-c058eb1b0b82 - - - - -] Service fc9cbb06-6f7c-4b69-b947-05f204b3ce3c is updated
2017-10-28 07:32:42.748 28518 INFO heat.engine.service [req-26574253-658c-4184-a910-5e3b7b19d931 - - - - -] Service dd24efbc-8915-43d4-af30-b40fa3b43c47 is updated
2017-10-28 07:32:42.784 28556 INFO heat.engine.service [req-3a095487-7b53-407d-93e7-4c4303a74a2a - - - - -] Service 30227806-eb6a-421b-b64b-1f4e769dde97 is updated
2017-10-28 07:32:42.792 28515 INFO heat.engine.service [req-215169b2-6974-46dd-a184-4b2ce9ccd18e - - - - -] Service 1a670f48-191d-4af2-ba9b-d59280a34029 is updated
2017-10-28 07:32:42.793 28535 INFO heat.engine.service [req-16dfec90-9562-4c8b-84e4-d813bde7c52d - - - - -] Service fb8da2fb-0ff3-4afc-956a-7d78b638efc3 is updated
2017-10-28 07:32:42.794 28551 INFO heat.engine.service [req-7aa6accf-d0e7-4e37-bd1f-b28e5eaecff7 - - - - -] Service 560cd9d1-ade5-4123-8efe-4822dbddfe23 is updated
2017-10-28 07:32:42.795 28540 INFO heat.engine.service [req-eb9fb3a8-82ef-426e-8ead-5e29dce0ca50 - - - - -] Service 48ab0354-0cc3-4574-8b4b-39578b4811f9 is updated
2017-10-28 07:32:42.795 28521 INFO heat.engine.service [req-9760becb-65c0-4a71-9f7c-cb59ba029af5 - - - - -] Service d42598ab-5331-4bf4-a271-327e00c8675f is updated
2017-10-28 07:32:42.808 28550 INFO heat.engine.service [req-1c0eb13f-b48e-45fe-a4b1-42438a0013e7 - - - - -] Service ac79e68c-b408-42b8-9a3f-aaa256fcf8f0 is updated
2017-10-28 07:32:42.822 28531 INFO heat.engine.service [req-49590f9a-eff9-4f16-a0e1-efd3087d386e - - - - -] Service ff837399-1603-480b-89cf-1947330a42ab is updated
2017-10-28 07:32:42.822 28558 INFO heat.engine.service [req-7a90e7fe-b8ba-4396-9b80-fd5b5075bc75 - - - - -] Service ce91c6b2-92c3-4791-9658-c7753c86c265 is updated
2017-10-28 07:32:42.848 28555 INFO heat.engine.service [req-b61d61e4-820e-4986-98b4-8cf7d6013922 - - - - -] Service 6b1b66de-35d9-4105-bcd5-aa680ffcddec is updated
2017-10-28 07:32:42.855 28525 INFO heat.engine.service [req-61ec54a6-6b5c-4a3e-a302-5169773424dc - - - - -] Service 12fa1fd5-3e02-4695-9acb-ecf6d0c6be7e is updated
2017-10-28 07:32:42.953 28559 INFO heat.engine.service [req-e976f76f-a33f-4ad3-b006-834cf8d11604 - - - - -] Service d321ca62-b768-43f2-9c4f-f4308f362b40 is updated
2017-10-28 07:32:43.159 28539 INFO heat.engine.service [req-e2f808f4-7c40-455c-8e7d-59d928df42a8 - - - - -] Service 75a95404-a1b5-44f6-ba31-90e0e95c8ad0 is updated
2017-10-28 07:32:44.379 28514 INFO heat.engine.service [req-f9a72f08-e8fe-472e-a62b-b7cdf63ec37c - - - - -] Service c1ca77d3-4c81-441a-914c-e8e1795d0819 is updated
2017-10-28 07:33:42.156 28529 INFO heat.engine.service [req-7aa7e631-a3b8-4d09-8bc3-d4867c37edbc - - - - -] Service 4e596928-014f-46fe-904b-2c69d0122faa is updated
2017-10-28 07:33:42.222 28553 INFO heat.engine.service [req-dc4c01a4-ac9c-46f7-8b44-b3651f2f8e44 - - - - -] Service 1231c634-a611-4552-9733-0bcd0229559d is updated
2017-10-28 07:33:42.225 28527 INFO heat.engine.service [req-7059b6ed-7cf7-4982-84ae-81afb1270ef0 - - - - -] Service 27b05062-f4e2-41b9-a5a1-b78a8e7a7cab is updated
2017-10-28 07:33:42.291 28522 INFO heat.engine.service [req-71ff21ef-9f57-4818-a5ba-4a8d16f86a55 - - - - -] Service 0b05fddd-7118-49f7-b698-e81b89f80dd0 is updated
2017-10-28 07:33:42.299 28542 INFO heat.engine.service [req-ceaa1095-a3d4-448e-bdd5-c17c694650ef - - - - -] Service 94a1afb2-8a32-439d-ab8f-e06a961e4433 is updated
2017-10-28 07:33:42.309 28532 INFO heat.engine.service [req-7237ff65-9cca-49e7-ab40-89b0b5e06b2d - - - - -] Service 5e954547-3083-4e91-b56e-edaec69d9004 is updated
2017-10-28 07:33:42.310 28523 INFO heat.engine.service [req-6e709585-4b6e-4556-9ed0-caf9f631d08d - - - - -] Service d7cc827c-6c72-4bc7-9c27-48fae872f1b6 is updated
2017-10-28 07:33:42.318 28511 INFO heat.engine.service [req-87489b06-55e5-4687-a58e-d3849c284fa5 - - - - -] Service c4991b42-b929-41c8-92ba-07735294b97d is updated
2017-10-28 07:33:42.342 28513 INFO heat.engine.service [req-f243d5f1-b583-4bc5-9977-f98377546810 - - - - -] Service 5ce1d5ea-a507-4dce-98d2-430354f1824f is updated
2017-10-28 07:33:42.350 28538 INFO heat.engine.service [req-fdbb6b41-a9cb-4ece-9723-36ddf6f38c0b - - - - -] Service 174f2dbb-df8a-4407-b210-723a658db9cb is updated
2017-10-28 07:33:42.362 28552 INFO heat.engine.service [req-9a3cf964-7d6c-4fa0-8f89-ce19c501d5d8 - - - - -] Service e9eaa51d-d288-442a-bc48-944d997543a3 is updated
2017-10-28 07:33:42.378 28561 INFO heat.engine.service [req-accb503b-c7d3-4d9c-8d15-ededb50125f2 - - - - -] Service 5320c9fe-fd90-45e2-9c81-06f88b38f36b is updated
2017-10-28 07:33:42.411 28516 INFO heat.engine.service [req-5c7db05a-e690-4a1a-a414-ed44b4907062 - - - - -] Service 2d84e3bb-febf-485e-87fe-d93b4c80d1c4 is updated
2017-10-28 07:33:42.428 28564 INFO heat.engine.service [req-875cd3fe-faf2-4a0a-8f4f-0ac96a3aef44 - - - - -] Service 8f50a07c-7ad8-4a6d-a9d3-37e4c8f0ba53 is updated
2017-10-28 07:33:42.451 28520 INFO heat.engine.service [req-fef67bf4-ff0d-46bf-b608-2ed9ffe5b788 - - - - -] Service 4afb81d2-1ea2-4a4b-bc5f-b909623e3e74 is updated
2017-10-28 07:33:42.457 28510 INFO heat.engine.service [req-a78d50ee-7b1a-444a-b165-f6d37d0d17b5 - - - - -] Service 4669f065-a489-481e-9850-91a9f44bc077 is updated
2017-10-28 07:33:42.474 28562 INFO heat.engine.service [req-d6646849-988b-4b64-ab5e-dbe0b3ef12a9 - - - - -] Service b207e39f-b808-4c6c-8285-bd415d13ec10 is updated
2017-10-28 07:33:42.475 28536 INFO heat.engine.service [req-a564111f-2d01-4c43-a842-eb9707d4be8f - - - - -] Service 98ecc1ea-b227-42dc-82e7-30ac1ed9fca4 is updated
2017-10-28 07:33:42.527 28560 INFO heat.engine.service [req-999f7105-8905-431e-a36b-0074edb9f2e7 - - - - -] Service 3b95e8e7-8709-45d2-a464-bac772180735 is updated
2017-10-28 07:33:42.555 28557 INFO heat.engine.service [req-c237887c-adcf-460a-903a-f00a1d89682d - - - - -] Service 98f930a8-31b2-4e4d-8712-9e6fea660e73 is updated
2017-10-28 07:33:42.560 28519 INFO heat.engine.service [req-9d72205e-b5f4-4cd0-84e2-74ce7503fb9c - - - - -] Service 7d2457db-265f-4f09-a7ed-68db183e0384 is updated
2017-10-28 07:33:42.564 28563 INFO heat.engine.service [req-babac7c6-1078-4fb0-9483-9b4335886785 - - - - -] Service 4eca1835-2fb1-450f-b336-3867986a581d is updated
2017-10-28 07:33:42.581 28524 INFO heat.engine.service [req-5dd199a8-e92a-4c8c-8c28-0f55c099f1f5 - - - - -] Service 2f511c44-ddf4-43a7-9fd0-41f210a8b669 is updated
2017-10-28 07:33:42.588 28533 INFO heat.engine.service [req-c80c5baa-fca5-4b28-aafc-cf610aa4978f - - - - -] Service 3a35d7bf-f1bd-4589-a5c3-8000c3b24793 is updated
2017-10-28 07:33:42.612 28517 INFO heat.engine.service [req-0762209f-7d4a-494d-b47c-395da789952b - - - - -] Service 750cf73f-337d-432c-9d53-30fab548b45c is updated
2017-10-28 07:33:42.639 28541 INFO heat.engine.service [req-fd2c14b7-b9dd-4333-a6c2-09fc1b02265b - - - - -] Service 28f76f02-d340-4517-9f1d-cb1f7fd704ac is updated
2017-10-28 07:33:42.658 28547 INFO heat.engine.service [req-8e47d35e-5806-48e1-ac60-334334181667 - - - - -] Service 25707d32-efb1-423a-b2d4-e11dfe67bcdc is updated
2017-10-28 07:33:42.663 28530 INFO heat.engine.service [req-c93bb76d-314e-412c-8d48-5656a141b915 - - - - -] Service caf6df39-f07f-489e-9581-9b70becae9e2 is updated
2017-10-28 07:33:42.671 28554 INFO heat.engine.service [req-746c1d49-3813-4922-b1b3-f2d0bb91f8c3 - - - - -] Service c7479ed7-747a-48d4-9a5a-b7161a57c39e is updated
2017-10-28 07:33:42.680 28537 INFO heat.engine.service [req-0e2592f1-ab2f-452a-a607-d12a50de9b57 - - - - -] Service fd1e41c5-b76e-4f95-9fd6-4a9c3d626081 is updated
2017-10-28 07:33:42.686 28549 INFO heat.engine.service [req-7d457df1-1cf5-4a88-a2f8-4c59c571db01 - - - - -] Service 8942a6af-7411-45cf-9672-1c7d3127c49f is updated
2017-10-28 07:33:42.701 28534 INFO heat.engine.service [req-10cd83e7-0709-43cb-8e0d-0f5bc728ae6a - - - - -] Service 7cdf9070-e34d-436d-aa75-65b1eb388638 is updated
2017-10-28 07:33:42.742 28518 INFO heat.engine.service [req-6e07d5aa-76ab-4898-ad1c-79b3c62671dd - - - - -] Service dd24efbc-8915-43d4-af30-b40fa3b43c47 is updated
2017-10-28 07:33:42.745 28512 INFO heat.engine.service [req-c30bd509-f0be-487f-ad5f-4fc7a4c8391b - - - - -] Service fc9cbb06-6f7c-4b69-b947-05f204b3ce3c is updated
2017-10-28 07:33:42.762 28556 INFO heat.engine.service [req-8562cadb-3922-4b77-80d6-d77fd9517583 - - - - -] Service 30227806-eb6a-421b-b64b-1f4e769dde97 is updated
2017-10-28 07:33:42.779 28535 INFO heat.engine.service [req-390c2674-4210-4f79-8fdb-fcac9917d4e0 - - - - -] Service fb8da2fb-0ff3-4afc-956a-7d78b638efc3 is updated
2017-10-28 07:33:42.779 28515 INFO heat.engine.service [req-1a21aa41-05e9-405c-bd91-483c282df58f - - - - -] Service 1a670f48-191d-4af2-ba9b-d59280a34029 is updated
2017-10-28 07:33:42.780 28551 INFO heat.engine.service [req-b4112187-2a51-40e0-9791-dd92572ef6a6 - - - - -] Service 560cd9d1-ade5-4123-8efe-4822dbddfe23 is updated
2017-10-28 07:33:42.791 28540 INFO heat.engine.service [req-c58f437e-bef0-4458-95ad-b519e2830226 - - - - -] Service 48ab0354-0cc3-4574-8b4b-39578b4811f9 is updated
2017-10-28 07:33:42.792 28521 INFO heat.engine.service [req-5428d766-197b-4c65-8186-d01cb9760e15 - - - - -] Service d42598ab-5331-4bf4-a271-327e00c8675f is updated
2017-10-28 07:33:42.806 28550 INFO heat.engine.service [req-01c10dc7-d6c3-49b3-96ea-a34534d46a94 - - - - -] Service ac79e68c-b408-42b8-9a3f-aaa256fcf8f0 is updated
2017-10-28 07:33:42.819 28531 INFO heat.engine.service [req-4412d170-7b8d-4a0c-9750-df518a2ed193 - - - - -] Service ff837399-1603-480b-89cf-1947330a42ab is updated
2017-10-28 07:33:42.819 28558 INFO heat.engine.service [req-55f3840d-8d8e-469d-b4d5-71a9332ac928 - - - - -] Service ce91c6b2-92c3-4791-9658-c7753c86c265 is updated
2017-10-28 07:33:42.846 28555 INFO heat.engine.service [req-e9909a90-882a-4f76-b9dd-bb16b55940d0 - - - - -] Service 6b1b66de-35d9-4105-bcd5-aa680ffcddec is updated
2017-10-28 07:33:42.856 28525 INFO heat.engine.service [req-cf0651fc-5e5d-49bb-992a-2f37d9f5244f - - - - -] Service 12fa1fd5-3e02-4695-9acb-ecf6d0c6be7e is updated
2017-10-28 07:33:42.951 28559 INFO heat.engine.service [req-2bf491ef-aa60-4be7-9637-0a0eccfd5948 - - - - -] Service d321ca62-b768-43f2-9c4f-f4308f362b40 is updated
2017-10-28 07:33:43.156 28539 INFO heat.engine.service [req-0d8ad769-a8b5-4fa8-89f2-39bcf38601b6 - - - - -] Service 75a95404-a1b5-44f6-ba31-90e0e95c8ad0 is updated
2017-10-28 07:33:44.375 28514 INFO heat.engine.service [req-db73092c-d6cc-4f7b-b2cd-26e7b51f0fa3 - - - - -] Service c1ca77d3-4c81-441a-914c-e8e1795d0819 is updated
2017-10-28 07:34:42.157 28529 INFO heat.engine.service [req-2e7c6f4b-9635-4d5d-aa5d-421d9218327e - - - - -] Service 4e596928-014f-46fe-904b-2c69d0122faa is updated
2017-10-28 07:34:42.250 28553 INFO heat.engine.service [req-2b8980a1-643e-40d2-b09f-0c91a545f7e5 - - - - -] Service 1231c634-a611-4552-9733-0bcd0229559d is updated
2017-10-28 07:34:42.253 28527 INFO heat.engine.service [req-59b43b34-3fee-49a9-88d8-b4a5f20cba9a - - - - -] Service 27b05062-f4e2-41b9-a5a1-b78a8e7a7cab is updated
2017-10-28 07:34:42.288 28522 INFO heat.engine.service [req-3086f7d6-dfb0-4039-a3f4-f27a69df9536 - - - - -] Service 0b05fddd-7118-49f7-b698-e81b89f80dd0 is updated
2017-10-28 07:34:42.297 28542 INFO heat.engine.service [req-a87f193a-2609-4a58-ba66-0519cf006101 - - - - -] Service 94a1afb2-8a32-439d-ab8f-e06a961e4433 is updated
2017-10-28 07:34:42.306 28523 INFO heat.engine.service [req-ed54d2d8-1d84-445c-be06-29d60c11513a - - - - -] Service d7cc827c-6c72-4bc7-9c27-48fae872f1b6 is updated
2017-10-28 07:34:42.306 28532 INFO heat.engine.service [req-5b89ffc6-b5bf-496a-94f7-5c498ef039ca - - - - -] Service 5e954547-3083-4e91-b56e-edaec69d9004 is updated
2017-10-28 07:34:42.313 28511 INFO heat.engine.service [req-afa93a98-0015-408b-9c2d-454618ebd083 - - - - -] Service c4991b42-b929-41c8-92ba-07735294b97d is updated
2017-10-28 07:34:42.341 28513 INFO heat.engine.service [req-2b4de5b3-bc02-4728-ab7a-3bc46ce64fea - - - - -] Service 5ce1d5ea-a507-4dce-98d2-430354f1824f is updated
2017-10-28 07:34:42.346 28538 INFO heat.engine.service [req-50729a04-1593-4921-9b0d-98df903157dc - - - - -] Service 174f2dbb-df8a-4407-b210-723a658db9cb is updated
2017-10-28 07:34:42.359 28552 INFO heat.engine.service [req-afbcc60f-9b71-40da-abf4-fde0edd12773 - - - - -] Service e9eaa51d-d288-442a-bc48-944d997543a3 is updated
2017-10-28 07:34:42.376 28561 INFO heat.engine.service [req-9525b03e-4d72-43bf-9457-c35adf82fcb6 - - - - -] Service 5320c9fe-fd90-45e2-9c81-06f88b38f36b is updated
2017-10-28 07:34:42.399 28516 INFO heat.engine.service [req-2eac7b2e-7d1a-4820-851a-899b937fa64c - - - - -] Service 2d84e3bb-febf-485e-87fe-d93b4c80d1c4 is updated
2017-10-28 07:34:42.424 28564 INFO heat.engine.service [req-bb50b824-da82-4c6d-8601-5966d2b72aff - - - - -] Service 8f50a07c-7ad8-4a6d-a9d3-37e4c8f0ba53 is updated
2017-10-28 07:34:42.448 28520 INFO heat.engine.service [req-20bd6d33-0f01-496d-ae5f-55254e83ddc4 - - - - -] Service 4afb81d2-1ea2-4a4b-bc5f-b909623e3e74 is updated
2017-10-28 07:34:42.455 28510 INFO heat.engine.service [req-ccd047e8-1986-437b-8eb1-1fde760f0dbe - - - - -] Service 4669f065-a489-481e-9850-91a9f44bc077 is updated
2017-10-28 07:34:42.471 28562 INFO heat.engine.service [req-017e2335-04ca-4f65-bd52-fb394b428de3 - - - - -] Service b207e39f-b808-4c6c-8285-bd415d13ec10 is updated
2017-10-28 07:34:42.472 28536 INFO heat.engine.service [req-0ac6de9d-79eb-43b1-b9cf-d96e326e3ca5 - - - - -] Service 98ecc1ea-b227-42dc-82e7-30ac1ed9fca4 is updated
2017-10-28 07:34:42.525 28560 INFO heat.engine.service [req-934658c2-204f-43d6-92fb-efd798ccb20d - - - - -] Service 3b95e8e7-8709-45d2-a464-bac772180735 is updated
2017-10-28 07:34:42.553 28557 INFO heat.engine.service [req-5f0446b6-ff15-43b3-a245-1d0c813cc4e6 - - - - -] Service 98f930a8-31b2-4e4d-8712-9e6fea660e73 is updated
2017-10-28 07:34:42.557 28519 INFO heat.engine.service [req-cb955d58-0235-491b-b34d-0f6953edba1e - - - - -] Service 7d2457db-265f-4f09-a7ed-68db183e0384 is updated
2017-10-28 07:34:42.561 28563 INFO heat.engine.service [req-4a64daf5-d65e-4dd5-804c-26bbf08d6891 - - - - -] Service 4eca1835-2fb1-450f-b336-3867986a581d is updated
2017-10-28 07:34:42.579 28524 INFO heat.engine.service [req-7d3aac28-6e41-4d6a-9c04-8976553a0ba8 - - - - -] Service 2f511c44-ddf4-43a7-9fd0-41f210a8b669 is updated
2017-10-28 07:34:42.585 28533 INFO heat.engine.service [req-7dc20a16-9e36-4106-bb60-094d97be2205 - - - - -] Service 3a35d7bf-f1bd-4589-a5c3-8000c3b24793 is updated
2017-10-28 07:34:42.608 28517 INFO heat.engine.service [req-47d6be7d-5518-47b2-b433-8210ec156c73 - - - - -] Service 750cf73f-337d-432c-9d53-30fab548b45c is updated
2017-10-28 07:34:42.636 28541 INFO heat.engine.service [req-94ecd549-f7c9-4cdc-aeaf-68d009ed773c - - - - -] Service 28f76f02-d340-4517-9f1d-cb1f7fd704ac is updated
2017-10-28 07:34:42.656 28547 INFO heat.engine.service [req-b66d0e73-6324-4676-8f34-1bab22539756 - - - - -] Service 25707d32-efb1-423a-b2d4-e11dfe67bcdc is updated
2017-10-28 07:34:42.660 28530 INFO heat.engine.service [req-89083dfe-e040-472d-90fe-a73f21e0fc55 - - - - -] Service caf6df39-f07f-489e-9581-9b70becae9e2 is updated
2017-10-28 07:34:42.667 28554 INFO heat.engine.service [req-4b4fad9d-72a6-484d-b788-612d39f17f89 - - - - -] Service c7479ed7-747a-48d4-9a5a-b7161a57c39e is updated
2017-10-28 07:34:42.683 28549 INFO heat.engine.service [req-1eaa6698-a1f9-4374-9c0f-8cce40fcd26e - - - - -] Service 8942a6af-7411-45cf-9672-1c7d3127c49f is updated
2017-10-28 07:34:42.688 28537 INFO heat.engine.service [req-92a3fe89-de1f-4003-a04a-ba41c82b7187 - - - - -] Service fd1e41c5-b76e-4f95-9fd6-4a9c3d626081 is updated
2017-10-28 07:34:42.697 28534 INFO heat.engine.service [req-a4908791-5431-43ca-9914-fd4101e2f6f9 - - - - -] Service 7cdf9070-e34d-436d-aa75-65b1eb388638 is updated
