2017-10-28 09:03:42.252 28562 INFO heat.engine.service [req-c71883de-c164-4f91-96e1-8973cd658768 - - - - -] Service b207e39f-b808-4c6c-8285-bd415d13ec10 is updated
2017-10-28 09:03:42.267 28536 INFO heat.engine.service [req-ea274792-8c2c-44ac-ac7e-6fe17d52e6b4 - - - - -] Service 98ecc1ea-b227-42dc-82e7-30ac1ed9fca4 is updated
2017-10-28 09:03:42.305 28560 INFO heat.engine.service [req-9334d6e0-231b-4545-95f1-62e2c3369cad - - - - -] Service 3b95e8e7-8709-45d2-a464-bac772180735 is updated
2017-10-28 09:03:42.330 28557 INFO heat.engine.service [req-6a95bce6-9d71-4c71-b2e6-d94650408698 - - - - -] Service 98f930a8-31b2-4e4d-8712-9e6fea660e73 is updated
2017-10-28 09:03:42.354 28563 INFO heat.engine.service [req-96482281-2834-4a6f-9da5-d20f3a0a4ee2 - - - - -] Service 4eca1835-2fb1-450f-b336-3867986a581d is updated
2017-10-28 09:03:42.391 28533 INFO heat.engine.service [req-8e612582-a55c-4db1-8805-35f36af871a7 - - - - -] Service 3a35d7bf-f1bd-4589-a5c3-8000c3b24793 is updated
2017-10-28 09:03:42.395 28519 INFO heat.engine.service [req-7e8aa573-134d-4b45-8ad7-4f55b435f04d - - - - -] Service 7d2457db-265f-4f09-a7ed-68db183e0384 is updated
2017-10-28 09:03:42.398 28524 INFO heat.engine.service [req-1a6acfb2-303e-4c88-adeb-74c41ebb0acc - - - - -] Service 2f511c44-ddf4-43a7-9fd0-41f210a8b669 is updated
2017-10-28 09:03:42.466 28547 INFO heat.engine.service [req-6e3523de-aaeb-4413-8e35-07987e800165 - - - - -] Service 25707d32-efb1-423a-b2d4-e11dfe67bcdc is updated
2017-10-28 09:03:42.470 28517 INFO heat.engine.service [req-fa98cbd6-8428-4a02-9939-734c4764b8e1 - - - - -] Service 750cf73f-337d-432c-9d53-30fab548b45c is updated
2017-10-28 09:03:42.499 28541 INFO heat.engine.service [req-fb980a75-05ee-4969-bcaf-0e1ddab2403d - - - - -] Service 28f76f02-d340-4517-9f1d-cb1f7fd704ac is updated
2017-10-28 09:03:42.504 28554 INFO heat.engine.service [req-552c87a2-5b92-47ea-8d34-3908c0d308b4 - - - - -] Service c7479ed7-747a-48d4-9a5a-b7161a57c39e is updated
2017-10-28 09:03:42.518 28549 INFO heat.engine.service [req-e45d98cc-4ce3-49e6-9ac0-255bdc708c68 - - - - -] Service 8942a6af-7411-45cf-9672-1c7d3127c49f is updated
2017-10-28 09:03:42.520 28534 INFO heat.engine.service [req-df4ef636-d902-4182-9c25-1a6bc14cc9a0 - - - - -] Service 7cdf9070-e34d-436d-aa75-65b1eb388638 is updated
2017-10-28 09:03:42.520 28537 INFO heat.engine.service [req-7e477510-1215-47a1-8a51-dfbfc1e787af - - - - -] Service fd1e41c5-b76e-4f95-9fd6-4a9c3d626081 is updated
2017-10-28 09:03:42.526 28530 INFO heat.engine.service [req-6780d265-c3b5-464d-b192-898f711993ab - - - - -] Service caf6df39-f07f-489e-9581-9b70becae9e2 is updated
2017-10-28 09:03:42.558 28512 INFO heat.engine.service [req-892069c7-4c52-4534-a445-76d464469027 - - - - -] Service fc9cbb06-6f7c-4b69-b947-05f204b3ce3c is updated
2017-10-28 09:03:42.568 28556 INFO heat.engine.service [req-8734a9c8-9e1c-4e18-ba3c-7db1d11de4b1 - - - - -] Service 30227806-eb6a-421b-b64b-1f4e769dde97 is updated
2017-10-28 09:03:42.588 28518 INFO heat.engine.service [req-bc7507a0-273b-4619-9a33-e3986fbf98ed - - - - -] Service dd24efbc-8915-43d4-af30-b40fa3b43c47 is updated
2017-10-28 09:03:42.610 28535 INFO heat.engine.service [req-3a0fb04b-8d93-4414-a592-ea03f76b4de9 - - - - -] Service fb8da2fb-0ff3-4afc-956a-7d78b638efc3 is updated
2017-10-28 09:03:42.641 28558 INFO heat.engine.service [req-7675e85b-97ec-43aa-86e8-c77545bf6a25 - - - - -] Service ce91c6b2-92c3-4791-9658-c7753c86c265 is updated
2017-10-28 09:03:42.654 28551 INFO heat.engine.service [req-95c49995-2c38-4f8b-a617-be6226f2daa5 - - - - -] Service 560cd9d1-ade5-4123-8efe-4822dbddfe23 is updated
2017-10-28 09:03:42.662 28515 INFO heat.engine.service [req-b704fa30-953c-4d34-9831-0f9a83fb1337 - - - - -] Service 1a670f48-191d-4af2-ba9b-d59280a34029 is updated
2017-10-28 09:03:42.673 28550 INFO heat.engine.service [req-43cd566d-3fa5-4882-b450-500c09600751 - - - - -] Service ac79e68c-b408-42b8-9a3f-aaa256fcf8f0 is updated
2017-10-28 09:03:42.685 28555 INFO heat.engine.service [req-cb94786c-0a43-403d-94f8-22701c66ef09 - - - - -] Service 6b1b66de-35d9-4105-bcd5-aa680ffcddec is updated
2017-10-28 09:03:42.685 28540 INFO heat.engine.service [req-2f0eeb50-0879-4a1e-8bc9-eae62bc34bae - - - - -] Service 48ab0354-0cc3-4574-8b4b-39578b4811f9 is updated
2017-10-28 09:03:42.697 28521 INFO heat.engine.service [req-407378d3-7eb4-4f4b-b69b-5b81d9790117 - - - - -] Service d42598ab-5331-4bf4-a271-327e00c8675f is updated
2017-10-28 09:03:42.706 28531 INFO heat.engine.service [req-8ea30f8e-b786-4356-ba4c-f0f59e10d949 - - - - -] Service ff837399-1603-480b-89cf-1947330a42ab is updated
2017-10-28 09:03:42.712 28525 INFO heat.engine.service [req-07689973-e752-457a-b41f-cf346cb4eaee - - - - -] Service 12fa1fd5-3e02-4695-9acb-ecf6d0c6be7e is updated
2017-10-28 09:03:42.827 28559 INFO heat.engine.service [req-71e14262-d968-406e-bf78-bb16b825652c - - - - -] Service d321ca62-b768-43f2-9c4f-f4308f362b40 is updated
2017-10-28 09:03:42.988 28539 INFO heat.engine.service [req-8cd7c60b-9e61-4387-b2ed-8376afdfa603 - - - - -] Service 75a95404-a1b5-44f6-ba31-90e0e95c8ad0 is updated
2017-10-28 09:03:44.233 28514 INFO heat.engine.service [req-529a66e9-82de-4663-be64-5a39eba5fd96 - - - - -] Service c1ca77d3-4c81-441a-914c-e8e1795d0819 is updated
2017-10-28 09:04:41.971 28529 INFO heat.engine.service [req-a0b402c0-ee3f-44e5-8d33-63b0cbabc22c - - - - -] Service 4e596928-014f-46fe-904b-2c69d0122faa is updated
2017-10-28 09:04:42.071 28553 INFO heat.engine.service [req-87c4594d-a28d-4b53-b2c9-e22eb04ad433 - - - - -] Service 1231c634-a611-4552-9733-0bcd0229559d is updated
2017-10-28 09:04:42.083 28522 INFO heat.engine.service [req-d3a0654c-cf14-4bb1-8c34-c4528be94ca3 - - - - -] Service 0b05fddd-7118-49f7-b698-e81b89f80dd0 is updated
2017-10-28 09:04:42.102 28511 INFO heat.engine.service [req-0c4efaba-faf5-46fa-975d-93448e8141aa - - - - -] Service c4991b42-b929-41c8-92ba-07735294b97d is updated
2017-10-28 09:04:42.120 28542 INFO heat.engine.service [req-a4ba1f12-bcb1-4652-8b45-c8d46ba0cb11 - - - - -] Service 94a1afb2-8a32-439d-ab8f-e06a961e4433 is updated
2017-10-28 09:04:42.141 28532 INFO heat.engine.service [req-c8b42ff1-5324-43a9-a36f-76d2db0fec42 - - - - -] Service 5e954547-3083-4e91-b56e-edaec69d9004 is updated
2017-10-28 09:04:42.167 28513 INFO heat.engine.service [req-75a454bc-8f00-48e0-a0e9-7ef6dff746e2 - - - - -] Service 5ce1d5ea-a507-4dce-98d2-430354f1824f is updated
2017-10-28 09:04:42.169 28527 INFO heat.engine.service [req-8a91bfe4-2531-43ff-88d6-4bb292be3a5a - - - - -] Service 27b05062-f4e2-41b9-a5a1-b78a8e7a7cab is updated
2017-10-28 09:04:42.173 28552 INFO heat.engine.service [req-bd92897f-11b0-4770-9dab-3c64238717d8 - - - - -] Service e9eaa51d-d288-442a-bc48-944d997543a3 is updated
2017-10-28 09:04:42.194 28538 INFO heat.engine.service [req-adab81cb-5bb0-417a-b091-2c8a1faa4a25 - - - - -] Service 174f2dbb-df8a-4407-b210-723a658db9cb is updated
2017-10-28 09:04:42.195 28523 INFO heat.engine.service [req-48e82ab2-6836-43d8-9557-e415ae1f7d5e - - - - -] Service d7cc827c-6c72-4bc7-9c27-48fae872f1b6 is updated
2017-10-28 09:04:42.219 28516 INFO heat.engine.service [req-e2e2835d-24d2-4e48-9ede-61d591f38cb2 - - - - -] Service 2d84e3bb-febf-485e-87fe-d93b4c80d1c4 is updated
2017-10-28 09:04:42.241 28561 INFO heat.engine.service [req-49cba96e-77f8-42de-b114-33cc10c6cb11 - - - - -] Service 5320c9fe-fd90-45e2-9c81-06f88b38f36b is updated
2017-10-28 09:04:42.242 28510 INFO heat.engine.service [req-5de43ef7-03ff-4f8c-8cae-3151fbe60216 - - - - -] Service 4669f065-a489-481e-9850-91a9f44bc077 is updated
2017-10-28 09:04:42.254 28564 INFO heat.engine.service [req-6745098e-ca70-4ffa-b8e3-7de2ab2f23c7 - - - - -] Service 8f50a07c-7ad8-4a6d-a9d3-37e4c8f0ba53 is updated
2017-10-28 09:04:42.254 28520 INFO heat.engine.service [req-c699b154-573b-4f51-851d-4e1ccd0415e0 - - - - -] Service 4afb81d2-1ea2-4a4b-bc5f-b909623e3e74 is updated
2017-10-28 09:04:42.255 28562 INFO heat.engine.service [req-203efa67-1434-44a9-ba0a-1dd26177f991 - - - - -] Service b207e39f-b808-4c6c-8285-bd415d13ec10 is updated
2017-10-28 09:04:42.267 28536 INFO heat.engine.service [req-aa15d737-7c75-414e-bdbf-140dd29b32aa - - - - -] Service 98ecc1ea-b227-42dc-82e7-30ac1ed9fca4 is updated
2017-10-28 09:04:42.311 28560 INFO heat.engine.service [req-0f3a8f61-b504-4097-afa2-28bff22cd4b8 - - - - -] Service 3b95e8e7-8709-45d2-a464-bac772180735 is updated
2017-10-28 09:04:42.326 28557 INFO heat.engine.service [req-5debadf3-0718-44b3-b4b9-ed4a23544e6b - - - - -] Service 98f930a8-31b2-4e4d-8712-9e6fea660e73 is updated
2017-10-28 09:04:42.351 28563 INFO heat.engine.service [req-bed4074b-4442-4dbe-a790-38a9db0ed858 - - - - -] Service 4eca1835-2fb1-450f-b336-3867986a581d is updated
2017-10-28 09:04:42.386 28533 INFO heat.engine.service [req-be907f32-87b6-4899-b862-73c403c9bf5c - - - - -] Service 3a35d7bf-f1bd-4589-a5c3-8000c3b24793 is updated
2017-10-28 09:04:42.391 28519 INFO heat.engine.service [req-cd21f66b-5644-41fb-921d-c47726ebf0f0 - - - - -] Service 7d2457db-265f-4f09-a7ed-68db183e0384 is updated
2017-10-28 09:04:42.394 28524 INFO heat.engine.service [req-96300966-1e44-44a0-bf54-bf6d8f325398 - - - - -] Service 2f511c44-ddf4-43a7-9fd0-41f210a8b669 is updated
2017-10-28 09:04:42.465 28547 INFO heat.engine.service [req-3012b162-8992-4abe-9010-c471f1e15e2d - - - - -] Service 25707d32-efb1-423a-b2d4-e11dfe67bcdc is updated
2017-10-28 09:04:42.467 28517 INFO heat.engine.service [req-c5a6fc92-8fe6-4022-abc5-e2d792fdf42a - - - - -] Service 750cf73f-337d-432c-9d53-30fab548b45c is updated
2017-10-28 09:04:42.497 28541 INFO heat.engine.service [req-b76b7b33-00d4-4b3b-bc91-565137dbe8aa - - - - -] Service 28f76f02-d340-4517-9f1d-cb1f7fd704ac is updated
2017-10-28 09:04:42.502 28554 INFO heat.engine.service [req-964655b6-3b6a-4de6-85fe-ea40799aab91 - - - - -] Service c7479ed7-747a-48d4-9a5a-b7161a57c39e is updated
2017-10-28 09:04:42.514 28549 INFO heat.engine.service [req-ef749ba3-ffe3-42e1-93e1-dfb3c4e69550 - - - - -] Service 8942a6af-7411-45cf-9672-1c7d3127c49f is updated
2017-10-28 09:04:42.515 28534 INFO heat.engine.service [req-5a140f46-601f-4afe-851e-8bd07a1b18c8 - - - - -] Service 7cdf9070-e34d-436d-aa75-65b1eb388638 is updated
2017-10-28 09:04:42.517 28537 INFO heat.engine.service [req-550fa03e-2cae-4845-9761-53f0eb8582c6 - - - - -] Service fd1e41c5-b76e-4f95-9fd6-4a9c3d626081 is updated
2017-10-28 09:04:42.521 28530 INFO heat.engine.service [req-5870a3c6-237f-4dd9-83ec-3527cc50cb26 - - - - -] Service caf6df39-f07f-489e-9581-9b70becae9e2 is updated
2017-10-28 09:04:42.556 28512 INFO heat.engine.service [req-13f8faa0-6266-485d-9ea7-289855a00bc3 - - - - -] Service fc9cbb06-6f7c-4b69-b947-05f204b3ce3c is updated
2017-10-28 09:04:42.565 28556 INFO heat.engine.service [req-96835002-5ab1-48bf-9b16-cf2b4d43fe69 - - - - -] Service 30227806-eb6a-421b-b64b-1f4e769dde97 is updated
2017-10-28 09:04:42.586 28518 INFO heat.engine.service [req-833b5078-7290-4eb2-9bb0-0327e5ac0fef - - - - -] Service dd24efbc-8915-43d4-af30-b40fa3b43c47 is updated
2017-10-28 09:04:42.608 28535 INFO heat.engine.service [req-2e0b2254-2d7f-4ee7-b09f-f6796bd9129b - - - - -] Service fb8da2fb-0ff3-4afc-956a-7d78b638efc3 is updated
2017-10-28 09:04:42.638 28558 INFO heat.engine.service [req-ea3c817c-fa62-4689-b7be-efacc7021d59 - - - - -] Service ce91c6b2-92c3-4791-9658-c7753c86c265 is updated
2017-10-28 09:04:42.651 28551 INFO heat.engine.service [req-2b0abb53-8473-4da2-8006-823fdb3aa964 - - - - -] Service 560cd9d1-ade5-4123-8efe-4822dbddfe23 is updated
2017-10-28 09:04:42.658 28515 INFO heat.engine.service [req-d5d96c38-a9a0-4732-966e-470046abb468 - - - - -] Service 1a670f48-191d-4af2-ba9b-d59280a34029 is updated
2017-10-28 09:04:42.668 28550 INFO heat.engine.service [req-41c9df58-beb2-4557-a5bb-3166793c05a3 - - - - -] Service ac79e68c-b408-42b8-9a3f-aaa256fcf8f0 is updated
2017-10-28 09:04:42.681 28555 INFO heat.engine.service [req-88ce5da5-53cf-4836-82cb-e523024c1738 - - - - -] Service 6b1b66de-35d9-4105-bcd5-aa680ffcddec is updated
2017-10-28 09:04:42.682 28540 INFO heat.engine.service [req-31171680-749b-486b-b86f-999db05034db - - - - -] Service 48ab0354-0cc3-4574-8b4b-39578b4811f9 is updated
2017-10-28 09:04:42.696 28521 INFO heat.engine.service [req-adaf5161-9aed-4393-8992-e6963ae27087 - - - - -] Service d42598ab-5331-4bf4-a271-327e00c8675f is updated
2017-10-28 09:04:42.705 28531 INFO heat.engine.service [req-8f07a2d8-8ae8-4264-ad0e-cc36d75cbf91 - - - - -] Service ff837399-1603-480b-89cf-1947330a42ab is updated
2017-10-28 09:04:42.709 28525 INFO heat.engine.service [req-b744dc92-261f-41f1-8760-0e2837fd6889 - - - - -] Service 12fa1fd5-3e02-4695-9acb-ecf6d0c6be7e is updated
2017-10-28 09:04:42.826 28559 INFO heat.engine.service [req-8fc5a99e-19ce-4e63-95aa-a6d1806caec5 - - - - -] Service d321ca62-b768-43f2-9c4f-f4308f362b40 is updated
2017-10-28 09:04:42.986 28539 INFO heat.engine.service [req-dd7c9f06-f6e5-4bd2-96a4-df04f360a29d - - - - -] Service 75a95404-a1b5-44f6-ba31-90e0e95c8ad0 is updated
2017-10-28 09:04:44.230 28514 INFO heat.engine.service [req-5b3dd030-789f-49e0-848f-bec28bea4978 - - - - -] Service c1ca77d3-4c81-441a-914c-e8e1795d0819 is updated
2017-10-28 09:05:41.968 28529 INFO heat.engine.service [req-9c8b7fce-83f2-4fe3-a968-b56a10421080 - - - - -] Service 4e596928-014f-46fe-904b-2c69d0122faa is updated
2017-10-28 09:05:42.068 28553 INFO heat.engine.service [req-30d28fd2-f1e0-4af9-90bf-39ae7c391263 - - - - -] Service 1231c634-a611-4552-9733-0bcd0229559d is updated
2017-10-28 09:05:42.090 28522 INFO heat.engine.service [req-de421155-31ca-4097-b0b0-20c4b05f5af4 - - - - -] Service 0b05fddd-7118-49f7-b698-e81b89f80dd0 is updated
2017-10-28 09:05:42.100 28511 INFO heat.engine.service [req-2f83e438-80f8-43a6-a941-05f8a3bf834b - - - - -] Service c4991b42-b929-41c8-92ba-07735294b97d is updated
2017-10-28 09:05:42.117 28542 INFO heat.engine.service [req-9674042b-9dc9-4e09-b342-74b39f847158 - - - - -] Service 94a1afb2-8a32-439d-ab8f-e06a961e4433 is updated
2017-10-28 09:05:42.137 28532 INFO heat.engine.service [req-fac162b1-9190-4e1d-8fa0-afa92fe930e2 - - - - -] Service 5e954547-3083-4e91-b56e-edaec69d9004 is updated
2017-10-28 09:05:42.165 28513 INFO heat.engine.service [req-41c5c73d-e264-49a8-9112-12a9fff84bf4 - - - - -] Service 5ce1d5ea-a507-4dce-98d2-430354f1824f is updated
2017-10-28 09:05:42.166 28527 INFO heat.engine.service [req-db2eeaa9-eaeb-45fb-86fd-726396dac94c - - - - -] Service 27b05062-f4e2-41b9-a5a1-b78a8e7a7cab is updated
2017-10-28 09:05:42.170 28552 INFO heat.engine.service [req-3af32b90-d4c1-4882-a581-40880fa7d01c - - - - -] Service e9eaa51d-d288-442a-bc48-944d997543a3 is updated
2017-10-28 09:05:42.190 28523 INFO heat.engine.service [req-b210eae2-5969-4d43-967c-c0bea2e8bb5f - - - - -] Service d7cc827c-6c72-4bc7-9c27-48fae872f1b6 is updated
2017-10-28 09:05:42.191 28538 INFO heat.engine.service [req-d7c2dacd-66a9-4e59-885b-7a5c5cb4d368 - - - - -] Service 174f2dbb-df8a-4407-b210-723a658db9cb is updated
2017-10-28 09:05:42.216 28516 INFO heat.engine.service [req-867f472d-6073-4435-8a86-49fdef6bdabb - - - - -] Service 2d84e3bb-febf-485e-87fe-d93b4c80d1c4 is updated
2017-10-28 09:05:42.235 28561 INFO heat.engine.service [req-54b5c024-bc27-406b-af68-f7addf1a0762 - - - - -] Service 5320c9fe-fd90-45e2-9c81-06f88b38f36b is updated
2017-10-28 09:05:42.241 28510 INFO heat.engine.service [req-6abdd2ed-595b-4c04-8fdd-03d45e121a1c - - - - -] Service 4669f065-a489-481e-9850-91a9f44bc077 is updated
2017-10-28 09:05:42.250 28564 INFO heat.engine.service [req-f054a33f-efab-48a3-a651-5a57276d5dbf - - - - -] Service 8f50a07c-7ad8-4a6d-a9d3-37e4c8f0ba53 is updated
2017-10-28 09:05:42.251 28520 INFO heat.engine.service [req-0e3601e3-bd83-4651-a237-27ebb6614eff - - - - -] Service 4afb81d2-1ea2-4a4b-bc5f-b909623e3e74 is updated
2017-10-28 09:05:42.251 28562 INFO heat.engine.service [req-1bfedd33-f92b-40a7-98a8-fdb7d6a05a57 - - - - -] Service b207e39f-b808-4c6c-8285-bd415d13ec10 is updated
2017-10-28 09:05:42.262 28536 INFO heat.engine.service [req-0126b83c-9e89-484d-a215-e1b0d8665a81 - - - - -] Service 98ecc1ea-b227-42dc-82e7-30ac1ed9fca4 is updated
2017-10-28 09:05:42.309 28560 INFO heat.engine.service [req-88fbb522-3702-4bef-a0de-2da8ee29f979 - - - - -] Service 3b95e8e7-8709-45d2-a464-bac772180735 is updated
2017-10-28 09:05:42.322 28557 INFO heat.engine.service [req-861187b7-d1e5-4a54-a785-1f89b8e62f23 - - - - -] Service 98f930a8-31b2-4e4d-8712-9e6fea660e73 is updated
2017-10-28 09:05:42.349 28563 INFO heat.engine.service [req-af37a58e-64d9-4760-af7d-ece895f1abfc - - - - -] Service 4eca1835-2fb1-450f-b336-3867986a581d is updated
2017-10-28 09:05:42.389 28519 INFO heat.engine.service [req-ccaefead-851d-4a09-a69c-cfe697900c5b - - - - -] Service 7d2457db-265f-4f09-a7ed-68db183e0384 is updated
2017-10-28 09:05:42.391 28524 INFO heat.engine.service [req-ba0d4c9e-66f1-46ea-a834-e57ea9ccb16d - - - - -] Service 2f511c44-ddf4-43a7-9fd0-41f210a8b669 is updated
2017-10-28 09:05:42.393 28533 INFO heat.engine.service [req-5070c1e0-6a86-48b5-9de2-460785f8be01 - - - - -] Service 3a35d7bf-f1bd-4589-a5c3-8000c3b24793 is updated
2017-10-28 09:05:42.462 28547 INFO heat.engine.service [req-914f04af-c6f6-45e3-bfd6-b90d7251790c - - - - -] Service 25707d32-efb1-423a-b2d4-e11dfe67bcdc is updated
2017-10-28 09:05:42.465 28517 INFO heat.engine.service [req-845aff91-fc76-4046-93f7-c198e70c6932 - - - - -] Service 750cf73f-337d-432c-9d53-30fab548b45c is updated
2017-10-28 09:05:42.495 28541 INFO heat.engine.service [req-c177cd71-145c-43d3-909f-0e05ecfb6b3f - - - - -] Service 28f76f02-d340-4517-9f1d-cb1f7fd704ac is updated
2017-10-28 09:05:42.498 28554 INFO heat.engine.service [req-deab1897-c045-44f6-9505-c942f1c65d28 - - - - -] Service c7479ed7-747a-48d4-9a5a-b7161a57c39e is updated
2017-10-28 09:05:42.512 28549 INFO heat.engine.service [req-fdb27506-641e-4a6f-a864-295e01b4aff9 - - - - -] Service 8942a6af-7411-45cf-9672-1c7d3127c49f is updated
2017-10-28 09:05:42.516 28537 INFO heat.engine.service [req-24c9d57c-be22-4e70-99be-706c001695ba - - - - -] Service fd1e41c5-b76e-4f95-9fd6-4a9c3d626081 is updated
2017-10-28 09:05:42.521 28534 INFO heat.engine.service [req-3337bd6c-e501-4034-a23c-dd9b68782f36 - - - - -] Service 7cdf9070-e34d-436d-aa75-65b1eb388638 is updated
2017-10-28 09:05:42.528 28530 INFO heat.engine.service [req-86fb9524-9a17-458e-b856-6e8327068e03 - - - - -] Service caf6df39-f07f-489e-9581-9b70becae9e2 is updated
2017-10-28 09:05:42.554 28512 INFO heat.engine.service [req-a93bdc5b-9b86-4a7c-8637-0c054bff3537 - - - - -] Service fc9cbb06-6f7c-4b69-b947-05f204b3ce3c is updated
2017-10-28 09:05:42.562 28556 INFO heat.engine.service [req-7b9fa8cd-6049-41f3-a464-a38ed3c84cf9 - - - - -] Service 30227806-eb6a-421b-b64b-1f4e769dde97 is updated
2017-10-28 09:05:42.583 28518 INFO heat.engine.service [req-4513b99c-f3b3-4685-acca-0d4b1ec918b0 - - - - -] Service dd24efbc-8915-43d4-af30-b40fa3b43c47 is updated
2017-10-28 09:05:42.607 28535 INFO heat.engine.service [req-529db00a-4877-4996-b203-2793c5b2cdaf - - - - -] Service fb8da2fb-0ff3-4afc-956a-7d78b638efc3 is updated
2017-10-28 09:05:42.635 28558 INFO heat.engine.service [req-d9675f88-1223-4422-8c33-c19ef36ee265 - - - - -] Service ce91c6b2-92c3-4791-9658-c7753c86c265 is updated
2017-10-28 09:05:42.648 28551 INFO heat.engine.service [req-0a9e148c-849e-4cae-a03e-ef94113d8503 - - - - -] Service 560cd9d1-ade5-4123-8efe-4822dbddfe23 is updated
2017-10-28 09:05:42.654 28515 INFO heat.engine.service [req-d40aa95c-f1d3-4ef0-a935-2ff8facdefbb - - - - -] Service 1a670f48-191d-4af2-ba9b-d59280a34029 is updated
2017-10-28 09:05:42.665 28550 INFO heat.engine.service [req-d239f906-32aa-44e0-8a0e-6787494d36aa - - - - -] Service ac79e68c-b408-42b8-9a3f-aaa256fcf8f0 is updated
2017-10-28 09:05:42.679 28555 INFO heat.engine.service [req-b3bba14a-5e7e-4464-bba2-58c3549c934f - - - - -] Service 6b1b66de-35d9-4105-bcd5-aa680ffcddec is updated
2017-10-28 09:05:42.681 28540 INFO heat.engine.service [req-15e5c141-f29b-4ddc-9ca4-fb5347203238 - - - - -] Service 48ab0354-0cc3-4574-8b4b-39578b4811f9 is updated
2017-10-28 09:05:42.710 28521 INFO heat.engine.service [req-3684a7a4-ea60-498b-9e7b-6f35b9e9f6b8 - - - - -] Service d42598ab-5331-4bf4-a271-327e00c8675f is updated
2017-10-28 09:05:42.718 28525 INFO heat.engine.service [req-3ab7c9c8-0001-474f-bdd1-bcbfb78605e1 - - - - -] Service 12fa1fd5-3e02-4695-9acb-ecf6d0c6be7e is updated
2017-10-28 09:05:42.719 28531 INFO heat.engine.service [req-0f0c3737-edee-49c5-9406-2b1940fc95b2 - - - - -] Service ff837399-1603-480b-89cf-1947330a42ab is updated
2017-10-28 09:05:42.824 28559 INFO heat.engine.service [req-bceaee73-6db3-4008-99d2-a48c270f99a4 - - - - -] Service d321ca62-b768-43f2-9c4f-f4308f362b40 is updated
2017-10-28 09:05:42.982 28539 INFO heat.engine.service [req-4535aa02-d79c-4c5e-8420-dc558703d8c1 - - - - -] Service 75a95404-a1b5-44f6-ba31-90e0e95c8ad0 is updated
2017-10-28 09:05:44.228 28514 INFO heat.engine.service [req-7f41200e-d146-48d8-ac1a-7e7dec56add4 - - - - -] Service c1ca77d3-4c81-441a-914c-e8e1795d0819 is updated
2017-10-28 09:06:41.965 28529 INFO heat.engine.service [req-d89c05ad-b1bc-4830-a657-c9933f6b591b - - - - -] Service 4e596928-014f-46fe-904b-2c69d0122faa is updated
2017-10-28 09:06:42.065 28553 INFO heat.engine.service [req-1532fbc6-5d96-4527-b46c-8cb86e974b3b - - - - -] Service 1231c634-a611-4552-9733-0bcd0229559d is updated
2017-10-28 09:06:42.086 28522 INFO heat.engine.service [req-f7cd3d4e-93b6-4b5f-831a-3f4507a11cfd - - - - -] Service 0b05fddd-7118-49f7-b698-e81b89f80dd0 is updated
2017-10-28 09:06:42.096 28511 INFO heat.engine.service [req-64861f2b-c314-47cf-b06f-e58aa051c007 - - - - -] Service c4991b42-b929-41c8-92ba-07735294b97d is updated
2017-10-28 09:06:42.113 28542 INFO heat.engine.service [req-99daddd1-e772-42d1-9f18-a5261ea361fc - - - - -] Service 94a1afb2-8a32-439d-ab8f-e06a961e4433 is updated
2017-10-28 09:06:42.133 28532 INFO heat.engine.service [req-612babdc-811b-4d52-82cf-423c7e505fdc - - - - -] Service 5e954547-3083-4e91-b56e-edaec69d9004 is updated
2017-10-28 09:06:42.161 28513 INFO heat.engine.service [req-ed013bc9-89bc-4393-9c0b-b0653e3861a1 - - - - -] Service 5ce1d5ea-a507-4dce-98d2-430354f1824f is updated
2017-10-28 09:06:42.164 28527 INFO heat.engine.service [req-9206e1a7-4c5d-42f2-a3b0-02079d8156ba - - - - -] Service 27b05062-f4e2-41b9-a5a1-b78a8e7a7cab is updated
2017-10-28 09:06:42.166 28552 INFO heat.engine.service [req-940741ec-3a06-4d18-b5cd-8a36414c9f99 - - - - -] Service e9eaa51d-d288-442a-bc48-944d997543a3 is updated
2017-10-28 09:06:42.191 28538 INFO heat.engine.service [req-16de2a69-fd8c-47eb-a53a-428d126fea9d - - - - -] Service 174f2dbb-df8a-4407-b210-723a658db9cb is updated
2017-10-28 09:06:42.200 28523 INFO heat.engine.service [req-9f050514-5bcc-4bc4-b9d3-1d96e79c1c58 - - - - -] Service d7cc827c-6c72-4bc7-9c27-48fae872f1b6 is updated
2017-10-28 09:06:42.213 28516 INFO heat.engine.service [req-865e7133-fdc5-42fa-a7dc-51554b64dbc3 - - - - -] Service 2d84e3bb-febf-485e-87fe-d93b4c80d1c4 is updated
2017-10-28 09:06:42.238 28510 INFO heat.engine.service [req-7f3ec450-a263-4e50-b8b4-e0a7dc98fea0 - - - - -] Service 4669f065-a489-481e-9850-91a9f44bc077 is updated
2017-10-28 09:06:42.247 28564 INFO heat.engine.service [req-4416d688-498e-4de3-8c3f-00581bf9702b - - - - -] Service 8f50a07c-7ad8-4a6d-a9d3-37e4c8f0ba53 is updated
2017-10-28 09:06:42.247 28520 INFO heat.engine.service [req-16cdb59a-6375-4062-b313-0fd787116596 - - - - -] Service 4afb81d2-1ea2-4a4b-bc5f-b909623e3e74 is updated
2017-10-28 09:06:42.248 28562 INFO heat.engine.service [req-2eadd07e-f9d7-4176-91a1-b8f5ba4c9548 - - - - -] Service b207e39f-b808-4c6c-8285-bd415d13ec10 is updated
2017-10-28 09:06:42.248 28561 INFO heat.engine.service [req-25eca7e9-9d68-4288-8cad-e3dd45aa5fe6 - - - - -] Service 5320c9fe-fd90-45e2-9c81-06f88b38f36b is updated
2017-10-28 09:06:42.256 28536 INFO heat.engine.service [req-4eeb3016-bc34-4af2-84b7-ac474e5668b2 - - - - -] Service 98ecc1ea-b227-42dc-82e7-30ac1ed9fca4 is updated
2017-10-28 09:06:42.305 28560 INFO heat.engine.service [req-a9503f61-c74e-44db-8b7b-f573fa857374 - - - - -] Service 3b95e8e7-8709-45d2-a464-bac772180735 is updated
2017-10-28 09:06:42.319 28557 INFO heat.engine.service [req-65258769-c560-4696-8516-d549c61ebd3e - - - - -] Service 98f930a8-31b2-4e4d-8712-9e6fea660e73 is updated
2017-10-28 09:06:42.346 28563 INFO heat.engine.service [req-c2e51228-59d9-451d-9ee3-8b89378d870f - - - - -] Service 4eca1835-2fb1-450f-b336-3867986a581d is updated
2017-10-28 09:06:42.387 28519 INFO heat.engine.service [req-fde2f0eb-f5f7-42ac-8985-d56fefc3a7af - - - - -] Service 7d2457db-265f-4f09-a7ed-68db183e0384 is updated
2017-10-28 09:06:42.388 28524 INFO heat.engine.service [req-a879d672-b8de-4cae-90bc-fcc32137397d - - - - -] Service 2f511c44-ddf4-43a7-9fd0-41f210a8b669 is updated
2017-10-28 09:06:42.392 28533 INFO heat.engine.service [req-4c4bb2bf-2109-4969-b376-11e6c5de8a68 - - - - -] Service 3a35d7bf-f1bd-4589-a5c3-8000c3b24793 is updated
2017-10-28 09:06:42.459 28547 INFO heat.engine.service [req-32e82584-e4b1-4ade-9f97-6458a1053645 - - - - -] Service 25707d32-efb1-423a-b2d4-e11dfe67bcdc is updated
2017-10-28 09:06:42.462 28517 INFO heat.engine.service [req-2a796e0b-1254-4b69-8d1a-eeccd9aee2f2 - - - - -] Service 750cf73f-337d-432c-9d53-30fab548b45c is updated
2017-10-28 09:06:42.493 28541 INFO heat.engine.service [req-d694a9ca-6a8d-4fd0-95ad-5fea22f148c2 - - - - -] Service 28f76f02-d340-4517-9f1d-cb1f7fd704ac is updated
2017-10-28 09:06:42.497 28554 INFO heat.engine.service [req-0ddb69df-f03a-42ae-8bad-df1360456826 - - - - -] Service c7479ed7-747a-48d4-9a5a-b7161a57c39e is updated
2017-10-28 09:06:42.511 28549 INFO heat.engine.service [req-2bfa6f71-411a-47cb-a21a-2b5a7ff0890a - - - - -] Service 8942a6af-7411-45cf-9672-1c7d3127c49f is updated
2017-10-28 09:06:42.514 28537 INFO heat.engine.service [req-e31a1c69-7f9e-4725-8fe9-5b5e1ce3c502 - - - - -] Service fd1e41c5-b76e-4f95-9fd6-4a9c3d626081 is updated
2017-10-28 09:06:42.519 28534 INFO heat.engine.service [req-7876c53c-96ce-40bd-9bd8-23dd6a34e0ab - - - - -] Service 7cdf9070-e34d-436d-aa75-65b1eb388638 is updated
2017-10-28 09:06:42.524 28530 INFO heat.engine.service [req-9a14a9e1-9d3e-42de-a04e-40c23413c38a - - - - -] Service caf6df39-f07f-489e-9581-9b70becae9e2 is updated
2017-10-28 09:06:42.554 28512 INFO heat.engine.service [req-779757cd-1525-4338-a6c1-503d0a7328f0 - - - - -] Service fc9cbb06-6f7c-4b69-b947-05f204b3ce3c is updated
2017-10-28 09:06:42.559 28556 INFO heat.engine.service [req-e670a2ef-cd6a-4bd0-b281-6b346c0e0841 - - - - -] Service 30227806-eb6a-421b-b64b-1f4e769dde97 is updated
2017-10-28 09:06:42.580 28518 INFO heat.engine.service [req-fe739008-58cd-4a3c-a894-56be7e6ddfd7 - - - - -] Service dd24efbc-8915-43d4-af30-b40fa3b43c47 is updated
2017-10-28 09:06:42.607 28535 INFO heat.engine.service [req-12dd0c06-c3ec-4a31-a175-15938d88f7f4 - - - - -] Service fb8da2fb-0ff3-4afc-956a-7d78b638efc3 is updated
2017-10-28 09:06:42.632 28558 INFO heat.engine.service [req-63b4b587-a31b-4de2-beaf-0795b2b11b37 - - - - -] Service ce91c6b2-92c3-4791-9658-c7753c86c265 is updated
2017-10-28 09:06:42.645 28551 INFO heat.engine.service [req-ca141038-b728-4797-8bdc-87e584d0e0fa - - - - -] Service 560cd9d1-ade5-4123-8efe-4822dbddfe23 is updated
2017-10-28 09:06:42.651 28515 INFO heat.engine.service [req-9c91d874-3074-4acd-9524-cdd33fa78680 - - - - -] Service 1a670f48-191d-4af2-ba9b-d59280a34029 is updated
2017-10-28 09:06:42.662 28550 INFO heat.engine.service [req-08c36ab0-e3d1-4a65-a957-fd92bcc64b26 - - - - -] Service ac79e68c-b408-42b8-9a3f-aaa256fcf8f0 is updated
2017-10-28 09:06:42.676 28555 INFO heat.engine.service [req-3f694035-8ab4-47f8-ab2a-6aee741ace11 - - - - -] Service 6b1b66de-35d9-4105-bcd5-aa680ffcddec is updated
2017-10-28 09:06:42.679 28540 INFO heat.engine.service [req-1b9b6d18-4782-4120-8c7b-647fc26b8aa2 - - - - -] Service 48ab0354-0cc3-4574-8b4b-39578b4811f9 is updated
2017-10-28 09:06:42.698 28521 INFO heat.engine.service [req-e49db497-493b-496d-b57b-4c47ca85a5cc - - - - -] Service d42598ab-5331-4bf4-a271-327e00c8675f is updated
2017-10-28 09:06:42.706 28525 INFO heat.engine.service [req-32b3cc25-c409-45cd-8597-a90530ae932a - - - - -] Service 12fa1fd5-3e02-4695-9acb-ecf6d0c6be7e is updated
2017-10-28 09:06:42.706 28531 INFO heat.engine.service [req-2b197ef9-a4e5-4a68-9978-a4d74165d2a7 - - - - -] Service ff837399-1603-480b-89cf-1947330a42ab is updated
2017-10-28 09:06:42.822 28559 INFO heat.engine.service [req-134da141-5100-41ee-acf8-4d1440ed955e - - - - -] Service d321ca62-b768-43f2-9c4f-f4308f362b40 is updated
2017-10-28 09:06:42.979 28539 INFO heat.engine.service [req-f234fbc2-0724-451e-88d2-5c5627ee1fa2 - - - - -] Service 75a95404-a1b5-44f6-ba31-90e0e95c8ad0 is updated
2017-10-28 09:06:44.225 28514 INFO heat.engine.service [req-76488fd1-0f51-4929-acd5-4d46b3e4cb07 - - - - -] Service c1ca77d3-4c81-441a-914c-e8e1795d0819 is updated
2017-10-28 09:07:41.961 28529 INFO heat.engine.service [req-858587df-b661-4021-9c2e-43c5640f14ca - - - - -] Service 4e596928-014f-46fe-904b-2c69d0122faa is updated
2017-10-28 09:07:42.060 28553 INFO heat.engine.service [req-9ae1fe92-4df0-41f1-a825-48b342467ec7 - - - - -] Service 1231c634-a611-4552-9733-0bcd0229559d is updated
2017-10-28 09:07:42.081 28522 INFO heat.engine.service [req-e35f32eb-8343-4909-be6e-4264ee08825c - - - - -] Service 0b05fddd-7118-49f7-b698-e81b89f80dd0 is updated
2017-10-28 09:07:42.093 28511 INFO heat.engine.service [req-c2faf7d6-867b-4d16-82db-432cc2fc4fd5 - - - - -] Service c4991b42-b929-41c8-92ba-07735294b97d is updated
2017-10-28 09:07:42.108 28542 INFO heat.engine.service [req-367e2250-b35c-467e-b73d-0790de6f5a83 - - - - -] Service 94a1afb2-8a32-439d-ab8f-e06a961e4433 is updated
2017-10-28 09:07:42.129 28532 INFO heat.engine.service [req-c789b6c0-97af-4a41-8406-efc7505d58b5 - - - - -] Service 5e954547-3083-4e91-b56e-edaec69d9004 is updated
2017-10-28 09:07:42.157 28513 INFO heat.engine.service [req-bb2f7959-5b4b-407f-af86-9a5531ec502c - - - - -] Service 5ce1d5ea-a507-4dce-98d2-430354f1824f is updated
2017-10-28 09:07:42.162 28552 INFO heat.engine.service [req-95265723-c6c8-46c7-a961-491104083e7d - - - - -] Service e9eaa51d-d288-442a-bc48-944d997543a3 is updated
2017-10-28 09:07:42.163 28527 INFO heat.engine.service [req-dad51972-b725-42ff-9173-9768679a6b80 - - - - -] Service 27b05062-f4e2-41b9-a5a1-b78a8e7a7cab is updated
2017-10-28 09:07:42.186 28538 INFO heat.engine.service [req-56f44ad2-cbb4-4e0a-8695-628bc527c485 - - - - -] Service 174f2dbb-df8a-4407-b210-723a658db9cb is updated
2017-10-28 09:07:42.194 28523 INFO heat.engine.service [req-76616002-ddf0-48c4-9ec9-95b8ce8401ec - - - - -] Service d7cc827c-6c72-4bc7-9c27-48fae872f1b6 is updated
2017-10-28 09:07:42.208 28516 INFO heat.engine.service [req-386a04a4-1016-4a1e-b9e2-eb3a33df0d0d - - - - -] Service 2d84e3bb-febf-485e-87fe-d93b4c80d1c4 is updated
2017-10-28 09:07:42.235 28510 INFO heat.engine.service [req-3e46c5c7-3cf5-4aee-82a8-134da350825b - - - - -] Service 4669f065-a489-481e-9850-91a9f44bc077 is updated
2017-10-28 09:07:42.243 28561 INFO heat.engine.service [req-88a0c470-7d2d-48ec-9329-4bab9b2f9d98 - - - - -] Service 5320c9fe-fd90-45e2-9c81-06f88b38f36b is updated
2017-10-28 09:07:42.245 28564 INFO heat.engine.service [req-cf8fe0a5-910d-45f2-86f4-f2d0a657fe75 - - - - -] Service 8f50a07c-7ad8-4a6d-a9d3-37e4c8f0ba53 is updated
2017-10-28 09:07:42.246 28562 INFO heat.engine.service [req-ef66aaff-632d-4c0d-8691-9e1e7e853587 - - - - -] Service b207e39f-b808-4c6c-8285-bd415d13ec10 is updated
2017-10-28 09:07:42.247 28520 INFO heat.engine.service [req-d348a977-9991-459a-9ca8-279360c820fd - - - - -] Service 4afb81d2-1ea2-4a4b-bc5f-b909623e3e74 is updated
2017-10-28 09:07:42.253 28536 INFO heat.engine.service [req-84a6c109-829c-4302-80bd-6d5c88fa6879 - - - - -] Service 98ecc1ea-b227-42dc-82e7-30ac1ed9fca4 is updated
2017-10-28 09:07:42.301 28560 INFO heat.engine.service [req-32d63411-b701-4ed3-a6e8-bc4b61324ab5 - - - - -] Service 3b95e8e7-8709-45d2-a464-bac772180735 is updated
2017-10-28 09:07:42.316 28557 INFO heat.engine.service [req-6d49c426-5967-4a85-8efc-2b435dd3963a - - - - -] Service 98f930a8-31b2-4e4d-8712-9e6fea660e73 is updated
2017-10-28 09:07:42.343 28563 INFO heat.engine.service [req-02b5b7e7-5b68-40a8-98b1-9bafe05bc816 - - - - -] Service 4eca1835-2fb1-450f-b336-3867986a581d is updated
2017-10-28 09:07:42.384 28519 INFO heat.engine.service [req-95778e30-bdd5-4ecb-a6a4-099d94f9e5f7 - - - - -] Service 7d2457db-265f-4f09-a7ed-68db183e0384 is updated
2017-10-28 09:07:42.388 28533 INFO heat.engine.service [req-6f47b9d1-68c2-4f8b-9e0f-b13d541408f6 - - - - -] Service 3a35d7bf-f1bd-4589-a5c3-8000c3b24793 is updated
2017-10-28 09:07:42.393 28524 INFO heat.engine.service [req-b2d34a42-dd5a-45bf-ad28-195acd43a86e - - - - -] Service 2f511c44-ddf4-43a7-9fd0-41f210a8b669 is updated
2017-10-28 09:07:42.456 28547 INFO heat.engine.service [req-3ef65d1c-2dd6-4fe0-a8fe-e4434c64cd66 - - - - -] Service 25707d32-efb1-423a-b2d4-e11dfe67bcdc is updated
2017-10-28 09:07:42.460 28517 INFO heat.engine.service [req-c7e786ec-e80f-418f-8432-59fd95283f2e - - - - -] Service 750cf73f-337d-432c-9d53-30fab548b45c is updated
2017-10-28 09:07:42.492 28541 INFO heat.engine.service [req-f79c3f44-546a-4022-9e69-485cf52bd2b4 - - - - -] Service 28f76f02-d340-4517-9f1d-cb1f7fd704ac is updated
2017-10-28 09:07:42.494 28554 INFO heat.engine.service [req-b34ee47f-73a2-408b-a90c-157c19f58fad - - - - -] Service c7479ed7-747a-48d4-9a5a-b7161a57c39e is updated
2017-10-28 09:07:42.507 28549 INFO heat.engine.service [req-abfe0ff9-ee10-45d8-8576-d1f8e1c330dd - - - - -] Service 8942a6af-7411-45cf-9672-1c7d3127c49f is updated
2017-10-28 09:07:42.512 28537 INFO heat.engine.service [req-846797c1-bea2-4e35-8af4-a17541826580 - - - - -] Service fd1e41c5-b76e-4f95-9fd6-4a9c3d626081 is updated
2017-10-28 09:07:42.517 28534 INFO heat.engine.service [req-a5e7aace-0985-457d-8d56-631c9461a888 - - - - -] Service 7cdf9070-e34d-436d-aa75-65b1eb388638 is updated
2017-10-28 09:07:42.522 28530 INFO heat.engine.service [req-ce07fcdc-cd83-4ae7-b313-9e19832df26d - - - - -] Service caf6df39-f07f-489e-9581-9b70becae9e2 is updated
2017-10-28 09:07:42.552 28512 INFO heat.engine.service [req-966349cb-04d7-4d20-b12e-4c2db49e2785 - - - - -] Service fc9cbb06-6f7c-4b69-b947-05f204b3ce3c is updated
2017-10-28 09:07:42.557 28556 INFO heat.engine.service [req-e200a39c-033d-4ad4-ab12-b2936f63f445 - - - - -] Service 30227806-eb6a-421b-b64b-1f4e769dde97 is updated
2017-10-28 09:07:42.577 28518 INFO heat.engine.service [req-466adcf1-bea0-4cf0-a42e-8a320851f152 - - - - -] Service dd24efbc-8915-43d4-af30-b40fa3b43c47 is updated
2017-10-28 09:07:42.606 28535 INFO heat.engine.service [req-380bed55-eecc-491d-87e4-4719fec2cbf5 - - - - -] Service fb8da2fb-0ff3-4afc-956a-7d78b638efc3 is updated
2017-10-28 09:07:42.630 28558 INFO heat.engine.service [req-083883e7-3175-4405-8249-48e118214945 - - - - -] Service ce91c6b2-92c3-4791-9658-c7753c86c265 is updated
2017-10-28 09:07:42.642 28551 INFO heat.engine.service [req-3b8196e2-7e0c-442d-89fa-61bc695a3625 - - - - -] Service 560cd9d1-ade5-4123-8efe-4822dbddfe23 is updated
2017-10-28 09:07:42.649 28515 INFO heat.engine.service [req-8bc3bb57-1a5a-49ac-b770-7b4c6d7a7044 - - - - -] Service 1a670f48-191d-4af2-ba9b-d59280a34029 is updated
2017-10-28 09:07:42.661 28550 INFO heat.engine.service [req-282b9563-154f-43fa-8437-b77164453713 - - - - -] Service ac79e68c-b408-42b8-9a3f-aaa256fcf8f0 is updated
2017-10-28 09:07:42.674 28555 INFO heat.engine.service [req-352b30c1-5053-47b5-8b5d-0d7e69971118 - - - - -] Service 6b1b66de-35d9-4105-bcd5-aa680ffcddec is updated
2017-10-28 09:07:42.676 28540 INFO heat.engine.service [req-479ad6d0-99f1-46db-b7c5-e5fe87d06518 - - - - -] Service 48ab0354-0cc3-4574-8b4b-39578b4811f9 is updated
2017-10-28 09:07:42.697 28521 INFO heat.engine.service [req-e3335853-7f90-42cb-83c3-ac62e5016857 - - - - -] Service d42598ab-5331-4bf4-a271-327e00c8675f is updated
2017-10-28 09:07:42.703 28525 INFO heat.engine.service [req-e2c79deb-7674-44fa-96d6-736fb1067552 - - - - -] Service 12fa1fd5-3e02-4695-9acb-ecf6d0c6be7e is updated
2017-10-28 09:07:42.704 28531 INFO heat.engine.service [req-7abd1421-d830-4c96-9320-c21bc5ea5d33 - - - - -] Service ff837399-1603-480b-89cf-1947330a42ab is updated
2017-10-28 09:07:42.820 28559 INFO heat.engine.service [req-f0cabc9a-ebc7-4e0d-b0c8-a38ac0cc6f87 - - - - -] Service d321ca62-b768-43f2-9c4f-f4308f362b40 is updated
2017-10-28 09:07:42.978 28539 INFO heat.engine.service [req-88c1ac4e-4234-4bc2-b90b-c9336a55bdbd - - - - -] Service 75a95404-a1b5-44f6-ba31-90e0e95c8ad0 is updated
2017-10-28 09:07:44.223 28514 INFO heat.engine.service [req-38673efa-32c9-4481-b7ae-8a6ca94c9da4 - - - - -] Service c1ca77d3-4c81-441a-914c-e8e1795d0819 is updated
2017-10-28 09:08:41.960 28529 INFO heat.engine.service [req-f0174d17-982c-49c8-bdcd-f9d94ea11cca - - - - -] Service 4e596928-014f-46fe-904b-2c69d0122faa is updated
2017-10-28 09:08:42.072 28553 INFO heat.engine.service [req-4c805810-7957-406d-9f7f-0fa291b42269 - - - - -] Service 1231c634-a611-4552-9733-0bcd0229559d is updated
2017-10-28 09:08:42.089 28522 INFO heat.engine.service [req-495f0a12-8354-469f-b692-32e3b30eab17 - - - - -] Service 0b05fddd-7118-49f7-b698-e81b89f80dd0 is updated
2017-10-28 09:08:42.089 28511 INFO heat.engine.service [req-a0768bef-08a7-449e-8653-23698b747f77 - - - - -] Service c4991b42-b929-41c8-92ba-07735294b97d is updated
2017-10-28 09:08:42.107 28542 INFO heat.engine.service [req-1c22b860-1144-4dc0-a7ca-df28aa39d99c - - - - -] Service 94a1afb2-8a32-439d-ab8f-e06a961e4433 is updated
2017-10-28 09:08:42.126 28532 INFO heat.engine.service [req-495fde5e-179b-4720-96b7-b18744dec743 - - - - -] Service 5e954547-3083-4e91-b56e-edaec69d9004 is updated
2017-10-28 09:08:42.154 28513 INFO heat.engine.service [req-d802a6ca-526f-4859-ba07-d00fb28c8757 - - - - -] Service 5ce1d5ea-a507-4dce-98d2-430354f1824f is updated
2017-10-28 09:08:42.159 28527 INFO heat.engine.service [req-7676b3b7-73cc-4bbe-85b8-d58deb4e6cd3 - - - - -] Service 27b05062-f4e2-41b9-a5a1-b78a8e7a7cab is updated
2017-10-28 09:08:42.159 28552 INFO heat.engine.service [req-4b89d6db-8500-47bd-a6e4-aa1181f7b043 - - - - -] Service e9eaa51d-d288-442a-bc48-944d997543a3 is updated
2017-10-28 09:08:42.193 28538 INFO heat.engine.service [req-46ed8d9d-ebd1-4585-b61a-51b388d5c172 - - - - -] Service 174f2dbb-df8a-4407-b210-723a658db9cb is updated
2017-10-28 09:08:42.201 28523 INFO heat.engine.service [req-51f98f7e-f53b-4e01-a238-073aa210472a - - - - -] Service d7cc827c-6c72-4bc7-9c27-48fae872f1b6 is updated
2017-10-28 09:08:42.215 28516 INFO heat.engine.service [req-65f857ec-e54a-4be9-943b-9816a8648dcc - - - - -] Service 2d84e3bb-febf-485e-87fe-d93b4c80d1c4 is updated
2017-10-28 09:08:42.233 28510 INFO heat.engine.service [req-0fe7c4a2-2c43-453f-b6ec-d80d34d8ec80 - - - - -] Service 4669f065-a489-481e-9850-91a9f44bc077 is updated
2017-10-28 09:08:42.242 28564 INFO heat.engine.service [req-8a9f327c-b381-4a79-a3c9-5279f64ce8c9 - - - - -] Service 8f50a07c-7ad8-4a6d-a9d3-37e4c8f0ba53 is updated
2017-10-28 09:08:42.245 28562 INFO heat.engine.service [req-a7a03272-d44e-41d6-b2b4-03e47a7ee76b - - - - -] Service b207e39f-b808-4c6c-8285-bd415d13ec10 is updated
2017-10-28 09:08:42.246 28520 INFO heat.engine.service [req-00f20859-4fd5-4f63-932a-b309cab36ad0 - - - - -] Service 4afb81d2-1ea2-4a4b-bc5f-b909623e3e74 is updated
2017-10-28 09:08:42.249 28561 INFO heat.engine.service [req-cfeba541-0e16-44fe-82f0-f2598c0d3bc5 - - - - -] Service 5320c9fe-fd90-45e2-9c81-06f88b38f36b is updated
2017-10-28 09:08:42.259 28536 INFO heat.engine.service [req-f88a45d4-43a1-49c1-b775-7d97bb0ec76e - - - - -] Service 98ecc1ea-b227-42dc-82e7-30ac1ed9fca4 is updated
2017-10-28 09:08:42.299 28560 INFO heat.engine.service [req-63f6c9a2-afde-4318-8e72-ef17140dbd99 - - - - -] Service 3b95e8e7-8709-45d2-a464-bac772180735 is updated
2017-10-28 09:08:42.312 28557 INFO heat.engine.service [req-f47a128d-10e1-409f-9d74-639a230a9416 - - - - -] Service 98f930a8-31b2-4e4d-8712-9e6fea660e73 is updated
2017-10-28 09:08:42.341 28563 INFO heat.engine.service [req-a814f531-5ba2-4e5e-92ee-6426f6e61fe8 - - - - -] Service 4eca1835-2fb1-450f-b336-3867986a581d is updated
2017-10-28 09:08:42.381 28519 INFO heat.engine.service [req-5dafc3a0-7106-4098-8e51-0ca7132c4d86 - - - - -] Service 7d2457db-265f-4f09-a7ed-68db183e0384 is updated
2017-10-28 09:08:42.386 28533 INFO heat.engine.service [req-f6b3f529-95ac-4b53-98aa-37de071317fe - - - - -] Service 3a35d7bf-f1bd-4589-a5c3-8000c3b24793 is updated
2017-10-28 09:08:42.392 28524 INFO heat.engine.service [req-bcdc6647-4026-4a46-8cbb-8d0d72837cdc - - - - -] Service 2f511c44-ddf4-43a7-9fd0-41f210a8b669 is updated
2017-10-28 09:08:42.454 28547 INFO heat.engine.service [req-e6ee37a4-79a0-4f18-bac4-d4a62572361a - - - - -] Service 25707d32-efb1-423a-b2d4-e11dfe67bcdc is updated
2017-10-28 09:08:42.457 28517 INFO heat.engine.service [req-ebd44160-33b8-4ee6-b25d-6026f60c7276 - - - - -] Service 750cf73f-337d-432c-9d53-30fab548b45c is updated
2017-10-28 09:08:42.489 28541 INFO heat.engine.service [req-58920840-e884-4463-bc7e-8774b52e08af - - - - -] Service 28f76f02-d340-4517-9f1d-cb1f7fd704ac is updated
2017-10-28 09:08:42.490 28554 INFO heat.engine.service [req-cdce3b01-cdcd-441a-b220-408988367099 - - - - -] Service c7479ed7-747a-48d4-9a5a-b7161a57c39e is updated
2017-10-28 09:08:42.503 28549 INFO heat.engine.service [req-daed422a-2a24-4603-a491-4e04d7d7e54a - - - - -] Service 8942a6af-7411-45cf-9672-1c7d3127c49f is updated
2017-10-28 09:08:42.509 28537 INFO heat.engine.service [req-5c3f47a7-8d25-49bd-ba6c-b8dd7b47efb7 - - - - -] Service fd1e41c5-b76e-4f95-9fd6-4a9c3d626081 is updated
2017-10-28 09:08:42.512 28534 INFO heat.engine.service [req-dffb7eb6-a153-47d6-b591-acafb308e593 - - - - -] Service 7cdf9070-e34d-436d-aa75-65b1eb388638 is updated
2017-10-28 09:08:42.519 28530 INFO heat.engine.service [req-51c686f8-0985-423d-95a8-9bf5da5a89f3 - - - - -] Service caf6df39-f07f-489e-9581-9b70becae9e2 is updated
2017-10-28 09:08:42.548 28512 INFO heat.engine.service [req-726587b7-360c-4014-b6d1-330c2266f74e - - - - -] Service fc9cbb06-6f7c-4b69-b947-05f204b3ce3c is updated
2017-10-28 09:08:42.552 28556 INFO heat.engine.service [req-49f38dab-6efd-4e45-a1ee-67dedf9c1dd1 - - - - -] Service 30227806-eb6a-421b-b64b-1f4e769dde97 is updated
2017-10-28 09:08:42.574 28518 INFO heat.engine.service [req-f26ff5f6-1758-4e59-9c16-2fcb83f5b8e5 - - - - -] Service dd24efbc-8915-43d4-af30-b40fa3b43c47 is updated
2017-10-28 09:08:42.603 28535 INFO heat.engine.service [req-1a79526f-2e7c-4869-9dd8-cc191f67a336 - - - - -] Service fb8da2fb-0ff3-4afc-956a-7d78b638efc3 is updated
2017-10-28 09:08:42.627 28558 INFO heat.engine.service [req-956f294b-3462-4f5b-9496-3a74b50e9327 - - - - -] Service ce91c6b2-92c3-4791-9658-c7753c86c265 is updated
2017-10-28 09:08:42.639 28551 INFO heat.engine.service [req-2cd4826e-ae29-42c5-9d9b-9ae1a1bf1e72 - - - - -] Service 560cd9d1-ade5-4123-8efe-4822dbddfe23 is updated
2017-10-28 09:08:42.646 28515 INFO heat.engine.service [req-cea2be91-a697-48c6-a491-067079bdb505 - - - - -] Service 1a670f48-191d-4af2-ba9b-d59280a34029 is updated
2017-10-28 09:08:42.658 28550 INFO heat.engine.service [req-5c950c32-ebdb-43b0-b77c-8a3547f0621a - - - - -] Service ac79e68c-b408-42b8-9a3f-aaa256fcf8f0 is updated
2017-10-28 09:08:42.669 28555 INFO heat.engine.service [req-e8dcef05-2472-4305-82e8-e2a4432fa2ec - - - - -] Service 6b1b66de-35d9-4105-bcd5-aa680ffcddec is updated
2017-10-28 09:08:42.670 28540 INFO heat.engine.service [req-552a4ef6-0742-4e30-8cab-f24e88099433 - - - - -] Service 48ab0354-0cc3-4574-8b4b-39578b4811f9 is updated
2017-10-28 09:08:42.694 28521 INFO heat.engine.service [req-2f6e0243-81ca-4042-83fd-27bab0b745b3 - - - - -] Service d42598ab-5331-4bf4-a271-327e00c8675f is updated
2017-10-28 09:08:42.700 28525 INFO heat.engine.service [req-fec9c348-4048-4a18-88af-d26535f57a53 - - - - -] Service 12fa1fd5-3e02-4695-9acb-ecf6d0c6be7e is updated
2017-10-28 09:08:42.702 28531 INFO heat.engine.service [req-e4425ea0-bccc-4d1f-999b-789e5b5f7aa8 - - - - -] Service ff837399-1603-480b-89cf-1947330a42ab is updated
2017-10-28 09:08:42.818 28559 INFO heat.engine.service [req-a68367d0-6af4-4e0b-8d36-43385193ad2b - - - - -] Service d321ca62-b768-43f2-9c4f-f4308f362b40 is updated
2017-10-28 09:08:42.976 28539 INFO heat.engine.service [req-42932f8d-f55f-4d58-a398-015bf496701a - - - - -] Service 75a95404-a1b5-44f6-ba31-90e0e95c8ad0 is updated
2017-10-28 09:08:44.221 28514 INFO heat.engine.service [req-74bae394-72b4-4a9f-a56d-44f2ad5139be - - - - -] Service c1ca77d3-4c81-441a-914c-e8e1795d0819 is updated
2017-10-28 09:09:41.957 28529 INFO heat.engine.service [req-87b607b9-925b-498a-8b3f-a23a17e2b693 - - - - -] Service 4e596928-014f-46fe-904b-2c69d0122faa is updated
2017-10-28 09:09:42.071 28553 INFO heat.engine.service [req-8a4eafbe-46be-4e26-b88b-585d2eab538e - - - - -] Service 1231c634-a611-4552-9733-0bcd0229559d is updated
2017-10-28 09:09:42.087 28511 INFO heat.engine.service [req-17a82e84-4123-48d7-a8f5-04a124f16317 - - - - -] Service c4991b42-b929-41c8-92ba-07735294b97d is updated
2017-10-28 09:09:42.087 28522 INFO heat.engine.service [req-e9add2d7-54f8-451f-9a18-7437cd5c920c - - - - -] Service 0b05fddd-7118-49f7-b698-e81b89f80dd0 is updated
2017-10-28 09:09:42.103 28542 INFO heat.engine.service [req-7482c382-f986-47a2-9838-23650015a61b - - - - -] Service 94a1afb2-8a32-439d-ab8f-e06a961e4433 is updated
2017-10-28 09:09:42.123 28532 INFO heat.engine.service [req-e9132e40-70d8-4a5f-8bf4-dab7df0f2538 - - - - -] Service 5e954547-3083-4e91-b56e-edaec69d9004 is updated
2017-10-28 09:09:42.152 28513 INFO heat.engine.service [req-8a9268c6-de66-4a57-bd2c-3f93b1021f8e - - - - -] Service 5ce1d5ea-a507-4dce-98d2-430354f1824f is updated
2017-10-28 09:09:42.157 28552 INFO heat.engine.service [req-bcf55af4-b4c8-4c27-bfc7-d68a04dfcd09 - - - - -] Service e9eaa51d-d288-442a-bc48-944d997543a3 is updated
2017-10-28 09:09:42.163 28527 INFO heat.engine.service [req-cde30885-2567-4e90-9d95-ed9943f3f994 - - - - -] Service 27b05062-f4e2-41b9-a5a1-b78a8e7a7cab is updated
2017-10-28 09:09:42.190 28538 INFO heat.engine.service [req-05def077-99cf-4da5-b44c-659163d1720d - - - - -] Service 174f2dbb-df8a-4407-b210-723a658db9cb is updated
2017-10-28 09:09:42.199 28523 INFO heat.engine.service [req-dc0c5764-0100-467c-ac13-7f284d207bd5 - - - - -] Service d7cc827c-6c72-4bc7-9c27-48fae872f1b6 is updated
2017-10-28 09:09:42.212 28516 INFO heat.engine.service [req-34311c88-4436-451c-8467-503a512628af - - - - -] Service 2d84e3bb-febf-485e-87fe-d93b4c80d1c4 is updated
2017-10-28 09:09:42.230 28510 INFO heat.engine.service [req-920502c5-223b-40b1-a830-f6d78b876c2a - - - - -] Service 4669f065-a489-481e-9850-91a9f44bc077 is updated
2017-10-28 09:09:42.239 28564 INFO heat.engine.service [req-acd48b4a-f7f7-42ab-8d74-70b823003109 - - - - -] Service 8f50a07c-7ad8-4a6d-a9d3-37e4c8f0ba53 is updated
2017-10-28 09:09:42.243 28561 INFO heat.engine.service [req-e91bea5b-53a9-4330-8a3c-e3ba0b47cbd1 - - - - -] Service 5320c9fe-fd90-45e2-9c81-06f88b38f36b is updated
2017-10-28 09:09:42.244 28520 INFO heat.engine.service [req-0b6025c5-7c81-4b85-ba5b-07d6b423f625 - - - - -] Service 4afb81d2-1ea2-4a4b-bc5f-b909623e3e74 is updated
2017-10-28 09:09:42.246 28562 INFO heat.engine.service [req-7b51313a-b02e-449f-8a44-9a1a584aeb73 - - - - -] Service b207e39f-b808-4c6c-8285-bd415d13ec10 is updated
2017-10-28 09:09:42.255 28536 INFO heat.engine.service [req-71cf663d-92c7-4064-b419-ef5c56297b51 - - - - -] Service 98ecc1ea-b227-42dc-82e7-30ac1ed9fca4 is updated
2017-10-28 09:09:42.296 28560 INFO heat.engine.service [req-24f8cd3d-f931-4e18-99a1-d2efb9f12edf - - - - -] Service 3b95e8e7-8709-45d2-a464-bac772180735 is updated
2017-10-28 09:09:42.316 28557 INFO heat.engine.service [req-fe9d3ee6-b1e7-4763-a0fb-687333981df6 - - - - -] Service 98f930a8-31b2-4e4d-8712-9e6fea660e73 is updated
2017-10-28 09:09:42.338 28563 INFO heat.engine.service [req-5715320c-e1ec-4838-9ef2-3a29ba251b3f - - - - -] Service 4eca1835-2fb1-450f-b336-3867986a581d is updated
2017-10-28 09:09:42.378 28519 INFO heat.engine.service [req-e09f92e1-0d42-4475-8814-173bceed2c9e - - - - -] Service 7d2457db-265f-4f09-a7ed-68db183e0384 is updated
2017-10-28 09:09:42.382 28533 INFO heat.engine.service [req-78cec1af-8fdd-47fd-994e-0abc4ee806a8 - - - - -] Service 3a35d7bf-f1bd-4589-a5c3-8000c3b24793 is updated
2017-10-28 09:09:42.396 28524 INFO heat.engine.service [req-b80cdc2a-73f3-4e5b-b0ff-5a294a3bd821 - - - - -] Service 2f511c44-ddf4-43a7-9fd0-41f210a8b669 is updated
2017-10-28 09:09:42.451 28547 INFO heat.engine.service [req-5fe89463-f49a-4def-a25e-20502dc82824 - - - - -] Service 25707d32-efb1-423a-b2d4-e11dfe67bcdc is updated
2017-10-28 09:09:42.455 28517 INFO heat.engine.service [req-a8ccfe5c-e26f-484e-9c38-a50eb03517b1 - - - - -] Service 750cf73f-337d-432c-9d53-30fab548b45c is updated
2017-10-28 09:09:42.486 28554 INFO heat.engine.service [req-8c8ec9b7-0354-42cf-9e78-db3cd380e455 - - - - -] Service c7479ed7-747a-48d4-9a5a-b7161a57c39e is updated
2017-10-28 09:09:42.486 28541 INFO heat.engine.service [req-940e8881-1cbc-4fd4-8268-e9b802b18e09 - - - - -] Service 28f76f02-d340-4517-9f1d-cb1f7fd704ac is updated
2017-10-28 09:09:42.499 28549 INFO heat.engine.service [req-85766518-d4e4-46ff-ad83-9a05f7ffc257 - - - - -] Service 8942a6af-7411-45cf-9672-1c7d3127c49f is updated
2017-10-28 09:09:42.505 28537 INFO heat.engine.service [req-0592ec6a-7088-4702-84f9-6d6346a7a39e - - - - -] Service fd1e41c5-b76e-4f95-9fd6-4a9c3d626081 is updated
2017-10-28 09:09:42.508 28534 INFO heat.engine.service [req-374a5bc7-d1db-433a-bea9-9c3a7c651bc5 - - - - -] Service 7cdf9070-e34d-436d-aa75-65b1eb388638 is updated
2017-10-28 09:09:42.518 28530 INFO heat.engine.service [req-f7762bee-caf8-423f-abc0-d85fa52c7ee0 - - - - -] Service caf6df39-f07f-489e-9581-9b70becae9e2 is updated
