2017-10-28 07:47:42.432 28562 INFO heat.engine.service [req-869fbd72-8e21-4cfb-ac06-16d3036bf042 - - - - -] Service b207e39f-b808-4c6c-8285-bd415d13ec10 is updated
2017-10-28 07:47:42.441 28536 INFO heat.engine.service [req-276fa7e5-2008-4cf7-9798-e42a0cff17b4 - - - - -] Service 98ecc1ea-b227-42dc-82e7-30ac1ed9fca4 is updated
2017-10-28 07:47:42.491 28560 INFO heat.engine.service [req-eecdcf0a-c180-45da-bfc6-75af63006115 - - - - -] Service 3b95e8e7-8709-45d2-a464-bac772180735 is updated
2017-10-28 07:47:42.526 28563 INFO heat.engine.service [req-f1a42365-f97b-4feb-b4ae-786ba6d1a83f - - - - -] Service 4eca1835-2fb1-450f-b336-3867986a581d is updated
2017-10-28 07:47:42.526 28557 INFO heat.engine.service [req-c0a1759e-c096-478c-a6bc-f197a5f15836 - - - - -] Service 98f930a8-31b2-4e4d-8712-9e6fea660e73 is updated
2017-10-28 07:47:42.529 28519 INFO heat.engine.service [req-2329f92a-120b-45c5-92b5-1170370a81bb - - - - -] Service 7d2457db-265f-4f09-a7ed-68db183e0384 is updated
2017-10-28 07:47:42.552 28533 INFO heat.engine.service [req-72d404de-8cd8-41ad-9a3d-82f5e7593ad8 - - - - -] Service 3a35d7bf-f1bd-4589-a5c3-8000c3b24793 is updated
2017-10-28 07:47:42.553 28524 INFO heat.engine.service [req-76032423-2e1f-49d2-a9eb-c6f2a0f2fd43 - - - - -] Service 2f511c44-ddf4-43a7-9fd0-41f210a8b669 is updated
2017-10-28 07:47:42.590 28517 INFO heat.engine.service [req-355285ed-3bcb-47ac-8803-340116f9a82d - - - - -] Service 750cf73f-337d-432c-9d53-30fab548b45c is updated
2017-10-28 07:47:42.616 28541 INFO heat.engine.service [req-471e8787-4c70-4eda-912a-581c3fa367e9 - - - - -] Service 28f76f02-d340-4517-9f1d-cb1f7fd704ac is updated
2017-10-28 07:47:42.629 28547 INFO heat.engine.service [req-28f7a122-a86b-4135-8a1f-3f058bf7ed05 - - - - -] Service 25707d32-efb1-423a-b2d4-e11dfe67bcdc is updated
2017-10-28 07:47:42.649 28549 INFO heat.engine.service [req-06e836d9-97cc-49f1-949c-12a5f648f65d - - - - -] Service 8942a6af-7411-45cf-9672-1c7d3127c49f is updated
2017-10-28 07:47:42.651 28530 INFO heat.engine.service [req-4e9ecaf0-475a-4ec2-8912-deae381ebb9d - - - - -] Service caf6df39-f07f-489e-9581-9b70becae9e2 is updated
2017-10-28 07:47:42.654 28554 INFO heat.engine.service [req-8b96fa6a-e970-49fd-baa8-90d95da130a3 - - - - -] Service c7479ed7-747a-48d4-9a5a-b7161a57c39e is updated
2017-10-28 07:47:42.658 28537 INFO heat.engine.service [req-2f21a441-4288-4bbc-8a57-003283319411 - - - - -] Service fd1e41c5-b76e-4f95-9fd6-4a9c3d626081 is updated
2017-10-28 07:47:42.669 28534 INFO heat.engine.service [req-58110e8d-5da8-447b-97f3-a00d3506ab56 - - - - -] Service 7cdf9070-e34d-436d-aa75-65b1eb388638 is updated
2017-10-28 07:47:42.728 28518 INFO heat.engine.service [req-9bc4e34c-5137-44c7-9cda-0d148c7f8b43 - - - - -] Service dd24efbc-8915-43d4-af30-b40fa3b43c47 is updated
2017-10-28 07:47:42.731 28512 INFO heat.engine.service [req-9eb0704f-bd07-466d-9800-405b8e56da12 - - - - -] Service fc9cbb06-6f7c-4b69-b947-05f204b3ce3c is updated
2017-10-28 07:47:42.736 28556 INFO heat.engine.service [req-b32ced28-0ac2-46cd-a843-2b4990cc2588 - - - - -] Service 30227806-eb6a-421b-b64b-1f4e769dde97 is updated
2017-10-28 07:47:42.757 28535 INFO heat.engine.service [req-2f731d05-3a82-46cf-8971-710f9923368e - - - - -] Service fb8da2fb-0ff3-4afc-956a-7d78b638efc3 is updated
2017-10-28 07:47:42.763 28551 INFO heat.engine.service [req-11cb302a-509c-47d1-b380-350a236c73e2 - - - - -] Service 560cd9d1-ade5-4123-8efe-4822dbddfe23 is updated
2017-10-28 07:47:42.766 28515 INFO heat.engine.service [req-8ab540e9-cdea-4ae7-bd2e-2be57554bd10 - - - - -] Service 1a670f48-191d-4af2-ba9b-d59280a34029 is updated
2017-10-28 07:47:42.769 28540 INFO heat.engine.service [req-fa3e9dec-a724-4c9f-a9d3-c2b6a1c83a80 - - - - -] Service 48ab0354-0cc3-4574-8b4b-39578b4811f9 is updated
2017-10-28 07:47:42.777 28550 INFO heat.engine.service [req-e3945139-2091-4856-843f-fd5b74b78114 - - - - -] Service ac79e68c-b408-42b8-9a3f-aaa256fcf8f0 is updated
2017-10-28 07:47:42.781 28521 INFO heat.engine.service [req-4a6e33d2-7e5d-40ca-89c3-3afbe90ce389 - - - - -] Service d42598ab-5331-4bf4-a271-327e00c8675f is updated
2017-10-28 07:47:42.796 28558 INFO heat.engine.service [req-f5bdd8a4-7455-4ffb-ac3a-b6396655a5d7 - - - - -] Service ce91c6b2-92c3-4791-9658-c7753c86c265 is updated
2017-10-28 07:47:42.796 28531 INFO heat.engine.service [req-79786b94-ba39-4c9c-953f-ad93e3358ec7 - - - - -] Service ff837399-1603-480b-89cf-1947330a42ab is updated
2017-10-28 07:47:42.812 28555 INFO heat.engine.service [req-e13d3de0-1b13-4f33-8f8d-a1d122559ac7 - - - - -] Service 6b1b66de-35d9-4105-bcd5-aa680ffcddec is updated
2017-10-28 07:47:42.822 28525 INFO heat.engine.service [req-f292549c-338b-45dd-971c-99db107f6381 - - - - -] Service 12fa1fd5-3e02-4695-9acb-ecf6d0c6be7e is updated
2017-10-28 07:47:42.929 28559 INFO heat.engine.service [req-6734c989-ca4e-4315-b6db-c927424b2868 - - - - -] Service d321ca62-b768-43f2-9c4f-f4308f362b40 is updated
2017-10-28 07:47:43.155 28539 INFO heat.engine.service [req-9f20b164-8185-4617-95a8-a455117391fe - - - - -] Service 75a95404-a1b5-44f6-ba31-90e0e95c8ad0 is updated
2017-10-28 07:47:44.360 28514 INFO heat.engine.service [req-f4c3c173-3b5d-4dbd-96a5-32353df091a8 - - - - -] Service c1ca77d3-4c81-441a-914c-e8e1795d0819 is updated
2017-10-28 07:48:42.135 28529 INFO heat.engine.service [req-4287f083-6ee8-4a68-ac01-8964e04fca19 - - - - -] Service 4e596928-014f-46fe-904b-2c69d0122faa is updated
2017-10-28 07:48:42.190 28553 INFO heat.engine.service [req-e3a7b8a4-e44a-4d36-a4e8-e920d08185af - - - - -] Service 1231c634-a611-4552-9733-0bcd0229559d is updated
2017-10-28 07:48:42.208 28527 INFO heat.engine.service [req-1fc7e2aa-edcf-49ec-86e5-3e5a92c256e3 - - - - -] Service 27b05062-f4e2-41b9-a5a1-b78a8e7a7cab is updated
2017-10-28 07:48:42.251 28522 INFO heat.engine.service [req-7a1b4cd9-2115-44ca-9ba8-bf6a5c806926 - - - - -] Service 0b05fddd-7118-49f7-b698-e81b89f80dd0 is updated
2017-10-28 07:48:42.272 28542 INFO heat.engine.service [req-1b5cf39c-eefd-4c61-b28b-a0c17231a63f - - - - -] Service 94a1afb2-8a32-439d-ab8f-e06a961e4433 is updated
2017-10-28 07:48:42.282 28532 INFO heat.engine.service [req-d20725b4-8bbf-4d73-bd6b-c401346442d3 - - - - -] Service 5e954547-3083-4e91-b56e-edaec69d9004 is updated
2017-10-28 07:48:42.284 28523 INFO heat.engine.service [req-2e954122-edc9-4cda-af3d-baab37215266 - - - - -] Service d7cc827c-6c72-4bc7-9c27-48fae872f1b6 is updated
2017-10-28 07:48:42.287 28511 INFO heat.engine.service [req-27aff6da-90c5-4113-9c2b-dd2ff486ceda - - - - -] Service c4991b42-b929-41c8-92ba-07735294b97d is updated
2017-10-28 07:48:42.319 28513 INFO heat.engine.service [req-b4cb5389-80fb-483b-96a3-af3c257c7074 - - - - -] Service 5ce1d5ea-a507-4dce-98d2-430354f1824f is updated
2017-10-28 07:48:42.329 28538 INFO heat.engine.service [req-b66183ca-2d0a-46e3-b672-c3e4147c2482 - - - - -] Service 174f2dbb-df8a-4407-b210-723a658db9cb is updated
2017-10-28 07:48:42.330 28552 INFO heat.engine.service [req-0bb5ff1f-af28-4a53-a8c9-d28fc7ff57ad - - - - -] Service e9eaa51d-d288-442a-bc48-944d997543a3 is updated
2017-10-28 07:48:42.348 28561 INFO heat.engine.service [req-6f60f0d6-faab-4a47-9dee-c8da76bc4abf - - - - -] Service 5320c9fe-fd90-45e2-9c81-06f88b38f36b is updated
2017-10-28 07:48:42.386 28516 INFO heat.engine.service [req-be64fcf4-2adc-481e-981b-727d5af226ec - - - - -] Service 2d84e3bb-febf-485e-87fe-d93b4c80d1c4 is updated
2017-10-28 07:48:42.391 28564 INFO heat.engine.service [req-d4252a3f-d44b-4887-9ff1-f57690af9c1e - - - - -] Service 8f50a07c-7ad8-4a6d-a9d3-37e4c8f0ba53 is updated
2017-10-28 07:48:42.421 28520 INFO heat.engine.service [req-cbfb560c-48c6-4c94-9b09-4a6cf5e90001 - - - - -] Service 4afb81d2-1ea2-4a4b-bc5f-b909623e3e74 is updated
2017-10-28 07:48:42.422 28510 INFO heat.engine.service [req-dddd31af-a117-4f91-8f7f-c6f7f5ec03b6 - - - - -] Service 4669f065-a489-481e-9850-91a9f44bc077 is updated
2017-10-28 07:48:42.431 28562 INFO heat.engine.service [req-c4a10c44-b4b2-4038-9bc1-c9d797509502 - - - - -] Service b207e39f-b808-4c6c-8285-bd415d13ec10 is updated
2017-10-28 07:48:42.437 28536 INFO heat.engine.service [req-9bacb663-e6b3-406c-9263-8d5c7fd57f54 - - - - -] Service 98ecc1ea-b227-42dc-82e7-30ac1ed9fca4 is updated
2017-10-28 07:48:42.488 28560 INFO heat.engine.service [req-3098b736-74ee-4647-97a3-ad6117743a8f - - - - -] Service 3b95e8e7-8709-45d2-a464-bac772180735 is updated
2017-10-28 07:48:42.522 28563 INFO heat.engine.service [req-77200607-1219-4879-b9ee-d20634027991 - - - - -] Service 4eca1835-2fb1-450f-b336-3867986a581d is updated
2017-10-28 07:48:42.523 28557 INFO heat.engine.service [req-bb82cb11-11b0-4a6b-948f-b65735872872 - - - - -] Service 98f930a8-31b2-4e4d-8712-9e6fea660e73 is updated
2017-10-28 07:48:42.528 28519 INFO heat.engine.service [req-0317a192-9870-40b4-867f-1aefe8ca1e83 - - - - -] Service 7d2457db-265f-4f09-a7ed-68db183e0384 is updated
2017-10-28 07:48:42.548 28524 INFO heat.engine.service [req-ddbe75d4-609b-41db-8693-ab862db32bbf - - - - -] Service 2f511c44-ddf4-43a7-9fd0-41f210a8b669 is updated
2017-10-28 07:48:42.549 28533 INFO heat.engine.service [req-4ac76059-7c5d-42b4-86b1-008b93c0dfab - - - - -] Service 3a35d7bf-f1bd-4589-a5c3-8000c3b24793 is updated
2017-10-28 07:48:42.587 28517 INFO heat.engine.service [req-a220011f-6c11-48e2-81a7-f6def8d65878 - - - - -] Service 750cf73f-337d-432c-9d53-30fab548b45c is updated
2017-10-28 07:48:42.614 28541 INFO heat.engine.service [req-f5da77db-f9f9-4999-9dd3-6b3c57033fc0 - - - - -] Service 28f76f02-d340-4517-9f1d-cb1f7fd704ac is updated
2017-10-28 07:48:42.626 28547 INFO heat.engine.service [req-b28baa57-223e-4223-ab23-7c7588d3f26c - - - - -] Service 25707d32-efb1-423a-b2d4-e11dfe67bcdc is updated
2017-10-28 07:48:42.646 28549 INFO heat.engine.service [req-3ec0631c-0912-4e9c-bbd8-9198fdc7c70b - - - - -] Service 8942a6af-7411-45cf-9672-1c7d3127c49f is updated
2017-10-28 07:48:42.649 28530 INFO heat.engine.service [req-443a197a-8a57-4663-ba53-34f80cf2c18d - - - - -] Service caf6df39-f07f-489e-9581-9b70becae9e2 is updated
2017-10-28 07:48:42.652 28554 INFO heat.engine.service [req-c003df6c-83a6-4e02-b87a-79672bd1a8f8 - - - - -] Service c7479ed7-747a-48d4-9a5a-b7161a57c39e is updated
2017-10-28 07:48:42.666 28537 INFO heat.engine.service [req-746bf177-9466-4beb-9096-9ec5781430be - - - - -] Service fd1e41c5-b76e-4f95-9fd6-4a9c3d626081 is updated
2017-10-28 07:48:42.677 28534 INFO heat.engine.service [req-b52a878a-2431-47e5-aa66-04056aaf383a - - - - -] Service 7cdf9070-e34d-436d-aa75-65b1eb388638 is updated
2017-10-28 07:48:42.725 28518 INFO heat.engine.service [req-608dfece-4724-476a-8ce9-70b5f8bca3da - - - - -] Service dd24efbc-8915-43d4-af30-b40fa3b43c47 is updated
2017-10-28 07:48:42.728 28512 INFO heat.engine.service [req-899c70dd-f095-4281-8ca6-792fcf84172e - - - - -] Service fc9cbb06-6f7c-4b69-b947-05f204b3ce3c is updated
2017-10-28 07:48:42.732 28556 INFO heat.engine.service [req-c33c8bb5-c730-4931-b884-e85d60497f0d - - - - -] Service 30227806-eb6a-421b-b64b-1f4e769dde97 is updated
2017-10-28 07:48:42.755 28535 INFO heat.engine.service [req-da92ebac-8759-4fd2-a9d3-b9d4528d033e - - - - -] Service fb8da2fb-0ff3-4afc-956a-7d78b638efc3 is updated
2017-10-28 07:48:42.759 28551 INFO heat.engine.service [req-73fd02a6-7e84-4d88-a783-40598e6d22e2 - - - - -] Service 560cd9d1-ade5-4123-8efe-4822dbddfe23 is updated
2017-10-28 07:48:42.763 28515 INFO heat.engine.service [req-a3773a76-fc8a-48a5-9c2a-aa0201e461a9 - - - - -] Service 1a670f48-191d-4af2-ba9b-d59280a34029 is updated
2017-10-28 07:48:42.768 28540 INFO heat.engine.service [req-1afa855d-7e9b-47f5-8f01-19ea9cf1d7ef - - - - -] Service 48ab0354-0cc3-4574-8b4b-39578b4811f9 is updated
2017-10-28 07:48:42.774 28550 INFO heat.engine.service [req-ca95ab01-c4fd-4ace-802b-9d4ab33f2519 - - - - -] Service ac79e68c-b408-42b8-9a3f-aaa256fcf8f0 is updated
2017-10-28 07:48:42.778 28521 INFO heat.engine.service [req-585cb6e1-18f5-472d-af26-23e2cce55fb0 - - - - -] Service d42598ab-5331-4bf4-a271-327e00c8675f is updated
2017-10-28 07:48:42.792 28558 INFO heat.engine.service [req-9b2609d2-95d8-470c-ad42-46cb52fe3dee - - - - -] Service ce91c6b2-92c3-4791-9658-c7753c86c265 is updated
2017-10-28 07:48:42.793 28531 INFO heat.engine.service [req-6bb641fa-8a94-4cdd-ae73-167a8a27c0b0 - - - - -] Service ff837399-1603-480b-89cf-1947330a42ab is updated
2017-10-28 07:48:42.811 28555 INFO heat.engine.service [req-afaa5e7f-fea6-4a28-906f-f19ca6b1bf61 - - - - -] Service 6b1b66de-35d9-4105-bcd5-aa680ffcddec is updated
2017-10-28 07:48:42.819 28525 INFO heat.engine.service [req-9bf484f9-79a2-4bf4-aaca-8a99b2cbbbd8 - - - - -] Service 12fa1fd5-3e02-4695-9acb-ecf6d0c6be7e is updated
2017-10-28 07:48:42.927 28559 INFO heat.engine.service [req-cb38d8de-a73e-4400-9af5-c2b2c9b49d97 - - - - -] Service d321ca62-b768-43f2-9c4f-f4308f362b40 is updated
2017-10-28 07:48:43.133 28539 INFO heat.engine.service [req-600b45fc-6c76-4c03-9eaa-e851939ca372 - - - - -] Service 75a95404-a1b5-44f6-ba31-90e0e95c8ad0 is updated
2017-10-28 07:48:44.359 28514 INFO heat.engine.service [req-5f532d0e-8daa-4aa7-80dc-33747d69ab5c - - - - -] Service c1ca77d3-4c81-441a-914c-e8e1795d0819 is updated
2017-10-28 07:49:42.132 28529 INFO heat.engine.service [req-9c93aab2-c6fc-447c-afde-ddfe8aa35aaf - - - - -] Service 4e596928-014f-46fe-904b-2c69d0122faa is updated
2017-10-28 07:49:42.187 28553 INFO heat.engine.service [req-4bae3dc2-5d58-4a85-bb60-118e01be752f - - - - -] Service 1231c634-a611-4552-9733-0bcd0229559d is updated
2017-10-28 07:49:42.211 28527 INFO heat.engine.service [req-f2edc9a2-d227-469d-bbbe-1199b1edb02a - - - - -] Service 27b05062-f4e2-41b9-a5a1-b78a8e7a7cab is updated
2017-10-28 07:49:42.248 28522 INFO heat.engine.service [req-dd002b28-1921-428a-972e-743309d256c7 - - - - -] Service 0b05fddd-7118-49f7-b698-e81b89f80dd0 is updated
2017-10-28 07:49:42.271 28542 INFO heat.engine.service [req-f6361a70-220d-466c-a137-e7c82d08cdfd - - - - -] Service 94a1afb2-8a32-439d-ab8f-e06a961e4433 is updated
2017-10-28 07:49:42.278 28523 INFO heat.engine.service [req-1bf4d626-a2e3-4bf4-8e45-a4e040a67e2a - - - - -] Service d7cc827c-6c72-4bc7-9c27-48fae872f1b6 is updated
2017-10-28 07:49:42.278 28532 INFO heat.engine.service [req-cebb7756-c9f4-424c-b20f-30ed4c04210d - - - - -] Service 5e954547-3083-4e91-b56e-edaec69d9004 is updated
2017-10-28 07:49:42.287 28511 INFO heat.engine.service [req-664809d7-5f6f-4e6d-8d93-3e39c671de5a - - - - -] Service c4991b42-b929-41c8-92ba-07735294b97d is updated
2017-10-28 07:49:42.318 28513 INFO heat.engine.service [req-871a09c1-6c9d-4303-92f1-6c5fabc66b9b - - - - -] Service 5ce1d5ea-a507-4dce-98d2-430354f1824f is updated
2017-10-28 07:49:42.328 28552 INFO heat.engine.service [req-e3f77952-6136-4dcc-914b-ed962a01edae - - - - -] Service e9eaa51d-d288-442a-bc48-944d997543a3 is updated
2017-10-28 07:49:42.329 28538 INFO heat.engine.service [req-2d0d326b-5f31-40c0-ac08-cd1d205ec033 - - - - -] Service 174f2dbb-df8a-4407-b210-723a658db9cb is updated
2017-10-28 07:49:42.345 28561 INFO heat.engine.service [req-6946fd73-104b-4adc-af44-7f637bf50f42 - - - - -] Service 5320c9fe-fd90-45e2-9c81-06f88b38f36b is updated
2017-10-28 07:49:42.384 28516 INFO heat.engine.service [req-e6cf547f-0e50-4fc5-88cb-ab44efb92861 - - - - -] Service 2d84e3bb-febf-485e-87fe-d93b4c80d1c4 is updated
2017-10-28 07:49:42.388 28564 INFO heat.engine.service [req-d852df6a-f752-426a-9fb2-a56ed3f01dce - - - - -] Service 8f50a07c-7ad8-4a6d-a9d3-37e4c8f0ba53 is updated
2017-10-28 07:49:42.417 28520 INFO heat.engine.service [req-b5d448a7-8f71-44aa-aa1d-2693612291f7 - - - - -] Service 4afb81d2-1ea2-4a4b-bc5f-b909623e3e74 is updated
2017-10-28 07:49:42.419 28510 INFO heat.engine.service [req-a0309d83-584f-4abc-8c30-3d7e4d8a08a0 - - - - -] Service 4669f065-a489-481e-9850-91a9f44bc077 is updated
2017-10-28 07:49:42.428 28562 INFO heat.engine.service [req-10187408-9423-42e2-936d-d5691466d2d6 - - - - -] Service b207e39f-b808-4c6c-8285-bd415d13ec10 is updated
2017-10-28 07:49:42.434 28536 INFO heat.engine.service [req-1a829c5f-95ba-4e59-80a7-ec9b9117d807 - - - - -] Service 98ecc1ea-b227-42dc-82e7-30ac1ed9fca4 is updated
2017-10-28 07:49:42.485 28560 INFO heat.engine.service [req-0da3a44a-a499-4d7f-9102-89719de55d29 - - - - -] Service 3b95e8e7-8709-45d2-a464-bac772180735 is updated
2017-10-28 07:49:42.519 28557 INFO heat.engine.service [req-c9391320-c963-49c8-9fe4-071919a7cecd - - - - -] Service 98f930a8-31b2-4e4d-8712-9e6fea660e73 is updated
2017-10-28 07:49:42.520 28563 INFO heat.engine.service [req-2781411e-069b-4c99-9c0b-36ad345969c3 - - - - -] Service 4eca1835-2fb1-450f-b336-3867986a581d is updated
2017-10-28 07:49:42.522 28519 INFO heat.engine.service [req-a6c21f4d-e3a8-4a2a-a023-4f29d7ca9cee - - - - -] Service 7d2457db-265f-4f09-a7ed-68db183e0384 is updated
2017-10-28 07:49:42.548 28533 INFO heat.engine.service [req-1eea3496-d3c8-4b3c-aa59-359b9bd54c87 - - - - -] Service 3a35d7bf-f1bd-4589-a5c3-8000c3b24793 is updated
2017-10-28 07:49:42.557 28524 INFO heat.engine.service [req-da4b11e4-85e5-42a7-be9f-fd58c89dff41 - - - - -] Service 2f511c44-ddf4-43a7-9fd0-41f210a8b669 is updated
2017-10-28 07:49:42.589 28517 INFO heat.engine.service [req-ea6aa221-3e4e-4f77-bf74-be1507b783eb - - - - -] Service 750cf73f-337d-432c-9d53-30fab548b45c is updated
2017-10-28 07:49:42.632 28541 INFO heat.engine.service [req-0a6a4919-d9ef-4cdb-85c2-0cc35e4b6654 - - - - -] Service 28f76f02-d340-4517-9f1d-cb1f7fd704ac is updated
2017-10-28 07:49:42.639 28547 INFO heat.engine.service [req-455f6df4-638f-461d-bc49-849860f7a417 - - - - -] Service 25707d32-efb1-423a-b2d4-e11dfe67bcdc is updated
2017-10-28 07:49:42.643 28549 INFO heat.engine.service [req-5d42021b-d0db-48a7-8904-513557eb1e6e - - - - -] Service 8942a6af-7411-45cf-9672-1c7d3127c49f is updated
2017-10-28 07:49:42.645 28530 INFO heat.engine.service [req-63c5aa4a-0186-4d3e-87fc-835f385ad62a - - - - -] Service caf6df39-f07f-489e-9581-9b70becae9e2 is updated
2017-10-28 07:49:42.650 28554 INFO heat.engine.service [req-ca8e0d4c-d186-43a9-bb15-8808665cdf1d - - - - -] Service c7479ed7-747a-48d4-9a5a-b7161a57c39e is updated
2017-10-28 07:49:42.664 28537 INFO heat.engine.service [req-74063d65-a8f5-4ccd-9693-64f4cc85e68d - - - - -] Service fd1e41c5-b76e-4f95-9fd6-4a9c3d626081 is updated
2017-10-28 07:49:42.673 28534 INFO heat.engine.service [req-d566d722-de9d-4c49-a31b-d537730b8817 - - - - -] Service 7cdf9070-e34d-436d-aa75-65b1eb388638 is updated
2017-10-28 07:49:42.723 28518 INFO heat.engine.service [req-02730212-48e0-4a04-859c-48708375edb8 - - - - -] Service dd24efbc-8915-43d4-af30-b40fa3b43c47 is updated
2017-10-28 07:49:42.726 28512 INFO heat.engine.service [req-48c30ea4-d557-4d20-8752-a03464bbf953 - - - - -] Service fc9cbb06-6f7c-4b69-b947-05f204b3ce3c is updated
2017-10-28 07:49:42.729 28556 INFO heat.engine.service [req-2e3574ea-e220-4ccb-9b7e-3131eb2ce742 - - - - -] Service 30227806-eb6a-421b-b64b-1f4e769dde97 is updated
2017-10-28 07:49:42.750 28535 INFO heat.engine.service [req-8006aa3f-df54-4708-ac06-aed7e76b42ab - - - - -] Service fb8da2fb-0ff3-4afc-956a-7d78b638efc3 is updated
2017-10-28 07:49:42.755 28551 INFO heat.engine.service [req-006c0702-e1c3-42bf-893d-1c4a3381ca2f - - - - -] Service 560cd9d1-ade5-4123-8efe-4822dbddfe23 is updated
2017-10-28 07:49:42.761 28515 INFO heat.engine.service [req-46cbb2ca-985f-428f-b0c4-a6f64993d291 - - - - -] Service 1a670f48-191d-4af2-ba9b-d59280a34029 is updated
2017-10-28 07:49:42.765 28540 INFO heat.engine.service [req-2c26a1f1-3507-49a0-8c61-8e5f05590f51 - - - - -] Service 48ab0354-0cc3-4574-8b4b-39578b4811f9 is updated
2017-10-28 07:49:42.773 28550 INFO heat.engine.service [req-8bf2bd15-54ce-41ca-9c83-f33ad87fff66 - - - - -] Service ac79e68c-b408-42b8-9a3f-aaa256fcf8f0 is updated
2017-10-28 07:49:42.776 28521 INFO heat.engine.service [req-75ed8117-a420-40ad-b453-30afe6979d23 - - - - -] Service d42598ab-5331-4bf4-a271-327e00c8675f is updated
2017-10-28 07:49:42.791 28531 INFO heat.engine.service [req-d81bae19-05dc-4270-bec6-292d9c89ed68 - - - - -] Service ff837399-1603-480b-89cf-1947330a42ab is updated
2017-10-28 07:49:42.799 28558 INFO heat.engine.service [req-a3d29066-9e64-47be-9c7c-5da31d01084c - - - - -] Service ce91c6b2-92c3-4791-9658-c7753c86c265 is updated
2017-10-28 07:49:42.808 28555 INFO heat.engine.service [req-9ad057b9-99fe-4184-8832-4ccd87d481e1 - - - - -] Service 6b1b66de-35d9-4105-bcd5-aa680ffcddec is updated
2017-10-28 07:49:42.816 28525 INFO heat.engine.service [req-0ac4f8a5-c63c-4117-aeb8-51638e3b26ed - - - - -] Service 12fa1fd5-3e02-4695-9acb-ecf6d0c6be7e is updated
2017-10-28 07:49:42.924 28559 INFO heat.engine.service [req-79b8a545-9feb-46b8-8c67-779f1c67cba8 - - - - -] Service d321ca62-b768-43f2-9c4f-f4308f362b40 is updated
2017-10-28 07:49:43.133 28539 INFO heat.engine.service [req-70d21f24-fded-46a1-ad10-211d65c0a741 - - - - -] Service 75a95404-a1b5-44f6-ba31-90e0e95c8ad0 is updated
2017-10-28 07:49:44.359 28514 INFO heat.engine.service [req-6ed3711d-d276-43f0-a168-420558a0547a - - - - -] Service c1ca77d3-4c81-441a-914c-e8e1795d0819 is updated
2017-10-28 07:50:42.130 28529 INFO heat.engine.service [req-b6f4f84c-7e44-4b10-85a5-b05104233d01 - - - - -] Service 4e596928-014f-46fe-904b-2c69d0122faa is updated
2017-10-28 07:50:42.185 28553 INFO heat.engine.service [req-08ce83df-b95e-4295-a117-473803773890 - - - - -] Service 1231c634-a611-4552-9733-0bcd0229559d is updated
2017-10-28 07:50:42.209 28527 INFO heat.engine.service [req-319dd240-c9af-4eb5-9b34-171fa389cb84 - - - - -] Service 27b05062-f4e2-41b9-a5a1-b78a8e7a7cab is updated
2017-10-28 07:50:42.246 28522 INFO heat.engine.service [req-abd2d744-56b0-4184-89c9-cf3adaa18ec6 - - - - -] Service 0b05fddd-7118-49f7-b698-e81b89f80dd0 is updated
2017-10-28 07:50:42.268 28542 INFO heat.engine.service [req-73517fdb-2e18-4c03-a6ab-874094deac78 - - - - -] Service 94a1afb2-8a32-439d-ab8f-e06a961e4433 is updated
2017-10-28 07:50:42.274 28532 INFO heat.engine.service [req-3bc4dc53-e069-4cba-aa07-9dec6769a74a - - - - -] Service 5e954547-3083-4e91-b56e-edaec69d9004 is updated
2017-10-28 07:50:42.284 28511 INFO heat.engine.service [req-b0780631-5697-4843-b727-cd7bc24fd1f5 - - - - -] Service c4991b42-b929-41c8-92ba-07735294b97d is updated
2017-10-28 07:50:42.285 28523 INFO heat.engine.service [req-f2cd17eb-fccb-48e7-ba63-bce7608b7788 - - - - -] Service d7cc827c-6c72-4bc7-9c27-48fae872f1b6 is updated
2017-10-28 07:50:42.314 28513 INFO heat.engine.service [req-1a4cfa0c-d0c5-46ec-8188-15d7a53b6dc4 - - - - -] Service 5ce1d5ea-a507-4dce-98d2-430354f1824f is updated
2017-10-28 07:50:42.325 28552 INFO heat.engine.service [req-19a9b033-8a1e-49a3-a2c3-39beb3ff1360 - - - - -] Service e9eaa51d-d288-442a-bc48-944d997543a3 is updated
2017-10-28 07:50:42.328 28538 INFO heat.engine.service [req-e909a45e-f83d-404d-b011-6ecdc3845d9b - - - - -] Service 174f2dbb-df8a-4407-b210-723a658db9cb is updated
2017-10-28 07:50:42.341 28561 INFO heat.engine.service [req-d7a510df-9c5e-4d79-8790-f931f7a2c4a3 - - - - -] Service 5320c9fe-fd90-45e2-9c81-06f88b38f36b is updated
2017-10-28 07:50:42.381 28516 INFO heat.engine.service [req-deb5ee5b-70f3-400c-bd18-2c74ab9052de - - - - -] Service 2d84e3bb-febf-485e-87fe-d93b4c80d1c4 is updated
2017-10-28 07:50:42.387 28564 INFO heat.engine.service [req-fba22b78-d11a-4979-86ae-db76dad72e3b - - - - -] Service 8f50a07c-7ad8-4a6d-a9d3-37e4c8f0ba53 is updated
2017-10-28 07:50:42.414 28520 INFO heat.engine.service [req-eef314a6-97f2-4843-b829-01712197c49e - - - - -] Service 4afb81d2-1ea2-4a4b-bc5f-b909623e3e74 is updated
2017-10-28 07:50:42.417 28510 INFO heat.engine.service [req-0b13c977-4fd4-4b1a-9665-204aa71595a9 - - - - -] Service 4669f065-a489-481e-9850-91a9f44bc077 is updated
2017-10-28 07:50:42.425 28562 INFO heat.engine.service [req-6dac97ac-cf09-49d5-9a60-b6a57254d0fe - - - - -] Service b207e39f-b808-4c6c-8285-bd415d13ec10 is updated
2017-10-28 07:50:42.430 28536 INFO heat.engine.service [req-ab5b3a6f-b8a5-4184-abe0-bbdc919d69b7 - - - - -] Service 98ecc1ea-b227-42dc-82e7-30ac1ed9fca4 is updated
2017-10-28 07:50:42.481 28560 INFO heat.engine.service [req-9dcd9f43-32a0-469d-8eb5-23462ccd41e1 - - - - -] Service 3b95e8e7-8709-45d2-a464-bac772180735 is updated
2017-10-28 07:50:42.517 28557 INFO heat.engine.service [req-b34f8b3b-6e6d-4697-b24a-7b89a7810412 - - - - -] Service 98f930a8-31b2-4e4d-8712-9e6fea660e73 is updated
2017-10-28 07:50:42.517 28563 INFO heat.engine.service [req-fe3eb114-670c-4e80-9fb1-60c80d41ce89 - - - - -] Service 4eca1835-2fb1-450f-b336-3867986a581d is updated
2017-10-28 07:50:42.519 28519 INFO heat.engine.service [req-33e9865f-4518-4d77-83e7-f0f920b1ab27 - - - - -] Service 7d2457db-265f-4f09-a7ed-68db183e0384 is updated
2017-10-28 07:50:42.546 28533 INFO heat.engine.service [req-14ec32e6-fad4-4af6-ae40-0b4e1137892d - - - - -] Service 3a35d7bf-f1bd-4589-a5c3-8000c3b24793 is updated
2017-10-28 07:50:42.555 28524 INFO heat.engine.service [req-22937925-f054-4838-ad80-1471207c0bfe - - - - -] Service 2f511c44-ddf4-43a7-9fd0-41f210a8b669 is updated
2017-10-28 07:50:42.588 28517 INFO heat.engine.service [req-144192e0-7432-4034-aad8-96b2a7fab195 - - - - -] Service 750cf73f-337d-432c-9d53-30fab548b45c is updated
2017-10-28 07:50:42.609 28541 INFO heat.engine.service [req-c1ad7105-6b3f-4c3d-ba9a-4cc6b31b11a8 - - - - -] Service 28f76f02-d340-4517-9f1d-cb1f7fd704ac is updated
2017-10-28 07:50:42.626 28547 INFO heat.engine.service [req-70dfa15d-e9d2-4436-bb43-90a794030e66 - - - - -] Service 25707d32-efb1-423a-b2d4-e11dfe67bcdc is updated
2017-10-28 07:50:42.640 28549 INFO heat.engine.service [req-b96017a4-2998-48ff-aa1f-8db2d389796f - - - - -] Service 8942a6af-7411-45cf-9672-1c7d3127c49f is updated
2017-10-28 07:50:42.642 28530 INFO heat.engine.service [req-e4380103-4213-4897-8a66-063aa6bc243d - - - - -] Service caf6df39-f07f-489e-9581-9b70becae9e2 is updated
2017-10-28 07:50:42.647 28554 INFO heat.engine.service [req-16bf0373-2b21-4689-b16e-dd0cf270946d - - - - -] Service c7479ed7-747a-48d4-9a5a-b7161a57c39e is updated
2017-10-28 07:50:42.661 28537 INFO heat.engine.service [req-d5403652-e95e-4021-9549-91f571bbc247 - - - - -] Service fd1e41c5-b76e-4f95-9fd6-4a9c3d626081 is updated
2017-10-28 07:50:42.668 28534 INFO heat.engine.service [req-54af6573-7bbf-44a9-a7dc-1294db9651cc - - - - -] Service 7cdf9070-e34d-436d-aa75-65b1eb388638 is updated
2017-10-28 07:50:42.720 28518 INFO heat.engine.service [req-a43ca459-854e-4e22-a0a0-a57da6678cda - - - - -] Service dd24efbc-8915-43d4-af30-b40fa3b43c47 is updated
2017-10-28 07:50:42.724 28512 INFO heat.engine.service [req-811500c2-0656-4ac9-92ed-727172a9cd5e - - - - -] Service fc9cbb06-6f7c-4b69-b947-05f204b3ce3c is updated
2017-10-28 07:50:42.726 28556 INFO heat.engine.service [req-42c10081-28db-4d45-913f-90f6227b7ac5 - - - - -] Service 30227806-eb6a-421b-b64b-1f4e769dde97 is updated
2017-10-28 07:50:42.752 28551 INFO heat.engine.service [req-c248ddd6-2bfb-4982-95a4-40cc5cfc6484 - - - - -] Service 560cd9d1-ade5-4123-8efe-4822dbddfe23 is updated
2017-10-28 07:50:42.756 28535 INFO heat.engine.service [req-36fc2aa5-ddcc-499f-846c-a165a7aa3f5c - - - - -] Service fb8da2fb-0ff3-4afc-956a-7d78b638efc3 is updated
2017-10-28 07:50:42.758 28515 INFO heat.engine.service [req-5aaf9bde-6513-4e11-8e73-a8bac7c8a483 - - - - -] Service 1a670f48-191d-4af2-ba9b-d59280a34029 is updated
2017-10-28 07:50:42.760 28540 INFO heat.engine.service [req-12cc5cad-fef2-480f-b9ae-94ef90e0b6f2 - - - - -] Service 48ab0354-0cc3-4574-8b4b-39578b4811f9 is updated
2017-10-28 07:50:42.772 28550 INFO heat.engine.service [req-df9e8cad-2a62-46b3-aa1b-0c7f1f5c8d3a - - - - -] Service ac79e68c-b408-42b8-9a3f-aaa256fcf8f0 is updated
2017-10-28 07:50:42.772 28521 INFO heat.engine.service [req-06c75c07-78fb-42b3-abd5-69880d865c5a - - - - -] Service d42598ab-5331-4bf4-a271-327e00c8675f is updated
2017-10-28 07:50:42.789 28531 INFO heat.engine.service [req-41f17a3c-5abe-4d42-84a6-a13a19938fe6 - - - - -] Service ff837399-1603-480b-89cf-1947330a42ab is updated
2017-10-28 07:50:42.796 28558 INFO heat.engine.service [req-1ed30fa0-d78c-4302-834e-10d3e71237a0 - - - - -] Service ce91c6b2-92c3-4791-9658-c7753c86c265 is updated
2017-10-28 07:50:42.804 28555 INFO heat.engine.service [req-5b96c3bd-ac96-4e2b-bc41-28c9bc01b59e - - - - -] Service 6b1b66de-35d9-4105-bcd5-aa680ffcddec is updated
2017-10-28 07:50:42.813 28525 INFO heat.engine.service [req-9b493289-5a25-4c27-9074-1388dfbd4a2e - - - - -] Service 12fa1fd5-3e02-4695-9acb-ecf6d0c6be7e is updated
2017-10-28 07:50:42.923 28559 INFO heat.engine.service [req-a29010a8-a220-4b76-b42b-e51ad8498f47 - - - - -] Service d321ca62-b768-43f2-9c4f-f4308f362b40 is updated
2017-10-28 07:50:43.131 28539 INFO heat.engine.service [req-75522e89-e623-4da8-b6de-60208af13756 - - - - -] Service 75a95404-a1b5-44f6-ba31-90e0e95c8ad0 is updated
2017-10-28 07:50:44.358 28514 INFO heat.engine.service [req-71be402f-e2e8-4ce2-bb93-1d2af92b51b7 - - - - -] Service c1ca77d3-4c81-441a-914c-e8e1795d0819 is updated
2017-10-28 07:51:42.127 28529 INFO heat.engine.service [req-e120aa5e-82c9-4d95-8a53-0acf029f513f - - - - -] Service 4e596928-014f-46fe-904b-2c69d0122faa is updated
2017-10-28 07:51:42.182 28553 INFO heat.engine.service [req-39d3f0d7-40bf-4ede-8969-1fb0de7da72f - - - - -] Service 1231c634-a611-4552-9733-0bcd0229559d is updated
2017-10-28 07:51:42.211 28527 INFO heat.engine.service [req-c22c5f04-ea45-4f10-bf9e-66050e8cf184 - - - - -] Service 27b05062-f4e2-41b9-a5a1-b78a8e7a7cab is updated
2017-10-28 07:51:42.242 28522 INFO heat.engine.service [req-5331fcf3-d29a-4b4d-b227-ceac69125ab8 - - - - -] Service 0b05fddd-7118-49f7-b698-e81b89f80dd0 is updated
2017-10-28 07:51:42.266 28542 INFO heat.engine.service [req-95dfe0ee-abe3-438e-b987-5da54c5a29e4 - - - - -] Service 94a1afb2-8a32-439d-ab8f-e06a961e4433 is updated
2017-10-28 07:51:42.272 28532 INFO heat.engine.service [req-e36e83ff-adc4-4792-be47-274cc9bf27c9 - - - - -] Service 5e954547-3083-4e91-b56e-edaec69d9004 is updated
2017-10-28 07:51:42.282 28511 INFO heat.engine.service [req-ac0d559f-c842-4aae-8bec-792f6eb50c56 - - - - -] Service c4991b42-b929-41c8-92ba-07735294b97d is updated
2017-10-28 07:51:42.282 28523 INFO heat.engine.service [req-a0b7e822-0ead-48f2-b1fe-1d0b79bc9ad6 - - - - -] Service d7cc827c-6c72-4bc7-9c27-48fae872f1b6 is updated
2017-10-28 07:51:42.310 28513 INFO heat.engine.service [req-8340c312-0bad-4fe5-a223-35a7ee216456 - - - - -] Service 5ce1d5ea-a507-4dce-98d2-430354f1824f is updated
2017-10-28 07:51:42.322 28552 INFO heat.engine.service [req-b90304c8-8818-477b-82a4-bf49ebc88a32 - - - - -] Service e9eaa51d-d288-442a-bc48-944d997543a3 is updated
2017-10-28 07:51:42.321 28538 INFO heat.engine.service [req-c58be990-a86f-4f1b-882b-02843a6106b6 - - - - -] Service 174f2dbb-df8a-4407-b210-723a658db9cb is updated
2017-10-28 07:51:42.349 28561 INFO heat.engine.service [req-b68b4f9a-962d-4bf7-96dc-46942e4897ff - - - - -] Service 5320c9fe-fd90-45e2-9c81-06f88b38f36b is updated
2017-10-28 07:51:42.378 28516 INFO heat.engine.service [req-2deae022-dbe1-4aaf-aa6e-d1bdaffd1477 - - - - -] Service 2d84e3bb-febf-485e-87fe-d93b4c80d1c4 is updated
2017-10-28 07:51:42.384 28564 INFO heat.engine.service [req-91e1c3df-9b2a-4287-bd12-2d5e3c6fa1b1 - - - - -] Service 8f50a07c-7ad8-4a6d-a9d3-37e4c8f0ba53 is updated
2017-10-28 07:51:42.411 28520 INFO heat.engine.service [req-495b3aca-c7e9-422b-ada7-516b577110b6 - - - - -] Service 4afb81d2-1ea2-4a4b-bc5f-b909623e3e74 is updated
2017-10-28 07:51:42.413 28510 INFO heat.engine.service [req-f0ff2c62-0548-43ee-9076-a679154e9e87 - - - - -] Service 4669f065-a489-481e-9850-91a9f44bc077 is updated
2017-10-28 07:51:42.422 28562 INFO heat.engine.service [req-77a5936e-c590-4699-8897-ec3bc5561a45 - - - - -] Service b207e39f-b808-4c6c-8285-bd415d13ec10 is updated
2017-10-28 07:51:42.428 28536 INFO heat.engine.service [req-49ca34cc-744d-4763-b1d7-5adeda2f3a2d - - - - -] Service 98ecc1ea-b227-42dc-82e7-30ac1ed9fca4 is updated
2017-10-28 07:51:42.478 28560 INFO heat.engine.service [req-7a293d44-a77d-407d-aef9-c8ab94a410c0 - - - - -] Service 3b95e8e7-8709-45d2-a464-bac772180735 is updated
2017-10-28 07:51:42.513 28563 INFO heat.engine.service [req-83f12c4d-d905-4f72-a6bd-fa389a250ca1 - - - - -] Service 4eca1835-2fb1-450f-b336-3867986a581d is updated
2017-10-28 07:51:42.514 28557 INFO heat.engine.service [req-7329b7ff-4b60-4732-9cdb-02f97bea09f1 - - - - -] Service 98f930a8-31b2-4e4d-8712-9e6fea660e73 is updated
2017-10-28 07:51:42.517 28519 INFO heat.engine.service [req-d0a51229-9dac-45c5-8f11-8badef4f895f - - - - -] Service 7d2457db-265f-4f09-a7ed-68db183e0384 is updated
2017-10-28 07:51:42.544 28533 INFO heat.engine.service [req-2d0211c7-464e-4fa8-933a-089c43521dc7 - - - - -] Service 3a35d7bf-f1bd-4589-a5c3-8000c3b24793 is updated
2017-10-28 07:51:42.551 28524 INFO heat.engine.service [req-09a6bb28-7263-4781-b2a5-71ebedbb215c - - - - -] Service 2f511c44-ddf4-43a7-9fd0-41f210a8b669 is updated
2017-10-28 07:51:42.584 28517 INFO heat.engine.service [req-edc45d0d-b98a-4160-934f-697be3e06371 - - - - -] Service 750cf73f-337d-432c-9d53-30fab548b45c is updated
2017-10-28 07:51:42.606 28541 INFO heat.engine.service [req-536a3dba-8b6d-4c2a-9429-9cb9eb622042 - - - - -] Service 28f76f02-d340-4517-9f1d-cb1f7fd704ac is updated
2017-10-28 07:51:42.622 28547 INFO heat.engine.service [req-2c4d603b-8bbf-4032-94b4-6f92dc7311f5 - - - - -] Service 25707d32-efb1-423a-b2d4-e11dfe67bcdc is updated
2017-10-28 07:51:42.637 28549 INFO heat.engine.service [req-a42accfc-a87b-4dbf-9f62-bba10835f37e - - - - -] Service 8942a6af-7411-45cf-9672-1c7d3127c49f is updated
2017-10-28 07:51:42.639 28530 INFO heat.engine.service [req-b4c93674-a02e-471d-84b3-11baa5230f41 - - - - -] Service caf6df39-f07f-489e-9581-9b70becae9e2 is updated
2017-10-28 07:51:42.645 28554 INFO heat.engine.service [req-3f5a454f-7001-44ef-b62e-6a25eea3ca3d - - - - -] Service c7479ed7-747a-48d4-9a5a-b7161a57c39e is updated
2017-10-28 07:51:42.660 28537 INFO heat.engine.service [req-714c02b8-2945-493e-a961-a9317899b4e7 - - - - -] Service fd1e41c5-b76e-4f95-9fd6-4a9c3d626081 is updated
2017-10-28 07:51:42.665 28534 INFO heat.engine.service [req-8aef986e-5d61-4cff-8ab4-81013b8695df - - - - -] Service 7cdf9070-e34d-436d-aa75-65b1eb388638 is updated
2017-10-28 07:51:42.717 28518 INFO heat.engine.service [req-a5ef5424-e362-4883-987b-a235a94189f5 - - - - -] Service dd24efbc-8915-43d4-af30-b40fa3b43c47 is updated
2017-10-28 07:51:42.721 28512 INFO heat.engine.service [req-23e92d1f-ef8e-44e3-911a-f963206cc835 - - - - -] Service fc9cbb06-6f7c-4b69-b947-05f204b3ce3c is updated
2017-10-28 07:51:42.724 28556 INFO heat.engine.service [req-2792dbd1-ecab-4993-a508-c82d32644374 - - - - -] Service 30227806-eb6a-421b-b64b-1f4e769dde97 is updated
2017-10-28 07:51:42.749 28551 INFO heat.engine.service [req-e929c96d-438a-462a-972e-4d8816043268 - - - - -] Service 560cd9d1-ade5-4123-8efe-4822dbddfe23 is updated
2017-10-28 07:51:42.752 28535 INFO heat.engine.service [req-ce79cc42-1654-49f9-9e90-6ff34d8e29f1 - - - - -] Service fb8da2fb-0ff3-4afc-956a-7d78b638efc3 is updated
2017-10-28 07:51:42.754 28515 INFO heat.engine.service [req-8db5f3a7-48c6-4265-a5c3-3c472446a4de - - - - -] Service 1a670f48-191d-4af2-ba9b-d59280a34029 is updated
2017-10-28 07:51:42.757 28540 INFO heat.engine.service [req-5eb55d43-d974-4649-bf39-5dfc71bf92fa - - - - -] Service 48ab0354-0cc3-4574-8b4b-39578b4811f9 is updated
2017-10-28 07:51:42.767 28550 INFO heat.engine.service [req-73bf5d46-b3de-412d-9e7c-79de2d7f5a02 - - - - -] Service ac79e68c-b408-42b8-9a3f-aaa256fcf8f0 is updated
2017-10-28 07:51:42.769 28521 INFO heat.engine.service [req-95fc3be1-518e-4a0f-a40b-81d31ba66281 - - - - -] Service d42598ab-5331-4bf4-a271-327e00c8675f is updated
2017-10-28 07:51:42.786 28531 INFO heat.engine.service [req-aedb2d41-4ef8-4082-a8d4-92fa9a830bd9 - - - - -] Service ff837399-1603-480b-89cf-1947330a42ab is updated
2017-10-28 07:51:42.793 28558 INFO heat.engine.service [req-785ef654-d79b-4f98-857d-d9dbfd2c774b - - - - -] Service ce91c6b2-92c3-4791-9658-c7753c86c265 is updated
2017-10-28 07:51:42.799 28555 INFO heat.engine.service [req-fd4c9cba-a357-44e4-96e8-43bce99ab116 - - - - -] Service 6b1b66de-35d9-4105-bcd5-aa680ffcddec is updated
2017-10-28 07:51:42.810 28525 INFO heat.engine.service [req-a3ee5c3f-5332-41cd-bc6f-c987b7e66f3c - - - - -] Service 12fa1fd5-3e02-4695-9acb-ecf6d0c6be7e is updated
2017-10-28 07:51:42.920 28559 INFO heat.engine.service [req-d8208cde-adcf-479d-a974-895ceab2f85a - - - - -] Service d321ca62-b768-43f2-9c4f-f4308f362b40 is updated
2017-10-28 07:51:43.130 28539 INFO heat.engine.service [req-1c8b5fc8-0e5a-4fed-9075-f643c29c8f8e - - - - -] Service 75a95404-a1b5-44f6-ba31-90e0e95c8ad0 is updated
2017-10-28 07:51:44.357 28514 INFO heat.engine.service [req-bd1c5c68-10d3-4f1b-9604-e0629b9422bf - - - - -] Service c1ca77d3-4c81-441a-914c-e8e1795d0819 is updated
2017-10-28 07:52:42.124 28529 INFO heat.engine.service [req-cf3c2bd7-acb4-464a-9cee-9a01407e06be - - - - -] Service 4e596928-014f-46fe-904b-2c69d0122faa is updated
2017-10-28 07:52:42.179 28553 INFO heat.engine.service [req-4ecfec8a-6242-462a-9e9f-e04c9086e05c - - - - -] Service 1231c634-a611-4552-9733-0bcd0229559d is updated
2017-10-28 07:52:42.209 28527 INFO heat.engine.service [req-862d5d79-dfa2-49bb-afe1-bd0fa6346c56 - - - - -] Service 27b05062-f4e2-41b9-a5a1-b78a8e7a7cab is updated
2017-10-28 07:52:42.241 28522 INFO heat.engine.service [req-97b6f783-1315-4960-9948-d70964a6e221 - - - - -] Service 0b05fddd-7118-49f7-b698-e81b89f80dd0 is updated
2017-10-28 07:52:42.263 28542 INFO heat.engine.service [req-c5e99279-a7f4-4566-bc03-5614e922f6b2 - - - - -] Service 94a1afb2-8a32-439d-ab8f-e06a961e4433 is updated
2017-10-28 07:52:42.270 28532 INFO heat.engine.service [req-9fbd9440-0ca1-4eed-8b05-b3a89f5106c8 - - - - -] Service 5e954547-3083-4e91-b56e-edaec69d9004 is updated
2017-10-28 07:52:42.279 28511 INFO heat.engine.service [req-fa12f343-5fbe-4cd0-ae41-fb594087a365 - - - - -] Service c4991b42-b929-41c8-92ba-07735294b97d is updated
2017-10-28 07:52:42.279 28523 INFO heat.engine.service [req-9b41871e-6ac3-4bb2-a660-7861caeb4624 - - - - -] Service d7cc827c-6c72-4bc7-9c27-48fae872f1b6 is updated
2017-10-28 07:52:42.307 28513 INFO heat.engine.service [req-7cda5d18-64b6-48e0-a2ee-633eaed1acaa - - - - -] Service 5ce1d5ea-a507-4dce-98d2-430354f1824f is updated
2017-10-28 07:52:42.319 28552 INFO heat.engine.service [req-f18f4973-8ac1-497d-bd5c-042355be5b49 - - - - -] Service e9eaa51d-d288-442a-bc48-944d997543a3 is updated
2017-10-28 07:52:42.329 28538 INFO heat.engine.service [req-434ca21a-e642-4b60-8e43-825b51db062f - - - - -] Service 174f2dbb-df8a-4407-b210-723a658db9cb is updated
2017-10-28 07:52:42.346 28561 INFO heat.engine.service [req-8204a90d-ad26-4a49-b22e-6ffc3a518f9d - - - - -] Service 5320c9fe-fd90-45e2-9c81-06f88b38f36b is updated
2017-10-28 07:52:42.374 28516 INFO heat.engine.service [req-44a6e0e3-e5d5-4af9-a7e7-79e9c9d83422 - - - - -] Service 2d84e3bb-febf-485e-87fe-d93b4c80d1c4 is updated
2017-10-28 07:52:42.382 28564 INFO heat.engine.service [req-a149ac79-6b91-4531-9a84-a0f3841d2310 - - - - -] Service 8f50a07c-7ad8-4a6d-a9d3-37e4c8f0ba53 is updated
2017-10-28 07:52:42.408 28520 INFO heat.engine.service [req-1f678a50-fdb6-46b4-92ba-dae1117c7aef - - - - -] Service 4afb81d2-1ea2-4a4b-bc5f-b909623e3e74 is updated
2017-10-28 07:52:42.410 28510 INFO heat.engine.service [req-940b2b47-c189-450d-9885-07e019ce2b02 - - - - -] Service 4669f065-a489-481e-9850-91a9f44bc077 is updated
2017-10-28 07:52:42.417 28562 INFO heat.engine.service [req-fbb4e497-04d9-4aa7-b47e-e2bdf4834f30 - - - - -] Service b207e39f-b808-4c6c-8285-bd415d13ec10 is updated
2017-10-28 07:52:42.425 28536 INFO heat.engine.service [req-ede96117-7f5a-4061-92ca-d023f2c4b010 - - - - -] Service 98ecc1ea-b227-42dc-82e7-30ac1ed9fca4 is updated
2017-10-28 07:52:42.475 28560 INFO heat.engine.service [req-c48c2c6f-abde-4260-9faf-6cc445400d1a - - - - -] Service 3b95e8e7-8709-45d2-a464-bac772180735 is updated
2017-10-28 07:52:42.511 28563 INFO heat.engine.service [req-e9ea24d3-eed8-4346-85a9-cf21ed8ae9f6 - - - - -] Service 4eca1835-2fb1-450f-b336-3867986a581d is updated
2017-10-28 07:52:42.512 28557 INFO heat.engine.service [req-ed4bfea3-3735-4456-a5fb-859479a44b1c - - - - -] Service 98f930a8-31b2-4e4d-8712-9e6fea660e73 is updated
2017-10-28 07:52:42.514 28519 INFO heat.engine.service [req-0d2dde16-5b83-4e8f-8be2-c17025e839ec - - - - -] Service 7d2457db-265f-4f09-a7ed-68db183e0384 is updated
2017-10-28 07:52:42.538 28533 INFO heat.engine.service [req-e32283f3-369e-4be5-8c49-317755998a7d - - - - -] Service 3a35d7bf-f1bd-4589-a5c3-8000c3b24793 is updated
2017-10-28 07:52:42.556 28524 INFO heat.engine.service [req-9c9111b5-442a-40f7-bf39-9bd658d0dcd3 - - - - -] Service 2f511c44-ddf4-43a7-9fd0-41f210a8b669 is updated
2017-10-28 07:52:42.594 28517 INFO heat.engine.service [req-6eff26a9-233b-4938-9e87-f3e45282a201 - - - - -] Service 750cf73f-337d-432c-9d53-30fab548b45c is updated
2017-10-28 07:52:42.602 28541 INFO heat.engine.service [req-3d55afa6-2129-4b29-95bd-d2a22c94f5aa - - - - -] Service 28f76f02-d340-4517-9f1d-cb1f7fd704ac is updated
2017-10-28 07:52:42.620 28547 INFO heat.engine.service [req-d131896c-292f-4f03-a8fd-b5e0ae02b630 - - - - -] Service 25707d32-efb1-423a-b2d4-e11dfe67bcdc is updated
2017-10-28 07:52:42.634 28549 INFO heat.engine.service [req-e17950a5-95b9-469d-8725-045ef9fd0045 - - - - -] Service 8942a6af-7411-45cf-9672-1c7d3127c49f is updated
2017-10-28 07:52:42.638 28530 INFO heat.engine.service [req-d22bd045-55de-4f76-af0f-96378c92bcf1 - - - - -] Service caf6df39-f07f-489e-9581-9b70becae9e2 is updated
2017-10-28 07:52:42.642 28554 INFO heat.engine.service [req-5da0f69c-7d1c-487f-a6ac-d54e082d1c6a - - - - -] Service c7479ed7-747a-48d4-9a5a-b7161a57c39e is updated
2017-10-28 07:52:42.656 28537 INFO heat.engine.service [req-3917e018-1b17-4058-99fa-cf9ad234349b - - - - -] Service fd1e41c5-b76e-4f95-9fd6-4a9c3d626081 is updated
2017-10-28 07:52:42.661 28534 INFO heat.engine.service [req-40690bf4-8799-43c7-bcf0-16998eebee38 - - - - -] Service 7cdf9070-e34d-436d-aa75-65b1eb388638 is updated
2017-10-28 07:52:42.715 28518 INFO heat.engine.service [req-88a228fe-cff8-41f4-9070-a7a6ae94b979 - - - - -] Service dd24efbc-8915-43d4-af30-b40fa3b43c47 is updated
2017-10-28 07:52:42.718 28512 INFO heat.engine.service [req-6b19edd7-9f47-4cdc-aa9e-d10553d5be6e - - - - -] Service fc9cbb06-6f7c-4b69-b947-05f204b3ce3c is updated
2017-10-28 07:52:42.721 28556 INFO heat.engine.service [req-95bba4a2-9575-440c-b3ba-074c108fc8c5 - - - - -] Service 30227806-eb6a-421b-b64b-1f4e769dde97 is updated
2017-10-28 07:52:42.747 28551 INFO heat.engine.service [req-dc2a92ac-6fb4-4be2-9e1f-af9a5d4b6eb1 - - - - -] Service 560cd9d1-ade5-4123-8efe-4822dbddfe23 is updated
2017-10-28 07:52:42.750 28535 INFO heat.engine.service [req-31dfb9ab-3f9f-41c3-bdc6-a6a82ea4948f - - - - -] Service fb8da2fb-0ff3-4afc-956a-7d78b638efc3 is updated
2017-10-28 07:52:42.751 28515 INFO heat.engine.service [req-f8c9978b-974b-4591-91e7-26968ca257e7 - - - - -] Service 1a670f48-191d-4af2-ba9b-d59280a34029 is updated
2017-10-28 07:52:42.752 28540 INFO heat.engine.service [req-f6e84f0c-1c21-40f9-a62f-03a0c91b5909 - - - - -] Service 48ab0354-0cc3-4574-8b4b-39578b4811f9 is updated
2017-10-28 07:52:42.762 28521 INFO heat.engine.service [req-d5060ed7-996c-4d4b-bd72-99602675b40d - - - - -] Service d42598ab-5331-4bf4-a271-327e00c8675f is updated
2017-10-28 07:52:42.763 28550 INFO heat.engine.service [req-b52430e1-345e-489f-985b-f7bf6a31ed07 - - - - -] Service ac79e68c-b408-42b8-9a3f-aaa256fcf8f0 is updated
2017-10-28 07:52:42.782 28531 INFO heat.engine.service [req-a981d379-33f2-4174-be51-f944a57ba5f8 - - - - -] Service ff837399-1603-480b-89cf-1947330a42ab is updated
2017-10-28 07:52:42.789 28558 INFO heat.engine.service [req-1eb4f53d-a15a-4cef-8ddf-f7e6d7cba3e1 - - - - -] Service ce91c6b2-92c3-4791-9658-c7753c86c265 is updated
2017-10-28 07:52:42.795 28555 INFO heat.engine.service [req-cfb547ee-04a6-488e-b952-249905d14f95 - - - - -] Service 6b1b66de-35d9-4105-bcd5-aa680ffcddec is updated
2017-10-28 07:52:42.807 28525 INFO heat.engine.service [req-30bce992-222d-4a44-80c4-88e86697d566 - - - - -] Service 12fa1fd5-3e02-4695-9acb-ecf6d0c6be7e is updated
2017-10-28 07:52:42.918 28559 INFO heat.engine.service [req-da45a137-fd73-482d-bc0f-fc87f4b77088 - - - - -] Service d321ca62-b768-43f2-9c4f-f4308f362b40 is updated
2017-10-28 07:52:43.127 28539 INFO heat.engine.service [req-f1118ba9-3930-447d-ab2a-326711a6a933 - - - - -] Service 75a95404-a1b5-44f6-ba31-90e0e95c8ad0 is updated
2017-10-28 07:52:44.355 28514 INFO heat.engine.service [req-c4b2397a-7dae-4d9d-86b5-15864bbf459f - - - - -] Service c1ca77d3-4c81-441a-914c-e8e1795d0819 is updated
2017-10-28 07:53:42.122 28529 INFO heat.engine.service [req-3a51c9f3-b1b8-489d-abe0-e120a1dcfda7 - - - - -] Service 4e596928-014f-46fe-904b-2c69d0122faa is updated
2017-10-28 07:53:42.176 28553 INFO heat.engine.service [req-72b80fed-3a50-4a56-9436-60bb1afca28a - - - - -] Service 1231c634-a611-4552-9733-0bcd0229559d is updated
2017-10-28 07:53:42.210 28527 INFO heat.engine.service [req-64d30d93-48f4-4c5d-b116-7dde079f92fd - - - - -] Service 27b05062-f4e2-41b9-a5a1-b78a8e7a7cab is updated
2017-10-28 07:53:42.238 28522 INFO heat.engine.service [req-d2239ad7-cbf7-406b-bd8d-d0bdb5bc3f01 - - - - -] Service 0b05fddd-7118-49f7-b698-e81b89f80dd0 is updated
2017-10-28 07:53:42.258 28542 INFO heat.engine.service [req-84107df0-69e8-4b5f-b50d-156465497f30 - - - - -] Service 94a1afb2-8a32-439d-ab8f-e06a961e4433 is updated
2017-10-28 07:53:42.268 28532 INFO heat.engine.service [req-f9e103f6-f56b-4b78-8e03-90f68fd15de0 - - - - -] Service 5e954547-3083-4e91-b56e-edaec69d9004 is updated
2017-10-28 07:53:42.276 28511 INFO heat.engine.service [req-2f32d64f-7f68-4bb2-b20f-75deac722510 - - - - -] Service c4991b42-b929-41c8-92ba-07735294b97d is updated
2017-10-28 07:53:42.278 28523 INFO heat.engine.service [req-96d15652-cc59-4571-9c2b-6ab8e3f3fe4d - - - - -] Service d7cc827c-6c72-4bc7-9c27-48fae872f1b6 is updated
2017-10-28 07:53:42.304 28513 INFO heat.engine.service [req-b03ee34a-5989-4b8b-8d9d-993e3021fdf1 - - - - -] Service 5ce1d5ea-a507-4dce-98d2-430354f1824f is updated
2017-10-28 07:53:42.317 28552 INFO heat.engine.service [req-eeb4306a-aa2a-44b8-9a9a-1ffc026e2717 - - - - -] Service e9eaa51d-d288-442a-bc48-944d997543a3 is updated
2017-10-28 07:53:42.328 28538 INFO heat.engine.service [req-6e485d8c-fa6c-4b44-b758-719baa61773a - - - - -] Service 174f2dbb-df8a-4407-b210-723a658db9cb is updated
2017-10-28 07:53:42.343 28561 INFO heat.engine.service [req-c6ed5905-2d50-4c78-902f-7959d9923fc2 - - - - -] Service 5320c9fe-fd90-45e2-9c81-06f88b38f36b is updated
2017-10-28 07:53:42.373 28516 INFO heat.engine.service [req-5d9c36a2-5bd7-4793-9756-d59f30dabd21 - - - - -] Service 2d84e3bb-febf-485e-87fe-d93b4c80d1c4 is updated
2017-10-28 07:53:42.381 28564 INFO heat.engine.service [req-f2a15060-5f89-4377-b472-08b8e636a6c1 - - - - -] Service 8f50a07c-7ad8-4a6d-a9d3-37e4c8f0ba53 is updated
2017-10-28 07:53:42.405 28520 INFO heat.engine.service [req-1cf132e9-a073-4129-9de0-78f2313ea3f9 - - - - -] Service 4afb81d2-1ea2-4a4b-bc5f-b909623e3e74 is updated
2017-10-28 07:53:42.408 28510 INFO heat.engine.service [req-c98053cd-4905-4b53-a914-80d436394b54 - - - - -] Service 4669f065-a489-481e-9850-91a9f44bc077 is updated
2017-10-28 07:53:42.415 28562 INFO heat.engine.service [req-0284445c-997c-49ce-bbd2-2688aac19b7b - - - - -] Service b207e39f-b808-4c6c-8285-bd415d13ec10 is updated
2017-10-28 07:53:42.422 28536 INFO heat.engine.service [req-be998163-0eba-4265-9ccc-279f4730e34b - - - - -] Service 98ecc1ea-b227-42dc-82e7-30ac1ed9fca4 is updated
2017-10-28 07:53:42.472 28560 INFO heat.engine.service [req-3bcffa23-f49b-4635-bdfe-6e4c93752e01 - - - - -] Service 3b95e8e7-8709-45d2-a464-bac772180735 is updated
2017-10-28 07:53:42.508 28563 INFO heat.engine.service [req-f1883570-a518-41de-875d-76bc2b639ffa - - - - -] Service 4eca1835-2fb1-450f-b336-3867986a581d is updated
2017-10-28 07:53:42.510 28557 INFO heat.engine.service [req-75f08fc8-bfc4-42ef-b330-e5c7fe8a3237 - - - - -] Service 98f930a8-31b2-4e4d-8712-9e6fea660e73 is updated
2017-10-28 07:53:42.510 28519 INFO heat.engine.service [req-49759558-7d90-43a1-897c-aa338ed6856e - - - - -] Service 7d2457db-265f-4f09-a7ed-68db183e0384 is updated
2017-10-28 07:53:42.547 28533 INFO heat.engine.service [req-1fb7903b-15a5-43cb-b2ab-9c719d4fcdfe - - - - -] Service 3a35d7bf-f1bd-4589-a5c3-8000c3b24793 is updated
2017-10-28 07:53:42.556 28524 INFO heat.engine.service [req-4d92cc02-63da-423b-af7a-be2ad211503d - - - - -] Service 2f511c44-ddf4-43a7-9fd0-41f210a8b669 is updated
2017-10-28 07:53:42.592 28517 INFO heat.engine.service [req-1a4bd37d-7788-4cad-9dfd-6101ba5e6b00 - - - - -] Service 750cf73f-337d-432c-9d53-30fab548b45c is updated
2017-10-28 07:53:42.600 28541 INFO heat.engine.service [req-81e9a898-2e1b-457c-bb76-98e9fb17e6af - - - - -] Service 28f76f02-d340-4517-9f1d-cb1f7fd704ac is updated
2017-10-28 07:53:42.617 28547 INFO heat.engine.service [req-3f4bcda3-d3e6-448d-8704-e5970d653c87 - - - - -] Service 25707d32-efb1-423a-b2d4-e11dfe67bcdc is updated
2017-10-28 07:53:42.636 28549 INFO heat.engine.service [req-b016405a-a34b-47b9-afbf-fb322859508f - - - - -] Service 8942a6af-7411-45cf-9672-1c7d3127c49f is updated
2017-10-28 07:53:42.638 28530 INFO heat.engine.service [req-37b7e622-43d8-4ede-a204-431b383d748c - - - - -] Service caf6df39-f07f-489e-9581-9b70becae9e2 is updated
2017-10-28 07:53:42.641 28554 INFO heat.engine.service [req-e4ba160c-ec7e-466e-96be-856e686420f0 - - - - -] Service c7479ed7-747a-48d4-9a5a-b7161a57c39e is updated
2017-10-28 07:53:42.659 28534 INFO heat.engine.service [req-70f10736-f94a-4cbb-89eb-36b8c7c9e595 - - - - -] Service 7cdf9070-e34d-436d-aa75-65b1eb388638 is updated
2017-10-28 07:53:42.661 28537 INFO heat.engine.service [req-d78f1610-4d6f-4403-9ff0-8cbc40032986 - - - - -] Service fd1e41c5-b76e-4f95-9fd6-4a9c3d626081 is updated
