2017-10-28 06:25:42.301 28529 INFO heat.engine.service [req-d8e1f010-470d-4063-970d-07f7ee45d7aa - - - - -] Service 4e596928-014f-46fe-904b-2c69d0122faa is updated
2017-10-28 06:25:42.301 28527 INFO heat.engine.service [req-31709937-ccfd-41c7-b424-824e74c97b9d - - - - -] Service 27b05062-f4e2-41b9-a5a1-b78a8e7a7cab is updated
2017-10-28 06:25:42.354 28553 INFO heat.engine.service [req-d60abcea-5308-42ce-aa65-dfccd1c7e603 - - - - -] Service 1231c634-a611-4552-9733-0bcd0229559d is updated
2017-10-28 06:25:42.401 28522 INFO heat.engine.service [req-71043887-fe6b-473a-a113-ffa70afef132 - - - - -] Service 0b05fddd-7118-49f7-b698-e81b89f80dd0 is updated
2017-10-28 06:25:42.436 28523 INFO heat.engine.service [req-42648990-6107-47a9-b2e9-fbd3c48aafc5 - - - - -] Service d7cc827c-6c72-4bc7-9c27-48fae872f1b6 is updated
2017-10-28 06:25:42.442 28511 INFO heat.engine.service [req-8392b50e-cd1b-4e4b-9131-e581f14abbd9 - - - - -] Service c4991b42-b929-41c8-92ba-07735294b97d is updated
2017-10-28 06:25:42.443 28542 INFO heat.engine.service [req-757d82f0-0afe-4375-b938-7ff1637bfbe6 - - - - -] Service 94a1afb2-8a32-439d-ab8f-e06a961e4433 is updated
2017-10-28 06:25:42.454 28532 INFO heat.engine.service [req-74a080c7-5ebb-4d91-b5d5-088f6b782812 - - - - -] Service 5e954547-3083-4e91-b56e-edaec69d9004 is updated
2017-10-28 06:25:42.476 28538 INFO heat.engine.service [req-4d5bf9d4-135c-4d41-babb-321173948ed9 - - - - -] Service 174f2dbb-df8a-4407-b210-723a658db9cb is updated
2017-10-28 06:25:42.481 28513 INFO heat.engine.service [req-60bd2bbe-1a78-451f-9a80-66c298604662 - - - - -] Service 5ce1d5ea-a507-4dce-98d2-430354f1824f is updated
2017-10-28 06:25:42.484 28552 INFO heat.engine.service [req-bea6ed12-93a1-4903-9c12-519c19ed31a3 - - - - -] Service e9eaa51d-d288-442a-bc48-944d997543a3 is updated
2017-10-28 06:25:42.499 28516 INFO heat.engine.service [req-342deba2-5369-46c8-9cf6-2da82e2650f2 - - - - -] Service 2d84e3bb-febf-485e-87fe-d93b4c80d1c4 is updated
2017-10-28 06:25:42.502 28561 INFO heat.engine.service [req-114ed6df-436a-49bc-957a-b405cbc8df3c - - - - -] Service 5320c9fe-fd90-45e2-9c81-06f88b38f36b is updated
2017-10-28 06:25:42.542 28520 INFO heat.engine.service [req-96076a47-4bb7-486d-8a6b-c85d0aee83a5 - - - - -] Service 4afb81d2-1ea2-4a4b-bc5f-b909623e3e74 is updated
2017-10-28 06:25:42.585 28564 INFO heat.engine.service [req-947962ed-514e-4a5b-bfa7-d781c66a24d8 - - - - -] Service 8f50a07c-7ad8-4a6d-a9d3-37e4c8f0ba53 is updated
2017-10-28 06:25:42.585 28562 INFO heat.engine.service [req-d92eeaa0-407e-40cf-bb6c-3dcae2414a12 - - - - -] Service b207e39f-b808-4c6c-8285-bd415d13ec10 is updated
2017-10-28 06:25:42.606 28510 INFO heat.engine.service [req-d97f8a29-7685-4ba5-8592-6d7df9c6dca6 - - - - -] Service 4669f065-a489-481e-9850-91a9f44bc077 is updated
2017-10-28 06:25:42.621 28536 INFO heat.engine.service [req-a3301632-c670-42b9-a80f-acba958e6193 - - - - -] Service 98ecc1ea-b227-42dc-82e7-30ac1ed9fca4 is updated
2017-10-28 06:25:42.625 28560 INFO heat.engine.service [req-f7b36593-737a-41cc-b3df-644638e5993e - - - - -] Service 3b95e8e7-8709-45d2-a464-bac772180735 is updated
2017-10-28 06:25:42.695 28519 INFO heat.engine.service [req-84a9e2cc-a530-4a8f-900a-f7fe19a88c72 - - - - -] Service 7d2457db-265f-4f09-a7ed-68db183e0384 is updated
2017-10-28 06:25:42.698 28557 INFO heat.engine.service [req-6c5d066a-3bf5-4ac1-a1e4-494f36033ec3 - - - - -] Service 98f930a8-31b2-4e4d-8712-9e6fea660e73 is updated
2017-10-28 06:25:42.705 28563 INFO heat.engine.service [req-28ea82f8-e302-4423-8f90-679ecb5f8a3d - - - - -] Service 4eca1835-2fb1-450f-b336-3867986a581d is updated
2017-10-28 06:25:42.730 28533 INFO heat.engine.service [req-b31860d6-f1c9-4187-8536-f00b4ad26dae - - - - -] Service 3a35d7bf-f1bd-4589-a5c3-8000c3b24793 is updated
2017-10-28 06:25:42.736 28524 INFO heat.engine.service [req-3e24d9dc-8512-4f88-b561-8dfae85a117f - - - - -] Service 2f511c44-ddf4-43a7-9fd0-41f210a8b669 is updated
2017-10-28 06:25:42.742 28547 INFO heat.engine.service [req-5f6b1c60-30d2-4a50-bf21-15869a8869cb - - - - -] Service 25707d32-efb1-423a-b2d4-e11dfe67bcdc is updated
2017-10-28 06:25:42.742 28517 INFO heat.engine.service [req-2b77ee18-837e-4010-bbf8-d1c8fed94296 - - - - -] Service 750cf73f-337d-432c-9d53-30fab548b45c is updated
2017-10-28 06:25:42.751 28541 INFO heat.engine.service [req-cc90c61d-a08c-4743-9136-46b5b131cb6d - - - - -] Service 28f76f02-d340-4517-9f1d-cb1f7fd704ac is updated
2017-10-28 06:25:42.774 28554 INFO heat.engine.service [req-ef8a4a73-4f08-43ca-aa8c-1b3f95f4038c - - - - -] Service c7479ed7-747a-48d4-9a5a-b7161a57c39e is updated
2017-10-28 06:25:42.783 28530 INFO heat.engine.service [req-26e0d131-223b-4318-b44a-eedfdbc4803b - - - - -] Service caf6df39-f07f-489e-9581-9b70becae9e2 is updated
2017-10-28 06:25:42.798 28549 INFO heat.engine.service [req-27469e89-3a6a-4e8b-a1ec-81a631748858 - - - - -] Service 8942a6af-7411-45cf-9672-1c7d3127c49f is updated
2017-10-28 06:25:42.809 28537 INFO heat.engine.service [req-8e80095f-489a-4666-977d-4d77c2472def - - - - -] Service fd1e41c5-b76e-4f95-9fd6-4a9c3d626081 is updated
2017-10-28 06:25:42.855 28518 INFO heat.engine.service [req-b830f602-8760-406e-ba6c-6a8baef8d549 - - - - -] Service dd24efbc-8915-43d4-af30-b40fa3b43c47 is updated
2017-10-28 06:25:42.863 28534 INFO heat.engine.service [req-d2588eca-0a77-4e4f-8f2f-ec04e7abd9a3 - - - - -] Service 7cdf9070-e34d-436d-aa75-65b1eb388638 is updated
2017-10-28 06:25:42.867 28512 INFO heat.engine.service [req-eaa1589b-2429-408e-a7af-3111cb2f7434 - - - - -] Service fc9cbb06-6f7c-4b69-b947-05f204b3ce3c is updated
2017-10-28 06:25:42.873 28556 INFO heat.engine.service [req-835a4ead-f350-4f09-81ab-9e8f9ac28320 - - - - -] Service 30227806-eb6a-421b-b64b-1f4e769dde97 is updated
2017-10-28 06:25:42.899 28515 INFO heat.engine.service [req-e9ce42aa-71ef-4f2e-bc68-751c77a4d148 - - - - -] Service 1a670f48-191d-4af2-ba9b-d59280a34029 is updated
2017-10-28 06:25:42.901 28551 INFO heat.engine.service [req-420ea03f-bf68-420d-9951-5f1a71ea4214 - - - - -] Service 560cd9d1-ade5-4123-8efe-4822dbddfe23 is updated
2017-10-28 06:25:42.904 28558 INFO heat.engine.service [req-7cc8e9a7-1124-4aee-a06f-f9ecb2090f85 - - - - -] Service ce91c6b2-92c3-4791-9658-c7753c86c265 is updated
2017-10-28 06:25:42.915 28521 INFO heat.engine.service [req-8e751b84-befd-4731-a32f-3f4058b2f189 - - - - -] Service d42598ab-5331-4bf4-a271-327e00c8675f is updated
2017-10-28 06:25:42.915 28535 INFO heat.engine.service [req-58a60ad6-e7a2-4f45-8072-28344410d781 - - - - -] Service fb8da2fb-0ff3-4afc-956a-7d78b638efc3 is updated
2017-10-28 06:25:42.922 28550 INFO heat.engine.service [req-6df5feb3-7d6b-4de7-8ca9-ac348b661c2b - - - - -] Service ac79e68c-b408-42b8-9a3f-aaa256fcf8f0 is updated
2017-10-28 06:25:42.929 28531 INFO heat.engine.service [req-5670d571-09e0-4bb4-af31-79883a74a1d3 - - - - -] Service ff837399-1603-480b-89cf-1947330a42ab is updated
2017-10-28 06:25:42.934 28525 INFO heat.engine.service [req-6945fe7c-1cb5-434c-b562-902f3af395ca - - - - -] Service 12fa1fd5-3e02-4695-9acb-ecf6d0c6be7e is updated
2017-10-28 06:25:42.949 28540 INFO heat.engine.service [req-b115e7eb-76da-4ed1-bf49-10d515437063 - - - - -] Service 48ab0354-0cc3-4574-8b4b-39578b4811f9 is updated
2017-10-28 06:25:42.962 28555 INFO heat.engine.service [req-5f3a247e-511d-4ff7-833e-7917b06a1918 - - - - -] Service 6b1b66de-35d9-4105-bcd5-aa680ffcddec is updated
2017-10-28 06:25:43.088 28559 INFO heat.engine.service [req-f4f6adaa-bb2b-4095-9aec-fb9ecb930ffe - - - - -] Service d321ca62-b768-43f2-9c4f-f4308f362b40 is updated
2017-10-28 06:25:43.302 28539 INFO heat.engine.service [req-76595746-d23f-4f1a-bc69-669d10bf4640 - - - - -] Service 75a95404-a1b5-44f6-ba31-90e0e95c8ad0 is updated
2017-10-28 06:25:44.491 28514 INFO heat.engine.service [req-ad769f09-7e48-4e4e-8bda-0b49d8c187df - - - - -] Service c1ca77d3-4c81-441a-914c-e8e1795d0819 is updated
2017-10-28 06:26:42.298 28529 INFO heat.engine.service [req-1fe7db88-5840-4c34-97e9-b449d61c328d - - - - -] Service 4e596928-014f-46fe-904b-2c69d0122faa is updated
2017-10-28 06:26:42.298 28527 INFO heat.engine.service [req-4a4514e0-95ea-486a-b006-b2129ea327df - - - - -] Service 27b05062-f4e2-41b9-a5a1-b78a8e7a7cab is updated
2017-10-28 06:26:42.352 28553 INFO heat.engine.service [req-2976baa7-d20a-4adc-b239-61c05bf3e4d7 - - - - -] Service 1231c634-a611-4552-9733-0bcd0229559d is updated
2017-10-28 06:26:42.398 28522 INFO heat.engine.service [req-63f15704-fca5-4acf-8067-98f44fcf8b3f - - - - -] Service 0b05fddd-7118-49f7-b698-e81b89f80dd0 is updated
2017-10-28 06:26:42.432 28523 INFO heat.engine.service [req-86f01503-dd98-40e5-90ed-cc400c05bdd7 - - - - -] Service d7cc827c-6c72-4bc7-9c27-48fae872f1b6 is updated
2017-10-28 06:26:42.439 28511 INFO heat.engine.service [req-8e858c88-2636-48f5-b102-5beb97a6043d - - - - -] Service c4991b42-b929-41c8-92ba-07735294b97d is updated
2017-10-28 06:26:42.440 28542 INFO heat.engine.service [req-bd5be4b6-653b-41d1-aede-a27063684a38 - - - - -] Service 94a1afb2-8a32-439d-ab8f-e06a961e4433 is updated
2017-10-28 06:26:42.460 28532 INFO heat.engine.service [req-99a37405-5698-49ec-8a37-2dcc216b18f0 - - - - -] Service 5e954547-3083-4e91-b56e-edaec69d9004 is updated
2017-10-28 06:26:42.477 28513 INFO heat.engine.service [req-30c75c26-17ff-4342-8ea5-0166099fcc76 - - - - -] Service 5ce1d5ea-a507-4dce-98d2-430354f1824f is updated
2017-10-28 06:26:42.481 28552 INFO heat.engine.service [req-74759cef-f376-4bb3-95b7-9a593396fb93 - - - - -] Service e9eaa51d-d288-442a-bc48-944d997543a3 is updated
2017-10-28 06:26:42.483 28538 INFO heat.engine.service [req-4f6db794-e3ef-4b39-a4a9-70c9ab7d3032 - - - - -] Service 174f2dbb-df8a-4407-b210-723a658db9cb is updated
2017-10-28 06:26:42.496 28516 INFO heat.engine.service [req-05c95f10-9d01-4d7d-a618-46a29ce8bc48 - - - - -] Service 2d84e3bb-febf-485e-87fe-d93b4c80d1c4 is updated
2017-10-28 06:26:42.497 28561 INFO heat.engine.service [req-735980f8-b9d8-4e81-9759-f3bbd6e659f4 - - - - -] Service 5320c9fe-fd90-45e2-9c81-06f88b38f36b is updated
2017-10-28 06:26:42.540 28520 INFO heat.engine.service [req-f820219a-104c-444c-920a-3c3b5f6be186 - - - - -] Service 4afb81d2-1ea2-4a4b-bc5f-b909623e3e74 is updated
2017-10-28 06:26:42.582 28564 INFO heat.engine.service [req-da720a7b-65b7-447a-8eb8-aa66725f7aea - - - - -] Service 8f50a07c-7ad8-4a6d-a9d3-37e4c8f0ba53 is updated
2017-10-28 06:26:42.582 28562 INFO heat.engine.service [req-68eca75b-545b-441c-a9e0-93d6309be3d6 - - - - -] Service b207e39f-b808-4c6c-8285-bd415d13ec10 is updated
2017-10-28 06:26:42.604 28510 INFO heat.engine.service [req-19ce61b3-943e-40e7-934f-4c1f4dd7ff96 - - - - -] Service 4669f065-a489-481e-9850-91a9f44bc077 is updated
2017-10-28 06:26:42.616 28536 INFO heat.engine.service [req-fc31a8af-4f14-4fb7-8162-9c9dd51b1871 - - - - -] Service 98ecc1ea-b227-42dc-82e7-30ac1ed9fca4 is updated
2017-10-28 06:26:42.620 28560 INFO heat.engine.service [req-adddb218-c800-49be-98c7-b74d9df037de - - - - -] Service 3b95e8e7-8709-45d2-a464-bac772180735 is updated
2017-10-28 06:26:42.691 28519 INFO heat.engine.service [req-dee5bf2d-609f-41b4-a2ac-2161f976afaa - - - - -] Service 7d2457db-265f-4f09-a7ed-68db183e0384 is updated
2017-10-28 06:26:42.695 28557 INFO heat.engine.service [req-714ea2b7-ac47-4454-8fbd-b9d8908ba175 - - - - -] Service 98f930a8-31b2-4e4d-8712-9e6fea660e73 is updated
2017-10-28 06:26:42.712 28563 INFO heat.engine.service [req-1a0c20ca-298b-4b1e-bd46-f02f53986c6f - - - - -] Service 4eca1835-2fb1-450f-b336-3867986a581d is updated
2017-10-28 06:26:42.728 28533 INFO heat.engine.service [req-924b6907-0395-4aa1-b05b-e7827a50f8ea - - - - -] Service 3a35d7bf-f1bd-4589-a5c3-8000c3b24793 is updated
2017-10-28 06:26:42.733 28524 INFO heat.engine.service [req-634a2aa6-e39d-4ff6-ba8d-9295fcf9e618 - - - - -] Service 2f511c44-ddf4-43a7-9fd0-41f210a8b669 is updated
2017-10-28 06:26:42.739 28547 INFO heat.engine.service [req-b397847d-377f-449d-ba1c-e867e70a44c7 - - - - -] Service 25707d32-efb1-423a-b2d4-e11dfe67bcdc is updated
2017-10-28 06:26:42.741 28517 INFO heat.engine.service [req-7009501e-c4fd-4407-8f76-977347c1c316 - - - - -] Service 750cf73f-337d-432c-9d53-30fab548b45c is updated
2017-10-28 06:26:42.757 28541 INFO heat.engine.service [req-1bd640b1-264f-46f4-983a-7760b615429f - - - - -] Service 28f76f02-d340-4517-9f1d-cb1f7fd704ac is updated
2017-10-28 06:26:42.771 28554 INFO heat.engine.service [req-89872668-c553-42ef-8c04-dc474f20a2d7 - - - - -] Service c7479ed7-747a-48d4-9a5a-b7161a57c39e is updated
2017-10-28 06:26:42.790 28530 INFO heat.engine.service [req-6aa8625a-6149-43f6-bc46-183eea194f51 - - - - -] Service caf6df39-f07f-489e-9581-9b70becae9e2 is updated
2017-10-28 06:26:42.794 28549 INFO heat.engine.service [req-707e89a7-a80f-48a8-9c3e-0535f103de85 - - - - -] Service 8942a6af-7411-45cf-9672-1c7d3127c49f is updated
2017-10-28 06:26:42.805 28537 INFO heat.engine.service [req-74ef8b8f-b7d8-4f1f-ae7d-cfb3f3f93a38 - - - - -] Service fd1e41c5-b76e-4f95-9fd6-4a9c3d626081 is updated
2017-10-28 06:26:42.855 28518 INFO heat.engine.service [req-ae6a1988-9df3-4631-959f-8d3f65a22777 - - - - -] Service dd24efbc-8915-43d4-af30-b40fa3b43c47 is updated
2017-10-28 06:26:42.864 28512 INFO heat.engine.service [req-92576c41-1b35-45e3-98d1-708fa685c0b0 - - - - -] Service fc9cbb06-6f7c-4b69-b947-05f204b3ce3c is updated
2017-10-28 06:26:42.868 28534 INFO heat.engine.service [req-f62b789f-b65b-447c-ba08-dac260b87074 - - - - -] Service 7cdf9070-e34d-436d-aa75-65b1eb388638 is updated
2017-10-28 06:26:42.878 28556 INFO heat.engine.service [req-6c9fd359-0d8a-4373-b7ae-899d784aaf0f - - - - -] Service 30227806-eb6a-421b-b64b-1f4e769dde97 is updated
2017-10-28 06:26:42.895 28515 INFO heat.engine.service [req-19c96a8a-7d9f-4961-83a1-12968498cbb2 - - - - -] Service 1a670f48-191d-4af2-ba9b-d59280a34029 is updated
2017-10-28 06:26:42.898 28551 INFO heat.engine.service [req-c6b37e19-54c3-4b96-aaee-b832703ac446 - - - - -] Service 560cd9d1-ade5-4123-8efe-4822dbddfe23 is updated
2017-10-28 06:26:42.900 28558 INFO heat.engine.service [req-11f898bb-6d3d-4b06-9ce6-b610d17c6727 - - - - -] Service ce91c6b2-92c3-4791-9658-c7753c86c265 is updated
2017-10-28 06:26:42.909 28521 INFO heat.engine.service [req-63b0fd01-45b0-44a9-a8eb-ea9fcb47f098 - - - - -] Service d42598ab-5331-4bf4-a271-327e00c8675f is updated
2017-10-28 06:26:42.910 28535 INFO heat.engine.service [req-ad1a05e2-2654-409c-8b9e-9133fe7c7b86 - - - - -] Service fb8da2fb-0ff3-4afc-956a-7d78b638efc3 is updated
2017-10-28 06:26:42.920 28550 INFO heat.engine.service [req-2ef78587-be93-4202-a00b-f93571ddad3e - - - - -] Service ac79e68c-b408-42b8-9a3f-aaa256fcf8f0 is updated
2017-10-28 06:26:42.926 28531 INFO heat.engine.service [req-116f6d91-c139-4019-9b9d-bc4d97bcb48e - - - - -] Service ff837399-1603-480b-89cf-1947330a42ab is updated
2017-10-28 06:26:42.931 28525 INFO heat.engine.service [req-474e8ec9-e503-4e64-a8e4-c924a5387f36 - - - - -] Service 12fa1fd5-3e02-4695-9acb-ecf6d0c6be7e is updated
2017-10-28 06:26:42.945 28540 INFO heat.engine.service [req-a658b758-5b7a-4ee0-81bd-1119d56ac15c - - - - -] Service 48ab0354-0cc3-4574-8b4b-39578b4811f9 is updated
2017-10-28 06:26:42.959 28555 INFO heat.engine.service [req-0007c414-f724-4a89-908d-37ffc0199fec - - - - -] Service 6b1b66de-35d9-4105-bcd5-aa680ffcddec is updated
2017-10-28 06:26:43.086 28559 INFO heat.engine.service [req-fdb01093-d40d-42bd-966a-f089d19ff19f - - - - -] Service d321ca62-b768-43f2-9c4f-f4308f362b40 is updated
2017-10-28 06:26:43.299 28539 INFO heat.engine.service [req-ee13d1b1-58b7-4153-9702-61cea4de6b45 - - - - -] Service 75a95404-a1b5-44f6-ba31-90e0e95c8ad0 is updated
2017-10-28 06:26:44.486 28514 INFO heat.engine.service [req-146bff10-b133-4cb4-8b49-91080ee3ef09 - - - - -] Service c1ca77d3-4c81-441a-914c-e8e1795d0819 is updated
2017-10-28 06:27:42.295 28527 INFO heat.engine.service [req-f2c5c593-fabb-4c60-9c58-33a777355feb - - - - -] Service 27b05062-f4e2-41b9-a5a1-b78a8e7a7cab is updated
2017-10-28 06:27:42.295 28529 INFO heat.engine.service [req-95348a53-ce96-41df-b5df-b4bba8bed9af - - - - -] Service 4e596928-014f-46fe-904b-2c69d0122faa is updated
2017-10-28 06:27:42.350 28553 INFO heat.engine.service [req-229525c9-cfcd-401a-a903-ca6c09e2e009 - - - - -] Service 1231c634-a611-4552-9733-0bcd0229559d is updated
2017-10-28 06:27:42.396 28522 INFO heat.engine.service [req-b236edf9-b8c8-47fc-a514-a072602a858a - - - - -] Service 0b05fddd-7118-49f7-b698-e81b89f80dd0 is updated
2017-10-28 06:27:42.429 28523 INFO heat.engine.service [req-1458d2a3-15e5-42fd-9247-eca9666d15dc - - - - -] Service d7cc827c-6c72-4bc7-9c27-48fae872f1b6 is updated
2017-10-28 06:27:42.436 28511 INFO heat.engine.service [req-2670ea09-82b4-4461-aa10-89e592ee0012 - - - - -] Service c4991b42-b929-41c8-92ba-07735294b97d is updated
2017-10-28 06:27:42.437 28542 INFO heat.engine.service [req-3dfb0d50-fd84-4896-a099-066d5ac61277 - - - - -] Service 94a1afb2-8a32-439d-ab8f-e06a961e4433 is updated
2017-10-28 06:27:42.457 28532 INFO heat.engine.service [req-553a8273-b30d-477a-aa79-12a5eda647c7 - - - - -] Service 5e954547-3083-4e91-b56e-edaec69d9004 is updated
2017-10-28 06:27:42.478 28538 INFO heat.engine.service [req-e32be3cd-a3eb-4cc1-befa-d305c536dde8 - - - - -] Service 174f2dbb-df8a-4407-b210-723a658db9cb is updated
2017-10-28 06:27:42.479 28552 INFO heat.engine.service [req-ad73c236-59a0-434b-bac6-061909d4f853 - - - - -] Service e9eaa51d-d288-442a-bc48-944d997543a3 is updated
2017-10-28 06:27:42.483 28513 INFO heat.engine.service [req-d3344f86-4377-4b47-9cde-11a99e6b3b8a - - - - -] Service 5ce1d5ea-a507-4dce-98d2-430354f1824f is updated
2017-10-28 06:27:42.493 28516 INFO heat.engine.service [req-aadffd9e-f2d0-4f75-9c12-27e29679576d - - - - -] Service 2d84e3bb-febf-485e-87fe-d93b4c80d1c4 is updated
2017-10-28 06:27:42.503 28561 INFO heat.engine.service [req-349a5eaa-9d95-4968-85f8-fae364d96e40 - - - - -] Service 5320c9fe-fd90-45e2-9c81-06f88b38f36b is updated
2017-10-28 06:27:42.537 28520 INFO heat.engine.service [req-07c2439b-4dee-4049-81df-f748fb380900 - - - - -] Service 4afb81d2-1ea2-4a4b-bc5f-b909623e3e74 is updated
2017-10-28 06:27:42.578 28564 INFO heat.engine.service [req-2d4b1189-65fa-48e8-a2b0-fa2ba2dd5469 - - - - -] Service 8f50a07c-7ad8-4a6d-a9d3-37e4c8f0ba53 is updated
2017-10-28 06:27:42.581 28562 INFO heat.engine.service [req-2ee1a1ba-6a94-4499-bb97-3de182a63499 - - - - -] Service b207e39f-b808-4c6c-8285-bd415d13ec10 is updated
2017-10-28 06:27:42.599 28510 INFO heat.engine.service [req-a0322304-6aa2-4e66-a3d7-00bd8e0e2e35 - - - - -] Service 4669f065-a489-481e-9850-91a9f44bc077 is updated
2017-10-28 06:27:42.624 28536 INFO heat.engine.service [req-882f4b9c-8c0e-42e9-8b41-4940b244b8ae - - - - -] Service 98ecc1ea-b227-42dc-82e7-30ac1ed9fca4 is updated
2017-10-28 06:27:42.627 28560 INFO heat.engine.service [req-611cbfb0-f185-41d8-9b47-4d5d9a0da8e8 - - - - -] Service 3b95e8e7-8709-45d2-a464-bac772180735 is updated
2017-10-28 06:27:42.688 28557 INFO heat.engine.service [req-734ddd9f-c9fa-4e9b-88a5-1acd7ca98c56 - - - - -] Service 98f930a8-31b2-4e4d-8712-9e6fea660e73 is updated
2017-10-28 06:27:42.690 28519 INFO heat.engine.service [req-fb40e222-d374-40c5-a9c6-29fa8faa5d95 - - - - -] Service 7d2457db-265f-4f09-a7ed-68db183e0384 is updated
2017-10-28 06:27:42.709 28563 INFO heat.engine.service [req-83473274-1e94-4f63-b248-fb5818500e4f - - - - -] Service 4eca1835-2fb1-450f-b336-3867986a581d is updated
2017-10-28 06:27:42.725 28533 INFO heat.engine.service [req-2329fe81-f368-4fd5-b0af-6439687e02e3 - - - - -] Service 3a35d7bf-f1bd-4589-a5c3-8000c3b24793 is updated
2017-10-28 06:27:42.728 28524 INFO heat.engine.service [req-74af7a18-b9d6-4a3b-bd8b-816ea1d43564 - - - - -] Service 2f511c44-ddf4-43a7-9fd0-41f210a8b669 is updated
2017-10-28 06:27:42.734 28547 INFO heat.engine.service [req-ca26f2f7-06b4-4a90-bd9e-4f560a424ada - - - - -] Service 25707d32-efb1-423a-b2d4-e11dfe67bcdc is updated
2017-10-28 06:27:42.738 28517 INFO heat.engine.service [req-de0c0eec-621f-4495-9a15-25f915ef5d7d - - - - -] Service 750cf73f-337d-432c-9d53-30fab548b45c is updated
2017-10-28 06:27:42.755 28541 INFO heat.engine.service [req-fd6510cb-dc1f-4e00-92f4-a16883fa480e - - - - -] Service 28f76f02-d340-4517-9f1d-cb1f7fd704ac is updated
2017-10-28 06:27:42.768 28554 INFO heat.engine.service [req-1f83a93b-cf73-4fdb-9a59-6f158f5ea205 - - - - -] Service c7479ed7-747a-48d4-9a5a-b7161a57c39e is updated
2017-10-28 06:27:42.788 28530 INFO heat.engine.service [req-8dfc1dc3-c0eb-4491-9d9d-c07bab05b732 - - - - -] Service caf6df39-f07f-489e-9581-9b70becae9e2 is updated
2017-10-28 06:27:42.792 28549 INFO heat.engine.service [req-c4ec5a97-a689-4f10-b320-96ef001c42ac - - - - -] Service 8942a6af-7411-45cf-9672-1c7d3127c49f is updated
2017-10-28 06:27:42.804 28537 INFO heat.engine.service [req-a7d0843e-6f7e-4493-bcab-d35a992fe484 - - - - -] Service fd1e41c5-b76e-4f95-9fd6-4a9c3d626081 is updated
2017-10-28 06:27:42.852 28518 INFO heat.engine.service [req-311788bf-5c8b-49af-b406-805bbcdb317f - - - - -] Service dd24efbc-8915-43d4-af30-b40fa3b43c47 is updated
2017-10-28 06:27:42.862 28512 INFO heat.engine.service [req-48f5bb3d-804a-4d09-8378-863ee42c5cca - - - - -] Service fc9cbb06-6f7c-4b69-b947-05f204b3ce3c is updated
2017-10-28 06:27:42.866 28534 INFO heat.engine.service [req-f7c8a58b-5c8b-493c-999e-7154b304bacc - - - - -] Service 7cdf9070-e34d-436d-aa75-65b1eb388638 is updated
2017-10-28 06:27:42.883 28556 INFO heat.engine.service [req-4b7b711f-2546-4723-80d6-97b5df7c4e00 - - - - -] Service 30227806-eb6a-421b-b64b-1f4e769dde97 is updated
2017-10-28 06:27:42.893 28551 INFO heat.engine.service [req-a2aeb918-7eba-4dc8-8549-4f28013f7773 - - - - -] Service 560cd9d1-ade5-4123-8efe-4822dbddfe23 is updated
2017-10-28 06:27:42.897 28558 INFO heat.engine.service [req-a54fbaa2-4d92-46fc-8bc5-d5eea080ee26 - - - - -] Service ce91c6b2-92c3-4791-9658-c7753c86c265 is updated
2017-10-28 06:27:42.900 28515 INFO heat.engine.service [req-fa9bcb5c-4d3a-4ed1-a39f-efca50ced355 - - - - -] Service 1a670f48-191d-4af2-ba9b-d59280a34029 is updated
2017-10-28 06:27:42.916 28535 INFO heat.engine.service [req-5cbd5447-1f6e-4127-9e3a-0bbc1dafb1a4 - - - - -] Service fb8da2fb-0ff3-4afc-956a-7d78b638efc3 is updated
2017-10-28 06:27:42.915 28521 INFO heat.engine.service [req-96723ba2-4288-4eac-a0e2-5e43b58de2db - - - - -] Service d42598ab-5331-4bf4-a271-327e00c8675f is updated
2017-10-28 06:27:42.916 28550 INFO heat.engine.service [req-a545921d-c22b-4f89-94f1-e3f399b670c4 - - - - -] Service ac79e68c-b408-42b8-9a3f-aaa256fcf8f0 is updated
2017-10-28 06:27:42.921 28531 INFO heat.engine.service [req-0b33c92e-b12f-47f0-a68a-df6e29cf5462 - - - - -] Service ff837399-1603-480b-89cf-1947330a42ab is updated
2017-10-28 06:27:42.928 28525 INFO heat.engine.service [req-fb1bf5c0-286a-40dd-a66b-9ceb2b5061fd - - - - -] Service 12fa1fd5-3e02-4695-9acb-ecf6d0c6be7e is updated
2017-10-28 06:27:42.943 28540 INFO heat.engine.service [req-f9422522-121e-438f-8a11-55b2d4271496 - - - - -] Service 48ab0354-0cc3-4574-8b4b-39578b4811f9 is updated
2017-10-28 06:27:42.956 28555 INFO heat.engine.service [req-aa342244-748f-410a-bc25-3ba109cec7ef - - - - -] Service 6b1b66de-35d9-4105-bcd5-aa680ffcddec is updated
2017-10-28 06:27:43.084 28559 INFO heat.engine.service [req-e4aae52e-ed3d-44ce-adec-77a72e289980 - - - - -] Service d321ca62-b768-43f2-9c4f-f4308f362b40 is updated
2017-10-28 06:27:43.296 28539 INFO heat.engine.service [req-f6711993-24db-4531-8db0-7ad98c2343a6 - - - - -] Service 75a95404-a1b5-44f6-ba31-90e0e95c8ad0 is updated
2017-10-28 06:27:44.494 28514 INFO heat.engine.service [req-dee02c06-c5d0-41a4-9362-c5f814ae137c - - - - -] Service c1ca77d3-4c81-441a-914c-e8e1795d0819 is updated
2017-10-28 06:28:42.290 28529 INFO heat.engine.service [req-e6f646ea-1e7c-4bcd-98aa-de6eecd2e835 - - - - -] Service 4e596928-014f-46fe-904b-2c69d0122faa is updated
2017-10-28 06:28:42.294 28527 INFO heat.engine.service [req-1ec69f15-053d-4d8c-9b83-35e8cb99fdaf - - - - -] Service 27b05062-f4e2-41b9-a5a1-b78a8e7a7cab is updated
2017-10-28 06:28:42.346 28553 INFO heat.engine.service [req-9e58a712-1e9d-4c66-a810-bdb6d7254165 - - - - -] Service 1231c634-a611-4552-9733-0bcd0229559d is updated
2017-10-28 06:28:42.393 28522 INFO heat.engine.service [req-93cbb9ef-de0a-4c00-b9cd-bd3545cf4db5 - - - - -] Service 0b05fddd-7118-49f7-b698-e81b89f80dd0 is updated
2017-10-28 06:28:42.436 28523 INFO heat.engine.service [req-d0261a64-fd11-4923-a0f0-2cad60463171 - - - - -] Service d7cc827c-6c72-4bc7-9c27-48fae872f1b6 is updated
2017-10-28 06:28:42.443 28511 INFO heat.engine.service [req-e4f77a90-26c5-4e56-98bd-fedc25a1ef58 - - - - -] Service c4991b42-b929-41c8-92ba-07735294b97d is updated
2017-10-28 06:28:42.445 28542 INFO heat.engine.service [req-2abbe23d-00b2-4851-97c0-bf38cbbb3ced - - - - -] Service 94a1afb2-8a32-439d-ab8f-e06a961e4433 is updated
2017-10-28 06:28:42.454 28532 INFO heat.engine.service [req-8e689f11-0bc7-48d9-8dc3-dcdf5d87e514 - - - - -] Service 5e954547-3083-4e91-b56e-edaec69d9004 is updated
2017-10-28 06:28:42.476 28552 INFO heat.engine.service [req-b91e1b13-e577-4569-ad6f-318c6fe9878a - - - - -] Service e9eaa51d-d288-442a-bc48-944d997543a3 is updated
2017-10-28 06:28:42.481 28513 INFO heat.engine.service [req-0d37654c-5069-4b77-8635-24958ef5cad2 - - - - -] Service 5ce1d5ea-a507-4dce-98d2-430354f1824f is updated
2017-10-28 06:28:42.486 28538 INFO heat.engine.service [req-1c6729de-673d-4479-8549-f9520e9ed82b - - - - -] Service 174f2dbb-df8a-4407-b210-723a658db9cb is updated
2017-10-28 06:28:42.490 28516 INFO heat.engine.service [req-e2854b13-c018-41bf-9667-ad9f21476b98 - - - - -] Service 2d84e3bb-febf-485e-87fe-d93b4c80d1c4 is updated
2017-10-28 06:28:42.500 28561 INFO heat.engine.service [req-7fa6fdcf-84e9-44eb-9c2a-3f8df29aca33 - - - - -] Service 5320c9fe-fd90-45e2-9c81-06f88b38f36b is updated
2017-10-28 06:28:42.534 28520 INFO heat.engine.service [req-d249a042-94a4-49a6-8a73-57ff6aad7fde - - - - -] Service 4afb81d2-1ea2-4a4b-bc5f-b909623e3e74 is updated
2017-10-28 06:28:42.577 28564 INFO heat.engine.service [req-8d63687f-e5f2-474c-b15d-b65e29cc795e - - - - -] Service 8f50a07c-7ad8-4a6d-a9d3-37e4c8f0ba53 is updated
2017-10-28 06:28:42.580 28562 INFO heat.engine.service [req-a313405d-f1fc-4aa1-b3e5-ef570c5cbba9 - - - - -] Service b207e39f-b808-4c6c-8285-bd415d13ec10 is updated
2017-10-28 06:28:42.606 28510 INFO heat.engine.service [req-0e634342-8fb2-42b7-b4e2-c04f81bc70a3 - - - - -] Service 4669f065-a489-481e-9850-91a9f44bc077 is updated
2017-10-28 06:28:42.623 28536 INFO heat.engine.service [req-54ed3819-35d9-4d8b-bef8-f7f372b88e5b - - - - -] Service 98ecc1ea-b227-42dc-82e7-30ac1ed9fca4 is updated
2017-10-28 06:28:42.627 28560 INFO heat.engine.service [req-e81c90eb-393c-4e76-bc88-cc23e4b17e25 - - - - -] Service 3b95e8e7-8709-45d2-a464-bac772180735 is updated
2017-10-28 06:28:42.687 28519 INFO heat.engine.service [req-a762653e-0e8b-4e39-a019-5ca6a7d69226 - - - - -] Service 7d2457db-265f-4f09-a7ed-68db183e0384 is updated
2017-10-28 06:28:42.694 28557 INFO heat.engine.service [req-aa272fb5-6c68-4b21-b8e8-ff4eb3ca12be - - - - -] Service 98f930a8-31b2-4e4d-8712-9e6fea660e73 is updated
2017-10-28 06:28:42.706 28563 INFO heat.engine.service [req-02525ec6-a91f-4aac-99ef-5bd8531d10d3 - - - - -] Service 4eca1835-2fb1-450f-b336-3867986a581d is updated
2017-10-28 06:28:42.722 28533 INFO heat.engine.service [req-013986ba-356d-4e84-90fc-8394c78ce0f6 - - - - -] Service 3a35d7bf-f1bd-4589-a5c3-8000c3b24793 is updated
2017-10-28 06:28:42.733 28524 INFO heat.engine.service [req-cbf23703-c193-4ce8-a418-c5d1b6efc2ce - - - - -] Service 2f511c44-ddf4-43a7-9fd0-41f210a8b669 is updated
2017-10-28 06:28:42.736 28517 INFO heat.engine.service [req-e72d1711-791a-4703-b294-0b33dac07748 - - - - -] Service 750cf73f-337d-432c-9d53-30fab548b45c is updated
2017-10-28 06:28:42.740 28547 INFO heat.engine.service [req-ab7aba54-36b7-497c-a9e1-a1ade32129bc - - - - -] Service 25707d32-efb1-423a-b2d4-e11dfe67bcdc is updated
2017-10-28 06:28:42.752 28541 INFO heat.engine.service [req-4d91299c-4ee2-4867-8402-92fd64d00c05 - - - - -] Service 28f76f02-d340-4517-9f1d-cb1f7fd704ac is updated
2017-10-28 06:28:42.765 28554 INFO heat.engine.service [req-9a9023ec-7219-48a8-8840-03f0218e6dcd - - - - -] Service c7479ed7-747a-48d4-9a5a-b7161a57c39e is updated
2017-10-28 06:28:42.786 28530 INFO heat.engine.service [req-470f5643-1594-4cdc-a884-98466db28c3c - - - - -] Service caf6df39-f07f-489e-9581-9b70becae9e2 is updated
2017-10-28 06:28:42.791 28549 INFO heat.engine.service [req-53f39b5c-e9d8-4577-b4ed-c73d14f1520b - - - - -] Service 8942a6af-7411-45cf-9672-1c7d3127c49f is updated
2017-10-28 06:28:42.802 28537 INFO heat.engine.service [req-b1f6067e-0b84-4239-8f53-d5ad40d01794 - - - - -] Service fd1e41c5-b76e-4f95-9fd6-4a9c3d626081 is updated
2017-10-28 06:28:42.849 28518 INFO heat.engine.service [req-26a34ce1-e9da-46e8-89a8-c9ec48584d7f - - - - -] Service dd24efbc-8915-43d4-af30-b40fa3b43c47 is updated
2017-10-28 06:28:42.861 28512 INFO heat.engine.service [req-8b42405a-ad78-428b-96ba-78cea7ac2078 - - - - -] Service fc9cbb06-6f7c-4b69-b947-05f204b3ce3c is updated
2017-10-28 06:28:42.863 28534 INFO heat.engine.service [req-38fe87cd-c18b-4afd-9ccb-ea67eeb6b122 - - - - -] Service 7cdf9070-e34d-436d-aa75-65b1eb388638 is updated
2017-10-28 06:28:42.880 28556 INFO heat.engine.service [req-b547bafc-8fc5-4730-bfca-47eaba65642a - - - - -] Service 30227806-eb6a-421b-b64b-1f4e769dde97 is updated
2017-10-28 06:28:42.891 28551 INFO heat.engine.service [req-cd116616-e069-46e9-be15-138c1a754db0 - - - - -] Service 560cd9d1-ade5-4123-8efe-4822dbddfe23 is updated
2017-10-28 06:28:42.894 28558 INFO heat.engine.service [req-7c150807-ae6e-4655-b2d3-f1d204fefe58 - - - - -] Service ce91c6b2-92c3-4791-9658-c7753c86c265 is updated
2017-10-28 06:28:42.897 28515 INFO heat.engine.service [req-1cf2d538-eab3-4918-b53c-d5b1472d55d0 - - - - -] Service 1a670f48-191d-4af2-ba9b-d59280a34029 is updated
2017-10-28 06:28:42.913 28521 INFO heat.engine.service [req-549b0c13-d50c-4c3a-8417-139704eca5cd - - - - -] Service d42598ab-5331-4bf4-a271-327e00c8675f is updated
2017-10-28 06:28:42.913 28550 INFO heat.engine.service [req-5d267605-e26d-4791-a52e-8b4d448dcb75 - - - - -] Service ac79e68c-b408-42b8-9a3f-aaa256fcf8f0 is updated
2017-10-28 06:28:42.924 28535 INFO heat.engine.service [req-8e7ebd86-7d56-4879-be30-5abd1cee976c - - - - -] Service fb8da2fb-0ff3-4afc-956a-7d78b638efc3 is updated
2017-10-28 06:28:42.925 28525 INFO heat.engine.service [req-3bdf1e82-7871-47b3-88e1-b135499f367d - - - - -] Service 12fa1fd5-3e02-4695-9acb-ecf6d0c6be7e is updated
2017-10-28 06:28:42.927 28531 INFO heat.engine.service [req-c0248dab-b449-4333-ad33-7e72d214bdc5 - - - - -] Service ff837399-1603-480b-89cf-1947330a42ab is updated
2017-10-28 06:28:42.940 28540 INFO heat.engine.service [req-f8f3a98c-ede1-4dbc-a6c7-a20dc1f59a0d - - - - -] Service 48ab0354-0cc3-4574-8b4b-39578b4811f9 is updated
2017-10-28 06:28:42.951 28555 INFO heat.engine.service [req-9ee32001-6522-4c45-ba6a-4368227b8e77 - - - - -] Service 6b1b66de-35d9-4105-bcd5-aa680ffcddec is updated
2017-10-28 06:28:43.081 28559 INFO heat.engine.service [req-c297d5ae-dc69-4e20-9d49-da3f547bb542 - - - - -] Service d321ca62-b768-43f2-9c4f-f4308f362b40 is updated
2017-10-28 06:28:43.294 28539 INFO heat.engine.service [req-49424c7e-caa4-4fd7-b59e-6a1460065b15 - - - - -] Service 75a95404-a1b5-44f6-ba31-90e0e95c8ad0 is updated
2017-10-28 06:28:44.492 28514 INFO heat.engine.service [req-5c2f2c42-f13f-4b64-9c6e-a5e418a3d13d - - - - -] Service c1ca77d3-4c81-441a-914c-e8e1795d0819 is updated
2017-10-28 06:29:42.292 28527 INFO heat.engine.service [req-2fd6e019-d0a4-4c1f-8d6c-670a54ea3442 - - - - -] Service 27b05062-f4e2-41b9-a5a1-b78a8e7a7cab is updated
2017-10-28 06:29:42.297 28529 INFO heat.engine.service [req-c0ca6ee6-e65c-45ba-b091-091ca1fc0ebe - - - - -] Service 4e596928-014f-46fe-904b-2c69d0122faa is updated
2017-10-28 06:29:42.354 28553 INFO heat.engine.service [req-24bd13ef-a3f8-4c7f-a09c-dd86b0042d88 - - - - -] Service 1231c634-a611-4552-9733-0bcd0229559d is updated
2017-10-28 06:29:42.392 28522 INFO heat.engine.service [req-77497c22-0bb2-446b-b107-0fbaeac789e9 - - - - -] Service 0b05fddd-7118-49f7-b698-e81b89f80dd0 is updated
2017-10-28 06:29:42.423 28523 INFO heat.engine.service [req-41b9aff5-00b9-4765-95a9-dbe4da2a2758 - - - - -] Service d7cc827c-6c72-4bc7-9c27-48fae872f1b6 is updated
2017-10-28 06:29:42.432 28511 INFO heat.engine.service [req-27d01046-7bf0-419a-b841-2f2ef39dbb30 - - - - -] Service c4991b42-b929-41c8-92ba-07735294b97d is updated
2017-10-28 06:29:42.433 28542 INFO heat.engine.service [req-736eca0a-6da7-4aaf-b64d-353d991438cd - - - - -] Service 94a1afb2-8a32-439d-ab8f-e06a961e4433 is updated
2017-10-28 06:29:42.450 28532 INFO heat.engine.service [req-a992aa12-9bb9-4f92-b0cd-e4baa1ebd3a7 - - - - -] Service 5e954547-3083-4e91-b56e-edaec69d9004 is updated
2017-10-28 06:29:42.473 28552 INFO heat.engine.service [req-781fe270-3e74-4290-835a-a04eba6dbdb3 - - - - -] Service e9eaa51d-d288-442a-bc48-944d997543a3 is updated
2017-10-28 06:29:42.479 28513 INFO heat.engine.service [req-d7980cc6-6112-475c-826f-04761ab058a3 - - - - -] Service 5ce1d5ea-a507-4dce-98d2-430354f1824f is updated
2017-10-28 06:29:42.483 28538 INFO heat.engine.service [req-36c78f2d-d92c-4c2a-8474-ae9b83759ed0 - - - - -] Service 174f2dbb-df8a-4407-b210-723a658db9cb is updated
2017-10-28 06:29:42.487 28516 INFO heat.engine.service [req-6435e79a-48c3-425e-8970-85d92184fb5b - - - - -] Service 2d84e3bb-febf-485e-87fe-d93b4c80d1c4 is updated
2017-10-28 06:29:42.496 28561 INFO heat.engine.service [req-30f419cf-a572-4a3a-827a-cfc3b07c44bc - - - - -] Service 5320c9fe-fd90-45e2-9c81-06f88b38f36b is updated
2017-10-28 06:29:42.532 28520 INFO heat.engine.service [req-018840b4-6f3e-499e-98a4-d7f5cca51ccb - - - - -] Service 4afb81d2-1ea2-4a4b-bc5f-b909623e3e74 is updated
2017-10-28 06:29:42.579 28562 INFO heat.engine.service [req-a7c5a718-2a8e-4694-b2bc-39c9ee1e5838 - - - - -] Service b207e39f-b808-4c6c-8285-bd415d13ec10 is updated
2017-10-28 06:29:42.580 28564 INFO heat.engine.service [req-a493ce5b-88d0-4115-aa2f-0835da95e187 - - - - -] Service 8f50a07c-7ad8-4a6d-a9d3-37e4c8f0ba53 is updated
2017-10-28 06:29:42.603 28510 INFO heat.engine.service [req-7befa729-1ad7-4551-b5e7-7addb178325c - - - - -] Service 4669f065-a489-481e-9850-91a9f44bc077 is updated
2017-10-28 06:29:42.620 28536 INFO heat.engine.service [req-b2760a37-e736-48c2-83e2-0d0575444df7 - - - - -] Service 98ecc1ea-b227-42dc-82e7-30ac1ed9fca4 is updated
2017-10-28 06:29:42.622 28560 INFO heat.engine.service [req-bbfc6283-c893-47dc-90ca-b3cffdedfef0 - - - - -] Service 3b95e8e7-8709-45d2-a464-bac772180735 is updated
2017-10-28 06:29:42.687 28519 INFO heat.engine.service [req-0cfc428a-b4e7-4ed3-8b6f-73256f16b445 - - - - -] Service 7d2457db-265f-4f09-a7ed-68db183e0384 is updated
2017-10-28 06:29:42.703 28557 INFO heat.engine.service [req-15fbf11f-07d4-47c4-9a02-3b47b5b9b334 - - - - -] Service 98f930a8-31b2-4e4d-8712-9e6fea660e73 is updated
2017-10-28 06:29:42.705 28563 INFO heat.engine.service [req-227c3d32-1e0e-4728-9740-b0480481dbf4 - - - - -] Service 4eca1835-2fb1-450f-b336-3867986a581d is updated
2017-10-28 06:29:42.721 28533 INFO heat.engine.service [req-4ffcc3c8-258e-43e1-9008-e67d6b8e50c2 - - - - -] Service 3a35d7bf-f1bd-4589-a5c3-8000c3b24793 is updated
2017-10-28 06:29:42.731 28524 INFO heat.engine.service [req-1f6f0de7-8ab5-4550-a049-0b1fbb897fed - - - - -] Service 2f511c44-ddf4-43a7-9fd0-41f210a8b669 is updated
2017-10-28 06:29:42.735 28517 INFO heat.engine.service [req-8936a45d-147d-41b6-9d16-6a616eae7e19 - - - - -] Service 750cf73f-337d-432c-9d53-30fab548b45c is updated
2017-10-28 06:29:42.740 28547 INFO heat.engine.service [req-3ab1f723-94b7-4887-b83b-2da587205dd7 - - - - -] Service 25707d32-efb1-423a-b2d4-e11dfe67bcdc is updated
2017-10-28 06:29:42.751 28541 INFO heat.engine.service [req-eaeb3819-73a4-4a1a-916b-53e08768b0a4 - - - - -] Service 28f76f02-d340-4517-9f1d-cb1f7fd704ac is updated
2017-10-28 06:29:42.762 28554 INFO heat.engine.service [req-f317f73b-3f60-4a2b-9aac-1b53b395c205 - - - - -] Service c7479ed7-747a-48d4-9a5a-b7161a57c39e is updated
2017-10-28 06:29:42.783 28530 INFO heat.engine.service [req-fa13433d-0466-4ad6-9571-efc5a0dc8ebb - - - - -] Service caf6df39-f07f-489e-9581-9b70becae9e2 is updated
2017-10-28 06:29:42.789 28549 INFO heat.engine.service [req-6f48fc4d-f961-4f68-a232-4a00e65a28ba - - - - -] Service 8942a6af-7411-45cf-9672-1c7d3127c49f is updated
2017-10-28 06:29:42.802 28537 INFO heat.engine.service [req-40be1dd2-dc73-4bf9-bb50-588aa62c53cc - - - - -] Service fd1e41c5-b76e-4f95-9fd6-4a9c3d626081 is updated
2017-10-28 06:29:42.847 28518 INFO heat.engine.service [req-d13104c6-7f90-4bd0-9440-52420c89ecd9 - - - - -] Service dd24efbc-8915-43d4-af30-b40fa3b43c47 is updated
2017-10-28 06:29:42.859 28512 INFO heat.engine.service [req-a663bf3f-5883-4aa1-a51e-ea6ff5a914a8 - - - - -] Service fc9cbb06-6f7c-4b69-b947-05f204b3ce3c is updated
2017-10-28 06:29:42.861 28534 INFO heat.engine.service [req-9384b3ea-ae49-4513-978b-ea863b6bc8dc - - - - -] Service 7cdf9070-e34d-436d-aa75-65b1eb388638 is updated
2017-10-28 06:29:42.877 28556 INFO heat.engine.service [req-8867bca7-32d8-4fdb-9ee7-d41a84ab4e58 - - - - -] Service 30227806-eb6a-421b-b64b-1f4e769dde97 is updated
2017-10-28 06:29:42.887 28551 INFO heat.engine.service [req-094a9682-6982-4eea-b730-d949a50fd2fb - - - - -] Service 560cd9d1-ade5-4123-8efe-4822dbddfe23 is updated
2017-10-28 06:29:42.891 28558 INFO heat.engine.service [req-f9a012fd-4039-448f-8312-63034b9db801 - - - - -] Service ce91c6b2-92c3-4791-9658-c7753c86c265 is updated
2017-10-28 06:29:42.894 28515 INFO heat.engine.service [req-30b09a1f-3fc2-48f8-8f99-71861df91f0f - - - - -] Service 1a670f48-191d-4af2-ba9b-d59280a34029 is updated
2017-10-28 06:29:42.909 28521 INFO heat.engine.service [req-746a9188-bb76-4ca3-b0b1-de278b3d1acb - - - - -] Service d42598ab-5331-4bf4-a271-327e00c8675f is updated
2017-10-28 06:29:42.910 28550 INFO heat.engine.service [req-34710b1e-2970-45f5-b8a4-d496ab05c586 - - - - -] Service ac79e68c-b408-42b8-9a3f-aaa256fcf8f0 is updated
2017-10-28 06:29:42.920 28535 INFO heat.engine.service [req-26a228de-c413-4747-8e59-b73068f202b8 - - - - -] Service fb8da2fb-0ff3-4afc-956a-7d78b638efc3 is updated
2017-10-28 06:29:42.921 28525 INFO heat.engine.service [req-63abe3a7-f1f9-4052-afb6-b862c13af8ad - - - - -] Service 12fa1fd5-3e02-4695-9acb-ecf6d0c6be7e is updated
2017-10-28 06:29:42.923 28531 INFO heat.engine.service [req-4a9790c9-9c06-433b-8199-3d983dce8fc1 - - - - -] Service ff837399-1603-480b-89cf-1947330a42ab is updated
2017-10-28 06:29:42.938 28540 INFO heat.engine.service [req-fab4329e-81b5-415c-989b-5be5d867e4dc - - - - -] Service 48ab0354-0cc3-4574-8b4b-39578b4811f9 is updated
2017-10-28 06:29:42.951 28555 INFO heat.engine.service [req-99f0e990-4e65-40c2-9ab7-74f3c0132d72 - - - - -] Service 6b1b66de-35d9-4105-bcd5-aa680ffcddec is updated
2017-10-28 06:29:43.078 28559 INFO heat.engine.service [req-e8db1b48-a8a0-4a59-8bc8-f53f856d6423 - - - - -] Service d321ca62-b768-43f2-9c4f-f4308f362b40 is updated
2017-10-28 06:29:43.292 28539 INFO heat.engine.service [req-525f48d6-b493-4fb8-add9-5776e1cf4437 - - - - -] Service 75a95404-a1b5-44f6-ba31-90e0e95c8ad0 is updated
2017-10-28 06:29:44.490 28514 INFO heat.engine.service [req-014be852-0d71-47aa-a8da-53b4e356c476 - - - - -] Service c1ca77d3-4c81-441a-914c-e8e1795d0819 is updated
2017-10-28 06:30:42.289 28527 INFO heat.engine.service [req-ffb0c065-7e0b-4af0-a672-3f29a3da0d35 - - - - -] Service 27b05062-f4e2-41b9-a5a1-b78a8e7a7cab is updated
2017-10-28 06:30:42.294 28529 INFO heat.engine.service [req-ef0c4cc6-55db-45c2-a489-88fd8f7d6c7b - - - - -] Service 4e596928-014f-46fe-904b-2c69d0122faa is updated
2017-10-28 06:30:42.351 28553 INFO heat.engine.service [req-14502a83-1581-4616-989e-d1ca9e10b749 - - - - -] Service 1231c634-a611-4552-9733-0bcd0229559d is updated
2017-10-28 06:30:42.391 28522 INFO heat.engine.service [req-e8d4bc49-284c-4f35-915a-4b90c38e56a6 - - - - -] Service 0b05fddd-7118-49f7-b698-e81b89f80dd0 is updated
2017-10-28 06:30:42.420 28523 INFO heat.engine.service [req-cbfe1d18-185c-48aa-a952-8bd9dacf0b72 - - - - -] Service d7cc827c-6c72-4bc7-9c27-48fae872f1b6 is updated
2017-10-28 06:30:42.429 28511 INFO heat.engine.service [req-ff3accd5-692d-4e57-8278-358ffa9c344d - - - - -] Service c4991b42-b929-41c8-92ba-07735294b97d is updated
2017-10-28 06:30:42.431 28542 INFO heat.engine.service [req-d18629c5-86df-4d18-8d76-dc7f11b6405b - - - - -] Service 94a1afb2-8a32-439d-ab8f-e06a961e4433 is updated
2017-10-28 06:30:42.448 28532 INFO heat.engine.service [req-682fe6b0-d50b-4018-b51f-8a981a05018d - - - - -] Service 5e954547-3083-4e91-b56e-edaec69d9004 is updated
2017-10-28 06:30:42.471 28552 INFO heat.engine.service [req-491e07cb-5df7-4755-a8db-b85ce287f474 - - - - -] Service e9eaa51d-d288-442a-bc48-944d997543a3 is updated
2017-10-28 06:30:42.477 28513 INFO heat.engine.service [req-29480c19-58d6-4ae8-8616-7e867311d037 - - - - -] Service 5ce1d5ea-a507-4dce-98d2-430354f1824f is updated
2017-10-28 06:30:42.480 28538 INFO heat.engine.service [req-7a14ae27-8c0d-4827-bf0e-637edfcc6112 - - - - -] Service 174f2dbb-df8a-4407-b210-723a658db9cb is updated
2017-10-28 06:30:42.485 28516 INFO heat.engine.service [req-e175a749-84ca-4213-8560-433765ae1da5 - - - - -] Service 2d84e3bb-febf-485e-87fe-d93b4c80d1c4 is updated
2017-10-28 06:30:42.493 28561 INFO heat.engine.service [req-ad66755b-859c-406f-af69-0cf7c3028c33 - - - - -] Service 5320c9fe-fd90-45e2-9c81-06f88b38f36b is updated
2017-10-28 06:30:42.530 28520 INFO heat.engine.service [req-1c36173a-6505-4f16-b6cb-a3ca677f3e1a - - - - -] Service 4afb81d2-1ea2-4a4b-bc5f-b909623e3e74 is updated
2017-10-28 06:30:42.577 28562 INFO heat.engine.service [req-397e6224-6f67-4dd6-a99a-d7d25a030aee - - - - -] Service b207e39f-b808-4c6c-8285-bd415d13ec10 is updated
2017-10-28 06:30:42.578 28564 INFO heat.engine.service [req-44245e43-286b-4718-88a8-fd0e8fa562ac - - - - -] Service 8f50a07c-7ad8-4a6d-a9d3-37e4c8f0ba53 is updated
2017-10-28 06:30:42.602 28510 INFO heat.engine.service [req-1f645f7f-4c1b-440c-9a87-2a95bc15d94e - - - - -] Service 4669f065-a489-481e-9850-91a9f44bc077 is updated
2017-10-28 06:30:42.617 28536 INFO heat.engine.service [req-3d4ae98e-c599-447a-87cf-5bce5775de27 - - - - -] Service 98ecc1ea-b227-42dc-82e7-30ac1ed9fca4 is updated
2017-10-28 06:30:42.619 28560 INFO heat.engine.service [req-191e8331-2dbe-4977-86eb-d690b91810e0 - - - - -] Service 3b95e8e7-8709-45d2-a464-bac772180735 is updated
2017-10-28 06:30:42.687 28519 INFO heat.engine.service [req-36db02ef-58df-4d79-bd0b-b4acf4d7a166 - - - - -] Service 7d2457db-265f-4f09-a7ed-68db183e0384 is updated
2017-10-28 06:30:42.700 28557 INFO heat.engine.service [req-3c8168c4-4ce2-4008-aa70-067569f22722 - - - - -] Service 98f930a8-31b2-4e4d-8712-9e6fea660e73 is updated
2017-10-28 06:30:42.703 28563 INFO heat.engine.service [req-673f631b-e1d7-451d-b315-9f0ca24c2a16 - - - - -] Service 4eca1835-2fb1-450f-b336-3867986a581d is updated
2017-10-28 06:30:42.718 28533 INFO heat.engine.service [req-887b3476-fa65-4092-aaed-bed278827ee3 - - - - -] Service 3a35d7bf-f1bd-4589-a5c3-8000c3b24793 is updated
2017-10-28 06:30:42.778 28524 INFO heat.engine.service [req-ad617944-7a2b-482d-80db-9d829bba60b4 - - - - -] Service 2f511c44-ddf4-43a7-9fd0-41f210a8b669 is updated
2017-10-28 06:30:42.781 28517 INFO heat.engine.service [req-e7e4e685-6c45-4cd6-a6fe-6aab4ac38a0d - - - - -] Service 750cf73f-337d-432c-9d53-30fab548b45c is updated
2017-10-28 06:30:42.786 28554 INFO heat.engine.service [req-7fa66e16-ed43-4f4d-968e-4251c8f0a68c - - - - -] Service c7479ed7-747a-48d4-9a5a-b7161a57c39e is updated
2017-10-28 06:30:42.786 28530 INFO heat.engine.service [req-209f6c9c-df0d-47ec-aca0-304dc49063fc - - - - -] Service caf6df39-f07f-489e-9581-9b70becae9e2 is updated
2017-10-28 06:30:42.788 28547 INFO heat.engine.service [req-e0f7e1d8-e1a0-44b0-b09e-99f3ce57d710 - - - - -] Service 25707d32-efb1-423a-b2d4-e11dfe67bcdc is updated
2017-10-28 06:30:42.789 28541 INFO heat.engine.service [req-f5fc13ad-e33a-4698-9f36-2520dddb834f - - - - -] Service 28f76f02-d340-4517-9f1d-cb1f7fd704ac is updated
2017-10-28 06:30:42.789 28549 INFO heat.engine.service [req-755a2d51-f16c-4d13-b7d7-b5ebc4e7a7c2 - - - - -] Service 8942a6af-7411-45cf-9672-1c7d3127c49f is updated
2017-10-28 06:30:42.800 28537 INFO heat.engine.service [req-70572705-e353-4808-bfcb-d56defb50250 - - - - -] Service fd1e41c5-b76e-4f95-9fd6-4a9c3d626081 is updated
2017-10-28 06:30:42.844 28518 INFO heat.engine.service [req-48ef907a-4b76-41c3-b093-b96c1327bbd9 - - - - -] Service dd24efbc-8915-43d4-af30-b40fa3b43c47 is updated
2017-10-28 06:30:42.856 28512 INFO heat.engine.service [req-f17a7669-9357-41c4-93bd-7228acb0dda5 - - - - -] Service fc9cbb06-6f7c-4b69-b947-05f204b3ce3c is updated
2017-10-28 06:30:42.858 28534 INFO heat.engine.service [req-c87e6629-af21-4a3b-bd89-bd7d5984c6fc - - - - -] Service 7cdf9070-e34d-436d-aa75-65b1eb388638 is updated
2017-10-28 06:30:42.874 28556 INFO heat.engine.service [req-a9c1ec4c-348a-4d88-bc09-4c01130fc231 - - - - -] Service 30227806-eb6a-421b-b64b-1f4e769dde97 is updated
2017-10-28 06:30:42.885 28551 INFO heat.engine.service [req-87e1c1fb-7721-431e-9f09-1b9f0050e667 - - - - -] Service 560cd9d1-ade5-4123-8efe-4822dbddfe23 is updated
2017-10-28 06:30:42.888 28558 INFO heat.engine.service [req-b5d84a95-6f41-492c-ba14-c1b903b3a9d7 - - - - -] Service ce91c6b2-92c3-4791-9658-c7753c86c265 is updated
2017-10-28 06:30:42.891 28515 INFO heat.engine.service [req-583b34c4-de54-47d9-b17f-49c6fb05e11a - - - - -] Service 1a670f48-191d-4af2-ba9b-d59280a34029 is updated
2017-10-28 06:30:42.906 28521 INFO heat.engine.service [req-233f83f4-484c-4345-94ab-6e29ac531848 - - - - -] Service d42598ab-5331-4bf4-a271-327e00c8675f is updated
2017-10-28 06:30:42.907 28550 INFO heat.engine.service [req-fdc0aa35-a7a8-4805-89be-7be427a4d922 - - - - -] Service ac79e68c-b408-42b8-9a3f-aaa256fcf8f0 is updated
2017-10-28 06:30:42.917 28535 INFO heat.engine.service [req-75c33042-4472-4696-8863-99eb09c60616 - - - - -] Service fb8da2fb-0ff3-4afc-956a-7d78b638efc3 is updated
2017-10-28 06:30:42.924 28531 INFO heat.engine.service [req-1f66765e-9323-4861-96c5-78509900b230 - - - - -] Service ff837399-1603-480b-89cf-1947330a42ab is updated
2017-10-28 06:30:42.925 28525 INFO heat.engine.service [req-0e78e6dc-3ed1-43f3-81d6-7d2e5c60925d - - - - -] Service 12fa1fd5-3e02-4695-9acb-ecf6d0c6be7e is updated
2017-10-28 06:30:42.935 28540 INFO heat.engine.service [req-5d5b4797-e38f-47a8-ab3b-0d171eccd572 - - - - -] Service 48ab0354-0cc3-4574-8b4b-39578b4811f9 is updated
2017-10-28 06:30:42.944 28555 INFO heat.engine.service [req-178d6afc-c2bc-4642-bdc0-831896861950 - - - - -] Service 6b1b66de-35d9-4105-bcd5-aa680ffcddec is updated
2017-10-28 06:30:43.075 28559 INFO heat.engine.service [req-df642f02-74bb-42cb-bae1-050ec1514616 - - - - -] Service d321ca62-b768-43f2-9c4f-f4308f362b40 is updated
2017-10-28 06:30:43.289 28539 INFO heat.engine.service [req-a923ea1d-970a-4c63-8078-92203ab55ec5 - - - - -] Service 75a95404-a1b5-44f6-ba31-90e0e95c8ad0 is updated
2017-10-28 06:30:44.488 28514 INFO heat.engine.service [req-eb9a9fe0-949e-48e9-96f8-6937b2463974 - - - - -] Service c1ca77d3-4c81-441a-914c-e8e1795d0819 is updated
2017-10-28 06:31:42.286 28527 INFO heat.engine.service [req-63e28104-464a-4a1c-969a-5167e0be8700 - - - - -] Service 27b05062-f4e2-41b9-a5a1-b78a8e7a7cab is updated
2017-10-28 06:31:42.290 28529 INFO heat.engine.service [req-80b0322f-8cc9-4d15-a269-9e94a09bd11f - - - - -] Service 4e596928-014f-46fe-904b-2c69d0122faa is updated
2017-10-28 06:31:42.346 28553 INFO heat.engine.service [req-cbd0fb8d-29ec-4c03-a5af-700891b9b760 - - - - -] Service 1231c634-a611-4552-9733-0bcd0229559d is updated
2017-10-28 06:31:42.387 28522 INFO heat.engine.service [req-17c78a62-8f3b-4dcc-886e-69e5dfdc87d5 - - - - -] Service 0b05fddd-7118-49f7-b698-e81b89f80dd0 is updated
2017-10-28 06:31:42.417 28523 INFO heat.engine.service [req-bc3442c5-5ba4-4e4a-8c39-c82a82b7687e - - - - -] Service d7cc827c-6c72-4bc7-9c27-48fae872f1b6 is updated
2017-10-28 06:31:42.426 28511 INFO heat.engine.service [req-76d4c24e-c5ae-460d-9f3e-832e83f2e4f8 - - - - -] Service c4991b42-b929-41c8-92ba-07735294b97d is updated
2017-10-28 06:31:42.428 28542 INFO heat.engine.service [req-34da9c17-e2b7-4e81-b25d-ca0a936208cc - - - - -] Service 94a1afb2-8a32-439d-ab8f-e06a961e4433 is updated
2017-10-28 06:31:42.444 28532 INFO heat.engine.service [req-01ca32f4-72df-429c-8b92-7ddf302a01a5 - - - - -] Service 5e954547-3083-4e91-b56e-edaec69d9004 is updated
2017-10-28 06:31:42.469 28552 INFO heat.engine.service [req-f3e8cb94-64e0-438e-8cd4-eb2b9c200b3b - - - - -] Service e9eaa51d-d288-442a-bc48-944d997543a3 is updated
2017-10-28 06:31:42.473 28513 INFO heat.engine.service [req-fafcc02e-31e4-4546-8700-23ee60e00e59 - - - - -] Service 5ce1d5ea-a507-4dce-98d2-430354f1824f is updated
2017-10-28 06:31:42.477 28538 INFO heat.engine.service [req-b89ccb4f-22ff-4c0f-97e2-5b1c5d09fb12 - - - - -] Service 174f2dbb-df8a-4407-b210-723a658db9cb is updated
2017-10-28 06:31:42.480 28516 INFO heat.engine.service [req-3b17ee1b-dd8d-49ef-8932-56629dc83886 - - - - -] Service 2d84e3bb-febf-485e-87fe-d93b4c80d1c4 is updated
2017-10-28 06:31:42.489 28561 INFO heat.engine.service [req-4c93eada-c56a-44cc-8096-bec7c36878f6 - - - - -] Service 5320c9fe-fd90-45e2-9c81-06f88b38f36b is updated
2017-10-28 06:31:42.526 28520 INFO heat.engine.service [req-d109cacd-a066-42ad-870d-f5e9021c244e - - - - -] Service 4afb81d2-1ea2-4a4b-bc5f-b909623e3e74 is updated
2017-10-28 06:31:42.574 28562 INFO heat.engine.service [req-440e574b-d134-418c-b926-553911a69fd4 - - - - -] Service b207e39f-b808-4c6c-8285-bd415d13ec10 is updated
2017-10-28 06:31:42.575 28564 INFO heat.engine.service [req-7abbc0b5-3ad3-4c70-9aa7-ed20756337ad - - - - -] Service 8f50a07c-7ad8-4a6d-a9d3-37e4c8f0ba53 is updated
