2017-10-28 07:15:42.785 28518 INFO heat.engine.service [req-7c7de144-ce1e-48f5-9bb6-259e6fe7e5cd - - - - -] Service dd24efbc-8915-43d4-af30-b40fa3b43c47 is updated
2017-10-28 07:15:42.785 28512 INFO heat.engine.service [req-214c3312-5266-4309-be54-6d845d56eeed - - - - -] Service fc9cbb06-6f7c-4b69-b947-05f204b3ce3c is updated
2017-10-28 07:15:42.786 28551 INFO heat.engine.service [req-597f2d35-3357-434b-841e-fecb050d3113 - - - - -] Service 560cd9d1-ade5-4123-8efe-4822dbddfe23 is updated
2017-10-28 07:15:42.803 28556 INFO heat.engine.service [req-4fde52c3-8b8a-4492-9fd3-98e98308082e - - - - -] Service 30227806-eb6a-421b-b64b-1f4e769dde97 is updated
2017-10-28 07:15:42.813 28535 INFO heat.engine.service [req-e1bd0db3-68b3-4f81-9be9-07fc87737822 - - - - -] Service fb8da2fb-0ff3-4afc-956a-7d78b638efc3 is updated
2017-10-28 07:15:42.814 28550 INFO heat.engine.service [req-30ec2da4-f703-4278-9fad-a75e1777c746 - - - - -] Service ac79e68c-b408-42b8-9a3f-aaa256fcf8f0 is updated
2017-10-28 07:15:42.817 28515 INFO heat.engine.service [req-480806f8-0142-41aa-a510-ce15bdea127b - - - - -] Service 1a670f48-191d-4af2-ba9b-d59280a34029 is updated
2017-10-28 07:15:42.821 28558 INFO heat.engine.service [req-0fb4f186-50c7-4cbb-a41f-5fb9498ce2c2 - - - - -] Service ce91c6b2-92c3-4791-9658-c7753c86c265 is updated
2017-10-28 07:15:42.839 28521 INFO heat.engine.service [req-f61b7119-2c52-4e50-ab64-0e455a221f31 - - - - -] Service d42598ab-5331-4bf4-a271-327e00c8675f is updated
2017-10-28 07:15:42.843 28540 INFO heat.engine.service [req-1885e7e5-64a2-4fe1-9fbc-cdaf5d479cb4 - - - - -] Service 48ab0354-0cc3-4574-8b4b-39578b4811f9 is updated
2017-10-28 07:15:42.857 28531 INFO heat.engine.service [req-09e7c788-10b2-41c2-a565-d987bfe0c8b5 - - - - -] Service ff837399-1603-480b-89cf-1947330a42ab is updated
2017-10-28 07:15:42.874 28525 INFO heat.engine.service [req-c53eab9a-e1e1-4326-a1ba-831c57e56520 - - - - -] Service 12fa1fd5-3e02-4695-9acb-ecf6d0c6be7e is updated
2017-10-28 07:15:42.890 28555 INFO heat.engine.service [req-a1f78421-8bd9-4365-b96a-c803747fe264 - - - - -] Service 6b1b66de-35d9-4105-bcd5-aa680ffcddec is updated
2017-10-28 07:15:42.989 28559 INFO heat.engine.service [req-598c3c72-9e82-4751-b861-20b69516c4b0 - - - - -] Service d321ca62-b768-43f2-9c4f-f4308f362b40 is updated
2017-10-28 07:15:43.192 28539 INFO heat.engine.service [req-8ced2d9c-e221-4705-ab17-75fa3240399b - - - - -] Service 75a95404-a1b5-44f6-ba31-90e0e95c8ad0 is updated
2017-10-28 07:15:44.403 28514 INFO heat.engine.service [req-05c5a7c4-e6b1-4b7e-a764-b17786784adc - - - - -] Service c1ca77d3-4c81-441a-914c-e8e1795d0819 is updated
2017-10-28 07:16:42.198 28529 INFO heat.engine.service [req-18373c78-03fc-4a16-b552-f83f2b495212 - - - - -] Service 4e596928-014f-46fe-904b-2c69d0122faa is updated
2017-10-28 07:16:42.236 28527 INFO heat.engine.service [req-f71c8379-0665-45a7-acb2-bf6b1ced4b9a - - - - -] Service 27b05062-f4e2-41b9-a5a1-b78a8e7a7cab is updated
2017-10-28 07:16:42.262 28553 INFO heat.engine.service [req-400fd16f-5433-4683-ab50-cf6eef7a0b08 - - - - -] Service 1231c634-a611-4552-9733-0bcd0229559d is updated
2017-10-28 07:16:42.320 28522 INFO heat.engine.service [req-f0117a62-e99f-4ea3-8be4-0de88ed09521 - - - - -] Service 0b05fddd-7118-49f7-b698-e81b89f80dd0 is updated
2017-10-28 07:16:42.323 28542 INFO heat.engine.service [req-9177d729-70ed-456b-91c3-88f621c8aac6 - - - - -] Service 94a1afb2-8a32-439d-ab8f-e06a961e4433 is updated
2017-10-28 07:16:42.335 28532 INFO heat.engine.service [req-58e2aeed-11f9-4ae4-ae47-2fc67d66e47f - - - - -] Service 5e954547-3083-4e91-b56e-edaec69d9004 is updated
2017-10-28 07:16:42.350 28511 INFO heat.engine.service [req-8e548095-1a81-416d-8b58-63dc5525ae73 - - - - -] Service c4991b42-b929-41c8-92ba-07735294b97d is updated
2017-10-28 07:16:42.350 28523 INFO heat.engine.service [req-e844a0b1-13be-4545-89e7-402ff72b33d4 - - - - -] Service d7cc827c-6c72-4bc7-9c27-48fae872f1b6 is updated
2017-10-28 07:16:42.367 28513 INFO heat.engine.service [req-1a21e747-2934-4ccc-a374-ad084c77e595 - - - - -] Service 5ce1d5ea-a507-4dce-98d2-430354f1824f is updated
2017-10-28 07:16:42.379 28538 INFO heat.engine.service [req-2689e56b-3931-4c50-a559-8cae805e5bcc - - - - -] Service 174f2dbb-df8a-4407-b210-723a658db9cb is updated
2017-10-28 07:16:42.401 28552 INFO heat.engine.service [req-62fb930c-1bfb-41e2-8526-4e9021f9d57a - - - - -] Service e9eaa51d-d288-442a-bc48-944d997543a3 is updated
2017-10-28 07:16:42.412 28561 INFO heat.engine.service [req-917ce69b-6d12-4e14-8a42-e146b7aa5ca8 - - - - -] Service 5320c9fe-fd90-45e2-9c81-06f88b38f36b is updated
2017-10-28 07:16:42.421 28516 INFO heat.engine.service [req-ffbd94b8-776f-43bb-94b4-0ba0ed0ead92 - - - - -] Service 2d84e3bb-febf-485e-87fe-d93b4c80d1c4 is updated
2017-10-28 07:16:42.474 28564 INFO heat.engine.service [req-5818ec79-75e3-4f91-9c7a-e1cd6b4f0807 - - - - -] Service 8f50a07c-7ad8-4a6d-a9d3-37e4c8f0ba53 is updated
2017-10-28 07:16:42.479 28520 INFO heat.engine.service [req-96c1bacd-0366-4ce1-b39f-b481d567c09c - - - - -] Service 4afb81d2-1ea2-4a4b-bc5f-b909623e3e74 is updated
2017-10-28 07:16:42.485 28562 INFO heat.engine.service [req-c6eb5b79-3b94-472e-befb-03f0c97e7f70 - - - - -] Service b207e39f-b808-4c6c-8285-bd415d13ec10 is updated
2017-10-28 07:16:42.492 28510 INFO heat.engine.service [req-9b3c1a8b-e86b-4486-9ef8-81dd0d6ca23b - - - - -] Service 4669f065-a489-481e-9850-91a9f44bc077 is updated
2017-10-28 07:16:42.509 28536 INFO heat.engine.service [req-7d3b9d01-917a-426d-a3b8-98a401e75377 - - - - -] Service 98ecc1ea-b227-42dc-82e7-30ac1ed9fca4 is updated
2017-10-28 07:16:42.556 28560 INFO heat.engine.service [req-c64fd656-1a19-47cf-bf2c-484f26d9618b - - - - -] Service 3b95e8e7-8709-45d2-a464-bac772180735 is updated
2017-10-28 07:16:42.590 28557 INFO heat.engine.service [req-299f24ed-1d67-479f-975a-89b2c349b44a - - - - -] Service 98f930a8-31b2-4e4d-8712-9e6fea660e73 is updated
2017-10-28 07:16:42.593 28519 INFO heat.engine.service [req-bc182c8c-0b79-4655-880e-7d80803a1df8 - - - - -] Service 7d2457db-265f-4f09-a7ed-68db183e0384 is updated
2017-10-28 07:16:42.596 28563 INFO heat.engine.service [req-a506f4ab-4167-4744-bdb0-ebea2c33f5cc - - - - -] Service 4eca1835-2fb1-450f-b336-3867986a581d is updated
2017-10-28 07:16:42.613 28524 INFO heat.engine.service [req-568c9036-9ccf-4c24-8176-b2c47acccd17 - - - - -] Service 2f511c44-ddf4-43a7-9fd0-41f210a8b669 is updated
2017-10-28 07:16:42.631 28533 INFO heat.engine.service [req-85f4214f-8fc9-4390-a67e-8ebe82c9c06d - - - - -] Service 3a35d7bf-f1bd-4589-a5c3-8000c3b24793 is updated
2017-10-28 07:16:42.652 28517 INFO heat.engine.service [req-1acadc1c-99b5-45a5-b91e-5d3e9aa82904 - - - - -] Service 750cf73f-337d-432c-9d53-30fab548b45c is updated
2017-10-28 07:16:42.680 28547 INFO heat.engine.service [req-f24cc8fc-76d3-426e-bb4a-4c1823b7870c - - - - -] Service 25707d32-efb1-423a-b2d4-e11dfe67bcdc is updated
2017-10-28 07:16:42.682 28541 INFO heat.engine.service [req-1e8894f2-7e4d-437f-8b12-96a6093e44b8 - - - - -] Service 28f76f02-d340-4517-9f1d-cb1f7fd704ac is updated
2017-10-28 07:16:42.695 28530 INFO heat.engine.service [req-ab3df7ae-c5e8-4e41-b1c8-117bd2c722f0 - - - - -] Service caf6df39-f07f-489e-9581-9b70becae9e2 is updated
2017-10-28 07:16:42.701 28554 INFO heat.engine.service [req-9c611aa6-7580-4f2f-978a-1144c37a186f - - - - -] Service c7479ed7-747a-48d4-9a5a-b7161a57c39e is updated
2017-10-28 07:16:42.703 28549 INFO heat.engine.service [req-61f76305-ce49-43f6-9024-b9600d8d5988 - - - - -] Service 8942a6af-7411-45cf-9672-1c7d3127c49f is updated
2017-10-28 07:16:42.721 28537 INFO heat.engine.service [req-84455fc7-6377-4dc4-9d58-6660d34bb7f1 - - - - -] Service fd1e41c5-b76e-4f95-9fd6-4a9c3d626081 is updated
2017-10-28 07:16:42.749 28534 INFO heat.engine.service [req-c936e347-1a4f-41b4-86a4-aec192b19858 - - - - -] Service 7cdf9070-e34d-436d-aa75-65b1eb388638 is updated
2017-10-28 07:16:42.783 28518 INFO heat.engine.service [req-40962956-9d5b-418b-90dc-ed5eedaec303 - - - - -] Service dd24efbc-8915-43d4-af30-b40fa3b43c47 is updated
2017-10-28 07:16:42.783 28512 INFO heat.engine.service [req-48f2d38a-a63e-48f8-881b-812f1205ea28 - - - - -] Service fc9cbb06-6f7c-4b69-b947-05f204b3ce3c is updated
2017-10-28 07:16:42.783 28551 INFO heat.engine.service [req-5a001d5d-a460-44cb-b6cb-883e25705c61 - - - - -] Service 560cd9d1-ade5-4123-8efe-4822dbddfe23 is updated
2017-10-28 07:16:42.801 28556 INFO heat.engine.service [req-34326083-cfae-4cae-8b15-61d273df7a86 - - - - -] Service 30227806-eb6a-421b-b64b-1f4e769dde97 is updated
2017-10-28 07:16:42.810 28550 INFO heat.engine.service [req-88d3a9f2-50bc-465f-b23d-416d3d57552f - - - - -] Service ac79e68c-b408-42b8-9a3f-aaa256fcf8f0 is updated
2017-10-28 07:16:42.810 28535 INFO heat.engine.service [req-1ffb6e67-18e0-41b4-a6f4-283a21439995 - - - - -] Service fb8da2fb-0ff3-4afc-956a-7d78b638efc3 is updated
2017-10-28 07:16:42.816 28558 INFO heat.engine.service [req-b996eba3-ad57-4b0b-bda0-ed21b2c0dea6 - - - - -] Service ce91c6b2-92c3-4791-9658-c7753c86c265 is updated
2017-10-28 07:16:42.815 28515 INFO heat.engine.service [req-eaf35ac1-85e3-4b8d-82f4-975bae8893b8 - - - - -] Service 1a670f48-191d-4af2-ba9b-d59280a34029 is updated
2017-10-28 07:16:42.836 28521 INFO heat.engine.service [req-a03f123d-cb69-4b31-81a6-fc2dc529dfb4 - - - - -] Service d42598ab-5331-4bf4-a271-327e00c8675f is updated
2017-10-28 07:16:42.841 28540 INFO heat.engine.service [req-a073b6b9-d239-4c94-aad9-32f844462fe8 - - - - -] Service 48ab0354-0cc3-4574-8b4b-39578b4811f9 is updated
2017-10-28 07:16:42.854 28531 INFO heat.engine.service [req-d7b8cfbc-d0a9-4e41-a759-21f3d2fcee8d - - - - -] Service ff837399-1603-480b-89cf-1947330a42ab is updated
2017-10-28 07:16:42.871 28525 INFO heat.engine.service [req-29f14f8f-f60b-4562-82f9-7650211e4d6f - - - - -] Service 12fa1fd5-3e02-4695-9acb-ecf6d0c6be7e is updated
2017-10-28 07:16:42.887 28555 INFO heat.engine.service [req-0d43de66-10f3-4ee7-964c-f5d33834826b - - - - -] Service 6b1b66de-35d9-4105-bcd5-aa680ffcddec is updated
2017-10-28 07:16:42.987 28559 INFO heat.engine.service [req-c7bb026f-d320-4991-9727-59dfa21de245 - - - - -] Service d321ca62-b768-43f2-9c4f-f4308f362b40 is updated
2017-10-28 07:16:43.190 28539 INFO heat.engine.service [req-aacd3002-e4a1-4f18-8be0-9fd16e563f37 - - - - -] Service 75a95404-a1b5-44f6-ba31-90e0e95c8ad0 is updated
2017-10-28 07:16:44.401 28514 INFO heat.engine.service [req-ceecc625-1ece-4a5c-8048-f1f3c9fcc69e - - - - -] Service c1ca77d3-4c81-441a-914c-e8e1795d0819 is updated
2017-10-28 07:17:42.197 28529 INFO heat.engine.service [req-d5c42c78-b6cd-43ef-a186-507d3030f903 - - - - -] Service 4e596928-014f-46fe-904b-2c69d0122faa is updated
2017-10-28 07:17:42.223 28527 INFO heat.engine.service [req-fc83968c-8b2f-4d01-a282-821b3e6400b6 - - - - -] Service 27b05062-f4e2-41b9-a5a1-b78a8e7a7cab is updated
2017-10-28 07:17:42.262 28553 INFO heat.engine.service [req-caa33762-1ba5-4292-a811-58a8b1597d79 - - - - -] Service 1231c634-a611-4552-9733-0bcd0229559d is updated
2017-10-28 07:17:42.317 28522 INFO heat.engine.service [req-f9cd7a1d-23ce-4ae7-94f4-dcb2f4d56113 - - - - -] Service 0b05fddd-7118-49f7-b698-e81b89f80dd0 is updated
2017-10-28 07:17:42.330 28542 INFO heat.engine.service [req-8fc9c112-7fe8-4506-97d0-27d8700112b0 - - - - -] Service 94a1afb2-8a32-439d-ab8f-e06a961e4433 is updated
2017-10-28 07:17:42.335 28532 INFO heat.engine.service [req-b4aefdbd-07d1-41e8-916f-82358cd8d6b5 - - - - -] Service 5e954547-3083-4e91-b56e-edaec69d9004 is updated
2017-10-28 07:17:42.346 28523 INFO heat.engine.service [req-32694a6e-17f4-4903-bd68-29be0ed73b34 - - - - -] Service d7cc827c-6c72-4bc7-9c27-48fae872f1b6 is updated
2017-10-28 07:17:42.349 28511 INFO heat.engine.service [req-f28e0949-b73b-4983-86c7-114eaddfc551 - - - - -] Service c4991b42-b929-41c8-92ba-07735294b97d is updated
2017-10-28 07:17:42.366 28513 INFO heat.engine.service [req-af23c141-46db-438b-a269-0eee3f72bb5d - - - - -] Service 5ce1d5ea-a507-4dce-98d2-430354f1824f is updated
2017-10-28 07:17:42.375 28538 INFO heat.engine.service [req-d5ddf024-6b35-4134-b426-0c7e23dd2751 - - - - -] Service 174f2dbb-df8a-4407-b210-723a658db9cb is updated
2017-10-28 07:17:42.391 28552 INFO heat.engine.service [req-0c17c7ac-6211-4640-8ae0-0abcf1defbc8 - - - - -] Service e9eaa51d-d288-442a-bc48-944d997543a3 is updated
2017-10-28 07:17:42.409 28561 INFO heat.engine.service [req-4617dde1-bb44-4f62-8f46-6620d1e018c2 - - - - -] Service 5320c9fe-fd90-45e2-9c81-06f88b38f36b is updated
2017-10-28 07:17:42.416 28516 INFO heat.engine.service [req-8c626e2a-f0f8-4751-8685-1a601c312416 - - - - -] Service 2d84e3bb-febf-485e-87fe-d93b4c80d1c4 is updated
2017-10-28 07:17:42.471 28564 INFO heat.engine.service [req-481a1aa3-c8da-4ec1-8f25-9aa9ec00ddc0 - - - - -] Service 8f50a07c-7ad8-4a6d-a9d3-37e4c8f0ba53 is updated
2017-10-28 07:17:42.477 28520 INFO heat.engine.service [req-fb6454ec-b2a7-4568-a56a-837eb3be9966 - - - - -] Service 4afb81d2-1ea2-4a4b-bc5f-b909623e3e74 is updated
2017-10-28 07:17:42.484 28562 INFO heat.engine.service [req-83c7d5ed-42e0-4e9b-9a69-d0230f2cf102 - - - - -] Service b207e39f-b808-4c6c-8285-bd415d13ec10 is updated
2017-10-28 07:17:42.489 28510 INFO heat.engine.service [req-e1e86561-2786-45a9-b15c-06e71fa376ee - - - - -] Service 4669f065-a489-481e-9850-91a9f44bc077 is updated
2017-10-28 07:17:42.506 28536 INFO heat.engine.service [req-e36c1ac0-902e-44b0-b0f5-bcaa0acb66f0 - - - - -] Service 98ecc1ea-b227-42dc-82e7-30ac1ed9fca4 is updated
2017-10-28 07:17:42.554 28560 INFO heat.engine.service [req-ae87f8c2-d14b-4c76-8cee-07c7f80ac4ae - - - - -] Service 3b95e8e7-8709-45d2-a464-bac772180735 is updated
2017-10-28 07:17:42.586 28557 INFO heat.engine.service [req-a19e134b-0de5-4394-8bb0-5eae817c6945 - - - - -] Service 98f930a8-31b2-4e4d-8712-9e6fea660e73 is updated
2017-10-28 07:17:42.592 28519 INFO heat.engine.service [req-5147d564-64c1-45d0-85d1-2850c495ed08 - - - - -] Service 7d2457db-265f-4f09-a7ed-68db183e0384 is updated
2017-10-28 07:17:42.594 28563 INFO heat.engine.service [req-41310a1f-62ad-4fb7-a97b-bff25a7b42c2 - - - - -] Service 4eca1835-2fb1-450f-b336-3867986a581d is updated
2017-10-28 07:17:42.609 28524 INFO heat.engine.service [req-10585a00-65c3-475d-8585-f4aa6d30baae - - - - -] Service 2f511c44-ddf4-43a7-9fd0-41f210a8b669 is updated
2017-10-28 07:17:42.628 28533 INFO heat.engine.service [req-61804389-eb0e-49f6-b8eb-e3f8da790a0d - - - - -] Service 3a35d7bf-f1bd-4589-a5c3-8000c3b24793 is updated
2017-10-28 07:17:42.649 28517 INFO heat.engine.service [req-2c913d1d-be2a-4c1e-af81-0846fc0b563c - - - - -] Service 750cf73f-337d-432c-9d53-30fab548b45c is updated
2017-10-28 07:17:42.678 28541 INFO heat.engine.service [req-770ed60d-8db8-4248-8883-f2481caae994 - - - - -] Service 28f76f02-d340-4517-9f1d-cb1f7fd704ac is updated
2017-10-28 07:17:42.679 28547 INFO heat.engine.service [req-70f1c389-9abb-41f3-8d99-49d9363489e9 - - - - -] Service 25707d32-efb1-423a-b2d4-e11dfe67bcdc is updated
2017-10-28 07:17:42.689 28530 INFO heat.engine.service [req-cf96b6f8-ddc0-4717-984c-c8394b9b1c9c - - - - -] Service caf6df39-f07f-489e-9581-9b70becae9e2 is updated
2017-10-28 07:17:42.699 28554 INFO heat.engine.service [req-fd492a9e-7715-44a0-92ba-df601d4f3dd8 - - - - -] Service c7479ed7-747a-48d4-9a5a-b7161a57c39e is updated
2017-10-28 07:17:42.699 28549 INFO heat.engine.service [req-0e2615ab-944a-4e08-8083-7602031ae329 - - - - -] Service 8942a6af-7411-45cf-9672-1c7d3127c49f is updated
2017-10-28 07:17:42.718 28537 INFO heat.engine.service [req-b34d630e-c3f6-4779-ab22-e702f274fa54 - - - - -] Service fd1e41c5-b76e-4f95-9fd6-4a9c3d626081 is updated
2017-10-28 07:17:42.746 28534 INFO heat.engine.service [req-801416c0-d094-44c1-80d7-4cbcbf23c820 - - - - -] Service 7cdf9070-e34d-436d-aa75-65b1eb388638 is updated
2017-10-28 07:17:42.779 28551 INFO heat.engine.service [req-60bfae99-4eb7-4a29-8ccb-f9f6e2158bc2 - - - - -] Service 560cd9d1-ade5-4123-8efe-4822dbddfe23 is updated
2017-10-28 07:17:42.782 28512 INFO heat.engine.service [req-ba326a7e-19df-4580-a971-b24dba1fd973 - - - - -] Service fc9cbb06-6f7c-4b69-b947-05f204b3ce3c is updated
2017-10-28 07:17:42.782 28518 INFO heat.engine.service [req-5ff4ccb8-9254-4036-a53f-63b031b1fc26 - - - - -] Service dd24efbc-8915-43d4-af30-b40fa3b43c47 is updated
2017-10-28 07:17:42.798 28556 INFO heat.engine.service [req-958746d6-265d-4262-a899-6065ca0371ee - - - - -] Service 30227806-eb6a-421b-b64b-1f4e769dde97 is updated
2017-10-28 07:17:42.808 28535 INFO heat.engine.service [req-98da7ddd-7cfd-4744-a9a9-7ef849d78be9 - - - - -] Service fb8da2fb-0ff3-4afc-956a-7d78b638efc3 is updated
2017-10-28 07:17:42.810 28550 INFO heat.engine.service [req-e8955e13-b289-4397-9a6f-ddd6fda642d4 - - - - -] Service ac79e68c-b408-42b8-9a3f-aaa256fcf8f0 is updated
2017-10-28 07:17:42.812 28515 INFO heat.engine.service [req-c43cf0f9-181e-47e7-8fd9-edce9461c661 - - - - -] Service 1a670f48-191d-4af2-ba9b-d59280a34029 is updated
2017-10-28 07:17:42.822 28558 INFO heat.engine.service [req-6903e574-aecc-41ed-be5a-894adff009ee - - - - -] Service ce91c6b2-92c3-4791-9658-c7753c86c265 is updated
2017-10-28 07:17:42.834 28521 INFO heat.engine.service [req-c4ced010-d8ec-48f9-95e2-ffa701477c56 - - - - -] Service d42598ab-5331-4bf4-a271-327e00c8675f is updated
2017-10-28 07:17:42.837 28540 INFO heat.engine.service [req-a94aa468-a6a6-4a94-a685-23a3a06fa992 - - - - -] Service 48ab0354-0cc3-4574-8b4b-39578b4811f9 is updated
2017-10-28 07:17:42.848 28531 INFO heat.engine.service [req-15a12e33-14b8-494f-83e6-f6b871b3cfc7 - - - - -] Service ff837399-1603-480b-89cf-1947330a42ab is updated
2017-10-28 07:17:42.868 28525 INFO heat.engine.service [req-80b3e6c4-34c3-456c-a2c6-751c4c697061 - - - - -] Service 12fa1fd5-3e02-4695-9acb-ecf6d0c6be7e is updated
2017-10-28 07:17:42.883 28555 INFO heat.engine.service [req-d3262c8d-8a47-48af-9173-7f6c45b90403 - - - - -] Service 6b1b66de-35d9-4105-bcd5-aa680ffcddec is updated
2017-10-28 07:17:42.985 28559 INFO heat.engine.service [req-54f1ca3b-f4b6-43da-8e3f-09adf7da3ad7 - - - - -] Service d321ca62-b768-43f2-9c4f-f4308f362b40 is updated
2017-10-28 07:17:43.187 28539 INFO heat.engine.service [req-9d2cc330-d1ab-42cc-9530-92ab43f1490b - - - - -] Service 75a95404-a1b5-44f6-ba31-90e0e95c8ad0 is updated
2017-10-28 07:17:44.399 28514 INFO heat.engine.service [req-eabfa372-c16e-4903-ba77-d94dc88af4b8 - - - - -] Service c1ca77d3-4c81-441a-914c-e8e1795d0819 is updated
2017-10-28 07:18:42.194 28529 INFO heat.engine.service [req-e5c44226-3fa6-4109-8cbe-2b68f026140e - - - - -] Service 4e596928-014f-46fe-904b-2c69d0122faa is updated
2017-10-28 07:18:42.221 28527 INFO heat.engine.service [req-0d6b66c6-7801-4eec-8a9b-e5340bf33a62 - - - - -] Service 27b05062-f4e2-41b9-a5a1-b78a8e7a7cab is updated
2017-10-28 07:18:42.260 28553 INFO heat.engine.service [req-f3588cff-cd84-4b99-8cce-d41b5b3416c6 - - - - -] Service 1231c634-a611-4552-9733-0bcd0229559d is updated
2017-10-28 07:18:42.315 28522 INFO heat.engine.service [req-9b241676-488b-4ccd-8a11-56dada4ab91e - - - - -] Service 0b05fddd-7118-49f7-b698-e81b89f80dd0 is updated
2017-10-28 07:18:42.328 28542 INFO heat.engine.service [req-d7978867-8598-49da-ac85-6cc064978f85 - - - - -] Service 94a1afb2-8a32-439d-ab8f-e06a961e4433 is updated
2017-10-28 07:18:42.334 28532 INFO heat.engine.service [req-79d3c1f3-8048-490e-bb03-1349a37cb7b1 - - - - -] Service 5e954547-3083-4e91-b56e-edaec69d9004 is updated
2017-10-28 07:18:42.344 28523 INFO heat.engine.service [req-76e4526f-b038-408c-9e4a-b0323f81001e - - - - -] Service d7cc827c-6c72-4bc7-9c27-48fae872f1b6 is updated
2017-10-28 07:18:42.347 28511 INFO heat.engine.service [req-49e3f1ea-7c58-42d4-b269-ff4d1a3ccd90 - - - - -] Service c4991b42-b929-41c8-92ba-07735294b97d is updated
2017-10-28 07:18:42.363 28513 INFO heat.engine.service [req-e04aa1c9-1bbc-4d58-9671-6a27b3cc3e28 - - - - -] Service 5ce1d5ea-a507-4dce-98d2-430354f1824f is updated
2017-10-28 07:18:42.373 28538 INFO heat.engine.service [req-d8653d8e-1a28-4aff-8dbf-0d0591f34297 - - - - -] Service 174f2dbb-df8a-4407-b210-723a658db9cb is updated
2017-10-28 07:18:42.387 28552 INFO heat.engine.service [req-884103c6-40ef-4b6c-b215-0a18d1b22a21 - - - - -] Service e9eaa51d-d288-442a-bc48-944d997543a3 is updated
2017-10-28 07:18:42.406 28561 INFO heat.engine.service [req-5451b83b-4a12-4a00-83bc-8f53ee56b2ec - - - - -] Service 5320c9fe-fd90-45e2-9c81-06f88b38f36b is updated
2017-10-28 07:18:42.423 28516 INFO heat.engine.service [req-6aeafa61-4bd9-4895-9ae3-79bb2a33bc67 - - - - -] Service 2d84e3bb-febf-485e-87fe-d93b4c80d1c4 is updated
2017-10-28 07:18:42.469 28564 INFO heat.engine.service [req-9d05340a-b5a9-4277-be0f-9872e455504b - - - - -] Service 8f50a07c-7ad8-4a6d-a9d3-37e4c8f0ba53 is updated
2017-10-28 07:18:42.473 28520 INFO heat.engine.service [req-6d8eafc2-83cf-4e68-aab6-3fd3fb9e1da6 - - - - -] Service 4afb81d2-1ea2-4a4b-bc5f-b909623e3e74 is updated
2017-10-28 07:18:42.478 28562 INFO heat.engine.service [req-d5e80488-5065-48f1-92f4-7d485cc8623a - - - - -] Service b207e39f-b808-4c6c-8285-bd415d13ec10 is updated
2017-10-28 07:18:42.484 28510 INFO heat.engine.service [req-650ff823-13c1-40d8-8e48-60448e4e0b83 - - - - -] Service 4669f065-a489-481e-9850-91a9f44bc077 is updated
2017-10-28 07:18:42.503 28536 INFO heat.engine.service [req-4794d3fb-e5a4-4172-a4e0-378a44066260 - - - - -] Service 98ecc1ea-b227-42dc-82e7-30ac1ed9fca4 is updated
2017-10-28 07:18:42.552 28560 INFO heat.engine.service [req-1fdd1d3b-58ff-46be-85a7-0974339bc508 - - - - -] Service 3b95e8e7-8709-45d2-a464-bac772180735 is updated
2017-10-28 07:18:42.584 28557 INFO heat.engine.service [req-43980495-a1f2-4e31-ad4b-3a131be1ef61 - - - - -] Service 98f930a8-31b2-4e4d-8712-9e6fea660e73 is updated
2017-10-28 07:18:42.589 28519 INFO heat.engine.service [req-a825fc74-5a1e-41a2-9869-e35fbd5db6e1 - - - - -] Service 7d2457db-265f-4f09-a7ed-68db183e0384 is updated
2017-10-28 07:18:42.591 28563 INFO heat.engine.service [req-d06abd40-e3dd-4870-a47c-b90bee2178fe - - - - -] Service 4eca1835-2fb1-450f-b336-3867986a581d is updated
2017-10-28 07:18:42.607 28524 INFO heat.engine.service [req-6c8f66ad-d478-408f-8f57-4e6d10a44fde - - - - -] Service 2f511c44-ddf4-43a7-9fd0-41f210a8b669 is updated
2017-10-28 07:18:42.626 28533 INFO heat.engine.service [req-f528602f-6fbd-44e2-99a2-5ee8606ba700 - - - - -] Service 3a35d7bf-f1bd-4589-a5c3-8000c3b24793 is updated
2017-10-28 07:18:42.647 28517 INFO heat.engine.service [req-032344e5-651f-4909-9d12-9c503a730b62 - - - - -] Service 750cf73f-337d-432c-9d53-30fab548b45c is updated
2017-10-28 07:18:42.675 28541 INFO heat.engine.service [req-bd031eb7-9a47-4e18-a35a-85bcfffe92da - - - - -] Service 28f76f02-d340-4517-9f1d-cb1f7fd704ac is updated
2017-10-28 07:18:42.676 28547 INFO heat.engine.service [req-48de5899-f001-4749-83d7-d9cec0c9b3e7 - - - - -] Service 25707d32-efb1-423a-b2d4-e11dfe67bcdc is updated
2017-10-28 07:18:42.695 28554 INFO heat.engine.service [req-fd13d95e-e6e2-4db7-aa9f-4dcfee981931 - - - - -] Service c7479ed7-747a-48d4-9a5a-b7161a57c39e is updated
2017-10-28 07:18:42.695 28530 INFO heat.engine.service [req-1f0990f1-f862-41d4-9d5e-0cd8b3cc3aa9 - - - - -] Service caf6df39-f07f-489e-9581-9b70becae9e2 is updated
2017-10-28 07:18:42.698 28549 INFO heat.engine.service [req-828591a1-89bb-4965-8f62-80b8924be935 - - - - -] Service 8942a6af-7411-45cf-9672-1c7d3127c49f is updated
2017-10-28 07:18:42.715 28537 INFO heat.engine.service [req-3db9cb14-f1c7-4063-8add-ffebac2fc5ca - - - - -] Service fd1e41c5-b76e-4f95-9fd6-4a9c3d626081 is updated
2017-10-28 07:18:42.743 28534 INFO heat.engine.service [req-88e6ce5e-b405-4906-a736-a2ebf63997c8 - - - - -] Service 7cdf9070-e34d-436d-aa75-65b1eb388638 is updated
2017-10-28 07:18:42.779 28518 INFO heat.engine.service [req-11b3ec52-53bb-4bda-83b7-1f86e267419c - - - - -] Service dd24efbc-8915-43d4-af30-b40fa3b43c47 is updated
2017-10-28 07:18:42.780 28512 INFO heat.engine.service [req-02889eaf-0228-441e-b07e-aa1b13063412 - - - - -] Service fc9cbb06-6f7c-4b69-b947-05f204b3ce3c is updated
2017-10-28 07:18:42.784 28551 INFO heat.engine.service [req-16973750-2e8e-4749-9b48-d02dbc471c0f - - - - -] Service 560cd9d1-ade5-4123-8efe-4822dbddfe23 is updated
2017-10-28 07:18:42.793 28556 INFO heat.engine.service [req-3b1b8c02-0ac6-491a-a12a-6bf698972222 - - - - -] Service 30227806-eb6a-421b-b64b-1f4e769dde97 is updated
2017-10-28 07:18:42.804 28550 INFO heat.engine.service [req-53037238-8363-4ca8-80e3-a793e45828f4 - - - - -] Service ac79e68c-b408-42b8-9a3f-aaa256fcf8f0 is updated
2017-10-28 07:18:42.805 28535 INFO heat.engine.service [req-dd8a6279-a156-4602-b50a-f97706f9693c - - - - -] Service fb8da2fb-0ff3-4afc-956a-7d78b638efc3 is updated
2017-10-28 07:18:42.805 28515 INFO heat.engine.service [req-f6bd6e1d-b131-4eba-8b04-9cfb50480338 - - - - -] Service 1a670f48-191d-4af2-ba9b-d59280a34029 is updated
2017-10-28 07:18:42.817 28558 INFO heat.engine.service [req-322ba86b-4fb8-4a0e-ad1b-8b4b389e367e - - - - -] Service ce91c6b2-92c3-4791-9658-c7753c86c265 is updated
2017-10-28 07:18:42.830 28521 INFO heat.engine.service [req-b2b0ed34-0820-493f-ae03-0f8befaa958f - - - - -] Service d42598ab-5331-4bf4-a271-327e00c8675f is updated
2017-10-28 07:18:42.834 28540 INFO heat.engine.service [req-759f0668-dc19-4a2b-b5b4-76738caa7931 - - - - -] Service 48ab0354-0cc3-4574-8b4b-39578b4811f9 is updated
2017-10-28 07:18:42.855 28531 INFO heat.engine.service [req-0df79db8-0122-4c00-a0ee-ea09ad39b3e2 - - - - -] Service ff837399-1603-480b-89cf-1947330a42ab is updated
2017-10-28 07:18:42.864 28525 INFO heat.engine.service [req-b9142aea-5b9e-4969-beee-41f1f6f9107b - - - - -] Service 12fa1fd5-3e02-4695-9acb-ecf6d0c6be7e is updated
2017-10-28 07:18:42.881 28555 INFO heat.engine.service [req-d858a7f4-cc15-4d33-bc21-c4c5d211cdf1 - - - - -] Service 6b1b66de-35d9-4105-bcd5-aa680ffcddec is updated
2017-10-28 07:18:42.982 28559 INFO heat.engine.service [req-95461ca0-2a29-47f1-b8a4-efd937984499 - - - - -] Service d321ca62-b768-43f2-9c4f-f4308f362b40 is updated
2017-10-28 07:18:43.187 28539 INFO heat.engine.service [req-1cbf5917-582f-417b-a743-af87f76280e6 - - - - -] Service 75a95404-a1b5-44f6-ba31-90e0e95c8ad0 is updated
2017-10-28 07:18:44.398 28514 INFO heat.engine.service [req-0cc296d9-ad31-41fe-8c72-723ccc939284 - - - - -] Service c1ca77d3-4c81-441a-914c-e8e1795d0819 is updated
2017-10-28 07:19:42.191 28529 INFO heat.engine.service [req-e3e1bc84-7e55-447b-8489-481f3a4abea9 - - - - -] Service 4e596928-014f-46fe-904b-2c69d0122faa is updated
2017-10-28 07:19:42.224 28527 INFO heat.engine.service [req-fc941d03-faa9-4973-b88d-2b7e164fa2cf - - - - -] Service 27b05062-f4e2-41b9-a5a1-b78a8e7a7cab is updated
2017-10-28 07:19:42.257 28553 INFO heat.engine.service [req-b3223506-afd3-44af-bd98-49c22a05345c - - - - -] Service 1231c634-a611-4552-9733-0bcd0229559d is updated
2017-10-28 07:19:42.311 28522 INFO heat.engine.service [req-bdaa06ac-7a02-424b-9c41-a7ec16ccd06e - - - - -] Service 0b05fddd-7118-49f7-b698-e81b89f80dd0 is updated
2017-10-28 07:19:42.327 28542 INFO heat.engine.service [req-34113069-dd14-4886-89ce-aacb03fc65c1 - - - - -] Service 94a1afb2-8a32-439d-ab8f-e06a961e4433 is updated
2017-10-28 07:19:42.330 28532 INFO heat.engine.service [req-965205e6-286e-4ae5-8ae9-ed35b579b046 - - - - -] Service 5e954547-3083-4e91-b56e-edaec69d9004 is updated
2017-10-28 07:19:42.341 28523 INFO heat.engine.service [req-2dca41c3-f632-4068-b0c3-8ce82570c0d8 - - - - -] Service d7cc827c-6c72-4bc7-9c27-48fae872f1b6 is updated
2017-10-28 07:19:42.344 28511 INFO heat.engine.service [req-be3ea2e3-3323-462c-b174-442f405e6085 - - - - -] Service c4991b42-b929-41c8-92ba-07735294b97d is updated
2017-10-28 07:19:42.356 28513 INFO heat.engine.service [req-bb2ae852-7468-4b67-97f1-4400b660b743 - - - - -] Service 5ce1d5ea-a507-4dce-98d2-430354f1824f is updated
2017-10-28 07:19:42.370 28538 INFO heat.engine.service [req-72e45b0c-67fe-4a35-ab57-6740184a2e83 - - - - -] Service 174f2dbb-df8a-4407-b210-723a658db9cb is updated
2017-10-28 07:19:42.396 28552 INFO heat.engine.service [req-8e3e8dc7-4817-43e1-a670-a0fef6affc0d - - - - -] Service e9eaa51d-d288-442a-bc48-944d997543a3 is updated
2017-10-28 07:19:42.404 28561 INFO heat.engine.service [req-f108dc23-6eda-4ed1-b3f5-5ea64dfe2e01 - - - - -] Service 5320c9fe-fd90-45e2-9c81-06f88b38f36b is updated
2017-10-28 07:19:42.420 28516 INFO heat.engine.service [req-2d265c4c-7eba-4319-a0f5-3274a71f63fa - - - - -] Service 2d84e3bb-febf-485e-87fe-d93b4c80d1c4 is updated
2017-10-28 07:19:42.466 28564 INFO heat.engine.service [req-ef10db2b-8f7f-4ec8-a4f5-01efece54a8a - - - - -] Service 8f50a07c-7ad8-4a6d-a9d3-37e4c8f0ba53 is updated
2017-10-28 07:19:42.470 28520 INFO heat.engine.service [req-6ac023b5-6365-4c65-8888-1a67552f0d94 - - - - -] Service 4afb81d2-1ea2-4a4b-bc5f-b909623e3e74 is updated
2017-10-28 07:19:42.480 28510 INFO heat.engine.service [req-6cba97ac-d029-41d5-b676-22a3266d0b54 - - - - -] Service 4669f065-a489-481e-9850-91a9f44bc077 is updated
2017-10-28 07:19:42.485 28562 INFO heat.engine.service [req-72a7d9ae-9f9a-4d2c-801d-187e9b796ade - - - - -] Service b207e39f-b808-4c6c-8285-bd415d13ec10 is updated
2017-10-28 07:19:42.500 28536 INFO heat.engine.service [req-97bf8bcb-ab57-4e43-ace1-9b59e680580d - - - - -] Service 98ecc1ea-b227-42dc-82e7-30ac1ed9fca4 is updated
2017-10-28 07:19:42.551 28560 INFO heat.engine.service [req-43e55027-da8d-4249-9875-b04f323187b1 - - - - -] Service 3b95e8e7-8709-45d2-a464-bac772180735 is updated
2017-10-28 07:19:42.583 28557 INFO heat.engine.service [req-fabf2bd6-c12c-428e-a70c-abd9f9b2e185 - - - - -] Service 98f930a8-31b2-4e4d-8712-9e6fea660e73 is updated
2017-10-28 07:19:42.586 28519 INFO heat.engine.service [req-f40e518b-c16e-4489-a06a-7bf8c52058d3 - - - - -] Service 7d2457db-265f-4f09-a7ed-68db183e0384 is updated
2017-10-28 07:19:42.587 28563 INFO heat.engine.service [req-e6b740ab-b234-4afb-bd0b-66069c07e48e - - - - -] Service 4eca1835-2fb1-450f-b336-3867986a581d is updated
2017-10-28 07:19:42.606 28524 INFO heat.engine.service [req-ba685e9e-f2d2-4e5d-b088-69e6db43d305 - - - - -] Service 2f511c44-ddf4-43a7-9fd0-41f210a8b669 is updated
2017-10-28 07:19:42.623 28533 INFO heat.engine.service [req-28703691-7cb9-451a-970e-e4917bc78d85 - - - - -] Service 3a35d7bf-f1bd-4589-a5c3-8000c3b24793 is updated
2017-10-28 07:19:42.644 28517 INFO heat.engine.service [req-1b70fdc2-14a0-48a5-91d8-8e3a96368540 - - - - -] Service 750cf73f-337d-432c-9d53-30fab548b45c is updated
2017-10-28 07:19:42.670 28547 INFO heat.engine.service [req-8da18149-da68-436b-b2ed-1e87728376ca - - - - -] Service 25707d32-efb1-423a-b2d4-e11dfe67bcdc is updated
2017-10-28 07:19:42.672 28541 INFO heat.engine.service [req-d7439bfc-eeeb-4c2e-a908-ed5463c6ee3d - - - - -] Service 28f76f02-d340-4517-9f1d-cb1f7fd704ac is updated
2017-10-28 07:19:42.692 28554 INFO heat.engine.service [req-cfdbd3bd-7a00-4160-ace8-71864bf0b5d0 - - - - -] Service c7479ed7-747a-48d4-9a5a-b7161a57c39e is updated
2017-10-28 07:19:42.692 28530 INFO heat.engine.service [req-0cb41702-2ed8-4db3-888d-6b1c93c5e393 - - - - -] Service caf6df39-f07f-489e-9581-9b70becae9e2 is updated
2017-10-28 07:19:42.696 28549 INFO heat.engine.service [req-c2fecdef-dc2b-48b7-8564-2165505d649d - - - - -] Service 8942a6af-7411-45cf-9672-1c7d3127c49f is updated
2017-10-28 07:19:42.712 28537 INFO heat.engine.service [req-e98781e3-076f-4a4f-a3ff-014332755c18 - - - - -] Service fd1e41c5-b76e-4f95-9fd6-4a9c3d626081 is updated
2017-10-28 07:19:42.741 28534 INFO heat.engine.service [req-7b6b0c31-286d-4bd9-92d9-735d0dd96682 - - - - -] Service 7cdf9070-e34d-436d-aa75-65b1eb388638 is updated
2017-10-28 07:19:42.777 28518 INFO heat.engine.service [req-56f73602-96ad-4e5f-801b-55c604e4c113 - - - - -] Service dd24efbc-8915-43d4-af30-b40fa3b43c47 is updated
2017-10-28 07:19:42.777 28512 INFO heat.engine.service [req-1266666e-e722-4df9-bbac-793af8938382 - - - - -] Service fc9cbb06-6f7c-4b69-b947-05f204b3ce3c is updated
2017-10-28 07:19:42.790 28551 INFO heat.engine.service [req-71f96dc2-a4ec-43e1-b25f-241581a281fd - - - - -] Service 560cd9d1-ade5-4123-8efe-4822dbddfe23 is updated
2017-10-28 07:19:42.800 28556 INFO heat.engine.service [req-ad3cf05d-79da-453e-a7b4-d94d268d05d2 - - - - -] Service 30227806-eb6a-421b-b64b-1f4e769dde97 is updated
2017-10-28 07:19:42.802 28535 INFO heat.engine.service [req-17922510-a939-4894-8c17-859c88f291e7 - - - - -] Service fb8da2fb-0ff3-4afc-956a-7d78b638efc3 is updated
2017-10-28 07:19:42.811 28550 INFO heat.engine.service [req-0439d3bc-67ea-4a41-b62d-7931a5fc7845 - - - - -] Service ac79e68c-b408-42b8-9a3f-aaa256fcf8f0 is updated
2017-10-28 07:19:42.811 28515 INFO heat.engine.service [req-4bfae570-a500-4f88-be51-762312e68285 - - - - -] Service 1a670f48-191d-4af2-ba9b-d59280a34029 is updated
2017-10-28 07:19:42.823 28558 INFO heat.engine.service [req-2e244541-99b2-4d46-acbf-e2aa07175d7c - - - - -] Service ce91c6b2-92c3-4791-9658-c7753c86c265 is updated
2017-10-28 07:19:42.826 28521 INFO heat.engine.service [req-c18dd71e-7876-436f-8739-6b819bfc64a6 - - - - -] Service d42598ab-5331-4bf4-a271-327e00c8675f is updated
2017-10-28 07:19:42.830 28540 INFO heat.engine.service [req-1cecf5f7-41ad-4938-a65f-bc5353b6eb97 - - - - -] Service 48ab0354-0cc3-4574-8b4b-39578b4811f9 is updated
2017-10-28 07:19:42.851 28531 INFO heat.engine.service [req-6b9fcea7-c6ef-44ba-a115-1a2b98dcda82 - - - - -] Service ff837399-1603-480b-89cf-1947330a42ab is updated
2017-10-28 07:19:42.860 28525 INFO heat.engine.service [req-f4c95caa-8f55-41f5-a08d-4a6f50328cfb - - - - -] Service 12fa1fd5-3e02-4695-9acb-ecf6d0c6be7e is updated
2017-10-28 07:19:42.877 28555 INFO heat.engine.service [req-fda3f1b8-5d23-4ec9-b633-e8fc8c2a01db - - - - -] Service 6b1b66de-35d9-4105-bcd5-aa680ffcddec is updated
2017-10-28 07:19:42.979 28559 INFO heat.engine.service [req-ef2150e3-c4e0-459d-a497-8bc66bc6687c - - - - -] Service d321ca62-b768-43f2-9c4f-f4308f362b40 is updated
2017-10-28 07:19:43.184 28539 INFO heat.engine.service [req-21dd9e5e-e49a-4135-82d6-c426fa95daf7 - - - - -] Service 75a95404-a1b5-44f6-ba31-90e0e95c8ad0 is updated
2017-10-28 07:19:44.396 28514 INFO heat.engine.service [req-424123c7-b224-444b-9661-4209347ddd13 - - - - -] Service c1ca77d3-4c81-441a-914c-e8e1795d0819 is updated
2017-10-28 07:20:42.189 28529 INFO heat.engine.service [req-f4f1573c-8405-400f-8007-ab90a459afa1 - - - - -] Service 4e596928-014f-46fe-904b-2c69d0122faa is updated
2017-10-28 07:20:42.228 28527 INFO heat.engine.service [req-c34d6112-e6d6-41e5-be75-6a13889e02f5 - - - - -] Service 27b05062-f4e2-41b9-a5a1-b78a8e7a7cab is updated
2017-10-28 07:20:42.255 28553 INFO heat.engine.service [req-58b3bcb8-2da3-4a6b-be9f-9c3f2adfbe25 - - - - -] Service 1231c634-a611-4552-9733-0bcd0229559d is updated
2017-10-28 07:20:42.318 28522 INFO heat.engine.service [req-56e6aea9-cb72-4e90-b7d5-09b24840c6dc - - - - -] Service 0b05fddd-7118-49f7-b698-e81b89f80dd0 is updated
2017-10-28 07:20:42.339 28542 INFO heat.engine.service [req-1f5d94be-b853-498d-aebc-52a802328b44 - - - - -] Service 94a1afb2-8a32-439d-ab8f-e06a961e4433 is updated
2017-10-28 07:20:42.346 28532 INFO heat.engine.service [req-17d49a54-c666-4571-aca6-14a227717132 - - - - -] Service 5e954547-3083-4e91-b56e-edaec69d9004 is updated
2017-10-28 07:20:42.347 28511 INFO heat.engine.service [req-e58c09af-1e5f-49be-9b47-ed055c41865e - - - - -] Service c4991b42-b929-41c8-92ba-07735294b97d is updated
2017-10-28 07:20:42.347 28523 INFO heat.engine.service [req-75b120b5-8047-4fd2-b60f-19590a24204a - - - - -] Service d7cc827c-6c72-4bc7-9c27-48fae872f1b6 is updated
2017-10-28 07:20:42.362 28513 INFO heat.engine.service [req-fc3d6128-3b0f-46e8-b5fb-ad6fe577d9cf - - - - -] Service 5ce1d5ea-a507-4dce-98d2-430354f1824f is updated
2017-10-28 07:20:42.367 28538 INFO heat.engine.service [req-70ff0f57-10ad-4e18-924b-bd63650a33cd - - - - -] Service 174f2dbb-df8a-4407-b210-723a658db9cb is updated
2017-10-28 07:20:42.393 28552 INFO heat.engine.service [req-3e3328c2-5a5d-4ceb-8899-da483856e216 - - - - -] Service e9eaa51d-d288-442a-bc48-944d997543a3 is updated
2017-10-28 07:20:42.402 28561 INFO heat.engine.service [req-f2241672-deec-485b-9ad0-9a12ec590585 - - - - -] Service 5320c9fe-fd90-45e2-9c81-06f88b38f36b is updated
2017-10-28 07:20:42.417 28516 INFO heat.engine.service [req-8da7c8cd-010a-48d1-b5bc-6f5901016fea - - - - -] Service 2d84e3bb-febf-485e-87fe-d93b4c80d1c4 is updated
2017-10-28 07:20:42.464 28564 INFO heat.engine.service [req-bc45794e-9873-4333-b8a8-e5d3791733d6 - - - - -] Service 8f50a07c-7ad8-4a6d-a9d3-37e4c8f0ba53 is updated
2017-10-28 07:20:42.467 28520 INFO heat.engine.service [req-aa1a313c-6354-42e3-b8d7-8b6363f26a27 - - - - -] Service 4afb81d2-1ea2-4a4b-bc5f-b909623e3e74 is updated
2017-10-28 07:20:42.477 28510 INFO heat.engine.service [req-1284dc84-5ed7-4efa-94c7-84d7cc463f05 - - - - -] Service 4669f065-a489-481e-9850-91a9f44bc077 is updated
2017-10-28 07:20:42.482 28562 INFO heat.engine.service [req-a79268ed-454c-4421-b79f-b52b199519cf - - - - -] Service b207e39f-b808-4c6c-8285-bd415d13ec10 is updated
2017-10-28 07:20:42.497 28536 INFO heat.engine.service [req-a2af2964-9c90-42ea-b83d-bdcb3a54f40d - - - - -] Service 98ecc1ea-b227-42dc-82e7-30ac1ed9fca4 is updated
2017-10-28 07:20:42.545 28560 INFO heat.engine.service [req-de017bf4-4dc3-4ed4-8c1e-48a16f07d346 - - - - -] Service 3b95e8e7-8709-45d2-a464-bac772180735 is updated
2017-10-28 07:20:42.582 28557 INFO heat.engine.service [req-89b73123-5f25-4751-bfc0-b40c4f9a2751 - - - - -] Service 98f930a8-31b2-4e4d-8712-9e6fea660e73 is updated
2017-10-28 07:20:42.586 28519 INFO heat.engine.service [req-7c10b79e-c6e5-4192-ac43-ce8e8cff09b2 - - - - -] Service 7d2457db-265f-4f09-a7ed-68db183e0384 is updated
2017-10-28 07:20:42.586 28563 INFO heat.engine.service [req-4f0d7625-95bb-4c74-bd58-587d8875016a - - - - -] Service 4eca1835-2fb1-450f-b336-3867986a581d is updated
2017-10-28 07:20:42.599 28524 INFO heat.engine.service [req-9cfb901c-0898-49fa-b63f-8c2ba3d96742 - - - - -] Service 2f511c44-ddf4-43a7-9fd0-41f210a8b669 is updated
2017-10-28 07:20:42.619 28533 INFO heat.engine.service [req-82556f53-781f-4ecd-b9c2-7449c0b5308d - - - - -] Service 3a35d7bf-f1bd-4589-a5c3-8000c3b24793 is updated
2017-10-28 07:20:42.640 28517 INFO heat.engine.service [req-7249e721-dad5-436e-a9c9-8f57dd62292a - - - - -] Service 750cf73f-337d-432c-9d53-30fab548b45c is updated
2017-10-28 07:20:42.669 28541 INFO heat.engine.service [req-4553830a-6d4a-42fb-830b-52ce6dc80290 - - - - -] Service 28f76f02-d340-4517-9f1d-cb1f7fd704ac is updated
2017-10-28 07:20:42.680 28547 INFO heat.engine.service [req-e42f2de4-ffbc-4f07-bb27-fbd2b81f237c - - - - -] Service 25707d32-efb1-423a-b2d4-e11dfe67bcdc is updated
2017-10-28 07:20:42.689 28554 INFO heat.engine.service [req-622c1095-cd36-4e26-9f67-44cdccb48554 - - - - -] Service c7479ed7-747a-48d4-9a5a-b7161a57c39e is updated
2017-10-28 07:20:42.690 28530 INFO heat.engine.service [req-7682454d-433b-44c6-a362-12d4a12cc8a9 - - - - -] Service caf6df39-f07f-489e-9581-9b70becae9e2 is updated
2017-10-28 07:20:42.696 28549 INFO heat.engine.service [req-e9060d63-fba0-450e-9782-cf6596d71815 - - - - -] Service 8942a6af-7411-45cf-9672-1c7d3127c49f is updated
2017-10-28 07:20:42.710 28537 INFO heat.engine.service [req-86a1fd50-154a-43ec-8833-c6d3c087b75c - - - - -] Service fd1e41c5-b76e-4f95-9fd6-4a9c3d626081 is updated
2017-10-28 07:20:42.739 28534 INFO heat.engine.service [req-3996cc09-d934-4d74-a3ab-5228d59e7279 - - - - -] Service 7cdf9070-e34d-436d-aa75-65b1eb388638 is updated
2017-10-28 07:20:42.775 28518 INFO heat.engine.service [req-ca28dc32-8fd1-4b3b-bce0-20db544cf950 - - - - -] Service dd24efbc-8915-43d4-af30-b40fa3b43c47 is updated
2017-10-28 07:20:42.775 28512 INFO heat.engine.service [req-71781f9e-1284-48fa-8d01-094b1a2a4998 - - - - -] Service fc9cbb06-6f7c-4b69-b947-05f204b3ce3c is updated
2017-10-28 07:20:42.788 28551 INFO heat.engine.service [req-3ae4ed54-c7f0-4bb1-a506-f1ec7f1b38c7 - - - - -] Service 560cd9d1-ade5-4123-8efe-4822dbddfe23 is updated
2017-10-28 07:20:42.797 28556 INFO heat.engine.service [req-233e835f-e372-4c1b-912c-6e1c59e8bc9a - - - - -] Service 30227806-eb6a-421b-b64b-1f4e769dde97 is updated
2017-10-28 07:20:42.800 28535 INFO heat.engine.service [req-ec8c796d-c188-4d9c-9048-5bb47d7aaa0a - - - - -] Service fb8da2fb-0ff3-4afc-956a-7d78b638efc3 is updated
2017-10-28 07:20:42.808 28515 INFO heat.engine.service [req-89f7e58d-512a-40cc-a9ab-d892bef5990c - - - - -] Service 1a670f48-191d-4af2-ba9b-d59280a34029 is updated
2017-10-28 07:20:42.808 28550 INFO heat.engine.service [req-11186894-aaf3-4bef-a3ff-119e7c93bbcc - - - - -] Service ac79e68c-b408-42b8-9a3f-aaa256fcf8f0 is updated
2017-10-28 07:20:42.821 28521 INFO heat.engine.service [req-cc7d654e-51a3-4615-9cdc-e6c9c0d7e9bc - - - - -] Service d42598ab-5331-4bf4-a271-327e00c8675f is updated
2017-10-28 07:20:42.827 28540 INFO heat.engine.service [req-3b5ad72c-aca2-4791-bd5e-fd9c53012c40 - - - - -] Service 48ab0354-0cc3-4574-8b4b-39578b4811f9 is updated
2017-10-28 07:20:42.830 28558 INFO heat.engine.service [req-64a683a7-9c22-4fe5-bb9c-48a6832250c9 - - - - -] Service ce91c6b2-92c3-4791-9658-c7753c86c265 is updated
2017-10-28 07:20:42.858 28531 INFO heat.engine.service [req-ea059be7-e8c9-4f27-9620-9cf0a1c38761 - - - - -] Service ff837399-1603-480b-89cf-1947330a42ab is updated
2017-10-28 07:20:42.866 28525 INFO heat.engine.service [req-40dfdb82-898d-4ad5-b940-ce5d8098b12a - - - - -] Service 12fa1fd5-3e02-4695-9acb-ecf6d0c6be7e is updated
2017-10-28 07:20:42.873 28555 INFO heat.engine.service [req-d2c6c270-4afb-4213-81d9-6ed77c092be3 - - - - -] Service 6b1b66de-35d9-4105-bcd5-aa680ffcddec is updated
2017-10-28 07:20:42.976 28559 INFO heat.engine.service [req-30ee8449-35ce-4032-969b-575017427b9f - - - - -] Service d321ca62-b768-43f2-9c4f-f4308f362b40 is updated
2017-10-28 07:20:43.181 28539 INFO heat.engine.service [req-317309aa-9778-49f0-a3c0-baf2dcb78a6a - - - - -] Service 75a95404-a1b5-44f6-ba31-90e0e95c8ad0 is updated
2017-10-28 07:20:44.395 28514 INFO heat.engine.service [req-88587573-1faf-4f16-8468-b6cf6d0c042a - - - - -] Service c1ca77d3-4c81-441a-914c-e8e1795d0819 is updated
2017-10-28 07:21:42.187 28529 INFO heat.engine.service [req-04b1632b-ebe8-4007-a1e6-bf15b7c51b21 - - - - -] Service 4e596928-014f-46fe-904b-2c69d0122faa is updated
2017-10-28 07:21:42.227 28527 INFO heat.engine.service [req-723d1978-1fb8-4854-8234-9acaeed508c7 - - - - -] Service 27b05062-f4e2-41b9-a5a1-b78a8e7a7cab is updated
2017-10-28 07:21:42.252 28553 INFO heat.engine.service [req-c342e738-6c42-44eb-b7ab-4c91aec10a16 - - - - -] Service 1231c634-a611-4552-9733-0bcd0229559d is updated
2017-10-28 07:21:42.317 28522 INFO heat.engine.service [req-6be46dd9-d614-418d-abae-f0d16847f363 - - - - -] Service 0b05fddd-7118-49f7-b698-e81b89f80dd0 is updated
2017-10-28 07:21:42.326 28542 INFO heat.engine.service [req-cdb3453e-95ff-415f-9df8-c8323aa9f9a4 - - - - -] Service 94a1afb2-8a32-439d-ab8f-e06a961e4433 is updated
2017-10-28 07:21:42.333 28532 INFO heat.engine.service [req-d58451a9-1cfd-4999-b672-2fbc79ae42cc - - - - -] Service 5e954547-3083-4e91-b56e-edaec69d9004 is updated
2017-10-28 07:21:42.334 28523 INFO heat.engine.service [req-fecfeda2-260b-4a7a-af5c-a87eb227bf70 - - - - -] Service d7cc827c-6c72-4bc7-9c27-48fae872f1b6 is updated
2017-10-28 07:21:42.343 28511 INFO heat.engine.service [req-099f6806-52a4-4878-913e-7447c0131e0a - - - - -] Service c4991b42-b929-41c8-92ba-07735294b97d is updated
2017-10-28 07:21:42.358 28513 INFO heat.engine.service [req-bb1b71e1-bf18-4e72-933e-94592bd27eba - - - - -] Service 5ce1d5ea-a507-4dce-98d2-430354f1824f is updated
2017-10-28 07:21:42.364 28538 INFO heat.engine.service [req-a93abd8b-7f33-4d39-8bc9-881b503318a4 - - - - -] Service 174f2dbb-df8a-4407-b210-723a658db9cb is updated
2017-10-28 07:21:42.391 28552 INFO heat.engine.service [req-21468f6e-e338-44ba-a676-6dae0c081004 - - - - -] Service e9eaa51d-d288-442a-bc48-944d997543a3 is updated
2017-10-28 07:21:42.399 28561 INFO heat.engine.service [req-d64605cb-0edd-42ad-938a-4e70d1115fe0 - - - - -] Service 5320c9fe-fd90-45e2-9c81-06f88b38f36b is updated
2017-10-28 07:21:42.414 28516 INFO heat.engine.service [req-2b888847-00e1-42fa-b4d8-cd96a103e5a5 - - - - -] Service 2d84e3bb-febf-485e-87fe-d93b4c80d1c4 is updated
2017-10-28 07:21:42.462 28564 INFO heat.engine.service [req-e001257e-dcae-4600-be59-ae109c267619 - - - - -] Service 8f50a07c-7ad8-4a6d-a9d3-37e4c8f0ba53 is updated
2017-10-28 07:21:42.466 28520 INFO heat.engine.service [req-281b27ea-c40e-4bc2-8fb6-0fdfc1f020eb - - - - -] Service 4afb81d2-1ea2-4a4b-bc5f-b909623e3e74 is updated
2017-10-28 07:21:42.474 28510 INFO heat.engine.service [req-84998ec6-ac24-44b7-9cc3-6d625731c995 - - - - -] Service 4669f065-a489-481e-9850-91a9f44bc077 is updated
2017-10-28 07:21:42.477 28562 INFO heat.engine.service [req-9a347ec9-693b-4eaa-a9a5-21aac01fe5a3 - - - - -] Service b207e39f-b808-4c6c-8285-bd415d13ec10 is updated
2017-10-28 07:21:42.494 28536 INFO heat.engine.service [req-0afa2849-14cc-43c5-b034-bbbd7312eeb9 - - - - -] Service 98ecc1ea-b227-42dc-82e7-30ac1ed9fca4 is updated
2017-10-28 07:21:42.552 28560 INFO heat.engine.service [req-a64aa754-b71c-46c3-b7a4-1c852e832435 - - - - -] Service 3b95e8e7-8709-45d2-a464-bac772180735 is updated
2017-10-28 07:21:42.582 28557 INFO heat.engine.service [req-183f6e29-4b45-4487-aaf9-fcf1729bcd57 - - - - -] Service 98f930a8-31b2-4e4d-8712-9e6fea660e73 is updated
2017-10-28 07:21:42.584 28563 INFO heat.engine.service [req-e9df0eaa-2664-4e56-82f3-c8806bd775da - - - - -] Service 4eca1835-2fb1-450f-b336-3867986a581d is updated
2017-10-28 07:21:42.584 28519 INFO heat.engine.service [req-30dbb579-a72e-43fa-9223-f3f4e300e049 - - - - -] Service 7d2457db-265f-4f09-a7ed-68db183e0384 is updated
2017-10-28 07:21:42.606 28524 INFO heat.engine.service [req-5fd98ce0-9633-41de-90a5-dfd02819a406 - - - - -] Service 2f511c44-ddf4-43a7-9fd0-41f210a8b669 is updated
2017-10-28 07:21:42.616 28533 INFO heat.engine.service [req-8ca7bba8-6e2a-4271-acd2-ce3aa9709ef3 - - - - -] Service 3a35d7bf-f1bd-4589-a5c3-8000c3b24793 is updated
2017-10-28 07:21:42.638 28517 INFO heat.engine.service [req-95d5fa36-402e-49e4-bfe7-2468982c8bd4 - - - - -] Service 750cf73f-337d-432c-9d53-30fab548b45c is updated
2017-10-28 07:21:42.666 28541 INFO heat.engine.service [req-fc14a75f-3fb5-4cff-9969-78412f26d075 - - - - -] Service 28f76f02-d340-4517-9f1d-cb1f7fd704ac is updated
2017-10-28 07:21:42.677 28547 INFO heat.engine.service [req-6cec0aad-b6c0-4885-9b6b-1078db7938e3 - - - - -] Service 25707d32-efb1-423a-b2d4-e11dfe67bcdc is updated
2017-10-28 07:21:42.687 28554 INFO heat.engine.service [req-dc136363-9ff5-48d3-965c-7ec2a5d80341 - - - - -] Service c7479ed7-747a-48d4-9a5a-b7161a57c39e is updated
2017-10-28 07:21:42.688 28530 INFO heat.engine.service [req-057aaaf3-51f4-44fd-8cd8-d5422cfbaab7 - - - - -] Service caf6df39-f07f-489e-9581-9b70becae9e2 is updated
2017-10-28 07:21:42.694 28549 INFO heat.engine.service [req-2156c72b-f7c2-47b6-a7ba-88b1dda5dbba - - - - -] Service 8942a6af-7411-45cf-9672-1c7d3127c49f is updated
2017-10-28 07:21:42.706 28537 INFO heat.engine.service [req-483cc3be-bb34-4d85-be18-06acca5c3439 - - - - -] Service fd1e41c5-b76e-4f95-9fd6-4a9c3d626081 is updated
2017-10-28 07:21:42.738 28534 INFO heat.engine.service [req-de9adc53-07b7-44d1-87b2-7ad28595fa96 - - - - -] Service 7cdf9070-e34d-436d-aa75-65b1eb388638 is updated
2017-10-28 07:21:42.772 28518 INFO heat.engine.service [req-9c27c14e-883d-4ed2-a58b-032dc97e4818 - - - - -] Service dd24efbc-8915-43d4-af30-b40fa3b43c47 is updated
2017-10-28 07:21:42.774 28512 INFO heat.engine.service [req-b6176a72-7bd7-4d15-b4f2-eebba8317c3e - - - - -] Service fc9cbb06-6f7c-4b69-b947-05f204b3ce3c is updated
2017-10-28 07:21:42.827 28551 INFO heat.engine.service [req-eea5075e-27d8-473a-ba09-2d1cd642b631 - - - - -] Service 560cd9d1-ade5-4123-8efe-4822dbddfe23 is updated
2017-10-28 07:21:42.834 28556 INFO heat.engine.service [req-d671d15c-2edb-4bfc-b6fd-e99b606c9323 - - - - -] Service 30227806-eb6a-421b-b64b-1f4e769dde97 is updated
2017-10-28 07:21:42.836 28515 INFO heat.engine.service [req-9dc1f29e-1e44-4b43-a3c1-bfa5eaaf0ccb - - - - -] Service 1a670f48-191d-4af2-ba9b-d59280a34029 is updated
2017-10-28 07:21:42.836 28521 INFO heat.engine.service [req-16b192a7-b037-4c94-8f9f-e79969950f9f - - - - -] Service d42598ab-5331-4bf4-a271-327e00c8675f is updated
2017-10-28 07:21:42.836 28535 INFO heat.engine.service [req-96ed5a2b-1a07-4fed-9fc3-58d04e2f9269 - - - - -] Service fb8da2fb-0ff3-4afc-956a-7d78b638efc3 is updated
2017-10-28 07:21:42.837 28558 INFO heat.engine.service [req-1d0c7eac-09d1-43aa-b887-a181d4102dd1 - - - - -] Service ce91c6b2-92c3-4791-9658-c7753c86c265 is updated
2017-10-28 07:21:42.838 28540 INFO heat.engine.service [req-a2579c6f-f36b-4a43-b6d1-dfb8393a533b - - - - -] Service 48ab0354-0cc3-4574-8b4b-39578b4811f9 is updated
2017-10-28 07:21:42.842 28550 INFO heat.engine.service [req-7aba71e2-053d-4259-b9a4-986f5e1bfb4f - - - - -] Service ac79e68c-b408-42b8-9a3f-aaa256fcf8f0 is updated
2017-10-28 07:21:42.855 28531 INFO heat.engine.service [req-7b7e2c13-bd64-4ea5-b850-b49fa752fcbe - - - - -] Service ff837399-1603-480b-89cf-1947330a42ab is updated
2017-10-28 07:21:42.864 28525 INFO heat.engine.service [req-5f3d6a53-c6ee-495b-a330-75354b5ad97f - - - - -] Service 12fa1fd5-3e02-4695-9acb-ecf6d0c6be7e is updated
2017-10-28 07:21:42.869 28555 INFO heat.engine.service [req-7cdaec66-2cfd-42f7-b5e1-3c9f1dbef0cb - - - - -] Service 6b1b66de-35d9-4105-bcd5-aa680ffcddec is updated
2017-10-28 07:21:42.976 28559 INFO heat.engine.service [req-04a16d5f-b1b2-4cde-8a0c-5f3380757675 - - - - -] Service d321ca62-b768-43f2-9c4f-f4308f362b40 is updated
2017-10-28 07:21:43.180 28539 INFO heat.engine.service [req-bdceff98-5187-4bc1-a949-4296f724381b - - - - -] Service 75a95404-a1b5-44f6-ba31-90e0e95c8ad0 is updated
2017-10-28 07:21:44.393 28514 INFO heat.engine.service [req-3dcab0c2-9c43-4166-b973-e9f16c0bf833 - - - - -] Service c1ca77d3-4c81-441a-914c-e8e1795d0819 is updated
