2016-11-15 22:27:08.914 9885 INFO nova.osapi_compute.wsgi.server [req-74a07755-99ba-4635-82c4-ed7b38f757cf 8a2ad7f130ec45b29cbc5a8e9d2b12b8 01a6ab18bde941a89af94d2c91f833df - - -] 192.168.10.4 "GET /v1.1/01a6ab18bde941a89af94d2c91f833df/flavors/e5ed72a8-86ec-4ade-8c66-b404078cf731 HTTP/1.1" status: 200 len: 715 time: 0.0168040
2016-11-15 22:27:09.232 9874 INFO nova.osapi_compute.wsgi.server [req-73c5203d-ee20-46b4-ba36-b15a6bb076b5 8a2ad7f130ec45b29cbc5a8e9d2b12b8 01a6ab18bde941a89af94d2c91f833df - - -] 192.168.10.4 "GET /v1.1/01a6ab18bde941a89af94d2c91f833df/flavors/e5ed72a8-86ec-4ade-8c66-b404078cf731 HTTP/1.1" status: 200 len: 715 time: 0.0183940
2016-11-15 22:27:09.473 9893 INFO nova.osapi_compute.wsgi.server [req-851a7224-325c-4971-bd60-0ea7ef893369 8a2ad7f130ec45b29cbc5a8e9d2b12b8 01a6ab18bde941a89af94d2c91f833df - - -] 192.168.10.4 "GET /v1.1/01a6ab18bde941a89af94d2c91f833df/flavors/e5ed72a8-86ec-4ade-8c66-b404078cf731 HTTP/1.1" status: 200 len: 715 time: 0.0151069
2016-11-15 22:27:09.726 9869 INFO nova.osapi_compute.wsgi.server [req-dbfa486b-7d6c-4a90-9b67-e6524b73c0ad 8a2ad7f130ec45b29cbc5a8e9d2b12b8 01a6ab18bde941a89af94d2c91f833df - - -] 192.168.10.4 "GET /v1.1/01a6ab18bde941a89af94d2c91f833df/flavors/e5ed72a8-86ec-4ade-8c66-b404078cf731 HTTP/1.1" status: 200 len: 715 time: 0.0111480
2016-11-15 22:27:09.911 9856 INFO nova.osapi_compute.wsgi.server [req-80f213b1-7c54-4884-bc72-783414901ec2 8a2ad7f130ec45b29cbc5a8e9d2b12b8 01a6ab18bde941a89af94d2c91f833df - - -] 192.168.10.4 "GET /v1.1/01a6ab18bde941a89af94d2c91f833df/flavors/e5ed72a8-86ec-4ade-8c66-b404078cf731 HTTP/1.1" status: 200 len: 715 time: 0.0154710
2016-11-15 22:27:10.150 9860 INFO nova.osapi_compute.wsgi.server [req-8f3d99f8-8643-4710-8e58-215429491683 8a2ad7f130ec45b29cbc5a8e9d2b12b8 01a6ab18bde941a89af94d2c91f833df - - -] 192.168.10.4 "GET /v1.1/01a6ab18bde941a89af94d2c91f833df/flavors/e5ed72a8-86ec-4ade-8c66-b404078cf731 HTTP/1.1" status: 200 len: 715 time: 0.0158310
2016-11-15 22:27:10.424 9869 INFO nova.osapi_compute.wsgi.server [req-e51080e8-689a-44a4-9c0d-09214caa96cb 8a2ad7f130ec45b29cbc5a8e9d2b12b8 01a6ab18bde941a89af94d2c91f833df - - -] 192.168.10.4 "GET /v1.1/01a6ab18bde941a89af94d2c91f833df/flavors/e5ed72a8-86ec-4ade-8c66-b404078cf731 HTTP/1.1" status: 200 len: 715 time: 0.0181048
2016-11-15 22:27:10.695 9880 INFO nova.osapi_compute.wsgi.server [req-cdc32f8f-4ae1-422e-bffa-8f8c5de228d4 8a2ad7f130ec45b29cbc5a8e9d2b12b8 01a6ab18bde941a89af94d2c91f833df - - -] 192.168.10.4 "GET /v1.1/01a6ab18bde941a89af94d2c91f833df/flavors/e5ed72a8-86ec-4ade-8c66-b404078cf731 HTTP/1.1" status: 200 len: 715 time: 0.0182619
2016-11-15 22:27:10.912 9869 INFO nova.osapi_compute.wsgi.server [req-9c512902-3793-483c-9155-3e6a872b5565 8a2ad7f130ec45b29cbc5a8e9d2b12b8 01a6ab18bde941a89af94d2c91f833df - - -] 192.168.10.4 "GET /v1.1/01a6ab18bde941a89af94d2c91f833df/flavors/e5ed72a8-86ec-4ade-8c66-b404078cf731 HTTP/1.1" status: 200 len: 715 time: 0.0193601
2016-11-15 22:27:11.104 9880 INFO nova.osapi_compute.wsgi.server [req-117c600c-266c-42e8-b84f-cd960098ce49 8a2ad7f130ec45b29cbc5a8e9d2b12b8 01a6ab18bde941a89af94d2c91f833df - - -] 192.168.10.4 "GET /v1.1/01a6ab18bde941a89af94d2c91f833df/flavors/e5ed72a8-86ec-4ade-8c66-b404078cf731 HTTP/1.1" status: 200 len: 715 time: 0.0141451
2016-11-15 22:27:11.308 9860 INFO nova.osapi_compute.wsgi.server [req-8586f27c-aa5d-4ec0-bc87-09414696f636 8a2ad7f130ec45b29cbc5a8e9d2b12b8 01a6ab18bde941a89af94d2c91f833df - - -] 192.168.10.4 "GET /v1.1/01a6ab18bde941a89af94d2c91f833df/flavors/e5ed72a8-86ec-4ade-8c66-b404078cf731 HTTP/1.1" status: 200 len: 715 time: 0.0161529
2016-11-15 22:27:11.508 9860 INFO nova.osapi_compute.wsgi.server [req-21138305-53c9-43f7-9f2c-59c66dfa6d7a 8a2ad7f130ec45b29cbc5a8e9d2b12b8 01a6ab18bde941a89af94d2c91f833df - - -] 192.168.10.4 "GET /v1.1/01a6ab18bde941a89af94d2c91f833df/flavors/e5ed72a8-86ec-4ade-8c66-b404078cf731 HTTP/1.1" status: 200 len: 715 time: 0.0181320
2016-11-15 22:27:11.717 9893 INFO nova.osapi_compute.wsgi.server [req-50dc40c0-976b-4563-b251-3d83ac597b96 8a2ad7f130ec45b29cbc5a8e9d2b12b8 01a6ab18bde941a89af94d2c91f833df - - -] 192.168.10.4 "GET /v1.1/01a6ab18bde941a89af94d2c91f833df/flavors/e5ed72a8-86ec-4ade-8c66-b404078cf731 HTTP/1.1" status: 200 len: 715 time: 0.0199430
2016-11-15 22:27:11.966 9860 INFO nova.osapi_compute.wsgi.server [req-54cd5c2f-cef4-4607-95e4-4190bd0cdf05 8a2ad7f130ec45b29cbc5a8e9d2b12b8 01a6ab18bde941a89af94d2c91f833df - - -] 192.168.10.4 "GET /v1.1/01a6ab18bde941a89af94d2c91f833df/flavors/e5ed72a8-86ec-4ade-8c66-b404078cf731 HTTP/1.1" status: 200 len: 715 time: 0.0120630
2016-11-15 22:27:12.214 9893 INFO nova.osapi_compute.wsgi.server [req-1f20a97e-df6a-4725-b495-28f4004f515f 8a2ad7f130ec45b29cbc5a8e9d2b12b8 01a6ab18bde941a89af94d2c91f833df - - -] 192.168.10.4 "GET /v1.1/01a6ab18bde941a89af94d2c91f833df/flavors/e5ed72a8-86ec-4ade-8c66-b404078cf731 HTTP/1.1" status: 200 len: 715 time: 0.0171540
2016-11-15 22:27:12.420 9877 INFO nova.osapi_compute.wsgi.server [req-eaea1f63-420a-43f2-9640-42e32a2d0b43 8a2ad7f130ec45b29cbc5a8e9d2b12b8 01a6ab18bde941a89af94d2c91f833df - - -] 192.168.10.4 "GET /v1.1/01a6ab18bde941a89af94d2c91f833df/flavors/e5ed72a8-86ec-4ade-8c66-b404078cf731 HTTP/1.1" status: 200 len: 715 time: 0.0183489
2016-11-15 22:27:12.639 9874 INFO nova.osapi_compute.wsgi.server [req-1d90b69e-cd3f-493e-9608-ef9caf7c2a43 8a2ad7f130ec45b29cbc5a8e9d2b12b8 01a6ab18bde941a89af94d2c91f833df - - -] 192.168.10.4 "GET /v1.1/01a6ab18bde941a89af94d2c91f833df/flavors/e5ed72a8-86ec-4ade-8c66-b404078cf731 HTTP/1.1" status: 200 len: 715 time: 0.0180230
2016-11-15 22:27:12.854 9893 INFO nova.osapi_compute.wsgi.server [req-74b10d82-39e2-4bcc-8dbd-b473bf04fb60 8a2ad7f130ec45b29cbc5a8e9d2b12b8 01a6ab18bde941a89af94d2c91f833df - - -] 192.168.10.4 "GET /v1.1/01a6ab18bde941a89af94d2c91f833df/flavors/e5ed72a8-86ec-4ade-8c66-b404078cf731 HTTP/1.1" status: 200 len: 715 time: 0.0192330
2016-11-15 22:27:13.117 9860 INFO nova.osapi_compute.wsgi.server [req-bb84a5a9-cbfa-43cd-a012-578fc75911de 8a2ad7f130ec45b29cbc5a8e9d2b12b8 01a6ab18bde941a89af94d2c91f833df - - -] 192.168.10.4 "GET /v1.1/01a6ab18bde941a89af94d2c91f833df/flavors/e5ed72a8-86ec-4ade-8c66-b404078cf731 HTTP/1.1" status: 200 len: 715 time: 0.0179889
2016-11-15 22:27:13.337 9889 INFO nova.osapi_compute.wsgi.server [req-92028bff-ff59-4c5b-a50b-20b66cf13c8b 8a2ad7f130ec45b29cbc5a8e9d2b12b8 01a6ab18bde941a89af94d2c91f833df - - -] 192.168.10.4 "GET /v1.1/01a6ab18bde941a89af94d2c91f833df/flavors/e5ed72a8-86ec-4ade-8c66-b404078cf731 HTTP/1.1" status: 200 len: 715 time: 0.0202661
2016-11-15 22:27:13.608 9859 INFO nova.osapi_compute.wsgi.server [req-3a5f43f2-f75b-49b8-8560-54db593361da 8a2ad7f130ec45b29cbc5a8e9d2b12b8 01a6ab18bde941a89af94d2c91f833df - - -] 192.168.10.4 "GET /v1.1/01a6ab18bde941a89af94d2c91f833df/flavors/e5ed72a8-86ec-4ade-8c66-b404078cf731 HTTP/1.1" status: 200 len: 715 time: 0.0180449
2016-11-15 22:27:13.815 9885 INFO nova.osapi_compute.wsgi.server [req-d05d21b8-8b6e-4a82-a743-bc1dc589e045 8a2ad7f130ec45b29cbc5a8e9d2b12b8 01a6ab18bde941a89af94d2c91f833df - - -] 192.168.10.4 "GET /v1.1/01a6ab18bde941a89af94d2c91f833df/flavors/e5ed72a8-86ec-4ade-8c66-b404078cf731 HTTP/1.1" status: 200 len: 715 time: 0.0192950
2016-11-15 22:27:14.085 9889 INFO nova.osapi_compute.wsgi.server [req-38ba8e3b-4648-493a-9c6f-ae8222660bee 8a2ad7f130ec45b29cbc5a8e9d2b12b8 01a6ab18bde941a89af94d2c91f833df - - -] 192.168.10.4 "GET /v1.1/01a6ab18bde941a89af94d2c91f833df/flavors/e5ed72a8-86ec-4ade-8c66-b404078cf731 HTTP/1.1" status: 200 len: 715 time: 0.0168951
2016-11-15 22:27:14.364 9885 INFO nova.osapi_compute.wsgi.server [req-bbec4195-225f-4721-8d3b-3b23bfb21d5e 8a2ad7f130ec45b29cbc5a8e9d2b12b8 01a6ab18bde941a89af94d2c91f833df - - -] 192.168.10.4 "GET /v1.1/01a6ab18bde941a89af94d2c91f833df/flavors/e5ed72a8-86ec-4ade-8c66-b404078cf731 HTTP/1.1" status: 200 len: 715 time: 0.0233889
2016-11-15 22:27:14.575 9889 INFO nova.osapi_compute.wsgi.server [req-b45ac5f6-5004-4c97-bcd2-4d195d7c5df1 8a2ad7f130ec45b29cbc5a8e9d2b12b8 01a6ab18bde941a89af94d2c91f833df - - -] 192.168.10.4 "GET /v1.1/01a6ab18bde941a89af94d2c91f833df/flavors/e5ed72a8-86ec-4ade-8c66-b404078cf731 HTTP/1.1" status: 200 len: 715 time: 0.0182800
2016-11-15 22:27:14.770 9874 INFO nova.osapi_compute.wsgi.server [req-a34fc1be-8a5b-4e6a-b9d0-51cd1371257a 8a2ad7f130ec45b29cbc5a8e9d2b12b8 01a6ab18bde941a89af94d2c91f833df - - -] 192.168.10.4 "GET /v1.1/01a6ab18bde941a89af94d2c91f833df/flavors/e5ed72a8-86ec-4ade-8c66-b404078cf731 HTTP/1.1" status: 200 len: 715 time: 0.0148790
2016-11-15 22:27:14.972 9864 INFO nova.osapi_compute.wsgi.server [req-754b9e1f-45bb-4a8d-b2a8-445ac8a9e652 8a2ad7f130ec45b29cbc5a8e9d2b12b8 01a6ab18bde941a89af94d2c91f833df - - -] 192.168.10.4 "GET /v1.1/01a6ab18bde941a89af94d2c91f833df/flavors/e5ed72a8-86ec-4ade-8c66-b404078cf731 HTTP/1.1" status: 200 len: 715 time: 0.0151899
2016-11-15 22:27:15.164 9885 INFO nova.osapi_compute.wsgi.server [req-98cd114f-e709-42bd-bfc0-143ea5733b62 8a2ad7f130ec45b29cbc5a8e9d2b12b8 01a6ab18bde941a89af94d2c91f833df - - -] 192.168.10.4 "GET /v1.1/01a6ab18bde941a89af94d2c91f833df/flavors/e5ed72a8-86ec-4ade-8c66-b404078cf731 HTTP/1.1" status: 200 len: 715 time: 0.0182300
2016-11-15 22:27:15.499 9859 INFO nova.osapi_compute.wsgi.server [req-5d9e446d-6a61-4f0a-8a74-7568d2993eda 8a2ad7f130ec45b29cbc5a8e9d2b12b8 01a6ab18bde941a89af94d2c91f833df - - -] 192.168.10.4 "GET /v1.1/01a6ab18bde941a89af94d2c91f833df/servers/detail?all_tenants=True&host=nodec60 HTTP/1.1" status: 200 len: 5655 time: 0.1429520
2016-11-15 22:27:15.584 9859 INFO nova.osapi_compute.wsgi.server [req-6d265888-200b-43ca-822b-ec1790e916df 8a2ad7f130ec45b29cbc5a8e9d2b12b8 01a6ab18bde941a89af94d2c91f833df - - -] 192.168.10.4 "GET /v1.1/01a6ab18bde941a89af94d2c91f833df/servers/detail?all_tenants=True HTTP/1.1" status: 200 len: 16134 time: 0.3080590
2016-11-15 22:27:15.685 9864 INFO nova.osapi_compute.wsgi.server [req-6871bea0-204f-4e99-9bc3-917b15179d8d 8a2ad7f130ec45b29cbc5a8e9d2b12b8 01a6ab18bde941a89af94d2c91f833df - - -] 192.168.10.4 "GET /v1.1/01a6ab18bde941a89af94d2c91f833df/servers/detail?all_tenants=True&host=nodec60 HTTP/1.1" status: 200 len: 5655 time: 0.1311009
2016-11-15 22:27:15.892 9877 INFO nova.osapi_compute.wsgi.server [req-0ded3d8e-aecf-44c2-886b-cff1bc8bbb68 8a2ad7f130ec45b29cbc5a8e9d2b12b8 01a6ab18bde941a89af94d2c91f833df - - -] 192.168.10.4 "GET /v1.1/01a6ab18bde941a89af94d2c91f833df/servers/detail?all_tenants=True&host=nodec60 HTTP/1.1" status: 200 len: 5655 time: 0.1463141
2016-11-15 22:27:15.942 9864 INFO nova.osapi_compute.wsgi.server [req-85ce868d-a43d-4f00-974a-42cb4c1f7175 8a2ad7f130ec45b29cbc5a8e9d2b12b8 01a6ab18bde941a89af94d2c91f833df - - -] 192.168.10.4 "GET /v1.1/01a6ab18bde941a89af94d2c91f833df/images/9bb5e395-bd2f-4319-b3fe-b5391513be2f HTTP/1.1" status: 200 len: 914 time: 0.0286031
2016-11-15 22:27:16.305 9877 INFO nova.osapi_compute.wsgi.server [req-c87cb087-6812-49fc-ae9e-e2960abe63df 8a2ad7f130ec45b29cbc5a8e9d2b12b8 01a6ab18bde941a89af94d2c91f833df - - -] 192.168.10.4 "GET /v1.1/01a6ab18bde941a89af94d2c91f833df/flavors/e5ed72a8-86ec-4ade-8c66-b404078cf731 HTTP/1.1" status: 200 len: 715 time: 0.0117829
2016-11-15 22:27:16.307 9885 INFO nova.osapi_compute.wsgi.server [req-d5fc1dcc-560b-48c1-a16c-f6dd0ec2a194 8a2ad7f130ec45b29cbc5a8e9d2b12b8 01a6ab18bde941a89af94d2c91f833df - - -] 192.168.10.4 "GET /v1.1/01a6ab18bde941a89af94d2c91f833df/servers/detail?all_tenants=True HTTP/1.1" status: 200 len: 16134 time: 0.2027481
2016-11-15 22:27:16.520 9864 INFO nova.osapi_compute.wsgi.server [req-9b989754-5575-4290-a6c7-eab807f10fc1 8a2ad7f130ec45b29cbc5a8e9d2b12b8 01a6ab18bde941a89af94d2c91f833df - - -] 192.168.10.4 "GET /v1.1/01a6ab18bde941a89af94d2c91f833df/servers/detail?all_tenants=True HTTP/1.1" status: 200 len: 16134 time: 0.1514251
2016-11-15 22:27:16.741 9877 INFO nova.osapi_compute.wsgi.server [req-f997a6e0-c89a-4562-a8b9-d125670f91fb 8a2ad7f130ec45b29cbc5a8e9d2b12b8 01a6ab18bde941a89af94d2c91f833df - - -] 192.168.10.4 "GET /v1.1/01a6ab18bde941a89af94d2c91f833df/servers/detail?all_tenants=True HTTP/1.1" status: 200 len: 16134 time: 0.1760540
2016-11-15 22:27:16.768 9877 INFO nova.osapi_compute.wsgi.server [req-492d6857-2a09-4c53-9c3a-600745754723 8a2ad7f130ec45b29cbc5a8e9d2b12b8 01a6ab18bde941a89af94d2c91f833df - - -] 192.168.10.4 "GET /v1.1/01a6ab18bde941a89af94d2c91f833df/flavors/e5ed72a8-86ec-4ade-8c66-b404078cf731 HTTP/1.1" status: 200 len: 715 time: 0.0174651
2016-11-15 22:27:17.082 9862 INFO nova.osapi_compute.wsgi.server [req-07f91cf5-2e83-4e5a-a128-b2f36de33fbe 8a2ad7f130ec45b29cbc5a8e9d2b12b8 01a6ab18bde941a89af94d2c91f833df - - -] 192.168.10.4 "GET /v1.1/01a6ab18bde941a89af94d2c91f833df/servers/detail?all_tenants=True HTTP/1.1" status: 200 len: 16134 time: 0.1730180
2016-11-15 22:27:17.135 9862 INFO nova.osapi_compute.wsgi.server [req-14e31e47-4e48-4177-9ffe-c089b0b4a0fc 8a2ad7f130ec45b29cbc5a8e9d2b12b8 01a6ab18bde941a89af94d2c91f833df - - -] 192.168.10.4 "GET /v1.1/01a6ab18bde941a89af94d2c91f833df/servers/detail?all_tenants=True&host=nodec60 HTTP/1.1" status: 200 len: 5655 time: 0.1422930
2016-11-15 22:27:17.201 9862 INFO nova.osapi_compute.wsgi.server [req-17619fec-ba37-4c3e-9886-4820c022d937 8a2ad7f130ec45b29cbc5a8e9d2b12b8 01a6ab18bde941a89af94d2c91f833df - - -] 192.168.10.4 "GET /v1.1/01a6ab18bde941a89af94d2c91f833df/images/9bb5e395-bd2f-4319-b3fe-b5391513be2f HTTP/1.1" status: 200 len: 914 time: 0.0362289
2016-11-15 22:27:17.355 9885 INFO nova.osapi_compute.wsgi.server [req-27f8f92a-0977-4bb5-ab67-f7fd1dd51c95 8a2ad7f130ec45b29cbc5a8e9d2b12b8 01a6ab18bde941a89af94d2c91f833df - - -] 192.168.10.4 "GET /v1.1/01a6ab18bde941a89af94d2c91f833df/flavors/e5ed72a8-86ec-4ade-8c66-b404078cf731 HTTP/1.1" status: 200 len: 715 time: 0.0127299
2016-11-15 22:27:17.471 9876 WARNING oslo_config.cfg [req-76effc35-1aa1-4804-8fb8-3782046d6d81 8a2ad7f130ec45b29cbc5a8e9d2b12b8 01a6ab18bde941a89af94d2c91f833df - - -] Option "url_timeout" from group "neutron" is deprecated. Use option "timeout" from group "neutron".
2016-11-15 22:27:17.597 9876 INFO nova.osapi_compute.wsgi.server [req-76effc35-1aa1-4804-8fb8-3782046d6d81 8a2ad7f130ec45b29cbc5a8e9d2b12b8 01a6ab18bde941a89af94d2c91f833df - - -] 192.168.10.4 "GET /v1.1/01a6ab18bde941a89af94d2c91f833df/servers/detail?all_tenants=True HTTP/1.1" status: 200 len: 16134 time: 0.1798239
2016-11-15 22:27:17.729 9862 INFO nova.osapi_compute.wsgi.server [req-3da2f374-fdf8-4392-a4f2-df4a0e7c960c 8a2ad7f130ec45b29cbc5a8e9d2b12b8 01a6ab18bde941a89af94d2c91f833df - - -] 192.168.10.4 "GET /v1.1/01a6ab18bde941a89af94d2c91f833df/servers/detail?all_tenants=True&host=nodec60 HTTP/1.1" status: 200 len: 5655 time: 0.1362321
2016-11-15 22:27:17.790 9885 INFO nova.osapi_compute.wsgi.server [req-421e7c31-2514-4a0f-8452-738e43368165 8a2ad7f130ec45b29cbc5a8e9d2b12b8 01a6ab18bde941a89af94d2c91f833df - - -] 192.168.10.4 "GET /v1.1/01a6ab18bde941a89af94d2c91f833df/images/9bb5e395-bd2f-4319-b3fe-b5391513be2f HTTP/1.1" status: 200 len: 914 time: 0.0310891
2016-11-15 22:27:18.397 9864 INFO nova.osapi_compute.wsgi.server [req-a284907e-5f62-47e6-8d1e-832bd8ffc67f 8a2ad7f130ec45b29cbc5a8e9d2b12b8 01a6ab18bde941a89af94d2c91f833df - - -] 192.168.10.4 "GET /v1.1/01a6ab18bde941a89af94d2c91f833df/servers/detail?all_tenants=True HTTP/1.1" status: 200 len: 16134 time: 0.1479831
2016-11-15 22:27:18.914 9885 INFO nova.osapi_compute.wsgi.server [req-88843e2e-ad22-4675-8a2a-2f25bd68a18b 8a2ad7f130ec45b29cbc5a8e9d2b12b8 01a6ab18bde941a89af94d2c91f833df - - -] 192.168.10.4 "GET /v1.1/01a6ab18bde941a89af94d2c91f833df/servers/detail?all_tenants=True HTTP/1.1" status: 200 len: 16134 time: 0.1551251
2016-11-15 22:27:38.198 9862 INFO nova.osapi_compute.wsgi.server [req-16b2c9c4-3ddd-4611-a98e-246e26155541 8a2ad7f130ec45b29cbc5a8e9d2b12b8 01a6ab18bde941a89af94d2c91f833df - - -] 192.168.10.4 "GET /v1.1/01a6ab18bde941a89af94d2c91f833df/images/9bb5e395-bd2f-4319-b3fe-b5391513be2f HTTP/1.1" status: 200 len: 914 time: 0.1497149
2016-11-15 22:27:38.450 9877 INFO nova.osapi_compute.wsgi.server [req-cc7de784-5bbd-4f06-b0dc-80be76d609bd 8a2ad7f130ec45b29cbc5a8e9d2b12b8 01a6ab18bde941a89af94d2c91f833df - - -] 192.168.10.4 "GET /v1.1/01a6ab18bde941a89af94d2c91f833df/flavors/e5ed72a8-86ec-4ade-8c66-b404078cf731 HTTP/1.1" status: 200 len: 715 time: 0.0213928
2016-11-15 22:27:38.746 9885 INFO nova.osapi_compute.wsgi.server [req-ecd290d8-c054-4ed2-90a5-fd3c5e59eb9c 8a2ad7f130ec45b29cbc5a8e9d2b12b8 01a6ab18bde941a89af94d2c91f833df - - -] 192.168.10.4 "GET /v1.1/01a6ab18bde941a89af94d2c91f833df/servers/detail?all_tenants=True&host=nodec61 HTTP/1.1" status: 200 len: 8160 time: 0.1968770
2016-11-15 22:27:38.955 9885 INFO nova.osapi_compute.wsgi.server [req-f2131090-e43c-4ee1-94c3-baa237c05af2 8a2ad7f130ec45b29cbc5a8e9d2b12b8 01a6ab18bde941a89af94d2c91f833df - - -] 192.168.10.4 "GET /v1.1/01a6ab18bde941a89af94d2c91f833df/flavors/3 HTTP/1.1" status: 200 len: 601 time: 0.0191879
2016-11-15 22:27:39.254 9877 INFO nova.osapi_compute.wsgi.server [req-2db1f200-d6f2-4e24-880b-1ef775fcc0e9 8a2ad7f130ec45b29cbc5a8e9d2b12b8 01a6ab18bde941a89af94d2c91f833df - - -] 192.168.10.4 "GET /v1.1/01a6ab18bde941a89af94d2c91f833df/images/9bb5e395-bd2f-4319-b3fe-b5391513be2f HTTP/1.1" status: 200 len: 914 time: 0.1315010
2016-11-15 22:27:39.451 9885 INFO nova.osapi_compute.wsgi.server [req-b7a5e48a-e498-4f0d-92f7-fecec5c9fe86 8a2ad7f130ec45b29cbc5a8e9d2b12b8 01a6ab18bde941a89af94d2c91f833df - - -] 192.168.10.4 "GET /v1.1/01a6ab18bde941a89af94d2c91f833df/flavors/e5ed72a8-86ec-4ade-8c66-b404078cf731 HTTP/1.1" status: 200 len: 715 time: 0.0192189
2016-11-15 22:27:39.795 9863 INFO nova.osapi_compute.wsgi.server [req-23a792e8-4d8d-4678-b75c-031fd82b7672 8a2ad7f130ec45b29cbc5a8e9d2b12b8 01a6ab18bde941a89af94d2c91f833df - - -] 192.168.10.4 "GET /v1.1/01a6ab18bde941a89af94d2c91f833df/servers/detail?all_tenants=True&host=nodec61 HTTP/1.1" status: 200 len: 8160 time: 0.1626320
2016-11-15 22:27:39.873 9863 INFO nova.osapi_compute.wsgi.server [req-5a0f534f-4dd3-4762-a404-8538d7eeeb5b 8a2ad7f130ec45b29cbc5a8e9d2b12b8 01a6ab18bde941a89af94d2c91f833df - - -] 192.168.10.4 "GET /v1.1/01a6ab18bde941a89af94d2c91f833df/flavors/3 HTTP/1.1" status: 200 len: 601 time: 0.0173540
2016-11-15 22:27:40.201 9885 INFO nova.osapi_compute.wsgi.server [req-3b8816b5-6e29-4b3e-a806-58c364b23655 8a2ad7f130ec45b29cbc5a8e9d2b12b8 01a6ab18bde941a89af94d2c91f833df - - -] 192.168.10.4 "GET /v1.1/01a6ab18bde941a89af94d2c91f833df/images/9bb5e395-bd2f-4319-b3fe-b5391513be2f HTTP/1.1" status: 200 len: 914 time: 0.1496558
2016-11-15 22:27:40.419 9863 INFO nova.osapi_compute.wsgi.server [req-d0404267-3bac-437a-8869-44ed9333d71b 8a2ad7f130ec45b29cbc5a8e9d2b12b8 01a6ab18bde941a89af94d2c91f833df - - -] 192.168.10.4 "GET /v1.1/01a6ab18bde941a89af94d2c91f833df/flavors/e5ed72a8-86ec-4ade-8c66-b404078cf731 HTTP/1.1" status: 200 len: 715 time: 0.0187070
2016-11-15 22:27:40.680 9885 INFO nova.osapi_compute.wsgi.server [req-08246bf4-6335-4dcd-b1de-b7bfcce6ec26 8a2ad7f130ec45b29cbc5a8e9d2b12b8 01a6ab18bde941a89af94d2c91f833df - - -] 192.168.10.4 "GET /v1.1/01a6ab18bde941a89af94d2c91f833df/servers/detail?all_tenants=True&host=nodec61 HTTP/1.1" status: 200 len: 8160 time: 0.1377568
2016-11-15 22:27:40.834 9885 INFO nova.osapi_compute.wsgi.server [req-158db859-4957-4196-bdb9-d90365048a31 8a2ad7f130ec45b29cbc5a8e9d2b12b8 01a6ab18bde941a89af94d2c91f833df - - -] 192.168.10.4 "GET /v1.1/01a6ab18bde941a89af94d2c91f833df/flavors/3 HTTP/1.1" status: 200 len: 601 time: 0.0173151
2016-11-15 22:27:41.145 9863 INFO nova.osapi_compute.wsgi.server [req-f81d4360-4cac-4a78-ada0-17343696f38c 8a2ad7f130ec45b29cbc5a8e9d2b12b8 01a6ab18bde941a89af94d2c91f833df - - -] 192.168.10.4 "GET /v1.1/01a6ab18bde941a89af94d2c91f833df/images/9bb5e395-bd2f-4319-b3fe-b5391513be2f HTTP/1.1" status: 200 len: 914 time: 0.1436470
2016-11-15 22:27:41.359 9863 INFO nova.osapi_compute.wsgi.server [req-71db87e7-4483-477a-8677-2208f384bf18 8a2ad7f130ec45b29cbc5a8e9d2b12b8 01a6ab18bde941a89af94d2c91f833df - - -] 192.168.10.4 "GET /v1.1/01a6ab18bde941a89af94d2c91f833df/flavors/e5ed72a8-86ec-4ade-8c66-b404078cf731 HTTP/1.1" status: 200 len: 715 time: 0.0204670
2016-11-15 22:27:41.559 9859 INFO nova.osapi_compute.wsgi.server [req-1b9e5fc0-37dc-4aff-a260-adad6a64e2d3 8a2ad7f130ec45b29cbc5a8e9d2b12b8 01a6ab18bde941a89af94d2c91f833df - - -] 192.168.10.4 "GET /v1.1/01a6ab18bde941a89af94d2c91f833df/servers/detail?all_tenants=True&host=nodec61 HTTP/1.1" status: 200 len: 8160 time: 0.1373980
2016-11-15 22:27:41.645 9864 INFO nova.osapi_compute.wsgi.server [req-b05c6e49-07e7-40bb-990a-36bfbb84cf92 8a2ad7f130ec45b29cbc5a8e9d2b12b8 01a6ab18bde941a89af94d2c91f833df - - -] 192.168.10.4 "GET /v1.1/01a6ab18bde941a89af94d2c91f833df/flavors/3 HTTP/1.1" status: 200 len: 601 time: 0.0174470
2016-11-15 22:27:41.921 9876 INFO nova.osapi_compute.wsgi.server [req-8bfb9a1c-c4b3-495a-96d6-ffbaa2c9f359 8a2ad7f130ec45b29cbc5a8e9d2b12b8 01a6ab18bde941a89af94d2c91f833df - - -] 192.168.10.4 "GET /v1.1/01a6ab18bde941a89af94d2c91f833df/images/9bb5e395-bd2f-4319-b3fe-b5391513be2f HTTP/1.1" status: 200 len: 914 time: 0.0935600
2016-11-15 22:27:42.087 9865 INFO nova.osapi_compute.wsgi.server [req-f9b05692-be68-4adf-aafc-007fef96cec3 8a2ad7f130ec45b29cbc5a8e9d2b12b8 01a6ab18bde941a89af94d2c91f833df - - -] 192.168.10.4 "GET /v1.1/01a6ab18bde941a89af94d2c91f833df/flavors/e5ed72a8-86ec-4ade-8c66-b404078cf731 HTTP/1.1" status: 200 len: 715 time: 0.0126679
2016-11-15 22:27:42.281 9864 INFO nova.osapi_compute.wsgi.server [req-6dc1bf82-4ff3-4ad5-af2f-681972289eb5 8a2ad7f130ec45b29cbc5a8e9d2b12b8 01a6ab18bde941a89af94d2c91f833df - - -] 192.168.10.4 "GET /v1.1/01a6ab18bde941a89af94d2c91f833df/servers/detail?all_tenants=True&host=nodec61 HTTP/1.1" status: 200 len: 8160 time: 0.1330640
2016-11-15 22:27:42.410 9856 INFO nova.osapi_compute.wsgi.server [req-b1da5336-11ba-429a-ac96-6ac0431aa123 8a2ad7f130ec45b29cbc5a8e9d2b12b8 01a6ab18bde941a89af94d2c91f833df - - -] 192.168.10.4 "GET /v1.1/01a6ab18bde941a89af94d2c91f833df/flavors/3 HTTP/1.1" status: 200 len: 601 time: 0.0174689
2016-11-15 22:27:42.638 9876 INFO nova.osapi_compute.wsgi.server [req-e0f0e46e-ed93-4f62-929b-39420fe94768 8a2ad7f130ec45b29cbc5a8e9d2b12b8 01a6ab18bde941a89af94d2c91f833df - - -] 192.168.10.4 "GET /v1.1/01a6ab18bde941a89af94d2c91f833df/images/9bb5e395-bd2f-4319-b3fe-b5391513be2f HTTP/1.1" status: 200 len: 914 time: 0.0310180
2016-11-15 22:27:42.827 9885 INFO nova.osapi_compute.wsgi.server [req-10da9cff-9aef-434a-a03d-3ee2248ef070 8a2ad7f130ec45b29cbc5a8e9d2b12b8 01a6ab18bde941a89af94d2c91f833df - - -] 192.168.10.4 "GET /v1.1/01a6ab18bde941a89af94d2c91f833df/flavors/e5ed72a8-86ec-4ade-8c66-b404078cf731 HTTP/1.1" status: 200 len: 715 time: 0.0177701
2016-11-15 22:27:43.148 9856 INFO nova.osapi_compute.wsgi.server [req-2a384429-950d-4ffb-bcee-d83e807b89da 8a2ad7f130ec45b29cbc5a8e9d2b12b8 01a6ab18bde941a89af94d2c91f833df - - -] 192.168.10.4 "GET /v1.1/01a6ab18bde941a89af94d2c91f833df/servers/detail?all_tenants=True&host=nodec61 HTTP/1.1" status: 200 len: 8160 time: 0.1463211
2016-11-15 22:27:43.222 9876 INFO nova.osapi_compute.wsgi.server [req-c6831099-7b49-40f2-94c3-6a720faba908 8a2ad7f130ec45b29cbc5a8e9d2b12b8 01a6ab18bde941a89af94d2c91f833df - - -] 192.168.10.4 "GET /v1.1/01a6ab18bde941a89af94d2c91f833df/flavors/3 HTTP/1.1" status: 200 len: 601 time: 0.0137250
2016-11-15 22:27:43.448 9865 INFO nova.osapi_compute.wsgi.server [req-258681ee-a195-4b6e-95a3-e1a361c9668a 8a2ad7f130ec45b29cbc5a8e9d2b12b8 01a6ab18bde941a89af94d2c91f833df - - -] 192.168.10.4 "GET /v1.1/01a6ab18bde941a89af94d2c91f833df/images/9bb5e395-bd2f-4319-b3fe-b5391513be2f HTTP/1.1" status: 200 len: 914 time: 0.0311220
2016-11-15 22:27:43.662 9877 INFO nova.osapi_compute.wsgi.server [req-03ae6b26-b199-4d00-8deb-4da675a5dac7 8a2ad7f130ec45b29cbc5a8e9d2b12b8 01a6ab18bde941a89af94d2c91f833df - - -] 192.168.10.4 "GET /v1.1/01a6ab18bde941a89af94d2c91f833df/flavors/e5ed72a8-86ec-4ade-8c66-b404078cf731 HTTP/1.1" status: 200 len: 715 time: 0.0231931
2016-11-15 22:27:43.867 9877 INFO nova.osapi_compute.wsgi.server [req-2d22c08f-ec3b-4913-8598-5ee012967cf2 8a2ad7f130ec45b29cbc5a8e9d2b12b8 01a6ab18bde941a89af94d2c91f833df - - -] 192.168.10.4 "GET /v1.1/01a6ab18bde941a89af94d2c91f833df/servers/detail?all_tenants=True&host=nodec61 HTTP/1.1" status: 200 len: 8160 time: 0.1566029
2016-11-15 22:27:43.933 9865 INFO nova.osapi_compute.wsgi.server [req-cdb2fcf5-851f-4f88-bad0-9713d60b1e5e 8a2ad7f130ec45b29cbc5a8e9d2b12b8 01a6ab18bde941a89af94d2c91f833df - - -] 192.168.10.4 "GET /v1.1/01a6ab18bde941a89af94d2c91f833df/flavors/3 HTTP/1.1" status: 200 len: 601 time: 0.0203090
2016-11-15 22:27:44.148 9864 INFO nova.osapi_compute.wsgi.server [req-3d34a2ed-d3b0-4109-b62c-905f6d4e2d90 8a2ad7f130ec45b29cbc5a8e9d2b12b8 01a6ab18bde941a89af94d2c91f833df - - -] 192.168.10.4 "GET /v1.1/01a6ab18bde941a89af94d2c91f833df/images/9bb5e395-bd2f-4319-b3fe-b5391513be2f HTTP/1.1" status: 200 len: 914 time: 0.0317919
2016-11-15 22:27:44.348 9864 INFO nova.osapi_compute.wsgi.server [req-b6dc3eca-49f8-4a4e-8d32-8b97b0f1959e 8a2ad7f130ec45b29cbc5a8e9d2b12b8 01a6ab18bde941a89af94d2c91f833df - - -] 192.168.10.4 "GET /v1.1/01a6ab18bde941a89af94d2c91f833df/flavors/e5ed72a8-86ec-4ade-8c66-b404078cf731 HTTP/1.1" status: 200 len: 715 time: 0.0184050
2016-11-15 22:27:44.561 9856 INFO nova.osapi_compute.wsgi.server [req-714deb41-a04b-46e7-848f-94163e8926ea 8a2ad7f130ec45b29cbc5a8e9d2b12b8 01a6ab18bde941a89af94d2c91f833df - - -] 192.168.10.4 "GET /v1.1/01a6ab18bde941a89af94d2c91f833df/servers/detail?all_tenants=True&host=nodec61 HTTP/1.1" status: 200 len: 8160 time: 0.1535900
2016-11-15 22:27:44.711 9864 INFO nova.osapi_compute.wsgi.server [req-9a9b8d6f-8160-4ac5-8f23-2d6ecb61cf74 8a2ad7f130ec45b29cbc5a8e9d2b12b8 01a6ab18bde941a89af94d2c91f833df - - -] 192.168.10.4 "GET /v1.1/01a6ab18bde941a89af94d2c91f833df/flavors/3 HTTP/1.1" status: 200 len: 601 time: 0.0202579
2016-11-15 22:27:44.965 9876 INFO nova.osapi_compute.wsgi.server [req-1d0bde99-2298-4b2b-82e3-9c3bf47250d6 8a2ad7f130ec45b29cbc5a8e9d2b12b8 01a6ab18bde941a89af94d2c91f833df - - -] 192.168.10.4 "GET /v1.1/01a6ab18bde941a89af94d2c91f833df/images/9bb5e395-bd2f-4319-b3fe-b5391513be2f HTTP/1.1" status: 200 len: 914 time: 0.0864909
2016-11-15 22:27:45.166 9888 INFO nova.osapi_compute.wsgi.server [req-0571b035-6ddc-4b6a-914b-caea85fba727 8a2ad7f130ec45b29cbc5a8e9d2b12b8 01a6ab18bde941a89af94d2c91f833df - - -] 192.168.10.4 "GET /v1.1/01a6ab18bde941a89af94d2c91f833df/flavors/e5ed72a8-86ec-4ade-8c66-b404078cf731 HTTP/1.1" status: 200 len: 715 time: 0.0208180
2016-11-15 22:27:45.375 9864 INFO nova.osapi_compute.wsgi.server [req-7703f35d-0c79-43a7-b173-ea9643421ad1 8a2ad7f130ec45b29cbc5a8e9d2b12b8 01a6ab18bde941a89af94d2c91f833df - - -] 192.168.10.4 "GET /v1.1/01a6ab18bde941a89af94d2c91f833df/servers/detail?all_tenants=True&host=nodec61 HTTP/1.1" status: 200 len: 8160 time: 0.1500139
2016-11-15 22:27:45.495 9859 INFO nova.osapi_compute.wsgi.server [req-711bb85a-5261-4dcb-a9a9-1d1ccde074f4 8a2ad7f130ec45b29cbc5a8e9d2b12b8 01a6ab18bde941a89af94d2c91f833df - - -] 192.168.10.4 "GET /v1.1/01a6ab18bde941a89af94d2c91f833df/flavors/3 HTTP/1.1" status: 200 len: 601 time: 0.0177090
2016-11-15 22:27:45.764 9865 INFO nova.osapi_compute.wsgi.server [req-edf8eb3b-683e-4d21-9294-9972c1aca49f 8a2ad7f130ec45b29cbc5a8e9d2b12b8 01a6ab18bde941a89af94d2c91f833df - - -] 192.168.10.4 "GET /v1.1/01a6ab18bde941a89af94d2c91f833df/images/9bb5e395-bd2f-4319-b3fe-b5391513be2f HTTP/1.1" status: 200 len: 914 time: 0.0941460
2016-11-15 22:27:45.966 9885 INFO nova.osapi_compute.wsgi.server [req-85459cfc-fc6b-44ac-8891-e1ffcf47aec2 8a2ad7f130ec45b29cbc5a8e9d2b12b8 01a6ab18bde941a89af94d2c91f833df - - -] 192.168.10.4 "GET /v1.1/01a6ab18bde941a89af94d2c91f833df/flavors/e5ed72a8-86ec-4ade-8c66-b404078cf731 HTTP/1.1" status: 200 len: 715 time: 0.0152628
2016-11-15 22:27:46.162 9872 INFO nova.osapi_compute.wsgi.server [req-a16da6f5-3b9c-470a-b1e2-10e4e1b7160c 8a2ad7f130ec45b29cbc5a8e9d2b12b8 01a6ab18bde941a89af94d2c91f833df - - -] 192.168.10.4 "GET /v1.1/01a6ab18bde941a89af94d2c91f833df/servers/detail?all_tenants=True&host=nodec61 HTTP/1.1" status: 200 len: 8160 time: 0.1409111
2016-11-15 22:27:46.232 9876 INFO nova.osapi_compute.wsgi.server [req-38377c4b-aef6-4f4b-a7f7-74087d71d492 8a2ad7f130ec45b29cbc5a8e9d2b12b8 01a6ab18bde941a89af94d2c91f833df - - -] 192.168.10.4 "GET /v1.1/01a6ab18bde941a89af94d2c91f833df/flavors/3 HTTP/1.1" status: 200 len: 601 time: 0.0179088
2016-11-15 22:27:46.435 9861 INFO nova.osapi_compute.wsgi.server [req-005f2536-83f5-4221-837a-33096a62de4d 8a2ad7f130ec45b29cbc5a8e9d2b12b8 01a6ab18bde941a89af94d2c91f833df - - -] 192.168.10.4 "GET /v1.1/01a6ab18bde941a89af94d2c91f833df/images/9bb5e395-bd2f-4319-b3fe-b5391513be2f HTTP/1.1" status: 200 len: 914 time: 0.0386510
2016-11-15 22:27:46.688 9888 INFO nova.osapi_compute.wsgi.server [req-95dc86b5-8246-4a2a-8136-f6abb04f290d 8a2ad7f130ec45b29cbc5a8e9d2b12b8 01a6ab18bde941a89af94d2c91f833df - - -] 192.168.10.4 "GET /v1.1/01a6ab18bde941a89af94d2c91f833df/flavors/e5ed72a8-86ec-4ade-8c66-b404078cf731 HTTP/1.1" status: 200 len: 715 time: 0.0155458
2016-11-15 22:27:46.797 9888 WARNING oslo_config.cfg [req-3debf90d-f75b-4133-b60c-c726effbd931 8a2ad7f130ec45b29cbc5a8e9d2b12b8 01a6ab18bde941a89af94d2c91f833df - - -] Option "url_timeout" from group "neutron" is deprecated. Use option "timeout" from group "neutron".
2016-11-15 22:27:46.901 9888 INFO nova.osapi_compute.wsgi.server [req-3debf90d-f75b-4133-b60c-c726effbd931 8a2ad7f130ec45b29cbc5a8e9d2b12b8 01a6ab18bde941a89af94d2c91f833df - - -] 192.168.10.4 "GET /v1.1/01a6ab18bde941a89af94d2c91f833df/servers/detail?all_tenants=True&host=nodec61 HTTP/1.1" status: 200 len: 8160 time: 0.1534231
2016-11-15 22:27:47.038 9866 INFO nova.osapi_compute.wsgi.server [req-8c52150e-cc59-489e-bcd4-100cfe351040 8a2ad7f130ec45b29cbc5a8e9d2b12b8 01a6ab18bde941a89af94d2c91f833df - - -] 192.168.10.4 "GET /v1.1/01a6ab18bde941a89af94d2c91f833df/flavors/3 HTTP/1.1" status: 200 len: 601 time: 0.0265641
2016-11-15 22:27:47.242 9888 INFO nova.osapi_compute.wsgi.server [req-ded0a2e9-1fbb-41b0-9d6a-d599c6a11f5d 8a2ad7f130ec45b29cbc5a8e9d2b12b8 01a6ab18bde941a89af94d2c91f833df - - -] 192.168.10.4 "GET /v1.1/01a6ab18bde941a89af94d2c91f833df/images/9bb5e395-bd2f-4319-b3fe-b5391513be2f HTTP/1.1" status: 200 len: 914 time: 0.0367401
2016-11-15 22:27:47.513 9861 INFO nova.osapi_compute.wsgi.server [req-ec9e088a-8061-43b5-adc2-dc8245b15623 8a2ad7f130ec45b29cbc5a8e9d2b12b8 01a6ab18bde941a89af94d2c91f833df - - -] 192.168.10.4 "GET /v1.1/01a6ab18bde941a89af94d2c91f833df/flavors/e5ed72a8-86ec-4ade-8c66-b404078cf731 HTTP/1.1" status: 200 len: 715 time: 0.0203731
2016-11-15 22:27:47.719 9885 INFO nova.osapi_compute.wsgi.server [req-a5a60126-3fd9-49bb-b45a-d283c03a7965 8a2ad7f130ec45b29cbc5a8e9d2b12b8 01a6ab18bde941a89af94d2c91f833df - - -] 192.168.10.4 "GET /v1.1/01a6ab18bde941a89af94d2c91f833df/servers/detail?all_tenants=True&host=nodec61 HTTP/1.1" status: 200 len: 8160 time: 0.1487191
2016-11-15 22:27:47.801 9864 INFO nova.osapi_compute.wsgi.server [req-885fe867-b952-4089-95a3-6e09f23c001c 8a2ad7f130ec45b29cbc5a8e9d2b12b8 01a6ab18bde941a89af94d2c91f833df - - -] 192.168.10.4 "GET /v1.1/01a6ab18bde941a89af94d2c91f833df/flavors/3 HTTP/1.1" status: 200 len: 601 time: 0.0158780
2016-11-15 22:27:48.006 9876 INFO nova.osapi_compute.wsgi.server [req-850ab9de-0870-4db3-942c-0f6c907c9b1d 8a2ad7f130ec45b29cbc5a8e9d2b12b8 01a6ab18bde941a89af94d2c91f833df - - -] 192.168.10.4 "GET /v1.1/01a6ab18bde941a89af94d2c91f833df/images/9bb5e395-bd2f-4319-b3fe-b5391513be2f HTTP/1.1" status: 200 len: 914 time: 0.0319619
2016-11-15 22:27:48.196 9885 INFO nova.osapi_compute.wsgi.server [req-87d7527f-b60d-4f13-9afe-ba93eba7274f 8a2ad7f130ec45b29cbc5a8e9d2b12b8 01a6ab18bde941a89af94d2c91f833df - - -] 192.168.10.4 "GET /v1.1/01a6ab18bde941a89af94d2c91f833df/flavors/e5ed72a8-86ec-4ade-8c66-b404078cf731 HTTP/1.1" status: 200 len: 715 time: 0.0178888
2016-11-15 22:27:48.396 9865 INFO nova.osapi_compute.wsgi.server [req-4804730f-e0a9-4dc8-a0de-8f02adfeb772 8a2ad7f130ec45b29cbc5a8e9d2b12b8 01a6ab18bde941a89af94d2c91f833df - - -] 192.168.10.4 "GET /v1.1/01a6ab18bde941a89af94d2c91f833df/servers/detail?all_tenants=True&host=nodec61 HTTP/1.1" status: 200 len: 8160 time: 0.1426661
2016-11-15 22:27:48.455 9885 INFO nova.osapi_compute.wsgi.server [req-e25523ca-706a-4ae2-b233-42781ce7cd27 8a2ad7f130ec45b29cbc5a8e9d2b12b8 01a6ab18bde941a89af94d2c91f833df - - -] 192.168.10.4 "GET /v1.1/01a6ab18bde941a89af94d2c91f833df/flavors/3 HTTP/1.1" status: 200 len: 601 time: 0.0128422
2016-11-15 22:27:48.662 9889 INFO nova.osapi_compute.wsgi.server [req-741df530-59a1-4b78-9c4a-c906210b6103 8a2ad7f130ec45b29cbc5a8e9d2b12b8 01a6ab18bde941a89af94d2c91f833df - - -] 192.168.10.4 "GET /v1.1/01a6ab18bde941a89af94d2c91f833df/images/9bb5e395-bd2f-4319-b3fe-b5391513be2f HTTP/1.1" status: 200 len: 914 time: 0.0247900
2016-11-15 22:27:48.852 9864 INFO nova.osapi_compute.wsgi.server [req-2e26f112-be7e-402f-b295-eda6daf27b51 8a2ad7f130ec45b29cbc5a8e9d2b12b8 01a6ab18bde941a89af94d2c91f833df - - -] 192.168.10.4 "GET /v1.1/01a6ab18bde941a89af94d2c91f833df/flavors/e5ed72a8-86ec-4ade-8c66-b404078cf731 HTTP/1.1" status: 200 len: 715 time: 0.0194340
2016-11-15 22:27:49.134 9876 INFO nova.osapi_compute.wsgi.server [req-dd42cfb9-c534-4d03-b3a8-dcb71d990a2d 8a2ad7f130ec45b29cbc5a8e9d2b12b8 01a6ab18bde941a89af94d2c91f833df - - -] 192.168.10.4 "GET /v1.1/01a6ab18bde941a89af94d2c91f833df/servers/detail?all_tenants=True&host=nodec61 HTTP/1.1" status: 200 len: 8160 time: 0.2196200
2016-11-15 22:27:49.207 9885 INFO nova.osapi_compute.wsgi.server [req-c1683bdd-3b49-429c-970a-b2c02acc241b 8a2ad7f130ec45b29cbc5a8e9d2b12b8 01a6ab18bde941a89af94d2c91f833df - - -] 192.168.10.4 "GET /v1.1/01a6ab18bde941a89af94d2c91f833df/flavors/3 HTTP/1.1" status: 200 len: 601 time: 0.0185850
2016-11-15 22:27:49.377 9859 INFO nova.osapi_compute.wsgi.server [req-b2bcddcd-49d0-45f1-a3e2-e0567d6786b5 8a2ad7f130ec45b29cbc5a8e9d2b12b8 01a6ab18bde941a89af94d2c91f833df - - -] 192.168.10.4 "GET /v1.1/01a6ab18bde941a89af94d2c91f833df/images/9bb5e395-bd2f-4319-b3fe-b5391513be2f HTTP/1.1" status: 200 len: 914 time: 0.0216970
2016-11-15 22:27:49.643 9864 INFO nova.osapi_compute.wsgi.server [req-ba69a44c-28d6-4b71-9a2f-f8282e5fc7bc 8a2ad7f130ec45b29cbc5a8e9d2b12b8 01a6ab18bde941a89af94d2c91f833df - - -] 192.168.10.4 "GET /v1.1/01a6ab18bde941a89af94d2c91f833df/flavors/e5ed72a8-86ec-4ade-8c66-b404078cf731 HTTP/1.1" status: 200 len: 715 time: 0.0157330
2016-11-15 22:27:49.830 9888 INFO nova.osapi_compute.wsgi.server [req-d74cf6e6-7a81-44e7-8452-f566c65dc653 8a2ad7f130ec45b29cbc5a8e9d2b12b8 01a6ab18bde941a89af94d2c91f833df - - -] 192.168.10.4 "GET /v1.1/01a6ab18bde941a89af94d2c91f833df/servers/detail?all_tenants=True&host=nodec61 HTTP/1.1" status: 200 len: 8160 time: 0.1358421
2016-11-15 22:27:49.910 9885 INFO nova.osapi_compute.wsgi.server [req-5a9bdd6e-0283-47d9-991c-971f672e736d 8a2ad7f130ec45b29cbc5a8e9d2b12b8 01a6ab18bde941a89af94d2c91f833df - - -] 192.168.10.4 "GET /v1.1/01a6ab18bde941a89af94d2c91f833df/flavors/3 HTTP/1.1" status: 200 len: 601 time: 0.0144582
2016-11-15 22:27:50.108 9889 INFO nova.osapi_compute.wsgi.server [req-299c7709-70d4-4de4-b3eb-54dd1043ccb5 8a2ad7f130ec45b29cbc5a8e9d2b12b8 01a6ab18bde941a89af94d2c91f833df - - -] 192.168.10.4 "GET /v1.1/01a6ab18bde941a89af94d2c91f833df/images/9bb5e395-bd2f-4319-b3fe-b5391513be2f HTTP/1.1" status: 200 len: 914 time: 0.0224900
2016-11-15 22:27:50.291 9885 INFO nova.osapi_compute.wsgi.server [req-c34daf05-4f2c-46aa-a8de-55054819cb89 8a2ad7f130ec45b29cbc5a8e9d2b12b8 01a6ab18bde941a89af94d2c91f833df - - -] 192.168.10.4 "GET /v1.1/01a6ab18bde941a89af94d2c91f833df/flavors/e5ed72a8-86ec-4ade-8c66-b404078cf731 HTTP/1.1" status: 200 len: 715 time: 0.0179989
2016-11-15 22:27:50.476 9877 INFO nova.osapi_compute.wsgi.server [req-bd5e662f-fb89-452d-901c-a9af96068456 8a2ad7f130ec45b29cbc5a8e9d2b12b8 01a6ab18bde941a89af94d2c91f833df - - -] 192.168.10.4 "GET /v1.1/01a6ab18bde941a89af94d2c91f833df/servers/detail?all_tenants=True&host=nodec61 HTTP/1.1" status: 200 len: 8160 time: 0.1362860
2016-11-15 22:27:50.540 9885 INFO nova.osapi_compute.wsgi.server [req-cca17730-119c-4ec6-97a4-eac5ed6e4c51 8a2ad7f130ec45b29cbc5a8e9d2b12b8 01a6ab18bde941a89af94d2c91f833df - - -] 192.168.10.4 "GET /v1.1/01a6ab18bde941a89af94d2c91f833df/flavors/3 HTTP/1.1" status: 200 len: 601 time: 0.0176930
2016-11-15 22:27:50.724 9889 INFO nova.osapi_compute.wsgi.server [req-e0545ff5-1027-465a-af85-32355cc7bd70 8a2ad7f130ec45b29cbc5a8e9d2b12b8 01a6ab18bde941a89af94d2c91f833df - - -] 192.168.10.4 "GET /v1.1/01a6ab18bde941a89af94d2c91f833df/images/9bb5e395-bd2f-4319-b3fe-b5391513be2f HTTP/1.1" status: 200 len: 914 time: 0.0322611
2016-11-15 22:27:50.932 9885 INFO nova.osapi_compute.wsgi.server [req-9b585552-a0cd-43a6-8951-22e529367e08 8a2ad7f130ec45b29cbc5a8e9d2b12b8 01a6ab18bde941a89af94d2c91f833df - - -] 192.168.10.4 "GET /v1.1/01a6ab18bde941a89af94d2c91f833df/flavors/e5ed72a8-86ec-4ade-8c66-b404078cf731 HTTP/1.1" status: 200 len: 715 time: 0.0233090
2016-11-15 22:27:51.125 9862 INFO nova.osapi_compute.wsgi.server [req-17d63da3-58bf-4db0-9449-d6d1760912b9 8a2ad7f130ec45b29cbc5a8e9d2b12b8 01a6ab18bde941a89af94d2c91f833df - - -] 192.168.10.4 "GET /v1.1/01a6ab18bde941a89af94d2c91f833df/servers/detail?all_tenants=True&host=nodec61 HTTP/1.1" status: 200 len: 8160 time: 0.1404769
2016-11-15 22:27:51.200 9889 INFO nova.osapi_compute.wsgi.server [req-2287558b-69d2-412e-8f11-33fff313e0a1 8a2ad7f130ec45b29cbc5a8e9d2b12b8 01a6ab18bde941a89af94d2c91f833df - - -] 192.168.10.4 "GET /v1.1/01a6ab18bde941a89af94d2c91f833df/flavors/3 HTTP/1.1" status: 200 len: 601 time: 0.0163810
2016-11-15 22:28:52.579 9887 INFO nova.osapi_compute.wsgi.server [req-5b3fda78-5f4d-42a7-bc10-667d806111d6 8f6592a5330a429d9b69ac9adbd9a832 e49b088bf99340b39549edbaaf3054c3 - - -] 192.168.10.4 "GET /v1.1/e49b088bf99340b39549edbaaf3054c3/os-keypairs HTTP/1.1" status: 200 len: 716 time: 0.0092251
2016-11-15 22:29:05.903 9887 WARNING oslo_config.cfg [req-388487b5-609f-4bb6-b2d9-e867e2f6d65c 8f6592a5330a429d9b69ac9adbd9a832 e49b088bf99340b39549edbaaf3054c3 - - -] Option "url_timeout" from group "neutron" is deprecated. Use option "timeout" from group "neutron".
2016-11-15 22:29:05.989 9887 INFO nova.osapi_compute.wsgi.server [req-388487b5-609f-4bb6-b2d9-e867e2f6d65c 8f6592a5330a429d9b69ac9adbd9a832 e49b088bf99340b39549edbaaf3054c3 - - -] 192.168.10.4 "GET /v1.1/e49b088bf99340b39549edbaaf3054c3/servers/detail?limit=21&project_id=e49b088bf99340b39549edbaaf3054c3 HTTP/1.1" status: 200 len: 5197 time: 0.1321371
2016-11-15 22:29:06.748 9865 WARNING oslo_config.cfg [req-7b4f0ee0-1ab5-4811-8cc6-ce6da4f1d382 8f6592a5330a429d9b69ac9adbd9a832 e49b088bf99340b39549edbaaf3054c3 - - -] Option "rabbit_max_retries" from group "DEFAULT" is deprecated. Use option "rabbit_max_retries" from group "oslo_messaging_rabbit".
2016-11-15 22:29:06.749 9865 WARNING oslo_config.cfg [req-7b4f0ee0-1ab5-4811-8cc6-ce6da4f1d382 8f6592a5330a429d9b69ac9adbd9a832 e49b088bf99340b39549edbaaf3054c3 - - -] Option "rabbit_retry_backoff" from group "DEFAULT" is deprecated. Use option "rabbit_retry_backoff" from group "oslo_messaging_rabbit".
2016-11-15 22:29:06.750 9865 WARNING oslo_config.cfg [req-7b4f0ee0-1ab5-4811-8cc6-ce6da4f1d382 8f6592a5330a429d9b69ac9adbd9a832 e49b088bf99340b39549edbaaf3054c3 - - -] Option "rabbit_host" from group "DEFAULT" is deprecated. Use option "rabbit_host" from group "oslo_messaging_rabbit".
2016-11-15 22:29:06.750 9865 WARNING oslo_config.cfg [req-7b4f0ee0-1ab5-4811-8cc6-ce6da4f1d382 8f6592a5330a429d9b69ac9adbd9a832 e49b088bf99340b39549edbaaf3054c3 - - -] Option "rabbit_port" from group "DEFAULT" is deprecated. Use option "rabbit_port" from group "oslo_messaging_rabbit".
2016-11-15 22:29:06.753 9865 INFO oslo_messaging._drivers.impl_rabbit [req-7b4f0ee0-1ab5-4811-8cc6-ce6da4f1d382 8f6592a5330a429d9b69ac9adbd9a832 e49b088bf99340b39549edbaaf3054c3 - - -] Connecting to AMQP server on 192.168.10.7:5673
2016-11-15 22:29:06.762 9865 INFO oslo_messaging._drivers.impl_rabbit [req-7b4f0ee0-1ab5-4811-8cc6-ce6da4f1d382 8f6592a5330a429d9b69ac9adbd9a832 e49b088bf99340b39549edbaaf3054c3 - - -] Connected to AMQP server on 192.168.10.7:5673
2016-11-15 22:29:06.762 9865 WARNING oslo_config.cfg [req-7b4f0ee0-1ab5-4811-8cc6-ce6da4f1d382 8f6592a5330a429d9b69ac9adbd9a832 e49b088bf99340b39549edbaaf3054c3 - - -] Option "rabbit_ha_queues" from group "DEFAULT" is deprecated. Use option "rabbit_ha_queues" from group "oslo_messaging_rabbit".
2016-11-15 22:29:06.770 9865 INFO nova.osapi_compute.wsgi.server [req-7b4f0ee0-1ab5-4811-8cc6-ce6da4f1d382 8f6592a5330a429d9b69ac9adbd9a832 e49b088bf99340b39549edbaaf3054c3 - - -] 192.168.10.4 "DELETE /v1.1/e49b088bf99340b39549edbaaf3054c3/servers/efc3d5b5-03bf-4871-b5a0-b31818c1d81e HTTP/1.1" status: 204 len: 179 time: 0.1559010
2016-11-15 22:29:07.866 9861 INFO nova.osapi_compute.wsgi.server [req-f14d9cba-29f4-4c2e-9390-8c683494ec87 8f6592a5330a429d9b69ac9adbd9a832 e49b088bf99340b39549edbaaf3054c3 - - -] 192.168.10.4 "GET /v1.1/e49b088bf99340b39549edbaaf3054c3/limits?reserved=1 HTTP/1.1" status: 200 len: 698 time: 0.0387511
2016-11-15 22:29:17.066 9877 INFO nova.osapi_compute.wsgi.server [req-c94709fc-7317-4da8-8b22-93fff4717cad 8f6592a5330a429d9b69ac9adbd9a832 e49b088bf99340b39549edbaaf3054c3 - - -] 192.168.10.4 "GET /v1.1/e49b088bf99340b39549edbaaf3054c3/servers/detail?limit=21&project_id=e49b088bf99340b39549edbaaf3054c3 HTTP/1.1" status: 200 len: 10816 time: 0.1522851
2016-11-15 22:29:17.725 9886 INFO nova.osapi_compute.wsgi.server [req-33cb2256-d05a-4cf1-a1b9-10026adb1765 8f6592a5330a429d9b69ac9adbd9a832 e49b088bf99340b39549edbaaf3054c3 - - -] 192.168.10.4 "GET /v1.1/e49b088bf99340b39549edbaaf3054c3/extensions HTTP/1.1" status: 200 len: 22462 time: 0.0032289
2016-11-15 22:29:26.735 9877 INFO nova.osapi_compute.wsgi.server [req-54a3d2ce-49d0-4bce-8973-910ebf2a9724 8f6592a5330a429d9b69ac9adbd9a832 e49b088bf99340b39549edbaaf3054c3 - - -] 192.168.10.4 "GET /v1.1/e49b088bf99340b39549edbaaf3054c3/flavors/detail HTTP/1.1" status: 200 len: 2805 time: 0.0183599
2016-11-15 22:29:27.755 9877 INFO nova.osapi_compute.wsgi.server [req-cf8fa406-ba11-45bd-b12e-1ea381de35ec 8f6592a5330a429d9b69ac9adbd9a832 e49b088bf99340b39549edbaaf3054c3 - - -] 192.168.10.4 "GET /v1.1/e49b088bf99340b39549edbaaf3054c3/flavors/detail HTTP/1.1" status: 200 len: 2805 time: 0.0160940
2016-11-15 22:29:28.055 9890 INFO nova.osapi_compute.wsgi.server [req-730d680a-c44f-4ca2-8c59-305ceaa268fe 8f6592a5330a429d9b69ac9adbd9a832 e49b088bf99340b39549edbaaf3054c3 - - -] 192.168.10.4 "GET /v1.1/e49b088bf99340b39549edbaaf3054c3/limits?reserved=1 HTTP/1.1" status: 200 len: 698 time: 0.0298619
2016-11-15 22:29:57.382 9877 WARNING oslo_config.cfg [req-214a0786-fb42-40b3-90f6-f8c5b8db8d75 8f6592a5330a429d9b69ac9adbd9a832 e49b088bf99340b39549edbaaf3054c3 - - -] Option "rabbit_max_retries" from group "DEFAULT" is deprecated. Use option "rabbit_max_retries" from group "oslo_messaging_rabbit".
2016-11-15 22:29:57.383 9877 WARNING oslo_config.cfg [req-214a0786-fb42-40b3-90f6-f8c5b8db8d75 8f6592a5330a429d9b69ac9adbd9a832 e49b088bf99340b39549edbaaf3054c3 - - -] Option "rabbit_retry_backoff" from group "DEFAULT" is deprecated. Use option "rabbit_retry_backoff" from group "oslo_messaging_rabbit".
2016-11-15 22:29:57.383 9877 WARNING oslo_config.cfg [req-214a0786-fb42-40b3-90f6-f8c5b8db8d75 8f6592a5330a429d9b69ac9adbd9a832 e49b088bf99340b39549edbaaf3054c3 - - -] Option "rabbit_host" from group "DEFAULT" is deprecated. Use option "rabbit_host" from group "oslo_messaging_rabbit".
2016-11-15 22:29:57.384 9877 WARNING oslo_config.cfg [req-214a0786-fb42-40b3-90f6-f8c5b8db8d75 8f6592a5330a429d9b69ac9adbd9a832 e49b088bf99340b39549edbaaf3054c3 - - -] Option "rabbit_port" from group "DEFAULT" is deprecated. Use option "rabbit_port" from group "oslo_messaging_rabbit".
2016-11-15 22:29:57.386 9877 INFO oslo_messaging._drivers.impl_rabbit [req-214a0786-fb42-40b3-90f6-f8c5b8db8d75 8f6592a5330a429d9b69ac9adbd9a832 e49b088bf99340b39549edbaaf3054c3 - - -] Connecting to AMQP server on 192.168.10.7:5673
2016-11-15 22:29:57.395 9877 INFO oslo_messaging._drivers.impl_rabbit [req-214a0786-fb42-40b3-90f6-f8c5b8db8d75 8f6592a5330a429d9b69ac9adbd9a832 e49b088bf99340b39549edbaaf3054c3 - - -] Connected to AMQP server on 192.168.10.7:5673
2016-11-15 22:29:57.395 9877 WARNING oslo_config.cfg [req-214a0786-fb42-40b3-90f6-f8c5b8db8d75 8f6592a5330a429d9b69ac9adbd9a832 e49b088bf99340b39549edbaaf3054c3 - - -] Option "rabbit_ha_queues" from group "DEFAULT" is deprecated. Use option "rabbit_ha_queues" from group "oslo_messaging_rabbit".
2016-11-15 22:29:57.400 9877 INFO nova.osapi_compute.wsgi.server [req-214a0786-fb42-40b3-90f6-f8c5b8db8d75 8f6592a5330a429d9b69ac9adbd9a832 e49b088bf99340b39549edbaaf3054c3 - - -] 192.168.10.4 "DELETE /v1.1/e49b088bf99340b39549edbaaf3054c3/servers/31cb2c9d-0b20-48ca-b2b2-e7ea5a5b5b57 HTTP/1.1" status: 204 len: 179 time: 0.2262809
2016-11-15 22:29:58.214 9866 INFO nova.osapi_compute.wsgi.server [req-e9f0f2e6-d8d5-4295-bc9b-ac4590c38c48 8f6592a5330a429d9b69ac9adbd9a832 e49b088bf99340b39549edbaaf3054c3 - - -] 192.168.10.4 "GET /v1.1/e49b088bf99340b39549edbaaf3054c3/limits?reserved=1 HTTP/1.1" status: 200 len: 698 time: 0.0284600
2016-11-15 22:30:09.310 9886 WARNING oslo_config.cfg [req-35337921-8216-4ccd-bac0-6f7ac6c2a28b 8f6592a5330a429d9b69ac9adbd9a832 e49b088bf99340b39549edbaaf3054c3 - - -] Option "url_timeout" from group "neutron" is deprecated. Use option "timeout" from group "neutron".
2016-11-15 22:30:09.407 9886 INFO nova.osapi_compute.wsgi.server [req-35337921-8216-4ccd-bac0-6f7ac6c2a28b 8f6592a5330a429d9b69ac9adbd9a832 e49b088bf99340b39549edbaaf3054c3 - - -] 192.168.10.4 "GET /v1.1/e49b088bf99340b39549edbaaf3054c3/servers/detail?limit=21&project_id=e49b088bf99340b39549edbaaf3054c3 HTTP/1.1" status: 200 len: 10816 time: 0.1423612
2016-11-15 22:30:10.043 9893 INFO nova.osapi_compute.wsgi.server [req-c3e24ff6-55d1-41b3-80a5-f73cba64fe7c 8f6592a5330a429d9b69ac9adbd9a832 e49b088bf99340b39549edbaaf3054c3 - - -] 192.168.10.4 "GET /v1.1/e49b088bf99340b39549edbaaf3054c3/extensions HTTP/1.1" status: 200 len: 22462 time: 0.0050800
2016-11-15 22:30:20.177 9893 INFO nova.osapi_compute.wsgi.server [req-862e9075-c8cd-46dd-bd33-313f7e758fa8 8f6592a5330a429d9b69ac9adbd9a832 e49b088bf99340b39549edbaaf3054c3 - - -] 192.168.10.4 "GET /v1.1/e49b088bf99340b39549edbaaf3054c3/flavors/detail HTTP/1.1" status: 200 len: 2805 time: 0.0167770
2016-11-15 22:30:21.028 9860 INFO nova.osapi_compute.wsgi.server [req-a04f107f-b6da-4179-abf3-9d770eee9a2d 8f6592a5330a429d9b69ac9adbd9a832 e49b088bf99340b39549edbaaf3054c3 - - -] 192.168.10.4 "GET /v1.1/e49b088bf99340b39549edbaaf3054c3/limits HTTP/1.1" status: 200 len: 698 time: 0.0226629
2016-11-15 22:30:42.323 9872 INFO nova.osapi_compute.wsgi.server [req-f288642a-5291-4447-a883-0b5a7e687275 8f6592a5330a429d9b69ac9adbd9a832 e49b088bf99340b39549edbaaf3054c3 - - -] 192.168.10.4 "GET /v1.1/e49b088bf99340b39549edbaaf3054c3/os-quota-sets/e49b088bf99340b39549edbaaf3054c3 HTTP/1.1" status: 200 len: 555 time: 0.0120132
2016-11-15 22:30:43.722 9854 INFO nova.osapi_compute.wsgi.server [req-27af3e0a-a9ac-409d-ba70-76de0eb1dbaf 8f6592a5330a429d9b69ac9adbd9a832 e49b088bf99340b39549edbaaf3054c3 - - -] 192.168.10.4 "GET /v1.1/e49b088bf99340b39549edbaaf3054c3/extensions HTTP/1.1" status: 200 len: 22462 time: 0.0046811
2016-11-15 22:30:45.030 9874 INFO nova.osapi_compute.wsgi.server [req-1c2b003f-a373-4c04-bc17-0ddfc37b678c 8f6592a5330a429d9b69ac9adbd9a832 e49b088bf99340b39549edbaaf3054c3 - - -] 192.168.10.4 "GET /v1.1/e49b088bf99340b39549edbaaf3054c3/flavors/detail HTTP/1.1" status: 200 len: 2805 time: 0.0247109
2016-11-15 22:30:45.361 9864 INFO nova.osapi_compute.wsgi.server [req-9ea23a9c-da63-4a83-9e18-d7930fa116f5 8f6592a5330a429d9b69ac9adbd9a832 e49b088bf99340b39549edbaaf3054c3 - - -] 192.168.10.4 "GET /v1.1/e49b088bf99340b39549edbaaf3054c3/limits?reserved=1 HTTP/1.1" status: 200 len: 698 time: 0.0231121
2016-11-15 22:30:51.622 9893 INFO nova.osapi_compute.wsgi.server [req-713ec5cd-8414-4f3a-8629-d8a5bb72f9f7 8f6592a5330a429d9b69ac9adbd9a832 e49b088bf99340b39549edbaaf3054c3 - - -] 192.168.10.4 "GET /v1.1/e49b088bf99340b39549edbaaf3054c3/extensions HTTP/1.1" status: 200 len: 22462 time: 0.0045629
2016-11-15 22:30:54.467 9876 INFO nova.osapi_compute.wsgi.server [req-4336c017-203c-47ad-8856-ee69ab0c35c7 8f6592a5330a429d9b69ac9adbd9a832 e49b088bf99340b39549edbaaf3054c3 - - -] 192.168.10.4 "GET /v1.1/e49b088bf99340b39549edbaaf3054c3/extensions HTTP/1.1" status: 200 len: 22462 time: 0.0047600
2016-11-15 22:30:59.871 9877 INFO nova.osapi_compute.wsgi.server [req-ca862885-2d78-4970-b45b-e59fc04bc971 8f6592a5330a429d9b69ac9adbd9a832 e49b088bf99340b39549edbaaf3054c3 - - -] 192.168.10.4 "GET /v1.1/e49b088bf99340b39549edbaaf3054c3/extensions HTTP/1.1" status: 200 len: 22462 time: 0.0057321
2016-11-15 22:31:05.131 9876 INFO nova.osapi_compute.wsgi.server [req-ce9b310d-7e3f-40f6-bfff-e4c908f4f7e4 8a2ad7f130ec45b29cbc5a8e9d2b12b8 01a6ab18bde941a89af94d2c91f833df - - -] 192.168.10.4 "GET /v1.1/01a6ab18bde941a89af94d2c91f833df/servers/detail?all_tenants=True HTTP/1.1" status: 200 len: 24275 time: 0.2256918
2016-11-15 22:31:05.634 9877 INFO nova.osapi_compute.wsgi.server [req-8caf59d7-eb20-4274-8ac1-543e404d2604 8a2ad7f130ec45b29cbc5a8e9d2b12b8 01a6ab18bde941a89af94d2c91f833df - - -] 192.168.10.4 "GET /v1.1/01a6ab18bde941a89af94d2c91f833df/servers/detail?all_tenants=True HTTP/1.1" status: 200 len: 24275 time: 0.1617360
2016-11-15 22:31:06.080 9876 INFO nova.osapi_compute.wsgi.server [req-b86c0797-25ff-443a-b81c-f2449a47891b 8a2ad7f130ec45b29cbc5a8e9d2b12b8 01a6ab18bde941a89af94d2c91f833df - - -] 192.168.10.4 "GET /v1.1/01a6ab18bde941a89af94d2c91f833df/servers/detail?all_tenants=True HTTP/1.1" status: 200 len: 24275 time: 0.1283240
