root@android:/ # logcat & [1] 3718 root@android:/ # root@android:/ # root@android:/ # root@android:/ # --------- beginning of /dev/log/main
E/AudioFlinger( 1358): createTrack_l() Bad parameter: sampleRate 44100 format 1, channelMask 0x00000001 "for output 0x82ff20 with format 1
E/AudioTrack( 1746): AudioFlinger could not create track, status: -22
E/SoundPool( 1746): Error creating AudioTrack
D/libEGL ( 2004): loaded /system/lib/egl/libGLES_android.so
D/libEGL ( 2004): loaded /system/lib/egl/libEGL_mali.so
D/libEGL ( 2004): loaded /syste[ 289.200714] Mali<2>: m/lib/egl/libGLESv1_CM_mali.so
D/libEGL ( 2004): loaded /system/lib/egl/libGLESv2_mali.so
I/Mali-EGL( 2004): Mali librarieMMU session begin [ 289.207916] Mali<2>: Page directory for session 0xeaa49180 placed at physical address 0x0BFE1000 [ 289.207977] Mali<2>: MMU session begin: success [ 289.207977] Mali<2>: Core: session_begin: for Mali-400 PP [ 289.207977] Mali<2>: Core: session_begin: for Mali-400 GP s compiled on Dec 8 2011, at 09:40:03
D/OpenGLRenderer( 2004): Enabling debug mode 0
E/AudioFlinger( 1358): createTrack_l() Bad parameter: sampleRate 44100 format 1, channelMask 0x00000001 "for output 0x82ff20 with format 1
E/AudioTrack( 1746): AudioFlinger could not create track, status: -22
E/SoundPool( 1746): Error creating AudioTrack --------- beginning of /dev/log/system
I/ActivityManager( 1746): START {act=android.settings.SETTINGS flg=0x10000000 cmp=com.android.settings/.Settings} from pid 2004
E/AudioFlinger( 1358): createTrack_l() Bad parameter: sampleRate 44100 format 1, channelMask 0x00000001 "for output 0x82ff20 with format 1
E/AudioTrack( 1746): AudioFlinger could not create track, status: -22
E/SoundPool( 1746): Error creating AudioTrack
W/NetworkManagementSocketTagger( 1746): setKernelCountSet(1000, 1) failed with errno -2
D/OpenGLRenderer( 2340): Flushing caches (mode 1)
W/System.err( 2146): Removed 2131231186
W/System.err( 2146): Removed 2131231194
D/OpenGLRenderer( 2340): Flushing caches (mode 0)
D/OpenGLRenderer( 2004): Flushing caches (mode 0)
D/dalvikvm( 2146): GC_CONCURRENT freed 279K, 6% free 6784K/7175K, paused 2ms+3ms
I/Process ( 1746): Sending signal. PID: 2146 SIG: 3
I/dalvikvm( 2146): threadid=3: reacting to signal 3
I/dalvikvm( 2146): Wrote stack traces to '/data/anr/traces.txt'
D/dalvikvm( 1746): GC_EXPLICIT freed 339K, 15% free 9092K/10631K, paused 5ms+8ms
D/libEGL ( 2146): loaded /system/lib/egl/libGLES_android.so
D/libEGL ( 2146): loaded /system/lib/egl/libEGL_mali.so
D/libEGL ( 2146): loaded /system/lib/egl/libGLESv1_CM_mali.so
D/libEGL ( 2146): loaded /system/lib/egl/libGLESv2_mali.so
I/Process ( 1746): Sending signal. PID: 2146 SIG: 3 I/dalvikvm( 21[ 293.329162] Mali<2>: MMU session begin [ 293.329193] Mali<2>: Page directory for session 0xea820380 placed at physical address 0x0BFCA000 [ 293.329254] Mali<2>: MMU session begin: success [ 293.329254] Mali<2>: Core: session_begin: for Mali-400 PP [ 293.329254] Mali<2>: Core: session_begin: for Mali-400 GP 46): threadid=3: reacting to signal 3
I/dalvikvm( 2146): Wrote stack traces to '/data/anr/traces.txt'
I/Mali-EGL( 2146): Mali libraries compiled on Dec 8 2011, at 09:40:03
D/OpenGLRenderer( 2146): Enabling debug mode 0
I/ActivityManager( 1746): Displayed com.android.settings/.Settings: +1s374ms
W/NetworkManagementSocketTagger( 1746): setKernelCountSet(10031, 0) failed with errno -2
E/AudioFlinger( 1358): createTrack_l() Bad parameter: sampleRate 44100 format 1, channelMask 0x00000001 "for output 0x82ff20 with format 1
E/AudioTrack( 1746): AudioFlinger could not create track, status: -22
E/SoundPool( 1746): Error creating AudioTrack
D/dalvikvm( 2146): GC_CONCURRENT freed 115K, 3% free 7105K/7303K, paused 2ms+3ms
E/AudioFlinger( 1358): createTrack_l() Bad parameter: sampleRate 44100 format 1, channelMask 0x00000001 "for output 0x82ff20 with format 1
E/AudioTrack( 1746): AudioFlinger could not create track, status: -22
E/SoundPool( 1746): Error creating AudioTrack
E/AudioFlinger( 1358): createTrack_l() Bad parameter: sampleRate 44100 format 1, channelMask 0x00000001 "for output 0x82ff20 with format 1
E/AudioTrack( 1746): AudioFlinger could not create track, status: -22
E/SoundPool( 1746): Error creating AudioTrack
I/ActivityManager( 1746): START {act=android.intent.action.SET_WALLPAPER cmp=com.android.wallpaper.livepicker/.LiveWallpaperActivity} from pid 2146
I/ActivityManager( 1746): Start proc com.android.wallpaper.livepicker for activity com.android.wallpaper.livepicker/.LiveWallpaperActivity: pid=3786 uid=10005 gids={}
I/PackageManager( 1746): Running dexopt on: com.android.wallpaper.livepicker
D/dalvikvm( 3798): DexOpt: load 9ms, verify+opt 35ms
W/NetworkManagementSocketTagger( 1746): setKernelCountSet(10005, 1) failed with errno -2
D/OpenGLRenderer( 2146): Flushing caches (mode 1)
D/OpenGLRenderer( 2146): Flushing caches (mode 0)
D/libEGL ( 3786): loaded /system/lib/egl/libGLES_android.so
D/libEGL ( 3786): loaded /system/lib/egl/libEGL_mali.so
D/libEGL ( 3786): loaded /system/lib/egl/libGLESv1_CM_mali.so
D/libEGL ( 3786): loaded /system/lib/egl/libGLESv2_mali.so [ 299.005676] Mali<2>: MMU session begin [ 299.009460] Mali<2>:
D/dalvikvm( 3786): GC_FOR_ALLOC freed 51K, 4% free 6716K/6983K, Page directory for session 0xead0ea80 placed at physical address 0x0BFD2000 paused 28ms [ 299.025817] Mali<2>: MMU session begin: success [ 299.030364] Mali<2>: Core: session_begin: for Mali-400 PP [ 299.041107] Mali<2>: Core: session_begin: for Mali-400 GP
I/Mali-EGL( 3786): Mali libraries compiled on Dec 8 2011, at 09:40:03
D/dalvikvm( 3786): GC_FOR_ALLOC freed 7K, 2% free 7035K/7175K, paused 18ms
D/OpenGLRenderer( 3786): Enabling debug mode 0
W/InputManagerService( 1746): Starting input on non-focused client com.android.internal.view.IInputMethodClient$Stub$Proxy@a08c3078 (uid=1000 pid=2146)
I/Process ( 1746): Sending signal. PID: 3786 SIG: 3
I/dalvikvm( 3786): threadid=3: reacting to signal 3
I/dalvikvm( 3786): Wrote stack traces to '/data/anr/traces.txt'
I/ActivityManager( 1746): Displayed com.android.wallpaper.livepicker/.LiveWallpaperActivity: +1s152ms
W/NetworkManagementSocketTagger( 1746): setKernelCountSet(1000, 0) failed with errno -2
E/AudioFlinger( 1358): createTrack_l() Bad parameter: sampleRate 44100 format 1, channelMask 0x00000001 "for output 0x82ff20 with format 1
E/AudioTrack( 1746): AudioFlinger could not create track, status: -22
E/SoundPool( 1746): Error creating AudioTrack
I/ActivityManager( 1746): START {cmp=com.android.wallpaper.livepicker/.LiveWallpaperPreview (has extras)} from pid 3786
I/ActivityManager( 1746): Start proc com.android.wallpaper for service com.android.wallpaper/.fall.FallWallpaper: pid=3803 uid=10034 gids={1006}
I/ActivityManager( 1746): Displayed com.android.wallpaper.livepicker/.LiveWallpaperPreview: +262ms
D/OpenGLRenderer( 3786): Flushing caches (mode 0)
I/PackageManager( 1746): Running dexopt on: com.android.wallpaper
D/dalvikvm( 3815): DexOpt: load 100ms, verify+opt 37ms
D/dalvikvm( 3786): GC_CONCURRENT freed 96K, 4% free 7326K/7559K, paused 2ms+2ms
V/RenderScript( 3803): rsContextCreateGL dev=0x2104ed8
V/RenderScript( 3803): 0x20cf860 Launching thread(s), CPUs 2
V/RenderScript( 3803): 0x20cf860 initEGL start
D/libEGL ( 3803): loaded /system/lib/egl/libGLES_android.so
D/libEGL ( 3803): loaded /system/lib/egl/libEGL_mali.so
D/libEGL ( 3803): loaded /system/lib/egl/libGLESv1_CM_mali.so
D/libEGL ( 3803): loaded /system/lib/egl/libGLESv2_mali.so
I/Mali-EGL( 3803): Mali lib[ 302.786956] Mali<2>: MMU session begin [ 302.787017] Mali<2>: Page directory for session 0xeac34a00 placed at physical address 0x0BFE7000 [ 302.787078] Mali<2>: MMU session begin: success [ 302.787078] Mali<2>: Core: session_begin: for Mali-400 PP [ 302.787109] Mali<2>: Core: session_begin: for Mali-400 GP raries compiled on Dec 8 2011, at 09:40:03
V/RenderScript( 3803): 0x20cf860 initGLThread end
V/RenderScript( 3803): 0x20cf860 rsContextCreateGL ret
V/ScriptC ( 3803): Create script for resource = fall
I/bcc ( 3803): LIBBCC build time: 2012/04/11 08:24:25
I/bcc ( 3803): LIBBCC build revision: 3e34f2c3b5ab53657c424c94e71df2bb17e12129 (git)
D/StopWatch( 3803): StopWatch calcFileSHA1 time (us): 13610
D/StopWatch( 3803): StopWatch calcFileSHA1 time (us): 12359
W/bcc ( 3803): Unable to open /data/data/com.android.wallpaper/cache/fall.o in read mode. (reason: No such file or directory)
D/StopWatch( 3803): StopWatch bcc: PrepareExecutable time (us): 397094
D/dalvikvm( 3803): GC_FOR_ALLOC freed 356K, 7% free 6539K/6983K, paused 18ms
I/dalvikvm-heap( 3803): Grow heap (frag case) to 6.958MB for 524304-byte allocation
D/dalvikvm( 3803): GC_CONCURRENT freed 1K, 7% free 7050K/7559K, paused 2ms+1ms
D/dalvikvm( 3803): GC_FOR_ALLOC freed 512K, 14% free 6539K/7559K, paused 15ms
I/dalvikvm-heap( 3803): Grow heap (frag case) to 9.387MB for 3072016-byte allocation
D/dalvikvm( 3803): GC_CONCURRENT freed <1K, 10% free 9539K/10567K, paused 2ms+1ms
E/AudioFlinger( 1358): createTrack_l() Bad parameter: sampleRate 44100 format 1, channelMask 0x00000001 "for output 0x82ff20 with format 1
E/AudioTrack( 1746): AudioFlinger could not create track, status: -22
E/SoundPool( 1746): Error creating AudioTrack
D/dalvikvm( 1746): GC_CONCURRENT freed 927K, 18% free 8823K/10631K, paused 3ms+7ms
V/RenderScript( 3803): rsContextCreateGL dev=0x2103b58
V/RenderScript( 3803): 0x21c72f8 Launching thread(s), CPUs 2
V/RenderScript( 3803): 0x21c72f8 initEGL start
V/RenderScript( 3803): 0x21c72f8 initGLThread end
V/RenderScript( 3803): 0x21c72f8 rsContextCreateGL ret
W/NetworkManagementSocketTagger( 1746): setKernelCountSet(1000, 1) failed with errno -2
V/ScriptC ( 3803): Create script for resource = fall
D/StopWatch( 3803): StopWatch calcFileSHA1 time (us): 125823
D/bcc ( 3803): Read object file size 7232
D/StopWatch( 3803): StopWatch bcc: PrepareExecutable time (us): 1464
D/OpenGLRenderer( 3786): Flushing caches (mode 0)
D/OpenGLRenderer( 3786): Flushing caches (mode 0)
D/dalvikvm( 3803): GC_FOR_ALLOC freed 3822K, 39% free 6549K/10567K, paused 55ms
I/dalvikvm-heap( 3803): Grow heap (frag case) to 9.398MB for 3072016-byte allocation
W/NetworkManagementSocketTagger( 1746): setKernelCountSet(10005, 0) failed with errno -2
D/OpenGLRenderer( 3786): Flushing caches (mode 1)
W/WindowManager( 1746): Force-removing child win Window{a087fba0 com.android.wallpaper.fall.FallWallpaper paused=false} from container Window{a06ce198 com.android.wallpaper.livepicker/com.android.wallpaper.livepicker.LiveWallpaperPreview paused=false}
W/WindowManager( 1746): Force-removing child win Window{a07cbb88 Media:com.android.wallpaper.livepicker/com.android.wallpaper.livepicker.LiveWallpaperPreview paused=false} from container Window{a06ce198 com.android.wallpaper.livepicker/com.android.wal}
E/SurfaceTexture( 1555): [com.android.wallpaper.fall.FallWallpaper] dequeueBuffer: SurfaceTexture has been abandoned!
E/InputQueue-JNI( 3786): channel 'a07cbb88 Media:com.android.wallpaper.livepicker/com.android.wallpaper.livepicker.LiveWallpaperPreview (client)' ~ Publisher closed input channel or an error occurred. events=0x8
W/WindowManager( 1746): Failed looking up window
W/WindowManager( 1746): java.lang.IllegalArgumentException: Requested window android.os.BinderProxy@a0851438 does not exist
W/WindowManager( 1746): at com.android.server.wm.WindowManagerService.windowForClientLocked(WindowManagerService.java:7163)
W/WindowManager( 1746): at com.android.server.wm.WindowManagerService.windowForClientLocked(WindowManagerService.java:7154)
W/WindowManager( 1746): at com.android.server.wm.WindowManagerService.removeWindow(WindowManagerService.java:2209)
W/WindowManager( 1746): at com.android.server.wm.Session.remove(Session.java:149)
W/WindowManager( 1746): at android.view.IWindowSession$Stub.onTransact(IWindowSession.java:124)
W/WindowManager( 1746): at com.android.server.wm.Session.onTransact(Session.java:111)
W/WindowManager( 1746): at android.os.Binder.execTransact(Binder.java:338)
W/WindowManager( 1746): at dalvik.system.NativeStart.run(Native Method)
D/dalvikvm( 3803): GC_CONCURRENT freed <1K, 10% free 9549K/10567K, paused 1ms+1ms
E/InputQueue-JNI( 3803): channel 'a087fba0 com.android.wallpaper.fall.FallWallpaper (client)' ~ Publisher closed input channel or an error occurred. events=0x8
E/SurfaceTexture( 1555): [com.android.wallpaper.fall.FallWallpaper] query: SurfaceTexture has been abandoned!
E/SurfaceTexture( 1555): [com.android.wallpaper.fall.FallWallpaper] query: SurfaceTexture has been abandoned!
F/libc ( 3803): Fatal signal 11 (SIGSEGV) at 0x0000003c (code=1)
D/RenderScript_jni( 3803): MessageThread exiting.
V/RenderScript( 3803): 0x20cf860 rsContextDestroy
V/RenderScript( 3803): 0x20cf860 Context::~Context
I/DEBUG ( 1353): *** *** *** *** *** *** *** *** *** *** *** *** *** *** *** ***
I/DEBUG ( 1353): Build fingerprint: 'snowball/snowball/snowball:4.0.4/IMM76D/246:eng/test-keys'
I/DEBUG ( 1353): pid: 3803, tid: 3817 >>> com.android.wallpaper <<<
I/DEBUG ( 1353): signal 11 (SIGSEGV), code 1 (SEGV_MAPERR), fault addr 0000003c
I/DEBUG ( 1353): r0 0000f1f4 r1 00000004 r2 020e995c r3 00000001
I/DEBUG ( 1353): r4 00000000 r5 02108ee0 r6 020aa818 r7 02177dc0
I/DEBUG ( 1353): r8 020ce5b0 r9 020b8acc 10 00000000 fp 00000001
I/DEBUG ( 1353): ip fffd9758 sp 9bb8fd68 lr 9b86cc6c pc 9b86bf80 cpsr 60000010
I/DEBUG ( 1353): d0 0000000000000030 d1 00000000000000e0
I/DEBUG ( 1353): d2 00000008000003ed d3 9bede0280000009b
I/DEBUG ( 1353): d4 0000000000000000 d5 0000000000000000
I/DEBUG ( 1353): d6 0000000000000000 d7 0000000000000000
I/DEBUG ( 1353): d8 0000000000000000 d9 0000000000000000
I/DEBUG ( 1353): d10 0000000000000000 d11 0000000000000000
I/DEBUG ( 1353): d12 0000000000000000 d13 0000000000000000
I/DEBUG ( 1353): d14 0000000000000000 d15 0000000000000000
I/DEBUG ( 1353): d16 5000000000000000 d17 0000000000000000
I/DEBUG ( 1353): d18 3fed9d89cb9e0c9c d19 3f811110896efbb2
I/DEBUG ( 1353): d20 3fd83e2bef9b7ef2 d21 bfc52c1ec1f0a743
I/DEBUG ( 1353): d22 bf56b1174428ec51 d23 b53d3435e90c01d1
I/DEBUG ( 1353): d24 3ef99342e0ee5069 d25 3fa55553e1053a42
I/DEBUG ( 1353): d26 3ec6cd878c3b46a7 d27 3fa55553e1053a42
I/DEBUG ( 1353): d28 bf29f335b79396fe d29 4012d97c7f3321d2
I/DEBUG ( 1353): d30 c01921fb54442d18 d31 3fe1fa87a53b1275
I/DEBUG ( 1353): scr 20000013
I/DEBUG ( 1353):
I/DEBUG ( 1353): #00 pc 00005f80 /system/lib/egl/libEGL_mali.so (_Z17get_buffer_ump_idP19ANativeWindowBuffer)
I/DEBUG ( 1353): #01 pc 00006c68 /system/lib/egl/libEGL_mali.so (__egl_platform_resize_surface)
I/DEBUG ( 1353):
I/DEBUG ( 1353): code around pc:
I/DEBUG ( 1353): 9b86bf60 e28f0004 e5900000 eafffff8 9b87bfa0 ................
I/DEBUG ( 1353): 9b86bf70 e92d4070 e1a04000 e59f003c e3a01004 p@-..@..<.......
I/DEBUG ( 1353): 9b86bf80 e594203c e79f5000 e5953000 e1a00003 < ...P...0......
I/DEBUG ( 1353): 9b86bf90 e1a0e00f e593f090 e2501000 13e00000 ..........P.....
I/DEBUG ( 1353): 9b86bfa0 18bd8070 e595c000 e594203c e1a0000c p.......< ......
I/DEBUG ( 1353):
I/DEBUG ( 1353): code around lr:
I/DEBUG ( 1353): 9b86cc4c e1a0000a e3a01001 e28d2018 e1a0e00f ......... ......
I/DEBUG ( 1353): 9b86cc5c e59af054 e594a0e0 e1a0000a ebfffcc0 T...............
I/DEBUG ( 1353): 9b86cc6c e5963010 e3530002 e1a09000 0a000011 .0....S.........
I/DEBUG ( 1353): 9b86cc7c e3530001 0a000045 e28d2020 e3a05000 ..S.E... ...P..
I/DEBUG ( 1353): 9b86cc8c e1a01005 e5940008 e522500c ebfffb77 .........P".w...
I/DEBUG ( 1353):
I/DEBUG ( 1353): stack:
I/DEBUG ( 1353): 9bb8fd28 00000008
I/DEBUG ( 1353): 9bb8fd2c 9bede030 /dev/binder
I/DEBUG ( 1353): 9bb8fd30 00000000
I/DEBUG ( 1353): 9bb8fd34 00000000
I/DEBUG ( 1353): 9bb8fd38 00000000
I/DEBUG ( 1353): 9bb8fd3c 00010001
I/DEBUG ( 1353): 9bb8fd40 b6e2d7a9 /system/lib/libbinder.so
I/DEBUG ( 1353): 9bb8fd44 020aa758 [heap]
I/DEBUG ( 1353): 9bb8fd48 020e9840 [heap]
I/DEBUG ( 1353): 9bb8fd4c 00000001
I/DEBUG ( 1353): 9bb8fd50 9bb8fd90
I/DEBUG ( 1353): 9bb8fd54 b67ffab5 /system/lib/libgui.so
I/DEBUG ( 1353): 9bb8fd58 020e995c [heap]
I/DEBUG ( 1353): 9bb8fd5c 00000001
I/DEBUG ( 1353): 9bb8fd60 df0027ad
I/DEBUG ( 1353): 9bb8fd64 00000000
I/DEBUG ( 1353): #01 9bb8fd68 020b8a78 [heap]
I/DEBUG ( 1353): 9bb8fd6c 02108ee0 [heap]
I/DEBUG ( 1353): 9bb8fd70 020aa818 [heap]
I/DEBUG ( 1353): 9bb8fd74 9b86cc6c /system/lib/egl/libEGL_mali.so
I/DEBUG ( 1353): 9bb8fd78 00000000
I/DEBUG ( 1353): 9bb8fd7c 00000000
I/DEBUG ( 1353): 9bb8fd80 00000000
I/DEBUG ( 1353): 9bb8fd84 00000000
I/DEBUG ( 1353): 9bb8fd88 0208b400 [heap]
I/DEBUG ( 1353): 9bb8fd8c 020e97c8 [heap]
I/DEBUG ( 1353): 9bb8fd90 00000000
I/DEBUG ( 1353): 9bb8fd94 00000000
I/DEBUG ( 1353): 9bb8fd98 02108eb8 [heap]
I/DEBUG ( 1353): 9bb8fd9c 020b8a78 [heap]
I/DEBUG ( 1353): 9bb8fda0 00000500
I/DEBUG ( 1353): 9bb8fda4 000002a0
I/DEBUG ( 1353): 9bb8fda8 02108eb8 [heap]
I/DEBUG ( 1353): 9bb8fdac 020e7a18 [heap]
E/RenderScript( 3803): RS watchdog timeout: 0 eglSwapBuffers line 419 frameworks/base/libs/rs/driver/rsdGL.cpp
I/WindowManager( 1746): WIN DEATH: Window{a07577a0 com.android.wallpaper.fall.FallWallpaper paused=false}
I/ActivityManager( 1746): Process com.android.wallpaper (pid 3803) has died.
W/ActivityManager( 1746): Scheduling restart of crashed service com.android.wallpaper/.fall.FallWallpaper in 5000ms
W/WallpaperService( 1746): Wallpaper service gone: ComponentInfo{com.android.wallpaper/com.android.wallpaper.fall.FallWallpaper}
W/WallpaperService( 1746): Reverting to built-in wallpaper! [ 310.241455] Mali<2>: Session ending [ 310.241485] Mali<2>: Core: session_close: for Mali-400 GP [ 310.241485] Mali<2>: Core: session_close: for Mali-400 PP [ 310.241485] Mali<2>: MMU session end [ 310.241516] Mali<1>: Cleanup of descriptor 1 mapping to 0xea274dc0 in descriptor table [ 310.241546] Mali<1>: Cleanup of descriptor 2 mapping to 0xea112bc0 in descriptor table [ 310.241577] Mali<1>: Cleanup of descriptor 3 mapping to 0xea112280 in descriptor table [ 310.241607] Mali<1>: Cleanup of descriptor 4 mapping to 0xeaeb6ac0 in descriptor table [ 310.242004] Mali<2>: Session has ended
D/Zygote ( 1545): Process 3803 terminated by signal (11)
D/dalvikvm( 2004): GC_CONCURRENT freed 352K, 6% free 7664K/8135K, paused 2ms+2ms
D/dalvikvm( 2004): GC_FOR_ALLOC freed 28K, 7% free 7636K/8135K, paused 17ms
I/dalvikvm-heap( 2004): Grow heap (frag case) to 16.901MB for 9830416-byte allocation
D/dalvikvm( 2004): GC_CONCURRENT freed <1K, 4% free 17236K/17799K, paused 2ms+2ms
D/dalvikvm( 2004): GC_FOR_ALLOC freed 0K, 4% free 17236K/17799K, paused 17ms
I/dalvikvm-heap( 2004): Grow heap (frag case) to 26.618MB for 10188816-byte allocation
D/dalvikvm( 2004): GC_CONCURRENT freed 0K, 3% free 27186K/27783K, paused 2ms+3ms
E/AudioFlinger( 1358): createTrack_l() Bad parameter: sampleRate 44100 format 1, channelMask 0x00000001 "for output 0x82ff20 with format 1
E/AudioTrack( 1746): AudioFlinger could not create track, status: -22
E/SoundPool( 1746): Error creating AudioTrack
I/ActivityManager( 1746): START {act=android.intent.action.MAIN cat=[android.intent.category.HOME] flg=0x10200000 cmp=com.android.launcher/com.android.launcher2.Launcher} from pid 1746
W/NetworkManagementSocketTagger( 1746): setKernelCountSet(10031, 1) failed with errno -2
D/OpenGLRenderer( 2146): Flushing caches (mode 0)
D/OpenGLRenderer( 2146): Flushing caches (mode 1)
W/InputManagerService( 1746): Starting input on non-focused client com.android.internal.view.IInputMethodClient$Stub$Proxy@a08c3078 (uid=1000 pid=2146)
W/NetworkManagementSocketTagger( 1746): setKernelCountSet(1000, 0) failed with errno -2
W/ThrottleService( 1746): unable to find stats for iface rmnet0 root@android:/ #