E/WifiStateMachine( 2061): Unable to change interface settings: java.lang.IllegalStateException: command '4 interface setcfg wlan0 0.0.0.0 0 down' failed with '400 4 Failed to set address (No such device)'
E/WifiHW ( 2061): Cannot open "/system/etc/wifi/wpa_supplicant.conf": No such file or directory
E/WifiHW ( 2061): Wi-Fi will not be enabled
E/WifiStateMachine( 2061): Failed to start supplicant!
D/BluetoothManagerService( 2061): Message: 201
D/BluetoothManagerService( 2061): MESSAGE_SAVE_NAME_AND_ADDRESS
D/BluetoothManagerService( 2061): Message: 200
D/BluetoothManagerService( 2061): MESSAGE_GET_NAME_AND_ADDRESS
I/EthernetStateMachine( 2061): trigger dhcp for device eth0
I/SystemServer( 2061): Network Service Discovery Service
D/EthernetStateMachine( 2061): DhcpHandler: DHCP request started
D/NsdService( 2061): Network service discovery enabled true
I/SystemServer( 2061): Throttle Service
I/SystemServer( 2061): UpdateLock Service
I/SystemServer( 2061): Notification Manager
I/SystemServer( 2061): Device Storage Monitor
I/SystemServer( 2061): Location Manager
I/SystemServer( 2061): Country Detector
I/SystemServer( 2061): Search Service
I/SystemServer( 2061): DropBox Service
I/SystemServer( 2061): Wallpaper Service
I/SystemServer( 2061): Audio Service
I/AudioService( 2061): Remote Control registerMediaButtonIntent() for PendingIntent{411863c8: PendingIntentRecord{41292dc0 android broadcastIntent}}
D/dalvikvm( 2061): GC_CONCURRENT freed 291K, 9% free 5053K/5524K, paused 1ms+3ms, total 36ms
I/SystemServer( 2061): Dock Observer
W/DockObserver( 2061): This kernel does not have dock station support
I/SystemServer( 2061): Wired Accessory Manager
W/WiredAccessoryManager( 2061): This kernel does not have wired headset support
I/SystemServer( 2061): USB Service
I/SystemServer( 2061): Serial Service
I/SystemServer( 2061): Twilight Service
I/SystemServer( 2061): UI Mode Manager Service
I/SystemServer( 2061): Backup Service
V/BackupManagerService( 2061): No ancestral data
I/BackupManagerService( 2061): Found stale backup journal, scheduling
I/BackupManagerService( 2061): android
I/BackupManagerService( 2061): com.android.browser
I/BackupManagerService( 2061): com.android.calendar
I/BackupManagerService( 2061): com.android.inputmethod.latin
I/BackupManagerService( 2061): com.android.providers.settings
I/BackupManagerService( 2061): com.android.providers.userdictionary
I/BackupManagerService( 2061): com.android.sharedstoragebackup
I/BackupManagerService( 2061): Backup enabled => false
I/SystemServer( 2061): AppWidget Service
I/SystemServer( 2061): Recognition Service
I/SystemServer( 2061): DiskStats Service
I/SystemServer( 2061): SamplingProfiler Service
I/SystemServer( 2061): NetworkTimeUpdateService
I/SystemServer( 2061): CommonTimeManagementService
I/SystemServer( 2061): CertBlacklister
I/SystemServer( 2061): Dreams Service
I/WindowManager( 2061): SAFE MODE not enabled
D/dalvikvm( 2061): JIT started for system_server
I/ActivityManager( 2061): System now ready
I/Zygote ( 2061): Process: zygote socket opened
I/SystemServer( 2061): Making services ready
D/SystemServer( 2061): Starting service: Intent { cmp=com.android.systemui/.SystemUIService }
D/BluetoothManagerService( 2061): Message: 201
D/BluetoothManagerService( 2061): MESSAGE_SAVE_NAME_AND_ADDRESS
D/BluetoothManagerService( 2061): Message: 200
D/BluetoothManagerService( 2061): MESSAGE_GET_NAME_AND_ADDRESS
I/ActivityManager( 2061): Start proc com.android.systemui for service com.android.systemui/.SystemUIService: pid=2168 uid=10029 gids={50029, 1028, 1015, 3002, 3001}
D/NetworkManagementService( 2061): not enabling bandwidth control
I/keystore( 1395): uid: 1000 action: e -> 7 state: 3 -> 3 retry: 4
I/MountService( 2061): doMountVolume: Mouting /mnt/sdcard
D/VoldCmdListener( 1387): volume mount /mnt/sdcard
I/Vold ( 1387): /dev/block/vold/179:102 being considered for volume sdcard
D/Vold ( 1387): Volume sdcard state changing 1 (Idle-Unmounted) -> 3 (Checking)
I/MountService( 2061): onEvent:: raw= 605 Volume sdcard /mnt/sdcard state changed from 1 (Idle-Unmounted) to 3 (Checking) cooked = 605 Volume sdcard /mnt/sdcard state changed from 1 (Idle-Unmounted) to 3 (Checking)
I/MountService( 2061): notifyVolumeStateChange::unmounted
I/MountService( 2061): updating volume state checking
D/MountService( 2061): volume state changed for /mnt/sdcard (unmounted -> checking)
D/MountService( 2061): sendStorageIntent Intent { act=android.intent.action.MEDIA_CHECKING dat=file:///mnt/sdcard (has extras) } to UserHandle{-1}
I//system/bin/fsck_msdos( 1387): ** /dev/block/vold/179:102
I//system/bin/fsck_msdos( 1387): ** Phase 1 - Read FAT (compare skipped)
I//system/bin/fsck_msdos( 1387): Attempting to allocate 6156 KB for FAT
E/Netd ( 1388): exec() res=768 for /system/bin/ip6tables -F fw_INPUT
E/Netd ( 1388): exec() res=768 for /system/bin/ip6tables -F fw_OUTPUT
D/dalvikvm( 2061): GC_CONCURRENT freed 325K, 9% free 5237K/5744K, paused 4ms+24ms, total 113ms
E/Netd ( 1388): exec() res=768 for /system/bin/ip6tables -F fw_FORWARD
W/SystemServer( 2061): ***********************************************
F/SystemServer( 2061): BOOT FAILURE making Network Managment Service ready
F/SystemServer( 2061): java.lang.IllegalStateException: command '5 firewall disable' failed with '400 5 Firewall command failed'
F/SystemServer( 2061): at com.android.server.NetworkManagementService.setFirewallEnabled(NetworkManagementService.java:1446)
F/SystemServer( 2061): at com.android.server.NetworkManagementService.prepareNativeDaemon(NetworkManagementService.java:376)
F/SystemServer( 2061): at com.android.server.NetworkManagementService.systemReady(NetworkManagementService.java:213)
F/SystemServer( 2061): at com.android.server.ServerThread$3.run(SystemServer.java:894)
F/SystemServer( 2061): at com.android.server.am.ActivityManagerService.systemReady(ActivityManagerService.java:7869)
F/SystemServer( 2061): at com.android.server.ServerThread.run(SystemServer.java:878)
F/SystemServer( 2061): Caused by: com.android.server.NativeDaemonConnector$NativeDaemonFailureException: command '5 firewall disable' failed with '400 5 Firewall command failed'
F/SystemServer( 2061): at com.android.server.NativeDaemonConnector.execute(NativeDaemonConnector.java:348)
F/SystemServer( 2061): at com.android.server.NativeDaemonConnector.executeForList(NativeDaemonConnector.java:285)
F/SystemServer( 2061): at com.android.server.NativeDaemonConnector.execute(NativeDaemonConnector.java:251)
F/SystemServer( 2061): at com.android.server.NetworkManagementService.setFirewallEnabled(NetworkManagementService.java:1443)
F/SystemServer( 2061): ... 5 more
V/TransportControlView( 2061): Create TCV com.android.internal.policy.impl.keyguard.KeyguardTransportControlView{412569c0 V.E..... ......I. 0,0-0,0 #1020308 android:id/keyguard_transport_control}
W/NetworkStats( 2061): bandwidth controls disabled, unable to track stats
I/keystore( 1395): uid: 1000 action: e -> 7 state: 3 -> 3 retry: 4
W/NetworkPolicy( 2061): bandwidth controls disabled, unable to enforce policy
E/Netd ( 1388): exec() res=768 for /system/bin/ip6tables -F fw_INPUT
E/Netd ( 1388): exec() res=768 for /system/bin/ip6tables -F fw_OUTPUT
E/Netd ( 1388): exec() res=768 for /system/bin/ip6tables -F fw_FORWARD
F/SystemServer( 2061): BOOT FAILURE making Connectivity Service ready
F/SystemServer( 2061): java.lang.IllegalStateException: command '6 firewall disable' failed with '400 6 Firewall command failed'
F/SystemServer( 2061): at com.android.server.NetworkManagementService.setFirewallEnabled(NetworkManagementService.java:1446)
F/SystemServer( 2061): at com.android.server.ConnectivityService.setLockdownTracker(ConnectivityService.java:3429)
F/SystemServer( 2061): at com.android.server.ConnectivityService.updateLockdownVpn(ConnectivityService.java:3405)
F/SystemServer( 2061): at com.android.server.ConnectivityService.systemReady(ConnectivityService.java:1975)
F/SystemServer( 2061): at com.android.server.ServerThread$3.run(SystemServer.java:909)
F/SystemServer( 2061): at com.android.server.am.ActivityManagerService.systemReady(ActivityManagerService.java:7869)
F/SystemServer( 2061): at com.android.server.ServerThread.run(SystemServer.java:878)
F/SystemServer( 2061): Caused by: com.android.server.NativeDaemonConnector$NativeDaemonFailureException: command '6 firewall disable' failed with '400 6 Firewall command failed'
F/SystemServer( 2061): at com.android.server.NativeDaemonConnector.execute(NativeDaemonConnector.java:348)
F/SystemServer( 2061): at com.android.server.NativeDaemonConnector.executeForList(NativeDaemonConnector.java:285)
F/SystemServer( 2061): at com.android.server.NativeDaemonConnector.execute(NativeDaemonConnector.java:251)
F/SystemServer( 2061): at com.android.server.NetworkManagementService.setFirewallEnabled(NetworkManagementService.java:1443)
F/SystemServer( 2061): ... 6 more
W/SystemServer( 2061): ***********************************************
D/SystemUIService( 2168): loading: class com.android.systemui.statusbar.phone.PhoneStatusBar
D/SystemUIService( 2168): running: com.android.systemui.statusbar.phone.PhoneStatusBar@410ff0c0
D/dalvikvm( 2061): GC_CONCURRENT freed 354K, 9% free 5395K/5928K, paused 3ms+4ms, total 55ms
D/dalvikvm( 2061): WAIT_FOR_CONCURRENT_GC blocked 33ms
D/dalvikvm( 2061): WAIT_FOR_CONCURRENT_GC blocked 27ms
I/StatusBarManagerService( 2061): registerStatusBar bar=com.android.internal.statusbar.IStatusBar$Stub$Proxy@4130eac0
I/ActivityManager( 2061): Config changed: {1.0 ?mcc?mnc en_US ldltr sw960dp w1706dp h886dp 120dpi xlrg long land -touch -keyb/v/h -nav/h s.4}
W/RecognitionManagerService( 2061): no available voice recognition services found for user 0
I/ActivityManager( 2061): Start proc android.process.media for broadcast com.android.providers.media/.MtpReceiver: pid=2219 uid=10010 gids={50010, 1015, 1023, 1024, 1028, 2001, 3003, 3007}
D/dalvikvm( 2061): GC_FOR_ALLOC freed 261K, 11% free 5463K/6084K, paused 53ms, total 54ms
D/BluetoothManagerService( 2061): Message: 201
D/BluetoothManagerService( 2061): MESSAGE_SAVE_NAME_AND_ADDRESS
D/BluetoothManagerService( 2061): Message: 200
D/BluetoothManagerService( 2061): MESSAGE_GET_NAME_AND_ADDRESS
D/dalvikvm( 2168): GC_CONCURRENT freed 157K, 9% free 3641K/3972K, paused 3ms+27ms, total 99ms
I/ActivityManager( 2061): Start proc org.linaro.wallpaper for service org.linaro.wallpaper/.LogoWallpaper: pid=2233 uid=10015 gids={50015, 1028}
W/InputMethodManagerService( 2061): Ignoring setImeWindowStatus of uid 1000 token: null
I/ActivityThread( 2219): Pub media: com.android.providers.media.MediaProvider
W/ResourceType( 2061): Failure getting entry for 0x7f060000 (t=5 e=0) in package 0 (error -75)
W/ResourceType( 2061): Failure getting entry for 0x7f060000 (t=5 e=0) in package 0 (error -75)
W/InputMethodManagerService( 2061): Found no subtypes in a system IME: com.android.inputmethod.pinyin
D/dalvikvm( 2061): GC_CONCURRENT freed 344K, 9% free 5637K/6160K, paused 4ms+14ms, total 100ms
D/dalvikvm( 2061): WAIT_FOR_CONCURRENT_GC blocked 69ms
D/dalvikvm( 2061): WAIT_FOR_CONCURRENT_GC blocked 70ms
I/ActivityManager( 2061): Start proc com.android.inputmethod.latin for service com.android.inputmethod.latin/.LatinIME: pid=2244 uid=10024 gids={50024, 1028}
I/ActivityThread( 2219): Pub downloads: com.android.providers.downloads.DownloadProvider
I/CommonTimeManagementService( 2061): No common time service detected on this platform. Common time services will be unavailable.
I/InputReader( 2061): Reconfiguring input devices. changes=0x00000020
I/InputReader( 2061): Reconfiguring input devices. changes=0x00000010
I/LocationBlacklist( 2061): whitelist: []
I/LocationBlacklist( 2061): blacklist: []
I/ActivityManager( 2061): Start proc com.android.phone for added application com.android.phone: pid=2266 uid=1001 gids={41001, 3002, 3001, 3003, 1015, 1028}
W/ActivityManager( 2061): Broadcast Intent { act=android.intent.action.USER_STARTING flg=0x40000010 (has extras) } not ordered but result callback requested!
I/ActivityManager( 2061): START u0 {act=android.intent.action.MAIN cat=[android.intent.category.HOME] flg=0x10000000 cmp=com.android.launcher/com.android.launcher2.Launcher} from pid 0
E/ThrottleService( 2061): problem during onPollAlarm: java.lang.IllegalStateException: problem parsing stats: java.io.FileNotFoundException: /proc/net/xt_qtaguid/iface_stat_all: open failed: ENOENT (No such file or directory)
I/ActivityManager( 2061): Start proc com.android.launcher for activity com.android.launcher/com.android.launcher2.Launcher: pid=2276 uid=10042 gids={50042, 1028}
I/SystemServer( 2061): Enabled StrictMode for system server main thread.
I/ActivityThread( 2219): Pub drm: com.android.providers.drm.DrmProvider
I/DownloadManager( 2219): in removeSpuriousFiles
W/LocationManagerService( 2061): no network location provider found
D/dalvikvm( 2168): GC_CONCURRENT freed 246K, 10% free 3892K/4316K, paused 3ms+2ms, total 101ms
D/dalvikvm( 2168): WAIT_FOR_CONCURRENT_GC blocked 53ms
D/BluetoothManagerService( 2061): Message: 201
D/BluetoothManagerService( 2061): MESSAGE_SAVE_NAME_AND_ADDRESS
D/BluetoothManagerService( 2061): Message: 200
D/BluetoothManagerService( 2061): MESSAGE_GET_NAME_AND_ADDRESS
I//system/bin/fsck_msdos( 1387): ** Phase 2 - Check Cluster Chains
I/ActivityManager( 2061): Start proc com.android.location.fused for service com.android.location.fused/.FusedLocationService: pid=2310 uid=10039 gids={50039, 1028}
I/LatinIME( 2244): Hardware accelerated drawing: true
D/dalvikvm( 2061): GREF has increased to 301
I/Choreographer( 2061): Skipped 299 frames! The application may be doing too much work on its main thread.
D/dalvikvm( 2061): GC_CONCURRENT freed 424K, 10% free 5752K/6332K, paused 19ms+36ms, total 272ms
E/LocationManagerService( 2061): no geocoder provider found
I/ActivityThread( 2266): Pub mms: com.android.providers.telephony.MmsProvider
D/DevicePolicyManagerService( 2061): Handling package changes for user 0
D/dalvikvm( 2244): GC_CONCURRENT freed 185K, 9% free 3663K/4020K, paused 4ms+7ms, total 126ms
D/BluetoothManagerService( 2061): Message: 20
D/BluetoothManagerService( 2061): Added callback: android.bluetooth.IBluetoothManagerCallback$Stub$Proxy@4134cb88:true
D/BluetoothAdapter( 2168): 1091851896: getState() : mService = null. Returning STATE_OFF
D/BluetoothAdapter( 2168): 1091851896: getState() : mService = null. Returning STATE_OFF
D/BluetoothAdapter( 2168): 1091851896: getState() : mService = null. Returning STATE_OFF
I/ActivityThread( 2266): Pub sms: com.android.providers.telephony.SmsProvider
I/ActivityThread( 2266): Pub telephony: com.android.providers.telephony.TelephonyProvider
W/TelephonyProvider( 2266): onCreate: confFile=/system/etc/apns-conf.xml oldCheckSum=-1
D/TelephonyManager( 2266): getLteOnCdmaMode=0 curVal=-1 product_type='' lteOnCdmaProductType=''
I/ActivityThread( 2266): Pub icc: com.android.phone.IccProvider
D/libEGL ( 2061): loaded /system/lib/egl/libEGL_mali.so
I/ActivityManager( 2061): Start proc com.android.settings for broadcast com.android.settings/.widget.SettingsAppWidgetProvider: pid=2328 uid=1000 gids={41000, 1015, 1028, 3002, 3001, 3003}
D/BluetoothManagerService( 2061): Message: 300
D/BluetoothManagerService( 2061): MESSAGE_USER_SWITCHED
D/BluetoothManagerService( 2061): delay MESSAGE_USER_SWITCHED 1
I/AudioService( 2061): Remote Control registerMediaButtonIntent() for PendingIntent{41317950: PendingIntentRecord{41292dc0 android broadcastIntent}}
W/InputAttributes( 2244): No editor info for this field. Bug?
D/libEGL ( 2061): loaded /system/lib/egl/libGLESv1_CM_mali.so
I/ActivityThread( 2276): Pub com.android.launcher2.settings: com.android.launcher2.LauncherProvider
D/libEGL ( 2061): loaded /system/lib/egl/libGLESv2_mali.so
I/Mali-EGL( 2061): Mali libraries compiled on Oct 17 2012, at 18:49:59
I/ActivityThread( 2266): Pub mms-sms: com.android.providers.telephony.MmsSmsProvider
W/HardwareRenderer( 2061): Backbuffer cannot be preserved
D/OpenGLRenderer( 2061): Enabling debug mode 0
D/TelephonyManager( 2266): getLteOnCdmaMode=0 curVal=-1 product_type='' lteOnCdmaProductType=''
E/ActivityThread( 2244): Failed to find provider info for com.android.inputmethod.latin.dictionarypack
W/ResourceType( 2061): Failure getting entry for 0x7f060000 (t=5 e=0) in package 0 (error -75)
D/BluetoothManagerService( 2061): Message: 300
D/BluetoothManagerService( 2061): MESSAGE_USER_SWITCHED
D/BluetoothManagerService( 2061): delay MESSAGE_USER_SWITCHED 2
D/BluetoothManagerService( 2061): Message: 201
D/BluetoothManagerService( 2061): MESSAGE_SAVE_NAME_AND_ADDRESS
D/BluetoothManagerService( 2061): Message: 200
D/BluetoothManagerService( 2061): MESSAGE_GET_NAME_AND_ADDRESS
E/BinaryDictionaryGetter( 2244): Could not find a dictionary pack
D/TelephonyManager( 2266): getLteOnCdmaMode=0 curVal=-1 product_type='' lteOnCdmaProductType=''
I/Choreographer( 2061): Skipped 97 frames! The application may be doing too much work on its main thread.
W/ResourceType( 2061): Failure getting entry for 0x7f060000 (t=5 e=0) in package 0 (error -75)
D/dalvikvm( 2032): GC_EXPLICIT freed 34K, 6% free 3409K/3616K, paused 2ms+4ms, total 34ms
D/dalvikvm( 2032): GC_EXPLICIT freed <1K, 6% free 3409K/3616K, paused 2ms+3ms, total 24ms
D/dalvikvm( 2061): GC_CONCURRENT freed 591K, 12% free 5753K/6524K, paused 25ms+5ms, total 124ms
D/dalvikvm( 2061): WAIT_FOR_CONCURRENT_GC blocked 85ms
D/dalvikvm( 2061): WAIT_FOR_CONCURRENT_GC blocked 75ms
D/dalvikvm( 2061): WAIT_FOR_CONCURRENT_GC blocked 81ms
D/dalvikvm( 2061): WAIT_FOR_CONCURRENT_GC blocked 60ms
D/dalvikvm( 2061): WAIT_FOR_CONCURRENT_GC blocked 81ms
D/dalvikvm( 2061): WAIT_FOR_CONCURRENT_GC blocked 82ms
D/dalvikvm( 2061): WAIT_FOR_CONCURRENT_GC blocked 77ms
D/dalvikvm( 2061): WAIT_FOR_CONCURRENT_GC blocked 72ms
W/InputMethodManagerService( 2061): Found no subtypes in a system IME: com.android.inputmethod.pinyin
I/ActivityManager( 2061): Start proc android.process.acore for content provider com.android.providers.userdictionary/.UserDictionaryProvider: pid=2347 uid=10009 gids={50009, 3003, 1015, 1028}
D/dalvikvm( 2032): GC_EXPLICIT freed <1K, 6% free 3409K/3616K, paused 2ms+3ms, total 102ms
D/BluetoothManagerService( 2061): Message: 300
D/BluetoothManagerService( 2061): MESSAGE_USER_SWITCHED
D/BluetoothManagerService( 2061): delay MESSAGE_USER_SWITCHED 3
D/PackageManager( 2061): generateServicesMap() for 0
W/Settings( 2266): Setting airplane_mode_on has moved from android.provider.Settings.System to android.provider.Settings.Global, returning read-only value.
D/PackageManager( 2061): generateServicesMap() for 0
D/dalvikvm( 2168): GC_CONCURRENT freed 269K, 10% free 4107K/4548K, paused 2ms+2ms, total 109ms
W/Settings( 2266): Setting auto_time has moved from android.provider.Settings.System to android.provider.Settings.Global, returning read-only global URI.
W/Settings( 2266): Setting auto_time_zone has moved from android.provider.Settings.System to android.provider.Settings.Global, returning read-only global URI.
D/PackageManager( 2061): generateServicesMap() for 0
I/ActivityManager( 2061): Start proc com.android.smspush for service com.android.smspush/.WapPushManager: pid=2364 uid=10047 gids={50047, 1028}
I/FusedLocation( 2310): engine started (com.android.location.fused)
D/TelephonyRegistry( 2061): MSG_USER_SWITCHED userId=0
D/ ( 2266): [ApnContext:default] set reason as dataEnabled,current state IDLE
D/ ( 2266): [ApnContext:default] setRetryCount: 0
D/ ( 2266): [ApnContext:mms] set reason as dataEnabled,current state IDLE
D/ ( 2266): [ApnContext:mms] setRetryCount: 0
D/ ( 2266): [ApnContext:supl] set reason as dataEnabled,current state IDLE
D/ ( 2266): [ApnContext:supl] setRetryCount: 0
D/ ( 2266): [ApnContext:hipri] set reason as dataEnabled,current state IDLE
D/ ( 2266): [ApnContext:hipri] setRetryCount: 0
I//system/bin/fsck_msdos( 1387): ** Phase 3 - Checking Directories
I/ActivityThread( 2347): Pub com.android.voicemail: com.android.providers.contacts.VoicemailContentProvider
D/ ( 2266): [ApnContext:fota] set reason as dataEnabled,current state IDLE
D/ ( 2266): [ApnContext:fota] setRetryCount: 0
D/ ( 2266): [ApnContext:ims] set reason as dataEnabled,current state IDLE
D/ ( 2266): [ApnContext:ims] setRetryCount: 0
D/ ( 2266): [ApnContext:cbs] set reason as dataEnabled,current state IDLE
D/ ( 2266): [ApnContext:cbs] setRetryCount: 0
D/BluetoothManagerService( 2061): Message: 300
D/BluetoothManagerService( 2061): MESSAGE_USER_SWITCHED
D/BluetoothManagerService( 2061): delay MESSAGE_USER_SWITCHED 4
I//system/bin/fsck_msdos( 1387): ** Phase 4 - Checking for Lost Files
D/TelephonyManager( 2266): getLteOnCdmaMode=0 curVal=-1 product_type='' lteOnCdmaProductType=''
D/CallManager( 2266): registerPhone(GSM Handler (com.android.internal.telephony.PhoneProxy) {411091c0})
D/BluetoothAdapter( 2168): 1091851896: getState() : mService = null. Returning STATE_OFF
D/dalvikvm( 2266): GC_CONCURRENT freed 186K, 9% free 3651K/4008K, paused 3ms+1ms, total 114ms
D/BluetoothManagerService( 2061): Message: 20
D/BluetoothManagerService( 2061): Added callback: android.bluetooth.IBluetoothManagerCallback$Stub$Proxy@4139a1a8:true
D/BluetoothManagerService( 2061): Message: 100
E/BluetoothManagerService( 2061): MESSAGE_TIMEOUT_BIND
D/BluetoothManagerService( 2061): Message: 201
D/BluetoothManagerService( 2061): MESSAGE_SAVE_NAME_AND_ADDRESS
D/BluetoothManagerService( 2061): Message: 200
D/BluetoothManagerService( 2061): MESSAGE_GET_NAME_AND_ADDRESS
D/BluetoothManagerService( 2061): Binding to service to get name and address
D/BluetoothManagerService( 2061): Message: 20
D/BluetoothManagerService( 2061): Added callback: android.bluetooth.IBluetoothManagerCallback$Stub$Proxy@41314ca8:true
I/ActivityThread( 2347): Pub applications: com.android.providers.applications.ApplicationsProvider
D/BluetoothAdapter( 2328): 1091590232: getState() : mService = null. Returning STATE_OFF
D/BluetoothManagerService( 2061): Message: 30
W/ApplicationContext( 2328): Calling a method in the system process without a qualified user: android.app.ContextImpl.bindService:1415 android.content.ContextWrapper.bindService:473 android.bluetooth.BluetoothInputDevice.:240
D/dalvikvm( 2061): GREF has increased to 401
D/BluetoothManagerService( 2061): Message: 30
D/BluetoothManagerService( 2061): Message: 300
D/BluetoothManagerService( 2061): MESSAGE_USER_SWITCHED
D/BluetoothManagerService( 2061): delay MESSAGE_USER_SWITCHED 5
D/BluetoothPan( 2328): BluetoothPan() call bindService
W/ApplicationContext( 2328): Calling a method in the system process without a qualified user: android.app.ContextImpl.bindService:1415 android.content.ContextWrapper.bindService:473 android.bluetooth.BluetoothPan.:141
D/BluetoothPan( 2328): BluetoothPan(), bindService called
D/BluetoothManagerService( 2061): Message: 30
W/ApplicationContext( 2328): Calling a method in the system process without a qualified user: android.app.ContextImpl.bindService:1415 android.content.ContextWrapper.bindService:473 android.bluetooth.BluetoothPbap.:161
D/LocalBluetoothProfileManager( 2328): LocalBluetoothProfileManager construction complete
D/BluetoothAdapter( 2328): 1091590232: getState() : mService = null. Returning STATE_OFF
D/BluetoothAdapter( 2328): 1091590232: getState() : mService = null. Returning STATE_OFF
D/dalvikvm( 2061): GC_CONCURRENT freed 522K, 11% free 5817K/6524K, paused 5ms+47ms, total 324ms
D/BluetoothManagerService( 2061): Message: 30
W/ActivityManager( 2061): Unable to start service Intent { act=com.android.ussd.IExtendedNetworkService } U=0: not found
I/Choreographer( 2061): Skipped 188 frames! The application may be doing too much work on its main thread.
I/ActivityManager( 2061): Start proc com.android.music for broadcast com.android.music/.MediaButtonIntentReceiver: pid=2389 uid=10026 gids={50026, 3003, 1015, 1028}
D/dalvikvm( 2276): GC_CONCURRENT freed 210K, 10% free 3649K/4032K, paused 2ms+3ms, total 84ms
I/dalvikvm( 2389): Turning on JNI app bug workarounds for target SDK version 9...
I/ActivityThread( 2347): Pub com.android.contacts.dumpfile: com.android.providers.contacts.debug.DumpFileProvider
I/ActivityThread( 2347): Pub contacts;com.android.contacts: com.android.providers.contacts.ContactsProvider2
D/BluetoothManagerService( 2061): Message: 300
D/BluetoothManagerService( 2061): MESSAGE_USER_SWITCHED
D/BluetoothManagerService( 2061): delay MESSAGE_USER_SWITCHED 6
D/PhoneStatusBar( 2168): disable: < expand icons alerts ticker system_info back home recent clock search > I//system/bin/fsck_msdos( 1387): Next free cluster in FSInfo block (12668) not free
I//system/bin/fsck_msdos( 1387): FIXED
I//system/bin/fsck_msdos( 1387): 35 files, 2058720 free (1563256 clusters)
I/ActivityThread( 2347): Pub call_log: com.android.providers.contacts.CallLogProvider
D/BluetoothManagerService( 2061): Message: 300
D/BluetoothManagerService( 2061): MESSAGE_USER_SWITCHED
D/BluetoothManagerService( 2061): delay MESSAGE_USER_SWITCHED 7
I/ActivityThread( 2347): Pub user_dictionary: com.android.providers.userdictionary.UserDictionaryProvider
I/Choreographer( 2061): Skipped 81 frames! The application may be doing too much work on its main thread.
E/UserHistoryDictionary( 2244): when loading: file not foundjava.io.FileNotFoundException: /data/data/com.android.inputmethod.latin/files/UserHistoryDictionary.en_US.dict: open failed: ENOENT (No such file or directory)
I/AudioService( 2061): Remote Control registerMediaButtonIntent() for PendingIntent{41321180: PendingIntentRecord{4134e070 com.android.music broadcastIntent}}
D/dalvikvm( 2168): GC_CONCURRENT freed 286K, 10% free 4334K/4792K, paused 3ms+3ms, total 146ms
D/dalvikvm( 2168): WAIT_FOR_CONCURRENT_GC blocked 33ms
D/StorageNotification( 2168): Startup with UMS connection false (media state checking)
D/DebugService( 2266): DebugService DebugService:
D/TelephonyDebugService( 2266): TelephonyDebugService()
D/dalvikvm( 2347): GC_CONCURRENT freed 246K, 11% free 3652K/4072K, paused 3ms+26ms, total 193ms
D/BluetoothAdapter( 2168): 1091851896: getState() : mService = null. Returning STATE_OFF
D/BluetoothAdapter( 2168): 1091851896: getState() : mService = null. Returning STATE_OFF
I/StorageNotification( 2168): UMS connection changed to false (media state checking)
D/SystemUIService( 2168): loading: class com.android.systemui.power.PowerUI
D/SystemUIService( 2168): running: com.android.systemui.power.PowerUI@41126ff0
D/SystemUIService( 2168): loading: class com.android.systemui.media.RingtonePlayer
D/SystemUIService( 2168): running: com.android.systemui.media.RingtonePlayer@41163780
D/BluetoothManagerService( 2061): Message: 300
D/BluetoothManagerService( 2061): MESSAGE_USER_SWITCHED
D/BluetoothManagerService( 2061): delay MESSAGE_USER_SWITCHED 8
D/BluetoothManagerService( 2061): Message: 30
E/BluetoothPhoneService( 2266): Could not get a handle on Connection object for the call
W/CallNotifier( 2266): Got onMwiChanged() on non-voice-capable device! Ignoring...
I/Choreographer( 2168): Skipped 427 frames! The application may be doing too much work on its main thread.
D/dalvikvm( 2266): GC_CONCURRENT freed 313K, 12% free 3743K/4212K, paused 4ms+17ms, total 72ms
I/Vold ( 1387): Filesystem check completed OK
I/Vold ( 1387): Device /dev/block/vold/179:102, target /mnt/sdcard mounted @ /mnt/secure/staging
D/Vold ( 1387): Volume sdcard state changing 3 (Checking) -> 4 (Mounted)
I/PackageManager( 2061): Updating external media status from unmounted to mounted
I/MountService( 2061): onEvent:: raw= 605 Volume sdcard /mnt/sdcard state changed from 3 (Checking) to 4 (Mounted) cooked = 605 Volume sdcard /mnt/sdcard state changed from 3 (Checking) to 4 (Mounted)
I/MountService( 2061): notifyVolumeStateChange::checking
I/MountService( 2061): updating volume state mounted
D/MountService( 2061): volume state changed for /mnt/sdcard (checking -> mounted)
E/VoldConnector( 2061): NDC Command {3 volume mount /mnt/sdcard} took too long (2732ms)
D/MountService( 2061): sendStorageIntent Intent { act=android.intent.action.MEDIA_MOUNTED dat=file:///mnt/sdcard (has extras) } to UserHandle{-1}
D/MediaScannerReceiver( 2219): action: android.intent.action.MEDIA_MOUNTED path: /mnt/sdcard
D/VoldCmdListener( 1387): asec list
I/PhoneApp( 2266): Headset phone created, binding local service.
I/Choreographer( 2061): Skipped 49 frames! The application may be doing too much work on its main thread.
D/BluetoothManagerService( 2061): Message: 300
D/BluetoothManagerService( 2061): MESSAGE_USER_SWITCHED
D/BluetoothManagerService( 2061): delay MESSAGE_USER_SWITCHED 9
W/MediaProvider( 2219): no database for scanned volume external
D/BluetoothManagerService( 2061): Message: 300
D/BluetoothManagerService( 2061): MESSAGE_USER_SWITCHED
D/BluetoothManagerService( 2061): delay MESSAGE_USER_SWITCHED 10
D/libEGL ( 2168): loaded /system/lib/egl/libEGL_mali.so
D/libEGL ( 2168): loaded /system/lib/egl/libGLESv1_CM_mali.so
D/libEGL ( 2168): loaded /system/lib/egl/libGLESv2_mali.so
D/dalvikvm( 2276): GC_CONCURRENT freed 196K, 9% free 3855K/4224K, paused 7ms+7ms, total 74ms
I/Mali-EGL( 2168): Mali libraries compiled on Oct 17 2012, at 18:49:59
I/SearchManagerService( 2061): Building list of searchable activities for userId=0
W/HardwareRenderer( 2061): Backbuffer cannot be preserved
W/HardwareRenderer( 2168): Backbuffer cannot be preserved
D/OpenGLRenderer( 2168): Enabling debug mode 0
D/BluetoothManagerService( 2061): Message: 300
D/BluetoothManagerService( 2061): MESSAGE_USER_SWITCHED
D/BluetoothManagerService( 2061): delay MESSAGE_USER_SWITCHED 11
I/Choreographer( 2061): Skipped 56 frames! The application may be doing too much work on its main thread.
D/dalvikvm( 2061): GC_CONCURRENT freed 401K, 10% free 5918K/6524K, paused 12ms+4ms, total 141ms
D/dalvikvm( 2219): GC_CONCURRENT freed 196K, 10% free 3596K/3964K, paused 2ms+11ms, total 99ms
D/BluetoothManagerService( 2061): Message: 300
D/BluetoothManagerService( 2061): MESSAGE_USER_SWITCHED
D/BluetoothManagerService( 2061): delay MESSAGE_USER_SWITCHED 12
W/HardwareRenderer( 2168): Backbuffer cannot be preserved
I/PackageManager( 2061): No secure containers on sdcard
E/VoldConnector( 2061): NDC Command {4 asec list} took too long (785ms)
W/PackageManager( 2061): Unknown permission com.google.android.googleapps.permission.GOOGLE_AUTH.mail in package com.android.contacts
W/PackageManager( 2061): Unknown permission android.permission.ADD_SYSTEM_SERVICE in package com.android.phone
W/PackageManager( 2061): Unknown permission com.google.android.gallery3d.permission.GALLERY_PROVIDER in package com.android.bluetooth
D/libEGL ( 2276): loaded /system/lib/egl/libEGL_mali.so
W/PackageManager( 2061): Unknown permission com.google.android.googleapps.permission.GOOGLE_AUTH in package com.android.providers.calendar
W/PackageManager( 2061): Unknown permission com.google.android.googleapps.permission.GOOGLE_AUTH.cl in package com.android.providers.calendar
W/PackageManager( 2061): Unknown permission com.google.android.googleapps.permission.GOOGLE_AUTH.mail in package com.android.calendar
D/libEGL ( 2276): loaded /system/lib/egl/libGLESv1_CM_mali.so
D/libEGL ( 2276): loaded /system/lib/egl/libGLESv2_mali.so
W/PackageManager( 2061): Not granting permission android.permission.SEND_DOWNLOAD_COMPLETED_INTENTS to package com.android.browser (protectionLevel=2 flags=0x89be45)
W/PackageManager( 2061): Unknown permission com.google.android.gallery3d.permission.PICASA_STORE in package com.android.dreams.phototable
W/PackageManager( 2061): Unknown permission com.google.android.googleapps.permission.GOOGLE_AUTH in package com.android.settings
I/Mali-EGL( 2276): Mali libraries compiled on Oct 17 2012, at 18:49:59
W/PackageManager( 2061): Unknown permission com.google.android.gallery3d.permission.GALLERY_PROVIDER in package com.android.exchange
D/BluetoothManagerService( 2061): Message: 300
D/BluetoothManagerService( 2061): MESSAGE_USER_SWITCHED
D/BluetoothManagerService( 2061): delay MESSAGE_USER_SWITCHED 13
W/PackageManager( 2061): Unknown permission com.google.android.googleapps.permission.ACCESS_GOOGLE_PASSWORD in package com.android.development
W/PackageManager( 2061): Unknown permission com.google.android.googleapps.permission.GOOGLE_AUTH in package com.android.development
W/PackageManager( 2061): Unknown permission com.google.android.googleapps.permission.GOOGLE_AUTH.ALL_SERVICES in package com.android.development
W/PackageManager( 2061): Unknown permission com.google.android.googleapps.permission.GOOGLE_AUTH.YouTubeUser in package com.android.development
W/PackageManager( 2061): Unknown permission com.google.android.gallery3d.permission.GALLERY_PROVIDER in package com.android.email
W/PackageManager( 2061): Not granting permission android.permission.DEVICE_POWER to package com.android.deskclock (protectionLevel=2 flags=0x88be45)
W/HardwareRenderer( 2276): Backbuffer cannot be preserved
D/OpenGLRenderer( 2276): Enabling debug mode 0
W/MediaScanner( 2219): Error opening directory '/mnt/sdcard/.android_secure/', skipping: Permission denied.
E/WVMExtractor( 1393): Failed to open libwvm.so
E/WVMExtractor( 1393): Failed to open libwvm.so
D/PhoneStatusBar( 2168): disable: < expand icons alerts ticker system_info BACK* HOME* RECENT* CLOCK* search > D/BluetoothManagerService( 2061): Message: 300
D/BluetoothManagerService( 2061): MESSAGE_USER_SWITCHED
D/BluetoothManagerService( 2061): delay MESSAGE_USER_SWITCHED 14
D/dalvikvm( 2276): GC_FOR_ALLOC freed 140K, 8% free 4121K/4452K, paused 32ms, total 32ms
E/WVMExtractor( 1393): Failed to open libwvm.so
I/Choreographer( 2168): Skipped 323 frames! The application may be doing too much work on its main thread.
D/dalvikvm( 2276): GC_CONCURRENT freed 9K, 8% free 4238K/4580K, paused 2ms+1ms, total 29ms
D/dalvikvm( 2276): WAIT_FOR_CONCURRENT_GC blocked 22ms
D/dalvikvm( 2276): GC_FOR_ALLOC freed 225K, 12% free 4238K/4808K, paused 20ms, total 20ms
D/dalvikvm( 2061): GREF has increased to 501
D/dalvikvm( 2276): GC_FOR_ALLOC freed 225K, 14% free 4140K/4808K, paused 19ms, total 20ms
E/WVMExtractor( 1393): Failed to open libwvm.so
D/dalvikvm( 2276): GC_FOR_ALLOC freed <1K, 10% free 4365K/4808K, paused 14ms, total 14ms
I/StorageNotification( 2168): Media {/mnt/sdcard} state changed from {checking} -> {mounted}
D/dalvikvm( 2276): GREF has increased to 201
I/Choreographer( 2276): Skipped 68 frames! The application may be doing too much work on its main thread.
D/BluetoothManagerService( 2061): Message: 300
D/BluetoothManagerService( 2061): MESSAGE_USER_SWITCHED
D/BluetoothManagerService( 2061): delay MESSAGE_USER_SWITCHED 15
E/WVMExtractor( 1393): Failed to open libwvm.so
E/WVMExtractor( 1393): Failed to open libwvm.so
I/ActivityManager( 2061): Displayed com.android.launcher/com.android.launcher2.Launcher: +3s325ms
E/WVMExtractor( 1393): Failed to open libwvm.so
D/BluetoothManagerService( 2061): Message: 300
D/BluetoothManagerService( 2061): MESSAGE_USER_SWITCHED
D/BluetoothManagerService( 2061): delay MESSAGE_USER_SWITCHED 16
I/SurfaceFlinger( 2047): Boot is finished (11284 ms)
I/ActivityManager( 2061): Start proc com.android.bluetooth for on-hold: pid=2433 uid=1002 gids={41002, 3003, 3002, 3001, 1015, 3005, 1016, 3008, 1028}
V/DevicePolicyManagerService( 2061): Sending password expiration notifications for action android.intent.action.BOOT_COMPLETED for user 0
I/ActivityManager( 2061): Config changed: {1.0 ?mcc?mnc en_US ldltr sw960dp w1706dp h886dp 120dpi xlrg long land -touch -keyb/v/h -nav/h s.5}
D/BluetoothManagerService( 2061): Message: 20
D/BluetoothManagerService( 2061): Added callback: android.bluetooth.BluetoothAdapter$1@4136e900:true
D/BluetoothManagerService( 2061): Message: 30
W/ApplicationContext( 2061): Calling a method in the system process without a qualified user: android.app.ContextImpl.bindService:1415 android.bluetooth.BluetoothHeadset.:273 android.bluetooth.BluetoothAdapter.getProfileProxy:1155
D/BluetoothManagerService( 2061): Message: 30
E/WVMExtractor( 1393): Failed to open libwvm.so
W/ApplicationContext( 2061): Calling a method in the system process without a qualified user: android.app.ContextImpl.bindService:1415 android.bluetooth.BluetoothA2dp.:160 android.bluetooth.BluetoothAdapter.getProfileProxy:1158
V/WiredAccessoryManager( 2061): init()
V/WiredAccessoryManager( 2061): newName=hdmi newState=16 headsetState=16 prev headsetState=0
E/WVMExtractor( 1393): Failed to open libwvm.so
D/dalvikvm( 2061): GC_CONCURRENT freed 603K, 12% free 5945K/6728K, paused 8ms+14ms, total 138ms
D/dalvikvm( 2061): WAIT_FOR_CONCURRENT_GC blocked 48ms
D/dalvikvm( 2061): WAIT_FOR_CONCURRENT_GC blocked 33ms
D/BluetoothManagerService( 2061): Message: 300
D/BluetoothManagerService( 2061): MESSAGE_USER_SWITCHED
D/BluetoothManagerService( 2061): delay MESSAGE_USER_SWITCHED 17
D/dalvikvm( 2061): WAIT_FOR_CONCURRENT_GC blocked 48ms
D/dalvikvm( 2061): WAIT_FOR_CONCURRENT_GC blocked 13ms
D/dalvikvm( 2061): WAIT_FOR_CONCURRENT_GC blocked 11ms
I/PowerManagerService( 2061): Boot animation finished.
I/ActivityThread( 2433): Pub com.android.bluetooth.opp: com.android.bluetooth.opp.BluetoothOppProvider
E/WVMExtractor( 1393): Failed to open libwvm.so
D/AdapterServiceConfig( 2433): Adding HeadsetService
D/AdapterServiceConfig( 2433): Adding A2dpService
D/AdapterServiceConfig( 2433): Adding HidService
D/AdapterServiceConfig( 2433): Adding HealthService
D/AdapterServiceConfig( 2433): Adding PanService
I/RecoverySystem( 2061): No recovery log file
I/ActivityManager( 2061): Start proc com.android.deskclock for broadcast com.android.deskclock/.AlarmInitReceiver: pid=2465 uid=10006 gids={50006, 1028}
V/WiredAccessoryManager( 2061): device hdmi connected
I/BootReceiver( 2061): Copying /data/tombstones/tombstone_02 to DropBox (SYSTEM_TOMBSTONE)
D/BluetoothAdapterService( 2433): REFCOUNT: CREATED. INSTANCE_COUNT1
E/WVMExtractor( 1393): Failed to open libwvm.so
D/dalvikvm( 2276): GC_CONCURRENT freed 336K, 11% free 4440K/4948K, paused 46ms+5ms, total 101ms
D/dalvikvm( 2061): GC_FOR_ALLOC freed 299K, 12% free 5975K/6728K, paused 102ms, total 102ms
D/BluetoothAdapterState( 2433): make
D/BluetoothManagerService( 2061): Message: 300
D/BluetoothManagerService( 2061): MESSAGE_USER_SWITCHED
D/BluetoothManagerService( 2061): delay MESSAGE_USER_SWITCHED 18
D/BluetoothManagerService( 2061): Message: 20
D/BluetoothManagerService( 2061): Added callback: android.bluetooth.IBluetoothManagerCallback$Stub$Proxy@412be498:true
I/bluedroid( 2433): init
E/WVMExtractor( 1393): Failed to open libwvm.so
D/btif_config.c( 2433): btif_config_init(L124): in initialized:0
D/bt-btif ( 2433): in initialized:0
D/btif_config.c( 2433): dump_node(L117): root, p->name:Bluedroid, child/value:0x5b1db3b0, bytes:160, p->used:0, type:0, p->flag:0
D/bt-btif ( 2433): ts[7].used:0
D/bt-btif ( 2433): alloc_thread_slot ret:7
D/bt-btif ( 2433): h:7, cmd_fdr:38, cmd_fdw:39
D/bt-btif ( 2433): h:7, thread id:1528420032
I/bte_conf( 2433): Attempt to load stack conf from /etc/bluetooth/bt_stack.conf
D/btif_config.c( 2433): dump_node(L117): found node, p->name:Address, child/value:0x5b2100a8, bytes:18, p->used:18, type:1, p->flag:0
D/bt-btif ( 2433): local bdaddr from bt_config.xml is 22:22:77:18:ee:c3
I/bluedroid( 2433): get_profile_interface socket
I/bt-btif ( 2433): btif_get_adapter_property 2
I/bt-btif ( 2433): btif_get_adapter_property 1
D/BluetoothManagerService( 2061): BluetoothServiceConnection: connected to AdapterService
D/BluetoothManagerService( 2061): Message: 40
D/BluetoothManagerService( 2061): MESSAGE_BLUETOOTH_SERVICE_CONNECTED
D/BluetoothManagerService( 2061): Calling onBluetoothServiceUp callbacks
D/BluetoothManagerService( 2061): Broadcasting onBluetoothServiceUp() to 5 receivers.
D/BluetoothAdapter( 2266): onBluetoothServiceUp: android.bluetooth.IBluetooth$Stub$Proxy@410f38d0
D/BluetoothAdapter( 2168): onBluetoothServiceUp: android.bluetooth.IBluetooth$Stub$Proxy@411cc970
D/BluetoothAdapter( 2433): onBluetoothServiceUp: com.android.bluetooth.btservice.AdapterService$AdapterServiceBinder@410df428
D/BluetoothAdapter( 2328): onBluetoothServiceUp: android.bluetooth.IBluetooth$Stub$Proxy@4111aa78
D/BluetoothAdapter( 2061): onBluetoothServiceUp: android.bluetooth.IBluetooth$Stub$Proxy@4120a190
D/BluetoothAdapterService( 2433): Broadcasting updateAdapterState() to 1 receivers.
D/BluetoothBondStateMachine( 2433): make
D/BluetoothManagerService( 2061): Message: 200
D/BluetoothManagerService( 2061): MESSAGE_GET_NAME_AND_ADDRESS
D/BluetoothManagerService( 2061): Message: 60
D/BluetoothManagerService( 2061): MESSAGE_BLUETOOTH_STATE_CHANGE: prevState = 10, newState=11
D/BluetoothManagerService( 2061): Bluetooth State Change Intent: 10 -> 11
D/BluetoothManagerService( 2061): Message: 201 D/BluetoothAdapterService(1091427992)( 2433): getState(): mAdapterProperties: com.android.bluetooth.btservice.AdapterProperties@410df7c0
D/BluetoothManagerService( 2061): MESSAGE_SAVE_NAME_AND_ADDRESS
I/GKI_LINUX( 2433): gki_task_entry: gki_task_entry task_id=1 [BTIF] starting
D/bt-btif ( 2433): btif task starting
D/bt-btif ( 2433): btif_associate_evt: notify ASSOCIATE_JVM
D/BTIF_CORE( 2433): HAL bt_hal_cbacks->thread_evt_cb
I/bt-btif ( 2433): execute storage request event : 3
D/BTIF_CORE( 2433): HAL bt_hal_cbacks->adapter_properties_cb
I/BluetoothAdapterProperties( 2433): adapterPropertyChangedCallback with type:2 len:6
I/bt-btif ( 2433): execute storage request event : 3
D/BTIF_STORAGE( 2433): cfg2prop(L311): in, bd addr:, prop type:1, len:512
D/btif_config.c( 2433): dump_node(L118): found node is NULL
I/bt-btif ( 2433): btif_dm_get_adapter_property: type=0x1
D/BTIF_CORE( 2433): HAL bt_hal_cbacks->adapter_properties_cb
I/BluetoothAdapterProperties( 2433): adapterPropertyChangedCallback with type:1 len:0
I/BluetoothBondStateMachine( 2433): StableState(): Entering Off State D/BluetoothAdapterService(1091427992)( 2433): getState(): mAdapterProperties: com.android.bluetooth.btservice.AdapterProperties@410df7c0
D/BluetoothManagerService( 2061): Bluetooth Adapter name changed to
D/BluetoothManagerService( 2061): Stored Bluetooth name:
D/HeadsetService( 2433): onCreate
I/Choreographer( 2276): Skipped 42 frames! The application may be doing too much work on its main thread.
D/HeadsetService( 2433): onBind
D/BluetoothHeadset( 2061): Proxy object connected
D/BluetoothHeadset( 2266): Proxy object connected
D/HeadsetService( 2433): onStartCommand()
D/BluetoothHeadset( 2266): Proxy object connected
D/HeadsetService( 2433): Received start request. Starting profile...
D/HeadsetService( 2433): start() D/BluetoothAdapterService(1091427992)( 2433): getState(): mAdapterProperties: com.android.bluetooth.btservice.AdapterProperties@410df7c0
W/AudioPolicyManagerBase( 1393): checkOutputsForDevice(): No output available for device 0400
I/BluetoothHeadsetServiceJni( 2433): classInitNative: succeeds
D/HeadsetStateMachine( 2433): make
I/bluedroid( 2433): get_profile_interface handsfree
I/bt-btif ( 2433): btif_hf_get_interface
I/bt-btif ( 2433): init
E/bt-btif ( 2433): btif_enable_service: current services:0x40
D/A2dpService( 2433): onCreate
D/A2dpService( 2433): onBind
D/BluetoothA2dp( 2061): Proxy object connected
D/A2dpService( 2433): onStartCommand() D/BluetoothAdapterService(1091427992)( 2433): getState(): mAdapterProperties: com.android.bluetooth.btservice.AdapterProperties@410df7c0
D/A2dpService( 2433): Received start request. Starting profile...
D/A2dpService( 2433): start()
I/BluetoothA2dpServiceJni( 2433): classInitNative: succeeds
D/A2dpStateMachine( 2433): make
I/bluedroid( 2433): get_profile_interface a2dp
I/bt-btif ( 2433): btif_av_get_interface
I/bt-btif ( 2433): init
I/bt-btif ( 2433): ## A2DP START MEDIA TASK ##
I/GKI_LINUX( 2433): gki_task_entry: gki_task_entry task_id=2 [A2DP-MEDIA] starting
D/bt-btif ( 2433): UIPC_Init
I/bt-btif ( 2433): ### uipc_main_init ###
I/ActivityThread( 2465): Pub com.android.deskclock: com.android.deskclock.AlarmProvider
D/bt-btif ( 2433): UIPC_Open : ch_id 0, p_cback 5cf3ec49
I/bt-btif ( 2433): SETUP CHANNEL SERVER 0
I/bt-btif ( 2433): create_server_socket /data/misc/bluedroid/.a2dp_ctrl
I/bt-btif ( 2433): created socket fd 51
I/bt-btif ( 2433): ADD SERVER FD TO ACTIVE SET 51
I/bt-btif ( 2433): UIPC SEND WAKE UP
I/bt-btif ( 2433): ## A2DP MEDIA TASK STARTED ##
E/bt-btif ( 2433): btif_enable_service: current services:0x40040
D/bt-btif ( 2433): btif_rc_init
D/bt-btif ( 2433): btif_av_state_idle_handler event:BTIF_SM_ENTER_EVT flags 0
I/bt-btif ( 2433): ## ON A2DP IDLE ##
D/bt-btif ( 2433): btif_media_task_aa_stop_tx is timer: 0
D/bt-btif ( 2433): bta_av_co_init
D/bt-btif ( 2433): bta_av_co_cp_set_fla
D/bt-btif ( 2433): bta_av_co_cp_set_flag
I/bt-btif ( 2433): bta_av_co_audio_codec_re
D/bt-btif ( 2433): bta_av_co_audio_codec_reset
D/A2dpStateMachine( 2433): Enter Disconnected: -2
I/BluetoothHidServiceJni( 2433): classInitNative: succeeds
D/HidService( 2433): onCreate
D/HidService( 2433): onBind
D/HidService( 2433): onStartCommand()
D/BluetoothInputDevice( 2328): Proxy object connected
D/HidProfile( 2328): Bluetooth service connected
D/HidService( 2433): Received start request. Starting profile...
D/HidService( 2433): start()
I/bluedroid( 2433): get_profile_interface hidhost
I/bt-btif ( 2433): btif_hh_get_interface
I/bt-btif ( 2433): init
E/bt-btif ( 2433): btif_enable_service: current services:0x140040
I/BluetoothHealthServiceJni( 2433): classInitNative: succeeds
D/HealthService( 2433): onCreate
D/HealthService( 2433): onStartCommand()
D/HealthService( 2433): Received start request. Starting profile...
D/HealthService( 2433): start()
I/bluedroid( 2433): get_profile_interface health
I/bt-btif ( 2433): btif_hl_get_interface
I/bt-btif ( 2433): init
D/bt-btif ( 2433): Process name (droid.bluetooth)
D/bt-btif ( 2433): btif_hl_soc_thread_init
D/bt-btif ( 2433): create_thread: entered
D/bt-btif ( 2433): create_thread: thread created successfully
D/bt-btif ( 2433): entered btif_hl_select_thread
D/bt-btif ( 2433): btif_hl_select_wakeup_init
D/bt-btif ( 2433): btif_hl_select_wakeup_init signal_fds[0]=55 signal_fds[1]=56
D/bt-btif ( 2433): max_s=55
D/bt-btif ( 2433): set curr_set = org_set
I/BluetoothPanServiceJni( 2433): classInitNative(L105): succeeds
D/PanService( 2433): onCreate
D/PanService( 2433): onBind
D/PanService( 2433): onStartCommand()
D/BluetoothPan( 2328): BluetoothPAN Proxy object connected
D/PanService( 2433): Received start request. Starting profile...
D/PanService( 2433): start()
D/BluetoothPanServiceJni( 2433): initializeNative(L110): pan
I/bluedroid( 2433): get_profile_interface pan
D/PanProfile( 2328): Bluetooth service connected
D/BTIF_PAN( 2433): btif_pan: btpan_jni_init(L168): stack_initialized = 0, btpan_cb.enabled:0
D/BTIF_PAN( 2433): btif_pan: btpan_jni_init(L173): leaving
D/BluetoothAdapterService( 2433): Profile still not running:com.android.bluetooth.hdp.HealthService
D/BluetoothAdapterService( 2433): Profile still not running:com.android.bluetooth.hdp.HealthService
D/BluetoothAdapterService( 2433): Profile still not running:com.android.bluetooth.hdp.HealthService
D/BluetoothAdapterService( 2433): Profile still not running:com.android.bluetooth.pan.PanService
I/bluedroid( 2433): enable
D/bt-btif ( 2433): BTIF ENABLE BLUETOOTH
D/bt-btif ( 2433): bte_main_enable
D/HeadsetPhoneState( 2433): sendDeviceStateChanged. mService=0 mSignal=0 mRoam=0 mBatteryCharge=5
I/bt_hci_bdroid( 2433): init
I/bt_vendor( 2433): init
I/bt_vnd_conf( 2433): Attempt to load conf from /etc/bluetooth/bt_vendor.conf
I/bt_vnd_conf( 2433): vnd_load_conf file >/etc/bluetooth/bt_vendor.conf< not found
I/bt-btif ( 2433): libbt-hci init returns 0
E/bt_upio ( 2433): init_rfkill : open(/sys/class/rfkill/rfkill0/type) failed: No such file or directory (2)
E/bt_upio ( 2433): init_rfkill : open(/sys/class/rfkill/rfkill0/type) failed: No such file or directory (2)
I/GKI_LINUX( 2433): gki_task_entry: gki_task_entry task_id=0 [BTU] starting
I/bt_hci_bdroid( 2433): bt_hc_worker_thread started
I/bt_userial_vendor( 2433): userial vendor open: opening /dev/ttyO1
E/bt_userial_vendor( 2433): userial vendor open: unable to open /dev/ttyO1
E/bt_userial( 2433): userial_open: wrong numbers of open fd in vendor lib [0]!
E/bt_userial( 2433): userial_open: HCI UART expects only one open fd
E/WVMExtractor( 1393): Failed to open libwvm.so
I/ESQueue ( 1393): found something resembling an H.264/MPEG syncword at offset 21
D/dalvikvm( 2276): GC_CONCURRENT freed 319K, 10% free 4513K/5008K, paused 3ms+2ms, total 24ms
V/AlarmClock( 2465): AlarmInitReceiver - Cleaning old timer and stopwatch data
V/AlarmClock( 2465): AlarmInitReceiver finished
I/ActivityManager( 2061): Start proc com.android.email for broadcast com.android.email/.service.EmailBroadcastReceiver: pid=2505 uid=10008 gids={50008, 3003, 1015, 1028} D/BluetoothAdapterService(1091427992)( 2433): getState(): mAdapterProperties: com.android.bluetooth.btservice.AdapterProperties@410df7c0
I/ActivityThread( 2505): Pub com.android.email.provider;com.android.email.notifier: com.android.email.provider.EmailProvider
I/ActivityThread( 2505): Pub com.android.email.attachmentprovider: com.android.email.provider.AttachmentProvider
D/ActivityThread( 2505): Loading provider com.android.email.provider;com.android.email.notifier: com.android.email.provider.EmailProvider
I/ActivityManager( 2061): Start proc com.android.exchange for service com.android.exchange/.ExchangeService: pid=2523 uid=10016 gids={50016, 3003, 1015, 1028}
D/dalvikvm( 2505): GC_CONCURRENT freed 197K, 10% free 3602K/3976K, paused 4ms+10ms, total 58ms D/BluetoothAdapterService(1091427992)( 2433): getState(): mAdapterProperties: com.android.bluetooth.btservice.AdapterProperties@410df7c0
I/Email ( 2505): ReconcilePopImapAccountsSync: start
I/ActivityThread( 2523): Pub com.android.exchange.directory.provider: com.android.exchange.provider.ExchangeDirectoryProvider
D/AttachmentService( 2505): Count: 0
I/Email ( 2505): ReconcilePopImapAccountsSync: done
I/Email ( 2505): ReconcilePopImapAccountsSync: start
D/ExchangeService( 2523): !!! EAS ExchangeService, onCreate
