I/WindowState( 2061): WIN DEATH: Window{41391c38 u0 SurfaceView}
I/ActivityManager( 2061): Process org.linaro.glmark2:glmark2 (pid 2753) has died.
I/WindowState( 2061): WIN DEATH: Window{41390918 u0 org.linaro.glmark2/org.linaro.glmark2.Glmark2Activity}
I/ActivityManager( 2061): START u0 {cmp=org.linaro.glmark2/.ResultsActivity} from pid 2729
I/ActivityManager( 2061): Displayed org.linaro.glmark2/.ResultsActivity: +216ms
W/InputMethodManagerService( 2061): Got RemoteException sending setActive(false) notification to pid 2753 uid 10021
D/dalvikvm( 2061): GC_CONCURRENT freed 430K, 10% free 6334K/6988K, paused 7ms+5ms, total 58ms
E/AudioFlinger( 1393): Sample rate out of range: 44100 mSampleRate 16000
E/AudioTrack( 2061): AudioFlinger could not create track, status: -22
E/SoundPool( 2061): Error creating AudioTrack
I/ActivityManager( 2061): START u0 {act=android.intent.action.MAIN cat=[android.intent.category.HOME] flg=0x10200000 cmp=com.android.launcher/com.android.launcher2.Launcher} from pid 2061
W/HardwareRenderer( 2276): Backbuffer cannot be preserved
E/AudioFlinger( 1393): Sample rate out of range: 44100 mSampleRate 16000
E/AudioTrack( 2061): AudioFlinger could not create track, status: -22
E/SoundPool( 2061): Error creating AudioTrack
E/AudioFlinger( 1393): Sample rate out of range: 44100 mSampleRate 16000
E/AudioTrack( 2061): AudioFlinger could not create track, status: -22
E/SoundPool( 2061): Error creating AudioTrack
I/ActivityManager( 2061): START u0 {act=android.intent.action.MAIN cat=[android.intent.category.LAUNCHER] flg=0x10200000 cmp=org.zeroxlab.zeroxbenchmark/.Benchmark} from pid 2276
D/dalvikvm( 2061): GC_FOR_ALLOC freed 315K, 10% free 6517K/7236K, paused 40ms, total 40ms
D/dalvikvm( 3261): Not late-enabling CheckJNI (already on)
I/ActivityManager( 2061): Start proc org.zeroxlab.zeroxbenchmark for activity org.zeroxlab.zeroxbenchmark/.Benchmark: pid=3261 uid=10017 gids={50017, 1015, 3003, 1028}
I/PackageManager( 2061): Running dexopt on: org.zeroxlab.zeroxbenchmark
D/dalvikvm( 3274): DexOpt: load 24ms, verify+opt 115ms, 642412 bytes
I/InputDispatcher( 2061): Dropping event because there is no touched window.
I/InputDispatcher( 2061): Dropping event because there is no touched window.
I/InputDispatcher( 2061): Dropping event because there is no touched window.
I/InputDispatcher( 2061): Dropping event because there is no touched window.
I/InputDispatcher( 2061): Dropping event because there is no touched window.
I/InputDispatcher( 2061): Dropping event because there is no touched window.
I/InputDispatcher( 2061): Dropping event because there is no touched window.
I/InputDispatcher( 2061): Dropping event because there is no touched window.
I/InputDispatcher( 2061): Dropping event because there is no touched window.
I/InputDispatcher( 2061): Dropping event because there is no touched window.
I/InputDispatcher( 2061): Dropping event because there is no touched window.
I/InputDispatcher( 2061): Dropping event because there is no touched window.
I/InputDispatcher( 2061): Dropping event because there is no touched window.
D/dalvikvm( 3261): GC_CONCURRENT freed 214K, 10% free 3595K/3984K, paused 2ms+3ms, total 27ms
I/InputDispatcher( 2061): Dropping event because there is no touched window.
I/InputDispatcher( 2061): Dropping event because there is no touched window.
I/InputDispatcher( 2061): Dropping event because there is no touched window.
I/InputDispatcher( 2061): Dropping event because there is no touched window.
I/InputDispatcher( 2061): Dropping event because there is no touched window.
I/InputDispatcher( 2061): Dropping event because there is no touched window.
I/InputDispatcher( 2061): Dropping event because there is no touched window.
I/InputDispatcher( 2061): Dropping event because there is no touched window.
I/InputDispatcher( 2061): Dropping event because there is no touched window.
I/InputDispatcher( 2061): Dropping event because there is no touched window.
I/InputDispatcher( 2061): Dropping event because there is no touched window.
I/InputDispatcher( 2061): Dropping event because there is no touched window.
I/InputDispatcher( 2061): Dropping event because there is no touched window.
I/InputDispatcher( 2061): Dropping event because there is no touched window.
I/InputDispatcher( 2061): Dropping event because there is no touched window.
I/InputDispatcher( 2061): Dropping event because there is no touched window.
I/InputDispatcher( 2061): Dropping event because there is no touched window.
D/dalvikvm( 3261): GC_CONCURRENT freed 94K, 7% free 3890K/4160K, paused 3ms+3ms, total 24ms
I/InputDispatcher( 2061): Dropping event because there is no touched window.
I/InputDispatcher( 2061): Dropping event because there is no touched window.
I/InputDispatcher( 2061): Dropping event because there is no touched window.
I/InputDispatcher( 2061): Dropping event because there is no touched window.
I/InputDispatcher( 2061): Dropping event because there is no touched window.
I/InputDispatcher( 2061): Dropping event because there is no touched window.
I/InputDispatcher( 2061): Dropping event because there is no touched window.
I/InputDispatcher( 2061): Dropping event because there is no touched window.
I/InputDispatcher( 2061): Dropping event because there is no touched window.
I/InputDispatcher( 2061): Dropping event because there is no touched window.
I/InputDispatcher( 2061): Dropping event because there is no touched window.
I/InputDispatcher( 2061): Dropping event because there is no touched window.
I/InputDispatcher( 2061): Dropping event because there is no touched window.
I/Choreographer( 3261): Skipped 33 frames! The application may be doing too much work on its main thread.
I/ActivityManager( 2061): Displayed org.zeroxlab.zeroxbenchmark/.Benchmark: +835ms
I/Benchmark( 3261): Tracker: Mobile Tracker -> http://0xbenchmark.appspot.com/static/MobileTracker.html
E/AudioFlinger( 1393): Sample rate out of range: 44100 mSampleRate 16000
E/AudioTrack( 2061): AudioFlinger could not create track, status: -22
E/SoundPool( 2061): Error creating AudioTrack
E/AudioFlinger( 1393): Sample rate out of range: 44100 mSampleRate 16000
E/AudioTrack( 2061): AudioFlinger could not create track, status: -22
E/SoundPool( 2061): Error creating AudioTrack
E/AudioFlinger( 1393): Sample rate out of range: 44100 mSampleRate 16000
E/AudioTrack( 2061): AudioFlinger could not create track, status: -22
E/SoundPool( 2061): Error creating AudioTrack
E/AudioFlinger( 1393): Sample rate out of range: 44100 mSampleRate 16000
E/AudioTrack( 2061): AudioFlinger could not create track, status: -22
E/SoundPool( 2061): Error creating AudioTrack
E/AudioFlinger( 1393): Sample rate out of range: 44100 mSampleRate 16000
E/AudioTrack( 2061): AudioFlinger could not create track, status: -22
E/SoundPool( 2061): Error creating AudioTrack
E/AudioFlinger( 1393): Sample rate out of range: 44100 mSampleRate 16000
E/AudioTrack( 2061): AudioFlinger could not create track, status: -22
E/SoundPool( 2061): Error creating AudioTrack
E/AudioFlinger( 1393): Sample rate out of range: 44100 mSampleRate 16000
E/AudioTrack( 2061): AudioFlinger could not create track, status: -22
E/SoundPool( 2061): Error creating AudioTrack
I/ActivityManager( 2061): START u0 {cmp=org.zeroxlab.zeroxbenchmark/.TesterArithmetic (has extras)} from pid 3261
I/ActivityManager( 2061): Displayed org.zeroxlab.zeroxbenchmark/.TesterArithmetic: +172ms
D/dalvikvm( 3261): GC_CONCURRENT freed 59K, 6% free 4318K/4552K, paused 4ms+2ms, total 37ms
E/Benchmark( 3261): Mflops/s: 33.01282051282051 Time: 0.0208 secs Norm Res: 1.7100673392687894E14 Precision: 2.220446049250313E-16
E/Benchmark( 3261): Mflops/s: 37.72893772893773 Time: 0.0182 secs Norm Res: 1.7100673392687894E14 Precision: 2.220446049250313E-16
D/dalvikvm( 3261): GC_CONCURRENT freed 659K, 18% free 4123K/5004K, paused 2ms+2ms, total 17ms
D/dalvikvm( 3261): WAIT_FOR_CONCURRENT_GC blocked 15ms
E/Benchmark( 3261): Mflops/s: 37.11711711711712 Time: 0.0185 secs Norm Res: 1.7100673392687894E14 Precision: 2.220446049250313E-16
W/ActivityManager( 2061): Duplicate finish request for ActivityRecord{41255d10 u0 org.zeroxlab.zeroxbenchmark/.TesterArithmetic}
I/ActivityManager( 2061): START u0 {cmp=org.zeroxlab.zeroxbenchmark/.TesterScimark2 (has extras)} from pid 3261
W/InputMethodManagerService( 2061): Focus gain on non-focused client com.android.internal.view.IInputMethodClient$Stub$Proxy@410c2668 (uid=10017 pid=3261)
I/ActivityManager( 2061): Displayed org.zeroxlab.zeroxbenchmark/.TesterScimark2: +200ms
D/dalvikvm( 3261): GC_CONCURRENT freed 393K, 18% free 4119K/5004K, paused 3ms+2ms, total 22ms
I/System.out( 3261): SciMark 2.0a
I/System.out( 3261): Composite Score: 54.53703211103368
I/System.out( 3261): FFT (1024): 33.45045654941531
I/System.out( 3261): SOR (100x100): 127.54534242126272
I/System.out( 3261): Monte Carlo : 9.748527173470842
I/System.out( 3261): Sparse matmult (N=1000, nz=5000): 34.37683396753205
I/System.out( 3261): LU (100x100): 67.56400044348749
W/ActivityManager( 2061): Duplicate finish request for ActivityRecord{41349278 u0 org.zeroxlab.zeroxbenchmark/.TesterScimark2}
I/ActivityManager( 2061): START u0 {cmp=org.zeroxlab.zeroxbenchmark/.TesterJavascript (has extras)} from pid 3261
W/InputMethodManagerService( 2061): Focus gain on non-focused client com.android.internal.view.IInputMethodClient$Stub$Proxy@410c2668 (uid=10017 pid=3261)
I/ActivityManager( 2061): Displayed org.zeroxlab.zeroxbenchmark/.TesterJavascript: +212ms
D/TilesManager( 3261): Starting TG #0, 0x5d6d9e78
D/dalvikvm( 3261): GC_CONCURRENT freed 446K, 14% free 4056K/4680K, paused 2ms+2ms, total 22ms
W/webview_proxy( 3261): java.lang.Throwable: Warning: A WebView method was called on thread 'Thread-94'. All WebView methods must be called on the UI thread. Future versions of WebView may not support use on other threads.
W/webview_proxy( 3261): at android.webkit.WebView.checkThread(WebView.java:1876)
W/webview_proxy( 3261): at android.webkit.WebView.loadUrl(WebView.java:783)
W/webview_proxy( 3261): at org.zeroxlab.zeroxbenchmark.TesterJavascript.oneRound(TesterJavascript.java:72)
W/webview_proxy( 3261): at org.zeroxlab.zeroxbenchmark.Tester$TesterThread.lazyLoop(Tester.java:173)
W/webview_proxy( 3261): at org.zeroxlab.zeroxbenchmark.Tester$TesterThread.run(Tester.java:204)
E/StrictMode( 3261): null
E/StrictMode( 3261): java.lang.Throwable: Warning: A WebView method was called on thread 'Thread-94'. All WebView methods must be called on the UI thread. Future versions of WebView may not support use on other threads.
E/StrictMode( 3261): at android.webkit.WebView.checkThread(WebView.java:1876)
E/StrictMode( 3261): at android.webkit.WebView.loadUrl(WebView.java:783)
E/StrictMode( 3261): at org.zeroxlab.zeroxbenchmark.TesterJavascript.oneRound(TesterJavascript.java:72)
E/StrictMode( 3261): at org.zeroxlab.zeroxbenchmark.Tester$TesterThread.lazyLoop(Tester.java:173)
E/StrictMode( 3261): at org.zeroxlab.zeroxbenchmark.Tester$TesterThread.run(Tester.java:204)
D/chromium( 3261): Unknown chromium error: -6
D/chromium( 3261): Unknown chromium error: -6
D/chromium( 3261): Unknown chromium error: -6
D/chromium( 3261): Unknown chromium error: -6
D/chromium( 3261): Unknown chromium error: -6
D/chromium( 3261): Unknown chromium error: -6
D/chromium( 3261): Unknown chromium error: -6
D/chromium( 3261): Unknown chromium error: -6
D/chromium( 3261): Unknown chromium error: -6
D/chromium( 3261): Unknown chromium error: -6
D/chromium( 3261): Unknown chromium error: -6
D/chromium( 3261): Unknown chromium error: -6
D/chromium( 3261): Unknown chromium error: -6
D/chromium( 3261): Unknown chromium error: -6
D/chromium( 3261): Unknown chromium error: -6
D/chromium( 3261): Unknown chromium error: -6
D/chromium( 3261): Unknown chromium error: -6
D/chromium( 3261): Unknown chromium error: -6
D/chromium( 3261): Unknown chromium error: -6
D/chromium( 3261): Unknown chromium error: -6
D/chromium( 3261): Unknown chromium error: -6
D/chromium( 3261): Unknown chromium error: -6
D/chromium( 3261): Unknown chromium error: -6
D/chromium( 3261): Unknown chromium error: -6
D/chromium( 3261): Unknown chromium error: -6
D/chromium( 3261): Unknown chromium error: -6
D/chromium( 3261): Unknown chromium error: -6
D/chromium( 3261): Unknown chromium error: -6
D/chromium( 3261): Unknown chromium error: -6
D/chromium( 3261): Unknown chromium error: -6
D/chromium( 3261): Unknown chromium error: -6
D/chromium( 3261): Unknown chromium error: -6
D/chromium( 3261): Unknown chromium error: -6
D/chromium( 3261): Unknown chromium error: -6
D/chromium( 3261): Unknown chromium error: -6
D/chromium( 3261): Unknown chromium error: -6
D/chromium( 3261): Unknown chromium error: -6
D/chromium( 3261): Unknown chromium error: -6
D/chromium( 3261): Unknown chromium error: -6
D/chromium( 3261): Unknown chromium error: -6
D/chromium( 3261): Unknown chromium error: -6
D/chromium( 3261): Unknown chromium error: -6
D/chromium( 3261): Unknown chromium error: -6
D/chromium( 3261): Unknown chromium error: -6
D/chromium( 3261): Unknown chromium error: -6
D/chromium( 3261): Unknown chromium error: -6
D/chromium( 3261): Unknown chromium error: -6
D/chromium( 3261): Unknown chromium error: -6
D/chromium( 3261): Unknown chromium error: -6
D/chromium( 3261): Unknown chromium error: -6
D/chromium( 3261): Unknown chromium error: -6
D/chromium( 3261): Unknown chromium error: -6
D/chromium( 3261): Unknown chromium error: -6
D/chromium( 3261): Unknown chromium error: -6
D/chromium( 3261): Unknown chromium error: -6
D/chromium( 3261): Unknown chromium error: -6
D/chromium( 3261): Unknown chromium error: -6
D/chromium( 3261): Unknown chromium error: -6
D/chromium( 3261): Unknown chromium error: -6
D/chromium( 3261): Unknown chromium error: -6
D/chromium( 3261): Unknown chromium error: -6
D/chromium( 3261): Unknown chromium error: -6
D/chromium( 3261): Unknown chromium error: -6
D/chromium( 3261): Unknown chromium error: -6
D/chromium( 3261): Unknown chromium error: -6
D/chromium( 3261): Unknown chromium error: -6
D/chromium( 3261): Unknown chromium error: -6
D/chromium( 3261): Unknown chromium error: -6
D/chromium( 3261): Unknown chromium error: -6
D/chromium( 3261): Unknown chromium error: -6
D/chromium( 3261): Unknown chromium error: -6
D/chromium( 3261): Unknown chromium error: -6
D/chromium( 3261): Unknown chromium error: -6
D/chromium( 3261): Unknown chromium error: -6
D/chromium( 3261): Unknown chromium error: -6
E/ThrottleService( 2061): problem during onPollAlarm: java.lang.IllegalStateException: problem parsing stats: java.io.FileNotFoundException: /proc/net/xt_qtaguid/iface_stat_all: open failed: ENOENT (No such file or directory)
D/chromium( 3261): Unknown chromium error: -6
D/chromium( 3261): Unknown chromium error: -6
D/chromium( 3261): Unknown chromium error: -6
D/chromium( 3261): Unknown chromium error: -6
D/chromium( 3261): Unknown chromium error: -6
D/chromium( 3261): Unknown chromium error: -6
D/chromium( 3261): Unknown chromium error: -6
D/chromium( 3261): Unknown chromium error: -6
D/chromium( 3261): Unknown chromium error: -6
D/chromium( 3261): Unknown chromium error: -6
D/chromium( 3261): Unknown chromium error: -6
D/chromium( 3261): Unknown chromium error: -6
D/chromium( 3261): Unknown chromium error: -6
D/chromium( 3261): Unknown chromium error: -6
D/chromium( 3261): Unknown chromium error: -6
D/chromium( 3261): Unknown chromium error: -6
D/chromium( 3261): Unknown chromium error: -6
D/chromium( 3261): Unknown chromium error: -6
D/chromium( 3261): Unknown chromium error: -6
D/chromium( 3261): Unknown chromium error: -6
D/chromium( 3261): Unknown chromium error: -6
D/chromium( 3261): Unknown chromium error: -6
D/chromium( 3261): Unknown chromium error: -6
D/chromium( 3261): Unknown chromium error: -6
D/chromium( 3261): Unknown chromium error: -6
D/chromium( 3261): Unknown chromium error: -6
D/chromium( 3261): Unknown chromium error: -6
D/chromium( 3261): Unknown chromium error: -6
D/chromium( 3261): Unknown chromium error: -6
D/chromium( 3261): Unknown chromium error: -6
D/chromium( 3261): Unknown chromium error: -6
D/chromium( 3261): Unknown chromium error: -6
D/chromium( 3261): Unknown chromium error: -6
D/chromium( 3261): Unknown chromium error: -6
D/chromium( 3261): Unknown chromium error: -6
D/chromium( 3261): Unknown chromium error: -6
D/chromium( 3261): Unknown chromium error: -6
D/chromium( 3261): Unknown chromium error: -6
D/chromium( 3261): Unknown chromium error: -6
D/chromium( 3261): Unknown chromium error: -6
D/chromium( 3261): Unknown chromium error: -6
D/chromium( 3261): Unknown chromium error: -6
D/chromium( 3261): Unknown chromium error: -6
D/chromium( 3261): Unknown chromium error: -6
D/chromium( 3261): Unknown chromium error: -6
D/chromium( 3261): Unknown chromium error: -6
D/chromium( 3261): Unknown chromium error: -6
D/chromium( 3261): Unknown chromium error: -6
D/chromium( 3261): Unknown chromium error: -6
D/chromium( 3261): Unknown chromium error: -6
D/chromium( 3261): Unknown chromium error: -6
D/chromium( 3261): Unknown chromium error: -6
D/chromium( 3261): Unknown chromium error: -6
D/chromium( 3261): Unknown chromium error: -6
D/chromium( 3261): Unknown chromium error: -6
D/chromium( 3261): Unknown chromium error: -6
D/chromium( 3261): Unknown chromium error: -6
D/chromium( 3261): Unknown chromium error: -6
D/chromium( 3261): Unknown chromium error: -6
D/chromium( 3261): Unknown chromium error: -6
D/chromium( 3261): Unknown chromium error: -6
D/chromium( 3261): Unknown chromium error: -6
D/chromium( 3261): Unknown chromium error: -6
D/chromium( 3261): Unknown chromium error: -6
D/chromium( 3261): Unknown chromium error: -6
D/chromium( 3261): Unknown chromium error: -6
D/chromium( 3261): Unknown chromium error: -6
D/chromium( 3261): Unknown chromium error: -6
D/chromium( 3261): Unknown chromium error: -6
D/chromium( 3261): Unknown chromium error: -6
D/chromium( 3261): Unknown chromium error: -6
D/chromium( 3261): Unknown chromium error: -6
D/chromium( 3261): Unknown chromium error: -6
D/chromium( 3261): Unknown chromium error: -6
D/chromium( 3261): Unknown chromium error: -6
D/chromium( 3261): Unknown chromium error: -6
D/chromium( 3261): Unknown chromium error: -6
D/chromium( 3261): Unknown chromium error: -6
D/chromium( 3261): Unknown chromium error: -6
D/chromium( 3261): Unknown chromium error: -6
D/chromium( 3261): Unknown chromium error: -6
D/chromium( 3261): Unknown chromium error: -6
D/chromium( 3261): Unknown chromium error: -6
D/chromium( 3261): Unknown chromium error: -6
D/chromium( 3261): Unknown chromium error: -6
D/chromium( 3261): Unknown chromium error: -6
D/chromium( 3261): Unknown chromium error: -6
D/chromium( 3261): Unknown chromium error: -6
D/chromium( 3261): Unknown chromium error: -6
D/chromium( 3261): Unknown chromium error: -6
D/chromium( 3261): Unknown chromium error: -6
D/chromium( 3261): Unknown chromium error: -6
D/chromium( 3261): Unknown chromium error: -6
D/chromium( 3261): Unknown chromium error: -6
D/chromium( 3261): Unknown chromium error: -6
D/chromium( 3261): Unknown chromium error: -6
D/chromium( 3261): Unknown chromium error: -6
D/chromium( 3261): Unknown chromium error: -6
D/chromium( 3261): Unknown chromium error: -6
D/chromium( 3261): Unknown chromium error: -6
D/chromium( 3261): Unknown chromium error: -6
D/chromium( 3261): Unknown chromium error: -6
D/chromium( 3261): Unknown chromium error: -6
D/chromium( 3261): Unknown chromium error: -6
D/chromium( 3261): Unknown chromium error: -6
D/chromium( 3261): Unknown chromium error: -6
D/chromium( 3261): Unknown chromium error: -6
D/chromium( 3261): Unknown chromium error: -6
D/chromium( 3261): Unknown chromium error: -6
D/chromium( 3261): Unknown chromium error: -6
D/chromium( 3261): Unknown chromium error: -6
D/chromium( 3261): Unknown chromium error: -6
D/chromium( 3261): Unknown chromium error: -6
D/chromium( 3261): Unknown chromium error: -6
D/chromium( 3261): Unknown chromium error: -6
D/chromium( 3261): Unknown chromium error: -6
D/chromium( 3261): Unknown chromium error: -6
D/chromium( 3261): Unknown chromium error: -6
D/chromium( 3261): Unknown chromium error: -6
D/chromium( 3261): Unknown chromium error: -6
D/chromium( 3261): Unknown chromium error: -6
D/chromium( 3261): Unknown chromium error: -6
D/chromium( 3261): Unknown chromium error: -6
D/chromium( 3261): Unknown chromium error: -6
D/chromium( 3261): Unknown chromium error: -6
D/chromium( 3261): Unknown chromium error: -6
D/chromium( 3261): Unknown chromium error: -6
D/chromium( 3261): Unknown chromium error: -6
D/chromium( 3261): Unknown chromium error: -6
D/chromium( 3261): Unknown chromium error: -6
D/chromium( 3261): Unknown chromium error: -6
D/chromium( 3261): Unknown chromium error: -6
D/chromium( 3261): Unknown chromium error: -6
D/chromium( 3261): Unknown chromium error: -6
D/chromium( 3261): Unknown chromium error: -6
D/chromium( 3261): Unknown chromium error: -6
D/chromium( 3261): Unknown chromium error: -6
D/chromium( 3261): Unknown chromium error: -6
D/chromium( 3261): Unknown chromium error: -6
D/chromium( 3261): Unknown chromium error: -6
D/chromium( 3261): Unknown chromium error: -6
D/chromium( 3261): Unknown chromium error: -6
D/chromium( 3261): Unknown chromium error: -6
D/chromium( 3261): Unknown chromium error: -6
D/chromium( 3261): Unknown chromium error: -6
D/chromium( 3261): Unknown chromium error: -6
D/chromium( 3261): Unknown chromium error: -6
D/chromium( 3261): Unknown chromium error: -6
D/chromium( 3261): Unknown chromium error: -6
D/chromium( 3261): Unknown chromium error: -6
D/chromium( 3261): Unknown chromium error: -6
D/chromium( 3261): Unknown chromium error: -6
D/chromium( 3261): Unknown chromium error: -6
D/chromium( 3261): Unknown chromium error: -6
D/chromium( 3261): Unknown chromium error: -6
D/chromium( 3261): Unknown chromium error: -6
D/chromium( 3261): Unknown chromium error: -6
D/chromium( 3261): Unknown chromium error: -6
D/chromium( 3261): Unknown chromium error: -6
D/chromium( 3261): Unknown chromium error: -6
D/chromium( 3261): Unknown chromium error: -6
D/chromium( 3261): Unknown chromium error: -6
D/chromium( 3261): Unknown chromium error: -6
D/chromium( 3261): Unknown chromium error: -6
D/chromium( 3261): Unknown chromium error: -6
D/chromium( 3261): Unknown chromium error: -6
D/chromium( 3261): Unknown chromium error: -6
D/chromium( 3261): Unknown chromium error: -6
D/chromium( 3261): Unknown chromium error: -6
D/chromium( 3261): Unknown chromium error: -6
D/chromium( 3261): Unknown chromium error: -6
D/chromium( 3261): Unknown chromium error: -6
D/chromium( 3261): Unknown chromium error: -6
D/chromium( 3261): Unknown chromium error: -6
D/chromium( 3261): Unknown chromium error: -6
D/chromium( 3261): Unknown chromium error: -6
D/chromium( 3261): Unknown chromium error: -6
D/chromium( 3261): Unknown chromium error: -6
D/chromium( 3261): Unknown chromium error: -6
D/chromium( 3261): Unknown chromium error: -6
D/chromium( 3261): Unknown chromium error: -6
D/chromium( 3261): Unknown chromium error: -6
D/chromium( 3261): Unknown chromium error: -6
D/chromium( 3261): Unknown chromium error: -6
D/chromium( 3261): Unknown chromium error: -6
D/chromium( 3261): Unknown chromium error: -6
D/chromium( 3261): Unknown chromium error: -6
D/chromium( 3261): Unknown chromium error: -6
D/chromium( 3261): Unknown chromium error: -6
D/chromium( 3261): Unknown chromium error: -6
D/chromium( 3261): Unknown chromium error: -6
D/chromium( 3261): Unknown chromium error: -6
D/chromium( 3261): Unknown chromium error: -6
D/chromium( 3261): Unknown chromium error: -6
D/chromium( 3261): Unknown chromium error: -6
D/chromium( 3261): Unknown chromium error: -6
D/chromium( 3261): Unknown chromium error: -6
D/chromium( 3261): Unknown chromium error: -6
D/chromium( 3261): Unknown chromium error: -6
D/chromium( 3261): Unknown chromium error: -6
D/chromium( 3261): Unknown chromium error: -6
D/chromium( 3261): Unknown chromium error: -6
D/chromium( 3261): Unknown chromium error: -6
D/chromium( 3261): Unknown chromium error: -6
D/chromium( 3261): Unknown chromium error: -6
D/chromium( 3261): Unknown chromium error: -6
D/chromium( 3261): Unknown chromium error: -6
D/chromium( 3261): Unknown chromium error: -6
D/chromium( 3261): Unknown chromium error: -6
D/chromium( 3261): Unknown chromium error: -6
D/chromium( 3261): Unknown chromium error: -6
D/chromium( 3261): Unknown chromium error: -6
D/dalvikvm( 2061): GC_CONCURRENT freed 669K, 13% free 6505K/7452K, paused 6ms+5ms, total 54ms
E/ThrottleService( 2061): problem during onPollAlarm: java.lang.IllegalStateException: problem parsing stats: java.io.FileNotFoundException: /proc/net/xt_qtaguid/iface_stat_all: open failed: ENOENT (No such file or directory)
D/dalvikvm( 2266): GC_CONCURRENT freed 255K, 10% free 3875K/4304K, paused 5ms+2ms, total 32ms
I/ActivityManager( 2061): No longer want com.android.mms (pid 2544): empty for 1814s
I/ActivityManager( 2061): No longer want android.process.media (pid 2219): empty for 1814s
I/ActivityManager( 2061): No longer want com.android.email (pid 2505): empty for 1815s
I/ActivityManager( 2061): No longer want com.android.music (pid 2389): empty for 1818s
I/ActivityManager( 2061): No longer want android.process.acore (pid 2347): empty for 1819s
D/CountryDetector( 2061): No listener is left
W/ActivityManager( 2061): Scheduling restart of crashed service com.android.email/.service.AttachmentDownloadService in 5000ms
I/ActivityManager( 2061): Start proc com.android.email for service com.android.email/.service.AttachmentDownloadService: pid=4268 uid=10008 gids={50008, 3003, 1015, 1028}
I/ActivityThread( 4268): Pub com.android.email.provider;com.android.email.notifier: com.android.email.provider.EmailProvider
I/ActivityThread( 4268): Pub com.android.email.attachmentprovider: com.android.email.provider.AttachmentProvider
D/Eas Debug( 2523): Logging:
D/dalvikvm( 4268): GC_CONCURRENT freed 206K, 10% free 3611K/3992K, paused 2ms+2ms, total 24ms
I/Email ( 4268): ReconcilePopImapAccountsSync: start
D/AttachmentService( 4268): Count: 0
I/Email ( 4268): ReconcilePopImapAccountsSync: done
I/Email ( 4268): ReconcilePopImapAccountsSync: start
W/Email ( 4268): Could not load INBOX for account id: 1
I/Email ( 4268): ReconcilePopImapAccountsSync: done
W/Email ( 4268): Could not load INBOX for account id: 1
I/ActivityManager( 2061): No longer want com.android.deskclock (pid 2465): empty for 1819s
I/ActivityManager( 2061): No longer want com.android.settings (pid 2328): empty for 1833s
E/ThrottleService( 2061): problem during onPollAlarm: java.lang.IllegalStateException: problem parsing stats: java.io.FileNotFoundException: /proc/net/xt_qtaguid/iface_stat_all: open failed: ENOENT (No such file or directory)
E/ThrottleService( 2061): problem during onPollAlarm: java.lang.IllegalStateException: problem parsing stats: java.io.FileNotFoundException: /proc/net/xt_qtaguid/iface_stat_all: open failed: ENOENT (No such file or directory)
D/dalvikvm( 2061): GC_CONCURRENT freed 803K, 15% free 6353K/7436K, paused 7ms+4ms, total 62ms
E/ThrottleService( 2061): problem during onPollAlarm: java.lang.IllegalStateException: problem parsing stats: java.io.FileNotFoundException: /proc/net/xt_qtaguid/iface_stat_all: open failed: ENOENT (No such file or directory)
E/AudioFlinger( 1393): Sample rate out of range: 44100 mSampleRate 16000
I/ActivityManager( 2061): START u0 {act=android.intent.action.MAIN cat=[android.intent.category.HOME] flg=0x10200000 cmp=com.android.launcher/com.android.launcher2.Launcher} from pid 2061
E/AudioTrack( 2061): AudioFlinger could not create track, status: -22
E/SoundPool( 2061): Error creating AudioTrack
D/dalvikvm( 2168): GC_CONCURRENT freed 432K, 13% free 4422K/5028K, paused 9ms+4ms, total 57ms
W/HardwareRenderer( 2276): Backbuffer cannot be preserved
W/IInputConnectionWrapper( 3261): showStatusIcon on inactive InputConnection
I/ActivityManager( 2061): No longer want com.android.musicfx (pid 2783): empty for 3618s
I/ActivityManager( 2061): No longer want com.android.exchange (pid 2523): empty for 3641s
W/ActivityManager( 2061): Scheduling restart of crashed service com.android.exchange/.ExchangeService in 5000ms
I/ActivityManager( 2061): Start proc com.android.exchange for service com.android.exchange/.ExchangeService: pid=5769 uid=10016 gids={50016, 3003, 1015, 1028}
I/ActivityThread( 5769): Pub com.android.exchange.directory.provider: com.android.exchange.provider.ExchangeDirectoryProvider
D/ExchangeService( 5769): !!! EAS ExchangeService, onCreate
D/ExchangeService( 5769): !!! EAS ExchangeService, onStartCommand, startingUp = false, running = false
D/ExchangeService( 5769): !!! EAS ExchangeService, onStartCommand, startingUp = true, running = false
D/webviewglue( 3261): OnTrimMemory with EGL Context 0x0
E/libEGL ( 3261): call to OpenGL ES API with no current context (logged once per thread)
E/libEGL ( 3261): call to OpenGL ES API with no current context (logged once per thread)
E/libEGL ( 3261): call to OpenGL ES API with no current context (logged once per thread)
E/libEGL ( 3261): call to OpenGL ES API with no current context (logged once per thread)
E/libEGL ( 3261): call to OpenGL ES API with no current context (logged once per thread)
D/ExchangeService( 5769): !!! EAS ExchangeService, onStartCommand, startingUp = true, running = false
D/ExchangeService( 5769): Received deviceId from Email app: android946684874621
D/ExchangeService( 5769): Reconciling accounts...
D/webviewglue( 3261): OnTrimMemory with EGL Context 0x0
E/libEGL ( 3261): call to OpenGL ES API with no current context (logged once per thread)
E/libEGL ( 3261): call to OpenGL ES API with no current context (logged once per thread)
E/libEGL ( 3261): call to OpenGL ES API with no current context (logged once per thread)
E/libEGL ( 3261): call to OpenGL ES API with no current context (logged once per thread)
E/libEGL ( 3261): call to OpenGL ES API with no current context (logged once per thread)
D/Eas Debug( 5769): Logging:
D/webviewglue( 3261): OnTrimMemory with EGL Context 0x0
E/libEGL ( 3261): call to OpenGL ES API with no current context (logged once per thread)
E/libEGL ( 3261): call to OpenGL ES API with no current context (logged once per thread)
E/libEGL ( 3261): call to OpenGL ES API with no current context (logged once per thread)
E/libEGL ( 3261): call to OpenGL ES API with no current context (logged once per thread)
E/libEGL ( 3261): call to OpenGL ES API with no current context (logged once per thread)
D/ExchangeService( 5769): ExchangeService thread running
D/webviewglue( 3261): OnTrimMemory with EGL Context 0x0
E/libEGL ( 3261): call to OpenGL ES API with no current context (logged once per thread)
E/libEGL ( 3261): call to OpenGL ES API with no current context (logged once per thread)
E/libEGL ( 3261): call to OpenGL ES API with no current context (logged once per thread)
E/libEGL ( 3261): call to OpenGL ES API with no current context (logged once per thread)
E/libEGL ( 3261): call to OpenGL ES API with no current context (logged once per thread)
D/webviewglue( 3261): OnTrimMemory with EGL Context 0x0
E/libEGL ( 3261): call to OpenGL ES API with no current context (logged once per thread)
E/libEGL ( 3261): call to OpenGL ES API with no current context (logged once per thread)
E/libEGL ( 3261): call to OpenGL ES API with no current context (logged once per thread)
E/libEGL ( 3261): call to OpenGL ES API with no current context (logged once per thread)
E/libEGL ( 3261): call to OpenGL ES API with no current context (logged once per thread)
D/webviewglue( 3261): OnTrimMemory with EGL Context 0x0
E/libEGL ( 3261): call to OpenGL ES API with no current context (logged once per thread)
E/libEGL ( 3261): call to OpenGL ES API with no current context (logged once per thread)
E/libEGL ( 3261): call to OpenGL ES API with no current context (logged once per thread)
E/libEGL ( 3261): call to OpenGL ES API with no current context (logged once per thread)
E/libEGL ( 3261): call to OpenGL ES API with no current context (logged once per thread)
E/ThrottleService( 2061): problem during onPollAlarm: java.lang.IllegalStateException: problem parsing stats: java.io.FileNotFoundException: /proc/net/xt_qtaguid/iface_stat_all: open failed: ENOENT (No such file or directory)
D/webviewglue( 3261): OnTrimMemory with EGL Context 0x0
E/libEGL ( 3261): call to OpenGL ES API with no current context (logged once per thread)
E/libEGL ( 3261): call to OpenGL ES API with no current context (logged once per thread)
E/libEGL ( 3261): call to OpenGL ES API with no current context (logged once per thread)
E/libEGL ( 3261): call to OpenGL ES API with no current context (logged once per thread)
E/libEGL ( 3261): call to OpenGL ES API with no current context (logged once per thread)
D/webviewglue( 3261): OnTrimMemory with EGL Context 0x0
E/libEGL ( 3261): call to OpenGL ES API with no current context (logged once per thread)
E/libEGL ( 3261): call to OpenGL ES API with no current context (logged once per thread)
E/libEGL ( 3261): call to OpenGL ES API with no current context (logged once per thread)
E/libEGL ( 3261): call to OpenGL ES API with no current context (logged once per thread)
E/libEGL ( 3261): call to OpenGL ES API with no current context (logged once per thread)
D/dalvikvm( 2061): GC_CONCURRENT freed 638K, 15% free 6330K/7436K, paused 5ms+4ms, total 58ms
E/ThrottleService( 2061): problem during onPollAlarm: java.lang.IllegalStateException: problem parsing stats: java.io.FileNotFoundException: /proc/net/xt_qtaguid/iface_stat_all: open failed: ENOENT (No such file or directory)
E/ThrottleService( 2061): problem during onPollAlarm: java.lang.IllegalStateException: problem parsing stats: java.io.FileNotFoundException: /proc/net/xt_qtaguid/iface_stat_all: open failed: ENOENT (No such file or directory)
D/PhoneStatusBar( 2168): disable: < EXPAND* icons alerts ticker system_info back home recent clock search > D/ShutdownThread( 2061): Notifying thread to start shutdown longPressBehavior=1
E/AudioFlinger( 1393): Sample rate out of range: 44100 mSampleRate 16000
E/AudioTrack( 2061): AudioFlinger could not create track, status: -22
E/SoundPool( 2061): Error creating AudioTrack
D/dalvikvm( 2061): GC_CONCURRENT freed 463K, 12% free 6491K/7368K, paused 2ms+6ms, total 66ms
D/PhoneStatusBar( 2168): disable: < expand* icons alerts ticker system_info back home recent clock search > E/AudioFlinger( 1393): Sample rate out of range: 44100 mSampleRate 16000
E/AudioTrack( 2061): AudioFlinger could not create track, status: -22
E/SoundPool( 2061): Error creating AudioTrack
I/ShutdownThread( 2061): Sending shutdown broadcast...
W/SyncManager( 2061): Writing sync state before shutdown...
I/ShutdownThread( 2061): Shutting down activity manager...
I/UsageStats( 2061): Writing usage stats before shutdown...
W/BatteryStats( 2061): Writing battery stats before shutdown...
D/BluetoothManagerService( 2061): checkIfCallerIsForegroundUser: valid=true callingUser=0 foregroundUser=0
W/ShutdownThread( 2061): Turning off radio...
I/ShutdownThread( 2061): Waiting for NFC, Bluetooth and Radio...
I/InputDispatcher( 2061): Dropped event because input dispatch is disabled.
I/InputDispatcher( 2061): Dropped event because input dispatch is disabled.
I/InputDispatcher( 2061): Dropped event because input dispatch is disabled.
I/InputDispatcher( 2061): Dropped event because input dispatch is disabled.
I/InputDispatcher( 2061): Dropped event because input dispatch is disabled.
I/InputDispatcher( 2061): Dropped event because input dispatch is disabled.
I/InputDispatcher( 2061): Dropped event because input dispatch is disabled.
I/InputDispatcher( 2061): Dropped event because input dispatch is disabled.
I/InputDispatcher( 2061): Dropped event because input dispatch is disabled.
I/InputDispatcher( 2061): Dropped event because input dispatch is disabled.
I/InputDispatcher( 2061): Dropped event because input dispatch is disabled.
I/InputDispatcher( 2061): Dropped event because input dispatch is disabled.
I/InputDispatcher( 2061): Dropped event because input dispatch is disabled.
I/InputDispatcher( 2061): Dropped event because input dispatch is disabled.
I/InputDispatcher( 2061): Dropped event because input dispatch is disabled.
I/InputDispatcher( 2061): Dropped event because input dispatch is disabled.
I/InputDispatcher( 2061): Dropped event because input dispatch is disabled.
I/InputDispatcher( 2061): Dropped event because input dispatch is disabled.
I/InputDispatcher( 2061): Dropped event because input dispatch is disabled.
I/InputDispatcher( 2061): Dropped event because input dispatch is disabled.
I/InputDispatcher( 2061): Dropped event because input dispatch is disabled.
I/InputDispatcher( 2061): Dropped event because input dispatch is disabled.
I/InputDispatcher( 2061): Dropped event because input dispatch is disabled.
I/InputDispatcher( 2061): Dropped event because input dispatch is disabled.
I/InputDispatcher( 2061): Dropped event because input dispatch is disabled.
I/InputDispatcher( 2061): Dropped event because input dispatch is disabled.
I/InputDispatcher( 2061): Dropped event because input dispatch is disabled.
I/InputDispatcher( 2061): Dropped event because input dispatch is disabled.
I/InputDispatcher( 2061): Dropped event because input dispatch is disabled.
I/InputDispatcher( 2061): Dropped event because input dispatch is disabled.
I/InputDispatcher( 2061): Dropped event because input dispatch is disabled.
I/InputDispatcher( 2061): Dropped event because input dispatch is disabled.
I/InputDispatcher( 2061): Dropped event because input dispatch is disabled.
I/InputDispatcher( 2061): Dropped event because input dispatch is disabled.
I/InputDispatcher( 2061): Dropped event because input dispatch is disabled.
I/InputDispatcher( 2061): Dropped event because input dispatch is disabled.
I/InputDispatcher( 2061): Dropped event because input dispatch is disabled.
I/InputDispatcher( 2061): Dropped event because input dispatch is disabled.
I/InputDispatcher( 2061): Dropped event because input dispatch is disabled.
I/InputDispatcher( 2061): Dropped event because input dispatch is disabled.
I/InputDispatcher( 2061): Dropped event because input dispatch is disabled.
I/InputDispatcher( 2061): Dropped event because input dispatch is disabled.
I/InputDispatcher( 2061): Dropped event because input dispatch is disabled.
I/InputDispatcher( 2061): Dropped event because input dispatch is disabled.
I/InputDispatcher( 2061): Dropped event because input dispatch is disabled.
I/InputDispatcher( 2061): Dropped event because input dispatch is disabled.
I/InputDispatcher( 2061): Dropped event because input dispatch is disabled.
I/InputDispatcher( 2061): Dropped event because input dispatch is disabled.
I/InputDispatcher( 2061): Dropped event because input dispatch is disabled.
I/InputDispatcher( 2061): Dropped event because input dispatch is disabled.
I/InputDispatcher( 2061): Dropped event because input dispatch is disabled.
I/InputDispatcher( 2061): Dropped event because input dispatch is disabled.
I/InputDispatcher( 2061): Dropped event because input dispatch is disabled.
I/InputDispatcher( 2061): Dropped event because input dispatch is disabled.
I/InputDispatcher( 2061): Dropped event because input dispatch is disabled.
I/InputDispatcher( 2061): Dropped event because input dispatch is disabled.
I/InputDispatcher( 2061): Dropped event because input dispatch is disabled.
I/InputDispatcher( 2061): Dropped event because input dispatch is disabled.
I/InputDispatcher( 2061): Dropped event because input dispatch is disabled.
I/InputDispatcher( 2061): Dropped event because input dispatch is disabled.
I/InputDispatcher( 2061): Dropped event because input dispatch is disabled.
I/InputDispatcher( 2061): Dropped event because input dispatch is disabled.
I/InputDispatcher( 2061): Dropped event because input dispatch is disabled.
W/ShutdownThread( 2061): Timed out waiting for NFC, Radio and Bluetooth shutdown.
I/ShutdownThread( 2061): Shutting down MountService
I/PackageManager( 2061): Updating external media status from mounted to unmounted
I/MountService( 2061): Shutting down
I/MountService( 2061): H_UNMOUNT_PM_UPDATE
I/MountService( 2061): registered = false
I/MountService( 2061): Updating external media status on PackageManager
D/VoldCmdListener( 1387): asec list
I/PackageManager( 2061): No secure containers on sdcard
D/dalvikvm( 2061): GC_FOR_ALLOC freed 393K, 13% free 6521K/7436K, paused 58ms, total 60ms
I/MountService( 2061): H_UNMOUNT_PM_DONE
I/MountService( 2061): Updated status. Processing requests
D/VoldCmdListener( 1387): storage users /mnt/sdcard
W/ActivityManager( 2061): Killing processes unmount media at adjustment 0
D/VoldCmdListener( 1387): storage users /mnt/sdcard
I/MountService( 2061): Retrying to kill storage users again
I/MountService( 2061): H_UNMOUNT_PM_DONE
I/MountService( 2061): Updated status. Processing requests
D/VoldCmdListener( 1387): storage users /mnt/sdcard
W/ActivityManager( 2061): Killing processes unmount media at adjustment 0
D/VoldCmdListener( 1387): storage users /mnt/sdcard
I/MountService( 2061): Retrying to kill storage users again
I/MountService( 2061): H_UNMOUNT_PM_DONE
I/MountService( 2061): Updated status. Processing requests
D/VoldCmdListener( 1387): storage users /mnt/sdcard
W/ActivityManager( 2061): Killing processes unmount media at adjustment 0
D/VoldCmdListener( 1387): storage users /mnt/sdcard
I/MountService( 2061): Retrying to kill storage users again
I/MountService( 2061): H_UNMOUNT_PM_DONE
I/MountService( 2061): Updated status. Processing requests
D/VoldCmdListener( 1387): storage users /mnt/sdcard
W/ActivityManager( 2061): Killing processes unmount media at adjustment 0
D/VoldCmdListener( 1387): storage users /mnt/sdcard
I/MountService( 2061): Retrying to kill storage users again
I/MountService( 2061): H_UNMOUNT_PM_DONE
I/MountService( 2061): Updated status. Processing requests
D/VoldCmdListener( 1387): storage users /mnt/sdcard
W/ActivityManager( 2061): Killing processes unmount media at adjustment 0
D/VoldCmdListener( 1387): storage users /mnt/sdcard
I/MountService( 2061): Failed to unmount media inspite of 4 retries. Forcibly killing processes now
I/MountService( 2061): H_UNMOUNT_MS
D/dalvikvm( 2061): GC_EXPLICIT freed 295K, 13% free 6490K/7436K, paused 3ms+6ms, total 58ms
I/PackageManager( 2061): Updating external media status from unmounted to unmounted
D/VoldCmdListener( 1387): volume unmount /mnt/sdcard force
D/Vold ( 1387): Volume sdcard state changing 4 (Mounted) -> 5 (Unmounting)
I/MountService( 2061): onEvent:: raw= 605 Volume sdcard /mnt/sdcard state changed from 4 (Mounted) to 5 (Unmounting) cooked = 605 Volume sdcard /mnt/sdcard state changed from 4 (Mounted) to 5 (Unmounting)
I/MountService( 2061): notifyVolumeStateChange::mounted
D/MountService( 2061): sendStorageIntent Intent { act=android.intent.action.MEDIA_EJECT dat=file:///mnt/sdcard (has extras) } to UserHandle{-1}
I/Vold ( 1387): /mnt/secure/asec sucessfully unmounted
I/Vold ( 1387): /mnt/sdcard/.android_secure sucessfully unmounted
W/Vold ( 1387): Failed to unmount /mnt/sdcard (Device or resource busy, retries 9, action 0)
E/ProcessKiller( 1387): Process /system/bin/sh (1385) has cwd within /mnt/sdcard
E/ProcessKiller( 1387): Process logcat (2778) has open file /mnt/sdcard/logcat_output1.txt
E/ProcessKiller( 1387): Process logcat (3349) has open file /mnt/sdcard/logcat_output2.txt
W/Vold ( 1387): Failed to unmount /mnt/sdcard (Device or resource busy, retries 8, action 0)
E/ProcessKiller( 1387): Process /system/bin/sh (1385) has cwd within /mnt/sdcard
E/ProcessKiller( 1387): Process logcat (2778) has open file /mnt/sdcard/logcat_output1.txt
E/ProcessKiller( 1387): Process logcat (3349) has open file /mnt/sdcard/logcat_output2.txt
W/Vold ( 1387): Failed to unmount /mnt/sdcard (Device or resource busy, retries 7, action 0)
E/ProcessKiller( 1387): Process /system/bin/sh (1385) has cwd within /mnt/sdcard
E/ProcessKiller( 1387): Process logcat (2778) has open file /mnt/sdcard/logcat_output1.txt
E/ProcessKiller( 1387): Process logcat (3349) has open file /mnt/sdcard/logcat_output2.txt
W/Vold ( 1387): Failed to unmount /mnt/sdcard (Device or resource busy, retries 6, action 0)
E/ProcessKiller( 1387): Process /system/bin/sh (1385) has cwd within /mnt/sdcard
E/ProcessKiller( 1387): Process logcat (2778) has open file /mnt/sdcard/logcat_output1.txt
E/ProcessKiller( 1387): Process logcat (3349) has open file /mnt/sdcard/logcat_output2.txt
W/Vold ( 1387): Failed to unmount /mnt/sdcard (Device or resource busy, retries 5, action 0)
E/ProcessKiller( 1387): Process /system/bin/sh (1385) has cwd within /mnt/sdcard
E/ProcessKiller( 1387): Process logcat (2778) has open file /mnt/sdcard/logcat_output1.txt
E/ProcessKiller( 1387): Process logcat (3349) has open file /mnt/sdcard/logcat_output2.txt
W/Vold ( 1387): Failed to unmount /mnt/sdcard (Device or resource busy, retries 4, action 0)
E/ProcessKiller( 1387): Process /system/bin/sh (1385) has cwd within /mnt/sdcard
E/ProcessKiller( 1387): Process logcat (2778) has open file /mnt/sdcard/logcat_output1.txt
E/ProcessKiller( 1387): Process logcat (3349) has open file /mnt/sdcard/logcat_output2.txt
W/Vold ( 1387): Failed to unmount /mnt/sdcard (Device or resource busy, retries 3, action 0)
E/ProcessKiller( 1387): Process /system/bin/sh (1385) has cwd within /mnt/sdcard
E/ProcessKiller( 1387): Process logcat (2778) has open file /mnt/sdcard/logcat_output1.txt
E/ProcessKiller( 1387): Process logcat (3349) has open file /mnt/sdcard/logcat_output2.txt
W/Vold ( 1387): Failed to unmount /mnt/sdcard (Device or resource busy, retries 2, action 1)
E/ProcessKiller( 1387): Process /system/bin/sh (1385) has cwd within /mnt/sdcard
W/ProcessKiller( 1387): Sending SIGHUP to process 1385
E/ProcessKiller( 1387): Process logcat (2778) has open file /mnt/sdcard/logcat_output1.txt