D/ExchangeService( 2523): !!! EAS ExchangeService, onStartCommand, startingUp = false, running = false
I/Email ( 2505): ReconcilePopImapAccountsSync: already running
I/ActivityManager( 2061): Start proc com.android.mms for broadcast com.android.mms/.transaction.MmsSystemEventReceiver: pid=2544 uid=10020 gids={50020, 3003, 1015, 1028}
D/Eas Debug( 2523): Logging:
D/ExchangeService( 2523): !!! EAS ExchangeService, onStartCommand, startingUp = true, running = false
I/Email ( 2505): ReconcilePopImapAccountsSync: done
I/Email ( 2505): ReconcilePopImapAccountsSync: start
W/Email ( 2505): Could not load INBOX for account id: 1
D/ExchangeService( 2523): !!! EAS ExchangeService, onStartCommand, startingUp = true, running = false
D/ExchangeService( 2523): Received deviceId from Email app: android946684874621
D/ExchangeService( 2523): Reconciling accounts...
I/Email ( 2505): ReconcilePopImapAccountsSync: already running
D/dalvikvm( 2061): GREF has increased to 601
D/ExchangeService( 2523): !!! EAS ExchangeService, onStartCommand, startingUp = true, running = false
I/Email ( 2505): ReconcilePopImapAccountsSync: done
W/Email ( 2505): Could not load INBOX for account id: 1
D/Eas Debug( 2523): Logging:
I/ActivityThread( 2544): Pub mms_temp_file: com.android.mms.TempFileProvider
I/ActivityThread( 2544): Pub com.android.mms.SuggestionsProvider: com.android.mms.SuggestionsProvider D/BluetoothAdapterService(1091427992)( 2433): getState(): mAdapterProperties: com.android.bluetooth.btservice.AdapterProperties@410df7c0
W/Email ( 2505): Could not load INBOX for account id: 1
D/CountryDetector( 2061): The first listener is added
D/dalvikvm( 2505): GREF has increased to 201
W/Email ( 2505): Could not load INBOX for account id: 1
D/ExchangeService( 2523): ExchangeService thread running
V/MmsConfig( 2544): mnc/mcc:
V/MmsConfig( 2544): tag: bool value: enabledMMS - true
V/MmsConfig( 2544): tag: int value: maxMessageSize - 307200
V/MmsConfig( 2544): tag: int value: maxImageHeight - 480
V/MmsConfig( 2544): tag: int value: maxImageWidth - 640
V/MmsConfig( 2544): tag: int value: defaultSMSMessagesPerThread - 500
V/MmsConfig( 2544): tag: int value: defaultMMSMessagesPerThread - 50
V/MmsConfig( 2544): tag: int value: minMessageCountPerThread - 10
V/MmsConfig( 2544): tag: int value: maxMessageCountPerThread - 5000
V/MmsConfig( 2544): tag: string value: uaProfUrl - http://www.google.com/oha/rdf/ua-profile-kila.xml
V/MmsConfig( 2544): tag: int value: recipientLimit - -1
V/MmsConfig( 2544): tag: bool value: enableMultipartSMS - true
V/MmsConfig( 2544): tag: int value: smsToMmsTextThreshold - -1
V/MmsConfig( 2544): tag: bool value: enableSlideDuration - true
V/MmsConfig( 2544): tag: int value: maxMessageTextSize - -1
D/dalvikvm( 2061): GC_EXPLICIT freed 346K, 12% free 5981K/6728K, paused 3ms+5ms, total 73ms
I/ActivityManager( 2061): Start proc com.android.providers.calendar for broadcast com.android.providers.calendar/.CalendarReceiver: pid=2583 uid=10028 gids={50028, 3003, 1015, 1028}
D/dalvikvm( 2544): GC_CONCURRENT freed 231K, 11% free 3576K/3984K, paused 5ms+5ms, total 44ms D/BluetoothAdapterService(1091427992)( 2433): getState(): mAdapterProperties: com.android.bluetooth.btservice.AdapterProperties@410df7c0
D/dalvikvm( 2266): GREF has increased to 201
D/Mms:app ( 2544): cancelNotification
D/MmsSmsDatabaseHelper( 2266): [MmsSmsDb] tableName: threads hasAutoIncrement: CREATE TABLE threads (_id INTEGER PRIMARY KEY AUTOINCREMENT,date INTEGER DEFAULT 0,message_count INTEGER DEFAULT 0,recipient_ids TEXT,snippet TEXT,snippet_cs INTEGER DEFAULT 0,read INTEGER DEFAULT 1,type INTEGER DEFAULT 0,error INTEGER DEFAULT 0,has_attachment INTEGER DEFAULT 0) result: true
I/ActivityThread( 2583): Pub com.android.calendar: com.android.providers.calendar.CalendarProvider2
D/MmsSmsDatabaseHelper( 2266): [MmsSmsDb] tableName: canonical_addresses hasAutoIncrement: CREATE TABLE canonical_addresses (_id INTEGER PRIMARY KEY AUTOINCREMENT,address TEXT) result: true
D/MmsSmsDatabaseHelper( 2266): [MmsSmsDb] tableName: part hasAutoIncrement: CREATE TABLE part (_id INTEGER PRIMARY KEY AUTOINCREMENT,mid INTEGER,seq INTEGER DEFAULT 0,ct TEXT,name TEXT,chset INTEGER,cd TEXT,fn TEXT,cid TEXT,cl TEXT,ctt_s INTEGER,ctt_t TEXT,_data TEXT,text TEXT) result: true
D/MmsSmsDatabaseHelper( 2266): [MmsSmsDb] tableName: pdu hasAutoIncrement: CREATE TABLE pdu (_id INTEGER PRIMARY KEY AUTOINCREMENT,thread_id INTEGER,date INTEGER,date_sent INTEGER DEFAULT 0,msg_box INTEGER,read INTEGER DEFAULT 0,m_id TEXT,sub TEXT,sub_cs INTEGER,ct_t TEXT,ct_l TEXT,exp INTEGER,m_cls TEXT,m_type INTEGER,v INTEGER,m_size INTEGER,pri INTEGER,rr INTEGER,rpt_a INTEGER,resp_st INTEGER,st INTEGER,tr_id TEXT,retr_st INTEGER,retr_txt TEXT,retr_txt_cs INTEGER,read_status INTEGER,ct_cls INTEGER,resp_txt TEXT,d_tm INTEGER,d_rpt INTEGER,locked INTEGER DEFAULT 0,seen INTEGER DEFAULT 0,text_only INTEGER DEFAULT 0) result: true
D/MmsSmsDatabaseHelper( 2266): [getWritableDatabase] hasAutoIncrementThreads: true hasAutoIncrementAddresses: true hasAutoIncrementPart: true hasAutoIncrementPdu: true
D/dalvikvm( 2544): GC_CONCURRENT freed 148K, 8% free 3831K/4156K, paused 3ms+3ms, total 23ms D/BluetoothAdapterService(1091427992)( 2433): getState(): mAdapterProperties: com.android.bluetooth.btservice.AdapterProperties@410df7c0 D/BluetoothAdapterService(1091427992)( 2433): getState(): mAdapterProperties: com.android.bluetooth.btservice.AdapterProperties@410df7c0 D/BluetoothAdapterService(1091427992)( 2433): getState(): mAdapterProperties: com.android.bluetooth.btservice.AdapterProperties@410df7c0
D/dalvikvm( 2328): GC_CONCURRENT freed 200K, 10% free 3592K/3964K, paused 18ms+11ms, total 67ms
D/dalvikvm( 2276): GC_CONCURRENT freed 246K, 9% free 4663K/5080K, paused 3ms+4ms, total 34ms
V/SmsReceiverService( 2544): onStart: #2 mResultCode: 4 = SmsManager.RESULT_ERROR_NO_SERVICE
D/Mms:app ( 2544): cancelNotification D/BluetoothAdapterService(1091427992)( 2433): getState(): mAdapterProperties: com.android.bluetooth.btservice.AdapterProperties@410df7c0
D/dalvikvm( 2544): GC_CONCURRENT freed 231K, 10% free 4005K/4412K, paused 5ms+3ms, total 36ms
D/EthernetStateMachine( 2061): DhcpHandler: DHCP request succeeded: addr: 192.168.1.8/24 mRoutes: 0.0.0.0/0 -> 192.168.1.1 | dns: 125.22.47.125,202.56.250.5 dhcpServer: 192.168.1.1 leaseDuration: 86400 D/BluetoothAdapterService(1091427992)( 2433): getState(): mAdapterProperties: com.android.bluetooth.btservice.AdapterProperties@410df7c0 D/BluetoothAdapterService(1091427992)( 2433): getState(): mAdapterProperties: com.android.bluetooth.btservice.AdapterProperties@410df7c0
I/CalendarProvider2( 2583): Sending notification intent: Intent { act=android.intent.action.PROVIDER_CHANGED dat=content://com.android.calendar }
W/ContentResolver( 2583): Failed to get type for: content://com.android.calendar (Unknown URL content://com.android.calendar)
I/ActivityManager( 2061): Start proc com.android.calendar for broadcast com.android.calendar/.alerts.AlertReceiver: pid=2619 uid=10041 gids={50041, 3003, 1028}
I/ActivityThread( 2619): Pub com.android.calendar.CalendarRecentSuggestionsProvider: com.android.calendar.CalendarRecentSuggestionsProvider
D/AlertReceiver( 2619): onReceive: a=android.intent.action.PROVIDER_CHANGED Intent { act=android.intent.action.PROVIDER_CHANGED dat=content://com.android.calendar flg=0x10 cmp=com.android.calendar/.alerts.AlertReceiver }
D/AlertService( 2619): 0 Action = android.intent.action.PROVIDER_CHANGED
D/AlertService( 2619): Beginning updateAlertNotification
D/dalvikvm( 2619): GC_CONCURRENT freed 272K, 12% free 3527K/3976K, paused 2ms+11ms, total 29ms
D/AlertService( 2619): No fired or scheduled alerts D/BluetoothAdapterService(1091427992)( 2433): getState(): mAdapterProperties: com.android.bluetooth.btservice.AdapterProperties@410df7c0
E/WVMExtractor( 1393): Failed to open libwvm.so
E/WVMExtractor( 1393): Failed to open libwvm.so
E/BluetoothManagerService( 2061): waitForOnOff time out
D/BluetoothManagerService( 2061): Stored Bluetooth name:
D/BluetoothManagerService( 2061): Stored Bluetoothaddress: 22:22:77:18:EE:C3
D/BluetoothManagerService( 2061): Message: 300
D/BluetoothManagerService( 2061): MESSAGE_USER_SWITCHED D/BluetoothAdapterService(1091427992)( 2433): getState(): mAdapterProperties: com.android.bluetooth.btservice.AdapterProperties@410df7c0
E/WVMExtractor( 1393): Failed to open libwvm.so
E/MetadataRetrieverClient( 1393): failed to extract an album art
E/WVMExtractor( 1393): Failed to open libwvm.so
E/MetadataRetrieverClient( 1393): failed to extract an album art
D/dalvikvm( 2219): GC_CONCURRENT freed 300K, 12% free 3682K/4156K, paused 3ms+2ms, total 21ms D/BluetoothAdapterService(1091427992)( 2433): getState(): mAdapterProperties: com.android.bluetooth.btservice.AdapterProperties@410df7c0
V/MediaScanner( 2219): pruneDeadThumbnailFiles... android.database.sqlite.SQLiteCursor@41129f60
V/MediaScanner( 2219): /pruneDeadThumbnailFiles... android.database.sqlite.SQLiteCursor@41129f60
D/dalvikvm( 2219): GREF has increased to 201 D/BluetoothAdapterService(1091427992)( 2433): getState(): mAdapterProperties: com.android.bluetooth.btservice.AdapterProperties@410df7c0
D/dalvikvm( 2061): GC_EXPLICIT freed 358K, 11% free 6028K/6728K, paused 2ms+5ms, total 57ms
D/dalvikvm( 2219): GC_CONCURRENT freed 357K, 13% free 3727K/4256K, paused 1ms+3ms, total 24ms D/BluetoothAdapterService(1091427992)( 2433): getState(): mAdapterProperties: com.android.bluetooth.btservice.AdapterProperties@410df7c0
D/dalvikvm( 2219): GC_EXPLICIT freed 196K, 15% free 3640K/4256K, paused 2ms+3ms, total 28ms
D/dalvikvm( 2061): GREF has increased to 701
D/dalvikvm( 2219): GREF has increased to 301
D/dalvikvm( 2061): GC_EXPLICIT freed 131K, 11% free 6020K/6728K, paused 3ms+6ms, total 57ms D/BluetoothAdapterService(1091427992)( 2433): getState(): mAdapterProperties: com.android.bluetooth.btservice.AdapterProperties@410df7c0 D/BluetoothAdapterService(1091427992)( 2433): getState(): mAdapterProperties: com.android.bluetooth.btservice.AdapterProperties@410df7c0
W/MediaScanner( 2219): Error opening directory '/mnt/sdcard/.android_secure/', skipping: Permission denied.
D/dalvikvm( 2219): GC_CONCURRENT freed 281K, 13% free 3743K/4256K, paused 2ms+5ms, total 31ms
D/dalvikvm( 2061): GC_EXPLICIT freed 124K, 11% free 6017K/6728K, paused 2ms+5ms, total 51ms
V/MediaScanner( 2219): pruneDeadThumbnailFiles... android.database.sqlite.SQLiteCursor@4111fb20
V/MediaScanner( 2219): /pruneDeadThumbnailFiles... android.database.sqlite.SQLiteCursor@4111fb20
D/dalvikvm( 2219): GREF has decreased to 197 D/BluetoothAdapterService(1091427992)( 2433): getState(): mAdapterProperties: com.android.bluetooth.btservice.AdapterProperties@410df7c0 D/BluetoothAdapterService(1091427992)( 2433): getState(): mAdapterProperties: com.android.bluetooth.btservice.AdapterProperties@410df7c0 D/BluetoothAdapterService(1091427992)( 2433): getState(): mAdapterProperties: com.android.bluetooth.btservice.AdapterProperties@410df7c0 D/BluetoothAdapterService(1091427992)( 2433): getState(): mAdapterProperties: com.android.bluetooth.btservice.AdapterProperties@410df7c0
E/BluetoothManagerService( 2061): waitForOnOff time out
D/BluetoothManagerService( 2061): Broadcasting onBluetoothStateChange(true) to 7 receivers.
D/BluetoothA2dp( 2061): onBluetoothStateChange: up=true
D/BluetoothInputDevice( 2328): onBluetoothStateChange: up=true
D/BluetoothPbap( 2328): onBluetoothStateChange: up=true
D/BluetoothPan( 2328): onBluetoothStateChange(on) call bindService
D/BluetoothPan( 2328): BluetoothPan(), bindService called
W/ApplicationContext( 2328): Calling a method in the system process without a qualified user: android.app.ContextImpl.bindService:1415 android.content.ContextWrapper.bindService:473 android.bluetooth.BluetoothPbap$1.onBluetoothStateChange:132
W/ApplicationContext( 2328): Calling a method in the system process without a qualified user: android.app.ContextImpl.bindService:1415 android.content.ContextWrapper.bindService:473 android.bluetooth.BluetoothPan$1.onBluetoothStateChange:173
D/BluetoothHeadset( 2266): onBluetoothStateChange: up=true
D/BluetoothHeadset( 2266): onBluetoothStateChange: up=true
D/BluetoothHeadset( 2061): onBluetoothStateChange: up=true
D/BluetoothManagerService( 2061): Bluetooth State Change Intent: 11 -> 12
D/BluetoothManagerService( 2061): Sending off request.
I/BluetoothAdapterState( 2433): CURRENT_STATE=PENDING: Deferring request USER_TURN_OFF D/BluetoothAdapterService(1091427992)( 2433): getState(): mAdapterProperties: com.android.bluetooth.btservice.AdapterProperties@410df7c0 D/BluetoothAdapterService(1091427992)( 2433): getState(): mAdapterProperties: com.android.bluetooth.btservice.AdapterProperties@410df7c0 D/BluetoothAdapterService(1091427992)( 2433): getState(): mAdapterProperties: com.android.bluetooth.btservice.AdapterProperties@410df7c0 D/BluetoothAdapterService(1091427992)( 2433): getState(): mAdapterProperties: com.android.bluetooth.btservice.AdapterProperties@410df7c0
W/ApplicationContext( 2328): Calling a method in the system process without a qualified user: android.app.ContextImpl.startService:1361 android.content.ContextWrapper.startService:450 android.content.ContextWrapper.startService:450 D/BluetoothAdapterService(1091427992)( 2433): getState(): mAdapterProperties: com.android.bluetooth.btservice.AdapterProperties@410df7c0
D/DockEventReceiver( 2328): finishStartingService: stopping service D/BluetoothAdapterService(1091427992)( 2433): getState(): mAdapterProperties: com.android.bluetooth.btservice.AdapterProperties@410df7c0 D/BluetoothAdapterService(1091427992)( 2433): getState(): mAdapterProperties: com.android.bluetooth.btservice.AdapterProperties@410df7c0
D/dalvikvm( 2168): GC_CONCURRENT freed 273K, 10% free 4450K/4896K, paused 2ms+17ms, total 58ms
D/BluetoothPbap( 2328): Proxy object connected
D/PbapServerProfile( 2328): Bluetooth service connected
D/dalvikvm( 2433): GC_CONCURRENT freed 267K, 12% free 3542K/3984K, paused 1ms+5ms, total 39ms D/BluetoothAdapterService(1091427992)( 2433): getState(): mAdapterProperties: com.android.bluetooth.btservice.AdapterProperties@410df7c0 D/BluetoothAdapterService(1091427992)( 2433): getState(): mAdapterProperties: com.android.bluetooth.btservice.AdapterProperties@410df7c0 D/BluetoothAdapterService(1091427992)( 2433): getState(): mAdapterProperties: com.android.bluetooth.btservice.AdapterProperties@410df7c0 D/BluetoothAdapterService(1091427992)( 2433): getState(): mAdapterProperties: com.android.bluetooth.btservice.AdapterProperties@410df7c0 D/BluetoothAdapterService(1091427992)( 2433): getState(): mAdapterProperties: com.android.bluetooth.btservice.AdapterProperties@410df7c0 D/BluetoothAdapterService(1091427992)( 2433): getState(): mAdapterProperties: com.android.bluetooth.btservice.AdapterProperties@410df7c0
E/BluetoothAdapterState( 2433): Error enabling Bluetooth
D/BluetoothAdapterService( 2433): Broadcasting updateAdapterState() to 0 receivers. D/BluetoothAdapterService(1091427992)( 2433): getState(): mAdapterProperties: com.android.bluetooth.btservice.AdapterProperties@410df7c0
D/BluetoothManagerService( 2061): Broadcasting onBluetoothStateChange(false) to 7 receivers.
D/BluetoothA2dp( 2061): onBluetoothStateChange: up=false
D/A2dpService( 2433): onUnbind
D/BluetoothInputDevice( 2328): onBluetoothStateChange: up=false
D/HidService( 2433): onUnbind
D/BluetoothPbap( 2328): onBluetoothStateChange: up=false
D/PanService( 2433): onUnbind
D/BluetoothHeadset( 2266): onBluetoothStateChange: up=false
D/BluetoothHeadset( 2266): onBluetoothStateChange: up=false
D/BluetoothHeadset( 2061): onBluetoothStateChange: up=false
D/BluetoothManagerService( 2061): Bluetooth State Change Intent: 12 -> 10
D/HeadsetService( 2433): onUnbind
D/BluetoothManagerService( 2061): Calling onBluetoothServiceDown callbacks
D/BluetoothManagerService( 2061): Broadcasting onBluetoothServiceDown() to 5 receivers.
D/BluetoothAdapter( 2266): onBluetoothServiceDown: android.bluetooth.IBluetooth$Stub$Proxy@410f38d0 D/BluetoothAdapterService(1091427992)( 2433): getState(): mAdapterProperties: com.android.bluetooth.btservice.AdapterProperties@410df7c0
D/BluetoothAdapter( 2168): onBluetoothServiceDown: android.bluetooth.IBluetooth$Stub$Proxy@411cc970
W/ApplicationContext( 2328): Calling a method in the system process without a qualified user: android.app.ContextImpl.startService:1361 android.content.ContextWrapper.startService:450 android.content.ContextWrapper.startService:450
D/DockEventReceiver( 2328): finishStartingService: stopping service
D/BluetoothAdapter( 2433): onBluetoothServiceDown: com.android.bluetooth.btservice.AdapterService$AdapterServiceBinder@410df428
D/BluetoothAdapter( 2328): onBluetoothServiceDown: android.bluetooth.IBluetooth$Stub$Proxy@4111aa78
D/BluetoothAdapter( 2061): onBluetoothServiceDown: android.bluetooth.IBluetooth$Stub$Proxy@4120a190
D/BluetoothAdapterService( 2433): Cleaning up adapter native....
D/bt-btif ( 2433): btif_shutdown_bluetooth
D/bt-btif ( 2433): btif_disassociate_evt: notify DISASSOCIATE_JVM
D/BTIF_CORE( 2433): HAL bt_hal_cbacks->thread_evt_cb
D/bt-btif ( 2433): btif task exiting
I/GKI_LINUX( 2433): gki_task_entry: gki_task task_id=1 [BTIF] terminating
I/GKI_LINUX( 2433): GKI_exit_task: GKI_exit_task 1 done
I/GKI_LINUX( 2433): GKI_destroy_task: GKI_shutdown(): task [BTIF] terminated
D/bt-btif ( 2433): UIPC_Close : ch_id 3
D/bt-btif ( 2433): UIPC_Close : waiting for shutdown to complete
I/bt-btif ( 2433): UIPC SEND WAKE UP
I/bt-btif ( 2433): UIPC READ THREAD EXITING
I/bt-btif ( 2433): uipc_main_cleanup
I/bt-btif ( 2433): CLOSE CHANNEL 0
I/bt-btif ( 2433): CLOSE SERVER (FD 51)
D/bt-btif ( 2433): A2DP-CTRL-CHANNEL EVENT UIPC_CLOSE_EVT
I/bt-btif ( 2433): UIPC SEND WAKE UP
I/bt-btif ( 2433): CLOSE CHANNEL 1
I/bt-btif ( 2433): UIPC READ THREAD DONE
D/bt-btif ( 2433): UIPC_Close : shutdown complete
D/bt-btif ( 2433): MEDIA TASK EXITING
I/GKI_LINUX( 2433): gki_task_entry: gki_task task_id=2 [A2DP-MEDIA] terminating
I/GKI_LINUX( 2433): GKI_exit_task: GKI_exit_task 2 done
D/BluetoothAdapter( 2328): 1091590232: getState() : mService = null. Returning STATE_OFF
I/ ( 2433): BTE_InitTraceLevels -- TRC_HCI
I/ ( 2433): BTE_InitTraceLevels -- TRC_L2CAP
I/ ( 2433): BTE_InitTraceLevels -- TRC_RFCOMM
I/ ( 2433): BTE_InitTraceLevels -- TRC_AVDT
I/ ( 2433): BTE_InitTraceLevels -- TRC_AVRC
I/ ( 2433): BTE_InitTraceLevels -- TRC_A2D
I/ ( 2433): BTE_InitTraceLevels -- TRC_BNEP
I/ ( 2433): BTE_InitTraceLevels -- TRC_BTM
I/ ( 2433): BTE_InitTraceLevels -- TRC_PAN
I/ ( 2433): BTE_InitTraceLevels -- TRC_SDP
I/ ( 2433): BTE_InitTraceLevels -- TRC_BTAPP
E/AudioFlinger( 1393): Sample rate out of range: 44100 mSampleRate 16000
E/AudioTrack( 2061): AudioFlinger could not create track, status: -22
E/SoundPool( 2061): Error creating AudioTrack
D/dalvikvm( 2061): GC_CONCURRENT freed 492K, 11% free 6065K/6740K, paused 4ms+5ms, total 49ms
D/PhoneStatusBar( 2168): disable: < expand icons alerts ticker system_info BACK HOME recent* CLOCK search > I/dalvikvm( 2061): Jit: resizing JitTable from 4096 to 8192
D/PhoneStatusBar( 2168): disable: < expand icons alerts ticker system_info back* home* recent clock* search > D/BluetoothManagerService( 2061): Message: 100
E/BluetoothManagerService( 2061): MESSAGE_TIMEOUT_BIND
E/AudioFlinger( 1393): Sample rate out of range: 44100 mSampleRate 16000
E/AudioTrack( 2061): AudioFlinger could not create track, status: -22
E/SoundPool( 2061): Error creating AudioTrack
D/dalvikvm( 2276): GC_CONCURRENT freed 198K, 8% free 4875K/5244K, paused 2ms+5ms, total 44ms
D/dalvikvm( 2276): WAIT_FOR_CONCURRENT_GC blocked 10ms
I/dalvikvm-heap( 2276): Grow heap (frag case) to 5.269MB for 360016-byte allocation
D/dalvikvm( 2276): GC_FOR_ALLOC freed 9K, 7% free 5218K/5596K, paused 20ms, total 20ms
D/dalvikvm( 2276): GC_FOR_ALLOC freed 442K, 14% free 5037K/5840K, paused 21ms, total 21ms
I/dalvikvm-heap( 2276): Grow heap (frag case) to 5.476MB for 411152-byte allocation
D/dalvikvm( 2276): GC_FOR_ALLOC freed <1K, 13% free 5437K/6244K, paused 19ms, total 19ms
I/Choreographer( 2276): Skipped 77 frames! The application may be doing too much work on its main thread.
D/dalvikvm( 2276): GC_FOR_ALLOC freed 734K, 18% free 5137K/6244K, paused 20ms, total 20ms
D/dalvikvm( 2276): GC_CONCURRENT freed 177K, 11% free 5594K/6244K, paused 2ms+2ms, total 27ms
D/dalvikvm( 2276): WAIT_FOR_CONCURRENT_GC blocked 13ms
I/dalvikvm-heap( 2276): Grow heap (frag case) to 6.128MB for 525136-byte allocation
D/dalvikvm( 2276): GC_FOR_ALLOC freed 192K, 13% free 5914K/6760K, paused 19ms, total 19ms
D/dalvikvm( 2276): GC_FOR_ALLOC freed 519K, 20% free 5448K/6760K, paused 18ms, total 18ms
I/dalvikvm-heap( 2276): Grow heap (frag case) to 6.712MB for 1286224-byte allocation
D/dalvikvm( 2276): GC_FOR_ALLOC freed 10K, 17% free 6694K/8020K, paused 21ms, total 21ms
D/dalvikvm( 2276): GC_CONCURRENT freed 8K, 16% free 6760K/8020K, paused 2ms+5ms, total 28ms
D/dalvikvm( 2276): GC_FOR_ALLOC freed 1783K, 30% free 5688K/8020K, paused 19ms, total 19ms
D/dalvikvm( 2276): GC_CONCURRENT freed 605K, 28% free 5801K/8020K, paused 2ms+4ms, total 24ms
D/dalvikvm( 2276): WAIT_FOR_CONCURRENT_GC blocked 17ms
W/ActivityManager( 2061): Timeout executing service: ServiceRecord{4120a8b0 u0 com.android.bluetooth/.btservice.AdapterService}
I/Process ( 2061): Sending signal. PID: 2433 SIG: 3
I/dalvikvm( 2433): threadid=3: reacting to signal 3
I/dalvikvm( 2433): Wrote stack traces to '/data/anr/traces.txt'
I/Process ( 2061): Sending signal. PID: 2061 SIG: 3
I/dalvikvm( 2061): threadid=3: reacting to signal 3
I/Process ( 2061): Sending signal. PID: 2266 SIG: 3
I/dalvikvm( 2266): threadid=3: reacting to signal 3
I/dalvikvm( 2061): Wrote stack traces to '/data/anr/traces.txt'
I/Process ( 2061): Sending signal. PID: 2168 SIG: 3
I/dalvikvm( 2168): threadid=3: reacting to signal 3
I/dalvikvm( 2168): Wrote stack traces to '/data/anr/traces.txt'
I/dalvikvm( 2266): Wrote stack traces to '/data/anr/traces.txt'
D/dalvikvm( 2061): GC_CONCURRENT freed 529K, 11% free 6206K/6916K, paused 2ms+4ms, total 47ms
D/dalvikvm( 2061): WAIT_FOR_CONCURRENT_GC blocked 22ms
D/dalvikvm( 2061): GC_EXPLICIT freed 122K, 10% free 6230K/6916K, paused 2ms+5ms, total 50ms
E/ActivityManager( 2061): ANR in com.android.bluetooth
E/ActivityManager( 2061): Reason: Executing service com.android.bluetooth/.btservice.AdapterService
E/ActivityManager( 2061): Load: 0.81 / 0.27 / 0.09
E/ActivityManager( 2061): CPU usage from 16856ms to 0ms ago:
E/ActivityManager( 2061): 8.1% 2276/com.android.launcher: 7.1% user + 1% kernel / faults: 3577 minor 1 major
E/ActivityManager( 2061): 1.7% 2047/surfaceflinger: 1% user + 0.7% kernel
E/ActivityManager( 2061): 1.3% 2061/system_server: 1% user + 0.2% kernel / faults: 23 minor
E/ActivityManager( 2061): 1.1% 2233/org.linaro.wallpaper: 0.7% user + 0.4% kernel / faults: 33 minor
E/ActivityManager( 2061): 0.4% 521/kworker/u:3: 0% user + 0.4% kernel
E/ActivityManager( 2061): 0.7% 2433/com.android.bluetooth: 0.5% user + 0.1% kernel
E/ActivityManager( 2061): 0.6% 118/irq/72-ab8500: 0% user + 0.6% kernel
E/ActivityManager( 2061): 0.5% 43/kworker/0:1: 0% user + 0.5% kernel
E/ActivityManager( 2061): 0.1% 9/kworker/1:0: 0.1% user + 0% kernel
E/ActivityManager( 2061): 0.1% 13/kworker/u:1: 0% user + 0.1% kernel
E/ActivityManager( 2061): 0.1% 906/mmcqd/1: 0% user + 0.1% kernel
E/ActivityManager( 2061): 0% 94/irq/79-prcmu: 0% user + 0% kernel
E/ActivityManager( 2061): 0% 1385/sh: 0% user + 0% kernel / faults: 60 minor
E/ActivityManager( 2061): 6.1% TOTAL: 4.7% user + 1.3% kernel + 0% iowait + 0% softirq
E/ActivityManager( 2061): CPU usage from 775ms to 1288ms later:
E/ActivityManager( 2061): 5.6% 2061/system_server: 0% user + 5.6% kernel
E/ActivityManager( 2061): 5.6% 2077/ActivityManager: 0% user + 5.6% kernel
E/ActivityManager( 2061): 0.9% TOTAL: 0% user + 0.9% kernel
W/ActivityManager( 2061): Killing ProcessRecord{411fb5a8 2433:com.android.bluetooth/1002}: background ANR
D/dalvikvm( 2061): GC_FOR_ALLOC freed 31K, 10% free 6377K/7048K, paused 36ms, total 36ms
I/dalvikvm-heap( 2061): Grow heap (frag case) to 6.652MB for 262160-byte allocation
D/dalvikvm( 2061): GC_FOR_ALLOC freed 200K, 12% free 6432K/7308K, paused 39ms, total 39ms
I/ActivityManager( 2061): Process com.android.bluetooth (pid 2433) has died.
W/ActivityManager( 2061): Scheduling restart of crashed service com.android.bluetooth/.hdp.HealthService in 5000ms
W/ActivityManager( 2061): Scheduling restart of crashed service com.android.bluetooth/.pan.PanService in 5000ms
W/ActivityManager( 2061): Scheduling restart of crashed service com.android.bluetooth/.hid.HidService in 15000ms
W/ActivityManager( 2061): Scheduling restart of crashed service com.android.bluetooth/.a2dp.A2dpService in 25000ms
W/ActivityManager( 2061): Scheduling restart of crashed service com.android.bluetooth/.btservice.AdapterService in 35000ms
W/ActivityManager( 2061): Scheduling restart of crashed service com.android.bluetooth/.hfp.HeadsetService in 44999ms
W/ActivityManager( 2061): Scheduling restart of crashed service com.android.bluetooth/.pbap.BluetoothPbapService in 54999ms
D/dalvikvm( 2061): GC_FOR_ALLOC freed 13K, 13% free 6427K/7308K, paused 34ms, total 34ms
I/dalvikvm-heap( 2061): Grow heap (frag case) to 6.701MB for 262160-byte allocation
D/dalvikvm( 2061): GC_FOR_ALLOC freed 1K, 12% free 6681K/7568K, paused 37ms, total 37ms
D/dalvikvm( 2061): GC_FOR_ALLOC freed 0K, 12% free 6681K/7568K, paused 35ms, total 35ms
I/dalvikvm-heap( 2061): Grow heap (frag case) to 7.074MB for 393236-byte allocation
D/dalvikvm( 2061): GC_FOR_ALLOC freed 256K, 15% free 6809K/7956K, paused 36ms, total 36ms
D/dalvikvm( 2061): GC_FOR_ALLOC freed <1K, 15% free 6809K/7956K, paused 33ms, total 33ms
I/dalvikvm-heap( 2061): Grow heap (frag case) to 7.074MB for 262190-byte allocation
D/dalvikvm( 2061): GC_FOR_ALLOC freed 0K, 15% free 7065K/8216K, paused 34ms, total 34ms
D/dalvikvm( 2061): GC_FOR_ALLOC freed 776K, 24% free 6288K/8216K, paused 35ms, total 35ms
I/ActivityManager( 2061): Start proc com.android.bluetooth for service com.android.bluetooth/.pan.PanService: pid=2700 uid=1002 gids={41002, 3003, 3002, 3001, 1015, 3005, 1016, 3008, 1028}
I/ActivityThread( 2700): Pub com.android.bluetooth.opp: com.android.bluetooth.opp.BluetoothOppProvider
D/AdapterServiceConfig( 2700): Adding HeadsetService
D/AdapterServiceConfig( 2700): Adding A2dpService
D/AdapterServiceConfig( 2700): Adding HidService
D/AdapterServiceConfig( 2700): Adding HealthService
D/AdapterServiceConfig( 2700): Adding PanService
I/BluetoothPanServiceJni( 2700): classInitNative(L105): succeeds
D/PanService( 2700): onCreate
D/BluetoothManagerService( 2061): Message: 20
D/BluetoothManagerService( 2061): Added callback: android.bluetooth.IBluetoothManagerCallback$Stub$Proxy@41360058:true
I/BluetoothHidServiceJni( 2700): classInitNative: succeeds
D/HidService( 2700): onCreate
D/A2dpService( 2700): onCreate
D/BluetoothAdapterService( 2700): REFCOUNT: CREATED. INSTANCE_COUNT1
D/BluetoothAdapterState( 2700): make
I/bluedroid( 2700): init
D/btif_config.c( 2700): btif_config_init(L124): in initialized:0
D/bt-btif ( 2700): in initialized:0
D/btif_config.c( 2700): dump_node(L117): root, p->name:Bluedroid, child/value:0x5b1db3b0, bytes:160, p->used:0, type:0, p->flag:0
D/bt-btif ( 2700): ts[7].used:0
D/bt-btif ( 2700): alloc_thread_slot ret:7
D/bt-btif ( 2700): h:7, cmd_fdr:38, cmd_fdw:39
D/bt-btif ( 2700): h:7, thread id:1528470952
I/bte_conf( 2700): Attempt to load stack conf from /etc/bluetooth/bt_stack.conf
D/btif_config.c( 2700): dump_node(L117): found node, p->name:Address, child/value:0x5b2100a8, bytes:18, p->used:18, type:1, p->flag:0
D/bt-btif ( 2700): local bdaddr from bt_config.xml is 22:22:77:18:ee:c3
I/bluedroid( 2700): get_profile_interface socket
I/GKI_LINUX( 2700): gki_task_entry: gki_task_entry task_id=1 [BTIF] starting
D/bt-btif ( 2700): btif task starting
D/bt-btif ( 2700): btif_associate_evt: notify ASSOCIATE_JVM
D/BTIF_CORE( 2700): HAL bt_hal_cbacks->thread_evt_cb
I/bt-btif ( 2700): btif_get_adapter_property 2
I/bt-btif ( 2700): btif_get_adapter_property 1
I/bt-btif ( 2700): execute storage request event : 3
D/BTIF_CORE( 2700): HAL bt_hal_cbacks->adapter_properties_cb
I/BluetoothAdapterProperties( 2700): adapterPropertyChangedCallback with type:2 len:6
D/BluetoothManagerService( 2061): BluetoothServiceConnection: connected to AdapterService
D/BluetoothManagerService( 2061): Message: 40
D/BluetoothManagerService( 2061): MESSAGE_BLUETOOTH_SERVICE_CONNECTED
I/bt-btif ( 2700): execute storage request event : 3
D/BTIF_STORAGE( 2700): cfg2prop(L311): in, bd addr:, prop type:1, len:512
D/btif_config.c( 2700): dump_node(L118): found node is NULL
I/bt-btif ( 2700): btif_dm_get_adapter_property: type=0x1
D/BTIF_CORE( 2700): HAL bt_hal_cbacks->adapter_properties_cb
I/BluetoothAdapterProperties( 2700): adapterPropertyChangedCallback with type:1 len:0
D/BluetoothManagerService( 2061): Calling onBluetoothServiceUp callbacks
D/BluetoothManagerService( 2061): Broadcasting onBluetoothServiceUp() to 5 receivers.
D/BluetoothAdapter( 2266): onBluetoothServiceUp: android.bluetooth.IBluetooth$Stub$Proxy@410c5f28
D/BluetoothAdapter( 2168): onBluetoothServiceUp: android.bluetooth.IBluetooth$Stub$Proxy@41132230
D/BluetoothManagerService( 2061): Bluetooth Adapter name changed to
D/BluetoothManagerService( 2061): Stored Bluetooth name:
D/BluetoothAdapter( 2328): onBluetoothServiceUp: android.bluetooth.IBluetooth$Stub$Proxy@410fb340
D/BluetoothAdapter( 2700): onBluetoothServiceUp: com.android.bluetooth.btservice.AdapterService$AdapterServiceBinder@410eabe0
D/BluetoothAdapter( 2061): onBluetoothServiceUp: android.bluetooth.IBluetooth$Stub$Proxy@41354e28
D/HeadsetService( 2700): onCreate
D/BluetoothAdapterService( 2700): Broadcasting updateAdapterState() to 1 receivers.
D/BluetoothManagerService( 2061): Message: 60
D/BluetoothManagerService( 2061): MESSAGE_BLUETOOTH_STATE_CHANGE: prevState = 10, newState=11
D/BluetoothManagerService( 2061): Bluetooth State Change Intent: 10 -> 11
D/BluetoothBondStateMachine( 2700): make
I/BluetoothBondStateMachine( 2700): StableState(): Entering Off State D/BluetoothAdapterService(1091476952)( 2700): getState(): mAdapterProperties: com.android.bluetooth.btservice.AdapterProperties@410eaf78
D/HeadsetService( 2700): onStartCommand()
D/HeadsetService( 2700): Received start request. Starting profile...
D/HeadsetService( 2700): start() D/BluetoothAdapterService(1091476952)( 2700): getState(): mAdapterProperties: com.android.bluetooth.btservice.AdapterProperties@410eaf78
I/BluetoothHeadsetServiceJni( 2700): classInitNative: succeeds
D/HeadsetStateMachine( 2700): make
I/bluedroid( 2700): get_profile_interface handsfree
I/bt-btif ( 2700): btif_hf_get_interface
I/bt-btif ( 2700): init
E/bt-btif ( 2700): btif_enable_service: current services:0x40
D/A2dpService( 2700): onStartCommand()
D/A2dpService( 2700): Received start request. Starting profile...
D/A2dpService( 2700): start()
I/BluetoothA2dpServiceJni( 2700): classInitNative: succeeds
D/A2dpStateMachine( 2700): make
I/bluedroid( 2700): get_profile_interface a2dp
I/bt-btif ( 2700): btif_av_get_interface
I/bt-btif ( 2700): init
I/bt-btif ( 2700): ## A2DP START MEDIA TASK ##
I/GKI_LINUX( 2700): gki_task_entry: gki_task_entry task_id=2 [A2DP-MEDIA] starting
D/bt-btif ( 2700): UIPC_Init
I/bt-btif ( 2700): ### uipc_main_init ###
D/bt-btif ( 2700): UIPC_Open : ch_id 0, p_cback 5cf3ec49
I/bt-btif ( 2700): SETUP CHANNEL SERVER 0
I/bt-btif ( 2700): create_server_socket /data/misc/bluedroid/.a2dp_ctrl
I/bt-btif ( 2700): created socket fd 51
I/bt-btif ( 2700): ADD SERVER FD TO ACTIVE SET 51
I/bt-btif ( 2700): UIPC SEND WAKE UP
I/bt-btif ( 2700): ## A2DP MEDIA TASK STARTED ##
E/bt-btif ( 2700): btif_enable_service: current services:0x40040
D/bt-btif ( 2700): btif_rc_init
D/bt-btif ( 2700): btif_av_state_idle_handler event:BTIF_SM_ENTER_EVT flags 0
I/bt-btif ( 2700): ## ON A2DP IDLE ##
D/bt-btif ( 2700): btif_media_task_aa_stop_tx is timer: 0
D/bt-btif ( 2700): UIPC_Close : ch_id 1
I/bt-btif ( 2700): CHANNEL 1 ALREADY CLOSED
D/bt-btif ( 2700): bta_av_co_init
D/bt-btif ( 2700): bta_av_co_cp_set_flag
D/bt-btif ( 2700): bta_av_co_audio_codec_reset
D/A2dpStateMachine( 2700): Enter Disconnected: -2
D/HidService( 2700): onStartCommand()
D/HidService( 2700): Received start request. Starting profile...
D/HidService( 2700): start()
I/bluedroid( 2700): get_profile_interface hidhost
I/bt-btif ( 2700): btif_hh_get_interface
I/bt-btif ( 2700): init
E/bt-btif ( 2700): btif_enable_service: current services:0x140040
I/BluetoothHealthServiceJni( 2700): classInitNative: succeeds
D/HealthService( 2700): onCreate
D/HealthService( 2700): onStartCommand()
D/HealthService( 2700): Received start request. Starting profile...
D/HealthService( 2700): start()
I/bluedroid( 2700): get_profile_interface health
I/bt-btif ( 2700): btif_hl_get_interface
I/bt-btif ( 2700): init
D/bt-btif ( 2700): Process name (droid.bluetooth)
D/bt-btif ( 2700): btif_hl_soc_thread_init
D/bt-btif ( 2700): create_thread: entered
D/bt-btif ( 2700): create_thread: thread created successfully
D/PanService( 2700): onStartCommand()
D/PanService( 2700): Received start request. Starting profile...
D/PanService( 2700): start()
D/BluetoothPanServiceJni( 2700): initializeNative(L110): pan
I/bluedroid( 2700): get_profile_interface pan
D/BTIF_PAN( 2700): btif_pan: btpan_jni_init(L168): stack_initialized = 0, btpan_cb.enabled:0
D/BTIF_PAN( 2700): btif_pan: btpan_jni_init(L173): leaving
D/BluetoothAdapterService( 2700): Profile still not running:com.android.bluetooth.hdp.HealthService
D/bt-btif ( 2700): entered btif_hl_select_thread
D/bt-btif ( 2700): btif_hl_select_wakeup_init
D/bt-btif ( 2700): btif_hl_select_wakeup_init signal_fds[0]=55 signal_fds[1]=56
D/bt-btif ( 2700): max_s=55
D/bt-btif ( 2700): set curr_set = org_set
D/BluetoothAdapterService( 2700): Profile still not running:com.android.bluetooth.hdp.HealthService
D/BluetoothAdapterService( 2700): Profile still not running:com.android.bluetooth.hdp.HealthService
D/BluetoothAdapterService( 2700): Profile still not running:com.android.bluetooth.pan.PanService
D/HeadsetPhoneState( 2700): sendDeviceStateChanged. mService=0 mSignal=0 mRoam=0 mBatteryCharge=5
I/bluedroid( 2700): enable
D/bt-btif ( 2700): BTIF ENABLE BLUETOOTH
D/bt-btif ( 2700): bte_main_enable
I/bt_hci_bdroid( 2700): init
I/bt_vendor( 2700): init
I/bt_vnd_conf( 2700): Attempt to load conf from /etc/bluetooth/bt_vendor.conf
I/bt_vnd_conf( 2700): vnd_load_conf file >/etc/bluetooth/bt_vendor.conf< not found
I/bt-btif ( 2700): libbt-hci init returns 0
I/bt_hci_bdroid( 2700): bt_hc_worker_thread started
E/bt_upio ( 2700): init_rfkill : open(/sys/class/rfkill/rfkill0/type) failed: No such file or directory (2)
E/bt_upio ( 2700): init_rfkill : open(/sys/class/rfkill/rfkill0/type) failed: No such file or directory (2)
I/bt_userial_vendor( 2700): userial vendor open: opening /dev/ttyO1
E/bt_userial_vendor( 2700): userial vendor open: unable to open /dev/ttyO1
E/bt_userial( 2700): userial_open: wrong numbers of open fd in vendor lib [0]!
E/bt_userial( 2700): userial_open: HCI UART expects only one open fd
I/GKI_LINUX( 2700): gki_task_entry: gki_task_entry task_id=0 [BTU] starting
E/BluetoothAdapterState( 2700): Error enabling Bluetooth
D/BluetoothAdapterService( 2700): Broadcasting updateAdapterState() to 1 receivers.
D/BluetoothManagerService( 2061): Message: 60
D/BluetoothManagerService( 2061): MESSAGE_BLUETOOTH_STATE_CHANGE: prevState = 11, newState=10
D/BluetoothManagerService( 2061): Broadcasting onBluetoothStateChange(false) to 7 receivers.
D/BluetoothA2dp( 2061): onBluetoothStateChange: up=false
E/BluetoothA2dp( 2061):
E/BluetoothA2dp( 2061): java.lang.IllegalArgumentException: Service not registered: android.bluetooth.BluetoothA2dp$2@41362dd8
E/BluetoothA2dp( 2061): at android.app.LoadedApk.forgetServiceDispatcher(LoadedApk.java:921)
E/BluetoothA2dp( 2061): at android.app.ContextImpl.unbindService(ContextImpl.java:1460)
E/BluetoothA2dp( 2061): at android.bluetooth.BluetoothA2dp$1.onBluetoothStateChange(BluetoothA2dp.java:121)
E/BluetoothA2dp( 2061): at com.android.server.BluetoothManagerService.sendBluetoothStateCallback(BluetoothManagerService.java:411)
E/BluetoothA2dp( 2061): at com.android.server.BluetoothManagerService.bluetoothStateChangeHandler(BluetoothManagerService.java:982)
E/BluetoothA2dp( 2061): at com.android.server.BluetoothManagerService.access$1900(BluetoothManagerService.java:48)
E/BluetoothA2dp( 2061): at com.android.server.BluetoothManagerService$BluetoothHandler.handleMessage(BluetoothManagerService.java:752)
E/BluetoothA2dp( 2061): at android.os.Handler.dispatchMessage(Handler.java:99)
E/BluetoothA2dp( 2061): at android.os.Looper.loop(Looper.java:137)
E/BluetoothA2dp( 2061): at android.os.HandlerThread.run(HandlerThread.java:60)
D/BluetoothInputDevice( 2328): onBluetoothStateChange: up=false
E/BluetoothInputDevice( 2328):
E/BluetoothInputDevice( 2328): java.lang.IllegalArgumentException: Service not registered: android.bluetooth.BluetoothInputDevice$2@4110bbb0
E/BluetoothInputDevice( 2328): at android.app.LoadedApk.forgetServiceDispatcher(LoadedApk.java:921)
E/BluetoothInputDevice( 2328): at android.app.ContextImpl.unbindService(ContextImpl.java:1460)
E/BluetoothInputDevice( 2328): at android.content.ContextWrapper.unbindService(ContextWrapper.java:484)
E/BluetoothInputDevice( 2328): at android.bluetooth.BluetoothInputDevice$1.onBluetoothStateChange(BluetoothInputDevice.java:199)
E/BluetoothInputDevice( 2328): at android.bluetooth.IBluetoothStateChangeCallback$Stub.onTransact(IBluetoothStateChangeCallback.java:55)
E/BluetoothInputDevice( 2328): at android.os.Binder.execTransact(Binder.java:351)
E/BluetoothInputDevice( 2328): at dalvik.system.NativeStart.run(Native Method)
D/BluetoothPbap( 2328): onBluetoothStateChange: up=false
E/BluetoothPbap( 2328):
E/BluetoothPbap( 2328): java.lang.IllegalArgumentException: Service not registered: android.bluetooth.BluetoothPbap$2@41115170
E/BluetoothPbap( 2328): at android.app.LoadedApk.forgetServiceDispatcher(LoadedApk.java:921)
E/BluetoothPbap( 2328): at android.app.ContextImpl.unbindService(ContextImpl.java:1460)
E/BluetoothPbap( 2328): at android.content.ContextWrapper.unbindService(ContextWrapper.java:484)
E/BluetoothPbap( 2328): at android.bluetooth.BluetoothPbap$1.onBluetoothStateChange(BluetoothPbap.java:122)
E/BluetoothPbap( 2328): at android.bluetooth.IBluetoothStateChangeCallback$Stub.onTransact(IBluetoothStateChangeCallback.java:55)
E/BluetoothPbap( 2328): at android.os.Binder.execTransact(Binder.java:351)
E/BluetoothPbap( 2328): at dalvik.system.NativeStart.run(Native Method)
E/BluetoothPan( 2328):
E/BluetoothPan( 2328): java.lang.IllegalArgumentException: Service not registered: android.bluetooth.BluetoothPan$2@41110730
E/BluetoothPan( 2328): at android.app.LoadedApk.forgetServiceDispatcher(LoadedApk.java:921)
E/BluetoothPan( 2328): at android.app.ContextImpl.unbindService(ContextImpl.java:1460)
E/BluetoothPan( 2328): at android.content.ContextWrapper.unbindService(ContextWrapper.java:484)
E/BluetoothPan( 2328): at android.bluetooth.BluetoothPan$1.onBluetoothStateChange(BluetoothPan.java:183)
E/BluetoothPan( 2328): at android.bluetooth.IBluetoothStateChangeCallback$Stub.onTransact(IBluetoothStateChangeCallback.java:55)
E/BluetoothPan( 2328): at android.os.Binder.execTransact(Binder.java:351)
E/BluetoothPan( 2328): at dalvik.system.NativeStart.run(Native Method)
D/BluetoothHeadset( 2266): onBluetoothStateChange: up=false
E/BluetoothHeadset( 2266):
E/BluetoothHeadset( 2266): java.lang.IllegalArgumentException: Service not registered: android.bluetooth.BluetoothHeadset$2@410d7728
E/BluetoothHeadset( 2266): at android.app.LoadedApk.forgetServiceDispatcher(LoadedApk.java:921)
E/BluetoothHeadset( 2266): at android.app.ContextImpl.unbindService(ContextImpl.java:1460)
E/BluetoothHeadset( 2266): at android.content.ContextWrapper.unbindService(ContextWrapper.java:484)
E/BluetoothHeadset( 2266): at android.bluetooth.BluetoothHeadset$1.onBluetoothStateChange(BluetoothHeadset.java:234)
E/BluetoothHeadset( 2266): at android.bluetooth.IBluetoothStateChangeCallback$Stub.onTransact(IBluetoothStateChangeCallback.java:55)
E/BluetoothHeadset( 2266): at android.os.Binder.execTransact(Binder.java:351)
E/BluetoothHeadset( 2266): at dalvik.system.NativeStart.run(Native Method)
D/BluetoothHeadset( 2266): onBluetoothStateChange: up=false
E/BluetoothHeadset( 2266):
E/BluetoothHeadset( 2266): java.lang.IllegalArgumentException: Service not registered: android.bluetooth.BluetoothHeadset$2@410e38a8
E/BluetoothHeadset( 2266): at android.app.LoadedApk.forgetServiceDispatcher(LoadedApk.java:921)
E/BluetoothHeadset( 2266): at android.app.ContextImpl.unbindService(ContextImpl.java:1460)
E/BluetoothHeadset( 2266): at android.content.ContextWrapper.unbindService(ContextWrapper.java:484)
E/BluetoothHeadset( 2266): at android.bluetooth.BluetoothHeadset$1.onBluetoothStateChange(BluetoothHeadset.java:234)
E/BluetoothHeadset( 2266): at android.bluetooth.IBluetoothStateChangeCallback$Stub.onTransact(IBluetoothStateChangeCallback.java:55)
E/BluetoothHeadset( 2266): at android.os.Binder.execTransact(Binder.java:351)
E/BluetoothHeadset( 2266): at dalvik.system.NativeStart.run(Native Method)
D/BluetoothHeadset( 2061): onBluetoothStateChange: up=false
E/BluetoothHeadset( 2061):
E/BluetoothHeadset( 2061): java.lang.IllegalArgumentException: Service not registered: android.bluetooth.BluetoothHeadset$2@41369f98
E/BluetoothHeadset( 2061): at android.app.LoadedApk.forgetServiceDispatcher(LoadedApk.java:921)
E/BluetoothHeadset( 2061): at android.app.ContextImpl.unbindService(ContextImpl.java:1460)
E/BluetoothHeadset( 2061): at android.bluetooth.BluetoothHeadset$1.onBluetoothStateChange(BluetoothHeadset.java:234)
E/BluetoothHeadset( 2061): at com.android.server.BluetoothManagerService.sendBluetoothStateCallback(BluetoothManagerService.java:411)
E/BluetoothHeadset( 2061): at com.android.server.BluetoothManagerService.bluetoothStateChangeHandler(BluetoothManagerService.java:982)
E/BluetoothHeadset( 2061): at com.android.server.BluetoothManagerService.access$1900(BluetoothManagerService.java:48)
E/BluetoothHeadset( 2061): at com.android.server.BluetoothManagerService$BluetoothHandler.handleMessage(BluetoothManagerService.java:752)
E/BluetoothHeadset( 2061): at android.os.Handler.dispatchMessage(Handler.java:99)
E/BluetoothHeadset( 2061): at android.os.Looper.loop(Looper.java:137)
E/BluetoothHeadset( 2061): at android.os.HandlerThread.run(HandlerThread.java:60)
D/BluetoothManagerService( 2061): Bluetooth State Change Intent: 11 -> 10 D/BluetoothAdapterService(1091476952)( 2700): getState(): mAdapterProperties: com.android.bluetooth.btservice.AdapterProperties@410eaf78
W/ApplicationContext( 2328): Calling a method in the system process without a qualified user: android.app.ContextImpl.startService:1361 android.content.ContextWrapper.startService:450 android.content.ContextWrapper.startService:450
D/DockEventReceiver( 2328): finishStartingService: stopping service D/BluetoothAdapterService(1091476952)( 2700): getState(): mAdapterProperties: com.android.bluetooth.btservice.AdapterProperties@410eaf78
E/AudioFlinger( 1393): Sample rate out of range: 44100 mSampleRate 16000
E/AudioTrack( 2061): AudioFlinger could not create track, status: -22
E/SoundPool( 2061): Error creating AudioTrack
I/ActivityManager( 2061): START u0 {act=android.intent.action.MAIN cat=[android.intent.category.LAUNCHER] flg=0x10200000 cmp=org.linaro.glmark2/.MainActivity} from pid 2276
D/PermissionCache( 2047): checking android.permission.READ_FRAME_BUFFER for uid=1000 => granted (1525 us)
D/dalvikvm( 2061): GC_CONCURRENT freed 822K, 25% free 6190K/8196K, paused 3ms+4ms, total 62ms
D/dalvikvm( 2061): WAIT_FOR_CONCURRENT_GC blocked 10ms
I/ActivityManager( 2061): Start proc org.linaro.glmark2 for activity org.linaro.glmark2/.MainActivity: pid=2729 uid=10021 gids={50021, 1028, 1015}
D/dalvikvm( 2032): GC_EXPLICIT freed 38K, 6% free 3409K/3624K, paused 1ms+4ms, total 30ms
I/InputDispatcher( 2061): Dropping event because there is no touched window.
I/InputDispatcher( 2061): Dropping event because there is no touched window.
D/dalvikvm( 2032): GC_EXPLICIT freed <1K, 6% free 3409K/3624K, paused 2ms+18ms, total 52ms
D/dalvikvm( 2032): GC_EXPLICIT freed <1K, 6% free 3409K/3624K, paused 2ms+3ms, total 34ms
I/ActivityManager( 2061): Displayed org.linaro.glmark2/.MainActivity: +601ms
E/AudioFlinger( 1393): Sample rate out of range: 44100 mSampleRate 16000
E/AudioTrack( 2061): AudioFlinger could not create track, status: -22
E/SoundPool( 2061): Error creating AudioTrack
I/ActivityManager( 2061): START u0 {cmp=org.linaro.glmark2/.Glmark2Activity} from pid 2729
D/dalvikvm( 2729): GC_CONCURRENT freed 131K, 8% free 3666K/3972K, paused 7ms+3ms, total 35ms
I/ActivityManager( 2061): Start proc org.linaro.glmark2:glmark2 for activity org.linaro.glmark2/.Glmark2Activity: pid=2753 uid=10021 gids={50021, 1028, 1015}
D/libEGL ( 2753): loaded /system/lib/egl/libEGL_mali.so
I/Choreographer( 2753): Skipped 37 frames! The application may be doing too much work on its main thread.
D/libEGL ( 2753): loaded /system/lib/egl/libGLESv1_CM_mali.so
D/libEGL ( 2753): loaded /system/lib/egl/libGLESv2_mali.so
I/Mali-EGL( 2753): Mali libraries compiled on Oct 17 2012, at 18:49:59
I/ActivityManager( 2061): Displayed org.linaro.glmark2/.Glmark2Activity: +390ms
I/glmark2 ( 2753): glmark2 2012.08
I/glmark2 ( 2753): OpenGL Information
I/glmark2 ( 2753): GL_VENDOR: ARM
I/glmark2 ( 2753): GL_RENDERER: Mali-400 MP
I/glmark2 ( 2753): GL_VERSION: OpenGL ES 2.0
D/SystemClock( 2061): Setting time of day to sec=1355286400
V/AlarmClock( 2465): AlarmInitReceiver finished
I/AudioService( 2061): AudioFocus abandonAudioFocus() from android.media.AudioManager@410e2c48com.android.music.MediaPlaybackService$3@410e1868
I/ActivityManager( 2061): Start proc com.android.musicfx for broadcast com.android.musicfx/.ControlPanelReceiver: pid=2783 uid=10011 gids={50011, 3003, 3002, 1028}
V/MusicFXControlPanelReceiver( 2783): onReceive
V/MusicFXControlPanelReceiver( 2783): Action: android.media.action.CLOSE_AUDIO_EFFECT_CONTROL_SESSION
V/MusicFXControlPanelReceiver( 2783): Package name: com.android.music
V/MusicFXControlPanelReceiver( 2783): Audio session: 4
V/MusicFXControlPanelEffect( 2783): closeSession(android.app.ReceiverRestrictedContext@410d45b0, com.android.music, 4)
I/glmark2 ( 2753): [build] use-vbo=false: FPS: 54 FrameTime: 18.519 ms
I/glmark2 ( 2753): [build] use-vbo=true: FPS: 58 FrameTime: 17.241 ms
I/glmark2 ( 2753): [texture] texture-filter=nearest: FPS: 56 FrameTime: 17.857 ms
E/ThrottleService( 2061): problem during onPollAlarm: java.lang.IllegalStateException: problem parsing stats: java.io.FileNotFoundException: /proc/net/xt_qtaguid/iface_stat_all: open failed: ENOENT (No such file or directory)
I/glmark2 ( 2753): [texture] texture-filter=linear: FPS: 54 FrameTime: 18.519 ms
I/glmark2 ( 2753): [texture] texture-filter=mipmap: FPS: 53 FrameTime: 18.868 ms
I/glmark2 ( 2753): [shading] shading=gouraud: FPS: 57 FrameTime: 17.544 ms
I/glmark2 ( 2753): [shading] shading=blinn-phong-inf: FPS: 52 FrameTime: 19.231 ms
I/glmark2 ( 2753): [shading] shading=phong: FPS: 44 FrameTime: 22.727 ms
I/glmark2 ( 2753): [bump] bump-render=high-poly: FPS: 45 FrameTime: 22.222 ms
I/glmark2 ( 2753): [bump] bump-render=normals: FPS: 54 FrameTime: 18.519 ms
I/glmark2 ( 2753): [bump] bump-render=height: FPS: 51 FrameTime: 19.608 ms
I/glmark2 ( 2753): [effect2d] kernel=0,1,0;1,-4,1;0,1,0;: FPS: 20 FrameTime: 50.000 ms
I/glmark2 ( 2753): [effect2d] kernel=1,1,1,1,1;1,1,1,1,1;1,1,1,1,1;: FPS: 13 FrameTime: 76.923 ms
I/glmark2 ( 2753): [pulsar] light=false:quads=5:texture=false: FPS: 58 FrameTime: 17.241 ms
I/glmark2 ( 2753): [desktop] blur-radius=5:effect=blur:passes=1:separable=true:windows=4: FPS: 10 FrameTime: 100.000 ms
I/glmark2 ( 2753): [desktop] effect=shadow:windows=4: FPS: 24 FrameTime: 41.667 ms
E/glmark2 ( 2753): Requested MapBuffer VBO update method but GL_OES_mapbuffer is not supported!
I/glmark2 ( 2753): [buffer] columns=200:interleave=false:update-dispersion=0.9:update-fraction=0.5:update-method=map: Unsupported
I/glmark2 ( 2753): [buffer] columns=200:interleave=false:update-dispersion=0.9:update-fraction=0.5:update-method=subdata: FPS: 22 FrameTime: 45.455 ms
E/glmark2 ( 2753): Requested MapBuffer VBO update method but GL_OES_mapbuffer is not supported!
I/glmark2 ( 2753): [buffer] columns=200:interleave=true:update-dispersion=0.9:update-fraction=0.5:update-method=map: Unsupported
I/glmark2 ( 2753): [ideas] speed=duration: FPS: 47 FrameTime: 21.277 ms
I/glmark2 ( 2753): [jellyfish] : FPS: 35 FrameTime: 28.571 ms
E/glmark2 ( 2753): SceneTerrain requires Vertex Texture Fetch support, but GL_MAX_VERTEX_TEXTURE_IMAGE_UNITS is 0
I/glmark2 ( 2753): [terrain] : Unsupported
I/glmark2 ( 2753): [conditionals] fragment-steps=0:vertex-steps=0: FPS: 54 FrameTime: 18.519 ms
I/glmark2 ( 2753): [conditionals] fragment-steps=5:vertex-steps=0: FPS: 38 FrameTime: 26.316 ms
I/glmark2 ( 2753): [conditionals] fragment-steps=0:vertex-steps=5: FPS: 55 FrameTime: 18.182 ms
I/glmark2 ( 2753): [function] fragment-complexity=low:fragment-steps=5: FPS: 45 FrameTime: 22.222 ms
I/glmark2 ( 2753): [function] fragment-complexity=medium:fragment-steps=5: FPS: 36 FrameTime: 27.778 ms
I/glmark2 ( 2753): [loop] fragment-loop=false:fragment-steps=5:vertex-steps=5: FPS: 45 FrameTime: 22.222 ms
I/glmark2 ( 2753): [loop] fragment-steps=5:fragment-uniform=false:vertex-steps=5: FPS: 45 FrameTime: 22.222 ms
I/glmark2 ( 2753): [loop] fragment-steps=5:fragment-uniform=true:vertex-steps=5: FPS: 45 FrameTime: 22.222 ms
I/glmark2 ( 2753): glmark2 Score: 43
I/Process ( 2753): Sending signal. PID: 2753 SIG: 9
W/ActivityManager( 2061): Duplicate finish request for ActivityRecord{41255d10 u0 org.linaro.glmark2/.Glmark2Activity}
