--------- beginning of /dev/log/main
I/installd( 1394): installd firing up
I/DEBUG ( 1389): debuggerd: Dec 9 2012 03:21:05 --------- beginning of /dev/log/system
I/Vold ( 1387): Vold 2.1 (the revenge) firing up
D/Vold ( 1387): Volume sdcard state changing -1 (Initializing) -> 0 (No-Media)
D/Vold ( 1387): Volume sdcard state changing 0 (No-Media) -> 2 (Pending)
D/Vold ( 1387): Volume sdcard state changing 2 (Pending) -> 1 (Idle-Unmounted)
I/Netd ( 1388): Netd 1.0 starting
W/InterfaceController( 1388): Warning (Cannot load library: load_library(linker.cpp:745): library "/system/lib/libnetcmdiface.so" not found) while opening the net interface command library
E/Netd ( 1388): exec() res=768 for /system/bin/ip6tables -t filter -N bw_INPUT
E/Netd ( 1388): exec() res=768 for /system/bin/ip6tables -t filter -A INPUT -j bw_INPUT
I/SurfaceFlinger( 1390): SurfaceFlinger is starting
I/SurfaceFlinger( 1390): SurfaceFlinger's main thread ready to run. Initializing graphics H/W...
E/Netd ( 1388): exec() res=768 for /system/bin/ip6tables -t filter -N fw_INPUT
E/Netd ( 1388): exec() res=768 for /system/bin/ip6tables -t filter -A INPUT -j fw_INPUT
E/Netd ( 1388): exec() res=768 for /system/bin/ip6tables -t filter -N oem_fwd
E/Netd ( 1388): exec() res=768 for /system/bin/ip6tables -t filter -A FORWARD -j oem_fwd
E/Netd ( 1388): exec() res=768 for /system/bin/ip6tables -t filter -N fw_FORWARD
E/Netd ( 1388): exec() res=768 for /system/bin/ip6tables -t filter -A FORWARD -j fw_FORWARD
E/Netd ( 1388): exec() res=768 for /system/bin/ip6tables -t filter -N bw_FORWARD
E/Netd ( 1388): exec() res=768 for /system/bin/ip6tables -t filter -A FORWARD -j bw_FORWARD
E/Netd ( 1388): exec() res=768 for /system/bin/ip6tables -t filter -N natctrl_FORWARD
E/Netd ( 1388): exec() res=768 for /system/bin/ip6tables -t filter -A FORWARD -j natctrl_FORWARD
E/Netd ( 1388): exec() res=768 for /system/bin/ip6tables -t filter -N oem_out
E/Netd ( 1388): exec() res=768 for /system/bin/ip6tables -t filter -A OUTPUT -j oem_out
E/Netd ( 1388): exec() res=768 for /system/bin/ip6tables -t filter -N fw_OUTPUT
E/Netd ( 1388): exec() res=768 for /system/bin/ip6tables -t filter -A OUTPUT -j fw_OUTPUT
E/Netd ( 1388): exec() res=768 for /system/bin/ip6tables -t filter -N bw_OUTPUT
E/Netd ( 1388): exec() res=768 for /system/bin/ip6tables -t filter -A OUTPUT -j bw_OUTPUT
E/Netd ( 1388): exec() res=768 for /system/bin/iptables -t raw -N bw_raw_PREROUTING
E/Netd ( 1388): exec() res=768 for /system/bin/ip6tables -t raw -N bw_raw_PREROUTING
E/Netd ( 1388): exec() res=768 for /system/bin/iptables -t raw -A PREROUTING -j bw_raw_PREROUTING
E/Netd ( 1388): exec() res=768 for /system/bin/ip6tables -t raw -A PREROUTING -j bw_raw_PREROUTING
D/libEGL ( 1390): loaded /system/lib/egl/libEGL_mali.so
D/AndroidRuntime( 1391):
D/AndroidRuntime( 1391): >>>>>> AndroidRuntime START com.android.internal.os.ZygoteInit <<<<<<
D/AndroidRuntime( 1391): CheckJNI is ON
I/mediaserver( 1393): ServiceManager: 0x40b53e60
I/AudioFlinger( 1393): Using default 3000 mSec as standby time.
I/CameraService( 1393): CameraService started (pid=1393)
E/CameraService( 1393): Could not load camera HAL module
E/Netd ( 1388): exec() res=768 for /system/bin/iptables -t raw -N idletimer_raw_PREROUTING
E/Netd ( 1388): exec() res=768 for /system/bin/ip6tables -t raw -N idletimer_raw_PREROUTING
E/Netd ( 1388): exec() res=768 for /system/bin/iptables -t raw -A PREROUTING -j idletimer_raw_PREROUTING
E/Netd ( 1388): exec() res=768 for /system/bin/ip6tables -t raw -A PREROUTING -j idletimer_raw_PREROUTING
E/AudioPolicyManagerBase( 1393): could not load audio policy configuration file, setting defaults
I/AudioFlinger( 1393): loadHwModule() Loaded primary audio interface from Default audio HW HAL (audio) handle 1
I/AudioFlinger( 1393): HAL output buffer size 2048 frames, normal mix buffer size 2048 frames
E/Netd ( 1388): exec() res=768 for /system/bin/ip6tables -t mangle -N bw_mangle_POSTROUTING
E/Netd ( 1388): exec() res=768 for /system/bin/ip6tables -t mangle -A POSTROUTING -j bw_mangle_POSTROUTING
D/libEGL ( 1390): loaded /system/lib/egl/libGLESv1_CM_mali.so
D/libEGL ( 1390): loaded /system/lib/egl/libGLESv2_mali.so
E/Netd ( 1388): exec() res=768 for /system/bin/ip6tables -t mangle -N idletimer_mangle_POSTROUTING
E/Netd ( 1388): exec() res=768 for /system/bin/ip6tables -t mangle -A POSTROUTING -j idletimer_mangle_POSTROUTING
I/Mali-EGL( 1390): Mali libraries compiled on Oct 17 2012, at 18:49:59
E/SurfaceFlinger( 1390): framebuffer_open failed (No such file or directory)
E/SurfaceFlinger( 1390): ERROR: failed to open framebuffer, aborting
F/libc ( 1390): Fatal signal 11 (SIGSEGV) at 0xdeadbaad (code=1), thread 1476 (SurfaceFlinger)
I/AudioMixer( 1393): found effect "Multichannel Downmix To Stereo" from The Android Open Source Project
E/AudioFlinger( 1393): Invalid audio hardware channel count 1
I/AudioFlinger( 1393): Using module 1 has the primary audio interface
I/AudioFlinger( 1393): AudioFlinger's thread 0x40e71008 ready to run
W/AudioFlinger( 1393): Thread AudioOut_2 cannot connect to the power manager service
W/AudioFlinger( 1393): Thread AudioOut_2 cannot connect to the power manager service
I/AudioPolicyService( 1393): Loaded audio policy from LEGACY Audio Policy HAL (audio_policy)
I/DEBUG ( 1389): *** *** *** *** *** *** *** *** *** *** *** *** *** *** *** ***
I/DEBUG ( 1389): Build fingerprint: 'snowball/snowball/snowball:4.2.1/JOP40D/148:eng/test-keys'
I/DEBUG ( 1389): Revision: '0'
I/DEBUG ( 1389): pid: 1390, tid: 1476, name: SurfaceFlinger >>> /system/bin/surfaceflinger <<<
I/DEBUG ( 1389): signal 11 (SIGSEGV), code 1 (SEGV_MAPERR), fault addr deadbaad
E/BandwidthController( 1388): runIptablesCmd(): failed /system/bin/ip6tables -N costly_shared res=768
I/DEBUG ( 1389): r0 00000000 r1 00000027 r2 a0000000 r3 00000000
I/DEBUG ( 1389): r4 00000000 r5 40550d34 r6 412f0c78 r7 4014d240
I/DEBUG ( 1389): r8 40768630 r9 00000000 sl 0000003e fp be9f3b58
I/DEBUG ( 1389): ip 4014d278 sp 40550d30 lr deadbaad pc 4010caa0 cpsr 60070030
I/DEBUG ( 1389): d0 52444e415f4c4745 d1 67616d695f44494f
I/DEBUG ( 1389): d2 65766974616e5f65 d3 207265666675625f
I/DEBUG ( 1389): d4 000000c0000000c0 d5 4103f6604103f660
I/DEBUG ( 1389): d6 0000000000000000 d7 00000000bd6bc8e3
I/DEBUG ( 1389): d8 0000000000000000 d9 0000000000000000
I/DEBUG ( 1389): d10 0000000000000000 d11 0000000000000000
I/DEBUG ( 1389): d12 0000000000000000 d13 0000000000000000
I/DEBUG ( 1389): d14 0000000000000000 d15 0000000000000000
I/DEBUG ( 1389): d16 0000000000000000 d17 0000001300000013
I/DEBUG ( 1389): d18 000000a8000000a0 d19 4103f4d04103f4d0
I/DEBUG ( 1389): d20 4103f5784103f570 d21 4103f5884103f580
I/DEBUG ( 1389): d22 4103f5a04103f5a0 d23 4103f5a04103f5a0
I/DEBUG ( 1389): d24 4103f4d04103f4d0 d25 4103f4d04103f4d0
I/DEBUG ( 1389): d26 0000000800000008 d27 0000000800000008
I/DEBUG ( 1389): d28 0000000400000004 d29 0000000400000004
I/DEBUG ( 1389): d30 0000000000000000 d31 0000000000000000
I/DEBUG ( 1389): scr 00000010
I/DEBUG ( 1389):
I/DEBUG ( 1389): backtrace:
I/DEBUG ( 1389): #00 pc 0001daa0 /system/lib/libc.so
I/DEBUG ( 1389): #01 pc deadbaab
I/DEBUG ( 1389):
I/DEBUG ( 1389): stack:
I/DEBUG ( 1389): 40550cf0 c0000000
I/DEBUG ( 1389): 40550cf4 412f0ee0
I/DEBUG ( 1389): 40550cf8 412f0ee8
I/DEBUG ( 1389): 40550cfc 400e1680 /system/lib/libsurfaceflinger.so
I/DEBUG ( 1389): 40550d00 00000000
I/DEBUG ( 1389): 40550d04 412f0c80
I/DEBUG ( 1389): 40550d08 4014a208 /system/lib/libc.so
I/DEBUG ( 1389): 40550d0c ffffffff
I/DEBUG ( 1389): 40550d10 00000000
I/DEBUG ( 1389): 40550d14 401115e7 /system/lib/libc.so (_fwalk+50)
I/DEBUG ( 1389): 40550d18 400b0000
I/DEBUG ( 1389): 40550d1c 40550d34 [stack:1476]
I/DEBUG ( 1389): 40550d20 412f0c78
I/DEBUG ( 1389): 40550d24 4014d240
I/DEBUG ( 1389): 40550d28 df0027ad
I/DEBUG ( 1389): 40550d2c 00000000
I/DEBUG ( 1389): #00 40550d30 412f0c78
I/DEBUG ( 1389): ........ ........
I/DEBUG ( 1389): #01 40550d30 412f0c78
I/DEBUG ( 1389): 40550d34 fffffbdf
I/DEBUG ( 1389): 40550d38 40768630 [heap]
I/DEBUG ( 1389): 40550d3c 711df22d
I/DEBUG ( 1389): 40550d40 00000000
I/DEBUG ( 1389): 40550d44 400e16e4 /system/lib/libsurfaceflinger.so
I/DEBUG ( 1389): 40550d48 412f0c78
I/DEBUG ( 1389): 40550d4c 00000000
I/DEBUG ( 1389): 40550d50 400e16e4 /system/lib/libsurfaceflinger.so
I/DEBUG ( 1389): 40550d54 40109d94 /system/lib/libc.so (__pthread_clone)
I/DEBUG ( 1389): 40550d58 400eb081 /system/lib/liblog.so
I/DEBUG ( 1389): 40550d5c 400d4b09 /system/lib/libsurfaceflinger.so (android::HWComposer::HWComposer(android::sp const&, android::HWComposer::EventHandler&)+1152)
I/DEBUG ( 1389): 40550d60 40551f48
I/DEBUG ( 1389): 40550d64 40f67bc0 /system/lib/libMali.so (_mali_osu_lock_wait+44)
I/DEBUG ( 1389): 40550d68 41339000 /system/lib/hw/gralloc.snowball.so
I/DEBUG ( 1389): 40550d6c 40551108
I/DEBUG ( 1389):
I/DEBUG ( 1389): memory near r2:
I/DEBUG ( 1389): 9fffffe0 ffffffff ffffffff ffffffff ffffffff
I/DEBUG ( 1389): 9ffffff0 ffffffff ffffffff ffffffff ffffffff
I/DEBUG ( 1389): a0000000 ffffffff ffffffff ffffffff ffffffff
I/DEBUG ( 1389): a0000010 ffffffff ffffffff ffffffff ffffffff
I/DEBUG ( 1389): a0000020 ffffffff ffffffff ffffffff ffffffff
I/DEBUG ( 1389): a0000030 ffffffff ffffffff ffffffff ffffffff
I/DEBUG ( 1389): a0000040 ffffffff ffffffff ffffffff ffffffff
I/DEBUG ( 1389): a0000050 ffffffff ffffffff ffffffff ffffffff
I/DEBUG ( 1389): a0000060 ffffffff ffffffff ffffffff ffffffff
I/DEBUG ( 1389): a0000070 ffffffff ffffffff ffffffff ffffffff
I/DEBUG ( 1389): a0000080 ffffffff ffffffff ffffffff ffffffff
I/DEBUG ( 1389): a0000090 ffffffff ffffffff ffffffff ffffffff
I/DEBUG ( 1389): a00000a0 ffffffff ffffffff ffffffff ffffffff
I/DEBUG ( 1389): a00000b0 ffffffff ffffffff ffffffff ffffffff
I/DEBUG ( 1389): a00000c0 ffffffff ffffffff ffffffff ffffffff
I/DEBUG ( 1389): a00000d0 ffffffff ffffffff ffffffff ffffffff
I/DEBUG ( 1389):
I/DEBUG ( 1389): memory near r5:
I/DEBUG ( 1389): 40550d14 401115e7 400b0000 40550d34 412f0c78
I/DEBUG ( 1389): 40550d24 4014d240 df0027ad 00000000 412f0c78
I/DEBUG ( 1389): 40550d34 fffffbdf 40768630 711df22d 00000000
I/DEBUG ( 1389): 40550d44 400e16e4 412f0c78 00000000 400e16e4
I/DEBUG ( 1389): 40550d54 40109d94 400eb081 400d4b09 40551f48
I/DEBUG ( 1389): 40550d64 40f67bc0 41339000 40551108 40550031
I/DEBUG ( 1389): 40550d74 40551f48 4014ce24 000000f0 00000000
I/DEBUG ( 1389): 40550d84 40768338 412f0c70 400ff481 00000006
I/DEBUG ( 1389): 40550d94 40563594 00000000 40768600 407692b8
I/DEBUG ( 1389): 40550da4 00000001 40550e68 711df22d 711df22d
I/DEBUG ( 1389): 40550db4 4022b6f4 00000000 40768318 40550e30
I/DEBUG ( 1389): 40550dc4 40768338 400e765c 711df22d 00000000
I/DEBUG ( 1389): 40550dd4 40768318 40550e30 412f0c78 400e765c
I/DEBUG ( 1389): 40550de4 40768630 00000000 400db933 00000000
I/DEBUG ( 1389): 40550df4 00000000 00000000 00000000 00000064
I/DEBUG ( 1389): 40550e04 40129581 711df22d 4014d240 401aeb9c
I/DEBUG ( 1389):
I/DEBUG ( 1389): memory near r6:
I/DEBUG ( 1389): 412f0c58 00000000 00000000 00000000 4103ff20
I/DEBUG ( 1389): 412f0c68 00000000 00000000 00000000 000000fb
I/DEBUG ( 1389): 412f0c78 40768318 00000000 412f0ee8 00000000
I/DEBUG ( 1389): 412f0c88 00000000 00000000 67616d69 47452065
I/DEBUG ( 1389): 412f0c98 484b5f4c 00000000 00000000 65736162
I/DEBUG ( 1389): 412f0ca8 00000000 00000000 61000000 00000000
I/DEBUG ( 1389): 412f0cb8 00000000 00000000 00000000 00000000
I/DEBUG ( 1389): 412f0cc8 7865745f 65727574 5f44325f 00000000
I/DEBUG ( 1389): 412f0cd8 00000000 484b5f4c 00000000 00000000
I/DEBUG ( 1389): 412f0ce8 65000000 00000000 00000000 00000000
I/DEBUG ( 1389): 412f0cf8 00000000 00000000 675f5248 65725f6c
I/DEBUG ( 1389): 412f0d08 7265646e 00000000 00000000 6567616d
I/DEBUG ( 1389): 412f0d18 00000000 00000000 6e000000 00000000
I/DEBUG ( 1389): 412f0d28 00000000 00000000 00000000 00000000
I/DEBUG ( 1389): 412f0d38 00000001 412f0e50 40768350 00000000
I/DEBUG ( 1389): 412f0d48 00000000 52444e01 00000000 00000000
I/DEBUG ( 1389):
I/DEBUG ( 1389): memory near r7:
I/DEBUG ( 1389): 4014d220 00000000 00000000 00000000 00000000
I/DEBUG ( 1389): 4014d230 00000000 00000000 00000000 00000000
I/DEBUG ( 1389): 4014d240 711df22d 00000000 00000000 00000000
I/DEBUG ( 1389): 4014d250 00000000 00000000 00000000 00000000
I/DEBUG ( 1389): 4014d260 00000000 00000000 00000000 00000000
I/DEBUG ( 1389): 4014d270 00000000 00000000 00000001 00000000
I/DEBUG ( 1389): 4014d280 00000000 00000000 00000000 00000000
I/DEBUG ( 1389): 4014d290 00000000 00000000 00000000 00000000
I/DEBUG ( 1389): 4014d2a0 00000000 00000000 00000000 00000000
I/DEBUG ( 1389): 4014d2b0 00000000 00000000 00000000 00000000
I/DEBUG ( 1389): 4014d2c0 0048c9ca 00000000 00000000 00000000
I/DEBUG ( 1389): 4014d2d0 00004000 00000000 00000000 00000000
I/DEBUG ( 1389): 4014d2e0 00004000 00000000 00000000 00000000
I/DEBUG ( 1389): 4014d2f0 00004000 00000000 00000000 00000000
I/DEBUG ( 1389): 4014d300 00004000 00000000 00000000 00000000
I/DEBUG ( 1389): 4014d310 00004000 00000000 00000000 00000000
I/DEBUG ( 1389):
I/DEBUG ( 1389): memory near r8:
I/DEBUG ( 1389): 40768610 00000001 00000001 40768670 00000000
I/DEBUG ( 1389): 40768620 72646e61 0064696f 00000020 00000043
I/DEBUG ( 1389): 40768630 400af500 40551ee0 00000001 40451000
I/DEBUG ( 1389): 40768640 00100000 00001000 00000000 00000000
I/DEBUG ( 1389): 40768650 000005c4 00000000 00000000 00000000
I/DEBUG ( 1389): 40768660 00000000 00000000 40550f00 00000053
I/DEBUG ( 1389): 40768670 406666a0 40768610 40666578 00000000
I/DEBUG ( 1389): 40768680 00000000 00000007 00000008 00000000
I/DEBUG ( 1389): 40768690 406665e8 00000000 00000000 00000007
I/DEBUG ( 1389): 407686a0 00000008 406665e8 00000000 00000000
I/DEBUG ( 1389): 407686b0 00000007 00000008 00000000 0000004b
I/DEBUG ( 1389): 407686c0 00000001 00000032 00000000 00000000
I/DEBUG ( 1389): 407686d0 006e0061 00720064 0069006f 002e0064
I/DEBUG ( 1389): 407686e0 00610068 00640072 00610077 00650072
I/DEBUG ( 1389): 407686f0 0049002e 00610043 0065006d 00610072
I/DEBUG ( 1389): 40768700 00000000 0000005b 00000001 0000003e
I/DEBUG ( 1389):
I/DEBUG ( 1389): memory near fp:
I/DEBUG ( 1389): be9f3b38 40550f00 401a68d7 402e9fc5 00000001
I/DEBUG ( 1389): be9f3b48 00000000 00000000 40768630 401b1ae0
I/DEBUG ( 1389): be9f3b58 42424242 42424242 42424242 42424242
I/DEBUG ( 1389): be9f3b68 42424242 42424242 4076832c 40768334
I/DEBUG ( 1389): be9f3b78 40768338 fffffff8 00000000 40768348
I/DEBUG ( 1389): be9f3b88 4076832c 401a6ab3 407684f8 402e9fc5
I/DEBUG ( 1389): be9f3b98 407684f4 407684f8 407684dc 400d77fd
I/DEBUG ( 1389): be9f3ba8 40768338 40768318 401a6a31 400d78f3
I/DEBUG ( 1389): be9f3bb8 40768318 40768318 40768530 4076831c
I/DEBUG ( 1389): be9f3bc8 407682a8 401a3bcf be9f3bd8 4009179b
I/DEBUG ( 1389): be9f3bd8 4076831c 407682a8 407682f0 00000000
I/DEBUG ( 1389): be9f3be8 be9f3c44 00000001 40091809 be9f3c4c
I/DEBUG ( 1389): be9f3bf8 00000000 40091813 00000000 00000000
I/DEBUG ( 1389): be9f3c08 be9f3c3c 401022df be9f3c28 00000000
I/DEBUG ( 1389): be9f3c18 00000000 00000000 00000000 400916fc
I/DEBUG ( 1389): be9f3c28 40092e7c 40092e84 40092e8c be9f3c40
I/DEBUG ( 1389):
I/DEBUG ( 1389): memory near ip:
I/DEBUG ( 1389): 4014d258 00000000 00000000 00000000 00000000
I/DEBUG ( 1389): 4014d268 00000000 00000000 00000000 00000000
I/DEBUG ( 1389): 4014d278 00000001 00000000 00000000 00000000
I/DEBUG ( 1389): 4014d288 00000000 00000000 00000000 00000000
I/DEBUG ( 1389): 4014d298 00000000 00000000 00000000 00000000
I/DEBUG ( 1389): 4014d2a8 00000000 00000000 00000000 00000000
I/DEBUG ( 1389): 4014d2b8 00000000 00000000 0048c9ca 00000000
I/DEBUG ( 1389): 4014d2c8 00000000 00000000 00004000 00000000
I/DEBUG ( 1389): 4014d2d8 00000000 00000000 00004000 00000000
I/DEBUG ( 1389): 4014d2e8 00000000 00000000 00004000 00000000
I/DEBUG ( 1389): 4014d2f8 00000000 00000000 00004000 00000000
I/DEBUG ( 1389): 4014d308 00000000 00000000 00004000 00000000
I/DEBUG ( 1389): 4014d318 00000000 00000000 00004000 00000000
I/DEBUG ( 1389): 4014d328 00000000 00000000 00004000 00000000
I/DEBUG ( 1389): 4014d338 00000000 00000000 00004000 00000000
I/DEBUG ( 1389): 4014d348 00000000 00000000 00004000 00000000
I/DEBUG ( 1389):
I/DEBUG ( 1389): memory near sp:
I/DEBUG ( 1389): 40550d10 00000000 401115e7 400b0000 40550d34
I/DEBUG ( 1389): 40550d20 412f0c78 4014d240 df0027ad 00000000
I/DEBUG ( 1389): 40550d30 412f0c78 fffffbdf 40768630 711df22d
I/DEBUG ( 1389): 40550d40 00000000 400e16e4 412f0c78 00000000
I/DEBUG ( 1389): 40550d50 400e16e4 40109d94 400eb081 400d4b09
I/DEBUG ( 1389): 40550d60 40551f48 40f67bc0 41339000 40551108
I/DEBUG ( 1389): 40550d70 40550031 40551f48 4014ce24 000000f0
I/DEBUG ( 1389): 40550d80 00000000 40768338 412f0c70 400ff481
I/DEBUG ( 1389): 40550d90 00000006 40563594 00000000 40768600
I/DEBUG ( 1389): 40550da0 407692b8 00000001 40550e68 711df22d
I/DEBUG ( 1389): 40550db0 711df22d 4022b6f4 00000000 40768318
I/DEBUG ( 1389): 40550dc0 40550e30 40768338 400e765c 711df22d
I/DEBUG ( 1389): 40550dd0 00000000 40768318 40550e30 412f0c78
I/DEBUG ( 1389): 40550de0 400e765c 40768630 00000000 400db933
I/DEBUG ( 1389): 40550df0 00000000 00000000 00000000 00000000
I/DEBUG ( 1389): 40550e00 00000064 40129581 711df22d 4014d240
I/DEBUG ( 1389):
I/DEBUG ( 1389): code around pc:
I/DEBUG ( 1389): 4010ca80 b13cb942 b1196821 6809460c d1fb2900
I/DEBUG ( 1389): 4010ca90 b31b6963 2eadf64b f6cd2127 24006ead
I/DEBUG ( 1389): 4010caa0 1000f88e e87ef7fc f7fd2106 a902e9e2
I/DEBUG ( 1389): 4010cab0 5380f04f 2006460a 94029304 f7fc9403
I/DEBUG ( 1389): 4010cac0 4622edc8 20024629 edd0f7fc e86af7fc
I/DEBUG ( 1389): 4010cad0 f7fd2106 2001e9ce ed8af7fb 280068e0
I/DEBUG ( 1389): 4010cae0 f8dfd0d8 2201c01c f8cc44fc 47802000
I/DEBUG ( 1389): 4010caf0 bf00e7d0 0003d56e ffffff84 000407f8
I/DEBUG ( 1389): 4010cb00 0004078c 2400b510 a904b088 9006466a
I/DEBUG ( 1389): 4010cb10 94054620 94079404 ed20f7fc bfb842a0
I/DEBUG ( 1389): 4010cb20 db034620 98029b03 3001b103 bd10b008
I/DEBUG ( 1389): 4010cb30 4605b538 f7fb4c07 42a8eeb8 4603447c
I/DEBUG ( 1389): 4010cb40 4a05d104 58a12000 bd38600b 30fff04f
I/DEBUG ( 1389): 4010cb50 bf00bd38 0003d498 ffffff88 460cb538
I/DEBUG ( 1389): 4010cb60 b9d4b330 2102481a f0014478 1e05fd85
I/DEBUG ( 1389): 4010cb70 4621db24 e942f7fc db222800 21014628
I/DEBUG ( 1389):
I/DEBUG ( 1389): code around lr:
I/DEBUG ( 1389): deadba8c ffffffff ffffffff ffffffff ffffffff
I/DEBUG ( 1389): deadba9c ffffffff ffffffff ffffffff ffffffff
I/DEBUG ( 1389): deadbaac ffffffff ffffffff ffffffff ffffffff
I/DEBUG ( 1389): deadbabc ffffffff ffffffff ffffffff ffffffff
I/DEBUG ( 1389): deadbacc ffffffff ffffffff ffffffff ffffffff
I/DEBUG ( 1389): deadbadc ffffffff ffffffff ffffffff ffffffff
I/DEBUG ( 1389): deadbaec ffffffff ffffffff ffffffff ffffffff
I/DEBUG ( 1389): deadbafc ffffffff ffffffff ffffffff ffffffff
I/DEBUG ( 1389): deadbb0c ffffffff ffffffff ffffffff ffffffff
I/DEBUG ( 1389): deadbb1c ffffffff ffffffff ffffffff ffffffff
I/DEBUG ( 1389): deadbb2c ffffffff ffffffff ffffffff ffffffff
I/DEBUG ( 1389): deadbb3c ffffffff ffffffff ffffffff ffffffff
I/DEBUG ( 1389): deadbb4c ffffffff ffffffff ffffffff ffffffff
I/DEBUG ( 1389): deadbb5c ffffffff ffffffff ffffffff ffffffff
I/DEBUG ( 1389): deadbb6c ffffffff ffffffff ffffffff ffffffff
I/DEBUG ( 1389): deadbb7c ffffffff ffffffff ffffffff ffffffff
I/DEBUG ( 1389):
I/DEBUG ( 1389): memory map around fault addr deadbaad:
I/DEBUG ( 1389): be9d3000-be9f4000 [stack]
I/DEBUG ( 1389): (no map for address)
I/DEBUG ( 1389): ffff0000-ffff1000 [vectors]
E/BandwidthController( 1388): runIptablesCmd(): failed /system/bin/ip6tables -A bw_INPUT -i lo --jump RETURN res=768
D/MDnsDS ( 1388): MDnsSdListener::Hander starting up
D/MDnsDS ( 1388): MDnsSdListener starting to monitor
D/MDnsDS ( 1388): Going to poll with pollCount 1
D/AndroidRuntime( 2032):
D/AndroidRuntime( 2032): >>>>>> AndroidRuntime START com.android.internal.os.ZygoteInit <<<<<<
D/AndroidRuntime( 2032): CheckJNI is ON
D/dalvikvm( 2032): Trying to load lib libjavacore.so 0x0
D/dalvikvm( 2032): Added shared lib libjavacore.so 0x0
D/dalvikvm( 2032): Trying to load lib libnativehelper.so 0x0
D/dalvikvm( 2032): Added shared lib libnativehelper.so 0x0
I/ethernet( 2032): Loading ethernet jni class
I/SamplingProfilerIntegration( 2032): Profiling disabled.
I/Zygote ( 2032): Preloading classes...
D/dalvikvm( 2032): GC_EXPLICIT freed 36K, 9% free 420K/460K, paused 0ms+0ms, total 2ms
D/dalvikvm( 2032): GC_EXPLICIT freed 3K, 5% free 488K/512K, paused 0ms+0ms, total 2ms
D/dalvikvm( 2032): Note: class Landroid/app/ActivityManagerNative; has 156 unimplemented (abstract) methods
D/dalvikvm( 2032): GC_EXPLICIT freed 21K, 5% free 527K/552K, paused 0ms+1ms, total 3ms
D/dalvikvm( 2032): GC_EXPLICIT freed 26K, 5% free 555K/584K, paused 0ms+1ms, total 3ms
W/Zygote ( 2032): Class not found for preloading: android.bluetooth.BluetoothAudioGateway
W/Zygote ( 2032): Class not found for preloading: android.bluetooth.HeadsetBase
W/Zygote ( 2032): Class not found for preloading: undroid.content.AbstractThreadedSyncAdapter$SyncThread
D/dalvikvm( 2032): GC_EXPLICIT freed 24K, 5% free 604K/632K, paused 0ms+0ms, total 3ms
D/dalvikvm( 2032): GC_EXPLICIT freed 26K, 5% free 632K/660K, paused 1ms+0ms, total 4ms
D/dalvikvm( 2032): GC_EXPLICIT freed 60K, 9% free 723K/788K, paused 0ms+1ms, total 4ms
D/dalvikvm( 2032): GC_EXPLICIT freed 31K, 5% free 748K/788K, paused 0ms+1ms, total 4ms
D/TextLayoutCache( 2032): Using debug level = 0 - Debug Enabled = 0
D/dalvikvm( 2032): GC_EXPLICIT freed 18K, 3% free 784K/808K, paused 0ms+0ms, total 5ms
I/dalvikvm( 2032): threadid=1: recursive native library load attempt (/system/lib/libmedia_jni.so)
D/MtpDeviceJNI( 2032): register_android_mtp_MtpDevice
I/dalvikvm( 2032): threadid=1: recursive native library load attempt (/system/lib/libmedia_jni.so)
I/dalvikvm( 2032): threadid=1: recursive native library load attempt (/system/lib/libmedia_jni.so)
W/MediaProfiles( 2032): could not find media config xml file
D/dalvikvm( 2032): GC_EXPLICIT freed 16K, 3% free 829K/848K, paused 0ms+0ms, total 4ms
D/dalvikvm( 2032): GC_FOR_ALLOC freed 219K, 17% free 1123K/1344K, paused 7ms, total 7ms
D/dalvikvm( 2032): GC_EXPLICIT freed 261K, 18% free 1274K/1540K, paused 0ms+1ms, total 10ms
D/dalvikvm( 2032): GC_EXPLICIT freed 29K, 16% free 1300K/1540K, paused 0ms+0ms, total 9ms
D/dalvikvm( 2032): GC_EXPLICIT freed 12K, 12% free 1357K/1540K, paused 1ms+1ms, total 9ms
W/Zygote ( 2032): Class not found for preloading: android.server.BluetoothA2dpService
W/Zygote ( 2032): Class not found for preloading: android.server.BluetoothEventLoop
W/Zygote ( 2032): Class not found for preloading: android.server.BluetoothService
D/TelephonyManager( 2032): No /proc/cmdline exception=java.io.FileNotFoundException: /proc/cmdline: open failed: EACCES (Permission denied)
D/TelephonyManager( 2032): /proc/cmdline=
D/dalvikvm( 2032): GC_EXPLICIT freed 29K, 10% free 1419K/1572K, paused 0ms+0ms, total 9ms
D/dalvikvm( 2032): GC_EXPLICIT freed 48K, 3% free 1700K/1752K, paused 1ms+1ms, total 12ms
W/Zygote ( 2032): Class not found for preloading: android.util.LocaleUtil
D/dalvikvm( 2032): GC_EXPLICIT freed 35K, 3% free 1735K/1780K, paused 1ms+2ms, total 12ms
D/dalvikvm( 2032): GC_EXPLICIT freed 31K, 2% free 1758K/1792K, paused 1ms+1ms, total 13ms
W/Zygote ( 2032): Class not found for preloading: android.view.ViewRootImpl$ResizedInfo
W/Zygote ( 2032): Class not found for preloading: android.view.Window$LocalWindowManager
W/Zygote ( 2032): Class not found for preloading: android.view.WindowManagerImpl$CompatModeWrapper
D/dalvikvm( 2032): GC_EXPLICIT freed 30K, 2% free 1781K/1816K, paused 1ms+1ms, total 12ms
I/dalvikvm( 2032): threadid=1: recursive native library load attempt (/system/lib/libwebcore.so)
D/dalvikvm( 2032): No JNI_OnLoad found in /system/lib/libchromium_net.so 0x0, skipping init
D/dalvikvm( 2032): GC_EXPLICIT freed 21K, 2% free 1814K/1840K, paused 1ms+1ms, total 13ms
D/dalvikvm( 2032): GC_EXPLICIT freed 26K, 2% free 1841K/1872K, paused 1ms+1ms, total 13ms
D/dalvikvm( 2032): GC_EXPLICIT freed 29K, 2% free 1872K/1904K, paused 1ms+1ms, total 13ms
D/dalvikvm( 2032): GC_EXPLICIT freed 27K, 2% free 1900K/1932K, paused 1ms+1ms, total 15ms
I/SurfaceFlinger( 2047): SurfaceFlinger is starting
I/SurfaceFlinger( 2047): SurfaceFlinger's main thread ready to run. Initializing graphics H/W...
D/dalvikvm( 2032): GC_EXPLICIT freed 32K, 2% free 1933K/1968K, paused 1ms+1ms, total 16ms
D/dalvikvm( 2032): GC_EXPLICIT freed 33K, 2% free 1953K/1992K, paused 1ms+1ms, total 14ms
D/dalvikvm( 2032): GC_EXPLICIT freed 34K, 2% free 1976K/2012K, paused 1ms+1ms, total 16ms
D/libEGL ( 2047): loaded /system/lib/egl/libEGL_mali.so
D/libEGL ( 2047): loaded /system/lib/egl/libGLESv1_CM_mali.so
D/libEGL ( 2047): loaded /system/lib/egl/libGLESv2_mali.so
D/dalvikvm( 2032): GC_EXPLICIT freed 36K, 2% free 1995K/2036K, paused 2ms+1ms, total 16ms
W/Zygote ( 2032): Class not found for preloading: java.text.DecimalFormat$1
D/dalvikvm( 2032): GC_EXPLICIT freed 40K, 3% free 2011K/2056K, paused 1ms+1ms, total 14ms
W/Zygote ( 2032): Class not found for preloading: java.util.concurrent.FutureTask$Sync
W/Zygote ( 2032): Class not found for preloading: java.util.concurrent.atomic.UnsafeAccess
W/Zygote ( 2032): Class not found for preloading: java.util.concurrent.locks.UnsafeAccess
W/Zygote ( 2032): Class not found for preloading: libcore.icu.ErrorCode
I/Mali-EGL( 2047): Mali libraries compiled on Oct 17 2012, at 18:49:59
I/gralloc ( 2047): using (fd=18)
I/gralloc ( 2047): id = mcde_fb
I/gralloc ( 2047): xres = 1280 px
I/gralloc ( 2047): yres = 720 px
I/gralloc ( 2047): xres_virtual = 1280 px
I/gralloc ( 2047): yres_virtual = 1440 px
I/gralloc ( 2047): bpp = 16
I/gralloc ( 2047): r = 11:5
I/gralloc ( 2047): g = 5:6
I/gralloc ( 2047): b = 0:5
I/gralloc ( 2047): width = 203 mm (160.157639 dpi)
I/gralloc ( 2047): height = 114 mm (160.421051 dpi)
I/gralloc ( 2047): refresh rate = 264.43 Hz
I/SurfaceFlinger( 2047): Using composer version 1.0
W/SurfaceFlinger( 2047): getting VSYNC period from fb HAL: 3781762
W/SurfaceFlinger( 2047): no suitable EGLConfig found, trying without EGL_FRAMEBUFFER_TARGET_ANDROID
W/SurfaceFlinger( 2047): no suitable EGLConfig found, trying without EGL_RECORDABLE_ANDROID
W/SurfaceFlinger( 2047): no suitable EGLConfig found, trying with 16-bit color allowed
I/SurfaceFlinger( 2047): EGL informations:
I/SurfaceFlinger( 2047): vendor : Android
I/SurfaceFlinger( 2047): version : 1.4 Android META-EGL
I/SurfaceFlinger( 2047): extensions: EGL_KHR_image EGL_KHR_image_base EGL_KHR_image_pixmap EGL_KHR_gl_texture_2D_image EGL_KHR_gl_texture_cubemap_image EGL_KHR_gl_renderbuffer_image EGL_KHR_fence_sync EGL_ANDROID_image_native_buffer
I/SurfaceFlinger( 2047): Client API: OpenGL_ES
I/SurfaceFlinger( 2047): EGLSurface: 5-6-5-0, config=0x60000010
I/SurfaceFlinger( 2047): OpenGL ES informations:
I/SurfaceFlinger( 2047): vendor : ARM
I/SurfaceFlinger( 2047): renderer : Mali-400 MP
I/SurfaceFlinger( 2047): version : OpenGL ES-CM 1.1
I/SurfaceFlinger( 2047): extensions: GL_EXT_debug_marker GL_OES_byte_coordinates GL_OES_fixed_point GL_OES_single_precision GL_OES_matrix_get GL_OES_read_format GL_OES_compressed_paletted_texture GL_OES_point_size_array GL_OES_point_sprite GL_OES_texture_npot GL_OES_query_matrix GL_OES_matrix_palette GL_OES_extended_matrix_palette GL_OES_compressed_ETC1_RGB8_texture GL_OES_EGL_image GL_OES_draw_texture GL_OES_depth_texture GL_OES_packed_depth_stencil GL_EXT_texture_format_BGRA8888 GL_OES_framebuffer_object GL_OES_stencil8 GL_OES_depth24 GL_ARM_rgba8 GL_OES_EGL_image_external GL_OES_EGL_sync
I/SurfaceFlinger( 2047): GL_MAX_TEXTURE_SIZE = 4096
I/SurfaceFlinger( 2047): GL_MAX_VIEWPORT_DIMS = 4096 x 4096
D/SurfaceFlinger( 2047): Screen acquired, type=0 flinger=0x40764318
D/libEGL ( 2053): loaded /system/lib/egl/libEGL_mali.so
D/libEGL ( 2053): loaded /system/lib/egl/libGLESv1_CM_mali.so
D/libEGL ( 2053): loaded /system/lib/egl/libGLESv2_mali.so
I/Mali-EGL( 2053): Mali libraries compiled on Oct 17 2012, at 18:49:59
I/System ( 2032): Loaded time zone names for in 609ms (605ms in ICU)
I/System ( 2032): Loaded time zone names for en_US in 132ms (128ms in ICU)
D/dalvikvm( 2032): GC_EXPLICIT freed 363K, 15% free 2103K/2468K, paused 1ms+1ms, total 18ms
D/dalvikvm( 2032): GC_EXPLICIT freed 15K, 13% free 2164K/2468K, paused 1ms+2ms, total 17ms
D/dalvikvm( 2032): GC_EXPLICIT freed 52K, 12% free 2196K/2468K, paused 1ms+1ms, total 16ms
D/dalvikvm( 2032): GC_EXPLICIT freed 29K, 10% free 2223K/2468K, paused 1ms+1ms, total 17ms
D/dalvikvm( 2032): GC_EXPLICIT freed 38K, 10% free 2239K/2468K, paused 2ms+1ms, total 17ms
D/dalvikvm( 2032): GC_EXPLICIT freed 32K, 9% free 2262K/2468K, paused 1ms+1ms, total 16ms
I/Zygote ( 2032): ...preloaded 2541 classes in 3210ms.
D/dalvikvm( 2032): GC_EXPLICIT freed 23K, 9% free 2266K/2468K, paused 2ms+1ms, total 18ms
I/Zygote ( 2032): Preloading resources...
D/dalvikvm( 2032): GC_EXPLICIT freed 28K, 9% free 2292K/2508K, paused 1ms+1ms, total 18ms
D/dalvikvm( 2032): GC_EXPLICIT freed 30K, 9% free 2311K/2524K, paused 2ms+2ms, total 19ms
D/dalvikvm( 2032): GC_EXPLICIT freed 31K, 9% free 2330K/2548K, paused 2ms+1ms, total 19ms
D/dalvikvm( 2032): GC_EXPLICIT freed 27K, 9% free 2354K/2560K, paused 1ms+1ms, total 18ms
D/dalvikvm( 2032): GC_EXPLICIT freed 31K, 9% free 2374K/2584K, paused 1ms+1ms, total 19ms
D/dalvikvm( 2032): GC_EXPLICIT freed 30K, 9% free 2393K/2608K, paused 1ms+1ms, total 18ms
D/dalvikvm( 2032): GC_EXPLICIT freed 31K, 9% free 2413K/2624K, paused 2ms+2ms, total 19ms
D/dalvikvm( 2032): GC_EXPLICIT freed 31K, 8% free 2438K/2648K, paused 1ms+2ms, total 19ms
D/dalvikvm( 2032): GC_EXPLICIT freed 32K, 8% free 2458K/2668K, paused 1ms+1ms, total 17ms
D/dalvikvm( 2032): GC_EXPLICIT freed 31K, 8% free 2480K/2688K, paused 1ms+2ms, total 17ms
D/dalvikvm( 2032): GC_EXPLICIT freed 32K, 8% free 2504K/2708K, paused 2ms+1ms, total 18ms
D/dalvikvm( 2032): GC_EXPLICIT freed 33K, 8% free 2527K/2732K, paused 2ms+1ms, total 19ms
D/dalvikvm( 2032): GC_EXPLICIT freed 54K, 8% free 2574K/2784K, paused 1ms+1ms, total 18ms
D/dalvikvm( 2032): GC_EXPLICIT freed 37K, 7% free 2600K/2792K, paused 1ms+1ms, total 17ms
D/dalvikvm( 2032): GC_EXPLICIT freed 32K, 8% free 2620K/2832K, paused 1ms+2ms, total 18ms
D/dalvikvm( 2032): GC_EXPLICIT freed 28K, 7% free 2652K/2832K, paused 1ms+1ms, total 18ms
D/dalvikvm( 2032): GC_EXPLICIT freed 36K, 7% free 2669K/2864K, paused 1ms+1ms, total 21ms
D/dalvikvm( 2032): GC_EXPLICIT freed 300K, 15% free 2838K/3324K, paused 1ms+2ms, total 18ms
D/dalvikvm( 2032): GC_EXPLICIT freed 37K, 14% free 2861K/3324K, paused 1ms+2ms, total 17ms
D/dalvikvm( 2032): GC_EXPLICIT freed 34K, 14% free 2881K/3324K, paused 1ms+1ms, total 19ms
D/dalvikvm( 2032): GC_EXPLICIT freed 46K, 13% free 2907K/3324K, paused 1ms+2ms, total 19ms
D/dalvikvm( 2032): GC_EXPLICIT freed 311K, 14% free 3094K/3580K, paused 1ms+1ms, total 17ms
D/dalvikvm( 2032): GC_EXPLICIT freed 33K, 13% free 3131K/3580K, paused 1ms+1ms, total 18ms
D/dalvikvm( 2032): GC_EXPLICIT freed 35K, 13% free 3147K/3580K, paused 2ms+1ms, total 19ms
D/dalvikvm( 2032): GC_EXPLICIT freed 29K, 12% free 3169K/3580K, paused 2ms+1ms, total 19ms
D/dalvikvm( 2032): GC_EXPLICIT freed 32K, 11% free 3190K/3580K, paused 1ms+2ms, total 19ms
D/dalvikvm( 2032): GC_EXPLICIT freed 32K, 11% free 3209K/3580K, paused 1ms+2ms, total 20ms
D/dalvikvm( 2032): GC_EXPLICIT freed 37K, 10% free 3231K/3580K, paused 1ms+2ms, total 19ms
D/dalvikvm( 2032): GC_EXPLICIT freed 38K, 10% free 3255K/3580K, paused 1ms+2ms, total 18ms
D/dalvikvm( 2032): GC_EXPLICIT freed 31K, 9% free 3277K/3580K, paused 1ms+2ms, total 19ms
W/Resources( 2032): Preloaded drawable resource #0x1080291 (android:drawable/ic_ab_back_holo_dark) that varies with configuration!!
W/Resources( 2032): Preloaded drawable resource #0x1080292 (android:drawable/ic_ab_back_holo_light) that varies with configuration!!
D/dalvikvm( 2032): GC_EXPLICIT freed 41K, 8% free 3310K/3580K, paused 1ms+2ms, total 18ms
D/dalvikvm( 2032): GC_EXPLICIT freed 46K, 7% free 3335K/3580K, paused 1ms+2ms, total 20ms
D/dalvikvm( 2032): GC_EXPLICIT freed 44K, 7% free 3361K/3580K, paused 1ms+2ms, total 19ms
D/dalvikvm( 2032): GC_EXPLICIT freed 25K, 6% free 3394K/3580K, paused 1ms+2ms, total 20ms
I/Zygote ( 2032): ...preloaded 276 resources in 1165ms.
I/Zygote ( 2032): ...preloaded 31 resources in 10ms.
D/dalvikvm( 2032): GC_EXPLICIT freed 13K, 5% free 3407K/3580K, paused 2ms+2ms, total 21ms
D/dalvikvm( 2032): GC_EXPLICIT freed 10K, 6% free 3397K/3580K, paused 3ms+2ms, total 21ms
D/dalvikvm( 2032): GC_EXPLICIT freed <1K, 6% free 3396K/3580K, paused 2ms+2ms, total 20ms
I/dalvikvm( 2032): System server process 2061 has been created
I/Zygote ( 2032): Accepting command socket connections
E/BatteryService( 2061): wirelessOnlinePath not found
E/BatteryService( 2061): batteryStatusPath not found
E/BatteryService( 2061): batteryHealthPath not found
I/sysproc ( 2061): Entered system_init()
I/sysproc ( 2061): ServiceManager: 0x5b1b51b0
D/SensorService( 2061): nuSensorService starting...
E/SensorService( 2061): couldn't load sensors module (No such file or directory)
I/sysproc ( 2061): System server: starting Android runtime.
I/sysproc ( 2061): System server: starting Android services.
I/sysproc ( 2061): System server: entering thread pool.
I/installd( 1394): new connection
I/SystemServer( 2061): Entered the Android system server!
I/SystemServer( 2061): Waiting for installd to be ready.
I/SystemServer( 2061): Enabled StrictMode logging for UI Looper
I/Installer( 2061): connecting...
I/SystemServer( 2061): Entropy Mixer
I/SystemServer( 2061): Enabled StrictMode logging for WM Looper
I/SystemServer( 2061): Power Manager
I/SystemServer( 2061): Activity Manager
I/ActivityManager( 2061): Memory class: 48
D/dalvikvm( 2061): GC_CONCURRENT freed 227K, 10% free 3630K/4028K, paused 2ms+3ms, total 22ms
I/SystemServer( 2061): Display Manager
I/ActivityManager( 2061): Enabled StrictMode logging for AThread's Looper
I/SystemServer( 2061): Telephony Registry
I/SystemServer( 2061): Scheduling Policy
I/DisplayManagerService( 2061): Display device added: DisplayDeviceInfo{"Built-in Screen": 1280 x 720, 264.427 fps, density 120, 160.15764 x 160.42105 dpi, touch INTERNAL, FLAG_DEFAULT_DISPLAY, FLAG_ROTATES_WITH_CONTENT, FLAG_SECURE, FLAG_SUPPORTS_PROTECTED_BUFFERS, rotation 0, type BUILT_IN, address null}
I/SystemServer( 2061): Package Manager
D/dalvikvm( 2061): GC_CONCURRENT freed 305K, 12% free 3753K/4232K, paused 1ms+6ms, total 24ms
W/PackageManager( 2061): Running ENG build: no pre-dexopt!
D/dalvikvm( 2061): GC_CONCURRENT freed 197K, 9% free 3977K/4348K, paused 2ms+2ms, total 20ms
W/PackageParser( 2061): No actions in intent filter at /system/app/Contacts.apk Binary XML file line #533
D/dalvikvm( 2061): GC_CONCURRENT freed 193K, 8% free 4234K/4600K, paused 6ms+3ms, total 47ms
D/dalvikvm( 2061): GC_CONCURRENT freed 216K, 9% free 4412K/4800K, paused 2ms+2ms, total 24ms
W/PackageParser( 2061): No actions in intent filter at /system/app/Bluetooth.apk Binary XML file line #199
W/ResourceType( 2061): Failure getting entry for 0x7f040018 (t=3 e=24) in package 0 (error -75)
W/ResourceType( 2061): Failure getting entry for 0x7f040018 (t=3 e=24) in package 0 (error -75)
W/PackageParser( 2061): Unknown element under : permission at /system/app/Gallery2.apk Binary XML file line #219
W/PackageParser( 2061): Unknown element under : permission at /system/app/Gallery2.apk Binary XML file line #222
W/PackageManager( 2061): Package com.android.gallery3d desires unavailable shared library com.google.android.media.effects; ignoring!
D/dalvikvm( 2061): GC_CONCURRENT freed 238K, 9% free 4612K/5024K, paused 1ms+3ms, total 29ms
D/PackageManager( 2061): No files in app dir /vendor/app
I/PackageManager( 2061): Linking native library dir for /data/app/mediaframeworktest.apk
I/PackageManager( 2061): Linking native library dir for /data/app/ConnectivityManagerTest.apk
W/PackageParser( 2061): No actions in intent filter at /data/app/com.rovio.angrybirdsrio-1.apk Binary XML file line #38
W/PackageParser( 2061): Unknown element under : supports-screens at /data/app/com.rovio.angrybirdsrio-1.apk Binary XML file line #50
I/PackageManager( 2061): Linking native library dir for /data/app/com.rovio.angrybirdsrio-1.apk
I/PackageManager( 2061): Time to scan packages: 2.515 seconds
W/PackageManager( 2061): Unknown permission com.google.android.googleapps.permission.GOOGLE_AUTH.mail in package com.android.contacts
W/PackageManager( 2061): Unknown permission android.permission.ADD_SYSTEM_SERVICE in package com.android.phone
W/PackageManager( 2061): Unknown permission com.google.android.gallery3d.permission.GALLERY_PROVIDER in package com.android.bluetooth
W/PackageManager( 2061): Unknown permission com.google.android.googleapps.permission.GOOGLE_AUTH in package com.android.providers.calendar
W/PackageManager( 2061): Unknown permission com.google.android.googleapps.permission.GOOGLE_AUTH.cl in package com.android.providers.calendar
W/PackageManager( 2061): Unknown permission com.google.android.googleapps.permission.GOOGLE_AUTH.mail in package com.android.calendar
W/PackageManager( 2061): Not granting permission android.permission.SEND_DOWNLOAD_COMPLETED_INTENTS to package com.android.browser (protectionLevel=2 flags=0x9be45)
W/PackageManager( 2061): Unknown permission com.google.android.gallery3d.permission.PICASA_STORE in package com.android.dreams.phototable
W/PackageManager( 2061): Unknown permission com.google.android.googleapps.permission.GOOGLE_AUTH in package com.android.settings
W/PackageManager( 2061): Unknown permission com.google.android.gallery3d.permission.GALLERY_PROVIDER in package com.android.exchange
W/PackageManager( 2061): Unknown permission com.google.android.googleapps.permission.ACCESS_GOOGLE_PASSWORD in package com.android.development
W/PackageManager( 2061): Unknown permission com.google.android.googleapps.permission.GOOGLE_AUTH in package com.android.development
W/PackageManager( 2061): Unknown permission com.google.android.googleapps.permission.GOOGLE_AUTH.ALL_SERVICES in package com.android.development
W/PackageManager( 2061): Unknown permission com.google.android.googleapps.permission.GOOGLE_AUTH.YouTubeUser in package com.android.development
W/PackageManager( 2061): Unknown permission com.google.android.gallery3d.permission.GALLERY_PROVIDER in package com.android.email
W/PackageManager( 2061): Not granting permission android.permission.DEVICE_POWER to package com.android.deskclock (protectionLevel=2 flags=0x8be45)
D/dalvikvm( 2061): GC_CONCURRENT freed 335K, 10% free 4680K/5188K, paused 1ms+2ms, total 25ms
D/dalvikvm( 2061): GC_EXPLICIT freed 143K, 12% free 4574K/5188K, paused 2ms+3ms, total 34ms
I/SystemServer( 2061): User Service
I/SystemServer( 2061): Account Manager
I/ActivityThread( 2061): Pub settings: com.android.providers.settings.SettingsProvider
I/SystemServer( 2061): Content Manager
I/SystemServer( 2061): System Content Providers
D/SettingsProvider( 2061): cache for settings table 'global' rows=41; fullycached=true
D/SettingsProvider( 2061): cache for settings table 'secure' rows=39; fullycached=true
D/SettingsProvider( 2061): cache for settings table 'system' rows=41; fullycached=true
E/HAL ( 2061): load: couldn't find symbol HMI
I/SystemServer( 2061): Lights Service
I/SystemServer( 2061): Battery Service
W/libsuspend( 2061): Error writing 'on' to /sys/power/state: Invalid argument
E/libsuspend( 2061): Error opening /sys/power/autosleep: No such file or directory
I/libsuspend( 2061): Selected wakeup count
I/SystemServer( 2061): Vibrator Service
D/PermissionCache( 2047): checking android.permission.ACCESS_SURFACE_FLINGER for uid=1000 => granted (915 us)
D/SurfaceFlinger( 2047): Screen acquired, type=0 flinger=0x40764318
D/SurfaceFlinger( 2047): screen was previously acquired
I/SystemServer( 2061): Alarm Manager
I/SystemServer( 2061): Init Watchdog
I/SystemServer( 2061): Input Manager
I/InputManager( 2061): Initializing input manager, mUseDevInputEventForAudioJack=false
I/SystemServer( 2061): Window Manager
D/dalvikvm( 2061): GC_CONCURRENT freed 331K, 11% free 4659K/5188K, paused 1ms+6ms, total 35ms
E/WVMExtractor( 1393): Failed to open libwvm.so
D/BluetoothManagerService( 2061): Loading stored name and address
D/BluetoothManagerService( 2061): Stored bluetooth Name=,Address=22:22:77:18:EE:C3
D/EventHub( 2061): No input device configuration file found for device ' USB OPTICAL MOUSE'.
D/BluetoothManagerService( 2061): airplaneModeOn: false bluetoothOn: true
D/BluetoothManagerService( 2061): Auto-enabling Bluetooth.
I/EventHub( 2061): New device: id=1, fd=80, path='/dev/input/event4', name=' USB OPTICAL MOUSE', classes=0x80000008, configuration='', keyLayout='', keyCharacterMap='', builtinKeyboard=false, usingSuspendBlockIoctl=true, usingClockIoctl=true
D/BluetoothManagerService( 2061): enable(): mBluetooth =null mBinding = false
D/BluetoothManagerService( 2061): Retrieving Bluetooth Adapter name and address...
D/EventHub( 2061): No input device configuration file found for device 'AB8500 POn(PowerOn) Key'.
D/BluetoothManagerService( 2061): getNameAndAddress(): mBluetooth = null mBinding = false
D/BluetoothManagerService( 2061): Message: 1
D/BluetoothManagerService( 2061): MESSAGE_ENABLE: mBluetooth = null
D/BluetoothManagerService( 2061): Message: 200
D/BluetoothManagerService( 2061): MESSAGE_GET_NAME_AND_ADDRESS
I/InputManager( 2061): Starting input manager
I/SystemServer( 2061): Bluetooth Manager Service
I/SystemServer( 2061): Input Method Service
I/EventHub( 2061): New device: id=2, fd=84, path='/dev/input/event1', name='AB8500 POn(PowerOn) Key', classes=0x1, configuration='', keyLayout='/system/usr/keylayout/Generic.kl', keyCharacterMap='/system/usr/keychars/Generic.kcm', builtinKeyboard=false, usingSuspendBlockIoctl=true, usingClockIoctl=true
D/EventHub( 2061): No input device configuration file found for device 'AB8500 Hs Button'.
W/InputMethodManagerService( 2061): Couldn't create dir.: /data/system/inputmethod
I/EventHub( 2061): New device: id=3, fd=86, path='/dev/input/event0', name='AB8500 Hs Button', classes=0x1, configuration='', keyLayout='/system/usr/keylayout/Generic.kl', keyCharacterMap='/system/usr/keychars/Generic.kcm', builtinKeyboard=false, usingSuspendBlockIoctl=true, usingClockIoctl=true
D/EventHub( 2061): No input device configuration file found for device 'U8500-card AB8500 Hs Status'.
I/EventHub( 2061): New device: id=4, fd=87, path='/dev/input/event2', name='U8500-card AB8500 Hs Status', classes=0x80, configuration='', keyLayout='', keyCharacterMap='', builtinKeyboard=false, usingSuspendBlockIoctl=true, usingClockIoctl=true
D/EventHub( 2061): No input device configuration file found for device 'gpio-keys'.
I/EventHub( 2061): New device: id=5, fd=88, path='/dev/input/event3', name='gpio-keys', classes=0x1, configuration='', keyLayout='/system/usr/keylayout/Generic.kl', keyCharacterMap='/system/usr/keychars/Generic.kcm', builtinKeyboard=false, usingSuspendBlockIoctl=true, usingClockIoctl=true
W/ResourceType( 2061): Failure getting entry for 0x7f060000 (t=5 e=0) in package 0 (error -75)
I/InputReader( 2061): Device added: id=-1, name='Virtual', sources=0x00000301
I/InputReader( 2061): Device added: id=5, name='gpio-keys', sources=0x00000101
I/InputReader( 2061): Device added: id=4, name='U8500-card AB8500 Hs Status', sources=0x80000000
I/InputReader( 2061): Device added: id=3, name='AB8500 Hs Button', sources=0x00000101
I/InputReader( 2061): Device added: id=2, name='AB8500 POn(PowerOn) Key', sources=0x00000101
I/SystemServer( 2061): Accessibility Manager
I/InputReader( 2061): Device added: id=1, name=' USB OPTICAL MOUSE', sources=0x00002002
E/WVMExtractor( 1393): Failed to open libwvm.so
I/InputReader( 2061): Reconfiguring input devices. changes=0x00000004
I/ActivityManager( 2061): Config changed: {1.0 ?mcc?mnc en_US ldltr sw960dp w1706dp h886dp 120dpi xlrg long land ?uimode ?night -touch -keyb/v/h -nav/h s.2}
D/dalvikvm( 2061): GC_CONCURRENT freed 322K, 10% free 4760K/5268K, paused 2ms+3ms, total 39ms
I/ActivityManager( 2061): Config changed: {1.0 ?mcc?mnc en_US ldltr sw960dp w1706dp h886dp 120dpi xlrg long land ?uimode ?night -touch -keyb/v/h -nav/h s.3}
I/SystemServer( 2061): Mount Service
D/MountService( 2061): got storage path: /mnt/sdcard description: USB storage primary: true removable: true emulated: false mtpReserve: 0 allowMassStorage: false maxFileSize: 0
D/MountService( 2061): addVolumeLocked() StorageVolume [mStorageId=0 mPath=/mnt/sdcard mDescriptionId=17040615 mPrimary=true mRemovable=true mEmulated=false mMtpReserveSpace=0 mAllowMassStorage=false mMaxFileSize=0 mOwner=null]
I/SystemServer( 2061): LockSettingsService
I/SystemServer( 2061): Device Policy
D/dalvikvm( 2061): GREF has increased to 201
I/PackageManager( 2061): Updating external media status from unmounted to unmounted
I/SystemServer( 2061): Status Bar
D/VoldCmdListener( 1387): volume list
I/SystemServer( 2061): Clipboard Service
I/SystemServer( 2061): NetworkManagement Service
I/MountService( 2061): Updating valid state unmounted
D/MountService( 2061): volume state changed for /mnt/sdcard (null -> unmounted)
W/MountService( 2061): getSecureContainerList() called when storage not mounted
I/SystemServer( 2061): Text Service Manager Service
D/VoldCmdListener( 1387): asec list
I/PackageManager( 2061): No secure containers on sdcard
W/PackageManager( 2061): Unknown permission com.google.android.googleapps.permission.GOOGLE_AUTH.mail in package com.android.contacts
W/PackageManager( 2061): Unknown permission android.permission.ADD_SYSTEM_SERVICE in package com.android.phone
I/SystemServer( 2061): NetworkStats Service
W/PackageManager( 2061): Unknown permission com.google.android.gallery3d.permission.GALLERY_PROVIDER in package com.android.bluetooth
W/PackageManager( 2061): Unknown permission com.google.android.googleapps.permission.GOOGLE_AUTH in package com.android.providers.calendar
W/PackageManager( 2061): Unknown permission com.google.android.googleapps.permission.GOOGLE_AUTH.cl in package com.android.providers.calendar
W/PackageManager( 2061): Unknown permission com.google.android.googleapps.permission.GOOGLE_AUTH.mail in package com.android.calendar
W/PackageManager( 2061): Not granting permission android.permission.SEND_DOWNLOAD_COMPLETED_INTENTS to package com.android.browser (protectionLevel=2 flags=0x89be45)
W/PackageManager( 2061): Unknown permission com.google.android.gallery3d.permission.PICASA_STORE in package com.android.dreams.phototable
W/PackageManager( 2061): Unknown permission com.google.android.googleapps.permission.GOOGLE_AUTH in package com.android.settings
I/SystemServer( 2061): NetworkPolicy Service
W/PackageManager( 2061): Unknown permission com.google.android.gallery3d.permission.GALLERY_PROVIDER in package com.android.exchange
W/PackageManager( 2061): Unknown permission com.google.android.googleapps.permission.ACCESS_GOOGLE_PASSWORD in package com.android.development
W/PackageManager( 2061): Unknown permission com.google.android.googleapps.permission.GOOGLE_AUTH in package com.android.development
W/PackageManager( 2061): Unknown permission com.google.android.googleapps.permission.GOOGLE_AUTH.ALL_SERVICES in package com.android.development
W/PackageManager( 2061): Unknown permission com.google.android.googleapps.permission.GOOGLE_AUTH.YouTubeUser in package com.android.development
I/SystemServer( 2061): Wi-Fi P2pService
W/PackageManager( 2061): Unknown permission com.google.android.gallery3d.permission.GALLERY_PROVIDER in package com.android.email
W/PackageManager( 2061): Not granting permission android.permission.DEVICE_POWER to package com.android.deskclock (protectionLevel=2 flags=0x88be45)
I/SystemServer( 2061): Wi-Fi Service
I/SystemServer( 2061): Ethernet Service
E/CommandListener( 1388): Failed to open /proc/sys/net/ipv6/conf/wlan0/disable_ipv6: No such file or directory
E/WifiStateMachine( 2061): Failed to disable IPv6: java.lang.IllegalStateException: command '1 interface ipv6 wlan0 disable' failed with '400 1 Failed to change IPv6 state (No such file or directory)'
I/SystemServer( 2061): Connectivity Service
I/ethernet( 2061): interface eth0:2 found
E/ethernet( 2061): android_net_ethernet_initEthernetNative exited with success
D/ConnectivityService( 2061): ConnectivityService starting up
V/EthernetStateTracker( 2061): Starts...
V/EthernetStateTracker( 2061): Successed
I/ethernet( 2061): User ask for device name on 0, list:5D60FDE8, total:1
V/EthernetStateTracker( 2061): start to monitor the ethernet devices
I/EthernetManager( 2061): Init Ethernet Manager, service: com.android.server.EthernetService@4127ec48
V/EthernetService( 2061): device 0 name eth0
E/EthernetService( 2061): EthernetManager.ETHERNET_STATE_ENABLED
E/MobileDataStateTracker( 2061): default: Ignoring feature request because could not acquire PhoneService
E/MobileDataStateTracker( 2061): default: Could not enable APN type "default"
D/dalvikvm( 2061): GC_CONCURRENT freed 316K, 10% free 4928K/5424K, paused 5ms+4ms, total 68ms
I/ethernet( 2061): User ask for device name on 0, list:5D60FDE8, total:1
E/WifiStateMachine( 2061): Failed to reload STA firmware java.lang.IllegalStateException: command '2 softap fwreload wlan0 STA' failed with '400 2 Softap operation failed (No such file or directory)'
D/NetUtils( 2061): android_net_utils_resetConnections in env=0x5b1ac678 clazz=0x4d900001 iface=eth0 mask=0x3
I/WifiService( 2061): WifiService starting up with Wi-Fi enabled
D/WifiService( 2061): setWifiEnabled: true pid=2061, uid=1000
I/EthernetService( 2061): Ethernet dev enabled 2
V/EthernetService( 2061): device 0 name eth0
V/EthernetStateMachine( 2061): start to monitor the ethernet devices
E/EthernetStateMachine( 2061): startMonitoring resetInterface()
I/EthernetStateMachine( 2061): reset device eth0
W/CommandListener( 1388): Failed to retrieve HW addr for wlan0 (No such device)
D/CommandListener( 1388): Setting iface cfg
