07-09 15:49:25.322: D/dalvikvm(1169): GC_FOR_ALLOC freed 5365K, 39% free 21972K/35928K, paused 10ms, total 10ms
07-09 15:49:25.332: D/dalvikvm(1169): GC_CONCURRENT freed 34K, 38% free 22376K/35928K, paused 2ms+1ms, total 12ms
07-09 15:49:25.352: I/ActivityManager(746): START u0 {act=android.intent.action.MAIN cat=[android.intent.category.LAUNCHER] flg=0x10200000 cmp=com.android.dialer/.DialtactsActivity bnds=[45,1532][246,1784]} from pid 1169
07-09 15:49:25.372: D/dalvikvm(746): GC_FOR_ALLOC freed 1715K, 12% free 27690K/31152K, paused 26ms, total 26ms
07-09 15:49:25.392: D/audio_hw_primary(4017): select_devices: out_snd_device(2: speaker) in_snd_device(0: )
07-09 15:49:25.402: I/ContactPhotoManager(3818): Cache adj: 1.0
07-09 15:49:25.402: E/ContactPhotoManager(3818): No contact photo service in context: com.android.dialer.DialerApplication@42b314f0
07-09 15:49:25.402: I/ContactPhotoManager(3818): Cache adj: 1.0
07-09 15:49:25.402: E/ContactPhotoManager(3818): No contact photo service in context: com.android.dialer.DialerApplication@42b314f0
07-09 15:49:25.502: D/dalvikvm(1870): GC_CONCURRENT freed 302K, 5% free 17614K/18432K, paused 3ms+19ms, total 34ms
07-09 15:49:25.582: I/ActivityManager(746): Displayed com.android.dialer/.DialtactsActivity: +204ms
07-09 15:49:42.202: I/ActivityManager(746): START u0 {act=android.intent.action.CALL_PRIVILEGED dat=tel:xxxxxxxxxx flg=0x10000000 cmp=com.android.phone/.PrivilegedOutgoingCallBroadcaster} from pid 3818
07-09 15:49:42.212: D/audio_hw_primary(4017): select_devices: out_snd_device(2: speaker) in_snd_device(0: )
07-09 15:49:42.252: D/dalvikvm(746): GC_FOR_ALLOC freed 1758K, 11% free 27792K/31152K, paused 33ms, total 34ms
07-09 15:49:42.282: D/CallGatewayManager(1036): checkAndCopyPhoneProviderExtras: some or all extras are missing.
07-09 15:49:42.342: D/CallGatewayManager(1036): checkAndCopyPhoneProviderExtras: some or all extras are missing.
07-09 15:49:42.342: I/ActivityManager(746): START u0 {act=com.android.phone.SIP_SELECT_PHONE dat=tel:xxxxxxxxxx flg=0x10000000 cmp=com.android.phone/.SipCallOptionHandler (has extras)} from pid 1036
07-09 15:49:42.352: D/CallController(1036): placeCall()... intent = Intent { act=android.intent.action.CALL dat=tel:xxxxxxxxxx (has extras) }
07-09 15:49:42.362: D/PhoneUtils(1036): placeCall()... number: xxxxxxxxxx, GW: null, emergency? false
07-09 15:49:42.372: I/MediaFocusControl(746): AudioFocus requestAudioFocus() from AudioFocus_For_Phone_Ring_And_Calls
07-09 15:49:42.442: I/CallModeler(1036): onPhoneStateChanged:
07-09 15:49:42.442: W/RejectWithTextMessageManager(1036): allowRespondViaSmsForCall: ringingCall not ringing! state = 5
07-09 15:49:42.442: W/CallHandlerServiceProxy(1036): InCallUI Connection failed. Enqueuing delayed retry for 2000 ms. retries(0)
07-09 15:49:42.442: I/InCall(3944): CallHandlerService - onCreate
07-09 15:49:42.442: I/InCall(3944): CallHandlerService - onBind
07-09 15:49:42.452: D/PhoneStatusBar(868): disable: < expand icons ALERTS* ticker system_info back home recent clock search
> 07-09 15:49:42.452: E/BluetoothPhoneService(1036): Could not get a handle on Connection object for the call
07-09 15:49:42.452: I/CallModeler(1036): onPhoneStateChanged:
07-09 15:49:42.452: W/RejectWithTextMessageManager(1036): allowRespondViaSmsForCall: ringingCall not ringing! state = 5
07-09 15:49:42.452: D/CallHandlerServiceProxy(1036): Service connection to in call service already started.
07-09 15:49:42.462: E/BluetoothPhoneService(1036): Could not get a handle on Connection object for the call
07-09 15:49:42.482: D/audio_hw_primary(4017): out_set_parameters: enter: usecase(1: low-latency-playback) kvpairs: routing=1
07-09 15:49:42.482: D/msm8974_platform(4017): check_operator: tmus mccmnc 22803
07-09 15:49:42.482: D/audio_hw_primary(4017): select_devices: out_snd_device(1: handset) in_snd_device(0: )
07-09 15:49:42.492: I/InCall(3944): CallHandlerService - doStart
07-09 15:49:42.492: I/InCall(3944): CallHandlerService - onSupportedAudioModeChange : EARPIECE, SPEAKER
07-09 15:49:42.492: I/InCall(3944): ProximitySensor - ProximitySensor{keybrd=0, dpad=0, offhook=0, hor=0, ui=0, aud=EARPIECE}
07-09 15:49:42.492: I/InCall(3944): ProximitySensor - turning off proximity sensor: already released
07-09 15:49:42.492: I/InCall(3944): InCallPresenter - Phone switching state: NO_CALLS -> NO_CALLS
07-09 15:49:42.492: I/CallHandlerServiceProxy(1036): Updating with new audio mode: EARPIECE with mute false
07-09 15:49:42.492: I/InCall(3944): CallHandlerService - onAudioModeChange : EARPIECE
07-09 15:49:42.492: I/CallModeler(1036): onPhoneStateChanged:
07-09 15:49:42.492: I/InCall(3944): CallHandlerService - onUpdate: [Call{mCallId=2, mState=DIALING, mDisconnectCause=NOT_DISCONNECTED, mCapabilities=2, mConnectTime=0, mChildCallIds=[], mGatewayNumber=null, mGatewayPackage=null, mIdentification=CallIdentification{mCallId=2, mNumber=xxxxxxxxxx, mNumberPresentation=1, mCnapName=null, mCnapNamePresentation=1}}]
07-09 15:49:42.492: I/InCall(3944): CallHandlerService - ON_SUPPORTED_AUDIO_MODE: EARPIECE, SPEAKER
07-09 15:49:42.492: I/InCall(3944): CallHandlerService - ON_AUDIO_MODE: EARPIECE, muted (false)
07-09 15:49:42.492: I/InCall(3944): CallHandlerService - ON_UPDATE_MULTI_CALL: [Call{mCallId=2, mState=DIALING, mDisconnectCause=NOT_DISCONNECTED, mCapabilities=2, mConnectTime=0, mChildCallIds=[], mGatewayNumber=null, mGatewayPackage=null, mIdentification=CallIdentification{mCallId=2, mNumber=xxxxxxxxxx, mNumberPresentation=1, mCnapName=null, mCnapNamePresentation=1}}]
07-09 15:49:42.492: W/RejectWithTextMessageManager(1036): allowRespondViaSmsForCall: ringingCall not ringing! state = 5
07-09 15:49:42.492: I/InCall(3944): CallHandlerService - onUpdate: [Call{mCallId=2, mState=DIALING, mDisconnectCause=NOT_DISCONNECTED, mCapabilities=2, mConnectTime=0, mChildCallIds=[], mGatewayNumber=null, mGatewayPackage=null, mIdentification=CallIdentification{mCallId=2, mNumber=xxxxxxxxxx, mNumberPresentation=1, mCnapName=null, mCnapNamePresentation=1}}]
07-09 15:49:42.492: I/InCall(3944): InCallPresenter - Start in call UI
07-09 15:49:42.492: I/InCall(3944): CallHandlerService - onUpdate: [Call{mCallId=2, mState=DIALING, mDisconnectCause=NOT_DISCONNECTED, mCapabilities=2, mConnectTime=0, mChildCallIds=[], mGatewayNumber=null, mGatewayPackage=null, mIdentification=CallIdentification{mCallId=2, mNumber=xxxxxxxxxx, mNumberPresentation=1, mCnapName=null, mCnapNamePresentation=0}}]
07-09 15:49:42.492: I/ActivityManager(746): START u0 {act=android.intent.action.MAIN flg=0x10840000 cmp=com.android.dialer/com.android.incallui.InCallActivity} from pid 3944
07-09 15:49:42.542: D/audio_hw_primary(4017): select_devices: out_snd_device(1: handset) in_snd_device(27: voice-dmic-ef)
07-09 15:49:42.542: D/(4017): Failed to fetch the lookup information of the device 00000029
07-09 15:49:42.542: E/ACDB-LOADER(4017): Error: ACDB AudProc vol returned = -19
07-09 15:49:42.552: D/dalvikvm(746): GC_FOR_ALLOC freed 1815K, 12% free 27718K/31152K, paused 30ms, total 31ms
07-09 15:49:42.552: A/libc(4017): Fatal signal 11 (SIGSEGV) at 0xb5b95ff8 (code=2), thread 4039 (AudioOut_2)
07-09 15:49:42.552: I/InCall(3944): InCallPresenter - Phone switching state: NO_CALLS -> OUTGOING
07-09 15:49:42.552: D/AccelerometerListener(3944): enable(true)
07-09 15:49:42.562: I/InCall(3944): ProximitySensor - ProximitySensor{keybrd=0, dpad=0, offhook=1, hor=0, ui=0, aud=EARPIECE}
07-09 15:49:42.562: I/InCall(3944): ProximitySensor - turning on proximity sensor: acquiring
07-09 15:49:42.562: I/InCall(3944): CallHandlerService - ON_UPDATE_MULTI_CALL: [Call{mCallId=2, mState=DIALING, mDisconnectCause=NOT_DISCONNECTED, mCapabilities=2, mConnectTime=0, mChildCallIds=[], mGatewayNumber=null, mGatewayPackage=null, mIdentification=CallIdentification{mCallId=2, mNumber=xxxxxxxxxx, mNumberPresentation=1, mCnapName=null, mCnapNamePresentation=1}}]
07-09 15:49:42.562: I/InCall(3944): InCallPresenter - Phone switching state: OUTGOING -> OUTGOING
07-09 15:49:42.562: I/InCall(3944): CallHandlerService - ON_UPDATE_MULTI_CALL: [Call{mCallId=2, mState=DIALING, mDisconnectCause=NOT_DISCONNECTED, mCapabilities=2, mConnectTime=0, mChildCallIds=[], mGatewayNumber=null, mGatewayPackage=null, mIdentification=CallIdentification{mCallId=2, mNumber=xxxxxxxxxx, mNumberPresentation=1, mCnapName=null, mCnapNamePresentation=0}}]
07-09 15:49:42.562: I/InCall(3944): InCallPresenter - Phone switching state: OUTGOING -> OUTGOING
07-09 15:49:42.652: I/DEBUG(173): *** *** *** *** *** *** *** *** *** *** *** *** *** *** *** ***
07-09 15:49:42.652: I/DEBUG(173): Build fingerprint: 'unknown'
07-09 15:49:42.652: I/DEBUG(173): Revision: '11'
07-09 15:49:42.652: I/DEBUG(173): pid: 4017, tid: 4039, name: AudioOut_2 >>> /system/bin/mediaserver <<<
07-09 15:49:42.652: I/DEBUG(173): signal 11 (SIGSEGV), code 2 (SEGV_ACCERR), fault addr b5b95ff8
07-09 15:49:42.662: W/NativeCrashListener(746): Couldn't find ProcessRecord for pid 4017
07-09 15:49:42.692: I/DEBUG(173): r0 05000000 r1 40540000 r2 80000000 r3 80000000
07-09 15:49:42.692: I/DEBUG(173): AM write failure (32 / Broken pipe)
07-09 15:49:42.692: I/DEBUG(173): r4 80000000 r5 b7c92758 r6 b7cc6728 r7 00000001
07-09 15:49:42.692: I/DEBUG(173): r8 b7ca6c74 r9 b7c927e0 sl 00005c40 fp b7ca6c10
07-09 15:49:42.692: I/DEBUG(173): ip b6068f60 sp b5b96000 lr b6e9c0f8 pc b6e9c0e0 cpsr 80030010
07-09 15:49:42.692: I/DEBUG(173): d0 4054000005000000 d1 0000000000000000
07-09 15:49:42.692: I/DEBUG(173): d2 0000000000000000 d3 0000000000000000
07-09 15:49:42.692: I/DEBUG(173): d4 0000000000000000 d5 4000000000000000
07-09 15:49:42.692: I/DEBUG(173): d6 0000000000000000 d7 3f4ccccd3f800000
07-09 15:49:42.692: I/DEBUG(173): d8 000000000097675c d9 00000050c363d4e1
07-09 15:49:42.692: I/DEBUG(173): d10 0000000000000000 d11 0000000000000000
07-09 15:49:42.692: I/DEBUG(173): d12 0000000000000000 d13 0000000000000000
07-09 15:49:42.692: I/DEBUG(173): d14 0000000000000000 d15 0000000000000000
07-09 15:49:42.692: I/DEBUG(173): d16 3fe99999a0000000 d17 4059000000000000
07-09 15:49:42.692: I/DEBUG(173): d18 406e000000000000 d19 0000000700000006
07-09 15:49:42.692: I/DEBUG(173): d20 0000000100000000 d21 0000000300000002
07-09 15:49:42.692: I/DEBUG(173): d22 0000000000000000 d23 0000000000000000
07-09 15:49:42.692: I/DEBUG(173): d24 0000000000000000 d25 0000000000000000
07-09 15:49:42.692: I/DEBUG(173): d26 0000000000000000 d27 0000000000000000
07-09 15:49:42.692: I/DEBUG(173): d28 0000000000000000 d29 0000000000000000
07-09 15:49:42.692: I/DEBUG(173): d30 0000000000000000 d31 0000000000000000
07-09 15:49:42.692: I/DEBUG(173): scr 80000000
07-09 15:49:42.702: I/DEBUG(173): backtrace:
07-09 15:49:42.702: I/DEBUG(173): #00 pc 000140e0 /system/lib/libm.so (lrint)
07-09 15:49:42.702: I/DEBUG(173): #01 pc 000140f4 /system/lib/libm.so (lrint+20)
07-09 15:49:42.702: I/DEBUG(173): #02 pc 000140f4 /system/lib/libm.so (lrint+20)
07-09 15:49:42.702: I/DEBUG(173): #03 pc 000140f4 /system/lib/libm.so (lrint+20)
07-09 15:49:42.702: I/DEBUG(173): #04 pc 000140f4 /system/lib/libm.so (lrint+20)
07-09 15:49:42.702: I/DEBUG(173): #05 pc 000140f4 /system/lib/libm.so (lrint+20)
07-09 15:49:42.702: I/DEBUG(173): #06 pc 000140f4 /system/lib/libm.so (lrint+20)
07-09 15:49:42.702: I/DEBUG(173): #07 pc 000140f4 /system/lib/libm.so (lrint+20)
07-09 15:49:42.702: I/DEBUG(173): #08 pc 000140f4 /system/lib/libm.so (lrint+20)
07-09 15:49:42.702: I/DEBUG(173): #09 pc 000140f4 /system/lib/libm.so (lrint+20)
07-09 15:49:42.702: I/DEBUG(173): #10 pc 000140f4 /system/lib/libm.so (lrint+20)
07-09 15:49:42.702: I/DEBUG(173): #11 pc 000140f4 /system/lib/libm.so (lrint+20)
07-09 15:49:42.702: I/DEBUG(173): #12 pc 000140f4 /system/lib/libm.so (lrint+20)
07-09 15:49:42.702: I/DEBUG(173): #13 pc 000140f4 /system/lib/libm.so (lrint+20)
07-09 15:49:42.702: I/DEBUG(173): #14 pc 000140f4 /system/lib/libm.so (lrint+20)
07-09 15:49:42.702: I/DEBUG(173): #15 pc 000140f4 /system/lib/libm.so (lrint+20)
07-09 15:49:42.702: I/DEBUG(173): #16 pc 000140f4 /system/lib/libm.so (lrint+20)
07-09 15:49:42.702: I/DEBUG(173): #17 pc 000140f4 /system/lib/libm.so (lrint+20)
07-09 15:49:42.702: I/DEBUG(173): #18 pc 000140f4 /system/lib/libm.so (lrint+20)
07-09 15:49:42.702: I/DEBUG(173): #19 pc 000140f4 /system/lib/libm.so (lrint+20)
07-09 15:49:42.702: I/DEBUG(173): #20 pc 000140f4 /system/lib/libm.so (lrint+20)
07-09 15:49:42.702: I/DEBUG(173): #21 pc 000140f4 /system/lib/libm.so (lrint+20)
07-09 15:49:42.702: I/DEBUG(173): #22 pc 000140f4 /system/lib/libm.so (lrint+20)
07-09 15:49:42.702: I/DEBUG(173): #23 pc 000140f4 /system/lib/libm.so (lrint+20)
07-09 15:49:42.702: I/DEBUG(173): #24 pc 000140f4 /system/lib/libm.so (lrint+20)
07-09 15:49:42.702: I/DEBUG(173): #25 pc 000140f4 /system/lib/libm.so (lrint+20)
07-09 15:49:42.702: I/DEBUG(173): #26 pc 000140f4 /system/lib/libm.so (lrint+20)
07-09 15:49:42.702: I/DEBUG(173): #27 pc 000140f4 /system/lib/libm.so (lrint+20)
07-09 15:49:42.702: I/DEBUG(173): #28 pc 000140f4 /system/lib/libm.so (lrint+20)
07-09 15:49:42.702: I/DEBUG(173): #29 pc 000140f4 /system/lib/libm.so (lrint+20)
07-09 15:49:42.702: I/DEBUG(173): #30 pc 000140f4 /system/lib/libm.so (lrint+20)
07-09 15:49:42.702: I/DEBUG(173): #31 pc 000140f4 /system/lib/libm.so (lrint+20)
07-09 15:49:42.702: I/DEBUG(173): stack:
07-09 15:49:42.702: I/DEBUG(173): b5b95fc0 00000000
07-09 15:49:42.702: I/DEBUG(173): b5b95fc4 00000000
07-09 15:49:42.702: I/DEBUG(173): b5b95fc8 00000000
07-09 15:49:42.702: I/DEBUG(173): b5b95fcc 00000000
07-09 15:49:42.702: I/DEBUG(173): b5b95fd0 00000000
07-09 15:49:42.702: I/DEBUG(173): b5b95fd4 00000000
07-09 15:49:42.702: I/DEBUG(173): b5b95fd8 00000000
07-09 15:49:42.702: I/DEBUG(173): b5b95fdc 00000000
07-09 15:49:42.702: I/DEBUG(173): b5b95fe0 00000000
07-09 15:49:42.702: I/DEBUG(173): b5b95fe4 00000000
07-09 15:49:42.702: I/DEBUG(173): b5b95fe8 00000000
07-09 15:49:42.702: I/DEBUG(173): b5b95fec 00000000
07-09 15:49:42.702: I/DEBUG(173): b5b95ff0 00000000
07-09 15:49:42.702: I/DEBUG(173): b5b95ff4 00000000
07-09 15:49:42.702: I/DEBUG(173): b5b95ff8 00000000
07-09 15:49:42.702: I/DEBUG(173): b5b95ffc 00000000
07-09 15:49:42.702: I/DEBUG(173): #00 b5b96000 80000000
07-09 15:49:42.712: I/DEBUG(173): b5b96004 b6e9c0f8 /system/lib/libm.so (lrint+24)
07-09 15:49:42.712: I/DEBUG(173): #01 b5b96008 80000000
07-09 15:49:42.712: I/DEBUG(173): b5b9600c b6e9c0f8 /system/lib/libm.so (lrint+24)
07-09 15:49:42.712: I/DEBUG(173): #02 b5b96010 80000000
07-09 15:49:42.712: I/DEBUG(173): b5b96014 b6e9c0f8 /system/lib/libm.so (lrint+24)
07-09 15:49:42.712: I/DEBUG(173): memory near r0:
07-09 15:49:42.712: I/DEBUG(173): 04ffffe0 ffffffff ffffffff ffffffff ffffffff
07-09 15:49:42.712: I/DEBUG(173): 04fffff0 ffffffff ffffffff ffffffff ffffffff
07-09 15:49:42.712: I/DEBUG(173): 05000000 ffffffff ffffffff ffffffff ffffffff
07-09 15:49:42.712: I/DEBUG(173): 05000010 ffffffff ffffffff ffffffff ffffffff
07-09 15:49:42.712: I/DEBUG(173): 05000020 ffffffff ffffffff ffffffff ffffffff
07-09 15:49:42.712: I/DEBUG(173): 05000030 ffffffff ffffffff ffffffff ffffffff
07-09 15:49:42.712: I/DEBUG(173): 05000040 ffffffff ffffffff ffffffff ffffffff
07-09 15:49:42.712: I/DEBUG(173): 05000050 ffffffff ffffffff ffffffff ffffffff
07-09 15:49:42.712: I/DEBUG(173): 05000060 ffffffff ffffffff ffffffff ffffffff
07-09 15:49:42.712: I/DEBUG(173): 05000070 ffffffff ffffffff ffffffff ffffffff
07-09 15:49:42.712: I/DEBUG(173): 05000080 ffffffff ffffffff ffffffff ffffffff
07-09 15:49:42.712: I/DEBUG(173): 05000090 ffffffff ffffffff ffffffff ffffffff
07-09 15:49:42.712: I/DEBUG(173): 050000a0 ffffffff ffffffff ffffffff ffffffff
07-09 15:49:42.712: I/DEBUG(173): 050000b0 ffffffff ffffffff ffffffff ffffffff
07-09 15:49:42.712: I/DEBUG(173): 050000c0 ffffffff ffffffff ffffffff ffffffff
07-09 15:49:42.712: I/DEBUG(173): 050000d0 ffffffff ffffffff ffffffff ffffffff
07-09 15:49:42.712: I/DEBUG(173): memory near r1:
07-09 15:49:42.722: I/DEBUG(173): 4053ffe0 ffffffff ffffffff ffffffff ffffffff
07-09 15:49:42.722: I/DEBUG(173): 4053fff0 ffffffff ffffffff ffffffff ffffffff
07-09 15:49:42.722: I/DEBUG(173): 40540000 ffffffff ffffffff ffffffff ffffffff
07-09 15:49:42.722: I/DEBUG(173): 40540010 ffffffff ffffffff ffffffff ffffffff
07-09 15:49:42.722: I/DEBUG(173): 40540020 ffffffff ffffffff ffffffff ffffffff
07-09 15:49:42.722: I/DEBUG(173): 40540030 ffffffff ffffffff ffffffff ffffffff
07-09 15:49:42.722: I/DEBUG(173): 40540040 ffffffff ffffffff ffffffff ffffffff
07-09 15:49:42.722: I/DEBUG(173): 40540050 ffffffff ffffffff ffffffff ffffffff
07-09 15:49:42.722: I/DEBUG(173): 40540060 ffffffff ffffffff ffffffff ffffffff
07-09 15:49:42.722: I/DEBUG(173): 40540070 ffffffff ffffffff ffffffff ffffffff
07-09 15:49:42.722: I/DEBUG(173): 40540080 ffffffff ffffffff ffffffff ffffffff
07-09 15:49:42.722: I/DEBUG(173): 40540090 ffffffff ffffffff ffffffff ffffffff
07-09 15:49:42.722: I/DEBUG(173): 405400a0 ffffffff ffffffff ffffffff ffffffff
07-09 15:49:42.722: I/DEBUG(173): 405400b0 ffffffff ffffffff ffffffff ffffffff
07-09 15:49:42.722: I/DEBUG(173): 405400c0 ffffffff ffffffff ffffffff ffffffff
07-09 15:49:42.722: I/DEBUG(173): 405400d0 ffffffff ffffffff ffffffff ffffffff
07-09 15:49:42.722: I/DEBUG(173): memory near r2:
07-09 15:49:42.722: I/DEBUG(173): 7fffffe0 ffffffff ffffffff ffffffff ffffffff
07-09 15:49:42.722: I/DEBUG(173): 7ffffff0 ffffffff ffffffff ffffffff ffffffff
07-09 15:49:42.722: I/DEBUG(173): 80000000 ffffffff ffffffff ffffffff ffffffff
07-09 15:49:42.722: I/DEBUG(173): 80000010 ffffffff ffffffff ffffffff ffffffff
07-09 15:49:42.722: I/DEBUG(173): 80000020 ffffffff ffffffff ffffffff ffffffff
07-09 15:49:42.722: I/DEBUG(173): 80000030 ffffffff ffffffff ffffffff ffffffff
07-09 15:49:42.722: I/DEBUG(173): 80000040 ffffffff ffffffff ffffffff ffffffff
07-09 15:49:42.722: I/DEBUG(173): 80000050 ffffffff ffffffff ffffffff ffffffff
07-09 15:49:42.722: I/DEBUG(173): 80000060 ffffffff ffffffff ffffffff ffffffff
07-09 15:49:42.722: I/DEBUG(173): 80000070 ffffffff ffffffff ffffffff ffffffff
07-09 15:49:42.722: I/DEBUG(173): 80000080 ffffffff ffffffff ffffffff ffffffff
07-09 15:49:42.732: I/DEBUG(173): 80000090 ffffffff ffffffff ffffffff ffffffff
07-09 15:49:42.732: I/DEBUG(173): 800000a0 ffffffff ffffffff ffffffff ffffffff
07-09 15:49:42.732: I/DEBUG(173): 800000b0 ffffffff ffffffff ffffffff ffffffff
07-09 15:49:42.732: I/DEBUG(173): 800000c0 ffffffff ffffffff ffffffff ffffffff
07-09 15:49:42.732: I/DEBUG(173): 800000d0 ffffffff ffffffff ffffffff ffffffff
07-09 15:49:42.732: I/DEBUG(173): memory near r3:
07-09 15:49:42.732: I/DEBUG(173): 7fffffe0 ffffffff ffffffff ffffffff ffffffff
07-09 15:49:42.732: I/DEBUG(173): 7ffffff0 ffffffff ffffffff ffffffff ffffffff
07-09 15:49:42.732: I/DEBUG(173): 80000000 ffffffff ffffffff ffffffff ffffffff
07-09 15:49:42.732: I/DEBUG(173): 80000010 ffffffff ffffffff ffffffff ffffffff
07-09 15:49:42.732: I/DEBUG(173): 80000020 ffffffff ffffffff ffffffff ffffffff
07-09 15:49:42.732: I/DEBUG(173): 80000030 ffffffff ffffffff ffffffff ffffffff
07-09 15:49:42.732: I/DEBUG(173): 80000040 ffffffff ffffffff ffffffff ffffffff
07-09 15:49:42.732: I/DEBUG(173): 80000050 ffffffff ffffffff ffffffff ffffffff
07-09 15:49:42.732: I/DEBUG(173): 80000060 ffffffff ffffffff ffffffff ffffffff
07-09 15:49:42.732: I/DEBUG(173): 80000070 ffffffff ffffffff ffffffff ffffffff
07-09 15:49:42.732: I/DEBUG(173): 80000080 ffffffff ffffffff ffffffff ffffffff
07-09 15:49:42.732: I/DEBUG(173): 80000090 ffffffff ffffffff ffffffff ffffffff
07-09 15:49:42.732: I/DEBUG(173): 800000a0 ffffffff ffffffff ffffffff ffffffff
07-09 15:49:42.732: I/DEBUG(173): 800000b0 ffffffff ffffffff ffffffff ffffffff
07-09 15:49:42.732: I/DEBUG(173): 800000c0 ffffffff ffffffff ffffffff ffffffff
07-09 15:49:42.732: I/DEBUG(173): 800000d0 ffffffff ffffffff ffffffff ffffffff
07-09 15:49:42.732: I/DEBUG(173): memory near r4:
07-09 15:49:42.732: I/DEBUG(173): 7fffffe0 ffffffff ffffffff ffffffff ffffffff
07-09 15:49:42.732: I/DEBUG(173): 7ffffff0 ffffffff ffffffff ffffffff ffffffff
07-09 15:49:42.732: I/DEBUG(173): 80000000 ffffffff ffffffff ffffffff ffffffff
07-09 15:49:42.732: I/DEBUG(173): 80000010 ffffffff ffffffff ffffffff ffffffff
07-09 15:49:42.732: I/DEBUG(173): 80000020 ffffffff ffffffff ffffffff ffffffff
07-09 15:49:42.732: I/DEBUG(173): 80000030 ffffffff ffffffff ffffffff ffffffff
07-09 15:49:42.732: I/DEBUG(173): 80000040 ffffffff ffffffff ffffffff ffffffff
07-09 15:49:42.732: I/DEBUG(173): 80000050 ffffffff ffffffff ffffffff ffffffff
07-09 15:49:42.732: I/DEBUG(173): 80000060 ffffffff ffffffff ffffffff ffffffff
07-09 15:49:42.732: I/DEBUG(173): 80000070 ffffffff ffffffff ffffffff ffffffff
07-09 15:49:42.732: I/DEBUG(173): 80000080 ffffffff ffffffff ffffffff ffffffff
07-09 15:49:42.732: I/DEBUG(173): 80000090 ffffffff ffffffff ffffffff ffffffff
07-09 15:49:42.732: I/DEBUG(173): 800000a0 ffffffff ffffffff ffffffff ffffffff
07-09 15:49:42.732: I/DEBUG(173): 800000b0 ffffffff ffffffff ffffffff ffffffff
07-09 15:49:42.732: I/DEBUG(173): 800000c0 ffffffff ffffffff ffffffff ffffffff
07-09 15:49:42.732: I/DEBUG(173): 800000d0 ffffffff ffffffff ffffffff ffffffff
07-09 15:49:42.732: I/DEBUG(173): memory near r5:
07-09 15:49:42.732: I/DEBUG(173): b7c92738 0000040c b7cc5848 00000eea b7cc6dd0
07-09 15:49:42.732: I/DEBUG(173): b7c92748 00000fb1 b7c926e8 006e0069 000000f3
07-09 15:49:42.732: I/DEBUG(173): b7c92758 48574454 00000200 b6069098 00000000
07-09 15:49:42.732: I/DEBUG(173): b7c92768 00000000 00000000 00000000 00000000
07-09 15:49:42.732: I/DEBUG(173): b7c92778 00000000 00000000 00000000 00000000
07-09 15:49:42.732: I/DEBUG(173): b7c92788 00000000 00000000 00000000 b606092c
07-09 15:49:42.732: I/DEBUG(173): b7c92798 00000000 b605fe94 b6061390 b605fe9c
07-09 15:49:42.732: I/DEBUG(173): b7c927a8 b605fea4 b605ff08 b60608f0 b605febc
07-09 15:49:42.732: I/DEBUG(173): b7c927b8 b6062a2c b6060254 b60612b8 b6060ac0
07-09 15:49:42.732: I/DEBUG(173): b7c927c8 b6063ac0 b60614d8 b6063e54 b605fecc
07-09 15:49:42.732: I/DEBUG(173): b7c927d8 b605feac b605feb4 00000002 b7c8c7b8
07-09 15:49:42.732: I/DEBUG(173): b7c927e8 00000002 00000000 00000000 b7ca6c10
07-09 15:49:42.732: I/DEBUG(173): b7c927f8 00000000 3f4ccccd 00000000 00000010
07-09 15:49:42.732: I/DEBUG(173): b7c92808 00000001 b7cc9a10 b7cc9b70 b7c92848
07-09 15:49:42.732: I/DEBUG(173): b7c92818 b7cbe750 b7cc99e8 b7c964f0 00000012
07-09 15:49:42.732: I/DEBUG(173): b7c92828 00000000 00000000 b7ca6610 b6f74db4
07-09 15:49:42.732: I/DEBUG(173): memory near r6:
07-09 15:49:42.732: I/DEBUG(173): b7cc6708 00000018 0000001b 00000000 b7cc9710
07-09 15:49:42.732: I/DEBUG(173): b7cc6718 b7cc9800 00100000 00000002 00000013
07-09 15:49:42.732: I/DEBUG(173): b7cc6728 b7cc9958 b6f0f1d0 00000010 00000033
07-09 15:49:42.732: I/DEBUG(173): b7cc6738 00000001 00000010 b6f2747d b6f274a5
07-09 15:49:42.732: I/DEBUG(173): b7cc6748 b7cc95a0 00000000 00746e75 00000011
07-09 15:49:42.732: I/DEBUG(173): b7cc6758 b7cc6788 b6f0f1d0 00000030 0000001b
07-09 15:49:42.732: I/DEBUG(173): b7cc6768 00000004 3ed7e8b5 00000002 00000001
07-09 15:49:42.732: I/DEBUG(173): b7cc6778 00000018 00000023 00000001 00000001
07-09 15:49:42.732: I/DEBUG(173): b7cc6788 b7cc6b98 00000001 b7cc8ba8 b6f0f1d0
07-09 15:49:42.732: I/DEBUG(173): b7cc6798 00000020 000003cb 00000000 00000000
07-09 15:49:42.732: I/DEBUG(173): b7cc67a8 00000000 00000000 00000000 00000000
07-09 15:49:42.732: I/DEBUG(173): b7cc67b8 00000000 00000000 00000000 00000000
07-09 15:49:42.732: I/DEBUG(173): b7cc67c8 00000000 00000000 00000000 00000000
07-09 15:49:42.732: I/DEBUG(173): b7cc67d8 00000000 00000000 00000000 00000000
07-09 15:49:42.732: I/DEBUG(173): b7cc67e8 00000000 00000000 00000000 00000000
07-09 15:49:42.732: I/DEBUG(173): b7cc67f8 00000000 00000000 00000000 00000000
07-09 15:49:42.732: I/DEBUG(173): memory near r8:
07-09 15:49:42.732: I/DEBUG(173): b7ca6c54 b6060264 b605fe4c 00000000 00000000
07-09 15:49:42.732: I/DEBUG(173): b7ca6c64 00000000 00000000 00000000 b60602c0
07-09 15:49:42.732: I/DEBUG(173): b7ca6c74 00000001 00000000 00000002 0000bb80
07-09 15:49:42.732: I/DEBUG(173): b7ca6c84 000000f0 00000002 00000000 0000003c
07-09 15:49:42.732: I/DEBUG(173): b7ca6c94 7fffffff 00000000 0000003c 00000000
07-09 15:49:42.732: I/DEBUG(173): b7ca6ca4 00000000 00000000 b7cc6bc8 00000000
07-09 15:49:42.732: I/DEBUG(173): b7ca6cb4 00000000 0000000f 0000bb80 00000003
07-09 15:49:42.732: I/DEBUG(173): b7ca6cc4 00000001 00000001 00000002 00000001
07-09 15:49:42.732: I/DEBUG(173): b7ca6cd4 00000003 00000000 00000000 00000000
07-09 15:49:42.732: I/DEBUG(173): b7ca6ce4 00000000 0011dd20 00000000 00000002
07-09 15:49:42.732: I/DEBUG(173): b7ca6cf4 00000000 00000000 00000000 00000000
07-09 15:49:42.732: I/DEBUG(173): b7ca6d04 00000000 00000000 00000000 00000000
07-09 15:49:42.732: I/DEBUG(173): b7ca6d14 00000000 00000000 00000000 00000000
07-09 15:49:42.732: I/DEBUG(173): b7ca6d24 00000000 b7c92758 00000000 00000000
07-09 15:49:42.732: I/DEBUG(173): b7ca6d34 00000013 b7ca6ab0 b7ca6c10 00000002
07-09 15:49:42.732: I/DEBUG(173): b7ca6d44 0000001b 00000003 0000000a b5e052e4
07-09 15:49:42.732: I/DEBUG(173): memory near r9:
07-09 15:49:42.732: I/DEBUG(173): b7c927c0 b60612b8 b6060ac0 b6063ac0 b60614d8
07-09 15:49:42.732: I/DEBUG(173): b7c927d0 b6063e54 b605fecc b605feac b605feb4
07-09 15:49:42.732: I/DEBUG(173): b7c927e0 00000002 b7c8c7b8 00000002 00000000
07-09 15:49:42.732: I/DEBUG(173): b7c927f0 00000000 b7ca6c10 00000000 3f4ccccd
07-09 15:49:42.732: I/DEBUG(173): b7c92800 00000000 00000010 00000001 b7cc9a10
07-09 15:49:42.732: I/DEBUG(173): b7c92810 b7cc9b70 b7c92848 b7cbe750 b7cc99e8
07-09 15:49:42.732: I/DEBUG(173): b7c92820 b7c964f0 00000012 00000000 00000000
07-09 15:49:42.732: I/DEBUG(173): b7c92830 b7ca6610 b6f74db4 b5e07689 b5e077c5
07-09 15:49:42.732: I/DEBUG(173): b7c92840 00000000 000000ab 00000000 00000002
07-09 15:49:42.732: I/DEBUG(173): b7c92850 00000000 00000000 00000000 00000000
07-09 15:49:42.732: I/DEBUG(173): b7c92860 00000000 00000000 00000000 00000000
07-09 15:49:42.732: I/DEBUG(173): b7c92870 00000000 00000000 00000000 00000000
07-09 15:49:42.732: I/DEBUG(173): b7c92880 00000000 00000000 00000000 00000000
07-09 15:49:42.732: I/DEBUG(173): b7c92890 00000000 00000000 00000000 00000000
07-09 15:49:42.732: I/DEBUG(173): b7c928a0 00000000 00000000 00000000 00000000
07-09 15:49:42.732: I/DEBUG(173): b7c928b0 00000000 00000001 00000000 00000000
07-09 15:49:42.732: I/DEBUG(173): memory near sl:
07-09 15:49:42.732: I/DEBUG(173): 00005c20 ffffffff ffffffff ffffffff ffffffff
07-09 15:49:42.732: I/DEBUG(173): 00005c30 ffffffff ffffffff ffffffff ffffffff
07-09 15:49:42.732: I/DEBUG(173): 00005c40 ffffffff ffffffff ffffffff ffffffff
07-09 15:49:42.732: I/DEBUG(173): 00005c50 ffffffff ffffffff ffffffff ffffffff
07-09 15:49:42.732: I/DEBUG(173): 00005c60 ffffffff ffffffff ffffffff ffffffff
07-09 15:49:42.732: I/DEBUG(173): 00005c70 ffffffff ffffffff ffffffff ffffffff
07-09 15:49:42.732: I/DEBUG(173): 00005c80 ffffffff ffffffff ffffffff ffffffff
07-09 15:49:42.732: I/DEBUG(173): 00005c90 ffffffff ffffffff ffffffff ffffffff
07-09 15:49:42.732: I/DEBUG(173): 00005ca0 ffffffff ffffffff ffffffff ffffffff
07-09 15:49:42.732: I/DEBUG(173): 00005cb0 ffffffff ffffffff ffffffff ffffffff
07-09 15:49:42.732: I/DEBUG(173): 00005cc0 ffffffff ffffffff ffffffff ffffffff
07-09 15:49:42.732: I/DEBUG(173): 00005cd0 ffffffff ffffffff ffffffff ffffffff
07-09 15:49:42.732: I/DEBUG(173): 00005ce0 ffffffff ffffffff ffffffff ffffffff
07-09 15:49:42.732: I/DEBUG(173): 00005cf0 ffffffff ffffffff ffffffff ffffffff
07-09 15:49:42.732: I/DEBUG(173): 00005d00 ffffffff ffffffff ffffffff ffffffff
07-09 15:49:42.732: I/DEBUG(173): 00005d10 ffffffff ffffffff ffffffff ffffffff
07-09 15:49:42.732: I/DEBUG(173): memory near fp:
07-09 15:49:42.732: I/DEBUG(173): b7ca6bf0 00000000 00000000 b7c91ce0 00000000
07-09 15:49:42.732: I/DEBUG(173): b7ca6c00 00000000 00000000 b6f86784 0000012b
07-09 15:49:42.732: I/DEBUG(173): b7ca6c10 b605fe0c b605fe14 b60611c0 b605fe1c
07-09 15:49:42.732: I/DEBUG(173): b7ca6c20 b605fe24 b605fe2c b60639d0 b605fe34
07-09 15:49:42.732: I/DEBUG(173): b7ca6c30 00000000 00000000 b60630a8 b60603cc
07-09 15:49:42.732: I/DEBUG(173): b7ca6c40 b605fe3c b605fe44 b606095c b60609cc
07-09 15:49:42.732: I/DEBUG(173): b7ca6c50 b606439c b6060264 b605fe4c 00000000
07-09 15:49:42.732: I/DEBUG(173): b7ca6c60 00000000 00000000 00000000 00000000
07-09 15:49:42.732: I/DEBUG(173): b7ca6c70 b60602c0 00000001 00000000 00000002
07-09 15:49:42.732: I/DEBUG(173): b7ca6c80 0000bb80 000000f0 00000002 00000000
07-09 15:49:42.732: I/DEBUG(173): b7ca6c90 0000003c 7fffffff 00000000 0000003c
07-09 15:49:42.732: I/DEBUG(173): b7ca6ca0 00000000 00000000 00000000 b7cc6bc8
07-09 15:49:42.732: I/DEBUG(173): b7ca6cb0 00000000 00000000 0000000f 0000bb80
07-09 15:49:42.732: I/DEBUG(173): b7ca6cc0 00000003 00000001 00000001 00000002
07-09 15:49:42.732: I/DEBUG(173): b7ca6cd0 00000001 00000003 00000000 00000000
07-09 15:49:42.732: I/DEBUG(173): b7ca6ce0 00000000 00000000 0011dd20 00000000
07-09 15:49:42.732: I/DEBUG(173): memory near ip:
07-09 15:49:42.732: I/DEBUG(173): b6068f40 b60592e5 b6059649 b6eb51f0 b6eb5d4c
07-09 15:49:42.732: I/DEBUG(173): b6068f50 b60555c9 b6efcbc4 b6eb3ed4 b60551a5
07-09 15:49:42.732: I/DEBUG(173): b6068f60 b6e9c0e0 b6f2679d b6efb910 b6ed50fd
07-09 15:49:42.732: I/DEBUG(173): b6068f70 b6051319 b6051181 b605125d b6ed4648
07-09 15:49:42.732: I/DEBUG(173): b6068f80 b6ee2311 b6f278a5 b6059bed b6059cb1
07-09 15:49:42.732: I/DEBUG(173): b6068f90 b605a2a9 b605a2b1 b605982d b6054d41
07-09 15:49:42.732: I/DEBUG(173): b6068fa0 b6eb5d8c b6eb5be4 b6ebd045 b605a335
07-09 15:49:42.732: I/DEBUG(173): b6068fb0 b6ed4bb4 b6eea721 b6054b65 b6054b59
07-09 15:49:42.732: I/DEBUG(173): b6068fc0 b6055531 b6054b3d b6059929 b6054e89
07-09 15:49:42.732: I/DEBUG(173): b6068fd0 b6055161 b6055365 b6f28651 b6eb66fc
07-09 15:49:42.732: I/DEBUG(173): b6068fe0 b60590c1 b60513d1 b6f77dfd b6ed5a5d
07-09 15:49:42.732: I/DEBUG(173): b6068ff0 b605972d b6059335 b60593d9 b60594b5
07-09 15:49:42.732: I/DEBUG(173): b6069000 b6069000 00000001 00001f40 00000400
07-09 15:49:42.732: I/DEBUG(173): b6069010 00000002 00000000 00000000 00000000
07-09 15:49:42.732: I/DEBUG(173): b6069020 00000000 00000000 00000006 0000bb80
07-09 15:49:42.732: I/DEBUG(173): b6069030 00000150 00000008 00000000 00000000
07-09 15:49:42.732: I/DEBUG(173): memory near sp:
07-09 15:49:42.732: I/DEBUG(173): b5b95fe0 00000000 00000000 00000000 00000000
07-09 15:49:42.732: I/DEBUG(173): b5b95ff0 00000000 00000000 00000000 00000000
07-09 15:49:42.732: I/DEBUG(173): b5b96000 80000000 b6e9c0f8 80000000 b6e9c0f8
07-09 15:49:42.732: I/DEBUG(173): b5b96010 80000000 b6e9c0f8 80000000 b6e9c0f8
07-09 15:49:42.732: I/DEBUG(173): b5b96020 80000000 b6e9c0f8 80000000 b6e9c0f8
07-09 15:49:42.732: I/DEBUG(173): b5b96030 80000000 b6e9c0f8 80000000 b6e9c0f8
07-09 15:49:42.732: I/DEBUG(173): b5b96040 80000000 b6e9c0f8 80000000 b6e9c0f8
07-09 15:49:42.732: I/DEBUG(173): b5b96050 80000000 b6e9c0f8 80000000 b6e9c0f8
07-09 15:49:42.732: I/DEBUG(173): b5b96060 80000000 b6e9c0f8 80000000 b6e9c0f8
07-09 15:49:42.732: I/DEBUG(173): b5b96070 80000000 b6e9c0f8 80000000 b6e9c0f8
07-09 15:49:42.732: I/DEBUG(173): b5b96080 80000000 b6e9c0f8 80000000 b6e9c0f8
07-09 15:49:42.732: I/DEBUG(173): b5b96090 80000000 b6e9c0f8 80000000 b6e9c0f8
07-09 15:49:42.732: I/DEBUG(173): b5b960a0 80000000 b6e9c0f8 80000000 b6e9c0f8
07-09 15:49:42.732: I/DEBUG(173): b5b960b0 80000000 b6e9c0f8 80000000 b6e9c0f8
07-09 15:49:42.732: I/DEBUG(173): b5b960c0 80000000 b6e9c0f8 80000000 b6e9c0f8
07-09 15:49:42.732: I/DEBUG(173): b5b960d0 80000000 b6e9c0f8 80000000 b6e9c0f8
07-09 15:49:42.732: I/DEBUG(173): code around pc:
07-09 15:49:42.732: I/DEBUG(173): b6e9c0c0 ee100a90 e12fff1e eebf7a00 eeb01ae7
07-09 15:49:42.732: I/DEBUG(173): b6e9c0d0 eec70a01 ee100a90 e12fff1e 4c000000
07-09 15:49:42.732: I/DEBUG(173): b6e9c0e0 e92d4010 eef14a10 e3c43c1f e3c3201f
07-09 15:49:42.732: I/DEBUG(173): b6e9c0f0 eee12a10 ebfffff9 eef11a10 e3110001
07-09 15:49:42.732: I/DEBUG(173): b6e9c100 0a000002 eef1ca10 e3cce010 eee1ea10
07-09 15:49:42.732: I/DEBUG(173): b6e9c110 eef13a10 eee14a10 e203101f eef12a10
07-09 15:49:42.732: I/DEBUG(173): b6e9c120 e1c2c001 e18ce001 eee1ea10 e8bd8010
07-09 15:49:42.732: I/DEBUG(173): b6e9c130 e92d4010 eef14a10 e3c43c1f e3c3101f
07-09 15:49:42.732: I/DEBUG(173): b6e9c140 eee11a10 ebfffff9 eef12a10 e3120001
07-09 15:49:42.732: I/DEBUG(173): b6e9c150 0a000002 eef1ca10 e3cce010 eee1ea10
07-09 15:49:42.732: I/DEBUG(173): b6e9c160 eef13a10 eee14a10 e203101f eef12a10
07-09 15:49:42.732: I/DEBUG(173): b6e9c170 e1c2c001 e18ce001 eee1ea10 e8bd8010
07-09 15:49:42.732: I/DEBUG(173): b6e9c180 eddf2b16 e92d4008 ec410b30 eddf1b15
07-09 15:49:42.732: I/DEBUG(173): b6e9c190 eef40be2 eef1fa10 eef40be1 c3a03001
07-09 15:49:42.732: I/DEBUG(173): b6e9c1a0 d3a03000 eef1fa10 42033001 53a03000
07-09 15:49:42.732: I/DEBUG(173): b6e9c1b0 e3530000 1a000004 eef13a10 e3830001
07-09 15:49:42.732: I/DEBUG(173): code around lr:
07-09 15:49:42.732: I/DEBUG(173): b6e9c0d8 e12fff1e 4c000000 e92d4010 eef14a10
07-09 15:49:42.732: I/DEBUG(173): b6e9c0e8 e3c43c1f e3c3201f eee12a10 ebfffff9
07-09 15:49:42.732: I/DEBUG(173): b6e9c0f8 eef11a10 e3110001 0a000002 eef1ca10
07-09 15:49:42.732: I/DEBUG(173): b6e9c108 e3cce010 eee1ea10 eef13a10 eee14a10
07-09 15:49:42.732: I/DEBUG(173): b6e9c118 e203101f eef12a10 e1c2c001 e18ce001
07-09 15:49:42.732: I/DEBUG(173): b6e9c128 eee1ea10 e8bd8010 e92d4010 eef14a10
07-09 15:49:42.732: I/DEBUG(173): b6e9c138 e3c43c1f e3c3101f eee11a10 ebfffff9
07-09 15:49:42.732: I/DEBUG(173): b6e9c148 eef12a10 e3120001 0a000002 eef1ca10
07-09 15:49:42.732: I/DEBUG(173): b6e9c158 e3cce010 eee1ea10 eef13a10 eee14a10
07-09 15:49:42.732: I/DEBUG(173): b6e9c168 e203101f eef12a10 e1c2c001 e18ce001
07-09 15:49:42.732: I/DEBUG(173): b6e9c178 eee1ea10 e8bd8010 eddf2b16 e92d4008
07-09 15:49:42.732: I/DEBUG(173): b6e9c188 ec410b30 eddf1b15 eef40be2 eef1fa10
07-09 15:49:42.732: I/DEBUG(173): b6e9c198 eef40be1 c3a03001 d3a03000 eef1fa10
07-09 15:49:42.732: I/DEBUG(173): b6e9c1a8 42033001 53a03000 e3530000 1a000004
07-09 15:49:42.732: I/DEBUG(173): b6e9c1b8 eef13a10 e3830001 eee10a10 e3e00102
07-09 15:49:42.732: I/DEBUG(173): b6e9c1c8 e8bd8008 eb000462 ec410b10 eefd7bc0
07-09 15:49:42.732: I/DEBUG(173): memory map around fault addr b5b95ff8:
07-09 15:49:42.732: I/DEBUG(173): b5b93000-b5b95000 rw-
07-09 15:49:42.732: I/DEBUG(173): b5b95000-b5b96000 --- [stack:4039]
07-09 15:49:42.732: I/DEBUG(173): b5b96000-b5c93000 rw- [stack:4039]
07-09 15:49:42.802: W/AudioSystem(1036): AudioFlinger server died!
07-09 15:49:42.802: W/AudioSystem(746): AudioFlinger server died!
07-09 15:49:42.802: I/ServiceManager(169): service 'media.audio_flinger' died
07-09 15:49:42.802: W/AudioSystem(1036): AudioPolicyService server died!
07-09 15:49:42.802: W/AudioSystem(746): AudioPolicyService server died!
07-09 15:49:42.802: I/ServiceManager(169): service 'media.player' died
07-09 15:49:42.802: I/ServiceManager(169): service 'media.camera' died
07-09 15:49:42.802: I/ServiceManager(169): service 'media.audio_policy' died
07-09 15:49:42.802: E/AudioService(746): Media server died.
07-09 15:49:42.802: W/AudioSystem(3818): AudioFlinger server died!
07-09 15:49:42.802: W/AudioSystem(3818): AudioPolicyService server died!
07-09 15:49:42.802: I/ServiceManager(1036): Waiting for service media.audio_flinger...
07-09 15:49:42.912: I/mediaserver(4280): ServiceManager: 0xb8d37460
07-09 15:49:42.912: I/AudioFlinger(4280): Using default 3000 mSec as standby time.
07-09 15:49:42.912: I/CameraService(4280): CameraService started (pid=4280)
07-09 15:49:42.912: I/CameraService(4280): Loaded "QCamera Module" camera module
07-09 15:49:42.912: D/mm-camera-intf(4280): mm_camera_open: dev name = /dev/video1, cam_idx = 1
07-09 15:49:42.912: I/mm-camera-sensor(198): module_sensor_start_session:577 session 1
07-09 15:49:42.952: I/mm-camera(198): gyro_module_start_session: Enter
07-09 15:49:42.952: I/mm-camera(198): gyro_module_start_session: Init DSPS
07-09 15:49:42.952: I/mm-camera(198): gyro_module_start_session: Exit successful
07-09 15:49:42.952: I/mm-camera(198): gyro_module_get_port: Exit successful
07-09 15:49:42.952: I/mm-camera(198): cpp_module_start_session:352, info: starting session 1
07-09 15:49:42.972: I/mm-camera(198): cpp_thread_func:55: cpp_thread entering the polling loop...
07-09 15:49:42.972: I/mm-camera(198): cpp_module_start_session:422, info: cpp_thread created.
07-09 15:49:42.972: I/mm-camera(198): cpp_module_start_session:425, info: session 1 started.
07-09 15:49:42.972: I/mm-camera(198): c2d_module_start_session:246, info: starting session 1
07-09 15:49:42.972: I/mm-camera(198): c2d_thread_func:39: c2d_thread entering the polling loop...
07-09 15:49:42.972: I/mm-camera(198): c2d_module_start_session:284, info: c2d_thread created.
07-09 15:49:42.982: I/mm-camera(198): c2d_module_start_session:306, info: session 1 started.
07-09 15:49:42.982: I/mm-camera-sensor(198): module_module_set_session_data:2435 max delay 2 report dSelay 1
07-09 15:49:42.982: D/mm-camera(198): module_faceproc_set_session_data:1826] Per frame control 2 1
07-09 15:49:42.982: D/mm-camera-intf(4280): mm_camera_open: opened, break out while loop
07-09 15:49:42.982: I/mm-camera(198): mct_pipeline_process_set:command=800000b
07-09 15:49:42.982: E/mm-camera(198): mct_pipeline_get_stream: no children
07-09 15:49:42.982: E/mm-camera(198): mct_pipeline_process_set:1370: Couldn't find stream
07-09 15:49:42.982: I/mm-camera-sensor(198): module_sensor_stop_session:630 session 1
07-09 15:49:43.052: W/ActivityManager(746): Activity pause timeout for ActivityRecord{42e7daf8 u0 com.android.phone/.SipCallOptionHandler t14}
07-09 15:49:43.122: E/qcom_sensors_hal(746): hal_process_report_ind: Bad item quality: 11
07-09 15:49:43.132: I/InCall(3944): InCallPresenter - UI Initialized
07-09 15:49:43.132: I/InCall(3944): InCallPresenter - Phone switching state: OUTGOING -> OUTGOING
07-09 15:49:43.132: I/InCall(3944): InCallActivity - onResume()...
07-09 15:49:43.132: I/InCall(3944): ProximitySensor - ProximitySensor{keybrd=0, dpad=0, offhook=1, hor=0, ui=1, aud=EARPIECE}
07-09 15:49:43.132: I/InCall(3944): ProximitySensor - turning on proximity sensor: already acquired
07-09 15:49:43.142: D/AccelerometerListener(3944): orientation: horizontal
07-09 15:49:43.142: I/InCall(3944): ProximitySensor - ProximitySensor{keybrd=0, dpad=0, offhook=1, hor=1, ui=1, aud=EARPIECE}
07-09 15:49:43.142: I/InCall(3944): ProximitySensor - turning on proximity sensor: already acquired
07-09 15:49:43.212: W/AudioTrack(746): dead IAudioTrack, PCM, creating a new one from processAudioBuffer()
07-09 15:49:43.212: I/ServiceManager(746): Waiting for service media.audio_policy...
07-09 15:49:43.222: I/ActivityManager(746): Displayed com.android.dialer/com.android.incallui.InCallActivity: +171ms (total +962ms)
07-09 15:49:43.282: I/mm-camera(198): stats_module_stop_session: list =0xb75773d8, remove port =0xb756cd90 name=stats_sink from module=0xb7556778, name=stats
07-09 15:49:43.282: I/mm-camera(198): stats_module_stop_session: 1 port =0xb756cd90 name=stats_sink
07-09 15:49:43.282: I/mm-camera(198): stats_module_stop_session: 2 port =0xb756cd90 name=stats_sink
07-09 15:49:43.282: I/mm-camera(198): gyro_module_stop_session: Enter
07-09 15:49:43.282: I/mm-camera(198): gyro_module_stop_session: Deinit DSPS
07-09 15:49:43.282: I/mm-camera(198): gyro_module_stop_session: Exit successful
07-09 15:49:43.282: I/mm-camera(198): stats_module_stop_session: 3 port =0xb756cd90 name=stats_sink
07-09 15:49:43.282: I/mm-camera(198): cpp_module_stop_session:453, info: stopping session 1 ...
07-09 15:49:43.282: I/mm-camera(198): cpp_thread_process_pipe_message:359, CPP_THREAD_MSG_ABORT: cpp_thread exiting..
07-09 15:49:43.282: I/mm-camera(198): cpp_module_stop_session:495, info: session 1 stopped.
07-09 15:49:43.282: I/mm-camera(198): c2d_module_stop_session:322, info: stopping session 1 ...
07-09 15:49:43.282: I/mm-camera(198): c2d_thread_process_pipe_message:503, C2D_THREAD_MSG_ABORT: c2d_thread exiting..
07-09 15:49:43.282: I/mm-camera(198): c2d_module_stop_session:361, info: session 1 stopped.
07-09 15:49:43.282: D/QCamera3HWI(4280): static int8_t qcamera::QCamera3HardwareInterface::lookupFwkName(const qcamera::QCamera3HardwareInterface::QCameraMap*, int, int): Cannot find matching framework type
07-09 15:49:43.282: D/QCamera3HWI(4280): static int8_t qcamera::QCamera3HardwareInterface::lookupFwkName(const qcamera::QCamera3HardwareInterface::QCameraMap*, int, int): Cannot find matching framework type
07-09 15:49:43.282: D/QCamera3HWI(4280): static int8_t qcamera::QCamera3HardwareInterface::lookupFwkName(const qcamera::QCamera3HardwareInterface::QCameraMap*, int, int): Cannot find matching framework type
07-09 15:49:43.282: D/QCamera3HWI(4280): static int8_t qcamera::QCamera3HardwareInterface::lookupFwkName(const qcamera::QCamera3HardwareInterface::QCameraMap*, int, int): Cannot find matching framework type
07-09 15:49:43.282: D/QCamera3HWI(4280): static int8_t qcamera::QCamera3HardwareInterface::lookupFwkName(const qcamera::QCamera3HardwareInterface::QCameraMap*, int, int): Cannot find matching framework type
07-09 15:49:43.282: D/QCamera3HWI(4280): static int8_t qcamera::QCamera3HardwareInterface::lookupFwkName(const qcamera::QCamera3HardwareInterface::QCameraMap*, int, int): Cannot find matching framework type
07-09 15:49:43.282: D/QCamera3HWI(4280): static int8_t qcamera::QCamera3HardwareInterface::lookupFwkName(const qcamera::QCamera3HardwareInterface::QCameraMap*, int, int): Cannot find matching framework type
07-09 15:49:43.282: D/QCamera3HWI(4280): static int8_t qcamera::QCamera3HardwareInterface::lookupFwkName(const qcamera::QCamera3HardwareInterface::QCameraMap*, int, int): Cannot find matching framework type
07-09 15:49:43.282: D/QCamera3HWI(4280): static int8_t qcamera::QCamera3HardwareInterface::lookupFwkName(const qcamera::QCamera3HardwareInterface::QCameraMap*, int, int): Cannot find matching framework type
07-09 15:49:43.282: D/mm-camera-intf(4280): mm_camera_open: dev name = /dev/video2, cam_idx = 2
07-09 15:49:43.282: I/mm-camera-sensor(198): module_sensor_start_session:577 session 2
07-09 15:49:43.302: E/AudioService(746): Media server started.
07-09 15:49:43.512: I/mm-camera-sensor(198): module_sensor_init_session:471 ois device is not supported
07-09 15:49:43.512: I/mm-camera(198): gyro_module_start_session: Enter
07-09 15:49:43.512: I/mm-camera(198): gyro_module_start_session: Init DSPS
07-09 15:49:43.512: I/mm-camera(198): gyro_module_start_session: Exit successful
07-09 15:49:43.512: I/mm-camera(198): gyro_module_get_port: Exit successful
07-09 15:49:43.512: I/mm-camera(198): cpp_module_start_session:352, info: starting session 2
07-09 15:49:43.532: I/mm-camera(198): cpp_thread_func:55: cpp_thread entering the polling loop...
07-09 15:49:43.532: I/mm-camera(198): cpp_module_start_session:422, info: cpp_thread created.
07-09 15:49:43.532: I/mm-camera(198): cpp_module_start_session:425, info: session 2 started.
07-09 15:49:43.532: I/mm-camera(198): c2d_module_start_session:246, info: starting session 2
07-09 15:49:43.532: I/mm-camera(198): c2d_thread_func:39: c2d_thread entering the polling loop...
07-09 15:49:43.532: I/mm-camera(198): c2d_module_start_session:284, info: c2d_thread created.
07-09 15:49:43.532: I/mm-camera(198): c2d_module_start_session:306, info: session 2 started.
07-09 15:49:43.532: I/mm-camera-sensor(198): module_module_set_session_data:2435 max delay 2 report dSelay 1
07-09 15:49:43.532: D/mm-camera(198): module_faceproc_set_session_data:1826] Per frame control 2 1
07-09 15:49:43.532: D/mm-camera-intf(4280): mm_camera_open: opened, break out while loop
07-09 15:49:43.542: I/mm-camera(198): mct_pipeline_process_set:command=800000b
07-09 15:49:43.542: E/mm-camera(198): mct_pipeline_get_stream: no children
07-09 15:49:43.542: E/mm-camera(198): mct_pipeline_process_set:1370: Couldn't find stream
07-09 15:49:43.542: I/mm-camera-sensor(198): module_sensor_stop_session:630 session 2
07-09 15:49:43.632: I/mm-camera(198): stats_module_stop_session: list =0xb7572cd8, remove port =0xb75688d8 name=stats_sink from module=0xb7556778, name=stats
07-09 15:49:43.632: I/mm-camera(198): stats_module_stop_session: 1 port =0xb75688d8 name=stats_sink
07-09 15:49:43.632: I/mm-camera(198): stats_module_stop_session: 2 port =0xb75688d8 name=stats_sink
07-09 15:49:43.632: I/mm-camera(198): gyro_module_stop_session: Enter
07-09 15:49:43.632: I/mm-camera(198): gyro_module_stop_session: Deinit DSPS
07-09 15:49:43.632: I/mm-camera(198): gyro_module_stop_session: Exit successful
07-09 15:49:43.632: I/mm-camera(198): stats_module_stop_session: 3 port =0xb75688d8 name=stats_sink
07-09 15:49:43.632: I/mm-camera(198): cpp_module_stop_session:453, info: stopping session 2 ...
07-09 15:49:43.632: I/mm-camera(198): cpp_thread_process_pipe_message:359, CPP_THREAD_MSG_ABORT: cpp_thread exiting..
07-09 15:49:43.642: I/mm-camera(198): cpp_module_stop_session:495, info: session 2 stopped.
07-09 15:49:43.642: I/mm-camera(198): c2d_module_stop_session:322, info: stopping session 2 ...
07-09 15:49:43.642: I/mm-camera(198): c2d_thread_process_pipe_message:503, C2D_THREAD_MSG_ABORT: c2d_thread exiting..
07-09 15:49:43.642: I/mm-camera(198): c2d_module_stop_session:361, info: session 2 stopped.
07-09 15:49:43.642: D/QCamera3HWI(4280): static int8_t qcamera::QCamera3HardwareInterface::lookupFwkName(const qcamera::QCamera3HardwareInterface::QCameraMap*, int, int): Cannot find matching framework type
07-09 15:49:43.642: D/QCamera3HWI(4280): static int8_t qcamera::QCamera3HardwareInterface::lookupFwkName(const qcamera::QCamera3HardwareInterface::QCameraMap*, int, int): Cannot find matching framework type
07-09 15:49:43.642: D/QCamera3HWI(4280): static int8_t qcamera::QCamera3HardwareInterface::lookupFwkName(const qcamera::QCamera3HardwareInterface::QCameraMap*, int, int): Cannot find matching framework type
07-09 15:49:43.642: D/QCamera3HWI(4280): static int8_t qcamera::QCamera3HardwareInterface::lookupFwkName(const qcamera::QCamera3HardwareInterface::QCameraMap*, int, int): Cannot find matching framework type
07-09 15:49:43.642: D/QCamera3HWI(4280): static int8_t qcamera::QCamera3HardwareInterface::lookupFwkName(const qcamera::QCamera3HardwareInterface::QCameraMap*, int, int): Cannot find matching framework type
07-09 15:49:43.642: D/QCamera3HWI(4280): static int8_t qcamera::QCamera3HardwareInterface::lookupFwkName(const qcamera::QCamera3HardwareInterface::QCameraMap*, int, int): Cannot find matching framework type
07-09 15:49:43.642: D/QCamera3HWI(4280): static int8_t qcamera::QCamera3HardwareInterface::lookupFwkName(const qcamera::QCamera3HardwareInterface::QCameraMap*, int, int): Cannot find matching framework type
07-09 15:49:43.642: D/QCamera3HWI(4280): static int8_t qcamera::QCamera3HardwareInterface::lookupFwkName(const qcamera::QCamera3HardwareInterface::QCameraMap*, int, int): Cannot find matching framework type
07-09 15:49:43.642: I/AudioPolicyManagerBase(4280): loadAudioPolicyConfig() loaded /system/etc/audio_policy.conf
07-09 15:49:43.642: D/audio_hw_primary(4280): adev_open: enter
07-09 15:49:43.682: E/qcom_sensors_hal(746): hal_process_report_ind: Bad item quality: 11
07-09 15:49:43.772: D/(4280): [ACDB Command]->SW Minor/Major version mismatch warning /etc/Bluetooth_cal.acdb
07-09 15:49:43.772: D/(4280): [ACDB Command]->ACDB Sw Major = 2, ACDB Sw Minor = 0
07-09 15:49:43.772: D/(4280): [ACDB Command]->ACDB File Major = 1, ACDB File Minor = 3
07-09 15:49:43.772: D/(4280): [ACDB Command]->SW Minor/Major version mismatch warning /etc/General_cal.acdb
07-09 15:49:43.772: D/(4280): [ACDB Command]->ACDB Sw Major = 2, ACDB Sw Minor = 0
07-09 15:49:43.772: D/(4280): [ACDB Command]->ACDB File Major = 1, ACDB File Minor = 3
07-09 15:49:43.772: D/(4280): [ACDB Command]->SW Minor/Major version mismatch warning /etc/Global_cal.acdb
07-09 15:49:43.772: D/(4280): [ACDB Command]->ACDB Sw Major = 2, ACDB Sw Minor = 0
07-09 15:49:43.772: D/(4280): [ACDB Command]->ACDB File Major = 1, ACDB File Minor = 3
07-09 15:49:43.772: D/(4280): [ACDB Command]->SW Minor/Major version mismatch warning /etc/Handset_cal.acdb
07-09 15:49:43.772: D/(4280): [ACDB Command]->ACDB Sw Major = 2, ACDB Sw Minor = 0
07-09 15:49:43.772: D/(4280): [ACDB Command]->ACDB File Major = 1, ACDB File Minor = 3
07-09 15:49:43.772: D/(4280): [ACDB Command]->SW Minor/Major version mismatch warning /etc/Hdmi_cal.acdb
07-09 15:49:43.772: D/(4280): [ACDB Command]->ACDB Sw Major = 2, ACDB Sw Minor = 0
07-09 15:49:43.772: D/(4280): [ACDB Command]->ACDB File Major = 1, ACDB File Minor = 3
07-09 15:49:43.772: D/(4280): [ACDB Command]->SW Minor/Major version mismatch warning /etc/Headset_cal.acdb
07-09 15:49:43.772: D/(4280): [ACDB Command]->ACDB Sw Major = 2, ACDB Sw Minor = 0
07-09 15:49:43.772: D/(4280): [ACDB Command]->ACDB File Major = 1, ACDB File Minor = 3
07-09 15:49:43.772: D/(4280): [ACPH]->Online service registered with ACPH
07-09 15:49:43.772: E/Diag_Lib(4280): Diag_LSM_Init: Failed to open handle to diag driver, error = 13
07-09 15:49:43.772: E/Diag_Lib(4280): diagpkt_tbl_reg: Registration failed.
07-09 15:49:43.772: D/(4280): [ACPH]->ACPH init success
07-09 15:49:43.772: D/(4280): [ACPH]->DSP RTC service registered with ACPH
07-09 15:49:43.772: D/(4280): [ACPH]->ADIE RTC service registered with ACPH
07-09 15:49:43.772: D/(4280): ACDBFILE_MGR: Property for the pid 00012E47 not found
07-09 15:49:43.772: D/(4280): ACDB_COMMAND: Failed to fetch the property info for pid 00012E47
07-09 15:49:43.772: E/ACDB-LOADER(4280): Error: ACDB get adm topologies returned = -18
07-09 15:49:43.772: D/(4280): ACDBFILE_MGR: Property for the pid 00012E48 not found
07-09 15:49:43.772: D/(4280): ACDB_COMMAND: Failed to fetch the property info for pid 00012E48
07-09 15:49:43.772: E/ACDB-LOADER(4280): Error: ACDB get asm topologies returned = -18
