07-09 15:49:43.782: D/(4280): Failed to fetch the lookup information of the device 00000067
07-09 15:49:43.782: E/ACDB-LOADER(4280): Error: ACDB ANC returned = -1
07-09 15:49:43.782: I/AudioFlinger(4280): loadHwModule() Loaded primary audio interface from QCOM Audio HAL (audio) handle 1
07-09 15:49:43.782: I/AudioFlinger(4280): HAL output buffer size 240 frames, normal mix buffer size 960 frames
07-09 15:49:43.782: I/AudioMixer(4280): found effect "Multichannel Downmix To Stereo" from The Android Open Source Project
07-09 15:49:43.782: E/MonoPipe(4280): Failed to fetch local time frequency when constructing a MonoPipe (res = -32). getNextWriteTimestamp calls will be non-functional
07-09 15:49:43.782: I/AudioFlinger(4280): Using module 1 has the primary audio interface
07-09 15:49:43.782: I/AudioFlinger(4280): AudioFlinger's thread 0xb5d59008 ready to run
07-09 15:49:43.792: D/audio_hw_primary(4280): out_set_parameters: enter: usecase(1: low-latency-playback) kvpairs: routing=2
07-09 15:49:43.792: I/AudioFlinger(4280): HAL output buffer size 960 frames, normal mix buffer size 960 frames
07-09 15:49:43.792: I/AudioMixer(4280): found effect "Multichannel Downmix To Stereo" from The Android Open Source Project
07-09 15:49:43.792: I/AudioFlinger(4280): AudioFlinger's thread 0xb5ae6008 ready to run
07-09 15:49:43.792: D/audio_hw_primary(4280): out_set_parameters: enter: usecase(0: deep-buffer-playback) kvpairs: routing=2
07-09 15:49:43.792: I/audio_a2dp_hw(4280): adev_open: adev_open in A2dp_hw module
07-09 15:49:43.792: I/AudioFlinger(4280): loadHwModule() Loaded a2dp audio interface from A2DP Audio HW HAL (audio) handle 4
07-09 15:49:43.792: I/AudioFlinger(4280): loadHwModule() Loaded usb audio interface from USB audio HW HAL (audio) handle 5
07-09 15:49:43.792: I/r_submix(4280): adev_open(name=audio_hw_if)
07-09 15:49:43.792: I/r_submix(4280): adev_init_check()
07-09 15:49:43.792: I/AudioFlinger(4280): loadHwModule() Loaded r_submix audio interface from Wifi Display audio HAL (audio) handle 6
07-09 15:49:43.792: I/AudioPolicyService(4280): Loaded audio policy from LEGACY Audio Policy HAL (audio_policy)
07-09 15:49:43.802: I/CallHandlerServiceProxy(1036): Updating with new audio mode: EARPIECE with mute false
07-09 15:49:43.802: E/BluetoothPhoneService(1036): Could not get a handle on Connection object for the call
07-09 15:49:43.802: I/InCall(3944): CallHandlerService - onAudioModeChange : EARPIECE
07-09 15:49:43.802: I/InCall(3944): CallHandlerService - onSupportedAudioModeChange : EARPIECE, SPEAKER
07-09 15:49:43.802: I/InCall(3944): CallHandlerService - ON_AUDIO_MODE: EARPIECE, muted (false)
07-09 15:49:43.802: I/InCall(3944): CallHandlerService - ON_SUPPORTED_AUDIO_MODE: EARPIECE, SPEAKER
07-09 15:49:43.822: I/ActivityManager(746): Activity reported stop, but no longer stopping: ActivityRecord{42e7daf8 u0 com.android.phone/.SipCallOptionHandler t14 f}
07-09 15:49:44.222: D/audio_hw_primary(4280): out_set_parameters: enter: usecase(1: low-latency-playback) kvpairs: routing=1
07-09 15:49:44.222: D/msm8974_platform(4280): check_operator: tmus mccmnc 22803
07-09 15:49:44.222: D/audio_hw_primary(4280): select_devices: out_snd_device(1: handset) in_snd_device(27: voice-dmic-ef)
07-09 15:49:44.222: D/(4280): Failed to fetch the lookup information of the device 00000029
07-09 15:49:44.222: E/ACDB-LOADER(4280): Error: ACDB AudProc vol returned = -19
07-09 15:49:44.232: A/libc(4280): Fatal signal 11 (SIGSEGV) at 0xb5b29ff8 (code=2), thread 4308 (AudioOut_2)
07-09 15:49:44.332: I/DEBUG(173): *** *** *** *** *** *** *** *** *** *** *** *** *** *** *** ***
07-09 15:49:44.332: I/DEBUG(173): Build fingerprint: 'unknown'
07-09 15:49:44.332: I/DEBUG(173): Revision: '11'
07-09 15:49:44.332: I/DEBUG(173): pid: 4280, tid: 4308, name: AudioOut_2 >>> /system/bin/mediaserver <<<
07-09 15:49:44.332: I/DEBUG(173): signal 11 (SIGSEGV), code 2 (SEGV_ACCERR), fault addr b5b29ff8
07-09 15:49:44.332: W/NativeCrashListener(746): Couldn't find ProcessRecord for pid 4280
07-09 15:49:44.372: I/DEBUG(173): r0 00000000 r1 00000000 r2 80000000 r3 80000000
07-09 15:49:44.372: I/DEBUG(173): AM write failure (32 / Broken pipe)
07-09 15:49:44.372: I/DEBUG(173): r4 80000000 r5 b8d3e7a8 r6 b8d727e0 r7 00000001
07-09 15:49:44.372: I/DEBUG(173): r8 b8d52c74 r9 b8d3e830 sl 00005c40 fp b8d52c10
07-09 15:49:44.372: I/DEBUG(173): ip b6001f60 sp b5b2a000 lr b6e310f8 pc b6e310e0 cpsr 80030010
07-09 15:49:44.372: I/DEBUG(173): d0 0000000000000000 d1 0000000000000000
07-09 15:49:44.372: I/DEBUG(173): d2 0000000000000000 d3 0000000000000000
07-09 15:49:44.372: I/DEBUG(173): d4 0000000000000000 d5 4000000000000000
07-09 15:49:44.372: I/DEBUG(173): d6 0000000000000000 d7 000000003f800000
07-09 15:49:44.372: I/DEBUG(173): d8 0000000000000000 d9 0000000000000000
07-09 15:49:44.372: I/DEBUG(173): d10 0000000000000000 d11 0000000000000000
07-09 15:49:44.372: I/DEBUG(173): d12 0000000000000000 d13 0000000000000000
07-09 15:49:44.372: I/DEBUG(173): d14 0000000000000000 d15 0000000000000000
07-09 15:49:44.372: I/DEBUG(173): d16 0000000000000000 d17 4059000000000000
07-09 15:49:44.372: I/DEBUG(173): d18 406e000000000000 d19 0000000700000006
07-09 15:49:44.372: I/DEBUG(173): d20 0000000100000000 d21 0000000300000002
07-09 15:49:44.372: I/DEBUG(173): d22 0000000000000000 d23 0000000000000000
07-09 15:49:44.372: I/DEBUG(173): d24 0000000000000000 d25 0000000000000000
07-09 15:49:44.372: I/DEBUG(173): d26 0000000000000000 d27 0000000000000000
07-09 15:49:44.372: I/DEBUG(173): d28 0000000000000000 d29 0000000000000000
07-09 15:49:44.372: I/DEBUG(173): d30 0000000000000000 d31 0000000000000000
07-09 15:49:44.372: I/DEBUG(173): scr 80000000
07-09 15:49:44.372: I/DEBUG(173): backtrace:
07-09 15:49:44.372: I/DEBUG(173): #00 pc 000140e0 /system/lib/libm.so (lrint)
07-09 15:49:44.372: I/DEBUG(173): #01 pc 000140f4 /system/lib/libm.so (lrint+20)
07-09 15:49:44.372: I/DEBUG(173): #02 pc 000140f4 /system/lib/libm.so (lrint+20)
07-09 15:49:44.372: I/DEBUG(173): #03 pc 000140f4 /system/lib/libm.so (lrint+20)
07-09 15:49:44.372: I/DEBUG(173): #04 pc 000140f4 /system/lib/libm.so (lrint+20)
07-09 15:49:44.372: I/DEBUG(173): #05 pc 000140f4 /system/lib/libm.so (lrint+20)
07-09 15:49:44.372: I/DEBUG(173): #06 pc 000140f4 /system/lib/libm.so (lrint+20)
07-09 15:49:44.372: I/DEBUG(173): #07 pc 000140f4 /system/lib/libm.so (lrint+20)
07-09 15:49:44.372: I/DEBUG(173): #08 pc 000140f4 /system/lib/libm.so (lrint+20)
07-09 15:49:44.372: I/DEBUG(173): #09 pc 000140f4 /system/lib/libm.so (lrint+20)
07-09 15:49:44.372: I/DEBUG(173): #10 pc 000140f4 /system/lib/libm.so (lrint+20)
07-09 15:49:44.372: I/DEBUG(173): #11 pc 000140f4 /system/lib/libm.so (lrint+20)
07-09 15:49:44.372: I/DEBUG(173): #12 pc 000140f4 /system/lib/libm.so (lrint+20)
07-09 15:49:44.372: I/DEBUG(173): #13 pc 000140f4 /system/lib/libm.so (lrint+20)
07-09 15:49:44.372: I/DEBUG(173): #14 pc 000140f4 /system/lib/libm.so (lrint+20)
07-09 15:49:44.372: I/DEBUG(173): #15 pc 000140f4 /system/lib/libm.so (lrint+20)
07-09 15:49:44.372: I/DEBUG(173): #16 pc 000140f4 /system/lib/libm.so (lrint+20)
07-09 15:49:44.372: I/DEBUG(173): #17 pc 000140f4 /system/lib/libm.so (lrint+20)
07-09 15:49:44.372: I/DEBUG(173): #18 pc 000140f4 /system/lib/libm.so (lrint+20)
07-09 15:49:44.372: I/DEBUG(173): #19 pc 000140f4 /system/lib/libm.so (lrint+20)
07-09 15:49:44.372: I/DEBUG(173): #20 pc 000140f4 /system/lib/libm.so (lrint+20)
07-09 15:49:44.372: I/DEBUG(173): #21 pc 000140f4 /system/lib/libm.so (lrint+20)
07-09 15:49:44.372: I/DEBUG(173): #22 pc 000140f4 /system/lib/libm.so (lrint+20)
07-09 15:49:44.372: I/DEBUG(173): #23 pc 000140f4 /system/lib/libm.so (lrint+20)
07-09 15:49:44.372: I/DEBUG(173): #24 pc 000140f4 /system/lib/libm.so (lrint+20)
07-09 15:49:44.372: I/DEBUG(173): #25 pc 000140f4 /system/lib/libm.so (lrint+20)
07-09 15:49:44.372: I/DEBUG(173): #26 pc 000140f4 /system/lib/libm.so (lrint+20)
07-09 15:49:44.372: I/DEBUG(173): #27 pc 000140f4 /system/lib/libm.so (lrint+20)
07-09 15:49:44.372: I/DEBUG(173): #28 pc 000140f4 /system/lib/libm.so (lrint+20)
07-09 15:49:44.372: I/DEBUG(173): #29 pc 000140f4 /system/lib/libm.so (lrint+20)
07-09 15:49:44.372: I/DEBUG(173): #30 pc 000140f4 /system/lib/libm.so (lrint+20)
07-09 15:49:44.372: I/DEBUG(173): #31 pc 000140f4 /system/lib/libm.so (lrint+20)
07-09 15:49:44.372: I/DEBUG(173): stack:
07-09 15:49:44.372: I/DEBUG(173): b5b29fc0 00000000
07-09 15:49:44.372: I/DEBUG(173): b5b29fc4 00000000
07-09 15:49:44.372: I/DEBUG(173): b5b29fc8 00000000
07-09 15:49:44.372: I/DEBUG(173): b5b29fcc 00000000
07-09 15:49:44.372: I/DEBUG(173): b5b29fd0 00000000
07-09 15:49:44.372: I/DEBUG(173): b5b29fd4 00000000
07-09 15:49:44.372: I/DEBUG(173): b5b29fd8 00000000
07-09 15:49:44.372: I/DEBUG(173): b5b29fdc 00000000
07-09 15:49:44.372: I/DEBUG(173): b5b29fe0 00000000
07-09 15:49:44.372: I/DEBUG(173): b5b29fe4 00000000
07-09 15:49:44.372: I/DEBUG(173): b5b29fe8 00000000
07-09 15:49:44.372: I/DEBUG(173): b5b29fec 00000000
07-09 15:49:44.372: I/DEBUG(173): b5b29ff0 00000000
07-09 15:49:44.372: I/DEBUG(173): b5b29ff4 00000000
07-09 15:49:44.372: I/DEBUG(173): b5b29ff8 00000000
07-09 15:49:44.372: I/DEBUG(173): b5b29ffc 00000000
07-09 15:49:44.372: I/DEBUG(173): #00 b5b2a000 80000000
07-09 15:49:44.372: I/DEBUG(173): b5b2a004 b6e310f8 /system/lib/libm.so (lrint+24)
07-09 15:49:44.382: I/DEBUG(173): #01 b5b2a008 80000000
07-09 15:49:44.382: I/DEBUG(173): b5b2a00c b6e310f8 /system/lib/libm.so (lrint+24)
07-09 15:49:44.382: I/DEBUG(173): #02 b5b2a010 80000000
07-09 15:49:44.382: I/DEBUG(173): b5b2a014 b6e310f8 /system/lib/libm.so (lrint+24)
07-09 15:49:44.382: I/DEBUG(173): memory near r2:
07-09 15:49:44.382: I/DEBUG(173): 7fffffe0 ffffffff ffffffff ffffffff ffffffff
07-09 15:49:44.382: I/DEBUG(173): 7ffffff0 ffffffff ffffffff ffffffff ffffffff
07-09 15:49:44.382: I/DEBUG(173): 80000000 ffffffff ffffffff ffffffff ffffffff
07-09 15:49:44.382: I/DEBUG(173): 80000010 ffffffff ffffffff ffffffff ffffffff
07-09 15:49:44.382: I/DEBUG(173): 80000020 ffffffff ffffffff ffffffff ffffffff
07-09 15:49:44.382: I/DEBUG(173): 80000030 ffffffff ffffffff ffffffff ffffffff
07-09 15:49:44.382: I/DEBUG(173): 80000040 ffffffff ffffffff ffffffff ffffffff
07-09 15:49:44.382: I/DEBUG(173): 80000050 ffffffff ffffffff ffffffff ffffffff
07-09 15:49:44.382: I/DEBUG(173): 80000060 ffffffff ffffffff ffffffff ffffffff
07-09 15:49:44.382: I/DEBUG(173): 80000070 ffffffff ffffffff ffffffff ffffffff
07-09 15:49:44.382: I/DEBUG(173): 80000080 ffffffff ffffffff ffffffff ffffffff
07-09 15:49:44.382: I/DEBUG(173): 80000090 ffffffff ffffffff ffffffff ffffffff
07-09 15:49:44.382: I/DEBUG(173): 800000a0 ffffffff ffffffff ffffffff ffffffff
07-09 15:49:44.382: I/DEBUG(173): 800000b0 ffffffff ffffffff ffffffff ffffffff
07-09 15:49:44.382: I/DEBUG(173): 800000c0 ffffffff ffffffff ffffffff ffffffff
07-09 15:49:44.382: I/DEBUG(173): 800000d0 ffffffff ffffffff ffffffff ffffffff
07-09 15:49:44.382: I/DEBUG(173): memory near r3:
07-09 15:49:44.382: I/DEBUG(173): 7fffffe0 ffffffff ffffffff ffffffff ffffffff
07-09 15:49:44.382: I/DEBUG(173): 7ffffff0 ffffffff ffffffff ffffffff ffffffff
07-09 15:49:44.382: I/DEBUG(173): 80000000 ffffffff ffffffff ffffffff ffffffff
07-09 15:49:44.382: I/DEBUG(173): 80000010 ffffffff ffffffff ffffffff ffffffff
07-09 15:49:44.382: I/DEBUG(173): 80000020 ffffffff ffffffff ffffffff ffffffff
07-09 15:49:44.382: I/DEBUG(173): 80000030 ffffffff ffffffff ffffffff ffffffff
07-09 15:49:44.382: I/DEBUG(173): 80000040 ffffffff ffffffff ffffffff ffffffff
07-09 15:49:44.382: I/DEBUG(173): 80000050 ffffffff ffffffff ffffffff ffffffff
07-09 15:49:44.382: I/DEBUG(173): 80000060 ffffffff ffffffff ffffffff ffffffff
07-09 15:49:44.382: I/DEBUG(173): 80000070 ffffffff ffffffff ffffffff ffffffff
07-09 15:49:44.382: I/DEBUG(173): 80000080 ffffffff ffffffff ffffffff ffffffff
07-09 15:49:44.382: I/DEBUG(173): 80000090 ffffffff ffffffff ffffffff ffffffff
07-09 15:49:44.382: I/DEBUG(173): 800000a0 ffffffff ffffffff ffffffff ffffffff
07-09 15:49:44.382: I/DEBUG(173): 800000b0 ffffffff ffffffff ffffffff ffffffff
07-09 15:49:44.382: I/DEBUG(173): 800000c0 ffffffff ffffffff ffffffff ffffffff
07-09 15:49:44.382: I/DEBUG(173): 800000d0 ffffffff ffffffff ffffffff ffffffff
07-09 15:49:44.382: I/DEBUG(173): memory near r4:
07-09 15:49:44.382: I/DEBUG(173): 7fffffe0 ffffffff ffffffff ffffffff ffffffff
07-09 15:49:44.382: I/DEBUG(173): 7ffffff0 ffffffff ffffffff ffffffff ffffffff
07-09 15:49:44.382: I/DEBUG(173): 80000000 ffffffff ffffffff ffffffff ffffffff
07-09 15:49:44.382: I/DEBUG(173): 80000010 ffffffff ffffffff ffffffff ffffffff
07-09 15:49:44.382: I/DEBUG(173): 80000020 ffffffff ffffffff ffffffff ffffffff
07-09 15:49:44.382: I/DEBUG(173): 80000030 ffffffff ffffffff ffffffff ffffffff
07-09 15:49:44.382: I/DEBUG(173): 80000040 ffffffff ffffffff ffffffff ffffffff
07-09 15:49:44.382: I/DEBUG(173): 80000050 ffffffff ffffffff ffffffff ffffffff
07-09 15:49:44.382: I/DEBUG(173): 80000060 ffffffff ffffffff ffffffff ffffffff
07-09 15:49:44.382: I/DEBUG(173): 80000070 ffffffff ffffffff ffffffff ffffffff
07-09 15:49:44.382: I/DEBUG(173): 80000080 ffffffff ffffffff ffffffff ffffffff
07-09 15:49:44.382: I/DEBUG(173): 80000090 ffffffff ffffffff ffffffff ffffffff
07-09 15:49:44.382: I/DEBUG(173): 800000a0 ffffffff ffffffff ffffffff ffffffff
07-09 15:49:44.382: I/DEBUG(173): 800000b0 ffffffff ffffffff ffffffff ffffffff
07-09 15:49:44.382: I/DEBUG(173): 800000c0 ffffffff ffffffff ffffffff ffffffff
07-09 15:49:44.382: I/DEBUG(173): 800000d0 ffffffff ffffffff ffffffff ffffffff
07-09 15:49:44.382: I/DEBUG(173): memory near r5:
07-09 15:49:44.382: I/DEBUG(173): b8d3e788 0000040c b8d71a78 000010b8 b8d3e738
07-09 15:49:44.382: I/DEBUG(173): b8d3e798 005f006f 006c0066 006e0069 000000f3
07-09 15:49:44.382: I/DEBUG(173): b8d3e7a8 48574454 00000200 b6002098 00000000
07-09 15:49:44.382: I/DEBUG(173): b8d3e7b8 00000000 00000000 00000000 00000000
07-09 15:49:44.382: I/DEBUG(173): b8d3e7c8 00000000 00000000 00000000 00000000
07-09 15:49:44.382: I/DEBUG(173): b8d3e7d8 00000000 00000000 00000000 b5ff992c
07-09 15:49:44.382: I/DEBUG(173): b8d3e7e8 00000000 b5ff8e94 b5ffa390 b5ff8e9c
07-09 15:49:44.392: I/DEBUG(173): b8d3e7f8 b5ff8ea4 b5ff8f08 b5ff98f0 b5ff8ebc
07-09 15:49:44.392: I/DEBUG(173): b8d3e808 b5ffba2c b5ff9254 b5ffa2b8 b5ff9ac0
07-09 15:49:44.392: I/DEBUG(173): b8d3e818 b5ffcac0 b5ffa4d8 b5ffce54 b5ff8ecc
07-09 15:49:44.392: I/DEBUG(173): b8d3e828 b5ff8eac b5ff8eb4 00000001 b8d387b8
07-09 15:49:44.392: I/DEBUG(173): b8d3e838 00000002 00000000 00000000 b8d52c10
07-09 15:49:44.392: I/DEBUG(173): b8d3e848 00000000 00000000 00000000 00000010
07-09 15:49:44.392: I/DEBUG(173): b8d3e858 00000001 b8d72a20 b8d72b80 b8d3e898
07-09 15:49:44.392: I/DEBUG(173): b8d3e868 b8d6a1b8 b8d6a1b8 b8d424f0 00000012
07-09 15:49:44.392: I/DEBUG(173): b8d3e878 00000000 00000000 b8d52610 b6f09db4
07-09 15:49:44.392: I/DEBUG(173): memory near r6:
07-09 15:49:44.392: I/DEBUG(173): b8d727c0 6f68737c 667c7472 b8d72610 6f6f627c
07-09 15:49:44.392: I/DEBUG(173): b8d727d0 74737c6c 676e6972 61763c20 0000001b
07-09 15:49:44.392: I/DEBUG(173): b8d727e0 b8d729b8 b6ea41d8 00000031 000010b0
07-09 15:49:44.392: I/DEBUG(173): b8d727f0 00000018 0000002b 00000001 00000008
07-09 15:49:44.392: I/DEBUG(173): b8d72800 726f6873 6c667c74 74756f72 00676e69
07-09 15:49:44.392: I/DEBUG(173): b8d72810 663b303a 2000313a 00000028 00000023
07-09 15:49:44.392: I/DEBUG(173): b8d72820 b6f06644 b6f06698 00000000 00000000
07-09 15:49:44.392: I/DEBUG(173): b8d72830 b8d72610 b6f066f8 b8d72840 0000001b
07-09 15:49:44.392: I/DEBUG(173): b8d72840 00000002 00000003 b8d72834 00000000
07-09 15:49:44.392: I/DEBUG(173): b8d72850 20202020 0000001b 00000001 00000002
07-09 15:49:44.392: I/DEBUG(173): b8d72860 006e0061 00720064 00000031 0000003b
07-09 15:49:44.392: I/DEBUG(173): b8d72870 00000001 00000020 00650050 000005f1
07-09 15:49:44.392: I/DEBUG(173): b8d72880 b8d72808 b8d72868 006e006f 006f0043
07-09 15:49:44.392: I/DEBUG(173): b8d72890 0074006e 006f0072 006c006c 00720065
07-09 15:49:44.392: I/DEBUG(173): b8d728a0 00000000 00000023 00000001 0000000a
07-09 15:49:44.392: I/DEBUG(173): b8d728b0 0069006f 002e0064 74756f72 3d676e69
07-09 15:49:44.392: I/DEBUG(173): memory near r8:
07-09 15:49:44.392: I/DEBUG(173): b8d52c54 b5ff9264 b5ff8e4c 00000000 00000000
07-09 15:49:44.392: I/DEBUG(173): b8d52c64 00000000 00000000 00000000 b5ff92c0
07-09 15:49:44.392: I/DEBUG(173): b8d52c74 00000001 00000000 00000002 0000bb80
07-09 15:49:44.392: I/DEBUG(173): b8d52c84 000000f0 00000002 00000000 0000003c
07-09 15:49:44.392: I/DEBUG(173): b8d52c94 7fffffff 00000000 0000003c 00000000
07-09 15:49:44.392: I/DEBUG(173): b8d52ca4 00000000 00000000 00000000 00000000
07-09 15:49:44.392: I/DEBUG(173): b8d52cb4 00000001 00000000 0000bb80 00000003
07-09 15:49:44.392: I/DEBUG(173): b8d52cc4 00000001 00000001 00000002 00000001
07-09 15:49:44.392: I/DEBUG(173): b8d52cd4 00000003 00000000 00000000 00000000
07-09 15:49:44.392: I/DEBUG(173): b8d52ce4 00000000 00000000 00000000 00000002
07-09 15:49:44.392: I/DEBUG(173): b8d52cf4 00000000 00000000 00000000 00000000
07-09 15:49:44.392: I/DEBUG(173): b8d52d04 00000000 00000000 00000000 00000000
07-09 15:49:44.392: I/DEBUG(173): b8d52d14 00000000 00000000 00000000 00000000
07-09 15:49:44.392: I/DEBUG(173): b8d52d24 00000000 b8d3e7a8 00000000 00000000
07-09 15:49:44.392: I/DEBUG(173): b8d52d34 00000013 b8d52ab0 b8d52c10 00000002
07-09 15:49:44.392: I/DEBUG(173): b8d52d44 0000001b 00000004 00000007 b5d992e4
07-09 15:49:44.392: I/DEBUG(173): memory near r9:
07-09 15:49:44.392: I/DEBUG(173): b8d3e810 b5ffa2b8 b5ff9ac0 b5ffcac0 b5ffa4d8
07-09 15:49:44.392: I/DEBUG(173): b8d3e820 b5ffce54 b5ff8ecc b5ff8eac b5ff8eb4
07-09 15:49:44.392: I/DEBUG(173): b8d3e830 00000001 b8d387b8 00000002 00000000
07-09 15:49:44.392: I/DEBUG(173): b8d3e840 00000000 b8d52c10 00000000 00000000
07-09 15:49:44.392: I/DEBUG(173): b8d3e850 00000000 00000010 00000001 b8d72a20
07-09 15:49:44.392: I/DEBUG(173): b8d3e860 b8d72b80 b8d3e898 b8d6a1b8 b8d6a1b8
07-09 15:49:44.392: I/DEBUG(173): b8d3e870 b8d424f0 00000012 00000000 00000000
07-09 15:49:44.392: I/DEBUG(173): b8d3e880 b8d52610 b6f09db4 b5d9b689 b5d9b7c5
07-09 15:49:44.392: I/DEBUG(173): b8d3e890 00000000 000000ab 00000000 00000001
07-09 15:49:44.392: I/DEBUG(173): b8d3e8a0 00000000 00000000 00000000 00000000
07-09 15:49:44.392: I/DEBUG(173): b8d3e8b0 00000000 00000000 00000000 00000000
07-09 15:49:44.392: I/DEBUG(173): b8d3e8c0 00000000 00000000 00000000 00000000
07-09 15:49:44.392: I/DEBUG(173): b8d3e8d0 00000000 00000000 00000000 00000000
07-09 15:49:44.392: I/DEBUG(173): b8d3e8e0 00000000 00000000 00000000 00000000
07-09 15:49:44.392: I/DEBUG(173): b8d3e8f0 00000000 00000000 00000000 00000000
07-09 15:49:44.392: I/DEBUG(173): b8d3e900 00000000 00000001 00000000 00000000
07-09 15:49:44.392: I/DEBUG(173): memory near sl:
07-09 15:49:44.392: I/DEBUG(173): 00005c20 ffffffff ffffffff ffffffff ffffffff
07-09 15:49:44.392: I/DEBUG(173): 00005c30 ffffffff ffffffff ffffffff ffffffff
07-09 15:49:44.392: I/DEBUG(173): 00005c40 ffffffff ffffffff ffffffff ffffffff
07-09 15:49:44.392: I/DEBUG(173): 00005c50 ffffffff ffffffff ffffffff ffffffff
07-09 15:49:44.392: I/DEBUG(173): 00005c60 ffffffff ffffffff ffffffff ffffffff
07-09 15:49:44.392: I/DEBUG(173): 00005c70 ffffffff ffffffff ffffffff ffffffff
07-09 15:49:44.392: I/DEBUG(173): 00005c80 ffffffff ffffffff ffffffff ffffffff
07-09 15:49:44.392: I/DEBUG(173): 00005c90 ffffffff ffffffff ffffffff ffffffff
07-09 15:49:44.392: I/DEBUG(173): 00005ca0 ffffffff ffffffff ffffffff ffffffff
07-09 15:49:44.392: I/DEBUG(173): 00005cb0 ffffffff ffffffff ffffffff ffffffff
07-09 15:49:44.392: I/DEBUG(173): 00005cc0 ffffffff ffffffff ffffffff ffffffff
07-09 15:49:44.392: I/DEBUG(173): 00005cd0 ffffffff ffffffff ffffffff ffffffff
07-09 15:49:44.392: I/DEBUG(173): 00005ce0 ffffffff ffffffff ffffffff ffffffff
07-09 15:49:44.392: I/DEBUG(173): 00005cf0 ffffffff ffffffff ffffffff ffffffff
07-09 15:49:44.392: I/DEBUG(173): 00005d00 ffffffff ffffffff ffffffff ffffffff
07-09 15:49:44.392: I/DEBUG(173): 00005d10 ffffffff ffffffff ffffffff ffffffff
07-09 15:49:44.392: I/DEBUG(173): memory near fp:
07-09 15:49:44.392: I/DEBUG(173): b8d52bf0 00000000 00000000 b8d3dd08 00000000
07-09 15:49:44.392: I/DEBUG(173): b8d52c00 00000000 00000000 b6f1b784 0000012b
07-09 15:49:44.392: I/DEBUG(173): b8d52c10 b5ff8e0c b5ff8e14 b5ffa1c0 b5ff8e1c
07-09 15:49:44.392: I/DEBUG(173): b8d52c20 b5ff8e24 b5ff8e2c b5ffc9d0 b5ff8e34
07-09 15:49:44.392: I/DEBUG(173): b8d52c30 00000000 00000000 b5ffc0a8 b5ff93cc
07-09 15:49:44.392: I/DEBUG(173): b8d52c40 b5ff8e3c b5ff8e44 b5ff995c b5ff99cc
07-09 15:49:44.392: I/DEBUG(173): b8d52c50 b5ffd39c b5ff9264 b5ff8e4c 00000000
07-09 15:49:44.392: I/DEBUG(173): b8d52c60 00000000 00000000 00000000 00000000
07-09 15:49:44.392: I/DEBUG(173): b8d52c70 b5ff92c0 00000001 00000000 00000002
07-09 15:49:44.392: I/DEBUG(173): b8d52c80 0000bb80 000000f0 00000002 00000000
07-09 15:49:44.392: I/DEBUG(173): b8d52c90 0000003c 7fffffff 00000000 0000003c
07-09 15:49:44.392: I/DEBUG(173): b8d52ca0 00000000 00000000 00000000 00000000
07-09 15:49:44.392: I/DEBUG(173): b8d52cb0 00000000 00000001 00000000 0000bb80
07-09 15:49:44.392: I/DEBUG(173): b8d52cc0 00000003 00000001 00000001 00000002
07-09 15:49:44.392: I/DEBUG(173): b8d52cd0 00000001 00000003 00000000 00000000
07-09 15:49:44.402: I/DEBUG(173): b8d52ce0 00000000 00000000 00000000 00000000
07-09 15:49:44.402: I/DEBUG(173): memory near ip:
07-09 15:49:44.402: I/DEBUG(173): b6001f40 b5ff22e5 b5ff2649 b6e4a1f0 b6e4ad4c
07-09 15:49:44.402: I/DEBUG(173): b6001f50 b5fee5c9 b6e91bc4 b6e48ed4 b5fee1a5
07-09 15:49:44.402: I/DEBUG(173): b6001f60 b6e310e0 b6ebb79d b6e90910 b6e6a0fd
07-09 15:49:44.402: I/DEBUG(173): b6001f70 b5fea319 b5fea181 b5fea25d b6e69648
07-09 15:49:44.402: I/DEBUG(173): b6001f80 b6e77311 b6ebc8a5 b5ff2bed b5ff2cb1
07-09 15:49:44.402: I/DEBUG(173): b6001f90 b5ff32a9 b5ff32b1 b5ff282d b5fedd41
07-09 15:49:44.402: I/DEBUG(173): b6001fa0 b6e4ad8c b6e4abe4 b6e52045 b5ff3335
07-09 15:49:44.402: I/DEBUG(173): b6001fb0 b6e69bb4 b6e7f721 b5fedb65 b5fedb59
07-09 15:49:44.402: I/DEBUG(173): b6001fc0 b5fee531 b5fedb3d b5ff2929 b5fede89
07-09 15:49:44.402: I/DEBUG(173): b6001fd0 b5fee161 b5fee365 b6ebd651 b6e4b6fc
07-09 15:49:44.402: I/DEBUG(173): b6001fe0 b5ff20c1 b5fea3d1 b6f0cdfd b6e6aa5d
07-09 15:49:44.402: I/DEBUG(173): b6001ff0 b5ff272d b5ff2335 b5ff23d9 b5ff24b5
07-09 15:49:44.402: I/DEBUG(173): b6002000 b6002000 00000001 00001f40 00000400
07-09 15:49:44.402: I/DEBUG(173): b6002010 00000002 00000000 00000000 00000000
07-09 15:49:44.402: I/DEBUG(173): b6002020 00000000 00000000 00000006 0000bb80
07-09 15:49:44.402: I/DEBUG(173): b6002030 00000150 00000008 00000000 00000000
07-09 15:49:44.402: I/DEBUG(173): memory near sp:
07-09 15:49:44.402: I/DEBUG(173): b5b29fe0 00000000 00000000 00000000 00000000
07-09 15:49:44.402: I/DEBUG(173): b5b29ff0 00000000 00000000 00000000 00000000
07-09 15:49:44.402: I/DEBUG(173): b5b2a000 80000000 b6e310f8 80000000 b6e310f8
07-09 15:49:44.402: I/DEBUG(173): b5b2a010 80000000 b6e310f8 80000000 b6e310f8
07-09 15:49:44.402: I/DEBUG(173): b5b2a020 80000000 b6e310f8 80000000 b6e310f8
07-09 15:49:44.402: I/DEBUG(173): b5b2a030 80000000 b6e310f8 80000000 b6e310f8
07-09 15:49:44.402: I/DEBUG(173): b5b2a040 80000000 b6e310f8 80000000 b6e310f8
07-09 15:49:44.402: I/DEBUG(173): b5b2a050 80000000 b6e310f8 80000000 b6e310f8
07-09 15:49:44.402: I/DEBUG(173): b5b2a060 80000000 b6e310f8 80000000 b6e310f8
07-09 15:49:44.402: I/DEBUG(173): b5b2a070 80000000 b6e310f8 80000000 b6e310f8
07-09 15:49:44.402: I/DEBUG(173): b5b2a080 80000000 b6e310f8 80000000 b6e310f8
07-09 15:49:44.402: I/DEBUG(173): b5b2a090 80000000 b6e310f8 80000000 b6e310f8
07-09 15:49:44.402: I/DEBUG(173): b5b2a0a0 80000000 b6e310f8 80000000 b6e310f8
07-09 15:49:44.402: I/DEBUG(173): b5b2a0b0 80000000 b6e310f8 80000000 b6e310f8
07-09 15:49:44.402: I/DEBUG(173): b5b2a0c0 80000000 b6e310f8 80000000 b6e310f8
07-09 15:49:44.402: I/DEBUG(173): b5b2a0d0 80000000 b6e310f8 80000000 b6e310f8
07-09 15:49:44.402: I/DEBUG(173): code around pc:
07-09 15:49:44.402: I/DEBUG(173): b6e310c0 ee100a90 e12fff1e eebf7a00 eeb01ae7
07-09 15:49:44.402: I/DEBUG(173): b6e310d0 eec70a01 ee100a90 e12fff1e 4c000000
07-09 15:49:44.402: I/DEBUG(173): b6e310e0 e92d4010 eef14a10 e3c43c1f e3c3201f
07-09 15:49:44.402: I/DEBUG(173): b6e310f0 eee12a10 ebfffff9 eef11a10 e3110001
07-09 15:49:44.402: I/DEBUG(173): b6e31100 0a000002 eef1ca10 e3cce010 eee1ea10
07-09 15:49:44.402: I/DEBUG(173): b6e31110 eef13a10 eee14a10 e203101f eef12a10
07-09 15:49:44.402: I/DEBUG(173): b6e31120 e1c2c001 e18ce001 eee1ea10 e8bd8010
07-09 15:49:44.402: I/DEBUG(173): b6e31130 e92d4010 eef14a10 e3c43c1f e3c3101f
07-09 15:49:44.402: I/DEBUG(173): b6e31140 eee11a10 ebfffff9 eef12a10 e3120001
07-09 15:49:44.402: I/DEBUG(173): b6e31150 0a000002 eef1ca10 e3cce010 eee1ea10
07-09 15:49:44.402: I/DEBUG(173): b6e31160 eef13a10 eee14a10 e203101f eef12a10
07-09 15:49:44.402: I/DEBUG(173): b6e31170 e1c2c001 e18ce001 eee1ea10 e8bd8010
07-09 15:49:44.402: I/DEBUG(173): b6e31180 eddf2b16 e92d4008 ec410b30 eddf1b15
07-09 15:49:44.402: I/DEBUG(173): b6e31190 eef40be2 eef1fa10 eef40be1 c3a03001
07-09 15:49:44.402: I/DEBUG(173): b6e311a0 d3a03000 eef1fa10 42033001 53a03000
07-09 15:49:44.402: I/DEBUG(173): b6e311b0 e3530000 1a000004 eef13a10 e3830001
07-09 15:49:44.402: I/DEBUG(173): code around lr:
07-09 15:49:44.402: I/DEBUG(173): b6e310d8 e12fff1e 4c000000 e92d4010 eef14a10
07-09 15:49:44.402: I/DEBUG(173): b6e310e8 e3c43c1f e3c3201f eee12a10 ebfffff9
07-09 15:49:44.402: I/DEBUG(173): b6e310f8 eef11a10 e3110001 0a000002 eef1ca10
07-09 15:49:44.402: I/DEBUG(173): b6e31108 e3cce010 eee1ea10 eef13a10 eee14a10
07-09 15:49:44.402: I/DEBUG(173): b6e31118 e203101f eef12a10 e1c2c001 e18ce001
07-09 15:49:44.402: I/DEBUG(173): b6e31128 eee1ea10 e8bd8010 e92d4010 eef14a10
07-09 15:49:44.402: I/DEBUG(173): b6e31138 e3c43c1f e3c3101f eee11a10 ebfffff9
07-09 15:49:44.402: I/DEBUG(173): b6e31148 eef12a10 e3120001 0a000002 eef1ca10
07-09 15:49:44.402: I/DEBUG(173): b6e31158 e3cce010 eee1ea10 eef13a10 eee14a10
07-09 15:49:44.402: I/DEBUG(173): b6e31168 e203101f eef12a10 e1c2c001 e18ce001
07-09 15:49:44.402: I/DEBUG(173): b6e31178 eee1ea10 e8bd8010 eddf2b16 e92d4008
07-09 15:49:44.402: I/DEBUG(173): b6e31188 ec410b30 eddf1b15 eef40be2 eef1fa10
07-09 15:49:44.402: I/DEBUG(173): b6e31198 eef40be1 c3a03001 d3a03000 eef1fa10
07-09 15:49:44.402: I/DEBUG(173): b6e311a8 42033001 53a03000 e3530000 1a000004
07-09 15:49:44.402: I/DEBUG(173): b6e311b8 eef13a10 e3830001 eee10a10 e3e00102
07-09 15:49:44.402: I/DEBUG(173): b6e311c8 e8bd8008 eb000462 ec410b10 eefd7bc0
07-09 15:49:44.402: I/DEBUG(173): memory map around fault addr b5b29ff8:
07-09 15:49:44.402: I/DEBUG(173): b5b27000-b5b29000 rw-
07-09 15:49:44.402: I/DEBUG(173): b5b29000-b5b2a000 --- [stack:4308]
07-09 15:49:44.402: I/DEBUG(173): b5b2a000-b5c27000 rw- [stack:4308]
07-09 15:49:44.452: W/IAudioTrack(746): start() error: Broken pipe
07-09 15:49:44.452: W/AudioTrack(746): restoreTrack_l() failed status -32
07-09 15:49:44.452: W/AudioSystem(746): AudioFlinger server died!
07-09 15:49:44.462: W/AudioSystem(746): AudioPolicyService server died!
07-09 15:49:44.462: I/ServiceManager(169): service 'media.audio_flinger' died
07-09 15:49:44.462: I/ServiceManager(169): service 'media.player' died
07-09 15:49:44.462: I/ServiceManager(169): service 'media.camera' died
07-09 15:49:44.462: I/ServiceManager(169): service 'media.audio_policy' died
07-09 15:49:44.462: I/ServiceManager(746): Waiting for service media.audio_policy...
07-09 15:49:44.462: W/AudioSystem(1036): AudioFlinger server died!
07-09 15:49:45.462: I/ServiceManager(746): Waiting for service media.audio_policy...
07-09 15:49:46.462: I/ServiceManager(746): Waiting for service media.audio_policy...
07-09 15:49:46.822: I/CallModeler(1036): onPhoneStateChanged:
07-09 15:49:46.822: W/RejectWithTextMessageManager(1036): allowRespondViaSmsForCall: ringingCall not ringing! state = 5
07-09 15:49:46.832: I/InCall(3944): CallHandlerService - onUpdate: [Call{mCallId=2, mState=DIALING, mDisconnectCause=NOT_DISCONNECTED, mCapabilities=2, mConnectTime=0, mChildCallIds=[], mGatewayNumber=null, mGatewayPackage=null, mIdentification=CallIdentification{mCallId=2, mNumber=xxxxxxxxxx, mNumberPresentation=1, mCnapName=null, mCnapNamePresentation=0}}]
07-09 15:49:46.832: I/InCall(3944): CallHandlerService - ON_UPDATE_MULTI_CALL: [Call{mCallId=2, mState=DIALING, mDisconnectCause=NOT_DISCONNECTED, mCapabilities=2, mConnectTime=0, mChildCallIds=[], mGatewayNumber=null, mGatewayPackage=null, mIdentification=CallIdentification{mCallId=2, mNumber=xxxxxxxxxx, mNumberPresentation=1, mCnapName=null, mCnapNamePresentation=0}}]
07-09 15:49:46.832: I/InCall(3944): InCallPresenter - Phone switching state: OUTGOING -> OUTGOING
07-09 15:49:46.852: I/ServiceManager(1036): Waiting for service media.audio_flinger...
07-09 15:49:47.462: I/ServiceManager(746): Waiting for service media.audio_policy...
07-09 15:49:47.852: I/ServiceManager(1036): Waiting for service media.audio_flinger...
07-09 15:49:48.462: I/ServiceManager(746): Waiting for service media.audio_policy...
07-09 15:49:48.572: I/mediaserver(4329): ServiceManager: 0xb7097460
07-09 15:49:48.572: I/AudioFlinger(4329): Using default 3000 mSec as standby time.
07-09 15:49:48.572: I/CameraService(4329): CameraService started (pid=4329)
07-09 15:49:48.572: I/CameraService(4329): Loaded "QCamera Module" camera module
07-09 15:49:48.572: D/mm-camera-intf(4329): mm_camera_open: dev name = /dev/video1, cam_idx = 1
07-09 15:49:48.582: I/mm-camera-sensor(198): module_sensor_start_session:577 session 1
07-09 15:49:48.612: I/mm-camera(198): gyro_module_start_session: Enter
07-09 15:49:48.612: I/mm-camera(198): gyro_module_start_session: Init DSPS
07-09 15:49:48.612: I/mm-camera(198): gyro_module_start_session: Exit successful
07-09 15:49:48.612: I/mm-camera(198): gyro_module_get_port: Exit successful
07-09 15:49:48.612: I/mm-camera(198): cpp_module_start_session:352, info: starting session 1
07-09 15:49:48.642: I/mm-camera(198): cpp_module_start_session:422, info: cpp_thread created.
07-09 15:49:48.642: I/mm-camera(198): cpp_module_start_session:425, info: session 1 started.
07-09 15:49:48.642: I/mm-camera(198): c2d_module_start_session:246, info: starting session 1
07-09 15:49:48.642: I/mm-camera(198): cpp_thread_func:55: cpp_thread entering the polling loop...
07-09 15:49:48.642: I/mm-camera(198): c2d_module_start_session:284, info: c2d_thread created.
07-09 15:49:48.642: I/mm-camera(198): c2d_module_start_session:306, info: session 1 started.
07-09 15:49:48.642: I/mm-camera-sensor(198): module_module_set_session_data:2435 max delay 2 report dSelay 1
07-09 15:49:48.642: D/mm-camera(198): module_faceproc_set_session_data:1826] Per frame control 2 1
07-09 15:49:48.642: I/mm-camera(198): c2d_thread_func:39: c2d_thread entering the polling loop...
07-09 15:49:48.642: D/mm-camera-intf(4329): mm_camera_open: opened, break out while loop
07-09 15:49:48.642: I/mm-camera(198): mct_pipeline_process_set:command=800000b
07-09 15:49:48.642: E/mm-camera(198): mct_pipeline_get_stream: no children
07-09 15:49:48.642: E/mm-camera(198): mct_pipeline_process_set:1370: Couldn't find stream
07-09 15:49:48.642: I/mm-camera-sensor(198): module_sensor_stop_session:630 session 1
07-09 15:49:48.792: E/qcom_sensors_hal(746): hal_process_report_ind: Bad item quality: 11
07-09 15:49:48.952: I/mm-camera(198): stats_module_stop_session: list =0xb7577418, remove port =0xb756cd90 name=stats_sink from module=0xb7556778, name=stats
07-09 15:49:48.952: I/mm-camera(198): stats_module_stop_session: 1 port =0xb756cd90 name=stats_sink
07-09 15:49:48.952: I/mm-camera(198): stats_module_stop_session: 2 port =0xb756cd90 name=stats_sink
07-09 15:49:48.952: I/mm-camera(198): gyro_module_stop_session: Enter
07-09 15:49:48.962: I/mm-camera(198): gyro_module_stop_session: Deinit DSPS
07-09 15:49:48.972: I/mm-camera(198): gyro_module_stop_session: Exit successful
07-09 15:49:48.972: I/mm-camera(198): stats_module_stop_session: 3 port =0xb756cd90 name=stats_sink
07-09 15:49:48.972: I/mm-camera(198): cpp_module_stop_session:453, info: stopping session 1 ...
07-09 15:49:48.972: I/mm-camera(198): cpp_thread_process_pipe_message:359, CPP_THREAD_MSG_ABORT: cpp_thread exiting..
07-09 15:49:48.982: I/mm-camera(198): cpp_module_stop_session:495, info: session 1 stopped.
07-09 15:49:48.982: I/mm-camera(198): c2d_module_stop_session:322, info: stopping session 1 ...
07-09 15:49:48.992: I/mm-camera(198): c2d_thread_process_pipe_message:503, C2D_THREAD_MSG_ABORT: c2d_thread exiting..
07-09 15:49:48.992: I/mm-camera(198): c2d_module_stop_session:361, info: session 1 stopped.
07-09 15:49:48.992: D/QCamera3HWI(4329): static int8_t qcamera::QCamera3HardwareInterface::lookupFwkName(const qcamera::QCamera3HardwareInterface::QCameraMap*, int, int): Cannot find matching framework type
07-09 15:49:48.992: D/QCamera3HWI(4329): static int8_t qcamera::QCamera3HardwareInterface::lookupFwkName(const qcamera::QCamera3HardwareInterface::QCameraMap*, int, int): Cannot find matching framework type
07-09 15:49:48.992: D/QCamera3HWI(4329): static int8_t qcamera::QCamera3HardwareInterface::lookupFwkName(const qcamera::QCamera3HardwareInterface::QCameraMap*, int, int): Cannot find matching framework type
07-09 15:49:48.992: D/QCamera3HWI(4329): static int8_t qcamera::QCamera3HardwareInterface::lookupFwkName(const qcamera::QCamera3HardwareInterface::QCameraMap*, int, int): Cannot find matching framework type
07-09 15:49:48.992: D/QCamera3HWI(4329): static int8_t qcamera::QCamera3HardwareInterface::lookupFwkName(const qcamera::QCamera3HardwareInterface::QCameraMap*, int, int): Cannot find matching framework type
07-09 15:49:48.992: D/QCamera3HWI(4329): static int8_t qcamera::QCamera3HardwareInterface::lookupFwkName(const qcamera::QCamera3HardwareInterface::QCameraMap*, int, int): Cannot find matching framework type
07-09 15:49:48.992: D/QCamera3HWI(4329): static int8_t qcamera::QCamera3HardwareInterface::lookupFwkName(const qcamera::QCamera3HardwareInterface::QCameraMap*, int, int): Cannot find matching framework type
07-09 15:49:48.992: D/QCamera3HWI(4329): static int8_t qcamera::QCamera3HardwareInterface::lookupFwkName(const qcamera::QCamera3HardwareInterface::QCameraMap*, int, int): Cannot find matching framework type
07-09 15:49:48.992: D/QCamera3HWI(4329): static int8_t qcamera::QCamera3HardwareInterface::lookupFwkName(const qcamera::QCamera3HardwareInterface::QCameraMap*, int, int): Cannot find matching framework type
07-09 15:49:48.992: D/mm-camera-intf(4329): mm_camera_open: dev name = /dev/video2, cam_idx = 2
07-09 15:49:48.992: I/mm-camera-sensor(198): module_sensor_start_session:577 session 2
07-09 15:49:49.172: I/InCall(3944): CallCommandClient - disconnect Call: 2
07-09 15:49:49.222: I/mm-camera-sensor(198): module_sensor_init_session:471 ois device is not supported
07-09 15:49:49.222: I/mm-camera(198): gyro_module_start_session: Enter
07-09 15:49:49.222: I/mm-camera(198): gyro_module_start_session: Init DSPS
07-09 15:49:49.222: I/mm-camera(198): gyro_module_start_session: Exit successful
07-09 15:49:49.222: I/mm-camera(198): gyro_module_get_port: Exit successful
07-09 15:49:49.222: I/mm-camera(198): cpp_module_start_session:352, info: starting session 2
07-09 15:49:49.242: I/mm-camera(198): cpp_module_start_session:422, info: cpp_thread created.
07-09 15:49:49.242: I/mm-camera(198): cpp_thread_func:55: cpp_thread entering the polling loop...
07-09 15:49:49.242: I/mm-camera(198): cpp_module_start_session:425, info: session 2 started.
07-09 15:49:49.242: I/mm-camera(198): c2d_module_start_session:246, info: starting session 2
07-09 15:49:49.242: I/mm-camera(198): c2d_thread_func:39: c2d_thread entering the polling loop...
07-09 15:49:49.242: I/mm-camera(198): c2d_module_start_session:284, info: c2d_thread created.
07-09 15:49:49.242: I/mm-camera(198): c2d_module_start_session:306, info: session 2 started.
07-09 15:49:49.242: I/mm-camera-sensor(198): module_module_set_session_data:2435 max delay 2 report dSelay 1
07-09 15:49:49.242: D/mm-camera(198): module_faceproc_set_session_data:1826] Per frame control 2 1
07-09 15:49:49.242: D/mm-camera-intf(4329): mm_camera_open: opened, break out while loop
07-09 15:49:49.242: I/mm-camera(198): mct_pipeline_process_set:command=800000b
07-09 15:49:49.242: E/mm-camera(198): mct_pipeline_get_stream: no children
07-09 15:49:49.242: E/mm-camera(198): mct_pipeline_process_set:1370: Couldn't find stream
07-09 15:49:49.242: I/mm-camera-sensor(198): module_sensor_stop_session:630 session 2
07-09 15:49:49.332: I/mm-camera(198): stats_module_stop_session: list =0xb7572cd8, remove port =0xb75688d8 name=stats_sink from module=0xb7556778, name=stats
07-09 15:49:49.332: I/mm-camera(198): stats_module_stop_session: 1 port =0xb75688d8 name=stats_sink
07-09 15:49:49.332: I/mm-camera(198): stats_module_stop_session: 2 port =0xb75688d8 name=stats_sink
07-09 15:49:49.332: I/mm-camera(198): gyro_module_stop_session: Enter
07-09 15:49:49.332: I/mm-camera(198): gyro_module_stop_session: Deinit DSPS
07-09 15:49:49.332: I/mm-camera(198): gyro_module_stop_session: Exit successful
07-09 15:49:49.332: I/mm-camera(198): stats_module_stop_session: 3 port =0xb75688d8 name=stats_sink
07-09 15:49:49.332: I/mm-camera(198): cpp_module_stop_session:453, info: stopping session 2 ...
07-09 15:49:49.332: I/mm-camera(198): cpp_thread_process_pipe_message:359, CPP_THREAD_MSG_ABORT: cpp_thread exiting..
07-09 15:49:49.342: I/mm-camera(198): cpp_module_stop_session:495, info: session 2 stopped.
07-09 15:49:49.342: I/mm-camera(198): c2d_module_stop_session:322, info: stopping session 2 ...
07-09 15:49:49.342: I/mm-camera(198): c2d_thread_process_pipe_message:503, C2D_THREAD_MSG_ABORT: c2d_thread exiting..
07-09 15:49:49.342: I/mm-camera(198): c2d_module_stop_session:361, info: session 2 stopped.
07-09 15:49:49.342: D/QCamera3HWI(4329): static int8_t qcamera::QCamera3HardwareInterface::lookupFwkName(const qcamera::QCamera3HardwareInterface::QCameraMap*, int, int): Cannot find matching framework type
07-09 15:49:49.342: D/QCamera3HWI(4329): static int8_t qcamera::QCamera3HardwareInterface::lookupFwkName(const qcamera::QCamera3HardwareInterface::QCameraMap*, int, int): Cannot find matching framework type
07-09 15:49:49.342: D/QCamera3HWI(4329): static int8_t qcamera::QCamera3HardwareInterface::lookupFwkName(const qcamera::QCamera3HardwareInterface::QCameraMap*, int, int): Cannot find matching framework type
07-09 15:49:49.342: D/QCamera3HWI(4329): static int8_t qcamera::QCamera3HardwareInterface::lookupFwkName(const qcamera::QCamera3HardwareInterface::QCameraMap*, int, int): Cannot find matching framework type
07-09 15:49:49.342: D/QCamera3HWI(4329): static int8_t qcamera::QCamera3HardwareInterface::lookupFwkName(const qcamera::QCamera3HardwareInterface::QCameraMap*, int, int): Cannot find matching framework type
07-09 15:49:49.342: D/QCamera3HWI(4329): static int8_t qcamera::QCamera3HardwareInterface::lookupFwkName(const qcamera::QCamera3HardwareInterface::QCameraMap*, int, int): Cannot find matching framework type
07-09 15:49:49.342: D/QCamera3HWI(4329): static int8_t qcamera::QCamera3HardwareInterface::lookupFwkName(const qcamera::QCamera3HardwareInterface::QCameraMap*, int, int): Cannot find matching framework type
07-09 15:49:49.342: D/QCamera3HWI(4329): static int8_t qcamera::QCamera3HardwareInterface::lookupFwkName(const qcamera::QCamera3HardwareInterface::QCameraMap*, int, int): Cannot find matching framework type
07-09 15:49:49.342: I/AudioPolicyManagerBase(4329): loadAudioPolicyConfig() loaded /system/etc/audio_policy.conf
07-09 15:49:49.342: D/audio_hw_primary(4329): adev_open: enter
07-09 15:49:49.402: E/qcom_sensors_hal(746): hal_process_report_ind: Bad item quality: 11
07-09 15:49:49.452: D/(4329): [ACDB Command]->SW Minor/Major version mismatch warning /etc/Bluetooth_cal.acdb
07-09 15:49:49.452: D/(4329): [ACDB Command]->ACDB Sw Major = 2, ACDB Sw Minor = 0
07-09 15:49:49.452: D/(4329): [ACDB Command]->ACDB File Major = 1, ACDB File Minor = 3
07-09 15:49:49.452: D/(4329): [ACDB Command]->SW Minor/Major version mismatch warning /etc/General_cal.acdb
07-09 15:49:49.452: D/(4329): [ACDB Command]->ACDB Sw Major = 2, ACDB Sw Minor = 0
07-09 15:49:49.452: D/(4329): [ACDB Command]->ACDB File Major = 1, ACDB File Minor = 3
07-09 15:49:49.452: D/(4329): [ACDB Command]->SW Minor/Major version mismatch warning /etc/Global_cal.acdb
07-09 15:49:49.452: D/(4329): [ACDB Command]->ACDB Sw Major = 2, ACDB Sw Minor = 0
07-09 15:49:49.452: D/(4329): [ACDB Command]->ACDB File Major = 1, ACDB File Minor = 3
07-09 15:49:49.452: D/(4329): [ACDB Command]->SW Minor/Major version mismatch warning /etc/Handset_cal.acdb
07-09 15:49:49.452: D/(4329): [ACDB Command]->ACDB Sw Major = 2, ACDB Sw Minor = 0
07-09 15:49:49.452: D/(4329): [ACDB Command]->ACDB File Major = 1, ACDB File Minor = 3
07-09 15:49:49.452: D/(4329): [ACDB Command]->SW Minor/Major version mismatch warning /etc/Hdmi_cal.acdb
07-09 15:49:49.452: D/(4329): [ACDB Command]->ACDB Sw Major = 2, ACDB Sw Minor = 0
07-09 15:49:49.452: D/(4329): [ACDB Command]->ACDB File Major = 1, ACDB File Minor = 3
07-09 15:49:49.452: D/(4329): [ACDB Command]->SW Minor/Major version mismatch warning /etc/Headset_cal.acdb
07-09 15:49:49.452: D/(4329): [ACDB Command]->ACDB Sw Major = 2, ACDB Sw Minor = 0
07-09 15:49:49.452: D/(4329): [ACDB Command]->ACDB File Major = 1, ACDB File Minor = 3
07-09 15:49:49.452: D/(4329): [ACPH]->Online service registered with ACPH
07-09 15:49:49.452: E/Diag_Lib(4329): Diag_LSM_Init: Failed to open handle to diag driver, error = 13
07-09 15:49:49.452: E/Diag_Lib(4329): diagpkt_tbl_reg: Registration failed.
07-09 15:49:49.452: D/(4329): [ACPH]->ACPH init success
07-09 15:49:49.452: D/(4329): [ACPH]->DSP RTC service registered with ACPH
07-09 15:49:49.452: D/(4329): [ACPH]->ADIE RTC service registered with ACPH
07-09 15:49:49.462: D/(4329): ACDBFILE_MGR: Property for the pid 00012E47 not found
07-09 15:49:49.462: D/(4329): ACDB_COMMAND: Failed to fetch the property info for pid 00012E47
07-09 15:49:49.462: E/ACDB-LOADER(4329): Error: ACDB get adm topologies returned = -18
07-09 15:49:49.462: D/(4329): ACDBFILE_MGR: Property for the pid 00012E48 not found
07-09 15:49:49.462: D/(4329): ACDB_COMMAND: Failed to fetch the property info for pid 00012E48
07-09 15:49:49.462: E/ACDB-LOADER(4329): Error: ACDB get asm topologies returned = -18
07-09 15:49:49.462: W/AudioSystem(746): AudioPolicyService not published, waiting...
07-09 15:49:49.462: D/(4329): Failed to fetch the lookup information of the device 00000067
07-09 15:49:49.462: E/ACDB-LOADER(4329): Error: ACDB ANC returned = -1
07-09 15:49:49.472: I/AudioFlinger(4329): loadHwModule() Loaded primary audio interface from QCOM Audio HAL (audio) handle 1
07-09 15:49:49.472: I/AudioFlinger(4329): HAL output buffer size 240 frames, normal mix buffer size 960 frames
07-09 15:49:49.472: I/AudioMixer(4329): found effect "Multichannel Downmix To Stereo" from The Android Open Source Project
07-09 15:49:49.472: E/MonoPipe(4329): Failed to fetch local time frequency when constructing a MonoPipe (res = -32). getNextWriteTimestamp calls will be non-functional
07-09 15:49:49.472: I/AudioFlinger(4329): Using module 1 has the primary audio interface
07-09 15:49:49.472: I/AudioFlinger(4329): AudioFlinger's thread 0xb5d82008 ready to run
07-09 15:49:49.472: D/audio_hw_primary(4329): out_set_parameters: enter: usecase(1: low-latency-playback) kvpairs: routing=2
07-09 15:49:49.472: I/AudioFlinger(4329): HAL output buffer size 960 frames, normal mix buffer size 960 frames
07-09 15:49:49.472: I/AudioMixer(4329): found effect "Multichannel Downmix To Stereo" from The Android Open Source Project
07-09 15:49:49.472: I/AudioFlinger(4329): AudioFlinger's thread 0xb5b0f008 ready to run
07-09 15:49:49.472: D/audio_hw_primary(4329): out_set_parameters: enter: usecase(0: deep-buffer-playback) kvpairs: routing=2
07-09 15:49:49.472: I/audio_a2dp_hw(4329): adev_open: adev_open in A2dp_hw module
07-09 15:49:49.472: I/AudioFlinger(4329): loadHwModule() Loaded a2dp audio interface from A2DP Audio HW HAL (audio) handle 4
07-09 15:49:49.472: I/AudioFlinger(4329): loadHwModule() Loaded usb audio interface from USB audio HW HAL (audio) handle 5
07-09 15:49:49.472: I/r_submix(4329): adev_open(name=audio_hw_if)
07-09 15:49:49.472: I/r_submix(4329): adev_init_check()
07-09 15:49:49.472: I/AudioFlinger(4329): loadHwModule() Loaded r_submix audio interface from Wifi Display audio HAL (audio) handle 6
07-09 15:49:49.472: I/AudioPolicyService(4329): Loaded audio policy from LEGACY Audio Policy HAL (audio_policy)
07-09 15:49:49.482: I/CallHandlerServiceProxy(1036): Updating with new audio mode: EARPIECE with mute false
07-09 15:49:49.482: D/BluetoothPhoneService(1036): handlePreciseCallStateChange. Call disconnecting, wait before update
07-09 15:49:49.482: I/InCall(3944): CallHandlerService - onAudioModeChange : EARPIECE
07-09 15:49:49.482: I/InCall(3944): CallHandlerService - ON_AUDIO_MODE: EARPIECE, muted (false)
07-09 15:49:49.482: I/InCall(3944): CallHandlerService - onSupportedAudioModeChange : EARPIECE, SPEAKER
07-09 15:49:49.482: I/InCall(3944): CallHandlerService - ON_SUPPORTED_AUDIO_MODE: EARPIECE, SPEAKER
07-09 15:49:49.482: I/CallModeler(1036): onPhoneStateChanged:
07-09 15:49:49.492: W/RejectWithTextMessageManager(1036): allowRespondViaSmsForCall: ringingCall not ringing! state = 8
07-09 15:49:49.492: W/AudioFlinger(4329): session id 30 not found for pid 1036
07-09 15:49:49.492: I/InCall(3944): CallHandlerService - onUpdate: [Call{mCallId=2, mState=DISCONNECTING, mDisconnectCause=NOT_DISCONNECTED, mCapabilities=2, mConnectTime=0, mChildCallIds=[], mGatewayNumber=null, mGatewayPackage=null, mIdentification=CallIdentification{mCallId=2, mNumber=xxxxxxxxxx, mNumberPresentation=1, mCnapName=null, mCnapNamePresentation=0}}]
07-09 15:49:49.492: I/InCall(3944): CallHandlerService - ON_UPDATE_MULTI_CALL: [Call{mCallId=2, mState=DISCONNECTING, mDisconnectCause=NOT_DISCONNECTED, mCapabilities=2, mConnectTime=0, mChildCallIds=[], mGatewayNumber=null, mGatewayPackage=null, mIdentification=CallIdentification{mCallId=2, mNumber=xxxxxxxxxx, mNumberPresentation=1, mCnapName=null, mCnapNamePresentation=0}}]
07-09 15:49:49.492: I/InCall(3944): InCallPresenter - Phone switching state: OUTGOING -> INCALL
07-09 15:49:49.492: I/CallHandlerServiceProxy(1036): Updating with new audio mode: EARPIECE with mute false
07-09 15:49:49.492: I/InCall(3944): CallHandlerService - onAudioModeChange : EARPIECE
07-09 15:49:49.492: I/InCall(3944): CallHandlerService - ON_AUDIO_MODE: EARPIECE, muted (false)
07-09 15:49:49.492: I/InCall(3944): CallHandlerService - onSupportedAudioModeChange : EARPIECE, SPEAKER
07-09 15:49:49.492: I/InCall(3944): CallHandlerService - ON_SUPPORTED_AUDIO_MODE: EARPIECE, SPEAKER
07-09 15:49:49.492: D/BluetoothPhoneService(1036): handlePreciseCallStateChange. Call disconnecting, wait before update
07-09 15:49:49.502: I/CallModeler(1036): onDisconnect
07-09 15:49:49.502: W/RejectWithTextMessageManager(1036): allowRespondViaSmsForCall: ringingCall not ringing! state = 9
07-09 15:49:49.502: D/CallHandlerServiceProxy(1036): wakeUpScreen()
07-09 15:49:49.502: D/CallHandlerServiceProxy(1036): Unbinding service.
07-09 15:49:49.502: I/InCall(3944): CallHandlerService - onDisconnected: Call{mCallId=2, mState=DISCONNECTED, mDisconnectCause=LOCAL, mCapabilities=18, mConnectTime=0, mChildCallIds=[], mGatewayNumber=null, mGatewayPackage=null, mIdentification=CallIdentification{mCallId=2, mNumber=xxxxxxxxxx, mNumberPresentation=1, mCnapName=null, mCnapNamePresentation=0}}
07-09 15:49:49.502: I/InCall(3944): CallHandlerService - ON_DISCONNECT_CALL: Call{mCallId=2, mState=DISCONNECTED, mDisconnectCause=LOCAL, mCapabilities=18, mConnectTime=0, mChildCallIds=[], mGatewayNumber=null, mGatewayPackage=null, mIdentification=CallIdentification{mCallId=2, mNumber=xxxxxxxxxx, mNumberPresentation=1, mCnapName=null, mCnapNamePresentation=0}}
07-09 15:49:49.502: I/InCall(3944): ProximitySensor - ProximitySensor{keybrd=0, dpad=0, offhook=1, hor=1, ui=1, aud=EARPIECE}
07-09 15:49:49.502: I/InCall(3944): ProximitySensor - turning on proximity sensor: already acquired
07-09 15:49:49.502: D/CallNotifier(1036): onDisconnect: cause = LOCAL, incoming = false, date = 1404913782365
07-09 15:49:49.502: I/InCall(3944): InCallPresenter - Phone switching state: INCALL -> INCALL
07-09 15:49:49.502: D/CallNotifier(1036): SignalInfoTonePlayer.run(toneId = 98)...
07-09 15:49:49.512: D/CallNotifier(1036): InCallTonePlayer.run(toneId = 4)...
07-09 15:49:49.512: I/CallModeler(1036): onPhoneStateChanged:
07-09 15:49:49.512: D/PhoneStatusBar(868): disable: < expand icons alerts* ticker system_info back home recent clock search
> 07-09 15:49:49.512: E/BluetoothPhoneService(1036): Could not get a handle on Connection object for the call
07-09 15:49:49.512: I/CallModeler(1036): onPhoneStateChanged:
07-09 15:49:49.512: E/BluetoothPhoneService(1036): Could not get a handle on Connection object for the call
07-09 15:49:49.512: I/InCall(3944): CallHandlerService - onUnbind
07-09 15:49:49.512: I/InCall(3944): CallHandlerService - onDestroy
07-09 15:49:49.512: I/InCall(3944): CallHandlerService - doStop
07-09 15:49:49.512: I/InCall(3944): InCallPresenter - Phone switching state: INCALL -> INCALL
07-09 15:49:49.512: I/InCall(3944): InCallPresenter - attemptCleanup? false
07-09 15:49:49.612: D/audio_hw_primary(4329): out_set_parameters: enter: usecase(1: low-latency-playback) kvpairs: routing=1
07-09 15:49:49.622: I/AudioMixer(4329): found effect "Multichannel Downmix To Stereo" from The Android Open Source Project
07-09 15:49:49.622: D/audio_hw_primary(4329): select_devices: out_snd_device(1: handset) in_snd_device(0: )
