2016-06-29 12:17:03.459 14717 DEBUG vmware_nsx.plugins.nsx_v.vshield.tasks.tasks [-] Task Task-update-backup-f99825ed-6040-dhcp-0955ff7c-a9bc-46df-9d66-88efab3-5875481c-3df3-11e6-9dd4-64ed5cc146f0 return 2 _execute /usr/lib/python2.7/dist-packages/vmware_nsx/plugins/nsx_v/vshield/tasks/tasks.py:198
2016-06-29 12:17:03.460 14717 DEBUG vmware_nsx.plugins.nsx_v.vshield.tasks.tasks [-] Task Task-update-backup-f99825ed-6040-dhcp-0955ff7c-a9bc-46df-9d66-88efab3-5875481c-3df3-11e6-9dd4-64ed5cc146f0 return 2 _result /usr/lib/python2.7/dist-packages/vmware_nsx/plugins/nsx_v/vshield/tasks/tasks.py:214
2016-06-29 12:17:03.461 14717 DEBUG vmware_nsx.plugins.nsx_v.vshield.edge_utils [-] Successfully updated edge-5 for router dhcp-0955ff7c-a9bc-46df-9d66-88efab3 edge_update_result /usr/lib/python2.7/dist-packages/vmware_nsx/plugins/nsx_v/vshield/edge_utils.py:2065
2016-06-29 12:17:03.550 14717 DEBUG vmware_nsx.plugins.nsx_v.vshield.edge_utils [req-636868da-979f-428f-95d4-56b7cc2addbe 6281d78a60b0430b99a273f1ad6f64e6 46cdcd892c3f43dfbdd1778a943d1aa7 - - -] Collect edge: edge-5 to pool _free_edge_appliance /usr/lib/python2.7/dist-packages/vmware_nsx/plugins/nsx_v/vshield/edge_utils.py:642
2016-06-29 12:17:03.553 14717 DEBUG oslo_concurrency.lockutils [req-636868da-979f-428f-95d4-56b7cc2addbe 6281d78a60b0430b99a273f1ad6f64e6 46cdcd892c3f43dfbdd1778a943d1aa7 - - -] Releasing semaphore "edge-5" lock /usr/lib/python2.7/dist-packages/oslo_concurrency/lockutils.py:225
2016-06-29 12:17:03.555 14717 DEBUG oslo_concurrency.lockutils [req-636868da-979f-428f-95d4-56b7cc2addbe 6281d78a60b0430b99a273f1ad6f64e6 46cdcd892c3f43dfbdd1778a943d1aa7 - - -] Releasing semaphore "nsx-edge-pool" lock /usr/lib/python2.7/dist-packages/oslo_concurrency/lockutils.py:225
2016-06-29 12:17:03.589 14717 ERROR neutron.api.v2.resource [req-636868da-979f-428f-95d4-56b7cc2addbe 6281d78a60b0430b99a273f1ad6f64e6 46cdcd892c3f43dfbdd1778a943d1aa7 - - -] create failed
2016-06-29 12:17:03.589 14717 ERROR neutron.api.v2.resource
Traceback (most recent call last):
2016-06-29 12:17:03.589 14717 ERROR neutron.api.v2.resource
File "/usr/lib/python2.7/dist-packages/neutron/api/v2/resource.py", line 84, in resource
2016-06-29 12:17:03.589 14717 ERROR neutron.api.v2.resource result = method(request=request, **args)
2016-06-29 12:17:03.589 14717 ERROR neutron.api.v2.resource
File "/usr/lib/python2.7/dist-packages/neutron/api/v2/base.py", line 410, in create
2016-06-29 12:17:03.589 14717 ERROR neutron.api.v2.resource return self._create(request, body, **kwargs)
2016-06-29 12:17:03.589 14717 ERROR neutron.api.v2.resource
File "/usr/lib/python2.7/dist-packages/oslo_db/api.py", line 148, in wrapper
2016-06-29 12:17:03.589 14717 ERROR neutron.api.v2.resource ectxt.value = e.inner_exc
2016-06-29 12:17:03.589 14717 ERROR neutron.api.v2.resource
File "/usr/lib/python2.7/dist-packages/oslo_utils/excutils.py", line 220, in __exit__
2016-06-29 12:17:03.589 14717 ERROR neutron.api.v2.resource self.force_reraise()
2016-06-29 12:17:03.589 14717 ERROR neutron.api.v2.resource
File "/usr/lib/python2.7/dist-packages/oslo_utils/excutils.py", line 196, in force_reraise
2016-06-29 12:17:03.589 14717 ERROR neutron.api.v2.resource six.reraise(self.type_, self.value, self.tb)
2016-06-29 12:17:03.589 14717 ERROR neutron.api.v2.resource
File "/usr/lib/python2.7/dist-packages/oslo_db/api.py", line 138, in wrapper
2016-06-29 12:17:03.589 14717 ERROR neutron.api.v2.resource return f(*args, **kwargs)
2016-06-29 12:17:03.589 14717 ERROR neutron.api.v2.resource
File "/usr/lib/python2.7/dist-packages/neutron/api/v2/base.py", line 521, in _create
2016-06-29 12:17:03.589 14717 ERROR neutron.api.v2.resource obj = do_create(body)
2016-06-29 12:17:03.589 14717 ERROR neutron.api.v2.resource
File "/usr/lib/python2.7/dist-packages/neutron/api/v2/base.py", line 503, in do_create
2016-06-29 12:17:03.589 14717 ERROR neutron.api.v2.resource request.context, reservation.reservation_id)
2016-06-29 12:17:03.589 14717 ERROR neutron.api.v2.resource
File "/usr/lib/python2.7/dist-packages/oslo_utils/excutils.py", line 220, in __exit__
2016-06-29 12:17:03.589 14717 ERROR neutron.api.v2.resource self.force_reraise()
2016-06-29 12:17:03.589 14717 ERROR neutron.api.v2.resource
File "/usr/lib/python2.7/dist-packages/oslo_utils/excutils.py", line 196, in force_reraise
2016-06-29 12:17:03.589 14717 ERROR neutron.api.v2.resource six.reraise(self.type_, self.value, self.tb)
2016-06-29 12:17:03.589 14717 ERROR neutron.api.v2.resource
File "/usr/lib/python2.7/dist-packages/neutron/api/v2/base.py", line 496, in do_create
2016-06-29 12:17:03.589 14717 ERROR neutron.api.v2.resource return obj_creator(request.context, **kwargs)
2016-06-29 12:17:03.589 14717 ERROR neutron.api.v2.resource
File "/usr/lib/python2.7/dist-packages/vmware_nsx/plugins/nsx_v/plugin.py", line 1266, in create_subnet
2016-06-29 12:17:03.589 14717 ERROR neutron.api.v2.resource self.delete_subnet(context, s['id'])
2016-06-29 12:17:03.589 14717 ERROR neutron.api.v2.resource
File "/usr/lib/python2.7/dist-packages/oslo_utils/excutils.py", line 220, in __exit__
2016-06-29 12:17:03.589 14717 ERROR neutron.api.v2.resource self.force_reraise()
2016-06-29 12:17:03.589 14717 ERROR neutron.api.v2.resource
File "/usr/lib/python2.7/dist-packages/oslo_utils/excutils.py", line 196, in force_reraise
2016-06-29 12:17:03.589 14717 ERROR neutron.api.v2.resource six.reraise(self.type_, self.value, self.tb)
2016-06-29 12:17:03.589 14717 ERROR neutron.api.v2.resource
File "/usr/lib/python2.7/dist-packages/vmware_nsx/plugins/nsx_v/plugin.py", line 1263, in create_subnet
2016-06-29 12:17:03.589 14717 ERROR neutron.api.v2.resource self._update_dhcp_service_with_subnet(context, s)
2016-06-29 12:17:03.589 14717 ERROR neutron.api.v2.resource
File "/usr/lib/python2.7/dist-packages/vmware_nsx/plugins/nsx_v/plugin.py", line 1460, in _update_dhcp_service_with_subnet
2016-06-29 12:17:03.589 14717 ERROR neutron.api.v2.resource subnet['id'])
2016-06-29 12:17:03.589 14717 ERROR neutron.api.v2.resource
File "/usr/lib/python2.7/dist-packages/oslo_utils/excutils.py", line 220, in __exit__
2016-06-29 12:17:03.589 14717 ERROR neutron.api.v2.resource self.force_reraise()
2016-06-29 12:17:03.589 14717 ERROR neutron.api.v2.resource
File "/usr/lib/python2.7/dist-packages/oslo_utils/excutils.py", line 196, in force_reraise
2016-06-29 12:17:03.589 14717 ERROR neutron.api.v2.resource six.reraise(self.type_, self.value, self.tb)
2016-06-29 12:17:03.589 14717 ERROR neutron.api.v2.resource
File "/usr/lib/python2.7/dist-packages/vmware_nsx/plugins/nsx_v/plugin.py", line 1452, in _update_dhcp_service_with_subnet
2016-06-29 12:17:03.589 14717 ERROR neutron.api.v2.resource resource_id, context)
2016-06-29 12:17:03.589 14717 ERROR neutron.api.v2.resource
File "/usr/lib/python2.7/dist-packages/vmware_nsx/plugins/nsx_v/md_proxy.py", line 664, in configure_router_edge
2016-06-29 12:17:03.589 14717 ERROR neutron.api.v2.resource context=context)
2016-06-29 12:17:03.589 14717 ERROR neutron.api.v2.resource
File "/usr/lib/python2.7/dist-packages/vmware_nsx/plugins/nsx_v/md_proxy.py", line 561, in _setup_metadata_lb
2016-06-29 12:17:03.589 14717 ERROR neutron.api.v2.resource cert_id = self._create_ssl_cert(edge_id)
2016-06-29 12:17:03.589 14717 ERROR neutron.api.v2.resource
File "/usr/lib/python2.7/dist-packages/vmware_nsx/plugins/nsx_v/md_proxy.py", line 534, in _create_ssl_cert
2016-06-29 12:17:03.589 14717 ERROR neutron.api.v2.resource edge_id, request)[1]
2016-06-29 12:17:03.589 14717 ERROR neutron.api.v2.resource
File "/usr/lib/python2.7/dist-packages/vmware_nsx/plugins/nsx_v/vshield/vcns.py", line 874, in upload_edge_certificate
2016-06-29 12:17:03.589 14717 ERROR neutron.api.v2.resource return self.do_request(HTTP_POST, uri, request, decode=True)
2016-06-29 12:17:03.589 14717 ERROR neutron.api.v2.resource
File "/usr/lib/python2.7/dist-packages/vmware_nsx/plugins/nsx_v/vshield/vcns.py", line 124, in do_request
2016-06-29 12:17:03.589 14717 ERROR neutron.api.v2.resource headers, encodeParams)
2016-06-29 12:17:03.589 14717 ERROR neutron.api.v2.resource
File "/usr/lib/python2.7/dist-packages/retrying.py", line 49, in wrapped_f
2016-06-29 12:17:03.589 14717 ERROR neutron.api.v2.resource return Retrying(*dargs, **dkw).call(f, *args, **kw)
2016-06-29 12:17:03.589 14717 ERROR neutron.api.v2.resource
File "/usr/lib/python2.7/dist-packages/retrying.py", line 206, in call
2016-06-29 12:17:03.589 14717 ERROR neutron.api.v2.resource return attempt.get(self._wrap_exception)
2016-06-29 12:17:03.589 14717 ERROR neutron.api.v2.resource
File "/usr/lib/python2.7/dist-packages/retrying.py", line 247, in get
2016-06-29 12:17:03.589 14717 ERROR neutron.api.v2.resource six.reraise(self.value[0], self.value[1], self.value[2])
2016-06-29 12:17:03.589 14717 ERROR neutron.api.v2.resource
File "/usr/lib/python2.7/dist-packages/retrying.py", line 200, in call
2016-06-29 12:17:03.589 14717 ERROR neutron.api.v2.resource attempt = Attempt(fn(*args, **kwargs), attempt_number, False)
2016-06-29 12:17:03.589 14717 ERROR neutron.api.v2.resource
File "/usr/lib/python2.7/dist-packages/vmware_nsx/plugins/nsx_v/vshield/vcns.py", line 108, in _client_request
2016-06-29 12:17:03.589 14717 ERROR neutron.api.v2.resource return client(method, uri, params, headers, encodeParams)
2016-06-29 12:17:03.589 14717 ERROR neutron.api.v2.resource
File "/usr/lib/python2.7/dist-packages/vmware_nsx/plugins/nsx_v/vshield/common/VcnsApiClient.py", line 119, in request
2016-06-29 12:17:03.589 14717 ERROR neutron.api.v2.resource raise cls(uri=uri, status=status, header=header, response=response)
2016-06-29 12:17:03.589 14717 ERROR neutron.api.v2.resource RequestBad: Request https://172.16.0.249/api/2.0/services/truststore/certificate/edge-5 is Bad, response {"details":"Invalid PEM data received for private key","errorCode":2004,"moduleName":"core-services"}
2016-06-29 12:17:03.589 14717 ERROR neutron.api.v2.resource
2016-06-29 12:17:03.602 14717 INFO neutron.wsgi [req-636868da-979f-428f-95d4-56b7cc2addbe 6281d78a60b0430b99a273f1ad6f64e6 46cdcd892c3f43dfbdd1778a943d1aa7 - - -] 192.168.0.2 - - [29/Jun/2016 12:17:03] "POST /v2.0/subnets.json HTTP/1.1" 500 501 53.104486
2016-06-29 12:17:05.014 14717 DEBUG neutron.wsgi [-] (14717) accepted ('192.168.0.2', 44484) server /usr/lib/python2.7/dist-packages/eventlet/wsgi.py:867
2016-06-29 12:17:05.018 14718 DEBUG neutron.wsgi [-] (14718) accepted ('192.168.0.4', 51897) server /usr/lib/python2.7/dist-packages/eventlet/wsgi.py:867
2016-06-29 12:17:05.027 14717 INFO neutron.wsgi [-] 192.168.0.2 - - [29/Jun/2016 12:17:05] "OPTIONS / HTTP/1.0" 200 262 0.008351
2016-06-29 12:17:05.030 14718 INFO neutron.wsgi [-] 192.168.0.4 - - [29/Jun/2016 12:17:05] "OPTIONS / HTTP/1.0" 200 262 0.001509
2016-06-29 12:17:05.208 14718 DEBUG neutron.wsgi [-] (14718) accepted ('192.168.0.5', 59737) server /usr/lib/python2.7/dist-packages/eventlet/wsgi.py:867
2016-06-29 12:17:05.212 14718 INFO neutron.wsgi [-] 192.168.0.5 - - [29/Jun/2016 12:17:05] "OPTIONS / HTTP/1.0" 200 262 0.001365
2016-06-29 12:17:14.967 14717 DEBUG neutron.wsgi [-] (14717) accepted ('192.168.0.2', 44573) server /usr/lib/python2.7/dist-packages/eventlet/wsgi.py:867
2016-06-29 12:17:14.975 14717 INFO neutron.wsgi [-] 192.168.0.2 - - [29/Jun/2016 12:17:14] "OPTIONS / HTTP/1.0" 200 262 0.002112
2016-06-29 12:17:15.150 14717 DEBUG neutron.wsgi [-] (14717) accepted ('192.168.0.4', 52008) server /usr/lib/python2.7/dist-packages/eventlet/wsgi.py:867
2016-06-29 12:17:15.152 14717 INFO neutron.wsgi [-] 192.168.0.4 - - [29/Jun/2016 12:17:15] "OPTIONS / HTTP/1.0" 200 262 0.000742
2016-06-29 12:17:15.512 14718 DEBUG neutron.wsgi [-] (14718) accepted ('192.168.0.5', 59831) server /usr/lib/python2.7/dist-packages/eventlet/wsgi.py:867
2016-06-29 12:17:15.519 14718 INFO neutron.wsgi [-] 192.168.0.5 - - [29/Jun/2016 12:17:15] "OPTIONS / HTTP/1.0" 200 262 0.002286
2016-06-29 12:17:22.260 14717 DEBUG vmware_nsx.plugins.nsx_v.vshield.vcns [-] VcnsApiHelper reply: header={'status': '201', 'content-length': '0', 'set-cookie': 'JSESSIONID=A80F5BA7427FC3A314CA24DF361A85DE; Path=/; Secure; HttpOnly', 'server': '', 'location': '/api/4.0/edges/edge-7', 'cache-control': 'no-cache', 'date': 'Wed, 29 Jun 2016 12:17:22 GMT'} content= took 64.8879 do_request /usr/lib/python2.7/dist-packages/vmware_nsx/plugins/nsx_v/vshield/vcns.py:129
2016-06-29 12:17:22.267 14717 DEBUG vmware_nsx.plugins.nsx_v.vshield.edge_appliance_driver [-] VCNS: deploying edge edge-7 deploy_edge /usr/lib/python2.7/dist-packages/vmware_nsx/plugins/nsx_v/vshield/edge_appliance_driver.py:551
2016-06-29 12:17:22.269 14717 DEBUG vmware_nsx.plugins.nsx_v.vshield.edge_utils [-] Start deploying edge-7 for router backup-683913e4-234e edge_deploy_started_sync /usr/lib/python2.7/dist-packages/vmware_nsx/plugins/nsx_v/vshield/edge_utils.py:1999
2016-06-29 12:17:22.363 14717 DEBUG vmware_nsx.plugins.nsx_v.vshield.edge_utils [-] Successfully deployed edge-7 for router backup-683913e4-234e edge_deploy_result_sync /usr/lib/python2.7/dist-packages/vmware_nsx/plugins/nsx_v/vshield/edge_utils.py:2040
2016-06-29 12:17:24.738 14718 DEBUG neutron.wsgi [-] (14718) accepted ('192.168.0.2', 44681) server /usr/lib/python2.7/dist-packages/eventlet/wsgi.py:867
2016-06-29 12:17:24.744 14718 INFO neutron.wsgi [-] 192.168.0.2 - - [29/Jun/2016 12:17:24] "OPTIONS / HTTP/1.0" 200 262 0.001934
2016-06-29 12:17:25.219 14717 DEBUG neutron.wsgi [-] (14717) accepted ('192.168.0.4', 52100) server /usr/lib/python2.7/dist-packages/eventlet/wsgi.py:867
2016-06-29 12:17:25.228 14717 INFO neutron.wsgi [-] 192.168.0.4 - - [29/Jun/2016 12:17:25] "OPTIONS / HTTP/1.0" 200 262 0.002714
2016-06-29 12:17:25.795 14717 DEBUG neutron.wsgi [-] (14717) accepted ('192.168.0.5', 59944) server /usr/lib/python2.7/dist-packages/eventlet/wsgi.py:867
2016-06-29 12:17:25.799 14717 INFO neutron.wsgi [-] 192.168.0.5 - - [29/Jun/2016 12:17:25] "OPTIONS / HTTP/1.0" 200 262 0.001199
2016-06-29 12:17:34.720 14717 DEBUG neutron.wsgi [-] (14717) accepted ('192.168.0.2', 44797) server /usr/lib/python2.7/dist-packages/eventlet/wsgi.py:867
2016-06-29 12:17:34.728 14717 INFO neutron.wsgi [-] 192.168.0.2 - - [29/Jun/2016 12:17:34] "OPTIONS / HTTP/1.0" 200 262 0.001755
2016-06-29 12:17:35.198 14718 DEBUG neutron.wsgi [-] (14718) accepted ('192.168.0.4', 52208) server /usr/lib/python2.7/dist-packages/eventlet/wsgi.py:867
2016-06-29 12:17:35.206 14718 INFO neutron.wsgi [-] 192.168.0.4 - - [29/Jun/2016 12:17:35] "OPTIONS / HTTP/1.0" 200 262 0.001587
2016-06-29 12:17:35.926 14717 DEBUG neutron.wsgi [-] (14717) accepted ('192.168.0.5', 60053) server /usr/lib/python2.7/dist-packages/eventlet/wsgi.py:867
2016-06-29 12:17:35.930 14717 INFO neutron.wsgi [-] 192.168.0.5 - - [29/Jun/2016 12:17:35] "OPTIONS / HTTP/1.0" 200 262 0.001802
2016-06-29 12:17:45.021 14718 DEBUG neutron.wsgi [-] (14718) accepted ('192.168.0.2', 44883) server /usr/lib/python2.7/dist-packages/eventlet/wsgi.py:867
2016-06-29 12:17:45.031 14718 INFO neutron.wsgi [-] 192.168.0.2 - - [29/Jun/2016 12:17:45] "OPTIONS / HTTP/1.0" 200 262 0.002696
2016-06-29 12:17:45.230 14718 DEBUG neutron.wsgi [-] (14718) accepted ('192.168.0.4', 52317) server /usr/lib/python2.7/dist-packages/eventlet/wsgi.py:867
2016-06-29 12:17:45.234 14718 INFO neutron.wsgi [-] 192.168.0.4 - - [29/Jun/2016 12:17:45] "OPTIONS / HTTP/1.0" 200 262 0.001028
2016-06-29 12:17:45.945 14717 DEBUG neutron.wsgi [-] (14717) accepted ('192.168.0.5', 60143) server /usr/lib/python2.7/dist-packages/eventlet/wsgi.py:867
2016-06-29 12:17:45.952 14717 INFO neutron.wsgi [-] 192.168.0.5 - - [29/Jun/2016 12:17:45] "OPTIONS / HTTP/1.0" 200 262 0.002309
2016-06-29 12:17:55.145 14717 DEBUG neutron.wsgi [-] (14717) accepted ('192.168.0.4', 52404) server /usr/lib/python2.7/dist-packages/eventlet/wsgi.py:867
2016-06-29 12:17:55.155 14717 INFO neutron.wsgi [-] 192.168.0.4 - - [29/Jun/2016 12:17:55] "OPTIONS / HTTP/1.0" 200 262 0.002618
2016-06-29 12:17:55.284 14718 DEBUG neutron.wsgi [-] (14718) accepted ('192.168.0.2', 45020) server /usr/lib/python2.7/dist-packages/eventlet/wsgi.py:867
2016-06-29 12:17:55.292 14718 INFO neutron.wsgi [-] 192.168.0.2 - - [29/Jun/2016 12:17:55] "OPTIONS / HTTP/1.0" 200 262 0.002296
2016-06-29 12:17:56.169 14717 DEBUG neutron.wsgi [-] (14717) accepted ('192.168.0.5', 60253) server /usr/lib/python2.7/dist-packages/eventlet/wsgi.py:867
2016-06-29 12:17:56.173 14717 INFO neutron.wsgi [-] 192.168.0.5 - - [29/Jun/2016 12:17:56] "OPTIONS / HTTP/1.0" 200 262 0.001622
2016-06-29 12:18:05.205 14717 DEBUG neutron.wsgi [-] (14717) accepted ('192.168.0.2', 45108) server /usr/lib/python2.7/dist-packages/eventlet/wsgi.py:867
2016-06-29 12:18:05.213 14717 INFO neutron.wsgi [-] 192.168.0.2 - - [29/Jun/2016 12:18:05] "OPTIONS / HTTP/1.0" 200 262 0.002219
2016-06-29 12:18:05.326 14718 DEBUG neutron.wsgi [-] (14718) accepted ('192.168.0.4', 52517) server /usr/lib/python2.7/dist-packages/eventlet/wsgi.py:867
2016-06-29 12:18:05.334 14718 INFO neutron.wsgi [-] 192.168.0.4 - - [29/Jun/2016 12:18:05] "OPTIONS / HTTP/1.0" 200 262 0.003178
2016-06-29 12:18:06.429 14717 DEBUG neutron.wsgi [-] (14717) accepted ('192.168.0.5', 60365) server /usr/lib/python2.7/dist-packages/eventlet/wsgi.py:867
2016-06-29 12:18:06.434 14717 INFO neutron.wsgi [-] 192.168.0.5 - - [29/Jun/2016 12:18:06] "OPTIONS / HTTP/1.0" 200 262 0.001627
2016-06-29 12:18:15.082 14717 DEBUG neutron.wsgi [-] (14717) accepted ('192.168.0.2', 45195) server /usr/lib/python2.7/dist-packages/eventlet/wsgi.py:867
2016-06-29 12:18:15.088 14717 INFO neutron.wsgi [-] 192.168.0.2 - - [29/Jun/2016 12:18:15] "OPTIONS / HTTP/1.0" 200 262 0.001617
2016-06-29 12:18:15.389 14718 DEBUG neutron.wsgi [-] (14718) accepted ('192.168.0.4', 52628) server /usr/lib/python2.7/dist-packages/eventlet/wsgi.py:867
2016-06-29 12:18:15.395 14718 INFO neutron.wsgi [-] 192.168.0.4 - - [29/Jun/2016 12:18:15] "OPTIONS / HTTP/1.0" 200 262 0.001545
2016-06-29 12:18:16.272 14717 DEBUG neutron.wsgi [-] (14717) accepted ('192.168.0.5', 60454) server /usr/lib/python2.7/dist-packages/eventlet/wsgi.py:867
2016-06-29 12:18:16.277 14717 INFO neutron.wsgi [-] 192.168.0.5 - - [29/Jun/2016 12:18:16] "OPTIONS / HTTP/1.0" 200 262 0.001978
2016-06-29 12:18:25.159 14718 DEBUG neutron.wsgi [-] (14718) accepted ('192.168.0.4', 52715) server /usr/lib/python2.7/dist-packages/eventlet/wsgi.py:867
2016-06-29 12:18:25.170 14718 INFO neutron.wsgi [-] 192.168.0.4 - - [29/Jun/2016 12:18:25] "OPTIONS / HTTP/1.0" 200 262 0.002949
2016-06-29 12:18:25.333 14717 DEBUG neutron.wsgi [-] (14717) accepted ('192.168.0.2', 45331) server /usr/lib/python2.7/dist-packages/eventlet/wsgi.py:867
2016-06-29 12:18:25.342 14717 INFO neutron.wsgi [-] 192.168.0.2 - - [29/Jun/2016 12:18:25] "OPTIONS / HTTP/1.0" 200 262 0.002714
2016-06-29 12:18:26.240 14717 DEBUG neutron.wsgi [-] (14717) accepted ('192.168.0.5', 60564) server /usr/lib/python2.7/dist-packages/eventlet/wsgi.py:867
2016-06-29 12:18:26.243 14717 INFO neutron.wsgi [-] 192.168.0.5 - - [29/Jun/2016 12:18:26] "OPTIONS / HTTP/1.0" 200 262 0.000984
2016-06-29 12:18:35.124 14717 DEBUG neutron.wsgi [-] (14717) accepted ('192.168.0.4', 52822) server /usr/lib/python2.7/dist-packages/eventlet/wsgi.py:867
2016-06-29 12:18:35.134 14717 INFO neutron.wsgi [-] 192.168.0.4 - - [29/Jun/2016 12:18:35] "OPTIONS / HTTP/1.0" 200 262 0.002271
2016-06-29 12:18:35.575 14717 DEBUG neutron.wsgi [-] (14717) accepted ('192.168.0.2', 45423) server /usr/lib/python2.7/dist-packages/eventlet/wsgi.py:867
2016-06-29 12:18:35.578 14717 INFO neutron.wsgi [-] 192.168.0.2 - - [29/Jun/2016 12:18:35] "OPTIONS / HTTP/1.0" 200 262 0.001324
2016-06-29 12:18:36.304 14718 DEBUG neutron.wsgi [-] (14718) accepted ('192.168.0.5', 60673) server /usr/lib/python2.7/dist-packages/eventlet/wsgi.py:867
2016-06-29 12:18:36.311 14718 INFO neutron.wsgi [-] 192.168.0.5 - - [29/Jun/2016 12:18:36] "OPTIONS / HTTP/1.0" 200 262 0.001897
2016-06-29 12:18:45.118 14717 DEBUG neutron.wsgi [-] (14717) accepted ('192.168.0.4', 52931) server /usr/lib/python2.7/dist-packages/eventlet/wsgi.py:867
2016-06-29 12:18:45.135 14717 INFO neutron.wsgi [-] 192.168.0.4 - - [29/Jun/2016 12:18:45] "OPTIONS / HTTP/1.0" 200 262 0.006013
2016-06-29 12:18:45.673 14718 DEBUG neutron.wsgi [-] (14718) accepted ('192.168.0.2', 45509) server /usr/lib/python2.7/dist-packages/eventlet/wsgi.py:867
2016-06-29 12:18:45.678 14718 INFO neutron.wsgi [-] 192.168.0.2 - - [29/Jun/2016 12:18:45] "OPTIONS / HTTP/1.0" 200 262 0.001701
2016-06-29 12:18:46.288 14718 DEBUG neutron.wsgi [-] (14718) accepted ('192.168.0.5', 60763) server /usr/lib/python2.7/dist-packages/eventlet/wsgi.py:867
2016-06-29 12:18:46.292 14718 INFO neutron.wsgi [-] 192.168.0.5 - - [29/Jun/2016 12:18:46] "OPTIONS / HTTP/1.0" 200 262 0.000998
2016-06-29 12:18:54.850 14717 DEBUG neutron.wsgi [-] (14717) accepted ('192.168.0.4', 53017) server /usr/lib/python2.7/dist-packages/eventlet/wsgi.py:867
2016-06-29 12:18:54.861 14717 INFO neutron.wsgi [-] 192.168.0.4 - - [29/Jun/2016 12:18:54] "OPTIONS / HTTP/1.0" 200 262 0.002191
2016-06-29 12:18:55.618 14717 DEBUG neutron.wsgi [-] (14717) accepted ('192.168.0.2', 45644) server /usr/lib/python2.7/dist-packages/eventlet/wsgi.py:867
2016-06-29 12:18:55.622 14717 INFO neutron.wsgi [-] 192.168.0.2 - - [29/Jun/2016 12:18:55] "OPTIONS / HTTP/1.0" 200 262 0.001140
2016-06-29 12:18:56.222 14717 DEBUG neutron.wsgi [-] (14717) accepted ('192.168.0.5', 60869) server /usr/lib/python2.7/dist-packages/eventlet/wsgi.py:867
2016-06-29 12:18:56.226 14717 INFO neutron.wsgi [-] 192.168.0.5 - - [29/Jun/2016 12:18:56] "OPTIONS / HTTP/1.0" 200 262 0.001260
2016-06-29 12:19:05.068 14717 DEBUG neutron.wsgi [-] (14717) accepted ('192.168.0.4', 53129) server /usr/lib/python2.7/dist-packages/eventlet/wsgi.py:867
2016-06-29 12:19:05.075 14717 INFO neutron.wsgi [-] 192.168.0.4 - - [29/Jun/2016 12:19:05] "OPTIONS / HTTP/1.0" 200 262 0.001860
2016-06-29 12:19:05.723 14717 DEBUG neutron.wsgi [-] (14717) accepted ('192.168.0.2', 45732) server /usr/lib/python2.7/dist-packages/eventlet/wsgi.py:867
2016-06-29 12:19:05.729 14717 INFO neutron.wsgi [-] 192.168.0.2 - - [29/Jun/2016 12:19:05] "OPTIONS / HTTP/1.0" 200 262 0.001638
2016-06-29 12:19:06.058 14717 DEBUG neutron.wsgi [-] (14717) accepted ('192.168.0.5', 60975) server /usr/lib/python2.7/dist-packages/eventlet/wsgi.py:867
2016-06-29 12:19:06.060 14717 INFO neutron.wsgi [-] 192.168.0.5 - - [29/Jun/2016 12:19:06] "OPTIONS / HTTP/1.0" 200 262 0.001083
2016-06-29 12:19:15.077 14717 DEBUG neutron.wsgi [-] (14717) accepted ('192.168.0.4', 53238) server /usr/lib/python2.7/dist-packages/eventlet/wsgi.py:867
2016-06-29 12:19:15.082 14717 INFO neutron.wsgi [-] 192.168.0.4 - - [29/Jun/2016 12:19:15] "OPTIONS / HTTP/1.0" 200 262 0.001689
2016-06-29 12:19:15.978 14717 DEBUG neutron.wsgi [-] (14717) accepted ('192.168.0.2', 45826) server /usr/lib/python2.7/dist-packages/eventlet/wsgi.py:867
2016-06-29 12:19:15.981 14717 INFO neutron.wsgi [-] 192.168.0.2 - - [29/Jun/2016 12:19:15] "OPTIONS / HTTP/1.0" 200 262 0.001086
2016-06-29 12:19:16.233 14718 DEBUG neutron.wsgi [-] (14718) accepted ('192.168.0.5', 32836) server /usr/lib/python2.7/dist-packages/eventlet/wsgi.py:867
2016-06-29 12:19:16.240 14718 INFO neutron.wsgi [-] 192.168.0.5 - - [29/Jun/2016 12:19:16] "OPTIONS / HTTP/1.0" 200 262 0.002890