Apr 17 12:49:21 vesho kernel: usb usb3: New USB device strings: Mfr=3, Product=2, SerialNumber=1
Apr 17 12:49:21 vesho kernel: usb usb3: Product: xHCI Host Controller
Apr 17 12:49:21 vesho kernel: usb usb3: Manufacturer: Linux 4.15.0-15-generic xhci-hcd
Apr 17 12:49:21 vesho kernel: usb usb3: SerialNumber: 0000:0e:00.0
Apr 17 12:49:21 vesho kernel: hub 3-0:1.0: USB hub found
Apr 17 12:49:21 vesho kernel: hub 3-0:1.0: 2 ports detected
Apr 17 12:49:21 vesho kernel: xhci_hcd 0000:0e:00.0: xHCI Host Controller
Apr 17 12:49:21 vesho kernel: xhci_hcd 0000:0e:00.0: new USB bus registered, assigned bus number 4
Apr 17 12:49:21 vesho kernel: usb usb4: We don't know the algorithms for LPM for this host, disabling LPM.
Apr 17 12:49:21 vesho kernel: usb usb4: New USB device found, idVendor=1d6b, idProduct=0003
Apr 17 12:49:21 vesho kernel: usb usb4: New USB device strings: Mfr=3, Product=2, SerialNumber=1
Apr 17 12:49:21 vesho kernel: usb usb4: Product: xHCI Host Controller
Apr 17 12:49:21 vesho kernel: usb usb4: Manufacturer: Linux 4.15.0-15-generic xhci-hcd
Apr 17 12:49:21 vesho kernel: usb usb4: SerialNumber: 0000:0e:00.0
Apr 17 12:49:21 vesho kernel: hub 4-0:1.0: USB hub found
Apr 17 12:49:21 vesho kernel: hub 4-0:1.0: 2 ports detected
Apr 17 12:49:21 vesho kernel: usb 3-1: new high-speed USB device number 2 using xhci_hcd
Apr 17 12:49:22 vesho kernel: usb 3-1: New USB device found, idVendor=0424, idProduct=2807
Apr 17 12:49:22 vesho kernel: usb 3-1: New USB device strings: Mfr=1, Product=2, SerialNumber=0
Apr 17 12:49:22 vesho kernel: usb 3-1: Product: USB2807 Hub
Apr 17 12:49:22 vesho kernel: usb 3-1: Manufacturer: Microchip
Apr 17 12:49:22 vesho kernel: hub 3-1:1.0: USB hub found
Apr 17 12:49:22 vesho kernel: hub 3-1:1.0: 7 ports detected
Apr 17 12:49:22 vesho kernel: usb 4-1: new SuperSpeed USB device number 2 using xhci_hcd
Apr 17 12:49:22 vesho kernel: usb 4-1: New USB device found, idVendor=0424, idProduct=5807
Apr 17 12:49:22 vesho kernel: usb 4-1: New USB device strings: Mfr=1, Product=2, SerialNumber=0
Apr 17 12:49:22 vesho kernel: usb 4-1: Product: USB5807 Hub
Apr 17 12:49:22 vesho kernel: usb 4-1: Manufacturer: Microchip
Apr 17 12:49:22 vesho kernel: hub 4-1:1.0: USB hub found
Apr 17 12:49:22 vesho kernel: hub 4-1:1.0: 7 ports detected
Apr 17 12:49:22 vesho kernel: usb 3-1.1: new high-speed USB device number 3 using xhci_hcd
Apr 17 12:49:22 vesho kernel: usb 3-1.1: New USB device found, idVendor=0424, idProduct=2734
Apr 17 12:49:22 vesho kernel: usb 3-1.1: New USB device strings: Mfr=1, Product=2, SerialNumber=0
Apr 17 12:49:22 vesho kernel: usb 3-1.1: Product: USB2734
Apr 17 12:49:22 vesho kernel: usb 3-1.1: Manufacturer: Microchip Tech
Apr 17 12:49:22 vesho kernel: hub 3-1.1:1.0: USB hub found
Apr 17 12:49:22 vesho kernel: hub 3-1.1:1.0: 5 ports detected
Apr 17 12:49:22 vesho kernel: usb 4-1.1: new SuperSpeed USB device number 3 using xhci_hcd
Apr 17 12:49:22 vesho kernel: usb 4-1.1: New USB device found, idVendor=0424, idProduct=5734
Apr 17 12:49:22 vesho kernel: usb 4-1.1: New USB device strings: Mfr=2, Product=3, SerialNumber=0
Apr 17 12:49:22 vesho kernel: usb 4-1.1: Product: USB5734
Apr 17 12:49:22 vesho kernel: usb 4-1.1: Manufacturer: Microchip Tech
Apr 17 12:49:22 vesho kernel: hub 4-1.1:1.0: USB hub found
Apr 17 12:49:22 vesho kernel: hub 4-1.1:1.0: 5 ports detected
Apr 17 12:49:22 vesho kernel: usb 3-1.5: new high-speed USB device number 4 using xhci_hcd
Apr 17 12:49:22 vesho kernel: usb 3-1.5: New USB device found, idVendor=0bda, idProduct=4014
Apr 17 12:49:22 vesho kernel: usb 3-1.5: New USB device strings: Mfr=3, Product=1, SerialNumber=2
Apr 17 12:49:22 vesho kernel: usb 3-1.5: Product: USB Audio
Apr 17 12:49:22 vesho kernel: usb 3-1.5: Manufacturer: Generic
Apr 17 12:49:22 vesho kernel: usb 3-1.5: SerialNumber: 200901010001
Apr 17 12:49:22 vesho kernel: usb 4-1.2: new SuperSpeed USB device number 4 using xhci_hcd
Apr 17 12:49:23 vesho kernel: usb 4-1.2: New USB device found, idVendor=0bda, idProduct=8153
Apr 17 12:49:23 vesho kernel: usb 4-1.2: New USB device strings: Mfr=1, Product=2, SerialNumber=6
Apr 17 12:49:23 vesho kernel: usb 4-1.2: Product: USB 10/100/1000 LAN
Apr 17 12:49:23 vesho kernel: usb 4-1.2: Manufacturer: Realtek
Apr 17 12:49:23 vesho kernel: usb 4-1.2: SerialNumber: 000001000000
Apr 17 12:49:23 vesho kernel: usb 3-1.1.1: new high-speed USB device number 5 using xhci_hcd
Apr 17 12:49:23 vesho kernel: usb 3-1.1.1: New USB device found, idVendor=0424, idProduct=2734
Apr 17 12:49:23 vesho kernel: usb 3-1.1.1: New USB device strings: Mfr=1, Product=2, SerialNumber=0
Apr 17 12:49:23 vesho kernel: usb 3-1.1.1: Product: USB2734
Apr 17 12:49:23 vesho kernel: usb 3-1.1.1: Manufacturer: Microchip Tech
Apr 17 12:49:23 vesho kernel: usb 4-1.1.1: new SuperSpeed USB device number 5 using xhci_hcd
Apr 17 12:49:23 vesho kernel: usb 4-1.1.1: New USB device found, idVendor=0424, idProduct=5734
Apr 17 12:49:23 vesho kernel: usb 4-1.1.1: New USB device strings: Mfr=2, Product=3, SerialNumber=0
Apr 17 12:49:23 vesho kernel: usb 4-1.1.1: Product: USB5734
Apr 17 12:49:23 vesho kernel: usb 4-1.1.1: Manufacturer: Microchip Tech
Apr 17 12:49:23 vesho kernel: hub 3-1.1.1:1.0: USB hub found
Apr 17 12:49:23 vesho kernel: hub 3-1.1.1:1.0: 5 ports detected
Apr 17 12:49:23 vesho kernel: hub 4-1.1.1:1.0: USB hub found
Apr 17 12:49:23 vesho kernel: hub 4-1.1.1:1.0: 5 ports detected
Apr 17 12:49:23 vesho kernel: usb 3-1.1.3: new full-speed USB device number 6 using xhci_hcd
Apr 17 12:49:24 vesho kernel: usb 3-1.1.3: New USB device found, idVendor=046d, idProduct=c52b
Apr 17 12:49:24 vesho kernel: usb 3-1.1.3: New USB device strings: Mfr=1, Product=2, SerialNumber=0
Apr 17 12:49:24 vesho kernel: usb 3-1.1.3: Product: USB Receiver
Apr 17 12:49:24 vesho kernel: usb 3-1.1.3: Manufacturer: Logitech
Apr 17 12:49:24 vesho kernel: usb 4-1.2: reset SuperSpeed USB device number 4 using xhci_hcd
Apr 17 12:49:24 vesho kernel: logitech-djreceiver 0003:046D:C52B.0017: hiddev1,hidraw3: USB HID v1.11 Device [Logitech USB Receiver] on usb-0000:0e:00.0-1.1.3/input2
Apr 17 12:49:24 vesho kernel: usb 4-1.2: Dell TB16 Dock, disable RX aggregation
Apr 17 12:49:24 vesho kernel: r8152 4-1.2:1.0 (unnamed net_device) (uninitialized): Using pass-thru MAC addr d4:81:d7:31:b2:b1
Apr 17 12:49:24 vesho kernel: r8152 4-1.2:1.0 eth0: v1.09.9
Apr 17 12:49:24 vesho NetworkManager[1184]: [1523958564.3756] manager: (eth0): new Ethernet device (/org/freedesktop/NetworkManager/Devices/160)
Apr 17 12:49:24 vesho kernel: logitech-hidpp-device 0003:046D:402D.0018: hidraw4: USB HID v1.11 Keyboard [Logitech M560] on usb-0000:0e:00.0-1.1.3:1
Apr 17 12:49:24 vesho kernel: usb 3-1.1.5: new high-speed USB device number 7 using xhci_hcd
Apr 17 12:49:24 vesho kernel: usb 3-1.1.5: New USB device found, idVendor=0424, idProduct=274c
Apr 17 12:49:24 vesho kernel: usb 3-1.1.5: New USB device strings: Mfr=1, Product=2, SerialNumber=0
Apr 17 12:49:24 vesho kernel: usb 3-1.1.5: Product: Hub Controller
Apr 17 12:49:24 vesho kernel: usb 3-1.1.5: Manufacturer: Microchip Tech
Apr 17 12:49:24 vesho kernel: hid-generic 0003:0424:274C.0019: hiddev2,hidraw5: USB HID v1.10 Device [Microchip Tech Hub Controller] on usb-0000:0e:00.0-1.1.5/input0
Apr 17 12:49:24 vesho kernel: usb 3-1.1.1.1: new high-speed USB device number 8 using xhci_hcd
Apr 17 12:49:24 vesho kernel: usb 3-1.1.1.1: New USB device found, idVendor=05e3, idProduct=0608
Apr 17 12:49:24 vesho kernel: usb 3-1.1.1.1: New USB device strings: Mfr=0, Product=1, SerialNumber=0
Apr 17 12:49:24 vesho kernel: usb 3-1.1.1.1: Product: USB2.0 Hub
Apr 17 12:49:24 vesho kernel: r8152 4-1.2:1.0 enxd481d731b2b1: renamed from eth0
Apr 17 12:49:24 vesho NetworkManager[1184]: [1523958564.9568] devices added (path: /sys/devices/pci0000:00/0000:00:1d.6/0000:06:00.0/0000:07:01.0/0000:09:00.0/0000:0a:04.0/0000:0c:00.0/0000:0d:01.0/0000:0e:00.0/usb4/4-1/4-1.2/4-1.2:1.0/net/enxd481d731b2b1, iface: enxd481d731b2b1)
Apr 17 12:49:24 vesho NetworkManager[1184]: [1523958564.9568] device added (path: /sys/devices/pci0000:00/0000:00:1d.6/0000:06:00.0/0000:07:01.0/0000:09:00.0/0000:0a:04.0/0000:0c:00.0/0000:0d:01.0/0000:0e:00.0/usb4/4-1/4-1.2/4-1.2:1.0/net/enxd481d731b2b1, iface: enxd481d731b2b1): no ifupdown configuration found.
Apr 17 12:49:24 vesho NetworkManager[1184]: [1523958564.9574] device (enxd481d731b2b1): state change: unmanaged -> unavailable (reason 'managed', sys-iface-state: 'external')
Apr 17 12:49:24 vesho kernel: IPv6: ADDRCONF(NETDEV_UP): enxd481d731b2b1: link is not ready
Apr 17 12:49:24 vesho NetworkManager[1184]: [1523958564.9791] keyfile: add connection in-memory (fcfcc5bd-a47f-3cf3-bb8c-b4be36c7cf21,"Wired connection 1")
Apr 17 12:49:24 vesho kernel: IPv6: ADDRCONF(NETDEV_UP): enxd481d731b2b1: link is not ready
Apr 17 12:49:24 vesho NetworkManager[1184]: [1523958564.9819] settings: (enxd481d731b2b1): created default wired connection 'Wired connection 1'
Apr 17 12:49:25 vesho kernel: hub 3-1.1.1.1:1.0: USB hub found
Apr 17 12:49:25 vesho kernel: hub 3-1.1.1.1:1.0: 4 ports detected
Apr 17 12:49:25 vesho kernel: usb 3-1.1.1.5: new high-speed USB device number 9 using xhci_hcd
Apr 17 12:49:30 vesho kernel: usb 3-1.1.1.5: New USB device found, idVendor=0424, idProduct=274c
Apr 17 12:49:30 vesho kernel: usb 3-1.1.1.5: New USB device strings: Mfr=1, Product=2, SerialNumber=0
Apr 17 12:49:30 vesho kernel: usb 3-1.1.1.5: Product: Hub Controller
Apr 17 12:49:30 vesho kernel: usb 3-1.1.1.5: Manufacturer: Microchip Tech
Apr 17 12:49:30 vesho kernel: hid-generic 0003:0424:274C.001A: hiddev3,hidraw6: USB HID v1.10 Device [Microchip Tech Hub Controller] on usb-0000:0e:00.0-1.1.1.5/input0
Apr 17 12:49:30 vesho kernel: usb 3-1.1.1.1.4: new low-speed USB device number 10 using xhci_hcd
Apr 17 12:49:30 vesho kernel: usb 3-1.1.1.1.4: New USB device found, idVendor=04d9, idProduct=2013
Apr 17 12:49:30 vesho kernel: usb 3-1.1.1.1.4: New USB device strings: Mfr=1, Product=2, SerialNumber=0
Apr 17 12:49:30 vesho kernel: usb 3-1.1.1.1.4: Product: USB Keyboard
Apr 17 12:49:30 vesho kernel: usb 3-1.1.1.1.4: Manufacturer:
Apr 17 12:49:31 vesho kernel: input: USB Keyboard as /devices/pci0000:00/0000:00:1d.6/0000:06:00.0/0000:07:01.0/0000:09:00.0/0000:0a:04.0/0000:0c:00.0/0000:0d:01.0/0000:0e:00.0/usb3/3-1/3-1.1/3-1.1.1/3-1.1.1.1/3-1.1.1.1.4/3-1.1.1.1.4:1.0/0003:04D9:2013.001B/input/input43
Apr 17 12:49:31 vesho kernel: hid-generic 0003:04D9:2013.001B: input,hidraw7: USB HID v1.00 Keyboard [ USB Keyboard] on usb-0000:0e:00.0-1.1.1.1.4/input0
Apr 17 12:49:31 vesho kernel: input: USB Keyboard as /devices/pci0000:00/0000:00:1d.6/0000:06:00.0/0000:07:01.0/0000:09:00.0/0000:0a:04.0/0000:0c:00.0/0000:0d:01.0/0000:0e:00.0/usb3/3-1/3-1.1/3-1.1.1/3-1.1.1.1/3-1.1.1.1.4/3-1.1.1.1.4:1.1/0003:04D9:2013.001C/input/input44
Apr 17 12:49:31 vesho kernel: hid-generic 0003:04D9:2013.001C: input,hidraw8: USB HID v1.00 Device [ USB Keyboard] on usb-0000:0e:00.0-1.1.1.1.4/input1
Apr 17 12:49:36 vesho kernel: r8152 4-1.2:1.0 enxd481d731b2b1: carrier on
Apr 17 12:49:36 vesho kernel: IPv6: ADDRCONF(NETDEV_CHANGE): enxd481d731b2b1: link becomes ready
Apr 17 12:49:36 vesho NetworkManager[1184]: [1523958576.6734] device (enxd481d731b2b1): carrier: link connected
Apr 17 12:49:36 vesho NetworkManager[1184]: [1523958576.6773] device (enxd481d731b2b1): state change: unavailable -> disconnected (reason 'carrier-changed', sys-iface-state: 'managed')
Apr 17 12:49:36 vesho NetworkManager[1184]: [1523958576.6786] policy: auto-activating connection 'Wired connection 1'
Apr 17 12:49:36 vesho NetworkManager[1184]: [1523958576.6796] device (enxd481d731b2b1): Activation: starting connection 'Wired connection 1' (fcfcc5bd-a47f-3cf3-bb8c-b4be36c7cf21)
Apr 17 12:49:36 vesho NetworkManager[1184]: [1523958576.6798] device (enxd481d731b2b1): state change: disconnected -> prepare (reason 'none', sys-iface-state: 'managed')
Apr 17 12:49:36 vesho NetworkManager[1184]: [1523958576.6803] device (enxd481d731b2b1): state change: prepare -> config (reason 'none', sys-iface-state: 'managed')
Apr 17 12:49:36 vesho NetworkManager[1184]: [1523958576.6806] device (enxd481d731b2b1): state change: config -> ip-config (reason 'none', sys-iface-state: 'managed')
Apr 17 12:49:36 vesho NetworkManager[1184]: [1523958576.6810] dhcp4 (enxd481d731b2b1): activation: beginning transaction (timeout in 45 seconds)
Apr 17 12:49:36 vesho NetworkManager[1184]: [1523958576.6955] dhcp4 (enxd481d731b2b1): dhclient started with pid 28986
Apr 17 12:49:36 vesho dhclient[28986]: DHCPREQUEST of 172.18.1.182 on enxd481d731b2b1 to 255.255.255.255 port 67 (xid=0x2d110652)
Apr 17 12:49:36 vesho dhclient[28986]: DHCPACK of 172.18.1.182 from 172.18.1.254
Apr 17 12:49:36 vesho NetworkManager[1184]: [1523958576.7390] dhcp4 (enxd481d731b2b1): address 172.18.1.182
Apr 17 12:49:36 vesho NetworkManager[1184]: [1523958576.7390] dhcp4 (enxd481d731b2b1): plen 24 (255.255.255.0)
Apr 17 12:49:36 vesho NetworkManager[1184]: [1523958576.7390] dhcp4 (enxd481d731b2b1): gateway 172.18.1.254
Apr 17 12:49:36 vesho NetworkManager[1184]: [1523958576.7390] dhcp4 (enxd481d731b2b1): lease time 28800
Apr 17 12:49:36 vesho NetworkManager[1184]: [1523958576.7391] dhcp4 (enxd481d731b2b1): nameserver '172.18.1.254'
Apr 17 12:49:36 vesho NetworkManager[1184]: [1523958576.7391] dhcp4 (enxd481d731b2b1): state changed unknown -> bound
Apr 17 12:49:36 vesho dhclient[28986]: bound to 172.18.1.182 -- renewal in 13546 seconds.
Apr 17 12:49:36 vesho NetworkManager[1184]: [1523958576.7468] device (enxd481d731b2b1): state change: ip-config -> ip-check (reason 'none', sys-iface-state: 'managed')
Apr 17 12:49:36 vesho NetworkManager[1184]: [1523958576.7475] device (enxd481d731b2b1): state change: ip-check -> secondaries (reason 'none', sys-iface-state: 'managed')
Apr 17 12:49:36 vesho NetworkManager[1184]: [1523958576.7477] device (enxd481d731b2b1): state change: secondaries -> activated (reason 'none', sys-iface-state: 'managed')
Apr 17 12:49:36 vesho NetworkManager[1184]: [1523958576.7509] device (enxd481d731b2b1): Activation: successful, device activated.
Apr 17 12:49:38 vesho NetworkManager[1184]: [1523958578.1204] policy: set 'Wired connection 1' (enxd481d731b2b1) as default for IPv4 routing and DNS
Apr 17 12:50:06 vesho kernel: logitech-hidpp-device 0003:046D:402D.0018: error in parameter
Apr 17 12:50:06 vesho kernel: logitech-hidpp-device 0003:046D:402D.0018: error in parameter
Apr 17 12:50:06 vesho kernel: logitech-hidpp-device 0003:046D:402D.0018: error in parameter
Apr 17 12:50:06 vesho kernel: logitech-hidpp-device 0003:046D:402D.0018: error in parameter
Apr 17 12:50:06 vesho kernel: logitech-hidpp-device 0003:046D:402D.0018: HID++ 2.0 device connected.
Apr 17 12:50:06 vesho kernel: logitech-hidpp-device 0003:046D:402D.0018: error in parameter
Apr 17 12:50:06 vesho kernel: logitech-hidpp-device 0003:046D:402D.0018: error in parameter
Apr 17 12:50:06 vesho kernel: logitech-hidpp-device 0003:046D:402D.0018: error in parameter
Apr 17 12:50:06 vesho kernel: logitech-hidpp-device 0003:046D:402D.0018: error in parameter
Apr 17 12:50:06 vesho kernel: logitech-hidpp-device 0003:046D:402D.0018: error in parameter
Apr 17 12:50:06 vesho kernel: logitech-hidpp-device 0003:046D:402D.0018: error in parameter
Apr 17 12:50:06 vesho kernel: input: Logitech Wireless Mouse M560 as /devices/pci0000:00/0000:00:1d.6/0000:06:00.0/0000:07:01.0/0000:09:00.0/0000:0a:04.0/0000:0c:00.0/0000:0d:01.0/0000:0e:00.0/usb3/3-1/3-1.1/3-1.1.3/3-1.1.3:1.2/0003:046D:C52B.0017/0003:046D:402D.0018/input/input45
Apr 17 12:57:50 vesho wpa_supplicant[1194]: wlp2s0: WPA: Group rekeying completed with b8:a3:86:b2:52:60 [GTK=TKIP]
Apr 17 13:00:05 vesho wpa_supplicant[1194]: TDLS: Invalid frame - payloadtype=1 category=240 action=10
Apr 17 13:05:54 vesho kernel: NOHZ: local_softirq_pending 08
Apr 17 13:06:23 vesho wpa_supplicant[1194]: TDLS: Invalid frame - payloadtype=1 category=240 action=10
Apr 17 13:12:59 vesho kernel: NOHZ: local_softirq_pending 08
Apr 17 13:13:13 vesho kernel: NOHZ: local_softirq_pending 08
Apr 17 13:13:13 vesho kernel: NOHZ: local_softirq_pending 08
Apr 17 13:20:35 vesho wpa_supplicant[1194]: TDLS: Invalid frame - payloadtype=1 category=240 action=10
Apr 17 13:20:55 vesho wpa_supplicant[1194]: TDLS: Invalid frame - payloadtype=1 category=240 action=10
Apr 17 13:21:34 vesho wpa_supplicant[1194]: TDLS: Invalid frame - payloadtype=1 category=240 action=10
Apr 17 13:22:05 vesho dhclient[2023]: DHCPREQUEST of 172.18.1.122 on wlp2s0 to 172.18.1.254 port 67 (xid=0x6ed094d7)
Apr 17 13:22:06 vesho dhclient[2023]: DHCPACK of 172.18.1.122 from 172.18.1.254
Apr 17 13:22:06 vesho NetworkManager[1184]: [1523960526.0136] dhcp4 (wlp2s0): address 172.18.1.122
Apr 17 13:22:06 vesho NetworkManager[1184]: [1523960526.0142] dhcp4 (wlp2s0): plen 24 (255.255.255.0)
Apr 17 13:22:06 vesho NetworkManager[1184]: [1523960526.0142] dhcp4 (wlp2s0): gateway 172.18.1.254
Apr 17 13:22:06 vesho NetworkManager[1184]: [1523960526.0143] dhcp4 (wlp2s0): lease time 28800
Apr 17 13:22:06 vesho NetworkManager[1184]: [1523960526.0144] dhcp4 (wlp2s0): nameserver '172.18.1.254'
Apr 17 13:22:06 vesho NetworkManager[1184]: [1523960526.0144] dhcp4 (wlp2s0): state changed bound -> bound
Apr 17 13:22:06 vesho dhclient[2023]: bound to 172.18.1.122 -- renewal in 12432 seconds.
Apr 17 13:25:13 vesho kernel: NOHZ: local_softirq_pending 08
Apr 17 13:27:50 vesho wpa_supplicant[1194]: wlp2s0: WPA: Group rekeying completed with b8:a3:86:b2:52:60 [GTK=TKIP]
Apr 17 13:29:44 vesho wpa_supplicant[1194]: TDLS: Invalid frame - payloadtype=1 category=240 action=10
Apr 17 13:35:47 vesho wpa_supplicant[1194]: TDLS: Invalid frame - payloadtype=1 category=240 action=10
Apr 17 13:37:15 vesho kernel: NOHZ: local_softirq_pending 08
Apr 17 13:54:06 vesho wpa_supplicant[1194]: TDLS: Invalid frame - payloadtype=1 category=240 action=10
Apr 17 13:57:50 vesho wpa_supplicant[1194]: wlp2s0: WPA: Group rekeying completed with b8:a3:86:b2:52:60 [GTK=TKIP]
Apr 17 14:09:54 vesho kernel: NOHZ: local_softirq_pending 08
Apr 17 14:27:50 vesho wpa_supplicant[1194]: wlp2s0: WPA: Group rekeying completed with b8:a3:86:b2:52:60 [GTK=TKIP]
Apr 17 14:30:18 vesho wpa_supplicant[1194]: TDLS: Invalid frame - payloadtype=1 category=240 action=10
Apr 17 14:31:43 vesho wpa_supplicant[1194]: TDLS: Invalid frame - payloadtype=1 category=240 action=10
Apr 17 14:41:56 vesho wpa_supplicant[1194]: TDLS: Invalid frame - payloadtype=1 category=240 action=10
Apr 17 14:43:20 vesho wpa_supplicant[1194]: TDLS: Invalid frame - payloadtype=1 category=240 action=10
Apr 17 14:44:43 vesho wpa_supplicant[1194]: TDLS: Invalid frame - payloadtype=1 category=240 action=10
Apr 17 14:57:50 vesho wpa_supplicant[1194]: wlp2s0: WPA: Group rekeying completed with b8:a3:86:b2:52:60 [GTK=TKIP]
Apr 17 15:07:07 vesho NetworkManager[1184]: [1523966827.0246] connectivity: (wlp2s0) timed out
Apr 17 15:07:07 vesho NetworkManager[1184]: [1523966827.0260] connectivity: (enxd481d731b2b1) timed out
Apr 17 15:07:07 vesho NetworkManager[1184]: [1523966827.0261] manager: NetworkManager state is now CONNECTED_SITE
Apr 17 15:15:56 vesho wpa_supplicant[1194]: wlp2s0: CTRL-EVENT-REGDOM-CHANGE init=BEACON_HINT type=UNKNOWN
Apr 17 15:15:56 vesho wpa_supplicant[1194]: wlp2s0: CTRL-EVENT-REGDOM-CHANGE init=BEACON_HINT type=UNKNOWN
Apr 17 15:15:58 vesho NetworkManager[1184]: [1523967358.1408] device (enxd481d731b2b1): state change: activated -> deactivating (reason 'user-requested', sys-iface-state: 'managed')
Apr 17 15:15:58 vesho NetworkManager[1184]: [1523967358.1411] manager: NetworkManager state is now CONNECTED_LOCAL
Apr 17 15:15:58 vesho NetworkManager[1184]: [1523967358.1463] audit: op="device-disconnect" interface="enxd481d731b2b1" ifindex=111 pid=2343 uid=1000 result="success"
Apr 17 15:15:58 vesho NetworkManager[1184]: [1523967358.1470] device (enxd481d731b2b1): state change: deactivating -> disconnected (reason 'user-requested', sys-iface-state: 'managed')
Apr 17 15:15:58 vesho NetworkManager[1184]: [1523967358.1923] dhcp4 (enxd481d731b2b1): canceled DHCP transaction, DHCP client pid 28986
Apr 17 15:15:58 vesho NetworkManager[1184]: [1523967358.1924] dhcp4 (enxd481d731b2b1): state changed bound -> done
Apr 17 15:15:58 vesho NetworkManager[1184]: [1523967358.1985] manager: NetworkManager state is now CONNECTED_SITE
Apr 17 15:15:58 vesho NetworkManager[1184]: [1523967358.2001] policy: set 'GreenfieldTech_Board' (wlp2s0) as default for IPv4 routing and DNS
Apr 17 15:16:00 vesho NetworkManager[1184]: [1523967360.5549] device (enxd481d731b2b1): Activation: starting connection 'Wired connection 1' (fcfcc5bd-a47f-3cf3-bb8c-b4be36c7cf21)
Apr 17 15:16:00 vesho NetworkManager[1184]: [1523967360.5550] audit: op="connection-activate" uuid="fcfcc5bd-a47f-3cf3-bb8c-b4be36c7cf21" name="Wired connection 1" pid=2343 uid=1000 result="success"
Apr 17 15:16:00 vesho NetworkManager[1184]: [1523967360.5552] device (enxd481d731b2b1): state change: disconnected -> prepare (reason 'none', sys-iface-state: 'managed')
Apr 17 15:16:00 vesho NetworkManager[1184]: [1523967360.5556] device (enxd481d731b2b1): state change: prepare -> config (reason 'none', sys-iface-state: 'managed')
Apr 17 15:16:00 vesho NetworkManager[1184]: [1523967360.5560] device (enxd481d731b2b1): state change: config -> ip-config (reason 'none', sys-iface-state: 'managed')
Apr 17 15:16:00 vesho NetworkManager[1184]: [1523967360.5562] dhcp4 (enxd481d731b2b1): activation: beginning transaction (timeout in 45 seconds)
Apr 17 15:16:00 vesho NetworkManager[1184]: [1523967360.5637] dhcp4 (enxd481d731b2b1): dhclient started with pid 10222
Apr 17 15:16:00 vesho dhclient[10222]: DHCPREQUEST of 172.18.1.182 on enxd481d731b2b1 to 255.255.255.255 port 67 (xid=0x5d20e7a3)
Apr 17 15:16:00 vesho dhclient[10222]: DHCPACK of 172.18.1.182 from 172.18.1.253
Apr 17 15:16:00 vesho NetworkManager[1184]: [1523967360.6160] dhcp4 (enxd481d731b2b1): address 172.18.1.182
Apr 17 15:16:00 vesho NetworkManager[1184]: [1523967360.6160] dhcp4 (enxd481d731b2b1): plen 24 (255.255.255.0)
Apr 17 15:16:00 vesho NetworkManager[1184]: [1523967360.6160] dhcp4 (enxd481d731b2b1): gateway 172.18.1.254
Apr 17 15:16:00 vesho NetworkManager[1184]: [1523967360.6160] dhcp4 (enxd481d731b2b1): lease time 28800
Apr 17 15:16:00 vesho NetworkManager[1184]: [1523967360.6160] dhcp4 (enxd481d731b2b1): nameserver '172.18.1.254'
Apr 17 15:16:00 vesho NetworkManager[1184]: [1523967360.6160] dhcp4 (enxd481d731b2b1): state changed unknown -> bound
Apr 17 15:16:00 vesho NetworkManager[1184]: [1523967360.6174] device (enxd481d731b2b1): state change: ip-config -> ip-check (reason 'none', sys-iface-state: 'managed')
Apr 17 15:16:00 vesho NetworkManager[1184]: [1523967360.6182] device (enxd481d731b2b1): state change: ip-check -> secondaries (reason 'none', sys-iface-state: 'managed')
Apr 17 15:16:00 vesho NetworkManager[1184]: [1523967360.6184] device (enxd481d731b2b1): state change: secondaries -> activated (reason 'none', sys-iface-state: 'managed')
Apr 17 15:16:00 vesho NetworkManager[1184]: [1523967360.6199] manager: NetworkManager state is now CONNECTED_LOCAL
Apr 17 15:16:00 vesho NetworkManager[1184]: [1523967360.6200] manager: NetworkManager state is now CONNECTED_SITE
Apr 17 15:16:00 vesho NetworkManager[1184]: [1523967360.6200] policy: set 'Wired connection 1' (enxd481d731b2b1) as default for IPv4 routing and DNS
Apr 17 15:16:00 vesho NetworkManager[1184]: [1523967360.6207] device (enxd481d731b2b1): Activation: successful, device activated.
Apr 17 15:16:00 vesho dhclient[10222]: bound to 172.18.1.182 -- renewal in 10822 seconds.
Apr 17 15:16:31 vesho NetworkManager[1184]: [1523967391.0245] connectivity: (enxd481d731b2b1) timed out
Apr 17 15:17:07 vesho NetworkManager[1184]: [1523967427.0220] connectivity: (wlp2s0) timed out
Apr 17 15:17:07 vesho NetworkManager[1184]: [1523967427.0222] connectivity: (enxd481d731b2b1) timed out
Apr 17 15:19:59 vesho wpa_supplicant[1194]: TDLS: Invalid frame - payloadtype=1 category=240 action=10
Apr 17 15:21:38 vesho NetworkManager[1184]: [1523967698.3934] manager: NetworkManager state is now CONNECTED_GLOBAL
Apr 17 15:27:50 vesho wpa_supplicant[1194]: wlp2s0: WPA: Group rekeying completed with b8:a3:86:b2:52:60 [GTK=TKIP]
Apr 17 15:30:11 vesho wpa_supplicant[1194]: TDLS: Invalid frame - payloadtype=1 category=240 action=10
Apr 17 15:32:05 vesho wpa_supplicant[1194]: TDLS: Invalid frame - payloadtype=1 category=240 action=10
Apr 17 15:41:12 vesho wpa_supplicant[1194]: TDLS: Invalid frame - payloadtype=1 category=240 action=10
Apr 17 15:57:50 vesho wpa_supplicant[1194]: wlp2s0: WPA: Group rekeying completed with b8:a3:86:b2:52:60 [GTK=TKIP]
Apr 17 15:58:02 vesho wpa_supplicant[1194]: TDLS: Invalid frame - payloadtype=1 category=240 action=10
Apr 17 15:58:40 vesho wpa_supplicant[1194]: TDLS: Invalid frame - payloadtype=1 category=240 action=10
Apr 17 15:59:20 vesho wpa_supplicant[1194]: TDLS: Invalid frame - payloadtype=1 category=240 action=10
Apr 17 15:59:31 vesho wpa_supplicant[1194]: TDLS: Invalid frame - payloadtype=1 category=240 action=10
Apr 17 15:59:51 vesho wpa_supplicant[1194]: TDLS: Invalid frame - payloadtype=1 category=240 action=10
Apr 17 16:02:37 vesho wpa_supplicant[1194]: TDLS: Invalid frame - payloadtype=1 category=240 action=10
Apr 17 16:03:16 vesho wpa_supplicant[1194]: TDLS: Invalid frame - payloadtype=1 category=240 action=10
Apr 17 16:27:50 vesho wpa_supplicant[1194]: wlp2s0: WPA: Group rekeying completed with b8:a3:86:b2:52:60 [GTK=TKIP]
Apr 17 16:49:18 vesho dhclient[2023]: DHCPREQUEST of 172.18.1.122 on wlp2s0 to 172.18.1.254 port 67 (xid=0x6ed094d7)
Apr 17 16:49:21 vesho dhclient[2023]: DHCPREQUEST of 172.18.1.122 on wlp2s0 to 172.18.1.254 port 67 (xid=0x6ed094d7)
Apr 17 16:49:21 vesho dhclient[2023]: DHCPACK of 172.18.1.122 from 172.18.1.254
Apr 17 16:49:21 vesho NetworkManager[1184]: [1523972961.1226] dhcp4 (wlp2s0): address 172.18.1.122
Apr 17 16:49:21 vesho NetworkManager[1184]: [1523972961.1227] dhcp4 (wlp2s0): plen 24 (255.255.255.0)
Apr 17 16:49:21 vesho NetworkManager[1184]: [1523972961.1227] dhcp4 (wlp2s0): gateway 172.18.1.254
Apr 17 16:49:21 vesho NetworkManager[1184]: [1523972961.1228] dhcp4 (wlp2s0): lease time 600
Apr 17 16:49:21 vesho NetworkManager[1184]: [1523972961.1228] dhcp4 (wlp2s0): nameserver '8.8.8.8'
Apr 17 16:49:21 vesho NetworkManager[1184]: [1523972961.1229] dhcp4 (wlp2s0): nameserver '8.8.4.4'
Apr 17 16:49:21 vesho NetworkManager[1184]: [1523972961.1229] dhcp4 (wlp2s0): state changed bound -> bound
Apr 17 16:49:21 vesho dhclient[2023]: bound to 172.18.1.122 -- renewal in 229 seconds.
Apr 17 16:53:10 vesho dhclient[2023]: DHCPREQUEST of 172.18.1.122 on wlp2s0 to 172.18.1.254 port 67 (xid=0x6ed094d7)
Apr 17 16:53:13 vesho dhclient[2023]: DHCPREQUEST of 172.18.1.122 on wlp2s0 to 172.18.1.254 port 67 (xid=0x6ed094d7)
Apr 17 16:53:18 vesho dhclient[2023]: DHCPREQUEST of 172.18.1.122 on wlp2s0 to 172.18.1.254 port 67 (xid=0x6ed094d7)
Apr 17 16:53:26 vesho dhclient[2023]: DHCPREQUEST of 172.18.1.122 on wlp2s0 to 172.18.1.254 port 67 (xid=0x6ed094d7)
Apr 17 16:53:47 vesho dhclient[2023]: DHCPREQUEST of 172.18.1.122 on wlp2s0 to 172.18.1.254 port 67 (xid=0x6ed094d7)
Apr 17 16:54:08 vesho dhclient[2023]: DHCPREQUEST of 172.18.1.122 on wlp2s0 to 172.18.1.254 port 67 (xid=0x6ed094d7)
Apr 17 16:54:27 vesho dhclient[2023]: DHCPREQUEST of 172.18.1.122 on wlp2s0 to 172.18.1.254 port 67 (xid=0x6ed094d7)
Apr 17 16:54:38 vesho dhclient[2023]: DHCPREQUEST of 172.18.1.122 on wlp2s0 to 172.18.1.254 port 67 (xid=0x6ed094d7)
Apr 17 16:54:45 vesho dhclient[2023]: DHCPREQUEST of 172.18.1.122 on wlp2s0 to 172.18.1.254 port 67 (xid=0x6ed094d7)
Apr 17 16:54:56 vesho dhclient[2023]: DHCPREQUEST of 172.18.1.122 on wlp2s0 to 172.18.1.254 port 67 (xid=0x6ed094d7)
Apr 17 16:55:14 vesho dhclient[2023]: DHCPREQUEST of 172.18.1.122 on wlp2s0 to 172.18.1.254 port 67 (xid=0x6ed094d7)
Apr 17 16:55:26 vesho dhclient[2023]: DHCPREQUEST of 172.18.1.122 on wlp2s0 to 172.18.1.254 port 67 (xid=0x6ed094d7)
Apr 17 16:55:45 vesho dhclient[2023]: DHCPREQUEST of 172.18.1.122 on wlp2s0 to 172.18.1.254 port 67 (xid=0x6ed094d7)
Apr 17 16:55:57 vesho dhclient[2023]: DHCPREQUEST of 172.18.1.122 on wlp2s0 to 172.18.1.254 port 67 (xid=0x6ed094d7)
Apr 17 16:56:18 vesho dhclient[2023]: DHCPREQUEST of 172.18.1.122 on wlp2s0 to 172.18.1.254 port 67 (xid=0x6ed094d7)
Apr 17 16:56:18 vesho dhclient[2023]: DHCPACK of 172.18.1.122 from 172.18.1.254
Apr 17 16:56:18 vesho NetworkManager[1184]: [1523973378.2245] dhcp4 (wlp2s0): address 172.18.1.122
Apr 17 16:56:18 vesho NetworkManager[1184]: [1523973378.2246] dhcp4 (wlp2s0): plen 24 (255.255.255.0)
Apr 17 16:56:18 vesho NetworkManager[1184]: [1523973378.2246] dhcp4 (wlp2s0): gateway 172.18.1.254
Apr 17 16:56:18 vesho NetworkManager[1184]: [1523973378.2246] dhcp4 (wlp2s0): lease time 600
Apr 17 16:56:18 vesho NetworkManager[1184]: [1523973378.2247] dhcp4 (wlp2s0): nameserver '8.8.8.8'
Apr 17 16:56:18 vesho NetworkManager[1184]: [1523973378.2247] dhcp4 (wlp2s0): nameserver '8.8.4.4'
Apr 17 16:56:18 vesho NetworkManager[1184]: [1523973378.2247] dhcp4 (wlp2s0): state changed bound -> bound
Apr 17 16:56:18 vesho dhclient[2023]: bound to 172.18.1.122 -- renewal in 229 seconds.
Apr 17 16:57:50 vesho wpa_supplicant[1194]: wlp2s0: WPA: Group rekeying completed with b8:a3:86:b2:52:60 [GTK=TKIP]
Apr 17 17:00:07 vesho dhclient[2023]: DHCPREQUEST of 172.18.1.122 on wlp2s0 to 172.18.1.254 port 67 (xid=0x6ed094d7)
Apr 17 17:00:07 vesho dhclient[2023]: DHCPACK of 172.18.1.122 from 172.18.1.254
Apr 17 17:00:07 vesho NetworkManager[1184]: [1523973607.9054] dhcp4 (wlp2s0): address 172.18.1.122
Apr 17 17:00:07 vesho NetworkManager[1184]: [1523973607.9054] dhcp4 (wlp2s0): plen 24 (255.255.255.0)
Apr 17 17:00:07 vesho NetworkManager[1184]: [1523973607.9054] dhcp4 (wlp2s0): gateway 172.18.1.254
Apr 17 17:00:07 vesho NetworkManager[1184]: [1523973607.9054] dhcp4 (wlp2s0): lease time 600
Apr 17 17:00:07 vesho NetworkManager[1184]: [1523973607.9054] dhcp4 (wlp2s0): nameserver '8.8.8.8'
Apr 17 17:00:07 vesho dhclient[2023]: bound to 172.18.1.122 -- renewal in 274 seconds.
Apr 17 17:00:07 vesho NetworkManager[1184]: [1523973607.9055] dhcp4 (wlp2s0): nameserver '8.8.4.4'
Apr 17 17:00:07 vesho NetworkManager[1184]: [1523973607.9055] dhcp4 (wlp2s0): state changed bound -> bound
Apr 17 17:04:41 vesho dhclient[2023]: DHCPREQUEST of 172.18.1.122 on wlp2s0 to 172.18.1.254 port 67 (xid=0x6ed094d7)
Apr 17 17:04:41 vesho dhclient[2023]: DHCPACK of 172.18.1.122 from 172.18.1.254
Apr 17 17:04:41 vesho NetworkManager[1184]: [1523973881.7928] dhcp4 (wlp2s0): address 172.18.1.122
Apr 17 17:04:41 vesho NetworkManager[1184]: [1523973881.7930] dhcp4 (wlp2s0): plen 24 (255.255.255.0)
Apr 17 17:04:41 vesho NetworkManager[1184]: [1523973881.7930] dhcp4 (wlp2s0): gateway 172.18.1.254
Apr 17 17:04:41 vesho NetworkManager[1184]: [1523973881.7930] dhcp4 (wlp2s0): lease time 600
Apr 17 17:04:41 vesho NetworkManager[1184]: [1523973881.7931] dhcp4 (wlp2s0): nameserver '8.8.8.8'
Apr 17 17:04:41 vesho NetworkManager[1184]: [1523973881.7931] dhcp4 (wlp2s0): nameserver '8.8.4.4'
Apr 17 17:04:41 vesho NetworkManager[1184]: [1523973881.7931] dhcp4 (wlp2s0): state changed bound -> bound
Apr 17 17:04:41 vesho dhclient[2023]: bound to 172.18.1.122 -- renewal in 273 seconds.
Apr 17 17:09:14 vesho dhclient[2023]: DHCPREQUEST of 172.18.1.122 on wlp2s0 to 172.18.1.254 port 67 (xid=0x6ed094d7)
Apr 17 17:09:14 vesho dhclient[2023]: DHCPACK of 172.18.1.122 from 172.18.1.254
Apr 17 17:09:14 vesho NetworkManager[1184]: [1523974154.4460] dhcp4 (wlp2s0): address 172.18.1.122
Apr 17 17:09:14 vesho NetworkManager[1184]: [1523974154.4461] dhcp4 (wlp2s0): plen 24 (255.255.255.0)
Apr 17 17:09:14 vesho NetworkManager[1184]: [1523974154.4461] dhcp4 (wlp2s0): gateway 172.18.1.254
Apr 17 17:09:14 vesho NetworkManager[1184]: [1523974154.4461] dhcp4 (wlp2s0): lease time 600
Apr 17 17:09:14 vesho NetworkManager[1184]: [1523974154.4462] dhcp4 (wlp2s0): nameserver '8.8.8.8'
Apr 17 17:09:14 vesho NetworkManager[1184]: [1523974154.4462] dhcp4 (wlp2s0): nameserver '8.8.4.4'
Apr 17 17:09:14 vesho NetworkManager[1184]: [1523974154.4462] dhcp4 (wlp2s0): state changed bound -> bound
Apr 17 17:09:14 vesho dhclient[2023]: bound to 172.18.1.122 -- renewal in 229 seconds.
Apr 17 17:11:54 vesho kernel: usb 3-1.4: new high-speed USB device number 11 using xhci_hcd
Apr 17 17:11:54 vesho kernel: usb 3-1.4: New USB device found, idVendor=0e8d, idProduct=2000
Apr 17 17:11:54 vesho kernel: usb 3-1.4: New USB device strings: Mfr=1, Product=2, SerialNumber=0
Apr 17 17:11:54 vesho kernel: usb 3-1.4: Product: MT65xx Preloader
Apr 17 17:11:54 vesho kernel: usb 3-1.4: Manufacturer: MediaTek
Apr 17 17:11:55 vesho kernel: cdc_acm 3-1.4:1.1: ttyACM0: USB ACM device
Apr 17 17:11:55 vesho kernel: usbcore: registered new interface driver cdc_acm
Apr 17 17:11:55 vesho kernel: cdc_acm: USB Abstract Control Model driver for USB modems and ISDN adapters
Apr 17 17:11:57 vesho kernel: usb 3-1.4: USB disconnect, device number 11
Apr 17 17:11:57 vesho kernel: cdc_acm 3-1.4:1.1: failed to set dtr/rts
Apr 17 17:12:02 vesho kernel: usb 3-1.4: new high-speed USB device number 12 using xhci_hcd
Apr 17 17:12:02 vesho kernel: usb 3-1.4: New USB device found, idVendor=0e8d, idProduct=2008
Apr 17 17:12:02 vesho kernel: usb 3-1.4: New USB device strings: Mfr=2, Product=3, SerialNumber=4
Apr 17 17:12:02 vesho kernel: usb 3-1.4: Product: Lenovo A10-70F
Apr 17 17:12:02 vesho kernel: usb 3-1.4: Manufacturer: Lenovo Inc.
Apr 17 17:12:02 vesho kernel: usb 3-1.4: SerialNumber: 0123456789ABCDEF
Apr 17 17:13:03 vesho dhclient[2023]: DHCPREQUEST of 172.18.1.122 on wlp2s0 to 172.18.1.254 port 67 (xid=0x6ed094d7)
Apr 17 17:13:03 vesho dhclient[2023]: DHCPACK of 172.18.1.122 from 172.18.1.254
Apr 17 17:13:03 vesho NetworkManager[1184]: [1523974383.1886] dhcp4 (wlp2s0): address 172.18.1.122
Apr 17 17:13:03 vesho NetworkManager[1184]: [1523974383.1887] dhcp4 (wlp2s0): plen 24 (255.255.255.0)
Apr 17 17:13:03 vesho NetworkManager[1184]: [1523974383.1888] dhcp4 (wlp2s0): gateway 172.18.1.254
Apr 17 17:13:03 vesho NetworkManager[1184]: [1523974383.1888] dhcp4 (wlp2s0): lease time 600
Apr 17 17:13:03 vesho NetworkManager[1184]: [1523974383.1888] dhcp4 (wlp2s0): nameserver '8.8.8.8'
Apr 17 17:13:03 vesho NetworkManager[1184]: [1523974383.1888] dhcp4 (wlp2s0): nameserver '8.8.4.4'
Apr 17 17:13:03 vesho NetworkManager[1184]: [1523974383.1888] dhcp4 (wlp2s0): state changed bound -> bound
Apr 17 17:13:03 vesho dhclient[2023]: bound to 172.18.1.122 -- renewal in 293 seconds.
Apr 17 17:17:56 vesho dhclient[2023]: DHCPREQUEST of 172.18.1.122 on wlp2s0 to 172.18.1.254 port 67 (xid=0x6ed094d7)
Apr 17 17:17:56 vesho dhclient[2023]: DHCPACK of 172.18.1.122 from 172.18.1.254
Apr 17 17:17:56 vesho NetworkManager[1184]: [1523974676.7763] dhcp4 (wlp2s0): address 172.18.1.122
Apr 17 17:17:56 vesho NetworkManager[1184]: [1523974676.7763] dhcp4 (wlp2s0): plen 24 (255.255.255.0)
Apr 17 17:17:56 vesho NetworkManager[1184]: [1523974676.7763] dhcp4 (wlp2s0): gateway 172.18.1.254
Apr 17 17:17:56 vesho NetworkManager[1184]: [1523974676.7764] dhcp4 (wlp2s0): lease time 600
Apr 17 17:17:56 vesho NetworkManager[1184]: [1523974676.7764] dhcp4 (wlp2s0): nameserver '8.8.8.8'
Apr 17 17:17:56 vesho NetworkManager[1184]: [1523974676.7764] dhcp4 (wlp2s0): nameserver '8.8.4.4'
Apr 17 17:17:56 vesho NetworkManager[1184]: [1523974676.7764] dhcp4 (wlp2s0): state changed bound -> bound
Apr 17 17:17:56 vesho dhclient[2023]: bound to 172.18.1.122 -- renewal in 240 seconds.
Apr 17 17:21:56 vesho dhclient[2023]: DHCPREQUEST of 172.18.1.122 on wlp2s0 to 172.18.1.254 port 67 (xid=0x6ed094d7)
Apr 17 17:21:56 vesho dhclient[2023]: DHCPACK of 172.18.1.122 from 172.18.1.254
Apr 17 17:21:56 vesho NetworkManager[1184]: [1523974916.5422] dhcp4 (wlp2s0): address 172.18.1.122
Apr 17 17:21:56 vesho NetworkManager[1184]: [1523974916.5423] dhcp4 (wlp2s0): plen 24 (255.255.255.0)
Apr 17 17:21:56 vesho NetworkManager[1184]: [1523974916.5423] dhcp4 (wlp2s0): gateway 172.18.1.254
Apr 17 17:21:56 vesho NetworkManager[1184]: [1523974916.5423] dhcp4 (wlp2s0): lease time 600
Apr 17 17:21:56 vesho NetworkManager[1184]: [1523974916.5423] dhcp4 (wlp2s0): nameserver '8.8.8.8'
Apr 17 17:21:56 vesho NetworkManager[1184]: [1523974916.5424] dhcp4 (wlp2s0): nameserver '8.8.4.4'
Apr 17 17:21:56 vesho NetworkManager[1184]: [1523974916.5424] dhcp4 (wlp2s0): state changed bound -> bound
Apr 17 17:21:56 vesho dhclient[2023]: bound to 172.18.1.122 -- renewal in 285 seconds.
Apr 17 17:26:42 vesho dhclient[2023]: DHCPREQUEST of 172.18.1.122 on wlp2s0 to 172.18.1.254 port 67 (xid=0x6ed094d7)
Apr 17 17:26:42 vesho dhclient[2023]: DHCPACK of 172.18.1.122 from 172.18.1.254
Apr 17 17:26:42 vesho NetworkManager[1184]: [1523975202.0196] dhcp4 (wlp2s0): address 172.18.1.122
Apr 17 17:26:42 vesho NetworkManager[1184]: [1523975202.0197] dhcp4 (wlp2s0): plen 24 (255.255.255.0)
Apr 17 17:26:42 vesho NetworkManager[1184]: [1523975202.0197] dhcp4 (wlp2s0): gateway 172.18.1.254
Apr 17 17:26:42 vesho NetworkManager[1184]: [1523975202.0197] dhcp4 (wlp2s0): lease time 600
Apr 17 17:26:42 vesho NetworkManager[1184]: [1523975202.0197] dhcp4 (wlp2s0): nameserver '8.8.8.8'
Apr 17 17:26:42 vesho NetworkManager[1184]: [1523975202.0197] dhcp4 (wlp2s0): nameserver '8.8.4.4'
Apr 17 17:26:42 vesho NetworkManager[1184]: [1523975202.0198] dhcp4 (wlp2s0): state changed bound -> bound
Apr 17 17:26:42 vesho dhclient[2023]: bound to 172.18.1.122 -- renewal in 235 seconds.
Apr 17 17:27:50 vesho wpa_supplicant[1194]: wlp2s0: WPA: Group rekeying completed with b8:a3:86:b2:52:60 [GTK=TKIP]
Apr 17 17:30:37 vesho dhclient[2023]: DHCPREQUEST of 172.18.1.122 on wlp2s0 to 172.18.1.254 port 67 (xid=0x6ed094d7)
Apr 17 17:30:37 vesho dhclient[2023]: DHCPACK of 172.18.1.122 from 172.18.1.254
Apr 17 17:30:37 vesho NetworkManager[1184]: [1523975437.1034] dhcp4 (wlp2s0): address 172.18.1.122
Apr 17 17:30:37 vesho NetworkManager[1184]: [1523975437.1035] dhcp4 (wlp2s0): plen 24 (255.255.255.0)
Apr 17 17:30:37 vesho NetworkManager[1184]: [1523975437.1035] dhcp4 (wlp2s0): gateway 172.18.1.254
Apr 17 17:30:37 vesho NetworkManager[1184]: [1523975437.1036] dhcp4 (wlp2s0): lease time 600
Apr 17 17:30:37 vesho NetworkManager[1184]: [1523975437.1036] dhcp4 (wlp2s0): nameserver '8.8.8.8'
Apr 17 17:30:37 vesho NetworkManager[1184]: [1523975437.1036] dhcp4 (wlp2s0): nameserver '8.8.4.4'
Apr 17 17:30:37 vesho NetworkManager[1184]: [1523975437.1036] dhcp4 (wlp2s0): state changed bound -> bound
Apr 17 17:30:37 vesho dhclient[2023]: bound to 172.18.1.122 -- renewal in 231 seconds.
Apr 17 17:34:28 vesho dhclient[2023]: DHCPREQUEST of 172.18.1.122 on wlp2s0 to 172.18.1.254 port 67 (xid=0x6ed094d7)
Apr 17 17:34:28 vesho dhclient[2023]: DHCPACK of 172.18.1.122 from 172.18.1.254
Apr 17 17:34:28 vesho NetworkManager[1184]: [1523975668.6417] dhcp4 (wlp2s0): address 172.18.1.122
Apr 17 17:34:28 vesho NetworkManager[1184]: [1523975668.6418] dhcp4 (wlp2s0): plen 24 (255.255.255.0)
Apr 17 17:34:28 vesho NetworkManager[1184]: [1523975668.6418] dhcp4 (wlp2s0): gateway 172.18.1.254
Apr 17 17:34:28 vesho NetworkManager[1184]: [1523975668.6418] dhcp4 (wlp2s0): lease time 600
Apr 17 17:34:28 vesho NetworkManager[1184]: [1523975668.6419] dhcp4 (wlp2s0): nameserver '8.8.8.8'
Apr 17 17:34:28 vesho NetworkManager[1184]: [1523975668.6419] dhcp4 (wlp2s0): nameserver '8.8.4.4'
Apr 17 17:34:28 vesho NetworkManager[1184]: [1523975668.6419] dhcp4 (wlp2s0): state changed bound -> bound
Apr 17 17:34:28 vesho dhclient[2023]: bound to 172.18.1.122 -- renewal in 232 seconds.
Apr 17 17:38:20 vesho dhclient[2023]: DHCPREQUEST of 172.18.1.122 on wlp2s0 to 172.18.1.254 port 67 (xid=0x6ed094d7)
Apr 17 17:38:20 vesho dhclient[2023]: DHCPACK of 172.18.1.122 from 172.18.1.254
Apr 17 17:38:20 vesho NetworkManager[1184]: [1523975900.2619] dhcp4 (wlp2s0): address 172.18.1.122
Apr 17 17:38:20 vesho NetworkManager[1184]: [1523975900.2619] dhcp4 (wlp2s0): plen 24 (255.255.255.0)
Apr 17 17:38:20 vesho NetworkManager[1184]: [1523975900.2620] dhcp4 (wlp2s0): gateway 172.18.1.254
Apr 17 17:38:20 vesho NetworkManager[1184]: [1523975900.2620] dhcp4 (wlp2s0): lease time 600
Apr 17 17:38:20 vesho NetworkManager[1184]: [1523975900.2620] dhcp4 (wlp2s0): nameserver '8.8.8.8'
Apr 17 17:38:20 vesho NetworkManager[1184]: [1523975900.2620] dhcp4 (wlp2s0): nameserver '8.8.4.4'
Apr 17 17:38:20 vesho NetworkManager[1184]: [1523975900.2621] dhcp4 (wlp2s0): state changed bound -> bound
Apr 17 17:38:20 vesho dhclient[2023]: bound to 172.18.1.122 -- renewal in 244 seconds.
Apr 17 17:42:19 vesho wpa_supplicant[1194]: TDLS: Invalid frame - payloadtype=1 category=240 action=10
Apr 17 17:42:24 vesho dhclient[2023]: DHCPREQUEST of 172.18.1.122 on wlp2s0 to 172.18.1.254 port 67 (xid=0x6ed094d7)
Apr 17 17:42:24 vesho dhclient[2023]: DHCPACK of 172.18.1.122 from 172.18.1.254
Apr 17 17:42:24 vesho NetworkManager[1184]: [1523976144.6587] dhcp4 (wlp2s0): address 172.18.1.122
Apr 17 17:42:24 vesho NetworkManager[1184]: [1523976144.6588] dhcp4 (wlp2s0): plen 24 (255.255.255.0)
Apr 17 17:42:24 vesho NetworkManager[1184]: [1523976144.6588] dhcp4 (wlp2s0): gateway 172.18.1.254
Apr 17 17:42:24 vesho NetworkManager[1184]: [1523976144.6588] dhcp4 (wlp2s0): lease time 600
Apr 17 17:42:24 vesho NetworkManager[1184]: [1523976144.6589] dhcp4 (wlp2s0): nameserver '8.8.8.8'
Apr 17 17:42:24 vesho NetworkManager[1184]: [1523976144.6589] dhcp4 (wlp2s0): nameserver '8.8.4.4'
Apr 17 17:42:24 vesho NetworkManager[1184]: [1523976144.6589] dhcp4 (wlp2s0): state changed bound -> bound
Apr 17 17:42:24 vesho dhclient[2023]: bound to 172.18.1.122 -- renewal in 227 seconds.
Apr 17 17:46:11 vesho dhclient[2023]: DHCPREQUEST of 172.18.1.122 on wlp2s0 to 172.18.1.254 port 67 (xid=0x6ed094d7)
Apr 17 17:46:11 vesho dhclient[2023]: DHCPACK of 172.18.1.122 from 172.18.1.254
Apr 17 17:46:11 vesho NetworkManager[1184]: [1523976371.0985] dhcp4 (wlp2s0): address 172.18.1.122
Apr 17 17:46:11 vesho NetworkManager[1184]: [1523976371.0985] dhcp4 (wlp2s0): plen 24 (255.255.255.0)
Apr 17 17:46:11 vesho NetworkManager[1184]: [1523976371.0985] dhcp4 (wlp2s0): gateway 172.18.1.254
Apr 17 17:46:11 vesho NetworkManager[1184]: [1523976371.0985] dhcp4 (wlp2s0): lease time 600
Apr 17 17:46:11 vesho NetworkManager[1184]: [1523976371.0986] dhcp4 (wlp2s0): nameserver '8.8.8.8'
Apr 17 17:46:11 vesho NetworkManager[1184]: [1523976371.0986] dhcp4 (wlp2s0): nameserver '8.8.4.4'
Apr 17 17:46:11 vesho NetworkManager[1184]: [1523976371.0986] dhcp4 (wlp2s0): state changed bound -> bound
Apr 17 17:46:11 vesho dhclient[2023]: bound to 172.18.1.122 -- renewal in 275 seconds.
Apr 17 17:50:46 vesho dhclient[2023]: DHCPREQUEST of 172.18.1.122 on wlp2s0 to 172.18.1.254 port 67 (xid=0x6ed094d7)
Apr 17 17:50:46 vesho dhclient[2023]: DHCPACK of 172.18.1.122 from 172.18.1.254
Apr 17 17:50:46 vesho NetworkManager[1184]: [1523976646.8831] dhcp4 (wlp2s0): address 172.18.1.122
Apr 17 17:50:46 vesho NetworkManager[1184]: [1523976646.8832] dhcp4 (wlp2s0): plen 24 (255.255.255.0)
Apr 17 17:50:46 vesho NetworkManager[1184]: [1523976646.8832] dhcp4 (wlp2s0): gateway 172.18.1.254
Apr 17 17:50:46 vesho NetworkManager[1184]: [1523976646.8832] dhcp4 (wlp2s0): lease time 600
Apr 17 17:50:46 vesho NetworkManager[1184]: [1523976646.8832] dhcp4 (wlp2s0): nameserver '8.8.8.8'
Apr 17 17:50:46 vesho NetworkManager[1184]: [1523976646.8832] dhcp4 (wlp2s0): nameserver '8.8.4.4'
Apr 17 17:50:46 vesho NetworkManager[1184]: [1523976646.8832] dhcp4 (wlp2s0): state changed bound -> bound
Apr 17 17:50:46 vesho dhclient[2023]: bound to 172.18.1.122 -- renewal in 245 seconds.
Apr 17 17:54:51 vesho dhclient[2023]: DHCPREQUEST of 172.18.1.122 on wlp2s0 to 172.18.1.254 port 67 (xid=0x6ed094d7)
Apr 17 17:54:51 vesho dhclient[2023]: DHCPACK of 172.18.1.122 from 172.18.1.254
Apr 17 17:54:51 vesho NetworkManager[1184]: [1523976891.2041] dhcp4 (wlp2s0): address 172.18.1.122
Apr 17 17:54:51 vesho NetworkManager[1184]: [1523976891.2042] dhcp4 (wlp2s0): plen 24 (255.255.255.0)
Apr 17 17:54:51 vesho NetworkManager[1184]: [1523976891.2042] dhcp4 (wlp2s0): gateway 172.18.1.254
Apr 17 17:54:51 vesho NetworkManager[1184]: [1523976891.2043] dhcp4 (wlp2s0): lease time 600
Apr 17 17:54:51 vesho NetworkManager[1184]: [1523976891.2043] dhcp4 (wlp2s0): nameserver '8.8.8.8'
Apr 17 17:54:51 vesho NetworkManager[1184]: [1523976891.2043] dhcp4 (wlp2s0): nameserver '8.8.4.4'
Apr 17 17:54:51 vesho NetworkManager[1184]: [1523976891.2043] dhcp4 (wlp2s0): state changed bound -> bound
Apr 17 17:54:51 vesho dhclient[2023]: bound to 172.18.1.122 -- renewal in 239 seconds.
Apr 17 17:57:50 vesho wpa_supplicant[1194]: wlp2s0: WPA: Group rekeying completed with b8:a3:86:b2:52:60 [GTK=TKIP]
Apr 17 17:58:51 vesho dhclient[2023]: DHCPREQUEST of 172.18.1.122 on wlp2s0 to 172.18.1.254 port 67 (xid=0x6ed094d7)
Apr 17 17:58:51 vesho dhclient[2023]: DHCPACK of 172.18.1.122 from 172.18.1.254
Apr 17 17:58:51 vesho NetworkManager[1184]: [1523977131.0495] dhcp4 (wlp2s0): address 172.18.1.122
Apr 17 17:58:51 vesho NetworkManager[1184]: [1523977131.0495] dhcp4 (wlp2s0): plen 24 (255.255.255.0)
Apr 17 17:58:51 vesho NetworkManager[1184]: [1523977131.0496] dhcp4 (wlp2s0): gateway 172.18.1.254
Apr 17 17:58:51 vesho NetworkManager[1184]: [1523977131.0496] dhcp4 (wlp2s0): lease time 600
Apr 17 17:58:51 vesho NetworkManager[1184]: [1523977131.0496] dhcp4 (wlp2s0): nameserver '8.8.8.8'
Apr 17 17:58:51 vesho NetworkManager[1184]: [1523977131.0496] dhcp4 (wlp2s0): nameserver '8.8.4.4'
Apr 17 17:58:51 vesho NetworkManager[1184]: [1523977131.0496] dhcp4 (wlp2s0): state changed bound -> bound
Apr 17 17:58:51 vesho dhclient[2023]: bound to 172.18.1.122 -- renewal in 282 seconds.
Apr 17 18:03:33 vesho dhclient[2023]: DHCPREQUEST of 172.18.1.122 on wlp2s0 to 172.18.1.254 port 67 (xid=0x6ed094d7)
Apr 17 18:03:33 vesho dhclient[2023]: DHCPACK of 172.18.1.122 from 172.18.1.254
Apr 17 18:03:33 vesho NetworkManager[1184]: [1523977413.8957] dhcp4 (wlp2s0): address 172.18.1.122
Apr 17 18:03:33 vesho NetworkManager[1184]: [1523977413.8957] dhcp4 (wlp2s0): plen 24 (255.255.255.0)
Apr 17 18:03:33 vesho NetworkManager[1184]: [1523977413.8958] dhcp4 (wlp2s0): gateway 172.18.1.254
Apr 17 18:03:33 vesho dhclient[2023]: bound to 172.18.1.122 -- renewal in 230 seconds.
Apr 17 18:03:33 vesho NetworkManager[1184]: [1523977413.8958] dhcp4 (wlp2s0): lease time 600
Apr 17 18:03:33 vesho NetworkManager[1184]: [1523977413.8958] dhcp4 (wlp2s0): nameserver '8.8.8.8'
Apr 17 18:03:33 vesho NetworkManager[1184]: [1523977413.8958] dhcp4 (wlp2s0): nameserver '8.8.4.4'
Apr 17 18:03:33 vesho NetworkManager[1184]: [1523977413.8958] dhcp4 (wlp2s0): state changed bound -> bound
Apr 17 18:07:23 vesho dhclient[2023]: DHCPREQUEST of 172.18.1.122 on wlp2s0 to 172.18.1.254 port 67 (xid=0x6ed094d7)
Apr 17 18:07:23 vesho dhclient[2023]: DHCPACK of 172.18.1.122 from 172.18.1.254
Apr 17 18:07:23 vesho NetworkManager[1184]: [1523977643.5045] dhcp4 (wlp2s0): address 172.18.1.122
Apr 17 18:07:23 vesho NetworkManager[1184]: [1523977643.5046] dhcp4 (wlp2s0): plen 24 (255.255.255.0)
Apr 17 18:07:23 vesho NetworkManager[1184]: [1523977643.5046] dhcp4 (wlp2s0): gateway 172.18.1.254
Apr 17 18:07:23 vesho NetworkManager[1184]: [1523977643.5046] dhcp4 (wlp2s0): lease time 600
Apr 17 18:07:23 vesho NetworkManager[1184]: [1523977643.5047] dhcp4 (wlp2s0): nameserver '8.8.8.8'
Apr 17 18:07:23 vesho NetworkManager[1184]: [1523977643.5047] dhcp4 (wlp2s0): nameserver '8.8.4.4'
Apr 17 18:07:23 vesho NetworkManager[1184]: [1523977643.5047] dhcp4 (wlp2s0): state changed bound -> bound
Apr 17 18:07:23 vesho dhclient[2023]: bound to 172.18.1.122 -- renewal in 300 seconds.
Apr 17 18:12:24 vesho dhclient[2023]: DHCPREQUEST of 172.18.1.122 on wlp2s0 to 172.18.1.254 port 67 (xid=0x6ed094d7)
Apr 17 18:12:24 vesho dhclient[2023]: DHCPACK of 172.18.1.122 from 172.18.1.254
Apr 17 18:12:24 vesho NetworkManager[1184]: [1523977944.0838] dhcp4 (wlp2s0): address 172.18.1.122
Apr 17 18:12:24 vesho NetworkManager[1184]: [1523977944.0839] dhcp4 (wlp2s0): plen 24 (255.255.255.0)
Apr 17 18:12:24 vesho NetworkManager[1184]: [1523977944.0839] dhcp4 (wlp2s0): gateway 172.18.1.254
Apr 17 18:12:24 vesho NetworkManager[1184]: [1523977944.0840] dhcp4 (wlp2s0): lease time 600
Apr 17 18:12:24 vesho NetworkManager[1184]: [1523977944.0840] dhcp4 (wlp2s0): nameserver '8.8.8.8'
Apr 17 18:12:24 vesho NetworkManager[1184]: [1523977944.0840] dhcp4 (wlp2s0): nameserver '8.8.4.4'
Apr 17 18:12:24 vesho NetworkManager[1184]: [1523977944.0840] dhcp4 (wlp2s0): state changed bound -> bound
Apr 17 18:12:24 vesho dhclient[2023]: bound to 172.18.1.122 -- renewal in 300 seconds.
Apr 17 18:16:22 vesho dhclient[10222]: DHCPREQUEST of 172.18.1.182 on enxd481d731b2b1 to 172.18.1.253 port 67 (xid=0x5d20e7a3)
Apr 17 18:16:25 vesho dhclient[10222]: DHCPREQUEST of 172.18.1.182 on enxd481d731b2b1 to 172.18.1.253 port 67 (xid=0x5d20e7a3)
Apr 17 18:16:33 vesho dhclient[10222]: DHCPREQUEST of 172.18.1.182 on enxd481d731b2b1 to 172.18.1.253 port 67 (xid=0x5d20e7a3)
Apr 17 18:16:43 vesho dhclient[10222]: DHCPREQUEST of 172.18.1.182 on enxd481d731b2b1 to 172.18.1.253 port 67 (xid=0x5d20e7a3)
Apr 17 18:16:56 vesho dhclient[10222]: DHCPREQUEST of 172.18.1.182 on enxd481d731b2b1 to 172.18.1.253 port 67 (xid=0x5d20e7a3)
Apr 17 18:17:03 vesho dhclient[10222]: DHCPREQUEST of 172.18.1.182 on enxd481d731b2b1 to 172.18.1.253 port 67 (xid=0x5d20e7a3)
Apr 17 18:17:10 vesho dhclient[10222]: DHCPREQUEST of 172.18.1.182 on enxd481d731b2b1 to 172.18.1.253 port 67 (xid=0x5d20e7a3)
Apr 17 18:17:19 vesho dhclient[10222]: DHCPREQUEST of 172.18.1.182 on enxd481d731b2b1 to 172.18.1.253 port 67 (xid=0x5d20e7a3)
Apr 17 18:17:24 vesho dhclient[2023]: DHCPREQUEST of 172.18.1.122 on wlp2s0 to 172.18.1.254 port 67 (xid=0x6ed094d7)
Apr 17 18:17:24 vesho dhclient[2023]: DHCPACK of 172.18.1.122 from 172.18.1.254
Apr 17 18:17:24 vesho NetworkManager[1184]: [1523978244.2349] dhcp4 (wlp2s0): address 172.18.1.122
