Apr 17 19:16:32 vesho dhclient[10222]: DHCPREQUEST of 172.18.1.182 on enxd481d731b2b1 to 172.18.1.253 port 67 (xid=0x5d20e7a3)
Apr 17 19:16:51 vesho dhclient[10222]: DHCPREQUEST of 172.18.1.182 on enxd481d731b2b1 to 172.18.1.253 port 67 (xid=0x5d20e7a3)
Apr 17 19:16:59 vesho dhclient[10222]: DHCPREQUEST of 172.18.1.182 on enxd481d731b2b1 to 172.18.1.253 port 67 (xid=0x5d20e7a3)
Apr 17 19:17:13 vesho dhclient[10222]: DHCPREQUEST of 172.18.1.182 on enxd481d731b2b1 to 172.18.1.253 port 67 (xid=0x5d20e7a3)
Apr 17 19:17:22 vesho dhclient[10222]: DHCPREQUEST of 172.18.1.182 on enxd481d731b2b1 to 172.18.1.253 port 67 (xid=0x5d20e7a3)
Apr 17 19:17:39 vesho dhclient[10222]: DHCPREQUEST of 172.18.1.182 on enxd481d731b2b1 to 172.18.1.253 port 67 (xid=0x5d20e7a3)
Apr 17 19:17:48 vesho dhclient[10222]: DHCPREQUEST of 172.18.1.182 on enxd481d731b2b1 to 172.18.1.253 port 67 (xid=0x5d20e7a3)
Apr 17 19:18:04 vesho dhclient[10222]: DHCPREQUEST of 172.18.1.182 on enxd481d731b2b1 to 172.18.1.253 port 67 (xid=0x5d20e7a3)
Apr 17 19:18:23 vesho dhclient[10222]: DHCPREQUEST of 172.18.1.182 on enxd481d731b2b1 to 172.18.1.253 port 67 (xid=0x5d20e7a3)
Apr 17 19:18:34 vesho dhclient[10222]: DHCPREQUEST of 172.18.1.182 on enxd481d731b2b1 to 172.18.1.253 port 67 (xid=0x5d20e7a3)
Apr 17 19:18:44 vesho dhclient[10222]: DHCPREQUEST of 172.18.1.182 on enxd481d731b2b1 to 172.18.1.253 port 67 (xid=0x5d20e7a3)
Apr 17 19:19:04 vesho dhclient[10222]: DHCPREQUEST of 172.18.1.182 on enxd481d731b2b1 to 172.18.1.253 port 67 (xid=0x5d20e7a3)
Apr 17 19:19:19 vesho dhclient[10222]: DHCPREQUEST of 172.18.1.182 on enxd481d731b2b1 to 172.18.1.253 port 67 (xid=0x5d20e7a3)
Apr 17 19:19:30 vesho dhclient[10222]: DHCPREQUEST of 172.18.1.182 on enxd481d731b2b1 to 172.18.1.253 port 67 (xid=0x5d20e7a3)
Apr 17 19:19:41 vesho dhclient[10222]: DHCPREQUEST of 172.18.1.182 on enxd481d731b2b1 to 172.18.1.253 port 67 (xid=0x5d20e7a3)
Apr 17 19:19:57 vesho dhclient[10222]: DHCPREQUEST of 172.18.1.182 on enxd481d731b2b1 to 172.18.1.253 port 67 (xid=0x5d20e7a3)
Apr 17 19:20:11 vesho dhclient[10222]: DHCPREQUEST of 172.18.1.182 on enxd481d731b2b1 to 172.18.1.253 port 67 (xid=0x5d20e7a3)
Apr 17 19:20:13 vesho dhclient[2023]: DHCPREQUEST of 172.18.1.122 on wlp2s0 to 172.18.1.254 port 67 (xid=0x6ed094d7)
Apr 17 19:20:13 vesho dhclient[2023]: DHCPACK of 172.18.1.122 from 172.18.1.254
Apr 17 19:20:13 vesho NetworkManager[1184]: [1523982013.1326] dhcp4 (wlp2s0): address 172.18.1.122
Apr 17 19:20:13 vesho NetworkManager[1184]: [1523982013.1326] dhcp4 (wlp2s0): plen 24 (255.255.255.0)
Apr 17 19:20:13 vesho NetworkManager[1184]: [1523982013.1326] dhcp4 (wlp2s0): gateway 172.18.1.254
Apr 17 19:20:13 vesho NetworkManager[1184]: [1523982013.1327] dhcp4 (wlp2s0): lease time 600
Apr 17 19:20:13 vesho NetworkManager[1184]: [1523982013.1327] dhcp4 (wlp2s0): nameserver '8.8.8.8'
Apr 17 19:20:13 vesho NetworkManager[1184]: [1523982013.1327] dhcp4 (wlp2s0): nameserver '8.8.4.4'
Apr 17 19:20:13 vesho NetworkManager[1184]: [1523982013.1327] dhcp4 (wlp2s0): state changed bound -> bound
Apr 17 19:20:13 vesho dhclient[2023]: bound to 172.18.1.122 -- renewal in 280 seconds.
Apr 17 19:20:22 vesho dhclient[10222]: DHCPREQUEST of 172.18.1.182 on enxd481d731b2b1 to 172.18.1.253 port 67 (xid=0x5d20e7a3)
Apr 17 19:20:33 vesho dhclient[10222]: DHCPREQUEST of 172.18.1.182 on enxd481d731b2b1 to 172.18.1.253 port 67 (xid=0x5d20e7a3)
Apr 17 19:20:47 vesho dhclient[10222]: DHCPREQUEST of 172.18.1.182 on enxd481d731b2b1 to 172.18.1.253 port 67 (xid=0x5d20e7a3)
Apr 17 19:20:57 vesho dhclient[10222]: DHCPREQUEST of 172.18.1.182 on enxd481d731b2b1 to 172.18.1.253 port 67 (xid=0x5d20e7a3)
Apr 17 19:21:11 vesho dhclient[10222]: DHCPREQUEST of 172.18.1.182 on enxd481d731b2b1 to 172.18.1.253 port 67 (xid=0x5d20e7a3)
Apr 17 19:21:11 vesho wpa_supplicant[1194]: TDLS: Invalid frame - payloadtype=1 category=240 action=10
Apr 17 19:21:22 vesho dhclient[10222]: DHCPREQUEST of 172.18.1.182 on enxd481d731b2b1 to 172.18.1.253 port 67 (xid=0x5d20e7a3)
Apr 17 19:21:41 vesho dhclient[10222]: DHCPREQUEST of 172.18.1.182 on enxd481d731b2b1 to 172.18.1.253 port 67 (xid=0x5d20e7a3)
Apr 17 19:21:50 vesho dhclient[10222]: DHCPREQUEST of 172.18.1.182 on enxd481d731b2b1 to 172.18.1.253 port 67 (xid=0x5d20e7a3)
Apr 17 19:22:03 vesho dhclient[10222]: DHCPREQUEST of 172.18.1.182 on enxd481d731b2b1 to 172.18.1.253 port 67 (xid=0x5d20e7a3)
Apr 17 19:22:10 vesho dhclient[10222]: DHCPREQUEST of 172.18.1.182 on enxd481d731b2b1 to 172.18.1.253 port 67 (xid=0x5d20e7a3)
Apr 17 19:22:22 vesho dhclient[10222]: DHCPREQUEST of 172.18.1.182 on enxd481d731b2b1 to 172.18.1.253 port 67 (xid=0x5d20e7a3)
Apr 17 19:22:32 vesho dhclient[10222]: DHCPREQUEST of 172.18.1.182 on enxd481d731b2b1 to 172.18.1.253 port 67 (xid=0x5d20e7a3)
Apr 17 19:22:44 vesho dhclient[10222]: DHCPREQUEST of 172.18.1.182 on enxd481d731b2b1 to 172.18.1.253 port 67 (xid=0x5d20e7a3)
Apr 17 19:22:56 vesho dhclient[10222]: DHCPREQUEST of 172.18.1.182 on enxd481d731b2b1 to 172.18.1.253 port 67 (xid=0x5d20e7a3)
Apr 17 19:23:12 vesho dhclient[10222]: DHCPREQUEST of 172.18.1.182 on enxd481d731b2b1 to 172.18.1.253 port 67 (xid=0x5d20e7a3)
Apr 17 19:23:33 vesho dhclient[10222]: DHCPREQUEST of 172.18.1.182 on enxd481d731b2b1 to 172.18.1.253 port 67 (xid=0x5d20e7a3)
Apr 17 19:23:44 vesho dhclient[10222]: DHCPREQUEST of 172.18.1.182 on enxd481d731b2b1 to 172.18.1.253 port 67 (xid=0x5d20e7a3)
Apr 17 19:24:05 vesho dhclient[10222]: DHCPREQUEST of 172.18.1.182 on enxd481d731b2b1 to 172.18.1.253 port 67 (xid=0x5d20e7a3)
Apr 17 19:24:13 vesho dhclient[10222]: DHCPREQUEST of 172.18.1.182 on enxd481d731b2b1 to 172.18.1.253 port 67 (xid=0x5d20e7a3)
Apr 17 19:24:21 vesho dhclient[10222]: DHCPREQUEST of 172.18.1.182 on enxd481d731b2b1 to 172.18.1.253 port 67 (xid=0x5d20e7a3)
Apr 17 19:24:38 vesho dhclient[10222]: DHCPREQUEST of 172.18.1.182 on enxd481d731b2b1 to 172.18.1.253 port 67 (xid=0x5d20e7a3)
Apr 17 19:24:48 vesho dhclient[10222]: DHCPREQUEST of 172.18.1.182 on enxd481d731b2b1 to 172.18.1.253 port 67 (xid=0x5d20e7a3)
Apr 17 19:24:54 vesho dhclient[2023]: DHCPREQUEST of 172.18.1.122 on wlp2s0 to 172.18.1.254 port 67 (xid=0x6ed094d7)
Apr 17 19:24:54 vesho dhclient[2023]: DHCPACK of 172.18.1.122 from 172.18.1.254
Apr 17 19:24:54 vesho NetworkManager[1184]: [1523982294.0584] dhcp4 (wlp2s0): address 172.18.1.122
Apr 17 19:24:54 vesho NetworkManager[1184]: [1523982294.0585] dhcp4 (wlp2s0): plen 24 (255.255.255.0)
Apr 17 19:24:54 vesho NetworkManager[1184]: [1523982294.0586] dhcp4 (wlp2s0): gateway 172.18.1.254
Apr 17 19:24:54 vesho NetworkManager[1184]: [1523982294.0586] dhcp4 (wlp2s0): lease time 600
Apr 17 19:24:54 vesho NetworkManager[1184]: [1523982294.0586] dhcp4 (wlp2s0): nameserver '8.8.8.8'
Apr 17 19:24:54 vesho NetworkManager[1184]: [1523982294.0586] dhcp4 (wlp2s0): nameserver '8.8.4.4'
Apr 17 19:24:54 vesho NetworkManager[1184]: [1523982294.0586] dhcp4 (wlp2s0): state changed bound -> bound
Apr 17 19:24:54 vesho dhclient[2023]: bound to 172.18.1.122 -- renewal in 237 seconds.
Apr 17 19:24:59 vesho dhclient[10222]: DHCPREQUEST of 172.18.1.182 on enxd481d731b2b1 to 172.18.1.253 port 67 (xid=0x5d20e7a3)
Apr 17 19:25:12 vesho dhclient[10222]: DHCPREQUEST of 172.18.1.182 on enxd481d731b2b1 to 172.18.1.253 port 67 (xid=0x5d20e7a3)
Apr 17 19:25:28 vesho dhclient[10222]: DHCPREQUEST of 172.18.1.182 on enxd481d731b2b1 to 172.18.1.253 port 67 (xid=0x5d20e7a3)
Apr 17 19:25:39 vesho dhclient[10222]: DHCPREQUEST of 172.18.1.182 on enxd481d731b2b1 to 172.18.1.253 port 67 (xid=0x5d20e7a3)
Apr 17 19:25:47 vesho dhclient[10222]: DHCPREQUEST of 172.18.1.182 on enxd481d731b2b1 to 172.18.1.253 port 67 (xid=0x5d20e7a3)
Apr 17 19:25:58 vesho dhclient[10222]: DHCPREQUEST of 172.18.1.182 on enxd481d731b2b1 to 172.18.1.253 port 67 (xid=0x5d20e7a3)
Apr 17 19:26:08 vesho dhclient[10222]: DHCPREQUEST of 172.18.1.182 on enxd481d731b2b1 to 172.18.1.253 port 67 (xid=0x5d20e7a3)
Apr 17 19:26:20 vesho dhclient[10222]: DHCPREQUEST of 172.18.1.182 on enxd481d731b2b1 to 172.18.1.253 port 67 (xid=0x5d20e7a3)
Apr 17 19:26:29 vesho dhclient[10222]: DHCPREQUEST of 172.18.1.182 on enxd481d731b2b1 to 172.18.1.253 port 67 (xid=0x5d20e7a3)
Apr 17 19:26:48 vesho dhclient[10222]: DHCPREQUEST of 172.18.1.182 on enxd481d731b2b1 to 172.18.1.253 port 67 (xid=0x5d20e7a3)
Apr 17 19:26:56 vesho dhclient[10222]: DHCPREQUEST of 172.18.1.182 on enxd481d731b2b1 to 172.18.1.253 port 67 (xid=0x5d20e7a3)
Apr 17 19:27:07 vesho dhclient[10222]: DHCPREQUEST of 172.18.1.182 on enxd481d731b2b1 to 172.18.1.253 port 67 (xid=0x5d20e7a3)
Apr 17 19:27:24 vesho dhclient[10222]: DHCPREQUEST of 172.18.1.182 on enxd481d731b2b1 to 172.18.1.253 port 67 (xid=0x5d20e7a3)
Apr 17 19:27:34 vesho dhclient[10222]: DHCPREQUEST of 172.18.1.182 on enxd481d731b2b1 to 172.18.1.253 port 67 (xid=0x5d20e7a3)
Apr 17 19:27:48 vesho dhclient[10222]: DHCPREQUEST of 172.18.1.182 on enxd481d731b2b1 to 172.18.1.253 port 67 (xid=0x5d20e7a3)
Apr 17 19:27:50 vesho wpa_supplicant[1194]: wlp2s0: WPA: Group rekeying completed with b8:a3:86:b2:52:60 [GTK=TKIP]
Apr 17 19:27:56 vesho dhclient[10222]: DHCPREQUEST of 172.18.1.182 on enxd481d731b2b1 to 172.18.1.253 port 67 (xid=0x5d20e7a3)
Apr 17 19:28:06 vesho dhclient[10222]: DHCPREQUEST of 172.18.1.182 on enxd481d731b2b1 to 172.18.1.253 port 67 (xid=0x5d20e7a3)
Apr 17 19:28:16 vesho dhclient[10222]: DHCPREQUEST of 172.18.1.182 on enxd481d731b2b1 to 172.18.1.253 port 67 (xid=0x5d20e7a3)
Apr 17 19:28:31 vesho dhclient[10222]: DHCPREQUEST of 172.18.1.182 on enxd481d731b2b1 to 172.18.1.253 port 67 (xid=0x5d20e7a3)
Apr 17 19:28:49 vesho dhclient[10222]: DHCPREQUEST of 172.18.1.182 on enxd481d731b2b1 to 172.18.1.253 port 67 (xid=0x5d20e7a3)
Apr 17 19:28:51 vesho dhclient[2023]: DHCPREQUEST of 172.18.1.122 on wlp2s0 to 172.18.1.254 port 67 (xid=0x6ed094d7)
Apr 17 19:28:51 vesho dhclient[2023]: DHCPACK of 172.18.1.122 from 172.18.1.254
Apr 17 19:28:51 vesho NetworkManager[1184]: [1523982531.4068] dhcp4 (wlp2s0): address 172.18.1.122
Apr 17 19:28:51 vesho NetworkManager[1184]: [1523982531.4069] dhcp4 (wlp2s0): plen 24 (255.255.255.0)
Apr 17 19:28:51 vesho NetworkManager[1184]: [1523982531.4070] dhcp4 (wlp2s0): gateway 172.18.1.254
Apr 17 19:28:51 vesho NetworkManager[1184]: [1523982531.4070] dhcp4 (wlp2s0): lease time 600
Apr 17 19:28:51 vesho dhclient[2023]: bound to 172.18.1.122 -- renewal in 249 seconds.
Apr 17 19:28:51 vesho NetworkManager[1184]: [1523982531.4071] dhcp4 (wlp2s0): nameserver '8.8.8.8'
Apr 17 19:28:51 vesho NetworkManager[1184]: [1523982531.4071] dhcp4 (wlp2s0): nameserver '8.8.4.4'
Apr 17 19:28:51 vesho NetworkManager[1184]: [1523982531.4071] dhcp4 (wlp2s0): state changed bound -> bound
Apr 17 19:29:03 vesho dhclient[10222]: DHCPREQUEST of 172.18.1.182 on enxd481d731b2b1 to 172.18.1.253 port 67 (xid=0x5d20e7a3)
Apr 17 19:29:18 vesho dhclient[10222]: DHCPREQUEST of 172.18.1.182 on enxd481d731b2b1 to 172.18.1.253 port 67 (xid=0x5d20e7a3)
Apr 17 19:29:25 vesho dhclient[10222]: DHCPREQUEST of 172.18.1.182 on enxd481d731b2b1 to 172.18.1.253 port 67 (xid=0x5d20e7a3)
Apr 17 19:29:44 vesho dhclient[10222]: DHCPREQUEST of 172.18.1.182 on enxd481d731b2b1 to 172.18.1.253 port 67 (xid=0x5d20e7a3)
Apr 17 19:29:55 vesho dhclient[10222]: DHCPREQUEST of 172.18.1.182 on enxd481d731b2b1 to 172.18.1.253 port 67 (xid=0x5d20e7a3)
Apr 17 19:30:14 vesho dhclient[10222]: DHCPREQUEST of 172.18.1.182 on enxd481d731b2b1 to 172.18.1.253 port 67 (xid=0x5d20e7a3)
Apr 17 19:30:29 vesho dhclient[10222]: DHCPREQUEST of 172.18.1.182 on enxd481d731b2b1 to 172.18.1.253 port 67 (xid=0x5d20e7a3)
Apr 17 19:30:43 vesho dhclient[10222]: DHCPREQUEST of 172.18.1.182 on enxd481d731b2b1 to 172.18.1.253 port 67 (xid=0x5d20e7a3)
Apr 17 19:30:59 vesho dhclient[10222]: DHCPREQUEST of 172.18.1.182 on enxd481d731b2b1 to 172.18.1.253 port 67 (xid=0x5d20e7a3)
Apr 17 19:31:14 vesho dhclient[10222]: DHCPREQUEST of 172.18.1.182 on enxd481d731b2b1 to 172.18.1.253 port 67 (xid=0x5d20e7a3)
Apr 17 19:31:31 vesho dhclient[10222]: DHCPREQUEST of 172.18.1.182 on enxd481d731b2b1 to 172.18.1.253 port 67 (xid=0x5d20e7a3)
Apr 17 19:31:40 vesho dhclient[10222]: DHCPREQUEST of 172.18.1.182 on enxd481d731b2b1 to 172.18.1.253 port 67 (xid=0x5d20e7a3)
Apr 17 19:31:49 vesho dhclient[10222]: DHCPREQUEST of 172.18.1.182 on enxd481d731b2b1 to 172.18.1.253 port 67 (xid=0x5d20e7a3)
Apr 17 19:32:04 vesho dhclient[10222]: DHCPREQUEST of 172.18.1.182 on enxd481d731b2b1 to 172.18.1.253 port 67 (xid=0x5d20e7a3)
Apr 17 19:32:21 vesho dhclient[10222]: DHCPREQUEST of 172.18.1.182 on enxd481d731b2b1 to 172.18.1.253 port 67 (xid=0x5d20e7a3)
Apr 17 19:32:37 vesho dhclient[10222]: DHCPREQUEST of 172.18.1.182 on enxd481d731b2b1 to 172.18.1.253 port 67 (xid=0x5d20e7a3)
Apr 17 19:32:54 vesho dhclient[10222]: DHCPREQUEST of 172.18.1.182 on enxd481d731b2b1 to 172.18.1.253 port 67 (xid=0x5d20e7a3)
Apr 17 19:33:01 vesho dhclient[2023]: DHCPREQUEST of 172.18.1.122 on wlp2s0 to 172.18.1.254 port 67 (xid=0x6ed094d7)
Apr 17 19:33:01 vesho dhclient[2023]: DHCPACK of 172.18.1.122 from 172.18.1.254
Apr 17 19:33:01 vesho NetworkManager[1184]: [1523982781.0600] dhcp4 (wlp2s0): address 172.18.1.122
Apr 17 19:33:01 vesho NetworkManager[1184]: [1523982781.0601] dhcp4 (wlp2s0): plen 24 (255.255.255.0)
Apr 17 19:33:01 vesho NetworkManager[1184]: [1523982781.0601] dhcp4 (wlp2s0): gateway 172.18.1.254
Apr 17 19:33:01 vesho NetworkManager[1184]: [1523982781.0602] dhcp4 (wlp2s0): lease time 600
Apr 17 19:33:01 vesho NetworkManager[1184]: [1523982781.0602] dhcp4 (wlp2s0): nameserver '8.8.8.8'
Apr 17 19:33:01 vesho NetworkManager[1184]: [1523982781.0602] dhcp4 (wlp2s0): nameserver '8.8.4.4'
Apr 17 19:33:01 vesho NetworkManager[1184]: [1523982781.0602] dhcp4 (wlp2s0): state changed bound -> bound
Apr 17 19:33:01 vesho dhclient[2023]: bound to 172.18.1.122 -- renewal in 265 seconds.
Apr 17 19:33:13 vesho dhclient[10222]: DHCPREQUEST of 172.18.1.182 on enxd481d731b2b1 to 172.18.1.253 port 67 (xid=0x5d20e7a3)
Apr 17 19:33:21 vesho dhclient[10222]: DHCPREQUEST of 172.18.1.182 on enxd481d731b2b1 to 172.18.1.253 port 67 (xid=0x5d20e7a3)
Apr 17 19:33:31 vesho dhclient[10222]: DHCPREQUEST of 172.18.1.182 on enxd481d731b2b1 to 172.18.1.253 port 67 (xid=0x5d20e7a3)
Apr 17 19:33:52 vesho dhclient[10222]: DHCPREQUEST of 172.18.1.182 on enxd481d731b2b1 to 172.18.1.253 port 67 (xid=0x5d20e7a3)
Apr 17 19:34:09 vesho dhclient[10222]: DHCPREQUEST of 172.18.1.182 on enxd481d731b2b1 to 172.18.1.253 port 67 (xid=0x5d20e7a3)
Apr 17 19:34:27 vesho dhclient[10222]: DHCPREQUEST of 172.18.1.182 on enxd481d731b2b1 to 172.18.1.253 port 67 (xid=0x5d20e7a3)
Apr 17 19:34:41 vesho dhclient[10222]: DHCPREQUEST of 172.18.1.182 on enxd481d731b2b1 to 172.18.1.253 port 67 (xid=0x5d20e7a3)
Apr 17 19:34:52 vesho dhclient[10222]: DHCPREQUEST of 172.18.1.182 on enxd481d731b2b1 to 172.18.1.253 port 67 (xid=0x5d20e7a3)
Apr 17 19:35:06 vesho dhclient[10222]: DHCPREQUEST of 172.18.1.182 on enxd481d731b2b1 to 172.18.1.253 port 67 (xid=0x5d20e7a3)
Apr 17 19:35:21 vesho dhclient[10222]: DHCPREQUEST of 172.18.1.182 on enxd481d731b2b1 to 172.18.1.253 port 67 (xid=0x5d20e7a3)
Apr 17 19:35:36 vesho dhclient[10222]: DHCPREQUEST of 172.18.1.182 on enxd481d731b2b1 to 172.18.1.253 port 67 (xid=0x5d20e7a3)
Apr 17 19:35:53 vesho dhclient[10222]: DHCPREQUEST of 172.18.1.182 on enxd481d731b2b1 to 172.18.1.253 port 67 (xid=0x5d20e7a3)
Apr 17 19:36:09 vesho dhclient[10222]: DHCPREQUEST of 172.18.1.182 on enxd481d731b2b1 to 172.18.1.253 port 67 (xid=0x5d20e7a3)
Apr 17 19:36:23 vesho dhclient[10222]: DHCPREQUEST of 172.18.1.182 on enxd481d731b2b1 to 172.18.1.253 port 67 (xid=0x5d20e7a3)
Apr 17 19:36:41 vesho dhclient[10222]: DHCPREQUEST of 172.18.1.182 on enxd481d731b2b1 to 172.18.1.253 port 67 (xid=0x5d20e7a3)
Apr 17 19:37:01 vesho dhclient[10222]: DHCPREQUEST of 172.18.1.182 on enxd481d731b2b1 to 172.18.1.253 port 67 (xid=0x5d20e7a3)
Apr 17 19:37:14 vesho dhclient[10222]: DHCPREQUEST of 172.18.1.182 on enxd481d731b2b1 to 172.18.1.253 port 67 (xid=0x5d20e7a3)
Apr 17 19:37:24 vesho dhclient[10222]: DHCPREQUEST of 172.18.1.182 on enxd481d731b2b1 to 172.18.1.253 port 67 (xid=0x5d20e7a3)
Apr 17 19:37:26 vesho dhclient[2023]: DHCPREQUEST of 172.18.1.122 on wlp2s0 to 172.18.1.254 port 67 (xid=0x6ed094d7)
Apr 17 19:37:26 vesho dhclient[2023]: DHCPACK of 172.18.1.122 from 172.18.1.254
Apr 17 19:37:26 vesho NetworkManager[1184]: [1523983046.6611] dhcp4 (wlp2s0): address 172.18.1.122
Apr 17 19:37:26 vesho NetworkManager[1184]: [1523983046.6611] dhcp4 (wlp2s0): plen 24 (255.255.255.0)
Apr 17 19:37:26 vesho NetworkManager[1184]: [1523983046.6612] dhcp4 (wlp2s0): gateway 172.18.1.254
Apr 17 19:37:26 vesho NetworkManager[1184]: [1523983046.6612] dhcp4 (wlp2s0): lease time 600
Apr 17 19:37:26 vesho NetworkManager[1184]: [1523983046.6612] dhcp4 (wlp2s0): nameserver '8.8.8.8'
Apr 17 19:37:26 vesho NetworkManager[1184]: [1523983046.6612] dhcp4 (wlp2s0): nameserver '8.8.4.4'
Apr 17 19:37:26 vesho NetworkManager[1184]: [1523983046.6612] dhcp4 (wlp2s0): state changed bound -> bound
Apr 17 19:37:26 vesho dhclient[2023]: bound to 172.18.1.122 -- renewal in 266 seconds.
Apr 17 19:37:34 vesho dhclient[10222]: DHCPREQUEST of 172.18.1.182 on enxd481d731b2b1 to 172.18.1.253 port 67 (xid=0x5d20e7a3)
Apr 17 19:37:46 vesho dhclient[10222]: DHCPREQUEST of 172.18.1.182 on enxd481d731b2b1 to 172.18.1.253 port 67 (xid=0x5d20e7a3)
Apr 17 19:38:00 vesho dhclient[10222]: DHCPREQUEST of 172.18.1.182 on enxd481d731b2b1 to 172.18.1.253 port 67 (xid=0x5d20e7a3)
Apr 17 19:38:10 vesho dhclient[10222]: DHCPREQUEST of 172.18.1.182 on enxd481d731b2b1 to 172.18.1.253 port 67 (xid=0x5d20e7a3)
Apr 17 19:38:23 vesho dhclient[10222]: DHCPREQUEST of 172.18.1.182 on enxd481d731b2b1 to 172.18.1.253 port 67 (xid=0x5d20e7a3)
Apr 17 19:38:33 vesho dhclient[10222]: DHCPREQUEST of 172.18.1.182 on enxd481d731b2b1 to 172.18.1.253 port 67 (xid=0x5d20e7a3)
Apr 17 19:38:43 vesho dhclient[10222]: DHCPREQUEST of 172.18.1.182 on enxd481d731b2b1 to 172.18.1.253 port 67 (xid=0x5d20e7a3)
Apr 17 19:38:55 vesho dhclient[10222]: DHCPREQUEST of 172.18.1.182 on enxd481d731b2b1 to 172.18.1.253 port 67 (xid=0x5d20e7a3)
Apr 17 19:39:07 vesho dhclient[10222]: DHCPREQUEST of 172.18.1.182 on enxd481d731b2b1 to 172.18.1.253 port 67 (xid=0x5d20e7a3)
Apr 17 19:39:23 vesho dhclient[10222]: DHCPREQUEST of 172.18.1.182 on enxd481d731b2b1 to 172.18.1.253 port 67 (xid=0x5d20e7a3)
Apr 17 19:39:43 vesho dhclient[10222]: DHCPREQUEST of 172.18.1.182 on enxd481d731b2b1 to 172.18.1.253 port 67 (xid=0x5d20e7a3)
Apr 17 19:40:04 vesho dhclient[10222]: DHCPREQUEST of 172.18.1.182 on enxd481d731b2b1 to 172.18.1.253 port 67 (xid=0x5d20e7a3)
Apr 17 19:40:15 vesho dhclient[10222]: DHCPREQUEST of 172.18.1.182 on enxd481d731b2b1 to 172.18.1.253 port 67 (xid=0x5d20e7a3)
Apr 17 19:40:32 vesho dhclient[10222]: DHCPREQUEST of 172.18.1.182 on enxd481d731b2b1 to 172.18.1.253 port 67 (xid=0x5d20e7a3)
Apr 17 19:40:51 vesho dhclient[10222]: DHCPREQUEST of 172.18.1.182 on enxd481d731b2b1 to 172.18.1.253 port 67 (xid=0x5d20e7a3)
Apr 17 19:41:04 vesho dhclient[10222]: DHCPREQUEST of 172.18.1.182 on enxd481d731b2b1 to 172.18.1.253 port 67 (xid=0x5d20e7a3)
Apr 17 19:41:13 vesho dhclient[10222]: DHCPREQUEST of 172.18.1.182 on enxd481d731b2b1 to 172.18.1.253 port 67 (xid=0x5d20e7a3)
Apr 17 19:41:30 vesho dhclient[10222]: DHCPREQUEST of 172.18.1.182 on enxd481d731b2b1 to 172.18.1.253 port 67 (xid=0x5d20e7a3)
Apr 17 19:41:47 vesho dhclient[10222]: DHCPREQUEST of 172.18.1.182 on enxd481d731b2b1 to 172.18.1.253 port 67 (xid=0x5d20e7a3)
Apr 17 19:41:52 vesho dhclient[2023]: DHCPREQUEST of 172.18.1.122 on wlp2s0 to 172.18.1.254 port 67 (xid=0x6ed094d7)
Apr 17 19:41:52 vesho dhclient[2023]: DHCPACK of 172.18.1.122 from 172.18.1.254
Apr 17 19:41:52 vesho NetworkManager[1184]: [1523983312.2427] dhcp4 (wlp2s0): address 172.18.1.122
Apr 17 19:41:52 vesho NetworkManager[1184]: [1523983312.2427] dhcp4 (wlp2s0): plen 24 (255.255.255.0)
Apr 17 19:41:52 vesho NetworkManager[1184]: [1523983312.2427] dhcp4 (wlp2s0): gateway 172.18.1.254
Apr 17 19:41:52 vesho NetworkManager[1184]: [1523983312.2427] dhcp4 (wlp2s0): lease time 600
Apr 17 19:41:52 vesho NetworkManager[1184]: [1523983312.2428] dhcp4 (wlp2s0): nameserver '8.8.8.8'
Apr 17 19:41:52 vesho NetworkManager[1184]: [1523983312.2428] dhcp4 (wlp2s0): nameserver '8.8.4.4'
Apr 17 19:41:52 vesho NetworkManager[1184]: [1523983312.2428] dhcp4 (wlp2s0): state changed bound -> bound
Apr 17 19:41:52 vesho dhclient[2023]: bound to 172.18.1.122 -- renewal in 254 seconds.
Apr 17 19:42:04 vesho dhclient[10222]: DHCPREQUEST of 172.18.1.182 on enxd481d731b2b1 to 172.18.1.253 port 67 (xid=0x5d20e7a3)
Apr 17 19:42:15 vesho dhclient[10222]: DHCPREQUEST of 172.18.1.182 on enxd481d731b2b1 to 172.18.1.253 port 67 (xid=0x5d20e7a3)
Apr 17 19:42:32 vesho dhclient[10222]: DHCPREQUEST of 172.18.1.182 on enxd481d731b2b1 to 172.18.1.253 port 67 (xid=0x5d20e7a3)
Apr 17 19:42:42 vesho dhclient[10222]: DHCPREQUEST of 172.18.1.182 on enxd481d731b2b1 to 172.18.1.253 port 67 (xid=0x5d20e7a3)
Apr 17 19:42:52 vesho dhclient[10222]: DHCPREQUEST of 172.18.1.182 on enxd481d731b2b1 to 172.18.1.253 port 67 (xid=0x5d20e7a3)
Apr 17 19:42:59 vesho dhclient[10222]: DHCPREQUEST of 172.18.1.182 on enxd481d731b2b1 to 172.18.1.253 port 67 (xid=0x5d20e7a3)
Apr 17 19:43:13 vesho dhclient[10222]: DHCPREQUEST of 172.18.1.182 on enxd481d731b2b1 to 172.18.1.253 port 67 (xid=0x5d20e7a3)
Apr 17 19:43:31 vesho dhclient[10222]: DHCPREQUEST of 172.18.1.182 on enxd481d731b2b1 to 172.18.1.253 port 67 (xid=0x5d20e7a3)
Apr 17 19:43:50 vesho dhclient[10222]: DHCPREQUEST of 172.18.1.182 on enxd481d731b2b1 to 172.18.1.253 port 67 (xid=0x5d20e7a3)
Apr 17 19:44:02 vesho dhclient[10222]: DHCPREQUEST of 172.18.1.182 on enxd481d731b2b1 to 172.18.1.253 port 67 (xid=0x5d20e7a3)
Apr 17 19:44:10 vesho dhclient[10222]: DHCPREQUEST of 172.18.1.182 on enxd481d731b2b1 to 172.18.1.253 port 67 (xid=0x5d20e7a3)
Apr 17 19:44:27 vesho dhclient[10222]: DHCPREQUEST of 172.18.1.182 on enxd481d731b2b1 to 172.18.1.253 port 67 (xid=0x5d20e7a3)
Apr 17 19:44:34 vesho dhclient[10222]: DHCPREQUEST of 172.18.1.182 on enxd481d731b2b1 to 172.18.1.253 port 67 (xid=0x5d20e7a3)
Apr 17 19:44:51 vesho dhclient[10222]: DHCPREQUEST of 172.18.1.182 on enxd481d731b2b1 to 172.18.1.253 port 67 (xid=0x5d20e7a3)
Apr 17 19:45:10 vesho dhclient[10222]: DHCPREQUEST of 172.18.1.182 on enxd481d731b2b1 to 172.18.1.253 port 67 (xid=0x5d20e7a3)
Apr 17 19:45:21 vesho dhclient[10222]: DHCPREQUEST of 172.18.1.182 on enxd481d731b2b1 to 172.18.1.253 port 67 (xid=0x5d20e7a3)
Apr 17 19:45:29 vesho dhclient[10222]: DHCPREQUEST of 172.18.1.182 on enxd481d731b2b1 to 172.18.1.253 port 67 (xid=0x5d20e7a3)
Apr 17 19:45:43 vesho dhclient[10222]: DHCPREQUEST of 172.18.1.182 on enxd481d731b2b1 to 172.18.1.253 port 67 (xid=0x5d20e7a3)
Apr 17 19:46:00 vesho dhclient[10222]: DHCPREQUEST of 172.18.1.182 on enxd481d731b2b1 to 172.18.1.253 port 67 (xid=0x5d20e7a3)
Apr 17 19:46:06 vesho dhclient[2023]: DHCPREQUEST of 172.18.1.122 on wlp2s0 to 172.18.1.254 port 67 (xid=0x6ed094d7)
Apr 17 19:46:06 vesho dhclient[2023]: DHCPACK of 172.18.1.122 from 172.18.1.254
Apr 17 19:46:06 vesho NetworkManager[1184]: [1523983566.8572] dhcp4 (wlp2s0): address 172.18.1.122
Apr 17 19:46:06 vesho NetworkManager[1184]: [1523983566.8572] dhcp4 (wlp2s0): plen 24 (255.255.255.0)
Apr 17 19:46:06 vesho NetworkManager[1184]: [1523983566.8572] dhcp4 (wlp2s0): gateway 172.18.1.254
Apr 17 19:46:06 vesho NetworkManager[1184]: [1523983566.8572] dhcp4 (wlp2s0): lease time 600
Apr 17 19:46:06 vesho NetworkManager[1184]: [1523983566.8573] dhcp4 (wlp2s0): nameserver '8.8.8.8'
Apr 17 19:46:06 vesho NetworkManager[1184]: [1523983566.8573] dhcp4 (wlp2s0): nameserver '8.8.4.4'
Apr 17 19:46:06 vesho NetworkManager[1184]: [1523983566.8573] dhcp4 (wlp2s0): state changed bound -> bound
Apr 17 19:46:06 vesho dhclient[2023]: bound to 172.18.1.122 -- renewal in 285 seconds.
Apr 17 19:46:17 vesho dhclient[10222]: DHCPREQUEST of 172.18.1.182 on enxd481d731b2b1 to 172.18.1.253 port 67 (xid=0x5d20e7a3)
Apr 17 19:46:31 vesho dhclient[10222]: DHCPREQUEST of 172.18.1.182 on enxd481d731b2b1 to 172.18.1.253 port 67 (xid=0x5d20e7a3)
Apr 17 19:46:44 vesho dhclient[10222]: DHCPREQUEST of 172.18.1.182 on enxd481d731b2b1 to 172.18.1.253 port 67 (xid=0x5d20e7a3)
Apr 17 19:46:53 vesho dhclient[10222]: DHCPREQUEST of 172.18.1.182 on enxd481d731b2b1 to 172.18.1.253 port 67 (xid=0x5d20e7a3)
Apr 17 19:47:02 vesho dhclient[10222]: DHCPREQUEST of 172.18.1.182 on enxd481d731b2b1 to 172.18.1.253 port 67 (xid=0x5d20e7a3)
Apr 17 19:47:14 vesho dhclient[10222]: DHCPREQUEST of 172.18.1.182 on enxd481d731b2b1 to 172.18.1.253 port 67 (xid=0x5d20e7a3)
Apr 17 19:47:24 vesho dhclient[10222]: DHCPREQUEST of 172.18.1.182 on enxd481d731b2b1 to 172.18.1.253 port 67 (xid=0x5d20e7a3)
Apr 17 19:47:34 vesho dhclient[10222]: DHCPREQUEST of 172.18.1.182 on enxd481d731b2b1 to 172.18.1.253 port 67 (xid=0x5d20e7a3)
Apr 17 19:47:50 vesho dhclient[10222]: DHCPREQUEST of 172.18.1.182 on enxd481d731b2b1 to 172.18.1.253 port 67 (xid=0x5d20e7a3)
Apr 17 19:48:08 vesho dhclient[10222]: DHCPREQUEST of 172.18.1.182 on enxd481d731b2b1 to 172.18.1.253 port 67 (xid=0x5d20e7a3)
Apr 17 19:48:22 vesho dhclient[10222]: DHCPREQUEST of 172.18.1.182 on enxd481d731b2b1 to 172.18.1.253 port 67 (xid=0x5d20e7a3)
Apr 17 19:48:29 vesho dhclient[10222]: DHCPREQUEST of 172.18.1.182 on enxd481d731b2b1 to 172.18.1.253 port 67 (xid=0x5d20e7a3)
Apr 17 19:48:39 vesho dhclient[10222]: DHCPREQUEST of 172.18.1.182 on enxd481d731b2b1 to 172.18.1.253 port 67 (xid=0x5d20e7a3)
Apr 17 19:48:59 vesho dhclient[10222]: DHCPREQUEST of 172.18.1.182 on enxd481d731b2b1 to 172.18.1.253 port 67 (xid=0x5d20e7a3)
Apr 17 19:49:16 vesho dhclient[10222]: DHCPREQUEST of 172.18.1.182 on enxd481d731b2b1 to 172.18.1.253 port 67 (xid=0x5d20e7a3)
Apr 17 19:49:28 vesho dhclient[10222]: DHCPREQUEST of 172.18.1.182 on enxd481d731b2b1 to 172.18.1.253 port 67 (xid=0x5d20e7a3)
Apr 17 19:49:46 vesho dhclient[10222]: DHCPREQUEST of 172.18.1.182 on enxd481d731b2b1 to 172.18.1.253 port 67 (xid=0x5d20e7a3)
Apr 17 19:50:05 vesho dhclient[10222]: DHCPREQUEST of 172.18.1.182 on enxd481d731b2b1 to 172.18.1.253 port 67 (xid=0x5d20e7a3)
Apr 17 19:50:16 vesho dhclient[10222]: DHCPREQUEST of 172.18.1.182 on enxd481d731b2b1 to 172.18.1.253 port 67 (xid=0x5d20e7a3)
Apr 17 19:50:34 vesho dhclient[10222]: DHCPREQUEST of 172.18.1.182 on enxd481d731b2b1 to 172.18.1.253 port 67 (xid=0x5d20e7a3)
Apr 17 19:50:49 vesho dhclient[10222]: DHCPREQUEST of 172.18.1.182 on enxd481d731b2b1 to 172.18.1.253 port 67 (xid=0x5d20e7a3)
Apr 17 19:50:51 vesho dhclient[2023]: DHCPREQUEST of 172.18.1.122 on wlp2s0 to 172.18.1.254 port 67 (xid=0x6ed094d7)
Apr 17 19:50:51 vesho dhclient[2023]: DHCPACK of 172.18.1.122 from 172.18.1.254
Apr 17 19:50:51 vesho NetworkManager[1184]: [1523983851.5355] dhcp4 (wlp2s0): address 172.18.1.122
Apr 17 19:50:51 vesho NetworkManager[1184]: [1523983851.5355] dhcp4 (wlp2s0): plen 24 (255.255.255.0)
Apr 17 19:50:51 vesho NetworkManager[1184]: [1523983851.5355] dhcp4 (wlp2s0): gateway 172.18.1.254
Apr 17 19:50:51 vesho NetworkManager[1184]: [1523983851.5355] dhcp4 (wlp2s0): lease time 600
Apr 17 19:50:51 vesho NetworkManager[1184]: [1523983851.5355] dhcp4 (wlp2s0): nameserver '8.8.8.8'
Apr 17 19:50:51 vesho NetworkManager[1184]: [1523983851.5355] dhcp4 (wlp2s0): nameserver '8.8.4.4'
Apr 17 19:50:51 vesho NetworkManager[1184]: [1523983851.5355] dhcp4 (wlp2s0): state changed bound -> bound
Apr 17 19:50:51 vesho dhclient[2023]: bound to 172.18.1.122 -- renewal in 282 seconds.
Apr 17 19:51:03 vesho dhclient[10222]: DHCPREQUEST of 172.18.1.182 on enxd481d731b2b1 to 172.18.1.253 port 67 (xid=0x5d20e7a3)
Apr 17 19:51:12 vesho dhclient[10222]: DHCPREQUEST of 172.18.1.182 on enxd481d731b2b1 to 172.18.1.253 port 67 (xid=0x5d20e7a3)
Apr 17 19:51:30 vesho dhclient[10222]: DHCPREQUEST of 172.18.1.182 on enxd481d731b2b1 to 172.18.1.253 port 67 (xid=0x5d20e7a3)
Apr 17 19:51:51 vesho dhclient[10222]: DHCPREQUEST of 172.18.1.182 on enxd481d731b2b1 to 172.18.1.253 port 67 (xid=0x5d20e7a3)
Apr 17 19:51:59 vesho dhclient[10222]: DHCPREQUEST of 172.18.1.182 on enxd481d731b2b1 to 172.18.1.253 port 67 (xid=0x5d20e7a3)
Apr 17 19:52:12 vesho dhclient[10222]: DHCPREQUEST of 172.18.1.182 on enxd481d731b2b1 to 172.18.1.253 port 67 (xid=0x5d20e7a3)
Apr 17 19:52:26 vesho dhclient[10222]: DHCPREQUEST of 172.18.1.182 on enxd481d731b2b1 to 172.18.1.253 port 67 (xid=0x5d20e7a3)
Apr 17 19:52:44 vesho dhclient[10222]: DHCPREQUEST of 172.18.1.182 on enxd481d731b2b1 to 172.18.1.253 port 67 (xid=0x5d20e7a3)
Apr 17 19:52:52 vesho dhclient[10222]: DHCPREQUEST of 172.18.1.182 on enxd481d731b2b1 to 172.18.1.253 port 67 (xid=0x5d20e7a3)
Apr 17 19:53:05 vesho dhclient[10222]: DHCPREQUEST of 172.18.1.182 on enxd481d731b2b1 to 172.18.1.253 port 67 (xid=0x5d20e7a3)
Apr 17 19:53:19 vesho dhclient[10222]: DHCPREQUEST of 172.18.1.182 on enxd481d731b2b1 to 172.18.1.253 port 67 (xid=0x5d20e7a3)
Apr 17 19:53:38 vesho dhclient[10222]: DHCPREQUEST of 172.18.1.182 on enxd481d731b2b1 to 172.18.1.253 port 67 (xid=0x5d20e7a3)
Apr 17 19:53:55 vesho dhclient[10222]: DHCPREQUEST of 172.18.1.182 on enxd481d731b2b1 to 172.18.1.253 port 67 (xid=0x5d20e7a3)
Apr 17 19:54:15 vesho dhclient[10222]: DHCPREQUEST of 172.18.1.182 on enxd481d731b2b1 to 172.18.1.253 port 67 (xid=0x5d20e7a3)
Apr 17 19:54:36 vesho dhclient[10222]: DHCPREQUEST of 172.18.1.182 on enxd481d731b2b1 to 172.18.1.253 port 67 (xid=0x5d20e7a3)
Apr 17 19:54:53 vesho dhclient[10222]: DHCPREQUEST of 172.18.1.182 on enxd481d731b2b1 to 172.18.1.253 port 67 (xid=0x5d20e7a3)
Apr 17 19:55:00 vesho wpa_supplicant[1194]: TDLS: Invalid frame - payloadtype=1 category=240 action=10
Apr 17 19:55:12 vesho dhclient[10222]: DHCPREQUEST of 172.18.1.182 on enxd481d731b2b1 to 172.18.1.253 port 67 (xid=0x5d20e7a3)
Apr 17 19:55:21 vesho dhclient[10222]: DHCPREQUEST of 172.18.1.182 on enxd481d731b2b1 to 172.18.1.253 port 67 (xid=0x5d20e7a3)
Apr 17 19:55:33 vesho dhclient[2023]: DHCPREQUEST of 172.18.1.122 on wlp2s0 to 172.18.1.254 port 67 (xid=0x6ed094d7)
Apr 17 19:55:33 vesho dhclient[2023]: DHCPACK of 172.18.1.122 from 172.18.1.254
Apr 17 19:55:33 vesho NetworkManager[1184]: [1523984133.9562] dhcp4 (wlp2s0): address 172.18.1.122
Apr 17 19:55:33 vesho NetworkManager[1184]: [1523984133.9563] dhcp4 (wlp2s0): plen 24 (255.255.255.0)
Apr 17 19:55:33 vesho NetworkManager[1184]: [1523984133.9564] dhcp4 (wlp2s0): gateway 172.18.1.254
Apr 17 19:55:33 vesho NetworkManager[1184]: [1523984133.9564] dhcp4 (wlp2s0): lease time 600
Apr 17 19:55:33 vesho NetworkManager[1184]: [1523984133.9565] dhcp4 (wlp2s0): nameserver '8.8.8.8'
Apr 17 19:55:33 vesho NetworkManager[1184]: [1523984133.9565] dhcp4 (wlp2s0): nameserver '8.8.4.4'
Apr 17 19:55:33 vesho NetworkManager[1184]: [1523984133.9565] dhcp4 (wlp2s0): state changed bound -> bound
Apr 17 19:55:33 vesho dhclient[2023]: bound to 172.18.1.122 -- renewal in 288 seconds.
Apr 17 19:55:42 vesho dhclient[10222]: DHCPREQUEST of 172.18.1.182 on enxd481d731b2b1 to 172.18.1.253 port 67 (xid=0x5d20e7a3)
Apr 17 19:56:02 vesho dhclient[10222]: DHCPREQUEST of 172.18.1.182 on enxd481d731b2b1 to 172.18.1.253 port 67 (xid=0x5d20e7a3)
Apr 17 19:56:14 vesho dhclient[10222]: DHCPREQUEST of 172.18.1.182 on enxd481d731b2b1 to 172.18.1.253 port 67 (xid=0x5d20e7a3)
Apr 17 19:56:25 vesho dhclient[10222]: DHCPREQUEST of 172.18.1.182 on enxd481d731b2b1 to 172.18.1.253 port 67 (xid=0x5d20e7a3)
Apr 17 19:56:38 vesho dhclient[10222]: DHCPREQUEST of 172.18.1.182 on enxd481d731b2b1 to 172.18.1.253 port 67 (xid=0x5d20e7a3)
Apr 17 19:56:53 vesho dhclient[10222]: DHCPREQUEST of 172.18.1.182 on enxd481d731b2b1 to 172.18.1.253 port 67 (xid=0x5d20e7a3)
Apr 17 19:57:07 vesho dhclient[10222]: DHCPREQUEST of 172.18.1.182 on enxd481d731b2b1 to 172.18.1.253 port 67 (xid=0x5d20e7a3)
Apr 17 19:57:28 vesho dhclient[10222]: DHCPREQUEST of 172.18.1.182 on enxd481d731b2b1 to 172.18.1.253 port 67 (xid=0x5d20e7a3)
Apr 17 19:57:37 vesho dhclient[10222]: DHCPREQUEST of 172.18.1.182 on enxd481d731b2b1 to 172.18.1.253 port 67 (xid=0x5d20e7a3)
Apr 17 19:57:50 vesho wpa_supplicant[1194]: wlp2s0: WPA: Group rekeying completed with b8:a3:86:b2:52:60 [GTK=TKIP]
Apr 17 19:57:54 vesho dhclient[10222]: DHCPREQUEST of 172.18.1.182 on enxd481d731b2b1 to 172.18.1.253 port 67 (xid=0x5d20e7a3)
Apr 17 19:58:06 vesho dhclient[10222]: DHCPREQUEST of 172.18.1.182 on enxd481d731b2b1 to 172.18.1.253 port 67 (xid=0x5d20e7a3)
Apr 17 19:58:18 vesho dhclient[10222]: DHCPREQUEST of 172.18.1.182 on enxd481d731b2b1 to 172.18.1.253 port 67 (xid=0x5d20e7a3)
Apr 17 19:58:33 vesho dhclient[10222]: DHCPREQUEST of 172.18.1.182 on enxd481d731b2b1 to 172.18.1.253 port 67 (xid=0x5d20e7a3)
Apr 17 19:58:47 vesho dhclient[10222]: DHCPREQUEST of 172.18.1.182 on enxd481d731b2b1 to 172.18.1.253 port 67 (xid=0x5d20e7a3)
Apr 17 19:58:58 vesho dhclient[10222]: DHCPREQUEST of 172.18.1.182 on enxd481d731b2b1 to 172.18.1.253 port 67 (xid=0x5d20e7a3)
Apr 17 19:59:08 vesho dhclient[10222]: DHCPREQUEST of 172.18.1.182 on enxd481d731b2b1 to 172.18.1.253 port 67 (xid=0x5d20e7a3)
Apr 17 19:59:17 vesho dhclient[10222]: DHCPREQUEST of 172.18.1.182 on enxd481d731b2b1 to 172.18.1.253 port 67 (xid=0x5d20e7a3)
Apr 17 19:59:36 vesho dhclient[10222]: DHCPREQUEST of 172.18.1.182 on enxd481d731b2b1 to 172.18.1.253 port 67 (xid=0x5d20e7a3)
Apr 17 19:59:45 vesho dhclient[10222]: DHCPREQUEST of 172.18.1.182 on enxd481d731b2b1 to 172.18.1.253 port 67 (xid=0x5d20e7a3)
Apr 17 19:59:58 vesho dhclient[10222]: DHCPREQUEST of 172.18.1.182 on enxd481d731b2b1 to 172.18.1.253 port 67 (xid=0x5d20e7a3)
Apr 17 20:00:14 vesho dhclient[10222]: DHCPREQUEST of 172.18.1.182 on enxd481d731b2b1 to 172.18.1.253 port 67 (xid=0x5d20e7a3)
Apr 17 20:00:21 vesho dhclient[2023]: DHCPREQUEST of 172.18.1.122 on wlp2s0 to 172.18.1.254 port 67 (xid=0x6ed094d7)
Apr 17 20:00:21 vesho dhclient[2023]: DHCPACK of 172.18.1.122 from 172.18.1.254
Apr 17 20:00:21 vesho NetworkManager[1184]: [1523984421.3433] dhcp4 (wlp2s0): address 172.18.1.122
Apr 17 20:00:21 vesho NetworkManager[1184]: [1523984421.3434] dhcp4 (wlp2s0): plen 24 (255.255.255.0)
Apr 17 20:00:21 vesho NetworkManager[1184]: [1523984421.3434] dhcp4 (wlp2s0): gateway 172.18.1.254
Apr 17 20:00:21 vesho NetworkManager[1184]: [1523984421.3434] dhcp4 (wlp2s0): lease time 600
Apr 17 20:00:21 vesho NetworkManager[1184]: [1523984421.3435] dhcp4 (wlp2s0): nameserver '8.8.8.8'
Apr 17 20:00:21 vesho NetworkManager[1184]: [1523984421.3435] dhcp4 (wlp2s0): nameserver '8.8.4.4'
Apr 17 20:00:21 vesho NetworkManager[1184]: [1523984421.3435] dhcp4 (wlp2s0): state changed bound -> bound
Apr 17 20:00:21 vesho dhclient[2023]: bound to 172.18.1.122 -- renewal in 289 seconds.
Apr 17 20:00:30 vesho dhclient[10222]: DHCPREQUEST of 172.18.1.182 on enxd481d731b2b1 to 172.18.1.253 port 67 (xid=0x5d20e7a3)
Apr 17 20:00:46 vesho dhclient[10222]: DHCPREQUEST of 172.18.1.182 on enxd481d731b2b1 to 172.18.1.253 port 67 (xid=0x5d20e7a3)
Apr 17 20:00:57 vesho dhclient[10222]: DHCPREQUEST of 172.18.1.182 on enxd481d731b2b1 to 172.18.1.253 port 67 (xid=0x5d20e7a3)
Apr 17 20:01:07 vesho dhclient[10222]: DHCPREQUEST of 172.18.1.182 on enxd481d731b2b1 to 172.18.1.253 port 67 (xid=0x5d20e7a3)
Apr 17 20:01:19 vesho dhclient[10222]: DHCPREQUEST of 172.18.1.182 on enxd481d731b2b1 to 172.18.1.253 port 67 (xid=0x5d20e7a3)
Apr 17 20:01:28 vesho dhclient[10222]: DHCPREQUEST of 172.18.1.182 on enxd481d731b2b1 to 172.18.1.253 port 67 (xid=0x5d20e7a3)
Apr 17 20:01:46 vesho dhclient[10222]: DHCPREQUEST of 172.18.1.182 on enxd481d731b2b1 to 172.18.1.253 port 67 (xid=0x5d20e7a3)
Apr 17 20:02:04 vesho dhclient[10222]: DHCPREQUEST of 172.18.1.182 on enxd481d731b2b1 to 172.18.1.253 port 67 (xid=0x5d20e7a3)
Apr 17 20:02:22 vesho dhclient[10222]: DHCPREQUEST of 172.18.1.182 on enxd481d731b2b1 to 172.18.1.253 port 67 (xid=0x5d20e7a3)
Apr 17 20:02:32 vesho dhclient[10222]: DHCPREQUEST of 172.18.1.182 on enxd481d731b2b1 to 172.18.1.253 port 67 (xid=0x5d20e7a3)
Apr 17 20:02:47 vesho dhclient[10222]: DHCPREQUEST of 172.18.1.182 on enxd481d731b2b1 to 172.18.1.253 port 67 (xid=0x5d20e7a3)
Apr 17 20:02:58 vesho dhclient[10222]: DHCPREQUEST of 172.18.1.182 on enxd481d731b2b1 to 172.18.1.253 port 67 (xid=0x5d20e7a3)
Apr 17 20:03:17 vesho dhclient[10222]: DHCPREQUEST of 172.18.1.182 on enxd481d731b2b1 to 172.18.1.253 port 67 (xid=0x5d20e7a3)
Apr 17 20:03:34 vesho dhclient[10222]: DHCPREQUEST of 172.18.1.182 on enxd481d731b2b1 to 172.18.1.253 port 67 (xid=0x5d20e7a3)
Apr 17 20:03:52 vesho dhclient[10222]: DHCPREQUEST of 172.18.1.182 on enxd481d731b2b1 to 172.18.1.253 port 67 (xid=0x5d20e7a3)
Apr 17 20:04:01 vesho dhclient[10222]: DHCPREQUEST of 172.18.1.182 on enxd481d731b2b1 to 172.18.1.253 port 67 (xid=0x5d20e7a3)
Apr 17 20:04:14 vesho dhclient[10222]: DHCPREQUEST of 172.18.1.182 on enxd481d731b2b1 to 172.18.1.253 port 67 (xid=0x5d20e7a3)
Apr 17 20:04:29 vesho dhclient[10222]: DHCPREQUEST of 172.18.1.182 on enxd481d731b2b1 to 172.18.1.253 port 67 (xid=0x5d20e7a3)
Apr 17 20:04:47 vesho dhclient[10222]: DHCPREQUEST of 172.18.1.182 on enxd481d731b2b1 to 172.18.1.253 port 67 (xid=0x5d20e7a3)
Apr 17 20:05:01 vesho dhclient[10222]: DHCPREQUEST of 172.18.1.182 on enxd481d731b2b1 to 172.18.1.253 port 67 (xid=0x5d20e7a3)
Apr 17 20:05:10 vesho dhclient[2023]: DHCPREQUEST of 172.18.1.122 on wlp2s0 to 172.18.1.254 port 67 (xid=0x6ed094d7)
Apr 17 20:05:10 vesho dhclient[2023]: DHCPACK of 172.18.1.122 from 172.18.1.254
Apr 17 20:05:10 vesho NetworkManager[1184]: [1523984710.9446] dhcp4 (wlp2s0): address 172.18.1.122
Apr 17 20:05:10 vesho NetworkManager[1184]: [1523984710.9454] dhcp4 (wlp2s0): plen 24 (255.255.255.0)
Apr 17 20:05:10 vesho NetworkManager[1184]: [1523984710.9455] dhcp4 (wlp2s0): gateway 172.18.1.254
Apr 17 20:05:10 vesho dhclient[2023]: bound to 172.18.1.122 -- renewal in 261 seconds.
Apr 17 20:05:10 vesho NetworkManager[1184]: [1523984710.9455] dhcp4 (wlp2s0): lease time 600
Apr 17 20:05:10 vesho NetworkManager[1184]: [1523984710.9455] dhcp4 (wlp2s0): nameserver '8.8.8.8'
Apr 17 20:05:10 vesho NetworkManager[1184]: [1523984710.9455] dhcp4 (wlp2s0): nameserver '8.8.4.4'
Apr 17 20:05:10 vesho NetworkManager[1184]: [1523984710.9455] dhcp4 (wlp2s0): state changed bound -> bound
Apr 17 20:05:16 vesho dhclient[10222]: DHCPREQUEST of 172.18.1.182 on enxd481d731b2b1 to 172.18.1.253 port 67 (xid=0x5d20e7a3)
Apr 17 20:05:27 vesho dhclient[10222]: DHCPREQUEST of 172.18.1.182 on enxd481d731b2b1 to 172.18.1.253 port 67 (xid=0x5d20e7a3)
Apr 17 20:05:43 vesho dhclient[10222]: DHCPREQUEST of 172.18.1.182 on enxd481d731b2b1 to 172.18.1.253 port 67 (xid=0x5d20e7a3)
Apr 17 20:05:50 vesho dhclient[10222]: DHCPREQUEST of 172.18.1.182 on enxd481d731b2b1 to 172.18.1.253 port 67 (xid=0x5d20e7a3)
Apr 17 20:06:05 vesho dhclient[10222]: DHCPREQUEST of 172.18.1.182 on enxd481d731b2b1 to 172.18.1.253 port 67 (xid=0x5d20e7a3)
Apr 17 20:06:18 vesho dhclient[10222]: DHCPREQUEST of 172.18.1.182 on enxd481d731b2b1 to 172.18.1.253 port 67 (xid=0x5d20e7a3)
Apr 17 20:06:31 vesho dhclient[10222]: DHCPREQUEST of 172.18.1.182 on enxd481d731b2b1 to 172.18.1.253 port 67 (xid=0x5d20e7a3)
Apr 17 20:06:41 vesho dhclient[10222]: DHCPREQUEST of 172.18.1.182 on enxd481d731b2b1 to 172.18.1.253 port 67 (xid=0x5d20e7a3)
Apr 17 20:06:59 vesho dhclient[10222]: DHCPREQUEST of 172.18.1.182 on enxd481d731b2b1 to 172.18.1.253 port 67 (xid=0x5d20e7a3)
Apr 17 20:07:20 vesho dhclient[10222]: DHCPREQUEST of 172.18.1.182 on enxd481d731b2b1 to 172.18.1.253 port 67 (xid=0x5d20e7a3)
Apr 17 20:07:38 vesho dhclient[10222]: DHCPREQUEST of 172.18.1.182 on enxd481d731b2b1 to 172.18.1.253 port 67 (xid=0x5d20e7a3)
Apr 17 20:07:45 vesho dhclient[10222]: DHCPREQUEST of 172.18.1.182 on enxd481d731b2b1 to 172.18.1.253 port 67 (xid=0x5d20e7a3)
Apr 17 20:07:55 vesho kernel: docker0: port 2(vethb624108) entered blocking state
Apr 17 20:07:55 vesho kernel: docker0: port 2(vethb624108) entered disabled state
Apr 17 20:07:55 vesho kernel: device vethb624108 entered promiscuous mode
Apr 17 20:07:55 vesho kernel: IPv6: ADDRCONF(NETDEV_UP): vethb624108: link is not ready
Apr 17 20:07:55 vesho NetworkManager[1184]: [1523984875.0907] manager: (veth6ce6601): new Veth device (/org/freedesktop/NetworkManager/Devices/161)
Apr 17 20:07:55 vesho NetworkManager[1184]: [1523984875.1067] manager: (vethb624108): new Veth device (/org/freedesktop/NetworkManager/Devices/162)
Apr 17 20:07:55 vesho NetworkManager[1184]: [1523984875.1891] devices added (path: /sys/devices/virtual/net/vethb624108, iface: vethb624108)
Apr 17 20:07:55 vesho NetworkManager[1184]: [1523984875.1891] device added (path: /sys/devices/virtual/net/vethb624108, iface: vethb624108): no ifupdown configuration found.
Apr 17 20:07:55 vesho NetworkManager[1184]: [1523984875.1893] devices added (path: /sys/devices/virtual/net/veth6ce6601, iface: veth6ce6601)
Apr 17 20:07:55 vesho NetworkManager[1184]: [1523984875.1893] device added (path: /sys/devices/virtual/net/veth6ce6601, iface: veth6ce6601): no ifupdown configuration found.
Apr 17 20:07:55 vesho kernel: eth0: renamed from veth6ce6601
Apr 17 20:07:55 vesho kernel: IPv6: ADDRCONF(NETDEV_CHANGE): vethb624108: link becomes ready
Apr 17 20:07:55 vesho kernel: docker0: port 2(vethb624108) entered blocking state
Apr 17 20:07:55 vesho kernel: docker0: port 2(vethb624108) entered forwarding state
Apr 17 20:07:55 vesho NetworkManager[1184]: [1523984875.5526] devices removed (path: /sys/devices/virtual/net/veth6ce6601, iface: veth6ce6601)
Apr 17 20:07:55 vesho NetworkManager[1184]: [1523984875.5529] device (vethb624108): carrier: link connected
Apr 17 20:07:56 vesho kernel: docker0: port 3(veth5ec5e3c) entered blocking state
Apr 17 20:07:56 vesho kernel: docker0: port 3(veth5ec5e3c) entered disabled state
Apr 17 20:07:56 vesho kernel: device veth5ec5e3c entered promiscuous mode
Apr 17 20:07:56 vesho kernel: IPv6: ADDRCONF(NETDEV_UP): veth5ec5e3c: link is not ready
Apr 17 20:07:56 vesho kernel: docker0: port 3(veth5ec5e3c) entered blocking state
Apr 17 20:07:56 vesho kernel: docker0: port 3(veth5ec5e3c) entered forwarding state
Apr 17 20:07:56 vesho kernel: docker0: port 3(veth5ec5e3c) entered disabled state
Apr 17 20:07:56 vesho NetworkManager[1184]: [1523984876.1257] manager: (vethee07192): new Veth device (/org/freedesktop/NetworkManager/Devices/163)
Apr 17 20:07:56 vesho NetworkManager[1184]: [1523984876.1283] manager: (veth5ec5e3c): new Veth device (/org/freedesktop/NetworkManager/Devices/164)
Apr 17 20:07:56 vesho NetworkManager[1184]: [1523984876.1477] devices added (path: /sys/devices/virtual/net/vethee07192, iface: vethee07192)
Apr 17 20:07:56 vesho NetworkManager[1184]: [1523984876.1477] device added (path: /sys/devices/virtual/net/vethee07192, iface: vethee07192): no ifupdown configuration found.
Apr 17 20:07:56 vesho NetworkManager[1184]: [1523984876.1557] devices added (path: /sys/devices/virtual/net/veth5ec5e3c, iface: veth5ec5e3c)
Apr 17 20:07:56 vesho NetworkManager[1184]: [1523984876.1557] device added (path: /sys/devices/virtual/net/veth5ec5e3c, iface: veth5ec5e3c): no ifupdown configuration found.
Apr 17 20:07:56 vesho kernel: eth0: renamed from vethee07192
Apr 17 20:07:56 vesho NetworkManager[1184]: [1523984876.4012] devices removed (path: /sys/devices/virtual/net/vethee07192, iface: vethee07192)
Apr 17 20:07:56 vesho kernel: IPv6: ADDRCONF(NETDEV_CHANGE): veth5ec5e3c: link becomes ready
Apr 17 20:07:56 vesho kernel: docker0: port 3(veth5ec5e3c) entered blocking state
Apr 17 20:07:56 vesho kernel: docker0: port 3(veth5ec5e3c) entered forwarding state
Apr 17 20:07:56 vesho NetworkManager[1184]: [1523984876.4198] device (veth5ec5e3c): carrier: link connected
Apr 17 20:07:59 vesho dhclient[10222]: DHCPREQUEST of 172.18.1.182 on enxd481d731b2b1 to 172.18.1.253 port 67 (xid=0x5d20e7a3)
Apr 17 20:08:08 vesho dhclient[10222]: DHCPREQUEST of 172.18.1.182 on enxd481d731b2b1 to 172.18.1.253 port 67 (xid=0x5d20e7a3)
Apr 17 20:08:13 vesho kernel: docker0: port 3(veth5ec5e3c) entered disabled state
Apr 17 20:08:13 vesho kernel: vethee07192: renamed from eth0
Apr 17 20:08:13 vesho NetworkManager[1184]: [1523984893.7068] manager: (vethee07192): new Veth device (/org/freedesktop/NetworkManager/Devices/165)
Apr 17 20:08:13 vesho kernel: docker0: port 3(veth5ec5e3c) entered disabled state
Apr 17 20:08:13 vesho kernel: device veth5ec5e3c left promiscuous mode
Apr 17 20:08:13 vesho kernel: docker0: port 3(veth5ec5e3c) entered disabled state
Apr 17 20:08:13 vesho NetworkManager[1184]: [1523984893.7971] devices added (path: /sys/devices/virtual/net/vethee07192, iface: vethee07192)
Apr 17 20:08:13 vesho NetworkManager[1184]: [1523984893.7971] device added (path: /sys/devices/virtual/net/vethee07192, iface: vethee07192): no ifupdown configuration found.
Apr 17 20:08:13 vesho NetworkManager[1184]: [1523984893.7975] devices removed (path: /sys/devices/virtual/net/vethee07192, iface: vethee07192)
Apr 17 20:08:13 vesho NetworkManager[1184]: [1523984893.7976] devices removed (path: /sys/devices/virtual/net/veth5ec5e3c, iface: veth5ec5e3c)
Apr 17 20:08:13 vesho NetworkManager[1184]: [1523984893.7999] device (veth5ec5e3c): released from master device docker0
Apr 17 20:08:21 vesho dhclient[10222]: DHCPREQUEST of 172.18.1.182 on enxd481d731b2b1 to 172.18.1.253 port 67 (xid=0x5d20e7a3)
Apr 17 20:08:25 vesho kernel: docker0: port 2(vethb624108) entered disabled state
Apr 17 20:08:25 vesho kernel: veth6ce6601: renamed from eth0
Apr 17 20:08:25 vesho NetworkManager[1184]: [1523984905.8954] manager: (veth6ce6601): new Veth device (/org/freedesktop/NetworkManager/Devices/166)
Apr 17 20:08:25 vesho kernel: docker0: port 2(vethb624108) entered disabled state
Apr 17 20:08:25 vesho kernel: device vethb624108 left promiscuous mode
Apr 17 20:08:25 vesho kernel: docker0: port 2(vethb624108) entered disabled state
Apr 17 20:08:25 vesho NetworkManager[1184]: [1523984905.9659] devices added (path: /sys/devices/virtual/net/veth6ce6601, iface: veth6ce6601)
Apr 17 20:08:25 vesho NetworkManager[1184]: [1523984905.9659] device added (path: /sys/devices/virtual/net/veth6ce6601, iface: veth6ce6601): no ifupdown configuration found.
Apr 17 20:08:25 vesho NetworkManager[1184]: [1523984905.9663] devices removed (path: /sys/devices/virtual/net/vethb624108, iface: vethb624108)
Apr 17 20:08:25 vesho NetworkManager[1184]: [1523984905.9663] devices removed (path: /sys/devices/virtual/net/veth6ce6601, iface: veth6ce6601)
Apr 17 20:08:25 vesho NetworkManager[1184]: [1523984905.9680] device (vethb624108): released from master device docker0
Apr 17 20:08:40 vesho dhclient[10222]: DHCPREQUEST of 172.18.1.182 on enxd481d731b2b1 to 172.18.1.253 port 67 (xid=0x5d20e7a3)
Apr 17 20:08:51 vesho dhclient[10222]: DHCPREQUEST of 172.18.1.182 on enxd481d731b2b1 to 172.18.1.253 port 67 (xid=0x5d20e7a3)
Apr 17 20:09:06 vesho dhclient[10222]: DHCPREQUEST of 172.18.1.182 on enxd481d731b2b1 to 172.18.1.253 port 67 (xid=0x5d20e7a3)
Apr 17 20:09:25 vesho dhclient[10222]: DHCPREQUEST of 172.18.1.182 on enxd481d731b2b1 to 172.18.1.253 port 67 (xid=0x5d20e7a3)
Apr 17 20:09:32 vesho dhclient[2023]: DHCPREQUEST of 172.18.1.122 on wlp2s0 to 172.18.1.254 port 67 (xid=0x6ed094d7)
Apr 17 20:09:32 vesho dhclient[2023]: DHCPACK of 172.18.1.122 from 172.18.1.254
Apr 17 20:09:32 vesho NetworkManager[1184]: [1523984972.0675] dhcp4 (wlp2s0): address 172.18.1.122
Apr 17 20:09:32 vesho NetworkManager[1184]: [1523984972.0675] dhcp4 (wlp2s0): plen 24 (255.255.255.0)
Apr 17 20:09:32 vesho NetworkManager[1184]: [1523984972.0675] dhcp4 (wlp2s0): gateway 172.18.1.254
Apr 17 20:09:32 vesho NetworkManager[1184]: [1523984972.0675] dhcp4 (wlp2s0): lease time 600
Apr 17 20:09:32 vesho NetworkManager[1184]: [1523984972.0675] dhcp4 (wlp2s0): nameserver '8.8.8.8'
Apr 17 20:09:32 vesho NetworkManager[1184]: [1523984972.0675] dhcp4 (wlp2s0): nameserver '8.8.4.4'
Apr 17 20:09:32 vesho NetworkManager[1184]: [1523984972.0675] dhcp4 (wlp2s0): state changed bound -> bound
Apr 17 20:09:32 vesho dhclient[2023]: bound to 172.18.1.122 -- renewal in 289 seconds.
Apr 17 20:09:40 vesho dhclient[10222]: DHCPREQUEST of 172.18.1.182 on enxd481d731b2b1 to 172.18.1.253 port 67 (xid=0x5d20e7a3)
Apr 17 20:09:52 vesho dhclient[10222]: DHCPREQUEST of 172.18.1.182 on enxd481d731b2b1 to 172.18.1.253 port 67 (xid=0x5d20e7a3)
Apr 17 20:09:59 vesho dhclient[10222]: DHCPREQUEST of 172.18.1.182 on enxd481d731b2b1 to 172.18.1.253 port 67 (xid=0x5d20e7a3)
Apr 17 20:10:14 vesho dhclient[10222]: DHCPREQUEST of 172.18.1.182 on enxd481d731b2b1 to 172.18.1.253 port 67 (xid=0x5d20e7a3)
Apr 17 20:10:19 vesho wpa_supplicant[1194]: TDLS: Invalid frame - payloadtype=1 category=240 action=10
Apr 17 20:10:25 vesho dhclient[10222]: DHCPREQUEST of 172.18.1.182 on enxd481d731b2b1 to 172.18.1.253 port 67 (xid=0x5d20e7a3)
Apr 17 20:10:38 vesho dhclient[10222]: DHCPREQUEST of 172.18.1.182 on enxd481d731b2b1 to 172.18.1.253 port 67 (xid=0x5d20e7a3)
Apr 17 20:10:52 vesho dhclient[10222]: DHCPREQUEST of 172.18.1.182 on enxd481d731b2b1 to 172.18.1.253 port 67 (xid=0x5d20e7a3)
Apr 17 20:11:06 vesho dhclient[10222]: DHCPREQUEST of 172.18.1.182 on enxd481d731b2b1 to 172.18.1.253 port 67 (xid=0x5d20e7a3)
Apr 17 20:11:25 vesho dhclient[10222]: DHCPREQUEST of 172.18.1.182 on enxd481d731b2b1 to 172.18.1.253 port 67 (xid=0x5d20e7a3)
Apr 17 20:11:38 vesho dhclient[10222]: DHCPREQUEST of 172.18.1.182 on enxd481d731b2b1 to 172.18.1.253 port 67 (xid=0x5d20e7a3)
Apr 17 20:11:48 vesho dhclient[10222]: DHCPREQUEST of 172.18.1.182 on enxd481d731b2b1 to 172.18.1.253 port 67 (xid=0x5d20e7a3)
Apr 17 20:12:03 vesho dhclient[10222]: DHCPREQUEST of 172.18.1.182 on enxd481d731b2b1 to 172.18.1.253 port 67 (xid=0x5d20e7a3)
Apr 17 20:12:20 vesho dhclient[10222]: DHCPREQUEST of 172.18.1.182 on enxd481d731b2b1 to 172.18.1.253 port 67 (xid=0x5d20e7a3)
Apr 17 20:12:29 vesho dhclient[10222]: DHCPREQUEST of 172.18.1.182 on enxd481d731b2b1 to 172.18.1.253 port 67 (xid=0x5d20e7a3)
Apr 17 20:12:38 vesho dhclient[10222]: DHCPREQUEST of 172.18.1.182 on enxd481d731b2b1 to 172.18.1.253 port 67 (xid=0x5d20e7a3)
