2019-01-31 14:08:18.663 70865 DEBUG eventlet.wsgi.server [-] (70865) accepted ('172.31.200.103', 49160) server /usr/lib/python2.7/site-packages/eventlet/wsgi.py:883
2019-01-31 14:08:18.922 70865 DEBUG zun.api.controllers.v1 [-] Processing request: url: http://172.31.200.103:9517/v1/containers?run=true, POST, body: {"image_pull_policy": "ifnotpresent", "auto_remove": false, "name": "container", "image": "nginx", "labels": {}, "environment": {}, "command": [], "mounts": [{"source": "test", "destination": "/data"}], "nets": [{"network": "1a4de5c6-6e74-4d31-8c04-cf45f048ae84"}], "hints": {}} _route /usr/lib/python2.7/site-packages/zun/api/controllers/v1/__init__.py:223
2019-01-31 14:08:18.964 70865 DEBUG zun.common.quota [req-aafbc7c6-25b1-4e28-8eea-12ad0bcc8a15 3740ad4ed7ed40d68719c94f26fd0c5e 9d854a5d11884c84bfd5fdce35eeaae4 default - -] Getting quotas for project 9d854a5d11884c84bfd5fdce35eeaae4. Resources:['disk', 'cpu', 'containers', 'memory'] _get_quotas /usr/lib/python2.7/site-packages/zun/common/quota.py:157
2019-01-31 14:08:19.222 70865 DEBUG cinderclient.v3.client [req-aafbc7c6-25b1-4e28-8eea-12ad0bcc8a15 3740ad4ed7ed40d68719c94f26fd0c5e 9d854a5d11884c84bfd5fdce35eeaae4 default - -] REQ: curl -g -i -X GET http://172.31.200.103:8776/v3/9d854a5d11884c84bfd5fdce35eeaae4/volumes/detail?all_tenants=1&name=test -H "User-Agent: python-cinderclient" -H "Accept: application/json" -H "X-Auth-Token: {SHA1}21efb0b29b578a993e1eef9ef2340190b42533f4" _http_log_request /usr/lib/python2.7/site-packages/keystoneauth1/session.py:372
2019-01-31 14:08:19.941 70865 DEBUG cinderclient.v3.client [req-aafbc7c6-25b1-4e28-8eea-12ad0bcc8a15 3740ad4ed7ed40d68719c94f26fd0c5e 9d854a5d11884c84bfd5fdce35eeaae4 default - -] RESP: [200] X-Compute-Request-Id: req-446fc3b3-143c-4cf1-8598-403874bbc870 Content-Type: application/json Content-Length: 1018 Openstack-Api-Version: volume 3.0 Vary: OpenStack-API-Version X-Openstack-Request-Id: req-446fc3b3-143c-4cf1-8598-403874bbc870 Date: Thu, 31 Jan 2019 06:08:19 GMT Connection: keep-alive RESP BODY: {"volumes": [{"migration_status": null, "attachments": [], "links": [{"href": "http://172.31.200.103:8776/v3/9d854a5d11884c84bfd5fdce35eeaae4/volumes/8c98bbdc-5d90-44d3-a689-db66df92d999", "rel": "self"}, {"href": "http://172.31.200.103:8776/9d854a5d11884c84bfd5fdce35eeaae4/volumes/8c98bbdc-5d90-44d3-a689-db66df92d999", "rel": "bookmark"}], "availability_zone": "nova", "os-vol-host-attr:host": "controller@lvm#LVM", "encrypted": false, "updated_at": "2019-01-31T06:03:36.000000", "replication_status": null, "snapshot_id": null, "id": "8c98bbdc-5d90-44d3-a689-db66df92d999", "size": 5, "user_id": "3740ad4ed7ed40d68719c94f26fd0c5e", "os-vol-tenant-attr:tenant_id": "9d854a5d11884c84bfd5fdce35eeaae4", "os-vol-mig-status-attr:migstat": null, "metadata": {}, "status": "available", "description": "", "multiattach": false, "source_volid": null, "consistencygroup_id": null, "os-vol-mig-status-attr:name_id": null, "name": "test", "bootable": "false", "created_at": "2019-01-31T03:44:10.000000", "volume_type": null}]} _http_log_response /usr/lib/python2.7/site-packages/keystoneauth1/session.py:419
2019-01-31 14:08:19.941 70865 DEBUG cinderclient.v3.client [req-aafbc7c6-25b1-4e28-8eea-12ad0bcc8a15 3740ad4ed7ed40d68719c94f26fd0c5e 9d854a5d11884c84bfd5fdce35eeaae4 default - -] GET call to volumev3 for http://172.31.200.103:8776/v3/9d854a5d11884c84bfd5fdce35eeaae4/volumes/detail?all_tenants=1&name=test used request id req-446fc3b3-143c-4cf1-8598-403874bbc870 request /usr/lib/python2.7/site-packages/keystoneauth1/session.py:722
2019-01-31 14:08:19.980 70865 DEBUG oslo_concurrency.lockutils [req-aafbc7c6-25b1-4e28-8eea-12ad0bcc8a15 3740ad4ed7ed40d68719c94f26fd0c5e 9d854a5d11884c84bfd5fdce35eeaae4 default - -] Lock "(u'compute-1', ComputeNode(architecture='x86_64',cpu_used=166.0,cpus=12,created_at=2019-01-08T12:34:51Z,disk_quota_supported=False,disk_total=179,disk_used=0,enable_cpu_pinning=False,hostname='compute-1',kernel_version='3.10.0-862.14.4.el7.x86_64',labels={},mem_available=106733,mem_free=32404,mem_total=128660,mem_used=96256,numa_topology=NUMATopology,os='CentOS Linux 7 (Core)',os_type='linux',paused_containers=0,pci_device_pools=PciDevicePoolList,running_containers=136,runtimes=['runc','kata-runtime'],stopped_containers=0,total_containers=36,updated_at=2019-01-31T06:04:52Z,uuid=0776ecfd-7347-4871-83a4-85f38b10a000))" acquired by "zun.scheduler.host_state._locked_update" :: waited 0.000s inner /usr/lib/python2.7/site-packages/oslo_concurrency/lockutils.py:273
2019-01-31 14:08:19.982 70865 DEBUG zun.scheduler.host_state [req-aafbc7c6-25b1-4e28-8eea-12ad0bcc8a15 3740ad4ed7ed40d68719c94f26fd0c5e 9d854a5d11884c84bfd5fdce35eeaae4 default - -] Update host state from compute node: ComputeNode(architecture='x86_64',cpu_used=166.0,cpus=12,created_at=2019-01-08T12:34:51Z,disk_quota_supported=False,disk_total=179,disk_used=0,enable_cpu_pinning=False,hostname='compute-1',kernel_version='3.10.0-862.14.4.el7.x86_64',labels={},mem_available=106733,mem_free=32404,mem_total=128660,mem_used=96256,numa_topology=NUMATopology,os='CentOS Linux 7 (Core)',os_type='linux',paused_containers=0,pci_device_pools=PciDevicePoolList,running_containers=136,runtimes=['runc','kata-runtime'],stopped_containers=0,total_containers=36,updated_at=2019-01-31T06:04:52Z,uuid=0776ecfd-7347-4871-83a4-85f38b10a000) _locked_update /usr/lib/python2.7/site-packages/zun/scheduler/host_state.py:56
2019-01-31 14:08:19.984 70865 DEBUG zun.scheduler.host_state [req-aafbc7c6-25b1-4e28-8eea-12ad0bcc8a15 3740ad4ed7ed40d68719c94f26fd0c5e 9d854a5d11884c84bfd5fdce35eeaae4 default - -] Update host state with service: ZunService(availability_zone='nova',binary='zun-compute',created_at=2019-01-08T12:35:52Z,disabled=False,disabled_reason=None,forced_down=False,host='compute-1',id=1,last_seen_up=2019-01-31T06:07:54Z,report_count=30577,updated_at=2019-01-31T06:07:54Z) _locked_update /usr/lib/python2.7/site-packages/zun/scheduler/host_state.py:59
2019-01-31 14:08:19.985 70865 DEBUG oslo_concurrency.lockutils [req-aafbc7c6-25b1-4e28-8eea-12ad0bcc8a15 3740ad4ed7ed40d68719c94f26fd0c5e 9d854a5d11884c84bfd5fdce35eeaae4 default - -] Lock "(u'compute-1', ComputeNode(architecture='x86_64',cpu_used=166.0,cpus=12,created_at=2019-01-08T12:34:51Z,disk_quota_supported=False,disk_total=179,disk_used=0,enable_cpu_pinning=False,hostname='compute-1',kernel_version='3.10.0-862.14.4.el7.x86_64',labels={},mem_available=106733,mem_free=32404,mem_total=128660,mem_used=96256,numa_topology=NUMATopology,os='CentOS Linux 7 (Core)',os_type='linux',paused_containers=0,pci_device_pools=PciDevicePoolList,running_containers=136,runtimes=['runc','kata-runtime'],stopped_containers=0,total_containers=36,updated_at=2019-01-31T06:04:52Z,uuid=0776ecfd-7347-4871-83a4-85f38b10a000))" released by "zun.scheduler.host_state._locked_update" :: held 0.005s inner /usr/lib/python2.7/site-packages/oslo_concurrency/lockutils.py:285
2019-01-31 14:08:19.987 70865 DEBUG oslo_concurrency.lockutils [req-aafbc7c6-25b1-4e28-8eea-12ad0bcc8a15 3740ad4ed7ed40d68719c94f26fd0c5e 9d854a5d11884c84bfd5fdce35eeaae4 default - -] Lock "(u'compute-3', ComputeNode(architecture='x86_64',cpu_used=7.0,cpus=32,created_at=2019-01-23T12:06:44Z,disk_quota_supported=False,disk_total=181,disk_used=0,enable_cpu_pinning=False,hostname='compute-3',kernel_version='3.10.0-514.el7.x86_64',labels={},mem_available=81352,mem_free=92389,mem_total=96485,mem_used=4096,numa_topology=NUMATopology,os='CentOS Linux 7 (Core)',os_type='linux',paused_containers=0,pci_device_pools=PciDevicePoolList,running_containers=7,runtimes=['runc','kata-runtime'],stopped_containers=1,total_containers=8,updated_at=2019-01-31T06:07:28Z,uuid=515d4107-e06d-4c08-a1b0-994372da0288))" acquired by "zun.scheduler.host_state._locked_update" :: waited 0.000s inner /usr/lib/python2.7/site-packages/oslo_concurrency/lockutils.py:273
2019-01-31 14:08:19.988 70865 DEBUG zun.scheduler.host_state [req-aafbc7c6-25b1-4e28-8eea-12ad0bcc8a15 3740ad4ed7ed40d68719c94f26fd0c5e 9d854a5d11884c84bfd5fdce35eeaae4 default - -] Update host state from compute node: ComputeNode(architecture='x86_64',cpu_used=7.0,cpus=32,created_at=2019-01-23T12:06:44Z,disk_quota_supported=False,disk_total=181,disk_used=0,enable_cpu_pinning=False,hostname='compute-3',kernel_version='3.10.0-514.el7.x86_64',labels={},mem_available=81352,mem_free=92389,mem_total=96485,mem_used=4096,numa_topology=NUMATopology,os='CentOS Linux 7 (Core)',os_type='linux',paused_containers=0,pci_device_pools=PciDevicePoolList,running_containers=7,runtimes=['runc','kata-runtime'],stopped_containers=1,total_containers=8,updated_at=2019-01-31T06:07:28Z,uuid=515d4107-e06d-4c08-a1b0-994372da0288) _locked_update /usr/lib/python2.7/site-packages/zun/scheduler/host_state.py:56
2019-01-31 14:08:19.990 70865 DEBUG zun.scheduler.host_state [req-aafbc7c6-25b1-4e28-8eea-12ad0bcc8a15 3740ad4ed7ed40d68719c94f26fd0c5e 9d854a5d11884c84bfd5fdce35eeaae4 default - -] Update host state with service: ZunService(availability_zone='nova',binary='zun-compute',created_at=2019-01-23T11:47:52Z,disabled=False,disabled_reason=None,forced_down=False,host='compute-3',id=3,last_seen_up=2019-01-31T06:07:21Z,report_count=10995,updated_at=2019-01-31T06:07:21Z) _locked_update /usr/lib/python2.7/site-packages/zun/scheduler/host_state.py:59
2019-01-31 14:08:19.991 70865 DEBUG oslo_concurrency.lockutils [req-aafbc7c6-25b1-4e28-8eea-12ad0bcc8a15 3740ad4ed7ed40d68719c94f26fd0c5e 9d854a5d11884c84bfd5fdce35eeaae4 default - -] Lock "(u'compute-3', ComputeNode(architecture='x86_64',cpu_used=7.0,cpus=32,created_at=2019-01-23T12:06:44Z,disk_quota_supported=False,disk_total=181,disk_used=0,enable_cpu_pinning=False,hostname='compute-3',kernel_version='3.10.0-514.el7.x86_64',labels={},mem_available=81352,mem_free=92389,mem_total=96485,mem_used=4096,numa_topology=NUMATopology,os='CentOS Linux 7 (Core)',os_type='linux',paused_containers=0,pci_device_pools=PciDevicePoolList,running_containers=7,runtimes=['runc','kata-runtime'],stopped_containers=1,total_containers=8,updated_at=2019-01-31T06:07:28Z,uuid=515d4107-e06d-4c08-a1b0-994372da0288))" released by "zun.scheduler.host_state._locked_update" :: held 0.004s inner /usr/lib/python2.7/site-packages/oslo_concurrency/lockutils.py:285
2019-01-31 14:08:19.993 70865 DEBUG oslo_concurrency.lockutils [req-aafbc7c6-25b1-4e28-8eea-12ad0bcc8a15 3740ad4ed7ed40d68719c94f26fd0c5e 9d854a5d11884c84bfd5fdce35eeaae4 default - -] Lock "(u'compute-2', ComputeNode(architecture='x86_64',cpu_used=6.0,cpus=12,created_at=2019-01-08T12:34:49Z,disk_quota_supported=False,disk_total=728,disk_used=0,enable_cpu_pinning=False,hostname='compute-2',kernel_version='3.10.0-862.11.6.el7.x86_64',labels={},mem_available=124713,mem_free=125076,mem_total=128660,mem_used=3584,numa_topology=NUMATopology,os='CentOS Linux 7 (Core)',os_type='linux',paused_containers=0,pci_device_pools=PciDevicePoolList,running_containers=6,runtimes=['runc','kata-runtime'],stopped_containers=0,total_containers=6,updated_at=2019-01-31T06:08:47Z,uuid=f7348f9f-3c23-4369-b021-4ba0ff67f2b3))" acquired by "zun.scheduler.host_state._locked_update" :: waited 0.000s inner /usr/lib/python2.7/site-packages/oslo_concurrency/lockutils.py:273
2019-01-31 14:08:19.995 70865 DEBUG zun.scheduler.host_state [req-aafbc7c6-25b1-4e28-8eea-12ad0bcc8a15 3740ad4ed7ed40d68719c94f26fd0c5e 9d854a5d11884c84bfd5fdce35eeaae4 default - -] Update host state from compute node: ComputeNode(architecture='x86_64',cpu_used=6.0,cpus=12,created_at=2019-01-08T12:34:49Z,disk_quota_supported=False,disk_total=728,disk_used=0,enable_cpu_pinning=False,hostname='compute-2',kernel_version='3.10.0-862.11.6.el7.x86_64',labels={},mem_available=124713,mem_free=125076,mem_total=128660,mem_used=3584,numa_topology=NUMATopology,os='CentOS Linux 7 (Core)',os_type='linux',paused_containers=0,pci_device_pools=PciDevicePoolList,running_containers=6,runtimes=['runc','kata-runtime'],stopped_containers=0,total_containers=6,updated_at=2019-01-31T06:08:47Z,uuid=f7348f9f-3c23-4369-b021-4ba0ff67f2b3) _locked_update /usr/lib/python2.7/site-packages/zun/scheduler/host_state.py:56
2019-01-31 14:08:19.996 70865 DEBUG zun.scheduler.host_state [req-aafbc7c6-25b1-4e28-8eea-12ad0bcc8a15 3740ad4ed7ed40d68719c94f26fd0c5e 9d854a5d11884c84bfd5fdce35eeaae4 default - -] Update host state with service: ZunService(availability_zone='nova',binary='zun-compute',created_at=2019-01-08T12:36:07Z,disabled=False,disabled_reason=None,forced_down=False,host='compute-2',id=2,last_seen_up=2019-01-31T06:08:02Z,report_count=31968,updated_at=2019-01-31T06:08:02Z) _locked_update /usr/lib/python2.7/site-packages/zun/scheduler/host_state.py:59
2019-01-31 14:08:19.997 70865 DEBUG oslo_concurrency.lockutils [req-aafbc7c6-25b1-4e28-8eea-12ad0bcc8a15 3740ad4ed7ed40d68719c94f26fd0c5e 9d854a5d11884c84bfd5fdce35eeaae4 default - -] Lock "(u'compute-2', ComputeNode(architecture='x86_64',cpu_used=6.0,cpus=12,created_at=2019-01-08T12:34:49Z,disk_quota_supported=False,disk_total=728,disk_used=0,enable_cpu_pinning=False,hostname='compute-2',kernel_version='3.10.0-862.11.6.el7.x86_64',labels={},mem_available=124713,mem_free=125076,mem_total=128660,mem_used=3584,numa_topology=NUMATopology,os='CentOS Linux 7 (Core)',os_type='linux',paused_containers=0,pci_device_pools=PciDevicePoolList,running_containers=6,runtimes=['runc','kata-runtime'],stopped_containers=0,total_containers=6,updated_at=2019-01-31T06:08:47Z,uuid=f7348f9f-3c23-4369-b021-4ba0ff67f2b3))" released by "zun.scheduler.host_state._locked_update" :: held 0.004s inner /usr/lib/python2.7/site-packages/oslo_concurrency/lockutils.py:285
2019-01-31 14:08:19.999 70865 DEBUG zun.scheduler.base_filters [req-aafbc7c6-25b1-4e28-8eea-12ad0bcc8a15 3740ad4ed7ed40d68719c94f26fd0c5e 9d854a5d11884c84bfd5fdce35eeaae4 default - -] Starting with 3 host(s) get_filtered_objects /usr/lib/python2.7/site-packages/zun/scheduler/base_filters.py:67
2019-01-31 14:08:20.000 70865 DEBUG zun.scheduler.base_filters [req-aafbc7c6-25b1-4e28-8eea-12ad0bcc8a15 3740ad4ed7ed40d68719c94f26fd0c5e 9d854a5d11884c84bfd5fdce35eeaae4 default - -] Filter AvailabilityZoneFilter returned 3 host(s) get_filtered_objects /usr/lib/python2.7/site-packages/zun/scheduler/base_filters.py:95
2019-01-31 14:08:20.001 70865 DEBUG zun.scheduler.base_filters [req-aafbc7c6-25b1-4e28-8eea-12ad0bcc8a15 3740ad4ed7ed40d68719c94f26fd0c5e 9d854a5d11884c84bfd5fdce35eeaae4 default - -] Filter ComputeFilter returned 3 host(s) get_filtered_objects /usr/lib/python2.7/site-packages/zun/scheduler/base_filters.py:95
2019-01-31 14:08:20.001 70865 DEBUG zun.scheduler.base_filters [req-aafbc7c6-25b1-4e28-8eea-12ad0bcc8a15 3740ad4ed7ed40d68719c94f26fd0c5e 9d854a5d11884c84bfd5fdce35eeaae4 default - -] Filter DiskFilter returned 3 host(s) get_filtered_objects /usr/lib/python2.7/site-packages/zun/scheduler/base_filters.py:95
2019-01-31 14:08:21.049 70865 INFO eventlet.wsgi.server [req-aafbc7c6-25b1-4e28-8eea-12ad0bcc8a15 3740ad4ed7ed40d68719c94f26fd0c5e 9d854a5d11884c84bfd5fdce35eeaae4 default - -] 172.31.200.103 "POST /v1/containers?run=true HTTP/1.1" status: 202 len: 1382 time: 2.3845880
2019-01-31 14:08:25.287 70860 DEBUG eventlet.wsgi.server [-] (70860) accepted ('172.31.10.75', 47380) server /usr/lib/python2.7/site-packages/eventlet/wsgi.py:883
2019-01-31 14:08:25.361 70860 INFO eventlet.wsgi.server [req-b73b432e-dafd-4e5e-8f6d-e63a087132dd 3740ad4ed7ed40d68719c94f26fd0c5e 9d854a5d11884c84bfd5fdce35eeaae4 default - -] 172.31.10.75 "GET /v1/containers/0cab1245-a61c-42f2-9193-441a3a3c0223 HTTP/1.1" status: 200 len: 1559 time: 0.0732741
2019-01-31 14:08:25.393 70860 DEBUG zun.api.controllers.v1.containers [req-0c9c5006-b87c-4e8a-9051-6c96a0b275d4 3740ad4ed7ed40d68719c94f26fd0c5e 9d854a5d11884c84bfd5fdce35eeaae4 default - -] Calling compute.container_exec with 0cab1245-a61c-42f2-9193-441a3a3c0223 command sh -c "echo 'a9a5ac78eb06e580da89991b78d9ea90' > /flag" execute /usr/lib/python2.7/site-packages/zun/api/controllers/v1/containers.py:978
2019-01-31 14:08:25.564 70860 INFO eventlet.wsgi.server [req-0c9c5006-b87c-4e8a-9051-6c96a0b275d4 3740ad4ed7ed40d68719c94f26fd0c5e 9d854a5d11884c84bfd5fdce35eeaae4 default - -] 172.31.10.75 "POST /v1/containers/0cab1245-a61c-42f2-9193-441a3a3c0223/execute?command=sh%20-c%20%22echo%20%27a9a5ac78eb06e580da89991b78d9ea90%27%20%3E%20%2Fflag%22&run=True&interactive=False HTTP/1.1" status: 200 len: 400 time: 0.1885881
2019-01-31 14:08:25.631 70873 DEBUG eventlet.wsgi.server [-] (70873) accepted ('172.31.10.75', 47384) server /usr/lib/python2.7/site-packages/eventlet/wsgi.py:883
2019-01-31 14:08:25.695 70873 INFO eventlet.wsgi.server [req-f1ffd0f2-57c6-47f6-b1bf-6e9ddd23401f 3740ad4ed7ed40d68719c94f26fd0c5e 9d854a5d11884c84bfd5fdce35eeaae4 default - -] 172.31.10.75 "GET /v1/containers/1acc31e9-406b-4036-b210-dca599566826 HTTP/1.1" status: 200 len: 1559 time: 0.0628390
2019-01-31 14:08:25.716 70873 DEBUG zun.api.controllers.v1.containers [req-c5a9b9ef-f215-456c-b27c-8add5cacbb51 3740ad4ed7ed40d68719c94f26fd0c5e 9d854a5d11884c84bfd5fdce35eeaae4 default - -] Calling compute.container_exec with 1acc31e9-406b-4036-b210-dca599566826 command sh -c "echo 'b4440bf6dcd2db68fea9ef39de80b113' > /flag" execute /usr/lib/python2.7/site-packages/zun/api/controllers/v1/containers.py:978
2019-01-31 14:08:25.899 70873 INFO eventlet.wsgi.server [req-c5a9b9ef-f215-456c-b27c-8add5cacbb51 3740ad4ed7ed40d68719c94f26fd0c5e 9d854a5d11884c84bfd5fdce35eeaae4 default - -] 172.31.10.75 "POST /v1/containers/1acc31e9-406b-4036-b210-dca599566826/execute?command=sh%20-c%20%22echo%20%27b4440bf6dcd2db68fea9ef39de80b113%27%20%3E%20%2Fflag%22&run=True&interactive=False HTTP/1.1" status: 200 len: 400 time: 0.1986110
2019-01-31 14:08:25.952 70867 DEBUG eventlet.wsgi.server [-] (70867) accepted ('172.31.10.75', 47390) server /usr/lib/python2.7/site-packages/eventlet/wsgi.py:883
2019-01-31 14:08:26.036 70867 INFO eventlet.wsgi.server [req-c3cde623-494e-4c2e-a500-4093756e3ffe 3740ad4ed7ed40d68719c94f26fd0c5e 9d854a5d11884c84bfd5fdce35eeaae4 default - -] 172.31.10.75 "GET /v1/containers/b8523b21-feda-4509-aea2-2e2cbaed7332 HTTP/1.1" status: 200 len: 1559 time: 0.0821080
2019-01-31 14:08:26.059 70867 DEBUG zun.api.controllers.v1.containers [req-b3eaa552-45db-46ea-9053-7731a05ebcba 3740ad4ed7ed40d68719c94f26fd0c5e 9d854a5d11884c84bfd5fdce35eeaae4 default - -] Calling compute.container_exec with b8523b21-feda-4509-aea2-2e2cbaed7332 command sh -c "echo '0c075eae3ab5864ed933a5b51403c7fa' > /flag" execute /usr/lib/python2.7/site-packages/zun/api/controllers/v1/containers.py:978
2019-01-31 14:08:26.195 70848 DEBUG eventlet.wsgi.server [-] (70848) accepted ('172.31.10.75', 47392) server /usr/lib/python2.7/site-packages/eventlet/wsgi.py:883
2019-01-31 14:08:26.206 70871 DEBUG eventlet.wsgi.server [-] (70871) accepted ('172.31.10.75', 47394) server /usr/lib/python2.7/site-packages/eventlet/wsgi.py:883
2019-01-31 14:08:26.289 70848 INFO eventlet.wsgi.server [req-9af43839-b542-405e-83de-3bda6b053254 3740ad4ed7ed40d68719c94f26fd0c5e 9d854a5d11884c84bfd5fdce35eeaae4 default - -] 172.31.10.75 "GET /v1/containers/f8c14e61-3975-44fc-9031-b45e72620050 HTTP/1.1" status: 200 len: 1559 time: 0.0926068
2019-01-31 14:08:26.292 70871 INFO eventlet.wsgi.server [req-ee336693-20b7-4c12-b19b-aaa993f492c3 3740ad4ed7ed40d68719c94f26fd0c5e 9d854a5d11884c84bfd5fdce35eeaae4 default - -] 172.31.10.75 "GET /v1/containers/86abd7e9-27e6-4f6d-bc26-3a025f16cecd HTTP/1.1" status: 200 len: 1559 time: 0.0850902
2019-01-31 14:08:26.296 70867 INFO eventlet.wsgi.server [req-b3eaa552-45db-46ea-9053-7731a05ebcba 3740ad4ed7ed40d68719c94f26fd0c5e 9d854a5d11884c84bfd5fdce35eeaae4 default - -] 172.31.10.75 "POST /v1/containers/b8523b21-feda-4509-aea2-2e2cbaed7332/execute?command=sh%20-c%20%22echo%20%270c075eae3ab5864ed933a5b51403c7fa%27%20%3E%20%2Fflag%22&run=True&interactive=False HTTP/1.1" status: 200 len: 400 time: 0.2533069
2019-01-31 14:08:26.313 70848 DEBUG zun.api.controllers.v1.containers [req-0eabd463-b46c-4532-85c9-18505517d18d 3740ad4ed7ed40d68719c94f26fd0c5e 9d854a5d11884c84bfd5fdce35eeaae4 default - -] Calling compute.container_exec with f8c14e61-3975-44fc-9031-b45e72620050 command sh -c "echo '4f362061de074636baa39ff37057dcb6' > /flag" execute /usr/lib/python2.7/site-packages/zun/api/controllers/v1/containers.py:978
2019-01-31 14:08:26.316 70871 DEBUG zun.api.controllers.v1.containers [req-f22aa86f-868d-4bd6-85b4-be8a3e30e702 3740ad4ed7ed40d68719c94f26fd0c5e 9d854a5d11884c84bfd5fdce35eeaae4 default - -] Calling compute.container_exec with 86abd7e9-27e6-4f6d-bc26-3a025f16cecd command sh -c "echo 'a3178b32c883db56c335a5ee9cca6495' > /flag" execute /usr/lib/python2.7/site-packages/zun/api/controllers/v1/containers.py:978
2019-01-31 14:08:26.525 70848 INFO eventlet.wsgi.server [req-0eabd463-b46c-4532-85c9-18505517d18d 3740ad4ed7ed40d68719c94f26fd0c5e 9d854a5d11884c84bfd5fdce35eeaae4 default - -] 172.31.10.75 "POST /v1/containers/f8c14e61-3975-44fc-9031-b45e72620050/execute?command=sh%20-c%20%22echo%20%274f362061de074636baa39ff37057dcb6%27%20%3E%20%2Fflag%22&run=True&interactive=False HTTP/1.1" status: 200 len: 400 time: 0.2300150
2019-01-31 14:08:26.544 70871 INFO eventlet.wsgi.server [req-f22aa86f-868d-4bd6-85b4-be8a3e30e702 3740ad4ed7ed40d68719c94f26fd0c5e 9d854a5d11884c84bfd5fdce35eeaae4 default - -] 172.31.10.75 "POST /v1/containers/86abd7e9-27e6-4f6d-bc26-3a025f16cecd/execute?command=sh%20-c%20%22echo%20%27a3178b32c883db56c335a5ee9cca6495%27%20%3E%20%2Fflag%22&run=True&interactive=False HTTP/1.1" status: 200 len: 400 time: 0.2462070
2019-01-31 14:08:27.033 70861 DEBUG eventlet.wsgi.server [-] (70861) accepted ('172.31.200.103', 49200) server /usr/lib/python2.7/site-packages/eventlet/wsgi.py:883
2019-01-31 14:08:27.459 70861 INFO eventlet.wsgi.server [req-a6b8363d-2dfa-4c58-90ef-8342bdac0ac6 3740ad4ed7ed40d68719c94f26fd0c5e 9d854a5d11884c84bfd5fdce35eeaae4 default - -] 172.31.200.103 "GET /v1/containers HTTP/1.1" status: 200 len: 20798 time: 0.4253101
2019-01-31 14:08:31.766 70861 DEBUG eventlet.wsgi.server [-] (70861) accepted ('172.31.200.103', 49212) server /usr/lib/python2.7/site-packages/eventlet/wsgi.py:883
2019-01-31 14:08:32.130 70861 INFO eventlet.wsgi.server [req-bdf1559a-a171-4c6c-8dad-b8ce9fe86f0d 3740ad4ed7ed40d68719c94f26fd0c5e 9d854a5d11884c84bfd5fdce35eeaae4 default - -] 172.31.200.103 "GET /v1/containers HTTP/1.1" status: 200 len: 20798 time: 0.3629470
2019-01-31 14:08:36.226 70856 DEBUG eventlet.wsgi.server [-] (70856) accepted ('172.31.200.103', 49226) server /usr/lib/python2.7/site-packages/eventlet/wsgi.py:883
2019-01-31 14:08:36.835 70856 INFO eventlet.wsgi.server [req-b5670808-3953-4147-9e4f-bdbbce97d05c 3740ad4ed7ed40d68719c94f26fd0c5e 9d854a5d11884c84bfd5fdce35eeaae4 default - -] 172.31.200.103 "GET /v1/containers HTTP/1.1" status: 200 len: 21076 time: 0.6067431
2019-01-31 14:08:40.367 70874 DEBUG eventlet.wsgi.server [-] (70874) accepted ('172.31.200.103', 49238) server /usr/lib/python2.7/site-packages/eventlet/wsgi.py:883
2019-01-31 14:08:40.692 70874 INFO eventlet.wsgi.server [req-8ac202d4-f196-4906-9336-388d7326744d 3740ad4ed7ed40d68719c94f26fd0c5e 9d854a5d11884c84bfd5fdce35eeaae4 default - -] 172.31.200.103 "GET /v1/containers HTTP/1.1" status: 200 len: 21076 time: 0.3234839
2019-01-31 14:08:44.651 70869 DEBUG eventlet.wsgi.server [-] (70869) accepted ('172.31.200.103', 49246) server /usr/lib/python2.7/site-packages/eventlet/wsgi.py:883
2019-01-31 14:08:45.040 70869 INFO eventlet.wsgi.server [req-843b3034-51c2-4369-a69b-367c71dd1ccc 3740ad4ed7ed40d68719c94f26fd0c5e 9d854a5d11884c84bfd5fdce35eeaae4 default - -] 172.31.200.103 "GET /v1/containers HTTP/1.1" status: 200 len: 21060 time: 0.3880029
2019-01-31 14:09:23.687 70848 DEBUG eventlet.wsgi.server [-] (70848) accepted ('172.31.10.75', 47562) server /usr/lib/python2.7/site-packages/eventlet/wsgi.py:883
2019-01-31 14:09:23.727 70856 DEBUG eventlet.wsgi.server [-] (70856) accepted ('172.31.10.75', 47566) server /usr/lib/python2.7/site-packages/eventlet/wsgi.py:883
2019-01-31 14:09:23.775 70848 INFO eventlet.wsgi.server [req-dbc3d160-2af9-48d1-8d20-152c12ce2324 3740ad4ed7ed40d68719c94f26fd0c5e 9d854a5d11884c84bfd5fdce35eeaae4 default - -] 172.31.10.75 "GET /v1/containers/0cab1245-a61c-42f2-9193-441a3a3c0223 HTTP/1.1" status: 200 len: 1559 time: 0.0872312
2019-01-31 14:09:23.788 70856 INFO eventlet.wsgi.server [req-6c43ab58-e00e-46e7-aac1-80fb3afef6fd 3740ad4ed7ed40d68719c94f26fd0c5e 9d854a5d11884c84bfd5fdce35eeaae4 default - -] 172.31.10.75 "GET /v1/containers/1acc31e9-406b-4036-b210-dca599566826 HTTP/1.1" status: 200 len: 1559 time: 0.0599210
2019-01-31 14:09:23.799 70848 DEBUG zun.api.controllers.v1.containers [req-e9dc9736-b0fd-46b8-9bd9-ed59b3c1c569 3740ad4ed7ed40d68719c94f26fd0c5e 9d854a5d11884c84bfd5fdce35eeaae4 default - -] Calling compute.container_exec with 0cab1245-a61c-42f2-9193-441a3a3c0223 command sh -c "echo '75791c3b8a4d5197ef37598826d8206a' > /flag" execute /usr/lib/python2.7/site-packages/zun/api/controllers/v1/containers.py:978
2019-01-31 14:09:23.812 70856 DEBUG zun.api.controllers.v1.containers [req-70aec85e-835e-4d02-a5a4-a430282b883f 3740ad4ed7ed40d68719c94f26fd0c5e 9d854a5d11884c84bfd5fdce35eeaae4 default - -] Calling compute.container_exec with 1acc31e9-406b-4036-b210-dca599566826 command sh -c "echo '90c275290045dae695c0be12ab0a6aa1' > /flag" execute /usr/lib/python2.7/site-packages/zun/api/controllers/v1/containers.py:978
2019-01-31 14:09:23.864 70856 DEBUG eventlet.wsgi.server [-] (70856) accepted ('172.31.10.75', 47570) server /usr/lib/python2.7/site-packages/eventlet/wsgi.py:883
2019-01-31 14:09:23.935 70860 DEBUG eventlet.wsgi.server [-] (70860) accepted ('172.31.10.75', 47574) server /usr/lib/python2.7/site-packages/eventlet/wsgi.py:883
2019-01-31 14:09:23.937 70856 INFO eventlet.wsgi.server [req-26e99abd-bdf5-4945-98d3-b4618b2218d9 3740ad4ed7ed40d68719c94f26fd0c5e 9d854a5d11884c84bfd5fdce35eeaae4 default - -] 172.31.10.75 "GET /v1/containers/b8523b21-feda-4509-aea2-2e2cbaed7332 HTTP/1.1" status: 200 len: 1559 time: 0.0712790
2019-01-31 14:09:23.960 70856 DEBUG zun.api.controllers.v1.containers [req-f31111fb-e2e8-4b3d-9efd-ed6861b64d38 3740ad4ed7ed40d68719c94f26fd0c5e 9d854a5d11884c84bfd5fdce35eeaae4 default - -] Calling compute.container_exec with b8523b21-feda-4509-aea2-2e2cbaed7332 command sh -c "echo '83d4a6b56e1bd11ee4b684642496f139' > /flag" execute /usr/lib/python2.7/site-packages/zun/api/controllers/v1/containers.py:978
2019-01-31 14:09:23.961 70871 DEBUG eventlet.wsgi.server [-] (70871) accepted ('172.31.10.75', 47576) server /usr/lib/python2.7/site-packages/eventlet/wsgi.py:883
2019-01-31 14:09:24.000 70856 INFO eventlet.wsgi.server [req-70aec85e-835e-4d02-a5a4-a430282b883f 3740ad4ed7ed40d68719c94f26fd0c5e 9d854a5d11884c84bfd5fdce35eeaae4 default - -] 172.31.10.75 "POST /v1/containers/1acc31e9-406b-4036-b210-dca599566826/execute?command=sh%20-c%20%22echo%20%2790c275290045dae695c0be12ab0a6aa1%27%20%3E%20%2Fflag%22&run=True&interactive=False HTTP/1.1" status: 200 len: 400 time: 0.2055531
2019-01-31 14:09:24.046 70871 INFO eventlet.wsgi.server [req-16cd71dc-4784-4db9-ba78-ca48ecedf64c 3740ad4ed7ed40d68719c94f26fd0c5e 9d854a5d11884c84bfd5fdce35eeaae4 default - -] 172.31.10.75 "GET /v1/containers/f8c14e61-3975-44fc-9031-b45e72620050 HTTP/1.1" status: 200 len: 1559 time: 0.0833008
2019-01-31 14:09:24.069 70871 DEBUG zun.api.controllers.v1.containers [req-2c17ee12-57aa-4f72-bf19-41ed3081d8a6 3740ad4ed7ed40d68719c94f26fd0c5e 9d854a5d11884c84bfd5fdce35eeaae4 default - -] Calling compute.container_exec with f8c14e61-3975-44fc-9031-b45e72620050 command sh -c "echo 'abf25cd730deec1f6549b72f310c3746' > /flag" execute /usr/lib/python2.7/site-packages/zun/api/controllers/v1/containers.py:978
2019-01-31 14:09:24.076 70848 INFO eventlet.wsgi.server [req-e9dc9736-b0fd-46b8-9bd9-ed59b3c1c569 3740ad4ed7ed40d68719c94f26fd0c5e 9d854a5d11884c84bfd5fdce35eeaae4 default - -] 172.31.10.75 "POST /v1/containers/0cab1245-a61c-42f2-9193-441a3a3c0223/execute?command=sh%20-c%20%22echo%20%2775791c3b8a4d5197ef37598826d8206a%27%20%3E%20%2Fflag%22&run=True&interactive=False HTTP/1.1" status: 200 len: 400 time: 0.2946179
2019-01-31 14:09:24.107 70860 INFO eventlet.wsgi.server [req-09e8ed96-9fed-4920-bc39-4dd6bb446d8e 3740ad4ed7ed40d68719c94f26fd0c5e 9d854a5d11884c84bfd5fdce35eeaae4 default - -] 172.31.10.75 "GET /v1/containers/86abd7e9-27e6-4f6d-bc26-3a025f16cecd HTTP/1.1" status: 200 len: 1559 time: 0.1709659
2019-01-31 14:09:24.132 70860 DEBUG zun.api.controllers.v1.containers [req-ae183ee9-3be1-43c8-8ba9-4c2dd318a270 3740ad4ed7ed40d68719c94f26fd0c5e 9d854a5d11884c84bfd5fdce35eeaae4 default - -] Calling compute.container_exec with 86abd7e9-27e6-4f6d-bc26-3a025f16cecd command sh -c "echo 'fa17408f4810daa061c1c8c99e135fea' > /flag" execute /usr/lib/python2.7/site-packages/zun/api/controllers/v1/containers.py:978
2019-01-31 14:09:24.204 70856 INFO eventlet.wsgi.server [req-f31111fb-e2e8-4b3d-9efd-ed6861b64d38 3740ad4ed7ed40d68719c94f26fd0c5e 9d854a5d11884c84bfd5fdce35eeaae4 default - -] 172.31.10.75 "POST /v1/containers/b8523b21-feda-4509-aea2-2e2cbaed7332/execute?command=sh%20-c%20%22echo%20%2783d4a6b56e1bd11ee4b684642496f139%27%20%3E%20%2Fflag%22&run=True&interactive=False HTTP/1.1" status: 200 len: 400 time: 0.2609901
2019-01-31 14:09:24.331 70871 INFO eventlet.wsgi.server [req-2c17ee12-57aa-4f72-bf19-41ed3081d8a6 3740ad4ed7ed40d68719c94f26fd0c5e 9d854a5d11884c84bfd5fdce35eeaae4 default - -] 172.31.10.75 "POST /v1/containers/f8c14e61-3975-44fc-9031-b45e72620050/execute?command=sh%20-c%20%22echo%20%27abf25cd730deec1f6549b72f310c3746%27%20%3E%20%2Fflag%22&run=True&interactive=False HTTP/1.1" status: 200 len: 400 time: 0.2779520
2019-01-31 14:09:24.350 70860 INFO eventlet.wsgi.server [req-ae183ee9-3be1-43c8-8ba9-4c2dd318a270 3740ad4ed7ed40d68719c94f26fd0c5e 9d854a5d11884c84bfd5fdce35eeaae4 default - -] 172.31.10.75 "POST /v1/containers/86abd7e9-27e6-4f6d-bc26-3a025f16cecd/execute?command=sh%20-c%20%22echo%20%27fa17408f4810daa061c1c8c99e135fea%27%20%3E%20%2Fflag%22&run=True&interactive=False HTTP/1.1" status: 200 len: 400 time: 0.2373271