2018-10-08 14:28:44.379 411 INFO neutron.wsgi [req-4437401a-be95-42c5-bfab-db221c2f8191 c96b5faad3384d2ea3268c9ac6d7161f f727a36033834574812055e525c5fc6a - default default] 10.10.10.14,10.10.10.5 "GET /v2.0/networks?id=a9384440-a77a-4ee1-ab5a-be98ee9eef88&id=9ca5272e-06aa-4728-baef-71f4681dd040 HTTP/1.1" status: 200 len: 1543 time: 0.0882430
2018-10-08 14:28:44.414 417 DEBUG neutron_lib.callbacks.manager [req-eb046b00-5fe6-4ea0-8d8a-d63874aca142 - - - - -] Notify callbacks ['neutron.services.segments.db._update_segment_host_mapping_for_agent--9223363300968232677'] for agent, after_update _notify_loop /openstack/venvs/neutron-16.0.1/lib/python2.7/site-packages/neutron_lib/callbacks/manager.py:167
2018-10-08 14:28:44.455 415 DEBUG neutron.wsgi [-] (415) accepted ('10.10.10.5', 34384) server /openstack/venvs/neutron-16.0.1/lib/python2.7/site-packages/eventlet/wsgi.py:883
2018-10-08 14:28:44.504 415 INFO neutron.wsgi [req-af4bab0e-b07e-4235-8071-6be496607ef8 c96b5faad3384d2ea3268c9ac6d7161f f727a36033834574812055e525c5fc6a - default default] 10.10.10.14,10.10.10.5 "GET /v2.0/ports?network_id=a9384440-a77a-4ee1-ab5a-be98ee9eef88&device_owner=network%3Adhcp HTTP/1.1" status: 200 len: 2885 time: 0.0487010
2018-10-08 14:28:44.580 411 DEBUG neutron.wsgi [-] (411) accepted ('10.10.10.5', 34402) server /openstack/venvs/neutron-16.0.1/lib/python2.7/site-packages/eventlet/wsgi.py:883
2018-10-08 14:28:44.627 411 INFO neutron.wsgi [req-882cb180-a901-4093-af3d-4d119e7c9075 c96b5faad3384d2ea3268c9ac6d7161f f727a36033834574812055e525c5fc6a - default default] 10.10.10.14,10.10.10.5 "GET /v2.0/ports?network_id=9ca5272e-06aa-4728-baef-71f4681dd040&device_owner=network%3Adhcp HTTP/1.1" status: 200 len: 2891 time: 0.0462780
2018-10-08 14:28:44.844 416 DEBUG neutron_lib.callbacks.manager [req-80c3c6ff-2fe9-47d5-87d8-e425abc2913b - - - - -] Notify callbacks ['neutron.services.segments.db._update_segment_host_mapping_for_agent--9223363300968232677'] for agent, after_update _notify_loop /openstack/venvs/neutron-16.0.1/lib/python2.7/site-packages/neutron_lib/callbacks/manager.py:167
2018-10-08 14:28:47.382 415 DEBUG neutron.wsgi [-] (415) accepted ('10.10.10.5', 34476) server /openstack/venvs/neutron-16.0.1/lib/python2.7/site-packages/eventlet/wsgi.py:883
2018-10-08 14:28:47.399 415 INFO neutron.wsgi [req-db9bc4b0-4cda-46ca-bc0d-e95857cb4370 c96b5faad3384d2ea3268c9ac6d7161f f727a36033834574812055e525c5fc6a - default default] 10.10.10.11,10.10.10.5 "GET /v2.0/floatingips?fixed_ip_address=x.x.x.32&port_id=40124cf8-7428-4c8c-96c4-bbfa37b5f315 HTTP/1.1" status: 200 len: 212 time: 0.0165610
2018-10-08 14:28:48.058 417 DEBUG neutron_lib.callbacks.manager [req-2fa6171e-22c4-4572-8e3e-bb57857e112e - - - - -] Notify callbacks ['neutron.services.segments.db._update_segment_host_mapping_for_agent--9223363300968232677'] for agent, after_update _notify_loop /openstack/venvs/neutron-16.0.1/lib/python2.7/site-packages/neutron_lib/callbacks/manager.py:167
2018-10-08 14:28:48.601 412 DEBUG neutron.wsgi [-] (412) accepted ('10.10.10.5', 34550) server /openstack/venvs/neutron-16.0.1/lib/python2.7/site-packages/eventlet/wsgi.py:883
2018-10-08 14:28:48.602 412 INFO neutron.wsgi [-] 10.10.10.5 "GET / HTTP/1.0" status: 200 len: 249 time: 0.0006890
2018-10-08 14:28:48.797 412 DEBUG neutron.wsgi [-] (412) accepted ('10.10.10.7', 30540) server /openstack/venvs/neutron-16.0.1/lib/python2.7/site-packages/eventlet/wsgi.py:883
2018-10-08 14:28:48.798 412 INFO neutron.wsgi [-] 10.10.10.7 "GET / HTTP/1.0" status: 200 len: 249 time: 0.0006840
2018-10-08 14:28:54.291 416 DEBUG neutron_lib.callbacks.manager [req-3e806b33-58ce-4971-bfbd-5f3f7dd16bb8 - - - - -] Notify callbacks ['neutron.services.segments.db._update_segment_host_mapping_for_agent--9223363300968232677'] for agent, after_update _notify_loop /openstack/venvs/neutron-16.0.1/lib/python2.7/site-packages/neutron_lib/callbacks/manager.py:167
2018-10-08 14:28:54.484 418 DEBUG neutron.db.agents_db [req-14c719cb-85e4-47f9-9b95-668fec391afc - - - - -] Agent healthcheck: found 22 active agents agent_health_check /openstack/venvs/neutron-16.0.1/lib/python2.7/site-packages/neutron/db/agents_db.py:281
2018-10-08 14:28:55.106 412 DEBUG neutron.wsgi [-] (412) accepted ('10.10.10.6', 54366) server /openstack/venvs/neutron-16.0.1/lib/python2.7/site-packages/eventlet/wsgi.py:883
2018-10-08 14:28:55.108 412 INFO neutron.wsgi [-] 10.10.10.6 "GET / HTTP/1.0" status: 200 len: 249 time: 0.0007150
2018-10-08 14:29:00.604 415 DEBUG neutron.wsgi [-] (415) accepted ('10.10.10.5', 36884) server /openstack/venvs/neutron-16.0.1/lib/python2.7/site-packages/eventlet/wsgi.py:883
2018-10-08 14:29:00.605 415 INFO neutron.wsgi [-] 10.10.10.5 "GET / HTTP/1.0" status: 200 len: 249 time: 0.0007861
2018-10-08 14:29:00.798 415 DEBUG neutron.wsgi [-] (415) accepted ('10.10.10.7', 30786) server /openstack/venvs/neutron-16.0.1/lib/python2.7/site-packages/eventlet/wsgi.py:883
2018-10-08 14:29:00.799 415 INFO neutron.wsgi [-] 10.10.10.7 "GET / HTTP/1.0" status: 200 len: 249 time: 0.0006330
2018-10-08 14:29:03.070 417 DEBUG neutron_lib.callbacks.manager [req-47bc6fe0-48db-44d6-b2f1-5e1b3fd5815a - - - - -] Notify callbacks ['neutron.services.segments.db._update_segment_host_mapping_for_agent--9223363300968232677'] for agent, after_update _notify_loop /openstack/venvs/neutron-16.0.1/lib/python2.7/site-packages/neutron_lib/callbacks/manager.py:167
2018-10-08 14:29:03.108 416 DEBUG neutron_lib.callbacks.manager [req-7e04fbf3-f6aa-4421-a4c7-7bdcbbe8ae95 - - - - -] Notify callbacks ['neutron.services.segments.db._update_segment_host_mapping_for_agent--9223363300968232677'] for agent, after_update _notify_loop /openstack/venvs/neutron-16.0.1/lib/python2.7/site-packages/neutron_lib/callbacks/manager.py:167
2018-10-08 14:29:07.110 412 DEBUG neutron.wsgi [-] (412) accepted ('10.10.10.6', 56678) server /openstack/venvs/neutron-16.0.1/lib/python2.7/site-packages/eventlet/wsgi.py:883
2018-10-08 14:29:07.111 412 INFO neutron.wsgi [-] 10.10.10.6 "GET / HTTP/1.0" status: 200 len: 249 time: 0.0006890
2018-10-08 14:29:12.605 411 DEBUG neutron.wsgi [-] (411) accepted ('10.10.10.5', 41414) server /openstack/venvs/neutron-16.0.1/lib/python2.7/site-packages/eventlet/wsgi.py:883
2018-10-08 14:29:12.607 411 INFO neutron.wsgi [-] 10.10.10.5 "GET / HTTP/1.0" status: 200 len: 249 time: 0.0007651
2018-10-08 14:29:12.792 412 DEBUG neutron.wsgi [-] (412) accepted ('10.10.10.5', 41460) server /openstack/venvs/neutron-16.0.1/lib/python2.7/site-packages/eventlet/wsgi.py:883
2018-10-08 14:29:12.799 411 DEBUG neutron.wsgi [-] (411) accepted ('10.10.10.7', 32642) server /openstack/venvs/neutron-16.0.1/lib/python2.7/site-packages/eventlet/wsgi.py:883
2018-10-08 14:29:12.801 411 INFO neutron.wsgi [-] 10.10.10.7 "GET / HTTP/1.0" status: 200 len: 249 time: 0.0006659
2018-10-08 14:29:12.838 412 INFO neutron.wsgi [req-10085bd4-cae9-411e-b9c6-538b10dd469c c96b5faad3384d2ea3268c9ac6d7161f f727a36033834574812055e525c5fc6a - default default] 10.10.10.17,10.10.10.5 "GET /v2.0/ports?tenant_id=05494586a35740879ab81065213431ac&device_id=a04969a0-cc5c-435a-82fb-2281ba9146c6 HTTP/1.1" status: 200 len: 1151 time: 0.0457289
2018-10-08 14:29:12.965 415 DEBUG neutron.wsgi [-] (415) accepted ('10.10.10.5', 41476) server /openstack/venvs/neutron-16.0.1/lib/python2.7/site-packages/eventlet/wsgi.py:883
2018-10-08 14:29:13.019 415 DEBUG neutron.pecan_wsgi.hooks.policy_enforcement [req-c08e393d-8c96-44ac-b985-8d389f1de020 c96b5faad3384d2ea3268c9ac6d7161f f727a36033834574812055e525c5fc6a - default default] Attributes excluded by policy engine: [u'shared'] _exclude_attributes_by_policy /openstack/venvs/neutron-16.0.1/lib/python2.7/site-packages/neutron/pecan_wsgi/hooks/policy_enforcement.py:256
2018-10-08 14:29:13.020 415 INFO neutron.wsgi [req-c08e393d-8c96-44ac-b985-8d389f1de020 c96b5faad3384d2ea3268c9ac6d7161f f727a36033834574812055e525c5fc6a - default default] 10.10.10.17,10.10.10.5 "GET /v2.0/subnets?id=4ba80f19-4ef8-431f-8f4f-4fe844f4b673 HTTP/1.1" status: 200 len: 855 time: 0.0540640
2018-10-08 14:29:14.846 417 DEBUG neutron_lib.callbacks.manager [req-80c3c6ff-2fe9-47d5-87d8-e425abc2913b - - - - -] Notify callbacks ['neutron.services.segments.db._update_segment_host_mapping_for_agent--9223363300968232677'] for agent, after_update _notify_loop /openstack/venvs/neutron-16.0.1/lib/python2.7/site-packages/neutron_lib/callbacks/manager.py:167
2018-10-08 14:29:16.950 415 DEBUG neutron.wsgi [-] (415) accepted ('10.10.10.5', 44294) server /openstack/venvs/neutron-16.0.1/lib/python2.7/site-packages/eventlet/wsgi.py:883
2018-10-08 14:29:17.040 415 DEBUG neutron.pecan_wsgi.hooks.policy_enforcement [req-5f5d9113-cd9f-440d-b329-a6a1a3286cb7 c96b5faad3384d2ea3268c9ac6d7161f f727a36033834574812055e525c5fc6a - default default] Attributes excluded by policy engine: [u'vlan_transparent'] _exclude_attributes_by_policy /openstack/venvs/neutron-16.0.1/lib/python2.7/site-packages/neutron/pecan_wsgi/hooks/policy_enforcement.py:256
2018-10-08 14:29:17.042 415 INFO neutron.wsgi [req-5f5d9113-cd9f-440d-b329-a6a1a3286cb7 c96b5faad3384d2ea3268c9ac6d7161f f727a36033834574812055e525c5fc6a - default default] 10.10.10.16,10.10.10.5 "GET /v2.0/networks?id=9ca5272e-06aa-4728-baef-71f4681dd040 HTTP/1.1" status: 200 len: 883 time: 0.0907481
2018-10-08 14:29:17.116 411 DEBUG neutron.wsgi [-] (411) accepted ('10.10.10.5', 44310) server /openstack/venvs/neutron-16.0.1/lib/python2.7/site-packages/eventlet/wsgi.py:883
2018-10-08 14:29:17.172 411 INFO neutron.wsgi [req-57d7ea0b-5a91-49cd-9b76-a07de4b7f6a3 c96b5faad3384d2ea3268c9ac6d7161f f727a36033834574812055e525c5fc6a - default default] 10.10.10.16,10.10.10.5 "GET /v2.0/ports?network_id=9ca5272e-06aa-4728-baef-71f4681dd040&device_owner=network%3Adhcp HTTP/1.1" status: 200 len: 2891 time: 0.0550351
2018-10-08 14:29:19.113 411 DEBUG neutron.wsgi [-] (411) accepted ('10.10.10.6', 56974) server /openstack/venvs/neutron-16.0.1/lib/python2.7/site-packages/eventlet/wsgi.py:883
2018-10-08 14:29:19.114 411 INFO neutron.wsgi [-] 10.10.10.6 "GET / HTTP/1.0" status: 200 len: 249 time: 0.0007482
2018-10-08 14:29:24.292 416 DEBUG neutron_lib.callbacks.manager [req-3e806b33-58ce-4971-bfbd-5f3f7dd16bb8 - - - - -] Notify callbacks ['neutron.services.segments.db._update_segment_host_mapping_for_agent--9223363300968232677'] for agent, after_update _notify_loop /openstack/venvs/neutron-16.0.1/lib/python2.7/site-packages/neutron_lib/callbacks/manager.py:167
2018-10-08 14:29:24.606 414 DEBUG neutron.wsgi [-] (414) accepted ('10.10.10.5', 45146) server /openstack/venvs/neutron-16.0.1/lib/python2.7/site-packages/eventlet/wsgi.py:883
2018-10-08 14:29:24.608 414 INFO neutron.wsgi [-] 10.10.10.5 "GET / HTTP/1.0" status: 200 len: 249 time: 0.0007448
2018-10-08 14:29:24.801 414 DEBUG neutron.wsgi [-] (414) accepted ('10.10.10.7', 33444) server /openstack/venvs/neutron-16.0.1/lib/python2.7/site-packages/eventlet/wsgi.py:883
2018-10-08 14:29:24.802 414 INFO neutron.wsgi [-] 10.10.10.7 "GET / HTTP/1.0" status: 200 len: 249 time: 0.0008628
2018-10-08 14:29:31.114 412 DEBUG neutron.wsgi [-] (412) accepted ('10.10.10.6', 57212) server /openstack/venvs/neutron-16.0.1/lib/python2.7/site-packages/eventlet/wsgi.py:883
2018-10-08 14:29:31.115 412 INFO neutron.wsgi [-] 10.10.10.6 "GET / HTTP/1.0" status: 200 len: 249 time: 0.0007172
2018-10-08 14:29:36.608 415 DEBUG neutron.wsgi [-] (415) accepted ('10.10.10.5', 46606) server /openstack/venvs/neutron-16.0.1/lib/python2.7/site-packages/eventlet/wsgi.py:883
2018-10-08 14:29:36.609 415 INFO neutron.wsgi [-] 10.10.10.5 "GET / HTTP/1.0" status: 200 len: 249 time: 0.0006700
2018-10-08 14:29:36.802 411 DEBUG neutron.wsgi [-] (411) accepted ('10.10.10.7', 33704) server /openstack/venvs/neutron-16.0.1/lib/python2.7/site-packages/eventlet/wsgi.py:883
2018-10-08 14:29:36.804 411 INFO neutron.wsgi [-] 10.10.10.7 "GET / HTTP/1.0" status: 200 len: 249 time: 0.0007060
2018-10-08 14:29:37.691 417 DEBUG neutron_lib.callbacks.manager [req-25822b2d-2f48-44bd-a1a6-ccadd1845734 - - - - -] Notify callbacks ['neutron.services.segments.db._update_segment_host_mapping_for_agent--9223363300968232677'] for agent, after_update _notify_loop /openstack/venvs/neutron-16.0.1/lib/python2.7/site-packages/neutron_lib/callbacks/manager.py:167
2018-10-08 14:29:39.675 411 DEBUG neutron.wsgi [-] (411) accepted ('10.10.10.5', 46694) server /openstack/venvs/neutron-16.0.1/lib/python2.7/site-packages/eventlet/wsgi.py:883
2018-10-08 14:29:39.693 411 INFO neutron.wsgi [req-90b26b18-9434-4fa3-88a2-aad121dc92ef c96b5faad3384d2ea3268c9ac6d7161f f727a36033834574812055e525c5fc6a - default default] 10.10.10.12,10.10.10.5 "GET /v2.0/floatingips?fixed_ip_address=172.16.0.12&port_id=058496cb-1dbb-48ef-bb76-a0054f959ff5 HTTP/1.1" status: 200 len: 749 time: 0.0180011
2018-10-08 14:29:43.117 411 DEBUG neutron.wsgi [-] (411) accepted ('10.10.10.6', 57484) server /openstack/venvs/neutron-16.0.1/lib/python2.7/site-packages/eventlet/wsgi.py:883
2018-10-08 14:29:43.119 411 INFO neutron.wsgi [-] 10.10.10.6 "GET / HTTP/1.0" status: 200 len: 249 time: 0.0008090
2018-10-08 14:29:44.252 412 DEBUG neutron.wsgi [-] (412) accepted ('10.10.10.5', 46868) server /openstack/venvs/neutron-16.0.1/lib/python2.7/site-packages/eventlet/wsgi.py:883
2018-10-08 14:29:44.416 416 DEBUG neutron_lib.callbacks.manager [req-eb046b00-5fe6-4ea0-8d8a-d63874aca142 - - - - -] Notify callbacks ['neutron.services.segments.db._update_segment_host_mapping_for_agent--9223363300968232677'] for agent, after_update _notify_loop /openstack/venvs/neutron-16.0.1/lib/python2.7/site-packages/neutron_lib/callbacks/manager.py:167
2018-10-08 14:29:44.544 412 INFO neutron.wsgi [req-71050c12-9a66-48dc-89d6-456c1beaaffc c96b5faad3384d2ea3268c9ac6d7161f f727a36033834574812055e525c5fc6a - default default] 10.10.10.14,10.10.10.5 "GET /v2.0/ports?tenant_id=442a1433e4734bed9295c434f783db0a&device_id=04cf5f38-ba65-45c6-9652-aede413698c3 HTTP/1.1" status: 200 len: 1979 time: 0.2915800
2018-10-08 14:29:44.781 412 DEBUG neutron.wsgi [-] (412) accepted ('10.10.10.5', 46918) server /openstack/venvs/neutron-16.0.1/lib/python2.7/site-packages/eventlet/wsgi.py:883
2018-10-08 14:29:44.831 412 DEBUG neutron.pecan_wsgi.hooks.policy_enforcement [req-0f661d6f-f59f-48c4-ba7b-c493d9712772 c96b5faad3384d2ea3268c9ac6d7161f f727a36033834574812055e525c5fc6a - default default] Attributes excluded by policy engine: [u'shared'] _exclude_attributes_by_policy /openstack/venvs/neutron-16.0.1/lib/python2.7/site-packages/neutron/pecan_wsgi/hooks/policy_enforcement.py:256
2018-10-08 14:29:44.833 412 INFO neutron.wsgi [req-0f661d6f-f59f-48c4-ba7b-c493d9712772 c96b5faad3384d2ea3268c9ac6d7161f f727a36033834574812055e525c5fc6a - default default] 10.10.10.14,10.10.10.5 "GET /v2.0/subnets?id=41e9b617-0fba-4bbc-bd04-9fdd94ba8993 HTTP/1.1" status: 200 len: 852 time: 0.0508380
2018-10-08 14:29:44.913 412 DEBUG neutron.wsgi [-] (412) accepted ('10.10.10.5', 46932) server /openstack/venvs/neutron-16.0.1/lib/python2.7/site-packages/eventlet/wsgi.py:883
2018-10-08 14:29:44.969 412 DEBUG neutron.pecan_wsgi.hooks.policy_enforcement [req-f8d9b9f2-6498-4979-96bf-202c0d861a46 c96b5faad3384d2ea3268c9ac6d7161f f727a36033834574812055e525c5fc6a - default default] Attributes excluded by policy engine: [u'shared'] _exclude_attributes_by_policy /openstack/venvs/neutron-16.0.1/lib/python2.7/site-packages/neutron/pecan_wsgi/hooks/policy_enforcement.py:256
2018-10-08 14:29:44.970 412 INFO neutron.wsgi [req-f8d9b9f2-6498-4979-96bf-202c0d861a46 c96b5faad3384d2ea3268c9ac6d7161f f727a36033834574812055e525c5fc6a - default default] 10.10.10.14,10.10.10.5 "GET /v2.0/subnets?id=4ba80f19-4ef8-431f-8f4f-4fe844f4b673 HTTP/1.1" status: 200 len: 855 time: 0.0558100
2018-10-08 14:29:47.896 417 DEBUG neutron_lib.callbacks.manager [req-e92bacdc-9e34-4b6e-8c06-2876869cc724 - - - - -] Notify callbacks ['neutron.services.segments.db._update_segment_host_mapping_for_agent--9223363300968232677'] for agent, after_update _notify_loop /openstack/venvs/neutron-16.0.1/lib/python2.7/site-packages/neutron_lib/callbacks/manager.py:167
2018-10-08 14:29:48.061 416 DEBUG neutron_lib.callbacks.manager [req-2fa6171e-22c4-4572-8e3e-bb57857e112e - - - - -] Notify callbacks ['neutron.services.segments.db._update_segment_host_mapping_for_agent--9223363300968232677'] for agent, after_update _notify_loop /openstack/venvs/neutron-16.0.1/lib/python2.7/site-packages/neutron_lib/callbacks/manager.py:167
2018-10-08 14:29:48.278 412 DEBUG neutron.wsgi [-] (412) accepted ('10.10.10.5', 47012) server /openstack/venvs/neutron-16.0.1/lib/python2.7/site-packages/eventlet/wsgi.py:883
2018-10-08 14:29:48.375 412 DEBUG neutron.pecan_wsgi.hooks.policy_enforcement [req-2af58ed8-bb0f-4905-9217-7c70a0ac879d c96b5faad3384d2ea3268c9ac6d7161f f727a36033834574812055e525c5fc6a - default default] Attributes excluded by policy engine: [u'vlan_transparent'] _exclude_attributes_by_policy /openstack/venvs/neutron-16.0.1/lib/python2.7/site-packages/neutron/pecan_wsgi/hooks/policy_enforcement.py:256
2018-10-08 14:29:48.376 412 INFO neutron.wsgi [req-2af58ed8-bb0f-4905-9217-7c70a0ac879d c96b5faad3384d2ea3268c9ac6d7161f f727a36033834574812055e525c5fc6a - default default] 10.10.10.11,10.10.10.5 "GET /v2.0/networks?id=9ca5272e-06aa-4728-baef-71f4681dd040 HTTP/1.1" status: 200 len: 883 time: 0.0975749
2018-10-08 14:29:48.555 411 DEBUG neutron.wsgi [-] (411) accepted ('10.10.10.5', 47028) server /openstack/venvs/neutron-16.0.1/lib/python2.7/site-packages/eventlet/wsgi.py:883
2018-10-08 14:29:48.604 411 INFO neutron.wsgi [req-120a9f1d-9a2d-4f9b-85e7-5ad4a3b2827d c96b5faad3384d2ea3268c9ac6d7161f f727a36033834574812055e525c5fc6a - default default] 10.10.10.11,10.10.10.5 "GET /v2.0/ports?network_id=9ca5272e-06aa-4728-baef-71f4681dd040&device_owner=network%3Adhcp HTTP/1.1" status: 200 len: 2891 time: 0.0478961
2018-10-08 14:29:48.609 414 DEBUG neutron.wsgi [-] (414) accepted ('10.10.10.5', 47032) server /openstack/venvs/neutron-16.0.1/lib/python2.7/site-packages/eventlet/wsgi.py:883
2018-10-08 14:29:48.611 414 INFO neutron.wsgi [-] 10.10.10.5 "GET / HTTP/1.0" status: 200 len: 249 time: 0.0007789
2018-10-08 14:29:48.805 411 DEBUG neutron.wsgi [-] (411) accepted ('10.10.10.7', 33986) server /openstack/venvs/neutron-16.0.1/lib/python2.7/site-packages/eventlet/wsgi.py:883
2018-10-08 14:29:48.806 411 INFO neutron.wsgi [-] 10.10.10.7 "GET / HTTP/1.0" status: 200 len: 249 time: 0.0006790
2018-10-08 14:29:54.487 418 DEBUG neutron.db.agents_db [req-14c719cb-85e4-47f9-9b95-668fec391afc - - - - -] Agent healthcheck: found 22 active agents agent_health_check /openstack/venvs/neutron-16.0.1/lib/python2.7/site-packages/neutron/db/agents_db.py:281
2018-10-08 14:29:55.119 411 DEBUG neutron.wsgi [-] (411) accepted ('10.10.10.6', 57922) server /openstack/venvs/neutron-16.0.1/lib/python2.7/site-packages/eventlet/wsgi.py:883
2018-10-08 14:29:55.120 411 INFO neutron.wsgi [-] 10.10.10.6 "GET / HTTP/1.0" status: 200 len: 249 time: 0.0006869
2018-10-08 14:30:00.612 411 DEBUG neutron.wsgi [-] (411) accepted ('10.10.10.5', 48322) server /openstack/venvs/neutron-16.0.1/lib/python2.7/site-packages/eventlet/wsgi.py:883
2018-10-08 14:30:00.613 411 INFO neutron.wsgi [-] 10.10.10.5 "GET / HTTP/1.0" status: 200 len: 249 time: 0.0007198
2018-10-08 14:30:00.806 414 DEBUG neutron.wsgi [-] (414) accepted ('10.10.10.7', 34660) server /openstack/venvs/neutron-16.0.1/lib/python2.7/site-packages/eventlet/wsgi.py:883
2018-10-08 14:30:00.808 414 INFO neutron.wsgi [-] 10.10.10.7 "GET / HTTP/1.0" status: 200 len: 249 time: 0.0006702
2018-10-08 14:30:01.121 417 DEBUG neutron_lib.callbacks.manager [req-d11e2d0a-bf42-40e6-a58d-806737a597a4 - - - - -] Notify callbacks ['neutron.services.segments.db._update_segment_host_mapping_for_agent--9223363300968232677'] for agent, after_update _notify_loop /openstack/venvs/neutron-16.0.1/lib/python2.7/site-packages/neutron_lib/callbacks/manager.py:167
2018-10-08 14:30:03.098 416 DEBUG neutron_lib.callbacks.manager [req-47bc6fe0-48db-44d6-b2f1-5e1b3fd5815a - - - - -] Notify callbacks ['neutron.services.segments.db._update_segment_host_mapping_for_agent--9223363300968232677'] for agent, after_update _notify_loop /openstack/venvs/neutron-16.0.1/lib/python2.7/site-packages/neutron_lib/callbacks/manager.py:167
2018-10-08 14:30:04.207 415 DEBUG neutron.wsgi [-] (415) accepted ('10.10.10.5', 49556) server /openstack/venvs/neutron-16.0.1/lib/python2.7/site-packages/eventlet/wsgi.py:883
2018-10-08 14:30:04.212 415 INFO neutron.wsgi [-] 10.10.10.14,10.10.10.5 "GET / HTTP/1.1" status: 200 len: 254 time: 0.0018091
2018-10-08 14:30:04.351 415 DEBUG neutron.wsgi [-] (415) accepted ('10.10.10.5', 49630) server /openstack/venvs/neutron-16.0.1/lib/python2.7/site-packages/eventlet/wsgi.py:883
2018-10-08 14:30:04.353 415 INFO neutron.wsgi [-] 10.10.10.12,10.10.10.5 "GET / HTTP/1.1" status: 200 len: 254 time: 0.0008650
2018-10-08 14:30:04.530 414 DEBUG neutron.wsgi [-] (414) accepted ('10.10.10.5', 49776) server /openstack/venvs/neutron-16.0.1/lib/python2.7/site-packages/eventlet/wsgi.py:883
2018-10-08 14:30:04.532 414 INFO neutron.wsgi [-] 10.10.10.15,10.10.10.5 "GET / HTTP/1.1" status: 200 len: 254 time: 0.0009520
2018-10-08 14:30:04.535 414 DEBUG neutron.wsgi [-] (414) accepted ('10.10.10.5', 49782) server /openstack/venvs/neutron-16.0.1/lib/python2.7/site-packages/eventlet/wsgi.py:883
2018-10-08 14:30:04.748 414 INFO neutron.wsgi [req-2168df18-14cd-4916-86de-aaa98289b710 30794711d35048d09e3dd012316d9dad e359611e247f4c67874f3cf538e10bc4 - default default] 10.10.10.15,10.10.10.5 "GET /v2.0/agents HTTP/1.1" status: 200 len: 13342 time: 0.2127290
2018-10-08 14:30:04.896 415 DEBUG neutron.wsgi [-] (415) accepted ('10.10.10.5', 50072) server /openstack/venvs/neutron-16.0.1/lib/python2.7/site-packages/eventlet/wsgi.py:883
2018-10-08 14:30:05.247 415 INFO neutron.wsgi [req-189a8c7a-2537-4c5e-9f42-4a9bd6c860a4 30794711d35048d09e3dd012316d9dad e359611e247f4c67874f3cf538e10bc4 - default default] 10.10.10.16,10.10.10.5 "GET /v2.0/agents HTTP/1.1" status: 200 len: 13342 time: 0.3487799
2018-10-08 14:30:05.343 414 DEBUG neutron.wsgi [-] (414) accepted ('10.10.10.5', 50298) server /openstack/venvs/neutron-16.0.1/lib/python2.7/site-packages/eventlet/wsgi.py:883
2018-10-08 14:30:05.434 414 INFO neutron.wsgi [req-519d0595-3a82-4e9a-a264-a9405411cecf 30794711d35048d09e3dd012316d9dad e359611e247f4c67874f3cf538e10bc4 - default default] 10.10.10.11,10.10.10.5 "GET /v2.0/agents HTTP/1.1" status: 200 len: 13342 time: 0.0900900
2018-10-08 14:30:05.854 415 DEBUG neutron.wsgi [-] (415) accepted ('10.10.10.5', 50458) server /openstack/venvs/neutron-16.0.1/lib/python2.7/site-packages/eventlet/wsgi.py:883
2018-10-08 14:30:05.856 415 INFO neutron.wsgi [-] 10.10.10.134,10.10.10.5 "GET / HTTP/1.1" status: 200 len: 254 time: 0.0009210
2018-10-08 14:30:06.272 412 DEBUG neutron.wsgi [-] (412) accepted ('10.10.10.5', 50612) server /openstack/venvs/neutron-16.0.1/lib/python2.7/site-packages/eventlet/wsgi.py:883
2018-10-08 14:30:06.335 412 INFO neutron.wsgi [req-1620ecc4-430f-4f30-8a21-0f3b0a106b54 30794711d35048d09e3dd012316d9dad e359611e247f4c67874f3cf538e10bc4 - default default] 10.10.10.110,10.10.10.5 "GET /v2.0/agents HTTP/1.1" status: 200 len: 13342 time: 0.0623698
2018-10-08 14:30:07.122 415 DEBUG neutron.wsgi [-] (415) accepted ('10.10.10.6', 33216) server /openstack/venvs/neutron-16.0.1/lib/python2.7/site-packages/eventlet/wsgi.py:883
2018-10-08 14:30:07.123 415 INFO neutron.wsgi [-] 10.10.10.6 "GET / HTTP/1.0" status: 200 len: 249 time: 0.0007510
2018-10-08 14:30:12.612 414 DEBUG neutron.wsgi [-] (414) accepted ('10.10.10.5', 53964) server /openstack/venvs/neutron-16.0.1/lib/python2.7/site-packages/eventlet/wsgi.py:883
2018-10-08 14:30:12.614 414 INFO neutron.wsgi [-] 10.10.10.5 "GET / HTTP/1.0" status: 200 len: 249 time: 0.0007100
2018-10-08 14:30:12.809 411 DEBUG neutron.wsgi [-] (411) accepted ('10.10.10.7', 38116) server /openstack/venvs/neutron-16.0.1/lib/python2.7/site-packages/eventlet/wsgi.py:883
2018-10-08 14:30:12.810 411 INFO neutron.wsgi [-] 10.10.10.7 "GET / HTTP/1.0" status: 200 len: 249 time: 0.0007000
2018-10-08 14:30:13.566 417 DEBUG neutron_lib.callbacks.manager [req-0a5df612-d832-4494-9481-8f53948099b7 - - - - -] Notify callbacks ['neutron.services.segments.db._update_segment_host_mapping_for_agent--9223363300968232677'] for agent, after_update _notify_loop /openstack/venvs/neutron-16.0.1/lib/python2.7/site-packages/neutron_lib/callbacks/manager.py:167
2018-10-08 14:30:14.855 416 DEBUG neutron_lib.callbacks.manager [req-80c3c6ff-2fe9-47d5-87d8-e425abc2913b - - - - -] Notify callbacks ['neutron.services.segments.db._update_segment_host_mapping_for_agent--9223363300968232677'] for agent, after_update _notify_loop /openstack/venvs/neutron-16.0.1/lib/python2.7/site-packages/neutron_lib/callbacks/manager.py:167
2018-10-08 14:30:14.883 411 DEBUG neutron.wsgi [-] (411) accepted ('10.10.10.5', 55908) server /openstack/venvs/neutron-16.0.1/lib/python2.7/site-packages/eventlet/wsgi.py:883
2018-10-08 14:30:14.936 411 INFO neutron.wsgi [req-32bd74b8-05ad-428a-99b7-c4423214973f c96b5faad3384d2ea3268c9ac6d7161f f727a36033834574812055e525c5fc6a - default default] 10.10.10.17,10.10.10.5 "GET /v2.0/ports?tenant_id=05494586a35740879ab81065213431ac&device_id=a04969a0-cc5c-435a-82fb-2281ba9146c6 HTTP/1.1" status: 200 len: 1151 time: 0.0525150
2018-10-08 14:30:15.062 415 DEBUG neutron.wsgi [-] (415) accepted ('10.10.10.5', 55932) server /openstack/venvs/neutron-16.0.1/lib/python2.7/site-packages/eventlet/wsgi.py:883
2018-10-08 14:30:15.119 415 DEBUG neutron.pecan_wsgi.hooks.policy_enforcement [req-87cff4f4-8661-482e-af08-c2a801614c12 c96b5faad3384d2ea3268c9ac6d7161f f727a36033834574812055e525c5fc6a - default default] Attributes excluded by policy engine: [u'shared'] _exclude_attributes_by_policy /openstack/venvs/neutron-16.0.1/lib/python2.7/site-packages/neutron/pecan_wsgi/hooks/policy_enforcement.py:256
2018-10-08 14:30:15.120 415 INFO neutron.wsgi [req-87cff4f4-8661-482e-af08-c2a801614c12 c96b5faad3384d2ea3268c9ac6d7161f f727a36033834574812055e525c5fc6a - default default] 10.10.10.17,10.10.10.5 "GET /v2.0/subnets?id=4ba80f19-4ef8-431f-8f4f-4fe844f4b673 HTTP/1.1" status: 200 len: 855 time: 0.0572791
2018-10-08 14:30:16.927 411 DEBUG neutron.wsgi [-] (411) accepted ('10.10.10.5', 56788) server /openstack/venvs/neutron-16.0.1/lib/python2.7/site-packages/eventlet/wsgi.py:883
2018-10-08 14:30:17.018 411 DEBUG neutron.pecan_wsgi.hooks.policy_enforcement [req-2e3e6b08-5dcf-4097-a5b3-e19a0cf8f93f c96b5faad3384d2ea3268c9ac6d7161f f727a36033834574812055e525c5fc6a - default default] Attributes excluded by policy engine: [u'vlan_transparent'] _exclude_attributes_by_policy /openstack/venvs/neutron-16.0.1/lib/python2.7/site-packages/neutron/pecan_wsgi/hooks/policy_enforcement.py:256
2018-10-08 14:30:17.019 411 INFO neutron.wsgi [req-2e3e6b08-5dcf-4097-a5b3-e19a0cf8f93f c96b5faad3384d2ea3268c9ac6d7161f f727a36033834574812055e525c5fc6a - default default] 10.10.10.16,10.10.10.5 "GET /v2.0/networks?id=861bccb2-b33f-4218-b2e6-81a8bcdc466a HTTP/1.1" status: 200 len: 868 time: 0.0906219
2018-10-08 14:30:17.098 414 DEBUG neutron.wsgi [-] (414) accepted ('10.10.10.5', 56804) server /openstack/venvs/neutron-16.0.1/lib/python2.7/site-packages/eventlet/wsgi.py:883
2018-10-08 14:30:17.146 414 INFO neutron.wsgi [req-0b0fa996-1e7f-4615-a7f5-ef37f8a82fe9 c96b5faad3384d2ea3268c9ac6d7161f f727a36033834574812055e525c5fc6a - default default] 10.10.10.16,10.10.10.5 "GET /v2.0/ports?network_id=861bccb2-b33f-4218-b2e6-81a8bcdc466a&device_owner=network%3Adhcp HTTP/1.1" status: 200 len: 2885 time: 0.0477600
2018-10-08 14:30:19.125 415 DEBUG neutron.wsgi [-] (415) accepted ('10.10.10.6', 34456) server /openstack/venvs/neutron-16.0.1/lib/python2.7/site-packages/eventlet/wsgi.py:883
2018-10-08 14:30:19.126 415 INFO neutron.wsgi [-] 10.10.10.6 "GET / HTTP/1.0" status: 200 len: 249 time: 0.0007360
2018-10-08 14:30:24.614 414 DEBUG neutron.wsgi [-] (414) accepted ('10.10.10.5', 57338) server /openstack/venvs/neutron-16.0.1/lib/python2.7/site-packages/eventlet/wsgi.py:883
2018-10-08 14:30:24.615 414 INFO neutron.wsgi [-] 10.10.10.5 "GET / HTTP/1.0" status: 200 len: 249 time: 0.0006649
2018-10-08 14:30:24.810 414 DEBUG neutron.wsgi [-] (414) accepted ('10.10.10.7', 39338) server /openstack/venvs/neutron-16.0.1/lib/python2.7/site-packages/eventlet/wsgi.py:883
2018-10-08 14:30:24.811 414 INFO neutron.wsgi [-] 10.10.10.7 "GET / HTTP/1.0" status: 200 len: 249 time: 0.0007889
2018-10-08 14:30:31.128 412 DEBUG neutron.wsgi [-] (412) accepted ('10.10.10.6', 34698) server /openstack/venvs/neutron-16.0.1/lib/python2.7/site-packages/eventlet/wsgi.py:883
2018-10-08 14:30:31.129 412 INFO neutron.wsgi [-] 10.10.10.6 "GET / HTTP/1.0" status: 200 len: 249 time: 0.0006859
2018-10-08 14:30:34.813 417 DEBUG neutron_lib.callbacks.manager [req-eeaa9708-8e11-46d0-8af4-ee0c4c2946f0 - - - - -] Notify callbacks ['neutron.services.segments.db._update_segment_host_mapping_for_agent--9223363300968232677'] for agent, after_update _notify_loop /openstack/venvs/neutron-16.0.1/lib/python2.7/site-packages/neutron_lib/callbacks/manager.py:167
2018-10-08 14:30:36.615 414 DEBUG neutron.wsgi [-] (414) accepted ('10.10.10.5', 57776) server /openstack/venvs/neutron-16.0.1/lib/python2.7/site-packages/eventlet/wsgi.py:883
2018-10-08 14:30:36.616 414 INFO neutron.wsgi [-] 10.10.10.5 "GET / HTTP/1.0" status: 200 len: 249 time: 0.0007200
2018-10-08 14:30:36.812 414 DEBUG neutron.wsgi [-] (414) accepted ('10.10.10.7', 39592) server /openstack/venvs/neutron-16.0.1/lib/python2.7/site-packages/eventlet/wsgi.py:883
2018-10-08 14:30:36.813 414 INFO neutron.wsgi [-] 10.10.10.7 "GET / HTTP/1.0" status: 200 len: 249 time: 0.0007460
2018-10-08 14:30:37.695 416 DEBUG neutron_lib.callbacks.manager [req-25822b2d-2f48-44bd-a1a6-ccadd1845734 - - - - -] Notify callbacks ['neutron.services.segments.db._update_segment_host_mapping_for_agent--9223363300968232677'] for agent, after_update _notify_loop /openstack/venvs/neutron-16.0.1/lib/python2.7/site-packages/neutron_lib/callbacks/manager.py:167
2018-10-08 14:30:41.642 415 DEBUG neutron.wsgi [-] (415) accepted ('10.10.10.5', 57896) server /openstack/venvs/neutron-16.0.1/lib/python2.7/site-packages/eventlet/wsgi.py:883
2018-10-08 14:30:41.660 415 INFO neutron.wsgi [req-22618abc-5ed6-4dc3-bbfa-17c4b7011538 c96b5faad3384d2ea3268c9ac6d7161f f727a36033834574812055e525c5fc6a - default default] 10.10.10.12,10.10.10.5 "GET /v2.0/floatingips?fixed_ip_address=172.16.0.9&port_id=70ef550e-7e8a-4785-b549-ccc111a38a2d HTTP/1.1" status: 200 len: 748 time: 0.0178099
2018-10-08 14:30:43.131 412 DEBUG neutron.wsgi [-] (412) accepted ('10.10.10.6', 34954) server /openstack/venvs/neutron-16.0.1/lib/python2.7/site-packages/eventlet/wsgi.py:883
2018-10-08 14:30:43.132 412 INFO neutron.wsgi [-] 10.10.10.6 "GET / HTTP/1.0" status: 200 len: 249 time: 0.0008259
2018-10-08 14:30:44.238 411 DEBUG neutron.wsgi [-] (411) accepted ('10.10.10.5', 57996) server /openstack/venvs/neutron-16.0.1/lib/python2.7/site-packages/eventlet/wsgi.py:883
2018-10-08 14:30:44.289 411 INFO neutron.wsgi [req-d5ba3a27-55ca-4bd1-be73-004e634e560b c96b5faad3384d2ea3268c9ac6d7161f f727a36033834574812055e525c5fc6a - default default] 10.10.10.14,10.10.10.5 "GET /v2.0/ports?tenant_id=442a1433e4734bed9295c434f783db0a&device_id=04cf5f38-ba65-45c6-9652-aede413698c3 HTTP/1.1" status: 200 len: 1979 time: 0.0498540
2018-10-08 14:30:44.407 412 DEBUG neutron.wsgi [-] (412) accepted ('10.10.10.5', 58014) server /openstack/venvs/neutron-16.0.1/lib/python2.7/site-packages/eventlet/wsgi.py:883
2018-10-08 14:30:44.458 412 DEBUG neutron.pecan_wsgi.hooks.policy_enforcement [req-efc4a120-f531-443f-af02-6ffb7a018926 c96b5faad3384d2ea3268c9ac6d7161f f727a36033834574812055e525c5fc6a - default default] Attributes excluded by policy engine: [u'shared'] _exclude_attributes_by_policy /openstack/venvs/neutron-16.0.1/lib/python2.7/site-packages/neutron/pecan_wsgi/hooks/policy_enforcement.py:256
2018-10-08 14:30:44.460 412 INFO neutron.wsgi [req-efc4a120-f531-443f-af02-6ffb7a018926 c96b5faad3384d2ea3268c9ac6d7161f f727a36033834574812055e525c5fc6a - default default] 10.10.10.14,10.10.10.5 "GET /v2.0/subnets?id=41e9b617-0fba-4bbc-bd04-9fdd94ba8993 HTTP/1.1" status: 200 len: 852 time: 0.0517170
2018-10-08 14:30:44.533 414 DEBUG neutron.wsgi [-] (414) accepted ('10.10.10.5', 58032) server /openstack/venvs/neutron-16.0.1/lib/python2.7/site-packages/eventlet/wsgi.py:883
2018-10-08 14:30:44.585 414 DEBUG neutron.pecan_wsgi.hooks.policy_enforcement [req-16c8339d-e7ce-4f57-8f82-12596be96660 c96b5faad3384d2ea3268c9ac6d7161f f727a36033834574812055e525c5fc6a - default default] Attributes excluded by policy engine: [u'shared'] _exclude_attributes_by_policy /openstack/venvs/neutron-16.0.1/lib/python2.7/site-packages/neutron/pecan_wsgi/hooks/policy_enforcement.py:256
2018-10-08 14:30:44.586 414 INFO neutron.wsgi [req-16c8339d-e7ce-4f57-8f82-12596be96660 c96b5faad3384d2ea3268c9ac6d7161f f727a36033834574812055e525c5fc6a - default default] 10.10.10.14,10.10.10.5 "GET /v2.0/subnets?id=4ba80f19-4ef8-431f-8f4f-4fe844f4b673 HTTP/1.1" status: 200 len: 855 time: 0.0530610
2018-10-08 14:30:47.072 417 DEBUG neutron_lib.callbacks.manager [req-94d8f027-3e89-4868-93bb-16d174a494d8 - - - - -] Notify callbacks ['neutron.services.segments.db._update_segment_host_mapping_for_agent--9223363300968232677'] for agent, after_update _notify_loop /openstack/venvs/neutron-16.0.1/lib/python2.7/site-packages/neutron_lib/callbacks/manager.py:167
2018-10-08 14:30:47.898 416 DEBUG neutron_lib.callbacks.manager [req-3b8be5ea-7ffa-4aac-960d-97d99fdd003a - - - - -] Notify callbacks ['neutron.services.segments.db._update_segment_host_mapping_for_agent--9223363300968232677'] for agent, after_update _notify_loop /openstack/venvs/neutron-16.0.1/lib/python2.7/site-packages/neutron_lib/callbacks/manager.py:167
2018-10-08 14:30:48.273 412 DEBUG neutron.wsgi [-] (412) accepted ('10.10.10.5', 58122) server /openstack/venvs/neutron-16.0.1/lib/python2.7/site-packages/eventlet/wsgi.py:883
2018-10-08 14:30:48.370 412 DEBUG neutron.pecan_wsgi.hooks.policy_enforcement [req-551783ae-8655-476d-b830-c8c4d3236db5 c96b5faad3384d2ea3268c9ac6d7161f f727a36033834574812055e525c5fc6a - default default] Attributes excluded by policy engine: [u'vlan_transparent'] _exclude_attributes_by_policy /openstack/venvs/neutron-16.0.1/lib/python2.7/site-packages/neutron/pecan_wsgi/hooks/policy_enforcement.py:256
2018-10-08 14:30:48.371 412 INFO neutron.wsgi [req-551783ae-8655-476d-b830-c8c4d3236db5 c96b5faad3384d2ea3268c9ac6d7161f f727a36033834574812055e525c5fc6a - default default] 10.10.10.11,10.10.10.5 "GET /v2.0/networks?id=a9384440-a77a-4ee1-ab5a-be98ee9eef88 HTTP/1.1" status: 200 len: 867 time: 0.0966790
2018-10-08 14:30:48.449 412 DEBUG neutron.wsgi [-] (412) accepted ('10.10.10.5', 58138) server /openstack/venvs/neutron-16.0.1/lib/python2.7/site-packages/eventlet/wsgi.py:883
2018-10-08 14:30:48.501 412 INFO neutron.wsgi [req-4f5e8d0a-f012-48fd-bf55-d3a57674c403 c96b5faad3384d2ea3268c9ac6d7161f f727a36033834574812055e525c5fc6a - default default] 10.10.10.11,10.10.10.5 "GET /v2.0/ports?network_id=a9384440-a77a-4ee1-ab5a-be98ee9eef88&device_owner=network%3Adhcp HTTP/1.1" status: 200 len: 2885 time: 0.0518279
2018-10-08 14:30:48.616 414 DEBUG neutron.wsgi [-] (414) accepted ('10.10.10.5', 58142) server /openstack/venvs/neutron-16.0.1/lib/python2.7/site-packages/eventlet/wsgi.py:883
2018-10-08 14:30:48.618 414 INFO neutron.wsgi [-] 10.10.10.5 "GET / HTTP/1.0" status: 200 len: 249 time: 0.0008719
2018-10-08 14:30:48.815 412 DEBUG neutron.wsgi [-] (412) accepted ('10.10.10.7', 39850) server /openstack/venvs/neutron-16.0.1/lib/python2.7/site-packages/eventlet/wsgi.py:883
2018-10-08 14:30:48.816 412 INFO neutron.wsgi [-] 10.10.10.7 "GET / HTTP/1.0" status: 200 len: 249 time: 0.0008991 ##################### neutron-l3-agent.log #####################
2018-10-08 14:26:46.911 293 DEBUG oslo_concurrency.lockutils [-] Lock "_check_child_processes" released by "neutron.agent.linux.external_process._check_child_processes" :: held 0.000s inner /openstack/venvs/neutron-16.0.1/lib/python2.7/site-packages/oslo_concurrency/lockutils.py:282
2018-10-08 14:27:10.241 293 DEBUG neutron.agent.l3.agent [req-48da17be-8c22-41d6-b1a0-65e64e1592ac 40990b503a5243ea8883c93dbbf9c1fc 6d439dafcdca4e06bd30935f83a24bb0 - - -] Got routers updated notification :[u'c71008d3-5685-4e11-b650-7f7f49408643'] routers_updated /openstack/venvs/neutron-16.0.1/lib/python2.7/site-packages/neutron/agent/l3/agent.py:420
2018-10-08 14:27:10.242 293 DEBUG neutron.agent.l3.agent [-] Starting router update for c71008d3-5685-4e11-b650-7f7f49408643, action None, priority 0 _process_router_update /openstack/venvs/neutron-16.0.1/lib/python2.7/site-packages/neutron/agent/l3/agent.py:504
2018-10-08 14:27:11.123 293 DEBUG neutron_lib.callbacks.manager [-] Notify callbacks ['neutron.agent.linux.pd.add_router--9223363277842315087'] for router, before_create _notify_loop /openstack/venvs/neutron-16.0.1/lib/python2.7/site-packages/neutron_lib/callbacks/manager.py:167
2018-10-08 14:27:11.123 293 DEBUG oslo_concurrency.lockutils [-] Lock "l3-agent-pd" acquired by "neutron.agent.linux.pd.add_router" :: waited 0.000s inner /openstack/venvs/neutron-16.0.1/lib/python2.7/site-packages/oslo_concurrency/lockutils.py:270
2018-10-08 14:27:11.124 293 DEBUG oslo_concurrency.lockutils [-] Lock "l3-agent-pd" released by "neutron.agent.linux.pd.add_router" :: held 0.000s inner /openstack/venvs/neutron-16.0.1/lib/python2.7/site-packages/oslo_concurrency/lockutils.py:282
2018-10-08 14:27:11.124 293 DEBUG neutron.agent.linux.utils [-] Running command: ['sudo', '/openstack/venvs/neutron-16.0.1/bin/neutron-rootwrap', '/etc/neutron/rootwrap.conf', 'ip', '-o', 'netns', 'list'] create_process /openstack/venvs/neutron-16.0.1/lib/python2.7/site-packages/neutron/agent/linux/utils.py:92
2018-10-08 14:27:11.290 293 DEBUG neutron.agent.linux.utils [-] Running command: ['sudo', '/openstack/venvs/neutron-16.0.1/bin/neutron-rootwrap', '/etc/neutron/rootwrap.conf', 'ip', 'netns', 'add', 'qrouter-c71008d3-5685-4e11-b650-7f7f49408643'] create_process /openstack/venvs/neutron-16.0.1/lib/python2.7/site-packages/neutron/agent/linux/utils.py:92
2018-10-08 14:27:11.468 293 DEBUG neutron.agent.linux.utils [-] Running command: ['sudo', '/openstack/venvs/neutron-16.0.1/bin/neutron-rootwrap', '/etc/neutron/rootwrap.conf', 'ip', 'netns', 'exec', 'qrouter-c71008d3-5685-4e11-b650-7f7f49408643', 'sysctl', '-w', 'net.ipv4.conf.all.promote_secondaries=1'] create_process /openstack/venvs/neutron-16.0.1/lib/python2.7/site-packages/neutron/agent/linux/utils.py:92
2018-10-08 14:27:11.647 293 DEBUG neutron.agent.linux.utils [-] Running command: ['sudo', '/openstack/venvs/neutron-16.0.1/bin/neutron-rootwrap', '/etc/neutron/rootwrap.conf', 'ip', 'netns', 'exec', 'qrouter-c71008d3-5685-4e11-b650-7f7f49408643', 'ip', 'link', 'set', 'lo', 'up'] create_process /openstack/venvs/neutron-16.0.1/lib/python2.7/site-packages/neutron/agent/linux/utils.py:92
2018-10-08 14:27:11.860 293 DEBUG neutron.agent.linux.utils [-] Running command: ['sudo', '/openstack/venvs/neutron-16.0.1/bin/neutron-rootwrap', '/etc/neutron/rootwrap.conf', 'ip', 'netns', 'exec', 'qrouter-c71008d3-5685-4e11-b650-7f7f49408643', 'sysctl', '-w', 'net.ipv4.ip_forward=1'] create_process /openstack/venvs/neutron-16.0.1/lib/python2.7/site-packages/neutron/agent/linux/utils.py:92
2018-10-08 14:27:12.084 293 DEBUG neutron.agent.linux.utils [-] Running command: ['sudo', '/openstack/venvs/neutron-16.0.1/bin/neutron-rootwrap', '/etc/neutron/rootwrap.conf', 'ip', 'netns', 'exec', 'qrouter-c71008d3-5685-4e11-b650-7f7f49408643', 'sysctl', '-w', 'net.ipv4.conf.all.arp_ignore=1'] create_process /openstack/venvs/neutron-16.0.1/lib/python2.7/site-packages/neutron/agent/linux/utils.py:92
2018-10-08 14:27:12.296 293 DEBUG neutron.agent.linux.utils [-] Running command: ['sudo', '/openstack/venvs/neutron-16.0.1/bin/neutron-rootwrap', '/etc/neutron/rootwrap.conf', 'ip', 'netns', 'exec', 'qrouter-c71008d3-5685-4e11-b650-7f7f49408643', 'sysctl', '-w', 'net.ipv4.conf.all.arp_announce=2'] create_process /openstack/venvs/neutron-16.0.1/lib/python2.7/site-packages/neutron/agent/linux/utils.py:92
2018-10-08 14:27:12.488 293 DEBUG neutron.agent.linux.utils [-] Running command: ['sudo', '/openstack/venvs/neutron-16.0.1/bin/neutron-rootwrap', '/etc/neutron/rootwrap.conf', 'ip', 'netns', 'exec', 'qrouter-c71008d3-5685-4e11-b650-7f7f49408643', 'sysctl', '-w', 'net.ipv6.conf.all.forwarding=1'] create_process /openstack/venvs/neutron-16.0.1/lib/python2.7/site-packages/neutron/agent/linux/utils.py:92
2018-10-08 14:27:12.689 293 DEBUG neutron.agent.linux.utils [-] Running command: ['sudo', '/openstack/venvs/neutron-16.0.1/bin/neutron-rootwrap', '/etc/neutron/rootwrap.conf', 'ip', 'netns', 'exec', 'qrouter-c71008d3-5685-4e11-b650-7f7f49408643', 'sysctl', '-w', 'net.ipv4.ip_nonlocal_bind=0'] create_process /openstack/venvs/neutron-16.0.1/lib/python2.7/site-packages/neutron/agent/linux/utils.py:92
2018-10-08 14:27:12.894 293 DEBUG neutron.agent.linux.utils [-] Running command: ['sudo', '/openstack/venvs/neutron-16.0.1/bin/neutron-rootwrap', '/etc/neutron/rootwrap.conf', 'ip', 'netns', 'exec', 'qrouter-c71008d3-5685-4e11-b650-7f7f49408643', 'ip', '-o', 'link', 'show', 'ha-81b8f9ab-30'] create_process /openstack/venvs/neutron-16.0.1/lib/python2.7/site-packages/neutron/agent/linux/utils.py:92
2018-10-08 14:27:13.096 293 DEBUG neutron.agent.linux.utils [-] Running command: ['sudo', '/openstack/venvs/neutron-16.0.1/bin/neutron-rootwrap', '/etc/neutron/rootwrap.conf', 'ip', '-o', 'netns', 'list'] create_process /openstack/venvs/neutron-16.0.1/lib/python2.7/site-packages/neutron/agent/linux/utils.py:92
2018-10-08 14:27:13.262 293 DEBUG neutron.agent.linux.utils [-] Running command: ['sudo', '/openstack/venvs/neutron-16.0.1/bin/neutron-rootwrap', '/etc/neutron/rootwrap.conf', 'ip', 'link', 'add', 'tap81b8f9ab-30', 'type', 'veth', 'peer', 'name', 'ha-81b8f9ab-30', 'netns', 'qrouter-c71008d3-5685-4e11-b650-7f7f49408643'] create_process /openstack/venvs/neutron-16.0.1/lib/python2.7/site-packages/neutron/agent/linux/utils.py:92
2018-10-08 14:27:13.406 293 DEBUG neutron.agent.linux.utils [-] Running command: ['sudo', '/openstack/venvs/neutron-16.0.1/bin/neutron-rootwrap', '/etc/neutron/rootwrap.conf', 'sysctl', '-w', 'net.ipv6.conf.tap81b8f9ab-30.disable_ipv6=1'] create_process /openstack/venvs/neutron-16.0.1/lib/python2.7/site-packages/neutron/agent/linux/utils.py:92
2018-10-08 14:27:13.561 293 DEBUG neutron.agent.linux.utils [-] Running command: ['sudo', '/openstack/venvs/neutron-16.0.1/bin/neutron-rootwrap', '/etc/neutron/rootwrap.conf', 'ip', 'netns', 'exec', 'qrouter-c71008d3-5685-4e11-b650-7f7f49408643', 'ip', 'link', 'set', 'ha-81b8f9ab-30', 'address', 'fa:16:3e:e9:ba:50'] create_process /openstack/venvs/neutron-16.0.1/lib/python2.7/site-packages/neutron/agent/linux/utils.py:92
2018-10-08 14:27:13.755 293 DEBUG neutron.agent.linux.utils [-] Running command: ['sudo', '/openstack/venvs/neutron-16.0.1/bin/neutron-rootwrap', '/etc/neutron/rootwrap.conf', 'ip', 'link', 'set', 'tap81b8f9ab-30', 'mtu', '1450'] create_process /openstack/venvs/neutron-16.0.1/lib/python2.7/site-packages/neutron/agent/linux/utils.py:92
2018-10-08 14:27:13.900 293 DEBUG neutron.agent.linux.utils [-] Running command: ['sudo', '/openstack/venvs/neutron-16.0.1/bin/neutron-rootwrap', '/etc/neutron/rootwrap.conf', 'ip', 'netns', 'exec', 'qrouter-c71008d3-5685-4e11-b650-7f7f49408643', 'ip', 'link', 'set', 'ha-81b8f9ab-30', 'mtu', '1450'] create_process /openstack/venvs/neutron-16.0.1/lib/python2.7/site-packages/neutron/agent/linux/utils.py:92
2018-10-08 14:27:14.078 293 DEBUG neutron.agent.linux.utils [-] Running command: ['sudo', '/openstack/venvs/neutron-16.0.1/bin/neutron-rootwrap', '/etc/neutron/rootwrap.conf', 'ip', 'link', 'set', 'tap81b8f9ab-30', 'up'] create_process /openstack/venvs/neutron-16.0.1/lib/python2.7/site-packages/neutron/agent/linux/utils.py:92
2018-10-08 14:27:14.213 293 DEBUG neutron.agent.linux.utils [-] Running command: ['sudo', '/openstack/venvs/neutron-16.0.1/bin/neutron-rootwrap', '/etc/neutron/rootwrap.conf', 'ip', 'netns', 'exec', 'qrouter-c71008d3-5685-4e11-b650-7f7f49408643', 'ip', 'link', 'set', 'ha-81b8f9ab-30', 'up'] create_process /openstack/venvs/neutron-16.0.1/lib/python2.7/site-packages/neutron/agent/linux/utils.py:92
2018-10-08 14:27:14.417 293 DEBUG neutron.agent.linux.utils [-] Running command: ['sudo', '/openstack/venvs/neutron-16.0.1/bin/neutron-rootwrap', '/etc/neutron/rootwrap.conf', 'ip', 'netns', 'exec', 'qrouter-c71008d3-5685-4e11-b650-7f7f49408643', 'ip', '-o', 'link', 'show', 'ha-81b8f9ab-30'] create_process /openstack/venvs/neutron-16.0.1/lib/python2.7/site-packages/neutron/agent/linux/utils.py:92
2018-10-08 14:27:14.599 293 DEBUG neutron.agent.linux.utils [-] Running command: ['sudo', '/openstack/venvs/neutron-16.0.1/bin/neutron-rootwrap', '/etc/neutron/rootwrap.conf', 'ip', 'netns', 'exec', 'qrouter-c71008d3-5685-4e11-b650-7f7f49408643', 'ip', 'addr', 'show', 'ha-81b8f9ab-30'] create_process /openstack/venvs/neutron-16.0.1/lib/python2.7/site-packages/neutron/agent/linux/utils.py:92
2018-10-08 14:27:14.778 293 DEBUG neutron.agent.linux.utils [-] Running command: ['sudo', '/openstack/venvs/neutron-16.0.1/bin/neutron-rootwrap', '/etc/neutron/rootwrap.conf', 'ip', 'netns', 'exec', 'qrouter-c71008d3-5685-4e11-b650-7f7f49408643', 'ip', '-4', 'addr', 'add', '169.254.192.8/18', 'scope', 'global', 'dev', 'ha-81b8f9ab-30', 'brd', '169.254.255.255'] create_process /openstack/venvs/neutron-16.0.1/lib/python2.7/site-packages/neutron/agent/linux/utils.py:92
2018-10-08 14:27:14.938 293 DEBUG neutron.agent.linux.utils [-] Running command: ['sudo', '/openstack/venvs/neutron-16.0.1/bin/neutron-rootwrap', '/etc/neutron/rootwrap.conf', 'ip', 'netns', 'exec', 'qrouter-c71008d3-5685-4e11-b650-7f7f49408643', 'ip', 'addr', 'show', 'ha-81b8f9ab-30'] create_process /openstack/venvs/neutron-16.0.1/lib/python2.7/site-packages/neutron/agent/linux/utils.py:92
2018-10-08 14:27:15.102 293 INFO neutron.agent.l3.ha [-] Router c71008d3-5685-4e11-b650-7f7f49408643 transitioned to backup
2018-10-08 14:27:15.102 293 DEBUG neutron.agent.l3.ha [-] Closing metadata proxy for router c71008d3-5685-4e11-b650-7f7f49408643 _update_metadata_proxy /openstack/venvs/neutron-16.0.1/lib/python2.7/site-packages/neutron/agent/l3/ha.py:158
2018-10-08 14:27:15.103 293 DEBUG neutron.agent.linux.external_process [-] Process for c71008d3-5685-4e11-b650-7f7f49408643 pid 2313 is stale, ignoring signal 9 disable /openstack/venvs/neutron-16.0.1/lib/python2.7/site-packages/neutron/agent/linux/external_process.py:124
2018-10-08 14:27:15.103 293 DEBUG neutron.agent.l3.router_info [-] Terminating radvd daemon in router device: c71008d3-5685-4e11-b650-7f7f49408643 disable_radvd /openstack/venvs/neutron-16.0.1/lib/python2.7/site-packages/neutron/agent/l3/router_info.py:505
2018-10-08 14:27:15.103 293 DEBUG neutron.agent.linux.utils [-] Unable to access /var/lib/neutron/external/pids/c71008d3-5685-4e11-b650-7f7f49408643.pid.radvd get_value_from_file /openstack/venvs/neutron-16.0.1/lib/python2.7/site-packages/neutron/agent/linux/utils.py:254
2018-10-08 14:27:15.103 293 DEBUG neutron.agent.linux.utils [-] Unable to access /var/lib/neutron/external/pids/c71008d3-5685-4e11-b650-7f7f49408643.pid.radvd get_value_from_file /openstack/venvs/neutron-16.0.1/lib/python2.7/site-packages/neutron/agent/linux/utils.py:254
2018-10-08 14:27:15.104 293 DEBUG neutron.agent.linux.external_process [-] No process started for c71008d3-5685-4e11-b650-7f7f49408643 disable /openstack/venvs/neutron-16.0.1/lib/python2.7/site-packages/neutron/agent/linux/external_process.py:126
2018-10-08 14:27:15.104 293 DEBUG neutron.agent.linux.ra [-] radvd disabled for router c71008d3-5685-4e11-b650-7f7f49408643 disable /openstack/venvs/neutron-16.0.1/lib/python2.7/site-packages/neutron/agent/linux/ra.py:190
2018-10-08 14:27:15.104 293 DEBUG oslo_concurrency.lockutils [-] Lock "l3-agent-pd" acquired by "neutron.agent.linux.pd.process_ha_state" :: waited 0.000s inner /openstack/venvs/neutron-16.0.1/lib/python2.7/site-packages/oslo_concurrency/lockutils.py:270
2018-10-08 14:27:15.104 293 DEBUG oslo_concurrency.lockutils [-] Lock "l3-agent-pd" released by "neutron.agent.linux.pd.process_ha_state" :: held 0.000s inner /openstack/venvs/neutron-16.0.1/lib/python2.7/site-packages/oslo_concurrency/lockutils.py:282
2018-10-08 14:27:15.105 293 DEBUG neutron.agent.linux.utils [-] Unable to access /var/lib/neutron/external/pids/c71008d3-5685-4e11-b650-7f7f49408643.monitor.pid get_value_from_file /openstack/venvs/neutron-16.0.1/lib/python2.7/site-packages/neutron/agent/linux/utils.py:254
2018-10-08 14:27:15.105 293 DEBUG neutron.agent.linux.utils [-] Running command: ['sudo', '/openstack/venvs/neutron-16.0.1/bin/neutron-rootwrap', '/etc/neutron/rootwrap.conf', 'ip', 'netns', 'exec', 'qrouter-c71008d3-5685-4e11-b650-7f7f49408643', 'neutron-keepalived-state-change', '--router_id=c71008d3-5685-4e11-b650-7f7f49408643', '--namespace=qrouter-c71008d3-5685-4e11-b650-7f7f49408643', '--conf_dir=/var/lib/neutron/ha_confs/c71008d3-5685-4e11-b650-7f7f49408643', '--monitor_interface=ha-81b8f9ab-30', '--monitor_cidr=169.254.0.1/24', '--pid_file=/var/lib/neutron/external/pids/c71008d3-5685-4e11-b650-7f7f49408643.monitor.pid', '--state_path=/var/lib/neutron', '--user=999', '--group=999'] create_process /openstack/venvs/neutron-16.0.1/lib/python2.7/site-packages/neutron/agent/linux/utils.py:92
2018-10-08 14:27:15.114 293 DEBUG oslo_concurrency.lockutils [-] Lock "notifier-e3ebc333-0b9c-40c5-a0e8-ff3c484fe02d" acquired by "neutron.notifiers.batch_notifier.synced_send" :: waited 0.000s inner /openstack/venvs/neutron-16.0.1/lib/python2.7/site-packages/oslo_concurrency/lockutils.py:270
