2018-10-08 14:27:18.279 416 DEBUG neutron.api.rpc.callbacks.version_manager [req-12754fc1-66b0-44af-a9b4-e47a694bbfee - - - - -] Version for resource type SecurityGroup changed None to 1.0 on consumer Linux bridge agent@openstack-compute2 _set_version /openstack/venvs/neutron-16.0.1/lib/python2.7/site-packages/neutron/api/rpc/callbacks/version_manager.py:119
2018-10-08 14:27:18.280 416 DEBUG neutron.api.rpc.callbacks.version_manager [req-12754fc1-66b0-44af-a9b4-e47a694bbfee - - - - -] Version for resource type SecurityGroupRule changed None to 1.0 on consumer Linux bridge agent@openstack-compute2 _set_version /openstack/venvs/neutron-16.0.1/lib/python2.7/site-packages/neutron/api/rpc/callbacks/version_manager.py:119
2018-10-08 14:27:18.280 416 DEBUG neutron.api.rpc.callbacks.version_manager [req-12754fc1-66b0-44af-a9b4-e47a694bbfee - - - - -] Version for resource type Trunk changed None to 1.1 on consumer Linux bridge agent@openstack-compute2 _set_version /openstack/venvs/neutron-16.0.1/lib/python2.7/site-packages/neutron/api/rpc/callbacks/version_manager.py:119
2018-10-08 14:27:18.280 416 DEBUG neutron.api.rpc.callbacks.version_manager [req-12754fc1-66b0-44af-a9b4-e47a694bbfee - - - - -] Version for resource type QosPolicy changed None to 1.6 on consumer Linux bridge agent@openstack-compute2 _set_version /openstack/venvs/neutron-16.0.1/lib/python2.7/site-packages/neutron/api/rpc/callbacks/version_manager.py:119
2018-10-08 14:27:18.280 416 DEBUG neutron.api.rpc.callbacks.version_manager [req-12754fc1-66b0-44af-a9b4-e47a694bbfee - - - - -] Version for resource type Port changed None to 1.1 on consumer Linux bridge agent@openstack-compute2 _set_version /openstack/venvs/neutron-16.0.1/lib/python2.7/site-packages/neutron/api/rpc/callbacks/version_manager.py:119
2018-10-08 14:27:18.281 416 DEBUG neutron.api.rpc.callbacks.version_manager [req-12754fc1-66b0-44af-a9b4-e47a694bbfee - - - - -] Version for resource type Log changed None to 1.0 on consumer Linux bridge agent@openstack-compute2 _set_version /openstack/venvs/neutron-16.0.1/lib/python2.7/site-packages/neutron/api/rpc/callbacks/version_manager.py:119
2018-10-08 14:27:18.281 416 DEBUG neutron.api.rpc.callbacks.version_manager [req-12754fc1-66b0-44af-a9b4-e47a694bbfee - - - - -] Version for resource type Subnet changed None to 1.0 on consumer Linux bridge agent@openstack-compute3 _set_version /openstack/venvs/neutron-16.0.1/lib/python2.7/site-packages/neutron/api/rpc/callbacks/version_manager.py:119
2018-10-08 14:27:18.281 416 DEBUG neutron.api.rpc.callbacks.version_manager [req-12754fc1-66b0-44af-a9b4-e47a694bbfee - - - - -] Version for resource type Network changed None to 1.0 on consumer Linux bridge agent@openstack-compute3 _set_version /openstack/venvs/neutron-16.0.1/lib/python2.7/site-packages/neutron/api/rpc/callbacks/version_manager.py:119
2018-10-08 14:27:18.281 416 DEBUG neutron.api.rpc.callbacks.version_manager [req-12754fc1-66b0-44af-a9b4-e47a694bbfee - - - - -] Version for resource type SubPort changed None to 1.0 on consumer Linux bridge agent@openstack-compute3 _set_version /openstack/venvs/neutron-16.0.1/lib/python2.7/site-packages/neutron/api/rpc/callbacks/version_manager.py:119
2018-10-08 14:27:18.281 416 DEBUG neutron.api.rpc.callbacks.version_manager [req-12754fc1-66b0-44af-a9b4-e47a694bbfee - - - - -] Version for resource type SecurityGroup changed None to 1.0 on consumer Linux bridge agent@openstack-compute3 _set_version /openstack/venvs/neutron-16.0.1/lib/python2.7/site-packages/neutron/api/rpc/callbacks/version_manager.py:119
2018-10-08 14:27:18.281 416 DEBUG neutron.api.rpc.callbacks.version_manager [req-12754fc1-66b0-44af-a9b4-e47a694bbfee - - - - -] Version for resource type SecurityGroupRule changed None to 1.0 on consumer Linux bridge agent@openstack-compute3 _set_version /openstack/venvs/neutron-16.0.1/lib/python2.7/site-packages/neutron/api/rpc/callbacks/version_manager.py:119
2018-10-08 14:27:18.282 416 DEBUG neutron.api.rpc.callbacks.version_manager [req-12754fc1-66b0-44af-a9b4-e47a694bbfee - - - - -] Version for resource type Trunk changed None to 1.1 on consumer Linux bridge agent@openstack-compute3 _set_version /openstack/venvs/neutron-16.0.1/lib/python2.7/site-packages/neutron/api/rpc/callbacks/version_manager.py:119
2018-10-08 14:27:18.282 416 DEBUG neutron.api.rpc.callbacks.version_manager [req-12754fc1-66b0-44af-a9b4-e47a694bbfee - - - - -] Version for resource type QosPolicy changed None to 1.6 on consumer Linux bridge agent@openstack-compute3 _set_version /openstack/venvs/neutron-16.0.1/lib/python2.7/site-packages/neutron/api/rpc/callbacks/version_manager.py:119
2018-10-08 14:27:18.282 416 DEBUG neutron.api.rpc.callbacks.version_manager [req-12754fc1-66b0-44af-a9b4-e47a694bbfee - - - - -] Version for resource type Port changed None to 1.1 on consumer Linux bridge agent@openstack-compute3 _set_version /openstack/venvs/neutron-16.0.1/lib/python2.7/site-packages/neutron/api/rpc/callbacks/version_manager.py:119
2018-10-08 14:27:18.282 416 DEBUG neutron.api.rpc.callbacks.version_manager [req-12754fc1-66b0-44af-a9b4-e47a694bbfee - - - - -] Version for resource type Log changed None to 1.0 on consumer Linux bridge agent@openstack-compute3 _set_version /openstack/venvs/neutron-16.0.1/lib/python2.7/site-packages/neutron/api/rpc/callbacks/version_manager.py:119
2018-10-08 14:27:18.282 416 DEBUG neutron.api.rpc.callbacks.version_manager [req-12754fc1-66b0-44af-a9b4-e47a694bbfee - - - - -] Version for resource type Subnet changed None to 1.0 on consumer Linux bridge agent@openstack-compute1 _set_version /openstack/venvs/neutron-16.0.1/lib/python2.7/site-packages/neutron/api/rpc/callbacks/version_manager.py:119
2018-10-08 14:27:18.283 416 DEBUG neutron.api.rpc.callbacks.version_manager [req-12754fc1-66b0-44af-a9b4-e47a694bbfee - - - - -] Version for resource type Network changed None to 1.0 on consumer Linux bridge agent@openstack-compute1 _set_version /openstack/venvs/neutron-16.0.1/lib/python2.7/site-packages/neutron/api/rpc/callbacks/version_manager.py:119
2018-10-08 14:27:18.283 416 DEBUG neutron.api.rpc.callbacks.version_manager [req-12754fc1-66b0-44af-a9b4-e47a694bbfee - - - - -] Version for resource type SubPort changed None to 1.0 on consumer Linux bridge agent@openstack-compute1 _set_version /openstack/venvs/neutron-16.0.1/lib/python2.7/site-packages/neutron/api/rpc/callbacks/version_manager.py:119
2018-10-08 14:27:18.283 416 DEBUG neutron.api.rpc.callbacks.version_manager [req-12754fc1-66b0-44af-a9b4-e47a694bbfee - - - - -] Version for resource type SecurityGroup changed None to 1.0 on consumer Linux bridge agent@openstack-compute1 _set_version /openstack/venvs/neutron-16.0.1/lib/python2.7/site-packages/neutron/api/rpc/callbacks/version_manager.py:119
2018-10-08 14:27:18.283 416 DEBUG neutron.api.rpc.callbacks.version_manager [req-12754fc1-66b0-44af-a9b4-e47a694bbfee - - - - -] Version for resource type SecurityGroupRule changed None to 1.0 on consumer Linux bridge agent@openstack-compute1 _set_version /openstack/venvs/neutron-16.0.1/lib/python2.7/site-packages/neutron/api/rpc/callbacks/version_manager.py:119
2018-10-08 14:27:18.284 416 DEBUG neutron.api.rpc.callbacks.version_manager [req-12754fc1-66b0-44af-a9b4-e47a694bbfee - - - - -] Version for resource type Trunk changed None to 1.1 on consumer Linux bridge agent@openstack-compute1 _set_version /openstack/venvs/neutron-16.0.1/lib/python2.7/site-packages/neutron/api/rpc/callbacks/version_manager.py:119
2018-10-08 14:27:18.284 416 DEBUG neutron.api.rpc.callbacks.version_manager [req-12754fc1-66b0-44af-a9b4-e47a694bbfee - - - - -] Version for resource type QosPolicy changed None to 1.6 on consumer Linux bridge agent@openstack-compute1 _set_version /openstack/venvs/neutron-16.0.1/lib/python2.7/site-packages/neutron/api/rpc/callbacks/version_manager.py:119
2018-10-08 14:27:18.284 416 DEBUG neutron.api.rpc.callbacks.version_manager [req-12754fc1-66b0-44af-a9b4-e47a694bbfee - - - - -] Version for resource type Port changed None to 1.1 on consumer Linux bridge agent@openstack-compute1 _set_version /openstack/venvs/neutron-16.0.1/lib/python2.7/site-packages/neutron/api/rpc/callbacks/version_manager.py:119
2018-10-08 14:27:18.284 416 DEBUG neutron.api.rpc.callbacks.version_manager [req-12754fc1-66b0-44af-a9b4-e47a694bbfee - - - - -] Version for resource type Log changed None to 1.0 on consumer Linux bridge agent@openstack-compute1 _set_version /openstack/venvs/neutron-16.0.1/lib/python2.7/site-packages/neutron/api/rpc/callbacks/version_manager.py:119
2018-10-08 14:27:18.284 416 DEBUG neutron.api.rpc.callbacks.version_manager [req-12754fc1-66b0-44af-a9b4-e47a694bbfee - - - - -] Version for resource type Subnet changed None to 1.0 on consumer Linux bridge agent@infra1-neutron-agents-container-946dca38 _set_version /openstack/venvs/neutron-16.0.1/lib/python2.7/site-packages/neutron/api/rpc/callbacks/version_manager.py:119
2018-10-08 14:27:18.284 416 DEBUG neutron.api.rpc.callbacks.version_manager [req-12754fc1-66b0-44af-a9b4-e47a694bbfee - - - - -] Version for resource type Network changed None to 1.0 on consumer Linux bridge agent@infra1-neutron-agents-container-946dca38 _set_version /openstack/venvs/neutron-16.0.1/lib/python2.7/site-packages/neutron/api/rpc/callbacks/version_manager.py:119
2018-10-08 14:27:18.285 416 DEBUG neutron.api.rpc.callbacks.version_manager [req-12754fc1-66b0-44af-a9b4-e47a694bbfee - - - - -] Version for resource type SubPort changed None to 1.0 on consumer Linux bridge agent@infra1-neutron-agents-container-946dca38 _set_version /openstack/venvs/neutron-16.0.1/lib/python2.7/site-packages/neutron/api/rpc/callbacks/version_manager.py:119
2018-10-08 14:27:18.285 416 DEBUG neutron.api.rpc.callbacks.version_manager [req-12754fc1-66b0-44af-a9b4-e47a694bbfee - - - - -] Version for resource type SecurityGroup changed None to 1.0 on consumer Linux bridge agent@infra1-neutron-agents-container-946dca38 _set_version /openstack/venvs/neutron-16.0.1/lib/python2.7/site-packages/neutron/api/rpc/callbacks/version_manager.py:119
2018-10-08 14:27:18.285 416 DEBUG neutron.api.rpc.callbacks.version_manager [req-12754fc1-66b0-44af-a9b4-e47a694bbfee - - - - -] Version for resource type SecurityGroupRule changed None to 1.0 on consumer Linux bridge agent@infra1-neutron-agents-container-946dca38 _set_version /openstack/venvs/neutron-16.0.1/lib/python2.7/site-packages/neutron/api/rpc/callbacks/version_manager.py:119
2018-10-08 14:27:18.285 416 DEBUG neutron.api.rpc.callbacks.version_manager [req-12754fc1-66b0-44af-a9b4-e47a694bbfee - - - - -] Version for resource type Trunk changed None to 1.1 on consumer Linux bridge agent@infra1-neutron-agents-container-946dca38 _set_version /openstack/venvs/neutron-16.0.1/lib/python2.7/site-packages/neutron/api/rpc/callbacks/version_manager.py:119
2018-10-08 14:27:18.285 416 DEBUG neutron.api.rpc.callbacks.version_manager [req-12754fc1-66b0-44af-a9b4-e47a694bbfee - - - - -] Version for resource type QosPolicy changed None to 1.6 on consumer Linux bridge agent@infra1-neutron-agents-container-946dca38 _set_version /openstack/venvs/neutron-16.0.1/lib/python2.7/site-packages/neutron/api/rpc/callbacks/version_manager.py:119
2018-10-08 14:27:18.286 416 DEBUG neutron.api.rpc.callbacks.version_manager [req-12754fc1-66b0-44af-a9b4-e47a694bbfee - - - - -] Version for resource type Port changed None to 1.1 on consumer Linux bridge agent@infra1-neutron-agents-container-946dca38 _set_version /openstack/venvs/neutron-16.0.1/lib/python2.7/site-packages/neutron/api/rpc/callbacks/version_manager.py:119
2018-10-08 14:27:18.286 416 DEBUG neutron.api.rpc.callbacks.version_manager [req-12754fc1-66b0-44af-a9b4-e47a694bbfee - - - - -] Version for resource type Log changed None to 1.0 on consumer Linux bridge agent@infra1-neutron-agents-container-946dca38 _set_version /openstack/venvs/neutron-16.0.1/lib/python2.7/site-packages/neutron/api/rpc/callbacks/version_manager.py:119
2018-10-08 14:27:18.286 416 DEBUG neutron.api.rpc.callbacks.version_manager [req-12754fc1-66b0-44af-a9b4-e47a694bbfee - - - - -] Version for resource type Subnet changed None to 1.0 on consumer Linux bridge agent@openstack-compute6 _set_version /openstack/venvs/neutron-16.0.1/lib/python2.7/site-packages/neutron/api/rpc/callbacks/version_manager.py:119
2018-10-08 14:27:18.286 416 DEBUG neutron.api.rpc.callbacks.version_manager [req-12754fc1-66b0-44af-a9b4-e47a694bbfee - - - - -] Version for resource type Network changed None to 1.0 on consumer Linux bridge agent@openstack-compute6 _set_version /openstack/venvs/neutron-16.0.1/lib/python2.7/site-packages/neutron/api/rpc/callbacks/version_manager.py:119
2018-10-08 14:27:18.286 416 DEBUG neutron.api.rpc.callbacks.version_manager [req-12754fc1-66b0-44af-a9b4-e47a694bbfee - - - - -] Version for resource type SubPort changed None to 1.0 on consumer Linux bridge agent@openstack-compute6 _set_version /openstack/venvs/neutron-16.0.1/lib/python2.7/site-packages/neutron/api/rpc/callbacks/version_manager.py:119
2018-10-08 14:27:18.287 416 DEBUG neutron.api.rpc.callbacks.version_manager [req-12754fc1-66b0-44af-a9b4-e47a694bbfee - - - - -] Version for resource type SecurityGroup changed None to 1.0 on consumer Linux bridge agent@openstack-compute6 _set_version /openstack/venvs/neutron-16.0.1/lib/python2.7/site-packages/neutron/api/rpc/callbacks/version_manager.py:119
2018-10-08 14:27:18.287 416 DEBUG neutron.api.rpc.callbacks.version_manager [req-12754fc1-66b0-44af-a9b4-e47a694bbfee - - - - -] Version for resource type SecurityGroupRule changed None to 1.0 on consumer Linux bridge agent@openstack-compute6 _set_version /openstack/venvs/neutron-16.0.1/lib/python2.7/site-packages/neutron/api/rpc/callbacks/version_manager.py:119
2018-10-08 14:27:18.287 416 DEBUG neutron.api.rpc.callbacks.version_manager [req-12754fc1-66b0-44af-a9b4-e47a694bbfee - - - - -] Version for resource type Trunk changed None to 1.1 on consumer Linux bridge agent@openstack-compute6 _set_version /openstack/venvs/neutron-16.0.1/lib/python2.7/site-packages/neutron/api/rpc/callbacks/version_manager.py:119
2018-10-08 14:27:18.287 416 DEBUG neutron.api.rpc.callbacks.version_manager [req-12754fc1-66b0-44af-a9b4-e47a694bbfee - - - - -] Version for resource type QosPolicy changed None to 1.6 on consumer Linux bridge agent@openstack-compute6 _set_version /openstack/venvs/neutron-16.0.1/lib/python2.7/site-packages/neutron/api/rpc/callbacks/version_manager.py:119
2018-10-08 14:27:18.287 416 DEBUG neutron.api.rpc.callbacks.version_manager [req-12754fc1-66b0-44af-a9b4-e47a694bbfee - - - - -] Version for resource type Port changed None to 1.1 on consumer Linux bridge agent@openstack-compute6 _set_version /openstack/venvs/neutron-16.0.1/lib/python2.7/site-packages/neutron/api/rpc/callbacks/version_manager.py:119
2018-10-08 14:27:18.288 416 DEBUG neutron.api.rpc.callbacks.version_manager [req-12754fc1-66b0-44af-a9b4-e47a694bbfee - - - - -] Version for resource type Log changed None to 1.0 on consumer Linux bridge agent@openstack-compute6 _set_version /openstack/venvs/neutron-16.0.1/lib/python2.7/site-packages/neutron/api/rpc/callbacks/version_manager.py:119
2018-10-08 14:27:18.292 416 DEBUG oslo_concurrency.lockutils [req-12754fc1-66b0-44af-a9b4-e47a694bbfee - - - - -] Lock "event-dispatch" released by "neutron.plugins.ml2.ovo_rpc.dispatch_events" :: held 0.084s inner /openstack/venvs/neutron-16.0.1/lib/python2.7/site-packages/oslo_concurrency/lockutils.py:282
2018-10-08 14:27:18.976 416 DEBUG neutron.plugins.ml2.rpc [req-2fa6171e-22c4-4572-8e3e-bb57857e112e - - - - -] Device tapcab8cacb-1a up at agent lb00163ed456c5 update_device_up /openstack/venvs/neutron-16.0.1/lib/python2.7/site-packages/neutron/plugins/ml2/rpc.py:245
2018-10-08 14:27:19.019 416 DEBUG neutron.plugins.ml2.rpc [req-2fa6171e-22c4-4572-8e3e-bb57857e112e - - - - -] Device tapcab8cacb-1a not bound to the agent host infra3-neutron-agents-container-fb07941c update_device_up /openstack/venvs/neutron-16.0.1/lib/python2.7/site-packages/neutron/plugins/ml2/rpc.py:252
2018-10-08 14:27:19.043 416 DEBUG neutron.plugins.ml2.rpc [req-2fa6171e-22c4-4572-8e3e-bb57857e112e - - - - -] Port cab8cacb-1a not found, will not notify nova. update_device_up /openstack/venvs/neutron-16.0.1/lib/python2.7/site-packages/neutron/plugins/ml2/rpc.py:259
2018-10-08 14:27:19.091 412 DEBUG neutron.wsgi [-] (412) accepted ('10.10.10.6', 47220) server /openstack/venvs/neutron-16.0.1/lib/python2.7/site-packages/eventlet/wsgi.py:883
2018-10-08 14:27:19.093 412 INFO neutron.wsgi [-] 10.10.10.6 "GET / HTTP/1.0" status: 200 len: 249 time: 0.0008001
2018-10-08 14:27:20.289 411 DEBUG neutron.wsgi [-] (411) accepted ('10.10.10.5', 20180) server /openstack/venvs/neutron-16.0.1/lib/python2.7/site-packages/eventlet/wsgi.py:883
2018-10-08 14:27:20.370 411 INFO neutron.wsgi [req-86bdbe68-92b7-4435-ab39-aa7394f70f2f 40990b503a5243ea8883c93dbbf9c1fc 6d439dafcdca4e06bd30935f83a24bb0 - default default] 10.10.10.185,10.10.10.5 "GET /v2.0/routers/c71008d3-5685-4e11-b650-7f7f49408643 HTTP/1.1" status: 200 len: 890 time: 0.0797830
2018-10-08 14:27:20.652 415 DEBUG neutron.wsgi [-] (415) accepted ('10.10.10.5', 20260) server /openstack/venvs/neutron-16.0.1/lib/python2.7/site-packages/eventlet/wsgi.py:883
2018-10-08 14:27:20.661 415 DEBUG neutron.wsgi [req-4e63c03c-30b6-48a2-a894-e4629e8483af 40990b503a5243ea8883c93dbbf9c1fc 6d439dafcdca4e06bd30935f83a24bb0 - default default] http://cloud.openstack.com:9696/v2.0/extensions returned with HTTP 200 __call__ /openstack/venvs/neutron-16.0.1/lib/python2.7/site-packages/neutron/wsgi.py:715
2018-10-08 14:27:20.662 415 INFO neutron.wsgi [req-4e63c03c-30b6-48a2-a894-e4629e8483af 40990b503a5243ea8883c93dbbf9c1fc 6d439dafcdca4e06bd30935f83a24bb0 - default default] 10.10.10.185,10.10.10.5 "GET /v2.0/extensions HTTP/1.1" status: 200 len: 8543 time: 0.0085349
2018-10-08 14:27:21.552 418 DEBUG neutron.api.rpc.handlers.l3_rpc [req-935d474f-1e04-4dd0-94ee-e10d55556a5a - - - - -] New status for floating IP 131ec9df-7508-4de0-ae62-c5dc00777c94: ACTIVE update_floatingip_statuses /openstack/venvs/neutron-16.0.1/lib/python2.7/site-packages/neutron/api/rpc/handlers/l3_rpc.py:252
2018-10-08 14:27:22.563 416 DEBUG neutron.plugins.ml2.db [req-12754fc1-66b0-44af-a9b4-e47a694bbfee - - - - -] get_ports_and_sgs() called for port_ids [u'10227cbb-d5'] get_ports_and_sgs /openstack/venvs/neutron-16.0.1/lib/python2.7/site-packages/neutron/plugins/ml2/db.py:192
2018-10-08 14:27:22.604 416 DEBUG neutron.api.rpc.handlers.l3_rpc [req-107406a5-7b98-4bcc-9b8e-9d9a067a2e41 - - - - -] New status for floating IP 131ec9df-7508-4de0-ae62-c5dc00777c94: ACTIVE update_floatingip_statuses /openstack/venvs/neutron-16.0.1/lib/python2.7/site-packages/neutron/api/rpc/handlers/l3_rpc.py:252
2018-10-08 14:27:22.871 416 DEBUG neutron.plugins.ml2.rpc [req-12754fc1-66b0-44af-a9b4-e47a694bbfee - - - - -] Device tap10227cbb-d5 details requested by agent lb00163e046c5b with host infra2-neutron-agents-container-6ed576b6 get_device_details /openstack/venvs/neutron-16.0.1/lib/python2.7/site-packages/neutron/plugins/ml2/rpc.py:78
2018-10-08 14:27:22.975 416 DEBUG neutron.plugins.ml2.db [req-12754fc1-66b0-44af-a9b4-e47a694bbfee - - - - -] For port 10227cbb-d5d0-4563-aa34-f501caedc501, host infra2-neutron-agents-container-6ed576b6, got binding levels [] get_binding_levels /openstack/venvs/neutron-16.0.1/lib/python2.7/site-packages/neutron/plugins/ml2/db.py:106
2018-10-08 14:27:22.987 416 DEBUG neutron.plugins.ml2.rpc [req-12754fc1-66b0-44af-a9b4-e47a694bbfee - - - - -] Returning: {'profile': {}, 'network_qos_policy_id': None, 'qos_policy_id': None, 'allowed_address_pairs': [], 'admin_state_up': True, 'network_id': u'9ca5272e-06aa-4728-baef-71f4681dd040', 'segmentation_id': None, 'fixed_ips': [{'subnet_id': u'4ba80f19-4ef8-431f-8f4f-4fe844f4b673', 'ip_address': u'x.x.x.8'}], 'mtu': 1500, 'device_owner': u'network:router_gateway', 'physical_network': u'flat', 'mac_address': u'fa:16:3e:7d:f8:da', 'device': u'tap10227cbb-d5', 'port_security_enabled': False, 'port_id': u'10227cbb-d5d0-4563-aa34-f501caedc501', 'network_type': u'flat'} _get_device_details /openstack/venvs/neutron-16.0.1/lib/python2.7/site-packages/neutron/plugins/ml2/rpc.py:145
2018-10-08 14:27:23.021 416 DEBUG neutron_lib.callbacks.manager [req-12754fc1-66b0-44af-a9b4-e47a694bbfee - - - - -] Notify callbacks [] for port, before_update _notify_loop /openstack/venvs/neutron-16.0.1/lib/python2.7/site-packages/neutron_lib/callbacks/manager.py:167
2018-10-08 14:27:23.030 416 DEBUG neutron.plugins.ml2.db [req-12754fc1-66b0-44af-a9b4-e47a694bbfee - - - - -] For port 10227cbb-d5d0-4563-aa34-f501caedc501, host infra2-neutron-agents-container-6ed576b6, got binding levels [] get_binding_levels /openstack/venvs/neutron-16.0.1/lib/python2.7/site-packages/neutron/plugins/ml2/db.py:106
2018-10-08 14:27:23.031 416 DEBUG neutron_lib.callbacks.manager [req-12754fc1-66b0-44af-a9b4-e47a694bbfee - - - - -] Notify callbacks ['neutron.plugins.ml2.plugin.Ml2Plugin.notify_sg_on_port_change-1722943', 'neutron.plugins.ml2.ovo_rpc._ObjectChangeHandler.handle_event--9223372036854157174', 'neutron.api.rpc.agentnotifiers.dhcp_rpc_agent_api.DhcpAgentNotifyAPI._native_event_send_dhcp_notification--9223372036854078280', 'neutron.db.l3_hascheduler_db._notify_l3_agent_ha_port_update--9223363300968723535', 'neutron.db.l3_dvrscheduler_db._notify_l3_agent_port_update--9223363300968723610'] for port, after_update _notify_loop /openstack/venvs/neutron-16.0.1/lib/python2.7/site-packages/neutron_lib/callbacks/manager.py:167
2018-10-08 14:27:23.033 416 DEBUG oslo_concurrency.lockutils [-] Lock "event-dispatch" acquired by "neutron.plugins.ml2.ovo_rpc.dispatch_events" :: waited 0.000s inner /openstack/venvs/neutron-16.0.1/lib/python2.7/site-packages/oslo_concurrency/lockutils.py:270
2018-10-08 14:27:23.090 416 DEBUG neutron.api.rpc.handlers.resources_rpc [req-12754fc1-66b0-44af-a9b4-e47a694bbfee - - - - -] neutron.api.rpc.handlers.resources_rpc.ResourcesPushRpcApi method push called with arguments (, [Port(admin_state_up=True,allowed_address_pairs=[],binding=PortBinding,binding_levels=[PortBindingLevel],created_at=2018-08-23T07:27:31Z,data_plane_status=,description='',device_id='c71008d3-5685-4e11-b650-7f7f49408643',device_owner='network:router_gateway',dhcp_options=[],distributed_binding=None,dns=None,fixed_ips=[IPAllocation],id=10227cbb-d5d0-4563-aa34-f501caedc501,mac_address=fa:16:3e:7d:f8:da,name='',network_id=9ca5272e-06aa-4728-baef-71f4681dd040,project_id='',qos_policy_id=None,revision_number=84,security=PortSecurity(10227cbb-d5d0-4563-aa34-f501caedc501),security_group_ids=set([]),status='BUILD',updated_at=2018-10-08T14:27:23Z)], 'updated') {} wrapper /openstack/venvs/neutron-16.0.1/lib/python2.7/site-packages/oslo_log/helpers.py:66
2018-10-08 14:27:23.093 416 DEBUG oslo_concurrency.lockutils [req-12754fc1-66b0-44af-a9b4-e47a694bbfee - - - - -] Lock "event-dispatch" released by "neutron.plugins.ml2.ovo_rpc.dispatch_events" :: held 0.060s inner /openstack/venvs/neutron-16.0.1/lib/python2.7/site-packages/oslo_concurrency/lockutils.py:282
2018-10-08 14:27:23.715 416 DEBUG neutron.plugins.ml2.rpc [req-12754fc1-66b0-44af-a9b4-e47a694bbfee - - - - -] Device tap10227cbb-d5 up at agent lb00163e046c5b update_device_up /openstack/venvs/neutron-16.0.1/lib/python2.7/site-packages/neutron/plugins/ml2/rpc.py:245
2018-10-08 14:27:23.765 416 DEBUG neutron.db.provisioning_blocks [req-12754fc1-66b0-44af-a9b4-e47a694bbfee - - - - -] Provisioning complete for port 10227cbb-d5d0-4563-aa34-f501caedc501 triggered by entity L2. provisioning_complete /openstack/venvs/neutron-16.0.1/lib/python2.7/site-packages/neutron/db/provisioning_blocks.py:138
2018-10-08 14:27:23.765 416 DEBUG neutron_lib.callbacks.manager [req-12754fc1-66b0-44af-a9b4-e47a694bbfee - - - - -] Notify callbacks ['neutron.plugins.ml2.plugin.Ml2Plugin._port_provisioned-2063679'] for port, provisioning_complete _notify_loop /openstack/venvs/neutron-16.0.1/lib/python2.7/site-packages/neutron_lib/callbacks/manager.py:167
2018-10-08 14:27:23.941 416 DEBUG neutron_lib.callbacks.manager [req-12754fc1-66b0-44af-a9b4-e47a694bbfee - - - - -] Notify callbacks [] for port, before_update _notify_loop /openstack/venvs/neutron-16.0.1/lib/python2.7/site-packages/neutron_lib/callbacks/manager.py:167
2018-10-08 14:27:23.948 416 DEBUG neutron.plugins.ml2.db [req-12754fc1-66b0-44af-a9b4-e47a694bbfee - - - - -] For port 10227cbb-d5d0-4563-aa34-f501caedc501, host infra2-neutron-agents-container-6ed576b6, got binding levels [] get_binding_levels /openstack/venvs/neutron-16.0.1/lib/python2.7/site-packages/neutron/plugins/ml2/db.py:106
2018-10-08 14:27:23.950 416 DEBUG neutron_lib.callbacks.manager [req-12754fc1-66b0-44af-a9b4-e47a694bbfee - - - - -] Notify callbacks ['neutron.plugins.ml2.plugin.Ml2Plugin.notify_sg_on_port_change-1722943', 'neutron.plugins.ml2.ovo_rpc._ObjectChangeHandler.handle_event--9223372036854157174', 'neutron.api.rpc.agentnotifiers.dhcp_rpc_agent_api.DhcpAgentNotifyAPI._native_event_send_dhcp_notification--9223372036854078280', 'neutron.db.l3_hascheduler_db._notify_l3_agent_ha_port_update--9223363300968723535', 'neutron.db.l3_dvrscheduler_db._notify_l3_agent_port_update--9223363300968723610'] for port, after_update _notify_loop /openstack/venvs/neutron-16.0.1/lib/python2.7/site-packages/neutron_lib/callbacks/manager.py:167
2018-10-08 14:27:23.951 416 DEBUG oslo_concurrency.lockutils [-] Lock "event-dispatch" acquired by "neutron.plugins.ml2.ovo_rpc.dispatch_events" :: waited 0.000s inner /openstack/venvs/neutron-16.0.1/lib/python2.7/site-packages/oslo_concurrency/lockutils.py:270
2018-10-08 14:27:24.003 416 DEBUG neutron.api.rpc.handlers.resources_rpc [req-12754fc1-66b0-44af-a9b4-e47a694bbfee - - - - -] neutron.api.rpc.handlers.resources_rpc.ResourcesPushRpcApi method push called with arguments (, [Port(admin_state_up=True,allowed_address_pairs=[],binding=PortBinding,binding_levels=[PortBindingLevel],created_at=2018-08-23T07:27:31Z,data_plane_status=,description='',device_id='c71008d3-5685-4e11-b650-7f7f49408643',device_owner='network:router_gateway',dhcp_options=[],distributed_binding=None,dns=None,fixed_ips=[IPAllocation],id=10227cbb-d5d0-4563-aa34-f501caedc501,mac_address=fa:16:3e:7d:f8:da,name='',network_id=9ca5272e-06aa-4728-baef-71f4681dd040,project_id='',qos_policy_id=None,revision_number=85,security=PortSecurity(10227cbb-d5d0-4563-aa34-f501caedc501),security_group_ids=set([]),status='ACTIVE',updated_at=2018-10-08T14:27:23Z)], 'updated') {} wrapper /openstack/venvs/neutron-16.0.1/lib/python2.7/site-packages/oslo_log/helpers.py:66
2018-10-08 14:27:24.006 416 DEBUG oslo_concurrency.lockutils [req-12754fc1-66b0-44af-a9b4-e47a694bbfee - - - - -] Lock "event-dispatch" released by "neutron.plugins.ml2.ovo_rpc.dispatch_events" :: held 0.055s inner /openstack/venvs/neutron-16.0.1/lib/python2.7/site-packages/oslo_concurrency/lockutils.py:282
2018-10-08 14:27:24.588 412 DEBUG neutron.wsgi [-] (412) accepted ('10.10.10.5', 21230) server /openstack/venvs/neutron-16.0.1/lib/python2.7/site-packages/eventlet/wsgi.py:883
2018-10-08 14:27:24.590 412 INFO neutron.wsgi [-] 10.10.10.5 "GET / HTTP/1.0" status: 200 len: 249 time: 0.0006580
2018-10-08 14:27:24.690 417 DEBUG neutron_lib.callbacks.manager [req-4561d827-cb04-4a62-9470-33d09fba7d0c - - - - -] Notify callbacks ['neutron.services.segments.db._update_segment_host_mapping_for_agent--9223363300968232677'] for agent, after_update _notify_loop /openstack/venvs/neutron-16.0.1/lib/python2.7/site-packages/neutron_lib/callbacks/manager.py:167
2018-10-08 14:27:24.784 411 DEBUG neutron.wsgi [-] (411) accepted ('10.10.10.7', 23726) server /openstack/venvs/neutron-16.0.1/lib/python2.7/site-packages/eventlet/wsgi.py:883
2018-10-08 14:27:24.785 411 INFO neutron.wsgi [-] 10.10.10.7 "GET / HTTP/1.0" status: 200 len: 249 time: 0.0006731
2018-10-08 14:27:25.162 414 DEBUG neutron.wsgi [-] (414) accepted ('10.10.10.5', 21506) server /openstack/venvs/neutron-16.0.1/lib/python2.7/site-packages/eventlet/wsgi.py:883
2018-10-08 14:27:25.212 414 INFO neutron.wsgi [req-5d8e0a7b-2b51-4db4-be01-6add0e0458dc 40990b503a5243ea8883c93dbbf9c1fc 6d439dafcdca4e06bd30935f83a24bb0 - default default] 10.10.10.185,10.10.10.5 "GET /v2.0/ports?device_id=c71008d3-5685-4e11-b650-7f7f49408643 HTTP/1.1" status: 200 len: 4474 time: 0.0496712
2018-10-08 14:27:28.637 412 DEBUG neutron.wsgi [-] (412) accepted ('10.10.10.5', 21912) server /openstack/venvs/neutron-16.0.1/lib/python2.7/site-packages/eventlet/wsgi.py:883
2018-10-08 14:27:28.736 412 DEBUG neutron.pecan_wsgi.hooks.policy_enforcement [req-0edde333-0604-45c4-82f9-5641e3513338 40990b503a5243ea8883c93dbbf9c1fc 6d439dafcdca4e06bd30935f83a24bb0 - default default] Attributes excluded by policy engine: [u'vlan_transparent'] _exclude_attributes_by_policy /openstack/venvs/neutron-16.0.1/lib/python2.7/site-packages/neutron/pecan_wsgi/hooks/policy_enforcement.py:256
2018-10-08 14:27:28.737 412 INFO neutron.wsgi [req-0edde333-0604-45c4-82f9-5641e3513338 40990b503a5243ea8883c93dbbf9c1fc 6d439dafcdca4e06bd30935f83a24bb0 - default default] 10.10.10.185,10.10.10.5 "GET /v2.0/networks/9ca5272e-06aa-4728-baef-71f4681dd040 HTTP/1.1" status: 200 len: 880 time: 0.0990360
2018-10-08 14:27:29.829 416 DEBUG neutron_lib.callbacks.manager [req-5da023ea-464a-4d3b-afa9-7220db83ffee - - - - -] Notify callbacks ['neutron.services.segments.db._update_segment_host_mapping_for_agent--9223363300968232677'] for agent, after_update _notify_loop /openstack/venvs/neutron-16.0.1/lib/python2.7/site-packages/neutron_lib/callbacks/manager.py:167
2018-10-08 14:27:31.092 415 DEBUG neutron.wsgi [-] (415) accepted ('10.10.10.6', 47476) server /openstack/venvs/neutron-16.0.1/lib/python2.7/site-packages/eventlet/wsgi.py:883
2018-10-08 14:27:31.094 415 INFO neutron.wsgi [-] 10.10.10.6 "GET / HTTP/1.0" status: 200 len: 249 time: 0.0007620
2018-10-08 14:27:36.590 414 DEBUG neutron.wsgi [-] (414) accepted ('10.10.10.5', 22368) server /openstack/venvs/neutron-16.0.1/lib/python2.7/site-packages/eventlet/wsgi.py:883
2018-10-08 14:27:36.591 414 INFO neutron.wsgi [-] 10.10.10.5 "GET / HTTP/1.0" status: 200 len: 249 time: 0.0007899
2018-10-08 14:27:36.786 411 DEBUG neutron.wsgi [-] (411) accepted ('10.10.10.7', 23978) server /openstack/venvs/neutron-16.0.1/lib/python2.7/site-packages/eventlet/wsgi.py:883
2018-10-08 14:27:36.788 411 INFO neutron.wsgi [-] 10.10.10.7 "GET / HTTP/1.0" status: 200 len: 249 time: 0.0008261
2018-10-08 14:27:37.507 414 DEBUG neutron.wsgi [-] (414) accepted ('10.10.10.5', 22392) server /openstack/venvs/neutron-16.0.1/lib/python2.7/site-packages/eventlet/wsgi.py:883
2018-10-08 14:27:37.643 414 INFO neutron.wsgi [req-f671e6de-c71b-4af9-b286-16a526201704 c96b5faad3384d2ea3268c9ac6d7161f f727a36033834574812055e525c5fc6a - default default] 10.10.10.12,10.10.10.5 "GET /v2.0/ports?tenant_id=05494586a35740879ab81065213431ac&device_id=7c7d572d-91ac-4b9b-b939-f5b87ae64658 HTTP/1.1" status: 200 len: 1112 time: 0.1358101
2018-10-08 14:27:37.793 415 DEBUG neutron.wsgi [-] (415) accepted ('10.10.10.5', 22436) server /openstack/venvs/neutron-16.0.1/lib/python2.7/site-packages/eventlet/wsgi.py:883
2018-10-08 14:27:37.848 415 DEBUG neutron.pecan_wsgi.hooks.policy_enforcement [req-defb8be3-0989-46ee-a946-72f38ab14e1e c96b5faad3384d2ea3268c9ac6d7161f f727a36033834574812055e525c5fc6a - default default] Attributes excluded by policy engine: [u'shared'] _exclude_attributes_by_policy /openstack/venvs/neutron-16.0.1/lib/python2.7/site-packages/neutron/pecan_wsgi/hooks/policy_enforcement.py:256
2018-10-08 14:27:37.849 415 INFO neutron.wsgi [req-defb8be3-0989-46ee-a946-72f38ab14e1e c96b5faad3384d2ea3268c9ac6d7161f f727a36033834574812055e525c5fc6a - default default] 10.10.10.12,10.10.10.5 "GET /v2.0/subnets?id=4ba80f19-4ef8-431f-8f4f-4fe844f4b673 HTTP/1.1" status: 200 len: 855 time: 0.0552762
2018-10-08 14:27:43.094 415 DEBUG neutron.wsgi [-] (415) accepted ('10.10.10.6', 47742) server /openstack/venvs/neutron-16.0.1/lib/python2.7/site-packages/eventlet/wsgi.py:883
2018-10-08 14:27:43.095 415 INFO neutron.wsgi [-] 10.10.10.6 "GET / HTTP/1.0" status: 200 len: 249 time: 0.0007381
2018-10-08 14:27:43.299 412 DEBUG neutron.wsgi [-] (412) accepted ('10.10.10.5', 22580) server /openstack/venvs/neutron-16.0.1/lib/python2.7/site-packages/eventlet/wsgi.py:883
2018-10-08 14:27:43.395 412 DEBUG neutron.pecan_wsgi.hooks.policy_enforcement [req-af027f18-f900-4d08-b31c-7093536dbd6b c96b5faad3384d2ea3268c9ac6d7161f f727a36033834574812055e525c5fc6a - default default] Attributes excluded by policy engine: [u'vlan_transparent'] _exclude_attributes_by_policy /openstack/venvs/neutron-16.0.1/lib/python2.7/site-packages/neutron/pecan_wsgi/hooks/policy_enforcement.py:256
2018-10-08 14:27:43.395 412 DEBUG neutron.pecan_wsgi.hooks.policy_enforcement [req-af027f18-f900-4d08-b31c-7093536dbd6b c96b5faad3384d2ea3268c9ac6d7161f f727a36033834574812055e525c5fc6a - default default] Attributes excluded by policy engine: [u'vlan_transparent'] _exclude_attributes_by_policy /openstack/venvs/neutron-16.0.1/lib/python2.7/site-packages/neutron/pecan_wsgi/hooks/policy_enforcement.py:256
2018-10-08 14:27:43.396 412 INFO neutron.wsgi [req-af027f18-f900-4d08-b31c-7093536dbd6b c96b5faad3384d2ea3268c9ac6d7161f f727a36033834574812055e525c5fc6a - default default] 10.10.10.14,10.10.10.5 "GET /v2.0/networks?id=a9384440-a77a-4ee1-ab5a-be98ee9eef88&id=9ca5272e-06aa-4728-baef-71f4681dd040 HTTP/1.1" status: 200 len: 1543 time: 0.0968270
2018-10-08 14:27:43.478 415 DEBUG neutron.wsgi [-] (415) accepted ('10.10.10.5', 22598) server /openstack/venvs/neutron-16.0.1/lib/python2.7/site-packages/eventlet/wsgi.py:883
2018-10-08 14:27:43.531 415 INFO neutron.wsgi [req-040a38f1-8362-41a0-84ba-6d694db0a2c5 c96b5faad3384d2ea3268c9ac6d7161f f727a36033834574812055e525c5fc6a - default default] 10.10.10.14,10.10.10.5 "GET /v2.0/ports?network_id=a9384440-a77a-4ee1-ab5a-be98ee9eef88&device_owner=network%3Adhcp HTTP/1.1" status: 200 len: 2885 time: 0.0528238
2018-10-08 14:27:43.609 412 DEBUG neutron.wsgi [-] (412) accepted ('10.10.10.5', 22618) server /openstack/venvs/neutron-16.0.1/lib/python2.7/site-packages/eventlet/wsgi.py:883
2018-10-08 14:27:43.655 412 INFO neutron.wsgi [req-e112e59a-e71e-4329-9760-d416d4475aeb c96b5faad3384d2ea3268c9ac6d7161f f727a36033834574812055e525c5fc6a - default default] 10.10.10.14,10.10.10.5 "GET /v2.0/ports?network_id=9ca5272e-06aa-4728-baef-71f4681dd040&device_owner=network%3Adhcp HTTP/1.1" status: 200 len: 2891 time: 0.0448081
2018-10-08 14:27:44.838 417 DEBUG neutron_lib.callbacks.manager [req-80c3c6ff-2fe9-47d5-87d8-e425abc2913b - - - - -] Notify callbacks ['neutron.services.segments.db._update_segment_host_mapping_for_agent--9223363300968232677'] for agent, after_update _notify_loop /openstack/venvs/neutron-16.0.1/lib/python2.7/site-packages/neutron_lib/callbacks/manager.py:167
2018-10-08 14:27:45.310 416 DEBUG neutron_lib.callbacks.manager [req-c48c95f2-c3e4-4518-a2d3-c911bf82c961 - - - - -] Notify callbacks ['neutron.services.segments.db._update_segment_host_mapping_for_agent--9223363300968232677'] for agent, after_update _notify_loop /openstack/venvs/neutron-16.0.1/lib/python2.7/site-packages/neutron_lib/callbacks/manager.py:167
2018-10-08 14:27:45.380 411 DEBUG neutron.wsgi [-] (411) accepted ('10.10.10.5', 22672) server /openstack/venvs/neutron-16.0.1/lib/python2.7/site-packages/eventlet/wsgi.py:883
2018-10-08 14:27:45.400 411 INFO neutron.wsgi [req-bdea0055-b72a-44d4-8a6b-b2ad422a311c c96b5faad3384d2ea3268c9ac6d7161f f727a36033834574812055e525c5fc6a - default default] 10.10.10.11,10.10.10.5 "GET /v2.0/floatingips?fixed_ip_address=172.16.0.7&port_id=2facab7f-8b41-4e73-9937-59450f6b0634 HTTP/1.1" status: 200 len: 748 time: 0.0201290
2018-10-08 14:27:45.616 412 DEBUG neutron.wsgi [-] (412) accepted ('10.10.10.5', 22692) server /openstack/venvs/neutron-16.0.1/lib/python2.7/site-packages/eventlet/wsgi.py:883
2018-10-08 14:27:45.632 412 INFO neutron.wsgi [req-46e33638-2cb7-4e5b-98a7-0194b6b8e4ed c96b5faad3384d2ea3268c9ac6d7161f f727a36033834574812055e525c5fc6a - default default] 10.10.10.11,10.10.10.5 "GET /v2.0/floatingips?fixed_ip_address=x.x.x.12&port_id=bbb0c9fc-ddcb-46bf-9aae-ce04ee45ab2a HTTP/1.1" status: 200 len: 212 time: 0.0159531
2018-10-08 14:27:48.593 412 DEBUG neutron.wsgi [-] (412) accepted ('10.10.10.5', 22762) server /openstack/venvs/neutron-16.0.1/lib/python2.7/site-packages/eventlet/wsgi.py:883
2018-10-08 14:27:48.594 412 INFO neutron.wsgi [-] 10.10.10.5 "GET / HTTP/1.0" status: 200 len: 249 time: 0.0007670
2018-10-08 14:27:48.790 414 DEBUG neutron.wsgi [-] (414) accepted ('10.10.10.7', 24242) server /openstack/venvs/neutron-16.0.1/lib/python2.7/site-packages/eventlet/wsgi.py:883
2018-10-08 14:27:48.791 414 INFO neutron.wsgi [-] 10.10.10.7 "GET / HTTP/1.0" status: 200 len: 249 time: 0.0007169
2018-10-08 14:27:54.286 417 DEBUG neutron_lib.callbacks.manager [req-3e806b33-58ce-4971-bfbd-5f3f7dd16bb8 - - - - -] Notify callbacks ['neutron.services.segments.db._update_segment_host_mapping_for_agent--9223363300968232677'] for agent, after_update _notify_loop /openstack/venvs/neutron-16.0.1/lib/python2.7/site-packages/neutron_lib/callbacks/manager.py:167
2018-10-08 14:27:54.478 418 DEBUG neutron.db.agents_db [req-14c719cb-85e4-47f9-9b95-668fec391afc - - - - -] Agent healthcheck: found 22 active agents agent_health_check /openstack/venvs/neutron-16.0.1/lib/python2.7/site-packages/neutron/db/agents_db.py:281
2018-10-08 14:27:54.692 416 DEBUG neutron_lib.callbacks.manager [req-4561d827-cb04-4a62-9470-33d09fba7d0c - - - - -] Notify callbacks ['neutron.services.segments.db._update_segment_host_mapping_for_agent--9223363300968232677'] for agent, after_update _notify_loop /openstack/venvs/neutron-16.0.1/lib/python2.7/site-packages/neutron_lib/callbacks/manager.py:167
2018-10-08 14:27:55.097 415 DEBUG neutron.wsgi [-] (415) accepted ('10.10.10.6', 47990) server /openstack/venvs/neutron-16.0.1/lib/python2.7/site-packages/eventlet/wsgi.py:883
2018-10-08 14:27:55.098 415 INFO neutron.wsgi [-] 10.10.10.6 "GET / HTTP/1.0" status: 200 len: 249 time: 0.0007331
2018-10-08 14:28:00.595 414 DEBUG neutron.wsgi [-] (414) accepted ('10.10.10.5', 24048) server /openstack/venvs/neutron-16.0.1/lib/python2.7/site-packages/eventlet/wsgi.py:883
2018-10-08 14:28:00.596 414 INFO neutron.wsgi [-] 10.10.10.5 "GET / HTTP/1.0" status: 200 len: 249 time: 0.0006971
2018-10-08 14:28:00.791 415 DEBUG neutron.wsgi [-] (415) accepted ('10.10.10.7', 25302) server /openstack/venvs/neutron-16.0.1/lib/python2.7/site-packages/eventlet/wsgi.py:883
2018-10-08 14:28:00.792 415 INFO neutron.wsgi [-] 10.10.10.7 "GET / HTTP/1.0" status: 200 len: 249 time: 0.0007021
2018-10-08 14:28:03.114 417 DEBUG neutron_lib.callbacks.manager [req-2976747f-07ec-42af-b64f-d6619883cec2 - - - - -] Notify callbacks ['neutron.services.segments.db._update_segment_host_mapping_for_agent--9223363300968232677'] for agent, after_update _notify_loop /openstack/venvs/neutron-16.0.1/lib/python2.7/site-packages/neutron_lib/callbacks/manager.py:167
2018-10-08 14:28:04.523 415 DEBUG neutron.wsgi [-] (415) accepted ('10.10.10.5', 25492) server /openstack/venvs/neutron-16.0.1/lib/python2.7/site-packages/eventlet/wsgi.py:883
2018-10-08 14:28:04.540 415 INFO neutron.wsgi [-] 10.10.10.13,10.10.10.5 "GET / HTTP/1.1" status: 200 len: 254 time: 0.0160940
2018-10-08 14:28:04.574 412 DEBUG neutron.wsgi [-] (412) accepted ('10.10.10.5', 25528) server /openstack/venvs/neutron-16.0.1/lib/python2.7/site-packages/eventlet/wsgi.py:883
2018-10-08 14:28:04.970 415 DEBUG neutron.wsgi [-] (415) accepted ('10.10.10.5', 25744) server /openstack/venvs/neutron-16.0.1/lib/python2.7/site-packages/eventlet/wsgi.py:883
2018-10-08 14:28:05.042 412 INFO neutron.wsgi [req-ebf1c77e-b2af-4da2-8e17-c393e618d80d 30794711d35048d09e3dd012316d9dad e359611e247f4c67874f3cf538e10bc4 - default default] 10.10.10.12,10.10.10.5 "GET /v2.0/agents HTTP/1.1" status: 200 len: 13342 time: 0.4671299
2018-10-08 14:28:05.485 415 INFO neutron.wsgi [req-f8995a77-782b-437d-be0a-a22e696d9448 30794711d35048d09e3dd012316d9dad e359611e247f4c67874f3cf538e10bc4 - default default] 10.10.10.16,10.10.10.5 "GET /v2.0/agents HTTP/1.1" status: 200 len: 13342 time: 0.5142419
2018-10-08 14:28:05.591 415 DEBUG neutron.wsgi [-] (415) accepted ('10.10.10.5', 26072) server /openstack/venvs/neutron-16.0.1/lib/python2.7/site-packages/eventlet/wsgi.py:883
2018-10-08 14:28:05.593 415 INFO neutron.wsgi [-] 10.10.10.134,10.10.10.5 "GET / HTTP/1.1" status: 200 len: 254 time: 0.0015459
2018-10-08 14:28:05.596 411 DEBUG neutron.wsgi [-] (411) accepted ('10.10.10.5', 26074) server /openstack/venvs/neutron-16.0.1/lib/python2.7/site-packages/eventlet/wsgi.py:883
2018-10-08 14:28:05.964 411 INFO neutron.wsgi [req-e87179ba-6dc0-4475-a646-6dae9c956f64 30794711d35048d09e3dd012316d9dad e359611e247f4c67874f3cf538e10bc4 - default default] 10.10.10.134,10.10.10.5 "GET /v2.0/agents HTTP/1.1" status: 200 len: 13342 time: 0.3673460
2018-10-08 14:28:05.983 415 DEBUG neutron.wsgi [-] (415) accepted ('10.10.10.5', 26198) server /openstack/venvs/neutron-16.0.1/lib/python2.7/site-packages/eventlet/wsgi.py:883
2018-10-08 14:28:06.186 416 DEBUG neutron_lib.callbacks.manager [req-45d9b9d7-5a56-47bb-9007-db1cf1174514 - - - - -] Notify callbacks ['neutron.services.segments.db._update_segment_host_mapping_for_agent--9223363300968232677'] for agent, after_update _notify_loop /openstack/venvs/neutron-16.0.1/lib/python2.7/site-packages/neutron_lib/callbacks/manager.py:167
2018-10-08 14:28:06.308 415 INFO neutron.wsgi [req-ec47b8e5-f312-4420-95ec-aea4902faa78 30794711d35048d09e3dd012316d9dad e359611e247f4c67874f3cf538e10bc4 - default default] 10.10.10.15,10.10.10.5 "GET /v2.0/agents HTTP/1.1" status: 200 len: 13342 time: 0.3236189
2018-10-08 14:28:07.100 411 DEBUG neutron.wsgi [-] (411) accepted ('10.10.10.6', 51288) server /openstack/venvs/neutron-16.0.1/lib/python2.7/site-packages/eventlet/wsgi.py:883
2018-10-08 14:28:07.101 411 INFO neutron.wsgi [-] 10.10.10.6 "GET / HTTP/1.0" status: 200 len: 249 time: 0.0008910
2018-10-08 14:28:12.033 415 DEBUG neutron.wsgi [-] (415) accepted ('10.10.10.5', 29308) server /openstack/venvs/neutron-16.0.1/lib/python2.7/site-packages/eventlet/wsgi.py:883
2018-10-08 14:28:12.134 415 DEBUG neutron.pecan_wsgi.hooks.policy_enforcement [req-a9ac1d84-e8dd-4327-987a-64efba36250a c96b5faad3384d2ea3268c9ac6d7161f f727a36033834574812055e525c5fc6a - default default] Attributes excluded by policy engine: [u'vlan_transparent'] _exclude_attributes_by_policy /openstack/venvs/neutron-16.0.1/lib/python2.7/site-packages/neutron/pecan_wsgi/hooks/policy_enforcement.py:256
2018-10-08 14:28:12.136 415 INFO neutron.wsgi [req-a9ac1d84-e8dd-4327-987a-64efba36250a c96b5faad3384d2ea3268c9ac6d7161f f727a36033834574812055e525c5fc6a - default default] 10.10.10.17,10.10.10.5 "GET /v2.0/networks?id=9ca5272e-06aa-4728-baef-71f4681dd040 HTTP/1.1" status: 200 len: 883 time: 0.1020160
2018-10-08 14:28:12.211 411 DEBUG neutron.wsgi [-] (411) accepted ('10.10.10.5', 29324) server /openstack/venvs/neutron-16.0.1/lib/python2.7/site-packages/eventlet/wsgi.py:883
2018-10-08 14:28:12.259 411 INFO neutron.wsgi [req-fea1c03a-ff1d-4c18-a95e-0e8abef279d3 c96b5faad3384d2ea3268c9ac6d7161f f727a36033834574812055e525c5fc6a - default default] 10.10.10.17,10.10.10.5 "GET /v2.0/ports?network_id=9ca5272e-06aa-4728-baef-71f4681dd040&device_owner=network%3Adhcp HTTP/1.1" status: 200 len: 2891 time: 0.0469348
2018-10-08 14:28:12.596 414 DEBUG neutron.wsgi [-] (414) accepted ('10.10.10.5', 29552) server /openstack/venvs/neutron-16.0.1/lib/python2.7/site-packages/eventlet/wsgi.py:883
2018-10-08 14:28:12.597 414 INFO neutron.wsgi [-] 10.10.10.5 "GET / HTTP/1.0" status: 200 len: 249 time: 0.0007801
2018-10-08 14:28:12.792 414 DEBUG neutron.wsgi [-] (414) accepted ('10.10.10.7', 27766) server /openstack/venvs/neutron-16.0.1/lib/python2.7/site-packages/eventlet/wsgi.py:883
2018-10-08 14:28:12.793 414 INFO neutron.wsgi [-] 10.10.10.7 "GET / HTTP/1.0" status: 200 len: 249 time: 0.0007861
2018-10-08 14:28:17.139 412 DEBUG neutron.wsgi [-] (412) accepted ('10.10.10.5', 32286) server /openstack/venvs/neutron-16.0.1/lib/python2.7/site-packages/eventlet/wsgi.py:883
2018-10-08 14:28:17.156 412 INFO neutron.wsgi [req-4e1cbf5f-048d-428a-8094-921486611c82 c96b5faad3384d2ea3268c9ac6d7161f f727a36033834574812055e525c5fc6a - default default] 10.10.10.16,10.10.10.5 "GET /v2.0/floatingips?fixed_ip_address=x.x.x.28&port_id=016e5a57-2245-48a0-b8e2-42dab997a72e HTTP/1.1" status: 200 len: 212 time: 0.0160861
2018-10-08 14:28:19.101 412 DEBUG neutron.wsgi [-] (412) accepted ('10.10.10.6', 52090) server /openstack/venvs/neutron-16.0.1/lib/python2.7/site-packages/eventlet/wsgi.py:883
2018-10-08 14:28:19.102 412 INFO neutron.wsgi [-] 10.10.10.6 "GET / HTTP/1.0" status: 200 len: 249 time: 0.0007231
2018-10-08 14:28:24.289 417 DEBUG neutron_lib.callbacks.manager [req-3e806b33-58ce-4971-bfbd-5f3f7dd16bb8 - - - - -] Notify callbacks ['neutron.services.segments.db._update_segment_host_mapping_for_agent--9223363300968232677'] for agent, after_update _notify_loop /openstack/venvs/neutron-16.0.1/lib/python2.7/site-packages/neutron_lib/callbacks/manager.py:167
2018-10-08 14:28:24.598 412 DEBUG neutron.wsgi [-] (412) accepted ('10.10.10.5', 33346) server /openstack/venvs/neutron-16.0.1/lib/python2.7/site-packages/eventlet/wsgi.py:883
2018-10-08 14:28:24.599 412 INFO neutron.wsgi [-] 10.10.10.5 "GET / HTTP/1.0" status: 200 len: 249 time: 0.0007131
2018-10-08 14:28:24.694 416 DEBUG neutron_lib.callbacks.manager [req-4561d827-cb04-4a62-9470-33d09fba7d0c - - - - -] Notify callbacks ['neutron.services.segments.db._update_segment_host_mapping_for_agent--9223363300968232677'] for agent, after_update _notify_loop /openstack/venvs/neutron-16.0.1/lib/python2.7/site-packages/neutron_lib/callbacks/manager.py:167
2018-10-08 14:28:24.793 412 DEBUG neutron.wsgi [-] (412) accepted ('10.10.10.7', 28834) server /openstack/venvs/neutron-16.0.1/lib/python2.7/site-packages/eventlet/wsgi.py:883
2018-10-08 14:28:24.794 412 INFO neutron.wsgi [-] 10.10.10.7 "GET / HTTP/1.0" status: 200 len: 249 time: 0.0006990
2018-10-08 14:28:31.102 412 DEBUG neutron.wsgi [-] (412) accepted ('10.10.10.6', 52664) server /openstack/venvs/neutron-16.0.1/lib/python2.7/site-packages/eventlet/wsgi.py:883
2018-10-08 14:28:31.104 412 INFO neutron.wsgi [-] 10.10.10.6 "GET / HTTP/1.0" status: 200 len: 249 time: 0.0008352
2018-10-08 14:28:36.600 412 DEBUG neutron.wsgi [-] (412) accepted ('10.10.10.5', 33992) server /openstack/venvs/neutron-16.0.1/lib/python2.7/site-packages/eventlet/wsgi.py:883
2018-10-08 14:28:36.601 412 INFO neutron.wsgi [-] 10.10.10.5 "GET / HTTP/1.0" status: 200 len: 249 time: 0.0006700
2018-10-08 14:28:36.794 414 DEBUG neutron.wsgi [-] (414) accepted ('10.10.10.7', 29946) server /openstack/venvs/neutron-16.0.1/lib/python2.7/site-packages/eventlet/wsgi.py:883
2018-10-08 14:28:36.796 414 INFO neutron.wsgi [-] 10.10.10.7 "GET / HTTP/1.0" status: 200 len: 249 time: 0.0007610
2018-10-08 14:28:39.497 412 DEBUG neutron.wsgi [-] (412) accepted ('10.10.10.5', 34148) server /openstack/venvs/neutron-16.0.1/lib/python2.7/site-packages/eventlet/wsgi.py:883
2018-10-08 14:28:39.548 412 INFO neutron.wsgi [req-6f9c3f16-65e3-49c9-a81e-f6c290282826 c96b5faad3384d2ea3268c9ac6d7161f f727a36033834574812055e525c5fc6a - default default] 10.10.10.12,10.10.10.5 "GET /v2.0/ports?tenant_id=05494586a35740879ab81065213431ac&device_id=59220c38-fafa-4374-8dbf-e1dcc0edc411 HTTP/1.1" status: 200 len: 1112 time: 0.0502460
2018-10-08 14:28:39.670 411 DEBUG neutron.wsgi [-] (411) accepted ('10.10.10.5', 34182) server /openstack/venvs/neutron-16.0.1/lib/python2.7/site-packages/eventlet/wsgi.py:883
2018-10-08 14:28:39.725 411 DEBUG neutron.pecan_wsgi.hooks.policy_enforcement [req-ab54eb7e-f3a1-4bc6-a6b2-6f6a83c192bd c96b5faad3384d2ea3268c9ac6d7161f f727a36033834574812055e525c5fc6a - default default] Attributes excluded by policy engine: [u'shared'] _exclude_attributes_by_policy /openstack/venvs/neutron-16.0.1/lib/python2.7/site-packages/neutron/pecan_wsgi/hooks/policy_enforcement.py:256
2018-10-08 14:28:39.726 411 INFO neutron.wsgi [req-ab54eb7e-f3a1-4bc6-a6b2-6f6a83c192bd c96b5faad3384d2ea3268c9ac6d7161f f727a36033834574812055e525c5fc6a - default default] 10.10.10.12,10.10.10.5 "GET /v2.0/subnets?id=4ba80f19-4ef8-431f-8f4f-4fe844f4b673 HTTP/1.1" status: 200 len: 855 time: 0.0549018
2018-10-08 14:28:43.104 411 DEBUG neutron.wsgi [-] (411) accepted ('10.10.10.6', 53988) server /openstack/venvs/neutron-16.0.1/lib/python2.7/site-packages/eventlet/wsgi.py:883
2018-10-08 14:28:43.105 411 INFO neutron.wsgi [-] 10.10.10.6 "GET / HTTP/1.0" status: 200 len: 249 time: 0.0007119
2018-10-08 14:28:44.290 411 DEBUG neutron.wsgi [-] (411) accepted ('10.10.10.5', 34364) server /openstack/venvs/neutron-16.0.1/lib/python2.7/site-packages/eventlet/wsgi.py:883
2018-10-08 14:28:44.378 411 DEBUG neutron.pecan_wsgi.hooks.policy_enforcement [req-4437401a-be95-42c5-bfab-db221c2f8191 c96b5faad3384d2ea3268c9ac6d7161f f727a36033834574812055e525c5fc6a - default default] Attributes excluded by policy engine: [u'vlan_transparent'] _exclude_attributes_by_policy /openstack/venvs/neutron-16.0.1/lib/python2.7/site-packages/neutron/pecan_wsgi/hooks/policy_enforcement.py:256
2018-10-08 14:28:44.378 411 DEBUG neutron.pecan_wsgi.hooks.policy_enforcement [req-4437401a-be95-42c5-bfab-db221c2f8191 c96b5faad3384d2ea3268c9ac6d7161f f727a36033834574812055e525c5fc6a - default default] Attributes excluded by policy engine: [u'vlan_transparent'] _exclude_attributes_by_policy /openstack/venvs/neutron-16.0.1/lib/python2.7/site-packages/neutron/pecan_wsgi/hooks/policy_enforcement.py:256
