Feb 07 14:54:06 readingrainbow NetworkManager[1245]: [1518033246.4086] dhcp4 (enp179s0f0): hostname 'readingrainbow'
Feb 07 14:54:06 readingrainbow NetworkManager[1245]: [1518033246.4086] dhcp4 (enp179s0f0): nameserver '10.10.10.3'
Feb 07 14:54:06 readingrainbow NetworkManager[1245]: [1518033246.4086] dhcp4 (enp179s0f0): domain name 'world.n7sa.com'
Feb 07 14:54:06 readingrainbow NetworkManager[1245]: [1518033246.4086] dhcp4 (enp179s0f0): state changed bound -> bound
Feb 07 14:54:06 readingrainbow dhclient[2848]: bound to 10.10.10.150 -- renewal in 1537 seconds.
Feb 07 14:54:31 readingrainbow dhclient[1582]: DHCPREQUEST of 10.0.0.163 on enp7s0 to 10.0.0.3 port 67 (xid=0x5c11d807)
Feb 07 14:54:31 readingrainbow dhclient[1582]: DHCPACK of 10.0.0.163 from 10.0.0.3
Feb 07 14:54:31 readingrainbow NetworkManager[1245]: [1518033271.1023] dhcp4 (enp7s0): address 10.0.0.163
Feb 07 14:54:31 readingrainbow NetworkManager[1245]: [1518033271.1024] dhcp4 (enp7s0): plen 24 (255.255.255.0)
Feb 07 14:54:31 readingrainbow NetworkManager[1245]: [1518033271.1024] dhcp4 (enp7s0): gateway 10.0.0.3
Feb 07 14:54:31 readingrainbow NetworkManager[1245]: [1518033271.1024] dhcp4 (enp7s0): lease time 3600
Feb 07 14:54:31 readingrainbow NetworkManager[1245]: [1518033271.1024] dhcp4 (enp7s0): hostname 'readingrainbow'
Feb 07 14:54:31 readingrainbow NetworkManager[1245]: [1518033271.1024] dhcp4 (enp7s0): nameserver '10.0.0.3'
Feb 07 14:54:31 readingrainbow NetworkManager[1245]: [1518033271.1025] dhcp4 (enp7s0): domain name 'world.n7sa.com'
Feb 07 14:54:31 readingrainbow NetworkManager[1245]: [1518033271.1025] dhcp4 (enp7s0): state changed bound -> bound
Feb 07 14:54:31 readingrainbow dhclient[1582]: bound to 10.0.0.163 -- renewal in 1491 seconds.
Feb 07 14:54:45 readingrainbow kernel: CIFS VFS: Free previous auth_key.response = ffff8c490a494840
Feb 07 14:56:52 readingrainbow kernel: CIFS VFS: Free previous auth_key.response = ffff8c4ba7d21c80
Feb 07 14:58:53 readingrainbow kernel: CIFS VFS: Free previous auth_key.response = ffff8c490ae4bec0
Feb 07 14:59:53 readingrainbow kernel: CIFS VFS: Free previous auth_key.response = ffff8c4b978fe480
Feb 07 15:03:33 readingrainbow kernel: CIFS VFS: Free previous auth_key.response = ffff8c4f68c0f200
Feb 07 15:05:28 readingrainbow kernel: CIFS VFS: Free previous auth_key.response = ffff8c4efcf90600
Feb 07 15:06:17 readingrainbow kernel: CIFS VFS: Free previous auth_key.response = ffff8c4f372e4780
Feb 07 15:07:08 readingrainbow kernel: CIFS VFS: Free previous auth_key.response = ffff8c4b943852c0
Feb 07 15:07:57 readingrainbow kernel: CIFS VFS: Free previous auth_key.response = ffff8c4b951cb680
Feb 07 15:08:48 readingrainbow kernel: CIFS VFS: Free previous auth_key.response = ffff8c47679ce3c0
Feb 07 15:09:37 readingrainbow kernel: CIFS VFS: Free previous auth_key.response = ffff8c4d2c809680
Feb 07 15:10:28 readingrainbow kernel: CIFS VFS: Free previous auth_key.response = ffff8c4e041cce40
Feb 07 15:11:17 readingrainbow kernel: CIFS VFS: Free previous auth_key.response = ffff8c476695b380
Feb 07 15:12:46 readingrainbow kernel: CIFS VFS: Free previous auth_key.response = ffff8c476695b380
Feb 07 15:13:53 readingrainbow kernel: CIFS VFS: Free previous auth_key.response = ffff8c47679cfd40
Feb 07 15:16:48 readingrainbow kernel: CIFS VFS: Free previous auth_key.response = ffff8c4b951ca000
Feb 07 15:20:23 readingrainbow dhclient[1582]: DHCPREQUEST of 10.0.0.163 on enp7s0 to 10.0.0.3 port 67 (xid=0x5c11d807)
Feb 07 15:20:23 readingrainbow dhclient[1582]: DHCPACK of 10.0.0.163 from 10.0.0.3
Feb 07 15:20:23 readingrainbow dhclient[2848]: DHCPREQUEST of 10.10.10.150 on enp179s0f0 to 10.10.10.3 port 67 (xid=0x1ca55be3)
Feb 07 15:20:23 readingrainbow dhclient[2848]: DHCPACK of 10.10.10.150 from 10.10.10.3
Feb 07 15:20:23 readingrainbow NetworkManager[1245]: [1518034823.9676] dhcp4 (enp7s0): address 10.0.0.163
Feb 07 15:20:23 readingrainbow NetworkManager[1245]: [1518034823.9676] dhcp4 (enp7s0): plen 24 (255.255.255.0)
Feb 07 15:20:23 readingrainbow NetworkManager[1245]: [1518034823.9677] dhcp4 (enp7s0): gateway 10.0.0.3
Feb 07 15:20:23 readingrainbow NetworkManager[1245]: [1518034823.9677] dhcp4 (enp7s0): lease time 3600
Feb 07 15:20:23 readingrainbow NetworkManager[1245]: [1518034823.9677] dhcp4 (enp7s0): hostname 'readingrainbow'
Feb 07 15:20:23 readingrainbow NetworkManager[1245]: [1518034823.9677] dhcp4 (enp7s0): nameserver '10.0.0.3'
Feb 07 15:20:23 readingrainbow NetworkManager[1245]: [1518034823.9677] dhcp4 (enp7s0): domain name 'world.n7sa.com'
Feb 07 15:20:23 readingrainbow NetworkManager[1245]: [1518034823.9678] dhcp4 (enp7s0): state changed bound -> bound
Feb 07 15:20:23 readingrainbow dhclient[1582]: bound to 10.0.0.163 -- renewal in 1271 seconds.
Feb 07 15:20:23 readingrainbow NetworkManager[1245]: [1518034823.9718] dhcp4 (enp179s0f0): address 10.10.10.150
Feb 07 15:20:23 readingrainbow NetworkManager[1245]: [1518034823.9718] dhcp4 (enp179s0f0): plen 24 (255.255.255.0)
Feb 07 15:20:23 readingrainbow NetworkManager[1245]: [1518034823.9719] dhcp4 (enp179s0f0): gateway 10.10.10.3
Feb 07 15:20:23 readingrainbow NetworkManager[1245]: [1518034823.9719] dhcp4 (enp179s0f0): lease time 3600
Feb 07 15:20:23 readingrainbow NetworkManager[1245]: [1518034823.9719] dhcp4 (enp179s0f0): hostname 'readingrainbow'
Feb 07 15:20:23 readingrainbow NetworkManager[1245]: [1518034823.9719] dhcp4 (enp179s0f0): nameserver '10.10.10.3'
Feb 07 15:20:23 readingrainbow NetworkManager[1245]: [1518034823.9719] dhcp4 (enp179s0f0): domain name 'world.n7sa.com'
Feb 07 15:20:23 readingrainbow NetworkManager[1245]: [1518034823.9719] dhcp4 (enp179s0f0): state changed bound -> bound
Feb 07 15:20:23 readingrainbow dhclient[2848]: bound to 10.10.10.150 -- renewal in 1416 seconds.
Feb 07 15:21:53 readingrainbow kernel: CIFS VFS: Free previous auth_key.response = ffff8c4e025c0000
Feb 07 15:22:42 readingrainbow kernel: CIFS VFS: Free previous auth_key.response = ffff8c4ba8239a40
Feb 07 15:24:17 readingrainbow kernel: CIFS VFS: Free previous auth_key.response = ffff8c4b91148300
Feb 07 15:25:09 readingrainbow kernel: CIFS VFS: Free previous auth_key.response = ffff8c4f2be1f500
Feb 07 15:25:58 readingrainbow kernel: CIFS VFS: Free previous auth_key.response = ffff8c4e02279140
Feb 07 15:26:49 readingrainbow kernel: CIFS VFS: Free previous auth_key.response = ffff8c4d667c20c0
Feb 07 15:27:38 readingrainbow kernel: CIFS VFS: Free previous auth_key.response = ffff8c4d667c20c0
Feb 07 15:28:29 readingrainbow kernel: CIFS VFS: Free previous auth_key.response = ffff8c4b951cad80
Feb 07 15:31:19 readingrainbow kernel: CIFS VFS: Free previous auth_key.response = ffff8c4ba8238540
Feb 07 15:32:08 readingrainbow kernel: CIFS VFS: Free previous auth_key.response = ffff8c4f2be1e9c0
Feb 07 15:34:33 readingrainbow kernel: CIFS VFS: Free previous auth_key.response = ffff8c4baad86900
Feb 07 15:35:22 readingrainbow kernel: CIFS VFS: Free previous auth_key.response = ffff8c48fa2fa300
Feb 07 15:42:28 readingrainbow dhclient[1582]: DHCPREQUEST of 10.0.0.163 on enp7s0 to 10.0.0.3 port 67 (xid=0x5c11d807)
Feb 07 15:42:28 readingrainbow dhclient[1582]: DHCPACK of 10.0.0.163 from 10.0.0.3
Feb 07 15:42:28 readingrainbow NetworkManager[1245]: [1518036148.3944] dhcp4 (enp7s0): address 10.0.0.163
Feb 07 15:42:28 readingrainbow NetworkManager[1245]: [1518036148.3944] dhcp4 (enp7s0): plen 24 (255.255.255.0)
Feb 07 15:42:28 readingrainbow NetworkManager[1245]: [1518036148.3945] dhcp4 (enp7s0): gateway 10.0.0.3
Feb 07 15:42:28 readingrainbow NetworkManager[1245]: [1518036148.3945] dhcp4 (enp7s0): lease time 3600
Feb 07 15:42:28 readingrainbow NetworkManager[1245]: [1518036148.3945] dhcp4 (enp7s0): hostname 'readingrainbow'
Feb 07 15:42:28 readingrainbow NetworkManager[1245]: [1518036148.3945] dhcp4 (enp7s0): nameserver '10.0.0.3'
Feb 07 15:42:28 readingrainbow NetworkManager[1245]: [1518036148.3945] dhcp4 (enp7s0): domain name 'world.n7sa.com'
Feb 07 15:42:28 readingrainbow NetworkManager[1245]: [1518036148.3945] dhcp4 (enp7s0): state changed bound -> bound
Feb 07 15:42:28 readingrainbow dhclient[1582]: bound to 10.0.0.163 -- renewal in 1549 seconds.
Feb 07 15:42:28 readingrainbow kernel: CIFS VFS: Free previous auth_key.response = ffff8c4baad86cc0
Feb 07 15:44:03 readingrainbow dhclient[2848]: DHCPREQUEST of 10.10.10.150 on enp179s0f0 to 10.10.10.3 port 67 (xid=0x1ca55be3)
Feb 07 15:44:03 readingrainbow dhclient[2848]: DHCPACK of 10.10.10.150 from 10.10.10.3
Feb 07 15:44:03 readingrainbow NetworkManager[1245]: [1518036243.7404] dhcp4 (enp179s0f0): address 10.10.10.150
Feb 07 15:44:03 readingrainbow NetworkManager[1245]: [1518036243.7404] dhcp4 (enp179s0f0): plen 24 (255.255.255.0)
Feb 07 15:44:03 readingrainbow NetworkManager[1245]: [1518036243.7404] dhcp4 (enp179s0f0): gateway 10.10.10.3
Feb 07 15:44:03 readingrainbow NetworkManager[1245]: [1518036243.7404] dhcp4 (enp179s0f0): lease time 3600
Feb 07 15:44:03 readingrainbow NetworkManager[1245]: [1518036243.7404] dhcp4 (enp179s0f0): hostname 'readingrainbow'
Feb 07 15:44:03 readingrainbow NetworkManager[1245]: [1518036243.7405] dhcp4 (enp179s0f0): nameserver '10.10.10.3'
Feb 07 15:44:03 readingrainbow NetworkManager[1245]: [1518036243.7405] dhcp4 (enp179s0f0): domain name 'world.n7sa.com'
Feb 07 15:44:03 readingrainbow NetworkManager[1245]: [1518036243.7405] dhcp4 (enp179s0f0): state changed bound -> bound
Feb 07 15:44:03 readingrainbow dhclient[2848]: bound to 10.10.10.150 -- renewal in 1430 seconds.
Feb 07 15:44:47 readingrainbow kernel: CIFS VFS: Free previous auth_key.response = ffff8c4bc16686c0
Feb 07 15:45:36 readingrainbow kernel: CIFS VFS: Free previous auth_key.response = ffff8c4fb07f5200
Feb 07 15:46:27 readingrainbow kernel: CIFS VFS: Free previous auth_key.response = ffff8c4e025c0e40
Feb 07 15:47:16 readingrainbow kernel: CIFS VFS: Free previous auth_key.response = ffff8c4d680f6e40
Feb 07 15:49:21 readingrainbow kernel: CIFS VFS: Free previous auth_key.response = ffff8c4f42635080
Feb 07 15:50:19 readingrainbow kernel: CIFS VFS: Free previous auth_key.response = ffff8c4faba786c0
Feb 07 15:51:08 readingrainbow kernel: CIFS VFS: Free previous auth_key.response = ffff8c4b92fb8300
Feb 07 15:52:14 readingrainbow kernel: CIFS VFS: Free previous auth_key.response = ffff8c4ba7d21e00
Feb 07 15:57:24 readingrainbow kernel: CIFS VFS: Free previous auth_key.response = ffff8c4e77a3b140
Feb 07 15:58:55 readingrainbow kernel: CIFS VFS: Free previous auth_key.response = ffff8c4b951cb980
Feb 07 15:59:46 readingrainbow kernel: CIFS VFS: Free previous auth_key.response = ffff8c4f37876000
Feb 07 16:00:35 readingrainbow kernel: CIFS VFS: Free previous auth_key.response = ffff8c4baa0af5c0
Feb 07 16:01:26 readingrainbow kernel: CIFS VFS: Free previous auth_key.response = ffff8c484ed63800
Feb 07 16:02:15 readingrainbow kernel: CIFS VFS: Free previous auth_key.response = ffff8c47679cf5c0
Feb 07 16:03:40 readingrainbow kernel: CIFS VFS: Free previous auth_key.response = ffff8c4b91c138c0
Feb 07 16:04:29 readingrainbow kernel: CIFS VFS: Free previous auth_key.response = ffff8c4dc0af6480
Feb 07 16:05:20 readingrainbow kernel: CIFS VFS: Free previous auth_key.response = ffff8c4d680f78c0
Feb 07 16:06:09 readingrainbow kernel: CIFS VFS: Free previous auth_key.response = ffff8c4766b77980
Feb 07 16:07:41 readingrainbow kernel: CIFS VFS: Free previous auth_key.response = ffff8c484ed62cc0
Feb 07 16:08:30 readingrainbow kernel: CIFS VFS: Free previous auth_key.response = ffff8c4e041cd140
Feb 07 16:08:53 readingrainbow dhclient[2848]: DHCPREQUEST of 10.10.10.150 on enp179s0f0 to 10.10.10.3 port 67 (xid=0x1ca55be3)
Feb 07 16:08:53 readingrainbow dhclient[2848]: DHCPACK of 10.10.10.150 from 10.10.10.3
Feb 07 16:08:53 readingrainbow NetworkManager[1245]: [1518037733.1689] dhcp4 (enp179s0f0): address 10.10.10.150
Feb 07 16:08:53 readingrainbow NetworkManager[1245]: [1518037733.1689] dhcp4 (enp179s0f0): plen 24 (255.255.255.0)
Feb 07 16:08:53 readingrainbow NetworkManager[1245]: [1518037733.1690] dhcp4 (enp179s0f0): gateway 10.10.10.3
Feb 07 16:08:53 readingrainbow NetworkManager[1245]: [1518037733.1690] dhcp4 (enp179s0f0): lease time 3600
Feb 07 16:08:53 readingrainbow NetworkManager[1245]: [1518037733.1690] dhcp4 (enp179s0f0): hostname 'readingrainbow'
Feb 07 16:08:53 readingrainbow NetworkManager[1245]: [1518037733.1690] dhcp4 (enp179s0f0): nameserver '10.10.10.3'
Feb 07 16:08:53 readingrainbow NetworkManager[1245]: [1518037733.1690] dhcp4 (enp179s0f0): domain name 'world.n7sa.com'
Feb 07 16:08:53 readingrainbow NetworkManager[1245]: [1518037733.1690] dhcp4 (enp179s0f0): state changed bound -> bound
Feb 07 16:08:53 readingrainbow dhclient[2848]: bound to 10.10.10.150 -- renewal in 1549 seconds.
Feb 07 16:09:21 readingrainbow kernel: CIFS VFS: Free previous auth_key.response = ffff8c4baa0ae540
Feb 07 16:09:21 readingrainbow dhclient[1582]: DHCPREQUEST of 10.0.0.163 on enp7s0 to 10.0.0.3 port 67 (xid=0x5c11d807)
Feb 07 16:09:21 readingrainbow dhclient[1582]: DHCPACK of 10.0.0.163 from 10.0.0.3
Feb 07 16:09:21 readingrainbow NetworkManager[1245]: [1518037761.7714] dhcp4 (enp7s0): address 10.0.0.163
Feb 07 16:09:21 readingrainbow NetworkManager[1245]: [1518037761.7715] dhcp4 (enp7s0): plen 24 (255.255.255.0)
Feb 07 16:09:21 readingrainbow NetworkManager[1245]: [1518037761.7715] dhcp4 (enp7s0): gateway 10.0.0.3
Feb 07 16:09:21 readingrainbow NetworkManager[1245]: [1518037761.7715] dhcp4 (enp7s0): lease time 3600
Feb 07 16:09:21 readingrainbow NetworkManager[1245]: [1518037761.7715] dhcp4 (enp7s0): hostname 'readingrainbow'
Feb 07 16:09:21 readingrainbow NetworkManager[1245]: [1518037761.7716] dhcp4 (enp7s0): nameserver '10.0.0.3'
Feb 07 16:09:21 readingrainbow NetworkManager[1245]: [1518037761.7716] dhcp4 (enp7s0): domain name 'world.n7sa.com'
Feb 07 16:09:21 readingrainbow NetworkManager[1245]: [1518037761.7716] dhcp4 (enp7s0): state changed bound -> bound
Feb 07 16:09:21 readingrainbow dhclient[1582]: bound to 10.0.0.163 -- renewal in 1393 seconds.
Feb 07 16:10:34 readingrainbow kernel: CIFS VFS: Free previous auth_key.response = ffff8c4766b77380
Feb 07 16:14:09 readingrainbow kernel: CIFS VFS: Free previous auth_key.response = ffff8c4dc0af7bc0
Feb 07 16:15:00 readingrainbow kernel: CIFS VFS: Free previous auth_key.response = ffff8c4ef7be4cc0
Feb 07 16:15:49 readingrainbow kernel: CIFS VFS: Free previous auth_key.response = ffff8c4e041cd380
Feb 07 16:16:40 readingrainbow kernel: CIFS VFS: Free previous auth_key.response = ffff8c4b951cb5c0
Feb 07 16:17:29 readingrainbow kernel: CIFS VFS: Free previous auth_key.response = ffff8c4b92c400c0
Feb 07 16:18:20 readingrainbow kernel: CIFS VFS: Free previous auth_key.response = ffff8c4b941fa240
Feb 07 16:19:09 readingrainbow kernel: CIFS VFS: Free previous auth_key.response = ffff8c4b941fa240
Feb 07 16:20:00 readingrainbow kernel: CIFS VFS: Free previous auth_key.response = ffff8c4e06f0c480
Feb 07 16:20:49 readingrainbow kernel: CIFS VFS: Free previous auth_key.response = ffff8c4e06f0c480
Feb 07 16:21:40 readingrainbow kernel: CIFS VFS: Free previous auth_key.response = ffff8c4e06f0c480
Feb 07 16:22:29 readingrainbow kernel: CIFS VFS: Free previous auth_key.response = ffff8c4e06f0c480
Feb 07 16:23:20 readingrainbow kernel: CIFS VFS: Free previous auth_key.response = ffff8c4e06f0c480
Feb 07 16:24:09 readingrainbow kernel: CIFS VFS: Free previous auth_key.response = ffff8c4fae83cf00
Feb 07 16:25:00 readingrainbow kernel: CIFS VFS: Free previous auth_key.response = ffff8c4fae83cf00
Feb 07 16:25:49 readingrainbow kernel: CIFS VFS: Free previous auth_key.response = ffff8c4fae83cf00
Feb 07 16:26:40 readingrainbow kernel: CIFS VFS: Free previous auth_key.response = ffff8c4fae83cf00
Feb 07 16:27:29 readingrainbow kernel: CIFS VFS: Free previous auth_key.response = ffff8c4fae83cf00
Feb 07 16:28:20 readingrainbow kernel: CIFS VFS: Free previous auth_key.response = ffff8c4fae83cf00
Feb 07 16:29:09 readingrainbow kernel: CIFS VFS: Free previous auth_key.response = ffff8c4fae83cf00
Feb 07 16:30:00 readingrainbow kernel: CIFS VFS: Free previous auth_key.response = ffff8c4fae83cf00
Feb 07 16:30:49 readingrainbow kernel: CIFS VFS: Free previous auth_key.response = ffff8c4bb4db2540
Feb 07 16:31:40 readingrainbow kernel: CIFS VFS: Free previous auth_key.response = ffff8c4bb4db2540
Feb 07 16:32:29 readingrainbow kernel: CIFS VFS: Free previous auth_key.response = ffff8c4e01bc4b40
Feb 07 16:32:56 readingrainbow dhclient[1582]: DHCPREQUEST of 10.0.0.163 on enp7s0 to 10.0.0.3 port 67 (xid=0x5c11d807)
Feb 07 16:32:56 readingrainbow dhclient[1582]: DHCPACK of 10.0.0.163 from 10.0.0.3
Feb 07 16:32:56 readingrainbow NetworkManager[1245]: [1518039176.1124] dhcp4 (enp7s0): address 10.0.0.163
Feb 07 16:32:56 readingrainbow NetworkManager[1245]: [1518039176.1124] dhcp4 (enp7s0): plen 24 (255.255.255.0)
Feb 07 16:32:56 readingrainbow NetworkManager[1245]: [1518039176.1124] dhcp4 (enp7s0): gateway 10.0.0.3
Feb 07 16:32:56 readingrainbow NetworkManager[1245]: [1518039176.1125] dhcp4 (enp7s0): lease time 3600
Feb 07 16:32:56 readingrainbow NetworkManager[1245]: [1518039176.1125] dhcp4 (enp7s0): hostname 'readingrainbow'
Feb 07 16:32:56 readingrainbow NetworkManager[1245]: [1518039176.1125] dhcp4 (enp7s0): nameserver '10.0.0.3'
Feb 07 16:32:56 readingrainbow NetworkManager[1245]: [1518039176.1125] dhcp4 (enp7s0): domain name 'world.n7sa.com'
Feb 07 16:32:56 readingrainbow NetworkManager[1245]: [1518039176.1125] dhcp4 (enp7s0): state changed bound -> bound
Feb 07 16:32:56 readingrainbow dhclient[1582]: bound to 10.0.0.163 -- renewal in 1311 seconds.
Feb 07 16:33:20 readingrainbow kernel: CIFS VFS: Free previous auth_key.response = ffff8c4b91c6ce40
Feb 07 16:34:09 readingrainbow kernel: CIFS VFS: Free previous auth_key.response = ffff8c4b91c6ce40
Feb 07 16:34:46 readingrainbow dhclient[2848]: DHCPREQUEST of 10.10.10.150 on enp179s0f0 to 10.10.10.3 port 67 (xid=0x1ca55be3)
Feb 07 16:34:46 readingrainbow dhclient[2848]: DHCPACK of 10.10.10.150 from 10.10.10.3
Feb 07 16:34:46 readingrainbow NetworkManager[1245]: [1518039286.9484] dhcp4 (enp179s0f0): address 10.10.10.150
Feb 07 16:34:46 readingrainbow NetworkManager[1245]: [1518039286.9485] dhcp4 (enp179s0f0): plen 24 (255.255.255.0)
Feb 07 16:34:46 readingrainbow NetworkManager[1245]: [1518039286.9485] dhcp4 (enp179s0f0): gateway 10.10.10.3
Feb 07 16:34:46 readingrainbow NetworkManager[1245]: [1518039286.9485] dhcp4 (enp179s0f0): lease time 3600
Feb 07 16:34:46 readingrainbow NetworkManager[1245]: [1518039286.9485] dhcp4 (enp179s0f0): hostname 'readingrainbow'
Feb 07 16:34:46 readingrainbow NetworkManager[1245]: [1518039286.9485] dhcp4 (enp179s0f0): nameserver '10.10.10.3'
Feb 07 16:34:46 readingrainbow NetworkManager[1245]: [1518039286.9485] dhcp4 (enp179s0f0): domain name 'world.n7sa.com'
Feb 07 16:34:46 readingrainbow NetworkManager[1245]: [1518039286.9486] dhcp4 (enp179s0f0): state changed bound -> bound
Feb 07 16:34:46 readingrainbow dhclient[2848]: bound to 10.10.10.150 -- renewal in 1540 seconds.
Feb 07 16:35:00 readingrainbow kernel: CIFS VFS: Free previous auth_key.response = ffff8c4e01bc55c0
Feb 07 16:35:50 readingrainbow kernel: CIFS VFS: Free previous auth_key.response = ffff8c4b91c6db00
Feb 07 16:36:40 readingrainbow kernel: CIFS VFS: Free previous auth_key.response = ffff8c4e01bc4f00
Feb 07 16:37:30 readingrainbow kernel: CIFS VFS: Free previous auth_key.response = ffff8c4b91c6c0c0
Feb 07 16:38:20 readingrainbow kernel: CIFS VFS: Free previous auth_key.response = ffff8c4e01bc4b40
Feb 07 16:39:10 readingrainbow kernel: CIFS VFS: Free previous auth_key.response = ffff8c4b91c6d500
Feb 07 16:40:00 readingrainbow kernel: CIFS VFS: Free previous auth_key.response = ffff8c4e01bc4900
Feb 07 16:40:50 readingrainbow kernel: CIFS VFS: Free previous auth_key.response = ffff8c4b91c6d500
Feb 07 16:41:39 readingrainbow kernel: CIFS VFS: Free previous auth_key.response = ffff8c4e0752ae40
Feb 07 16:42:30 readingrainbow kernel: CIFS VFS: Free previous auth_key.response = ffff8c4bb4db3740
Feb 07 16:43:19 readingrainbow kernel: CIFS VFS: Free previous auth_key.response = ffff8c4bb4db3740
Feb 07 16:44:10 readingrainbow kernel: CIFS VFS: Free previous auth_key.response = ffff8c4e01bc4f00
Feb 07 16:44:59 readingrainbow kernel: CIFS VFS: Free previous auth_key.response = ffff8c4bb4db3500
Feb 07 16:45:50 readingrainbow kernel: CIFS VFS: Free previous auth_key.response = ffff8c4e01bc52c0
Feb 07 16:46:39 readingrainbow kernel: CIFS VFS: Free previous auth_key.response = ffff8c4bb4db3800
Feb 07 16:47:30 readingrainbow kernel: CIFS VFS: Free previous auth_key.response = ffff8c4e01bc5a40
Feb 07 16:48:19 readingrainbow kernel: CIFS VFS: Free previous auth_key.response = ffff8c4e01bc5a40
Feb 07 16:49:10 readingrainbow kernel: CIFS VFS: Free previous auth_key.response = ffff8c4b91c6d2c0
Feb 07 16:49:59 readingrainbow kernel: CIFS VFS: Free previous auth_key.response = ffff8c4e06f0ce40
Feb 07 16:50:50 readingrainbow kernel: CIFS VFS: Free previous auth_key.response = ffff8c4baad86c00
Feb 07 16:51:39 readingrainbow kernel: CIFS VFS: Free previous auth_key.response = ffff8c4763160600
Feb 07 16:52:30 readingrainbow kernel: CIFS VFS: Free previous auth_key.response = ffff8c4baad866c0
Feb 07 16:53:19 readingrainbow kernel: CIFS VFS: Free previous auth_key.response = ffff8c4baad866c0
Feb 07 16:54:10 readingrainbow kernel: CIFS VFS: Free previous auth_key.response = ffff8c4763161bc0
Feb 07 16:54:59 readingrainbow kernel: CIFS VFS: Free previous auth_key.response = ffff8c4e06f0c480
Feb 07 16:55:42 readingrainbow dhclient[1582]: DHCPREQUEST of 10.0.0.163 on enp7s0 to 10.0.0.3 port 67 (xid=0x5c11d807)
Feb 07 16:55:42 readingrainbow dhclient[1582]: DHCPACK of 10.0.0.163 from 10.0.0.3
Feb 07 16:55:42 readingrainbow NetworkManager[1245]: [1518040542.8578] dhcp4 (enp7s0): address 10.0.0.163
Feb 07 16:55:42 readingrainbow NetworkManager[1245]: [1518040542.8579] dhcp4 (enp7s0): plen 24 (255.255.255.0)
Feb 07 16:55:42 readingrainbow NetworkManager[1245]: [1518040542.8579] dhcp4 (enp7s0): gateway 10.0.0.3
Feb 07 16:55:42 readingrainbow NetworkManager[1245]: [1518040542.8579] dhcp4 (enp7s0): lease time 3600
Feb 07 16:55:42 readingrainbow NetworkManager[1245]: [1518040542.8579] dhcp4 (enp7s0): hostname 'readingrainbow'
Feb 07 16:55:42 readingrainbow NetworkManager[1245]: [1518040542.8580] dhcp4 (enp7s0): nameserver '10.0.0.3'
Feb 07 16:55:42 readingrainbow NetworkManager[1245]: [1518040542.8580] dhcp4 (enp7s0): domain name 'world.n7sa.com'
Feb 07 16:55:42 readingrainbow NetworkManager[1245]: [1518040542.8580] dhcp4 (enp7s0): state changed bound -> bound
Feb 07 16:55:42 readingrainbow dhclient[1582]: bound to 10.0.0.163 -- renewal in 1611 seconds.
Feb 07 16:55:50 readingrainbow kernel: CIFS VFS: Free previous auth_key.response = ffff8c4763160180
Feb 07 16:56:40 readingrainbow kernel: CIFS VFS: Free previous auth_key.response = ffff8c4b921775c0
Feb 07 16:57:30 readingrainbow kernel: CIFS VFS: Free previous auth_key.response = ffff8c4763160f00
Feb 07 16:58:20 readingrainbow kernel: CIFS VFS: Free previous auth_key.response = ffff8c4baad86600
Feb 07 16:59:10 readingrainbow kernel: CIFS VFS: Free previous auth_key.response = ffff8c4e13c5f8c0
Feb 07 17:00:00 readingrainbow kernel: CIFS VFS: Free previous auth_key.response = ffff8c4baad87c80
Feb 07 17:00:37 readingrainbow dhclient[2848]: DHCPREQUEST of 10.10.10.150 on enp179s0f0 to 10.10.10.3 port 67 (xid=0x1ca55be3)
Feb 07 17:00:37 readingrainbow dhclient[2848]: DHCPACK of 10.10.10.150 from 10.10.10.3
Feb 07 17:00:37 readingrainbow NetworkManager[1245]: [1518040837.6342] dhcp4 (enp179s0f0): address 10.10.10.150
Feb 07 17:00:37 readingrainbow NetworkManager[1245]: [1518040837.6342] dhcp4 (enp179s0f0): plen 24 (255.255.255.0)
Feb 07 17:00:37 readingrainbow NetworkManager[1245]: [1518040837.6342] dhcp4 (enp179s0f0): gateway 10.10.10.3
Feb 07 17:00:37 readingrainbow NetworkManager[1245]: [1518040837.6342] dhcp4 (enp179s0f0): lease time 3600
Feb 07 17:00:37 readingrainbow NetworkManager[1245]: [1518040837.6343] dhcp4 (enp179s0f0): hostname 'readingrainbow'
Feb 07 17:00:37 readingrainbow NetworkManager[1245]: [1518040837.6343] dhcp4 (enp179s0f0): nameserver '10.10.10.3'
Feb 07 17:00:37 readingrainbow NetworkManager[1245]: [1518040837.6343] dhcp4 (enp179s0f0): domain name 'world.n7sa.com'
Feb 07 17:00:37 readingrainbow NetworkManager[1245]: [1518040837.6343] dhcp4 (enp179s0f0): state changed bound -> bound
Feb 07 17:00:37 readingrainbow dhclient[2848]: bound to 10.10.10.150 -- renewal in 1492 seconds.
Feb 07 17:00:50 readingrainbow kernel: CIFS VFS: Free previous auth_key.response = ffff8c4763160f00
Feb 07 17:01:40 readingrainbow kernel: CIFS VFS: Free previous auth_key.response = ffff8c4e06f0cc00
Feb 07 17:02:30 readingrainbow kernel: CIFS VFS: Free previous auth_key.response = ffff8c4e0412af00
Feb 07 17:03:20 readingrainbow kernel: CIFS VFS: Free previous auth_key.response = ffff8c4baad87500
Feb 07 17:04:10 readingrainbow kernel: CIFS VFS: Free previous auth_key.response = ffff8c4e06f0c840
Feb 07 17:05:00 readingrainbow kernel: CIFS VFS: Free previous auth_key.response = ffff8c4e0412ab40
Feb 07 17:05:51 readingrainbow kernel: CIFS VFS: Free previous auth_key.response = ffff8c4baad860c0
Feb 07 17:06:40 readingrainbow kernel: CIFS VFS: Free previous auth_key.response = ffff8c4e1fe32480
Feb 07 17:07:31 readingrainbow kernel: CIFS VFS: Free previous auth_key.response = ffff8c490fa0a0c0
Feb 07 17:08:20 readingrainbow kernel: CIFS VFS: Free previous auth_key.response = ffff8c490f9bcf00
Feb 07 17:09:11 readingrainbow kernel: CIFS VFS: Free previous auth_key.response = ffff8c4edacc1380
Feb 07 17:10:00 readingrainbow kernel: CIFS VFS: Free previous auth_key.response = ffff8c4904fc6780
Feb 07 17:10:51 readingrainbow kernel: CIFS VFS: Free previous auth_key.response = ffff8c4ba8238d80
Feb 07 17:11:40 readingrainbow kernel: CIFS VFS: Free previous auth_key.response = ffff8c4dc09d4fc0
Feb 07 17:12:31 readingrainbow kernel: CIFS VFS: Free previous auth_key.response = ffff8c475ae51980
Feb 07 17:13:20 readingrainbow kernel: CIFS VFS: Free previous auth_key.response = ffff8c4f1611fec0
Feb 07 17:14:11 readingrainbow kernel: CIFS VFS: Free previous auth_key.response = ffff8c4f1611fec0
Feb 07 17:15:00 readingrainbow kernel: CIFS VFS: Free previous auth_key.response = ffff8c4b92fb8b40
Feb 07 17:15:51 readingrainbow kernel: CIFS VFS: Free previous auth_key.response = ffff8c4f3726b980
Feb 07 17:16:40 readingrainbow kernel: CIFS VFS: Free previous auth_key.response = ffff8c4b92fb9380
Feb 07 17:17:31 readingrainbow kernel: CIFS VFS: Free previous auth_key.response = ffff8c4b92fb9380
Feb 07 17:18:20 readingrainbow kernel: CIFS VFS: Free previous auth_key.response = ffff8c4f3726ab40
Feb 07 17:19:10 readingrainbow kernel: CIFS VFS: Free previous auth_key.response = ffff8c4e0412b5c0
Feb 07 17:20:00 readingrainbow kernel: CIFS VFS: Free previous auth_key.response = ffff8c4dd985c900
Feb 07 17:20:50 readingrainbow kernel: CIFS VFS: Free previous auth_key.response = ffff8c490fa0b8c0
Feb 07 17:21:40 readingrainbow kernel: CIFS VFS: Free previous auth_key.response = ffff8c4dd985cfc0
Feb 07 17:22:30 readingrainbow kernel: CIFS VFS: Free previous auth_key.response = ffff8c4dd985cfc0
Feb 07 17:23:04 readingrainbow dhclient[1582]: DHCPREQUEST of 10.0.0.163 on enp7s0 to 10.0.0.3 port 67 (xid=0x5c11d807)
Feb 07 17:23:04 readingrainbow dhclient[1582]: DHCPACK of 10.0.0.163 from 10.0.0.3
Feb 07 17:23:04 readingrainbow NetworkManager[1245]: [1518042184.5645] dhcp4 (enp7s0): address 10.0.0.163
Feb 07 17:23:04 readingrainbow NetworkManager[1245]: [1518042184.5646] dhcp4 (enp7s0): plen 24 (255.255.255.0)
Feb 07 17:23:04 readingrainbow NetworkManager[1245]: [1518042184.5646] dhcp4 (enp7s0): gateway 10.0.0.3
Feb 07 17:23:04 readingrainbow NetworkManager[1245]: [1518042184.5646] dhcp4 (enp7s0): lease time 3600
Feb 07 17:23:04 readingrainbow NetworkManager[1245]: [1518042184.5646] dhcp4 (enp7s0): hostname 'readingrainbow'
Feb 07 17:23:04 readingrainbow NetworkManager[1245]: [1518042184.5646] dhcp4 (enp7s0): nameserver '10.0.0.3'
Feb 07 17:23:04 readingrainbow NetworkManager[1245]: [1518042184.5646] dhcp4 (enp7s0): domain name 'world.n7sa.com'
Feb 07 17:23:04 readingrainbow NetworkManager[1245]: [1518042184.5647] dhcp4 (enp7s0): state changed bound -> bound
Feb 07 17:23:04 readingrainbow dhclient[1582]: bound to 10.0.0.163 -- renewal in 1339 seconds.
Feb 07 17:23:20 readingrainbow kernel: CIFS VFS: Free previous auth_key.response = ffff8c4ba7d218c0
Feb 07 17:24:10 readingrainbow kernel: CIFS VFS: Free previous auth_key.response = ffff8c4dd985c780
Feb 07 17:25:00 readingrainbow kernel: CIFS VFS: Free previous auth_key.response = ffff8c490fa0b500
Feb 07 17:25:36 readingrainbow dhclient[2848]: DHCPREQUEST of 10.10.10.150 on enp179s0f0 to 10.10.10.3 port 67 (xid=0x1ca55be3)
Feb 07 17:25:36 readingrainbow dhclient[2848]: DHCPACK of 10.10.10.150 from 10.10.10.3
Feb 07 17:25:36 readingrainbow NetworkManager[1245]: [1518042336.7939] dhcp4 (enp179s0f0): address 10.10.10.150
Feb 07 17:25:36 readingrainbow NetworkManager[1245]: [1518042336.7940] dhcp4 (enp179s0f0): plen 24 (255.255.255.0)
Feb 07 17:25:36 readingrainbow NetworkManager[1245]: [1518042336.7940] dhcp4 (enp179s0f0): gateway 10.10.10.3
Feb 07 17:25:36 readingrainbow NetworkManager[1245]: [1518042336.7940] dhcp4 (enp179s0f0): lease time 3600
Feb 07 17:25:36 readingrainbow NetworkManager[1245]: [1518042336.7940] dhcp4 (enp179s0f0): hostname 'readingrainbow'
Feb 07 17:25:36 readingrainbow NetworkManager[1245]: [1518042336.7940] dhcp4 (enp179s0f0): nameserver '10.10.10.3'
Feb 07 17:25:36 readingrainbow NetworkManager[1245]: [1518042336.7940] dhcp4 (enp179s0f0): domain name 'world.n7sa.com'
Feb 07 17:25:36 readingrainbow NetworkManager[1245]: [1518042336.7940] dhcp4 (enp179s0f0): state changed bound -> bound
Feb 07 17:25:36 readingrainbow dhclient[2848]: bound to 10.10.10.150 -- renewal in 1645 seconds.
Feb 07 17:25:50 readingrainbow kernel: CIFS VFS: Free previous auth_key.response = ffff8c4e13c5ed80
Feb 07 17:26:41 readingrainbow kernel: CIFS VFS: Free previous auth_key.response = ffff8c490fa0a300
Feb 07 17:27:30 readingrainbow kernel: CIFS VFS: Free previous auth_key.response = ffff8c47679cf080
Feb 07 17:28:21 readingrainbow kernel: CIFS VFS: Free previous auth_key.response = ffff8c4dd985c780
Feb 07 17:29:10 readingrainbow kernel: CIFS VFS: Free previous auth_key.response = ffff8c490fa0a9c0
Feb 07 17:30:01 readingrainbow kernel: CIFS VFS: Free previous auth_key.response = ffff8c47679ce240
Feb 07 17:30:50 readingrainbow kernel: CIFS VFS: Free previous auth_key.response = ffff8c490fa0be00
Feb 07 17:31:41 readingrainbow kernel: CIFS VFS: Free previous auth_key.response = ffff8c47679ce000
Feb 07 17:32:30 readingrainbow kernel: CIFS VFS: Free previous auth_key.response = ffff8c490fa0b140
Feb 07 17:33:21 readingrainbow kernel: CIFS VFS: Free previous auth_key.response = ffff8c47679ce900
Feb 07 17:34:10 readingrainbow kernel: CIFS VFS: Free previous auth_key.response = ffff8c4dd985c300
Feb 07 17:35:01 readingrainbow kernel: CIFS VFS: Free previous auth_key.response = ffff8c490fa0a6c0
Feb 07 17:35:50 readingrainbow kernel: CIFS VFS: Free previous auth_key.response = ffff8c47679cfe00
Feb 07 17:36:41 readingrainbow kernel: CIFS VFS: Free previous auth_key.response = ffff8c4dd985c180
Feb 07 17:37:30 readingrainbow kernel: CIFS VFS: Free previous auth_key.response = ffff8c490fa0a0c0
Feb 07 17:38:21 readingrainbow kernel: CIFS VFS: Free previous auth_key.response = ffff8c4dd985ca80
Feb 07 17:39:10 readingrainbow kernel: CIFS VFS: Free previous auth_key.response = ffff8c490fa0bbc0
Feb 07 17:40:01 readingrainbow kernel: CIFS VFS: Free previous auth_key.response = ffff8c490fa0bbc0
Feb 07 17:40:50 readingrainbow kernel: CIFS VFS: Free previous auth_key.response = ffff8c4dd985c180
Feb 07 17:41:41 readingrainbow kernel: CIFS VFS: Free previous auth_key.response = ffff8c47679cfe00
Feb 07 17:42:30 readingrainbow kernel: CIFS VFS: Free previous auth_key.response = ffff8c490fa0bb00
Feb 07 17:43:21 readingrainbow kernel: CIFS VFS: Free previous auth_key.response = ffff8c47679cf080
Feb 07 17:44:10 readingrainbow kernel: CIFS VFS: Free previous auth_key.response = ffff8c4f68d552c0
Feb 07 17:45:01 readingrainbow kernel: CIFS VFS: Free previous auth_key.response = ffff8c47679cf080
Feb 07 17:45:50 readingrainbow kernel: CIFS VFS: Free previous auth_key.response = ffff8c47679cf080
Feb 07 17:46:18 readingrainbow dhclient[1582]: DHCPREQUEST of 10.0.0.163 on enp7s0 to 10.0.0.3 port 67 (xid=0x5c11d807)
Feb 07 17:46:18 readingrainbow dhclient[1582]: DHCPACK of 10.0.0.163 from 10.0.0.3
Feb 07 17:46:18 readingrainbow NetworkManager[1245]: [1518043578.8991] dhcp4 (enp7s0): address 10.0.0.163
Feb 07 17:46:18 readingrainbow NetworkManager[1245]: [1518043578.8992] dhcp4 (enp7s0): plen 24 (255.255.255.0)
Feb 07 17:46:18 readingrainbow NetworkManager[1245]: [1518043578.8992] dhcp4 (enp7s0): gateway 10.0.0.3
Feb 07 17:46:18 readingrainbow NetworkManager[1245]: [1518043578.8992] dhcp4 (enp7s0): lease time 3600
Feb 07 17:46:18 readingrainbow NetworkManager[1245]: [1518043578.8992] dhcp4 (enp7s0): hostname 'readingrainbow'
Feb 07 17:46:18 readingrainbow NetworkManager[1245]: [1518043578.8992] dhcp4 (enp7s0): nameserver '10.0.0.3'
Feb 07 17:46:18 readingrainbow NetworkManager[1245]: [1518043578.8992] dhcp4 (enp7s0): domain name 'world.n7sa.com'
Feb 07 17:46:18 readingrainbow NetworkManager[1245]: [1518043578.8992] dhcp4 (enp7s0): state changed bound -> bound
Feb 07 17:46:18 readingrainbow dhclient[1582]: bound to 10.0.0.163 -- renewal in 1426 seconds.
Feb 07 17:46:41 readingrainbow kernel: CIFS VFS: Free previous auth_key.response = ffff8c490fa0b140
Feb 07 17:47:31 readingrainbow kernel: CIFS VFS: Free previous auth_key.response = ffff8c4fb953d5c0
Feb 07 17:48:21 readingrainbow kernel: CIFS VFS: Free previous auth_key.response = ffff8c490fa0bbc0
Feb 07 17:49:11 readingrainbow kernel: CIFS VFS: Free previous auth_key.response = ffff8c4de9058540
Feb 07 17:50:01 readingrainbow kernel: CIFS VFS: Free previous auth_key.response = ffff8c4e06f0dbc0
Feb 07 17:50:51 readingrainbow kernel: CIFS VFS: Free previous auth_key.response = ffff8c490fa0b680
Feb 07 17:51:41 readingrainbow kernel: CIFS VFS: Free previous auth_key.response = ffff8c4de9059ec0
Feb 07 17:52:31 readingrainbow kernel: CIFS VFS: Free previous auth_key.response = ffff8c4b91104000
Feb 07 17:53:17 readingrainbow dhclient[2848]: DHCPREQUEST of 10.10.10.150 on enp179s0f0 to 10.10.10.3 port 67 (xid=0x1ca55be3)
Feb 07 17:53:17 readingrainbow dhclient[2848]: DHCPACK of 10.10.10.150 from 10.10.10.3
Feb 07 17:53:17 readingrainbow NetworkManager[1245]: [1518043997.4064] dhcp4 (enp179s0f0): address 10.10.10.150
Feb 07 17:53:17 readingrainbow NetworkManager[1245]: [1518043997.4064] dhcp4 (enp179s0f0): plen 24 (255.255.255.0)
Feb 07 17:53:17 readingrainbow NetworkManager[1245]: [1518043997.4064] dhcp4 (enp179s0f0): gateway 10.10.10.3
Feb 07 17:53:17 readingrainbow NetworkManager[1245]: [1518043997.4064] dhcp4 (enp179s0f0): lease time 3600
Feb 07 17:53:17 readingrainbow NetworkManager[1245]: [1518043997.4064] dhcp4 (enp179s0f0): hostname 'readingrainbow'
Feb 07 17:53:17 readingrainbow NetworkManager[1245]: [1518043997.4065] dhcp4 (enp179s0f0): nameserver '10.10.10.3'
Feb 07 17:53:17 readingrainbow NetworkManager[1245]: [1518043997.4065] dhcp4 (enp179s0f0): domain name 'world.n7sa.com'
Feb 07 17:53:17 readingrainbow NetworkManager[1245]: [1518043997.4065] dhcp4 (enp179s0f0): state changed bound -> bound
Feb 07 17:53:17 readingrainbow dhclient[2848]: bound to 10.10.10.150 -- renewal in 1550 seconds.
Feb 07 17:53:21 readingrainbow kernel: CIFS VFS: Free previous auth_key.response = ffff8c4b91104000
Feb 07 17:54:11 readingrainbow kernel: CIFS VFS: Free previous auth_key.response = ffff8c4f0f5de180
Feb 07 17:55:00 readingrainbow kernel: CIFS VFS: Free previous auth_key.response = ffff8c4f0f5de180
Feb 07 17:55:51 readingrainbow kernel: CIFS VFS: Free previous auth_key.response = ffff8c4f0f5de180
Feb 07 17:56:40 readingrainbow kernel: CIFS VFS: Free previous auth_key.response = ffff8c4f0f5de180
Feb 07 17:57:31 readingrainbow kernel: CIFS VFS: Free previous auth_key.response = ffff8c4f0f5de180
Feb 07 17:58:20 readingrainbow kernel: CIFS VFS: Free previous auth_key.response = ffff8c4f0f5de180
Feb 07 17:59:11 readingrainbow kernel: CIFS VFS: Free previous auth_key.response = ffff8c4f0f5de180
Feb 07 18:00:00 readingrainbow kernel: CIFS VFS: Free previous auth_key.response = ffff8c4f0f5de180
Feb 07 18:00:51 readingrainbow kernel: CIFS VFS: Free previous auth_key.response = ffff8c4f0f5de180
Feb 07 18:01:40 readingrainbow kernel: CIFS VFS: Free previous auth_key.response = ffff8c4f0f5de180
Feb 07 18:02:31 readingrainbow kernel: CIFS VFS: Free previous auth_key.response = ffff8c4f0f5de180
Feb 07 18:03:20 readingrainbow kernel: CIFS VFS: Free previous auth_key.response = ffff8c4f0f5de180
Feb 07 18:04:11 readingrainbow kernel: CIFS VFS: Free previous auth_key.response = ffff8c4f0f5de180
Feb 07 18:05:00 readingrainbow kernel: CIFS VFS: Free previous auth_key.response = ffff8c4f0f5de180
Feb 07 18:05:51 readingrainbow kernel: CIFS VFS: Free previous auth_key.response = ffff8c4b91104900
Feb 07 18:06:40 readingrainbow kernel: CIFS VFS: Free previous auth_key.response = ffff8c4b91104900
Feb 07 18:07:31 readingrainbow kernel: CIFS VFS: Free previous auth_key.response = ffff8c4f0f5de180
Feb 07 18:08:21 readingrainbow kernel: CIFS VFS: Free previous auth_key.response = ffff8c4f0f5de180
Feb 07 18:09:11 readingrainbow kernel: CIFS VFS: Free previous auth_key.response = ffff8c4b91105500
Feb 07 18:10:01 readingrainbow kernel: CIFS VFS: Free previous auth_key.response = ffff8c4b91105500
Feb 07 18:10:51 readingrainbow kernel: CIFS VFS: Free previous auth_key.response = ffff8c4b91105500
Feb 07 18:11:03 readingrainbow dhclient[1582]: DHCPREQUEST of 10.0.0.163 on enp7s0 to 10.0.0.3 port 67 (xid=0x5c11d807)
Feb 07 18:11:03 readingrainbow dhclient[1582]: DHCPACK of 10.0.0.163 from 10.0.0.3
Feb 07 18:11:03 readingrainbow NetworkManager[1245]: [1518045063.4504] dhcp4 (enp7s0): address 10.0.0.163
Feb 07 18:11:03 readingrainbow NetworkManager[1245]: [1518045063.4504] dhcp4 (enp7s0): plen 24 (255.255.255.0)
Feb 07 18:11:03 readingrainbow NetworkManager[1245]: [1518045063.4504] dhcp4 (enp7s0): gateway 10.0.0.3
Feb 07 18:11:03 readingrainbow NetworkManager[1245]: [1518045063.4504] dhcp4 (enp7s0): lease time 3600
Feb 07 18:11:03 readingrainbow NetworkManager[1245]: [1518045063.4505] dhcp4 (enp7s0): hostname 'readingrainbow'
Feb 07 18:11:03 readingrainbow NetworkManager[1245]: [1518045063.4505] dhcp4 (enp7s0): nameserver '10.0.0.3'
Feb 07 18:11:03 readingrainbow NetworkManager[1245]: [1518045063.4505] dhcp4 (enp7s0): domain name 'world.n7sa.com'
Feb 07 18:11:03 readingrainbow NetworkManager[1245]: [1518045063.4505] dhcp4 (enp7s0): state changed bound -> bound
Feb 07 18:11:03 readingrainbow dhclient[1582]: bound to 10.0.0.163 -- renewal in 1284 seconds.
Feb 07 18:11:41 readingrainbow kernel: CIFS VFS: Free previous auth_key.response = ffff8c4b91105500
Feb 07 18:12:31 readingrainbow kernel: CIFS VFS: Free previous auth_key.response = ffff8c4b91105500
Feb 07 18:13:21 readingrainbow kernel: CIFS VFS: Free previous auth_key.response = ffff8c4b91105500
Feb 07 18:14:11 readingrainbow kernel: CIFS VFS: Free previous auth_key.response = ffff8c4b91105500
Feb 07 18:15:01 readingrainbow kernel: CIFS VFS: Free previous auth_key.response = ffff8c4b91105500
Feb 07 18:15:51 readingrainbow kernel: CIFS VFS: Free previous auth_key.response = ffff8c4b91105500
Feb 07 18:16:41 readingrainbow kernel: CIFS VFS: Free previous auth_key.response = ffff8c4b91105500
Feb 07 18:17:32 readingrainbow kernel: CIFS VFS: Free previous auth_key.response = ffff8c4b91105500
Feb 07 18:18:21 readingrainbow kernel: CIFS VFS: Free previous auth_key.response = ffff8c4b91105500
Feb 07 18:19:12 readingrainbow kernel: CIFS VFS: Free previous auth_key.response = ffff8c4b91105500
Feb 07 18:19:28 readingrainbow dhclient[2848]: DHCPREQUEST of 10.10.10.150 on enp179s0f0 to 10.10.10.3 port 67 (xid=0x1ca55be3)
Feb 07 18:19:28 readingrainbow dhclient[2848]: DHCPACK of 10.10.10.150 from 10.10.10.3
Feb 07 18:19:28 readingrainbow NetworkManager[1245]: [1518045568.0585] dhcp4 (enp179s0f0): address 10.10.10.150
Feb 07 18:19:28 readingrainbow NetworkManager[1245]: [1518045568.0586] dhcp4 (enp179s0f0): plen 24 (255.255.255.0)
Feb 07 18:19:28 readingrainbow NetworkManager[1245]: [1518045568.0586] dhcp4 (enp179s0f0): gateway 10.10.10.3
Feb 07 18:19:28 readingrainbow NetworkManager[1245]: [1518045568.0586] dhcp4 (enp179s0f0): lease time 3600
Feb 07 18:19:28 readingrainbow NetworkManager[1245]: [1518045568.0586] dhcp4 (enp179s0f0): hostname 'readingrainbow'
Feb 07 18:19:28 readingrainbow NetworkManager[1245]: [1518045568.0586] dhcp4 (enp179s0f0): nameserver '10.10.10.3'
Feb 07 18:19:28 readingrainbow NetworkManager[1245]: [1518045568.0586] dhcp4 (enp179s0f0): domain name 'world.n7sa.com'
Feb 07 18:19:28 readingrainbow NetworkManager[1245]: [1518045568.0587] dhcp4 (enp179s0f0): state changed bound -> bound
Feb 07 18:19:28 readingrainbow dhclient[2848]: bound to 10.10.10.150 -- renewal in 1376 seconds.
Feb 07 18:20:01 readingrainbow kernel: CIFS VFS: Free previous auth_key.response = ffff8c4b91105500
Feb 07 18:20:52 readingrainbow kernel: CIFS VFS: Free previous auth_key.response = ffff8c4b91105500
Feb 07 18:21:41 readingrainbow kernel: CIFS VFS: Free previous auth_key.response = ffff8c4b91105500
Feb 07 18:22:32 readingrainbow kernel: CIFS VFS: Free previous auth_key.response = ffff8c4b91105500
Feb 07 18:23:21 readingrainbow kernel: CIFS VFS: Free previous auth_key.response = ffff8c4ba8238180
Feb 07 18:24:12 readingrainbow kernel: CIFS VFS: Free previous auth_key.response = ffff8c4e06f0de00
Feb 07 18:25:01 readingrainbow kernel: CIFS VFS: Free previous auth_key.response = ffff8c48f9dba3c0
Feb 07 18:25:52 readingrainbow kernel: CIFS VFS: Free previous auth_key.response = ffff8c4ba8238600
Feb 07 18:26:41 readingrainbow kernel: CIFS VFS: Free previous auth_key.response = ffff8c4e06f0c3c0
Feb 07 18:27:32 readingrainbow kernel: CIFS VFS: Free previous auth_key.response = ffff8c48f9dbb680
Feb 07 18:28:21 readingrainbow kernel: CIFS VFS: Free previous auth_key.response = ffff8c4ba8238900
Feb 07 18:29:12 readingrainbow kernel: CIFS VFS: Free previous auth_key.response = ffff8c48f9dba480
Feb 07 18:30:01 readingrainbow kernel: CIFS VFS: Free previous auth_key.response = ffff8c4e06f0d380
Feb 07 18:30:52 readingrainbow kernel: CIFS VFS: Free previous auth_key.response = ffff8c48f9dbb380
Feb 07 18:31:41 readingrainbow kernel: CIFS VFS: Free previous auth_key.response = ffff8c4b92176cc0
Feb 07 18:32:31 readingrainbow kernel: CIFS VFS: Free previous auth_key.response = ffff8c4e06f0d8c0
Feb 07 18:33:21 readingrainbow dhclient[1582]: DHCPREQUEST of 10.0.0.163 on enp7s0 to 10.0.0.3 port 67 (xid=0x5c11d807)
Feb 07 18:33:21 readingrainbow dhclient[1582]: DHCPACK of 10.0.0.163 from 10.0.0.3
Feb 07 18:33:21 readingrainbow NetworkManager[1245]: [1518046401.5023] dhcp4 (enp7s0): address 10.0.0.163
Feb 07 18:33:21 readingrainbow NetworkManager[1245]: [1518046401.5023] dhcp4 (enp7s0): plen 24 (255.255.255.0)
Feb 07 18:33:21 readingrainbow NetworkManager[1245]: [1518046401.5024] dhcp4 (enp7s0): gateway 10.0.0.3
Feb 07 18:33:21 readingrainbow NetworkManager[1245]: [1518046401.5024] dhcp4 (enp7s0): lease time 3600
Feb 07 18:33:21 readingrainbow NetworkManager[1245]: [1518046401.5024] dhcp4 (enp7s0): hostname 'readingrainbow'
Feb 07 18:33:21 readingrainbow NetworkManager[1245]: [1518046401.5024] dhcp4 (enp7s0): nameserver '10.0.0.3'
Feb 07 18:33:21 readingrainbow NetworkManager[1245]: [1518046401.5024] dhcp4 (enp7s0): domain name 'world.n7sa.com'
Feb 07 18:33:21 readingrainbow NetworkManager[1245]: [1518046401.5024] dhcp4 (enp7s0): state changed bound -> bound
Feb 07 18:33:21 readingrainbow dhclient[1582]: bound to 10.0.0.163 -- renewal in 1489 seconds.
Feb 07 18:33:21 readingrainbow kernel: CIFS VFS: Free previous auth_key.response = ffff8c48f9dbb200
Feb 07 18:34:11 readingrainbow kernel: CIFS VFS: Free previous auth_key.response = ffff8c4b921763c0
Feb 07 18:35:01 readingrainbow kernel: CIFS VFS: Free previous auth_key.response = ffff8c4e06f0c840
Feb 07 18:35:51 readingrainbow kernel: CIFS VFS: Free previous auth_key.response = ffff8c48f9dba000
Feb 07 18:36:41 readingrainbow kernel: CIFS VFS: Free previous auth_key.response = ffff8c4e06f0c480
Feb 07 18:37:31 readingrainbow kernel: CIFS VFS: Free previous auth_key.response = ffff8c4b92176a80
Feb 07 18:38:21 readingrainbow kernel: CIFS VFS: Free previous auth_key.response = ffff8c48f9dbb2c0
Feb 07 18:39:11 readingrainbow kernel: CIFS VFS: Free previous auth_key.response = ffff8c4e06f0c3c0
Feb 07 18:40:02 readingrainbow kernel: CIFS VFS: Free previous auth_key.response = ffff8c48f9dbb680
Feb 07 18:40:51 readingrainbow kernel: CIFS VFS: Free previous auth_key.response = ffff8c4e06f0d680
Feb 07 18:41:42 readingrainbow kernel: CIFS VFS: Free previous auth_key.response = ffff8c48f9dba0c0
Feb 07 18:42:31 readingrainbow kernel: CIFS VFS: Free previous auth_key.response = ffff8c4b92176cc0
Feb 07 18:42:47 readingrainbow dhclient[2848]: DHCPREQUEST of 10.10.10.150 on enp179s0f0 to 10.10.10.3 port 67 (xid=0x1ca55be3)
Feb 07 18:42:47 readingrainbow dhclient[2848]: DHCPACK of 10.10.10.150 from 10.10.10.3
Feb 07 18:42:47 readingrainbow NetworkManager[1245]: [1518046967.8797] dhcp4 (enp179s0f0): address 10.10.10.150
Feb 07 18:42:47 readingrainbow NetworkManager[1245]: [1518046967.8797] dhcp4 (enp179s0f0): plen 24 (255.255.255.0)
Feb 07 18:42:47 readingrainbow NetworkManager[1245]: [1518046967.8797] dhcp4 (enp179s0f0): gateway 10.10.10.3
Feb 07 18:42:47 readingrainbow NetworkManager[1245]: [1518046967.8797] dhcp4 (enp179s0f0): lease time 3600
Feb 07 18:42:47 readingrainbow NetworkManager[1245]: [1518046967.8798] dhcp4 (enp179s0f0): hostname 'readingrainbow'
Feb 07 18:42:47 readingrainbow NetworkManager[1245]: [1518046967.8798] dhcp4 (enp179s0f0): nameserver '10.10.10.3'
Feb 07 18:42:47 readingrainbow NetworkManager[1245]: [1518046967.8798] dhcp4 (enp179s0f0): domain name 'world.n7sa.com'
Feb 07 18:42:47 readingrainbow NetworkManager[1245]: [1518046967.8798] dhcp4 (enp179s0f0): state changed bound -> bound
Feb 07 18:42:47 readingrainbow dhclient[2848]: bound to 10.10.10.150 -- renewal in 1247 seconds.
Feb 07 18:43:22 readingrainbow kernel: CIFS VFS: Free previous auth_key.response = ffff8c4e06f0dd40
Feb 07 18:44:11 readingrainbow kernel: CIFS VFS: Free previous auth_key.response = ffff8c4b921772c0
Feb 07 18:45:02 readingrainbow kernel: CIFS VFS: Free previous auth_key.response = ffff8c4e06f0c480
Feb 07 18:45:51 readingrainbow kernel: CIFS VFS: Free previous auth_key.response = ffff8c48f9dbaf00
Feb 07 18:46:42 readingrainbow kernel: CIFS VFS: Free previous auth_key.response = ffff8c4b92177380
Feb 07 18:47:31 readingrainbow kernel: CIFS VFS: Free previous auth_key.response = ffff8c4e06f0c840
Feb 07 18:48:22 readingrainbow kernel: CIFS VFS: Free previous auth_key.response = ffff8c48f9dba840
Feb 07 18:49:11 readingrainbow kernel: CIFS VFS: Free previous auth_key.response = ffff8c4b92177d40
Feb 07 18:50:02 readingrainbow kernel: CIFS VFS: Free previous auth_key.response = ffff8c48f9dba6c0
Feb 07 18:50:51 readingrainbow kernel: CIFS VFS: Free previous auth_key.response = ffff8c4b92176000
Feb 07 18:51:42 readingrainbow kernel: CIFS VFS: Free previous auth_key.response = ffff8c4e06f0da40
Feb 07 18:52:31 readingrainbow kernel: CIFS VFS: Free previous auth_key.response = ffff8c48f9dba480
Feb 07 18:53:22 readingrainbow kernel: CIFS VFS: Free previous auth_key.response = ffff8c4e06f0dbc0
Feb 07 18:54:11 readingrainbow kernel: CIFS VFS: Free previous auth_key.response = ffff8c48f9dbb5c0
Feb 07 18:55:02 readingrainbow kernel: CIFS VFS: Free previous auth_key.response = ffff8c4ba8238900
Feb 07 18:55:51 readingrainbow kernel: CIFS VFS: Free previous auth_key.response = ffff8c4e06f0c6c0
Feb 07 18:56:42 readingrainbow kernel: CIFS VFS: Free previous auth_key.response = ffff8c4e06f0c6c0
Feb 07 18:57:31 readingrainbow kernel: CIFS VFS: Free previous auth_key.response = ffff8c48f9dba6c0
Feb 07 18:58:22 readingrainbow kernel: CIFS VFS: Free previous auth_key.response = ffff8c4ba8239a40
Feb 07 18:59:11 readingrainbow kernel: CIFS VFS: Free previous auth_key.response = ffff8c4e06f0de00
Feb 07 18:59:12 readingrainbow dhclient[1582]: DHCPREQUEST of 10.0.0.163 on enp7s0 to 10.0.0.3 port 67 (xid=0x5c11d807)
Feb 07 18:59:12 readingrainbow dhclient[1582]: DHCPACK of 10.0.0.163 from 10.0.0.3
Feb 07 18:59:12 readingrainbow NetworkManager[1245]: [1518047952.4427] dhcp4 (enp7s0): address 10.0.0.163
Feb 07 18:59:12 readingrainbow NetworkManager[1245]: [1518047952.4427] dhcp4 (enp7s0): plen 24 (255.255.255.0)
Feb 07 18:59:12 readingrainbow NetworkManager[1245]: [1518047952.4428] dhcp4 (enp7s0): gateway 10.0.0.3
Feb 07 18:59:12 readingrainbow NetworkManager[1245]: [1518047952.4428] dhcp4 (enp7s0): lease time 3600
Feb 07 18:59:12 readingrainbow NetworkManager[1245]: [1518047952.4428] dhcp4 (enp7s0): hostname 'readingrainbow'
Feb 07 18:59:12 readingrainbow NetworkManager[1245]: [1518047952.4428] dhcp4 (enp7s0): nameserver '10.0.0.3'
Feb 07 18:59:12 readingrainbow NetworkManager[1245]: [1518047952.4428] dhcp4 (enp7s0): domain name 'world.n7sa.com'
Feb 07 18:59:12 readingrainbow NetworkManager[1245]: [1518047952.4428] dhcp4 (enp7s0): state changed bound -> bound
Feb 07 18:59:12 readingrainbow dhclient[1582]: bound to 10.0.0.163 -- renewal in 1358 seconds.
Feb 07 19:00:02 readingrainbow kernel: CIFS VFS: Free previous auth_key.response = ffff8c48f9dba180
Feb 07 19:00:52 readingrainbow kernel: CIFS VFS: Free previous auth_key.response = ffff8c4b92177740
Feb 07 19:01:42 readingrainbow kernel: CIFS VFS: Free previous auth_key.response = ffff8c48f9dba000
Feb 07 19:02:32 readingrainbow kernel: CIFS VFS: Free previous auth_key.response = ffff8c4e06f0de00
