Feb 07 02:47:41 readingrainbow kernel: CIFS VFS: Free previous auth_key.response = ffff8c4ea2e16240
Feb 07 02:48:32 readingrainbow kernel: CIFS VFS: Free previous auth_key.response = ffff8c4e06d046c0
Feb 07 02:49:21 readingrainbow kernel: CIFS VFS: Free previous auth_key.response = ffff8c4f12b649c0
Feb 07 02:50:59 readingrainbow kernel: CIFS VFS: Free previous auth_key.response = ffff8c4ea2e17a40
Feb 07 02:51:22 readingrainbow dhclient[2848]: DHCPREQUEST of 10.10.10.150 on enp179s0f0 to 10.10.10.3 port 67 (xid=0x1ca55be3)
Feb 07 02:51:22 readingrainbow dhclient[2848]: DHCPACK of 10.10.10.150 from 10.10.10.3
Feb 07 02:51:22 readingrainbow NetworkManager[1245]: [1517989882.0766] dhcp4 (enp179s0f0): address 10.10.10.150
Feb 07 02:51:22 readingrainbow NetworkManager[1245]: [1517989882.0766] dhcp4 (enp179s0f0): plen 24 (255.255.255.0)
Feb 07 02:51:22 readingrainbow NetworkManager[1245]: [1517989882.0766] dhcp4 (enp179s0f0): gateway 10.10.10.3
Feb 07 02:51:22 readingrainbow NetworkManager[1245]: [1517989882.0766] dhcp4 (enp179s0f0): lease time 3600
Feb 07 02:51:22 readingrainbow NetworkManager[1245]: [1517989882.0766] dhcp4 (enp179s0f0): hostname 'readingrainbow'
Feb 07 02:51:22 readingrainbow NetworkManager[1245]: [1517989882.0767] dhcp4 (enp179s0f0): nameserver '10.10.10.3'
Feb 07 02:51:22 readingrainbow NetworkManager[1245]: [1517989882.0767] dhcp4 (enp179s0f0): domain name 'world.n7sa.com'
Feb 07 02:51:22 readingrainbow NetworkManager[1245]: [1517989882.0767] dhcp4 (enp179s0f0): state changed bound -> bound
Feb 07 02:51:22 readingrainbow dhclient[2848]: bound to 10.10.10.150 -- renewal in 1521 seconds.
Feb 07 02:51:50 readingrainbow kernel: CIFS VFS: Free previous auth_key.response = ffff8c4ea2e17a40
Feb 07 02:52:40 readingrainbow kernel: CIFS VFS: Free previous auth_key.response = ffff8c4e06d05a40
Feb 07 02:53:29 readingrainbow kernel: CIFS VFS: Free previous auth_key.response = ffff8c4f12b655c0
Feb 07 02:54:20 readingrainbow kernel: CIFS VFS: Free previous auth_key.response = ffff8c4e06d046c0
Feb 07 02:55:09 readingrainbow kernel: CIFS VFS: Free previous auth_key.response = ffff8c4f12b655c0
Feb 07 02:56:00 readingrainbow kernel: CIFS VFS: Free previous auth_key.response = ffff8c4e06d05d40
Feb 07 02:56:49 readingrainbow kernel: CIFS VFS: Free previous auth_key.response = ffff8c4f12b658c0
Feb 07 02:57:40 readingrainbow kernel: CIFS VFS: Free previous auth_key.response = ffff8c4ea2e17680
Feb 07 02:58:29 readingrainbow kernel: CIFS VFS: Free previous auth_key.response = ffff8c4f12b643c0
Feb 07 03:00:07 readingrainbow kernel: CIFS VFS: Free previous auth_key.response = ffff8c4ea2e16180
Feb 07 03:00:58 readingrainbow kernel: CIFS VFS: Free previous auth_key.response = ffff8c4f12b64a80
Feb 07 03:01:48 readingrainbow kernel: CIFS VFS: Free previous auth_key.response = ffff8c4f12b64a80
Feb 07 03:02:38 readingrainbow kernel: CIFS VFS: Free previous auth_key.response = ffff8c4ea2e16c00
Feb 07 03:03:28 readingrainbow kernel: CIFS VFS: Free previous auth_key.response = ffff8c4e06d05080
Feb 07 03:04:18 readingrainbow kernel: CIFS VFS: Free previous auth_key.response = ffff8c4ea2e16240
Feb 07 03:05:08 readingrainbow kernel: CIFS VFS: Free previous auth_key.response = ffff8c4e06d04c00
Feb 07 03:05:58 readingrainbow kernel: CIFS VFS: Free previous auth_key.response = ffff8c4ea2e16840
Feb 07 03:06:48 readingrainbow kernel: CIFS VFS: Free previous auth_key.response = ffff8c4e06d04a80
Feb 07 03:07:38 readingrainbow kernel: CIFS VFS: Free previous auth_key.response = ffff8c4ea2e17d40
Feb 07 03:08:28 readingrainbow kernel: CIFS VFS: Free previous auth_key.response = ffff8c4f12b65200
Feb 07 03:09:19 readingrainbow kernel: CIFS VFS: Free previous auth_key.response = ffff8c4ea2e16cc0
Feb 07 03:10:08 readingrainbow kernel: CIFS VFS: Free previous auth_key.response = ffff8c4e13c5f080
Feb 07 03:10:59 readingrainbow kernel: CIFS VFS: Free previous auth_key.response = ffff8c4d9877f200
Feb 07 03:11:48 readingrainbow kernel: CIFS VFS: Free previous auth_key.response = ffff8c4a25ef9680
Feb 07 03:12:16 readingrainbow dhclient[1582]: DHCPREQUEST of 10.0.0.163 on enp7s0 to 10.0.0.3 port 67 (xid=0x5c11d807)
Feb 07 03:12:16 readingrainbow dhclient[1582]: DHCPACK of 10.0.0.163 from 10.0.0.3
Feb 07 03:12:16 readingrainbow NetworkManager[1245]: [1517991136.8688] dhcp4 (enp7s0): address 10.0.0.163
Feb 07 03:12:16 readingrainbow NetworkManager[1245]: [1517991136.8688] dhcp4 (enp7s0): plen 24 (255.255.255.0)
Feb 07 03:12:16 readingrainbow NetworkManager[1245]: [1517991136.8689] dhcp4 (enp7s0): gateway 10.0.0.3
Feb 07 03:12:16 readingrainbow NetworkManager[1245]: [1517991136.8689] dhcp4 (enp7s0): lease time 3600
Feb 07 03:12:16 readingrainbow NetworkManager[1245]: [1517991136.8689] dhcp4 (enp7s0): hostname 'readingrainbow'
Feb 07 03:12:16 readingrainbow NetworkManager[1245]: [1517991136.8689] dhcp4 (enp7s0): nameserver '10.0.0.3'
Feb 07 03:12:16 readingrainbow NetworkManager[1245]: [1517991136.8689] dhcp4 (enp7s0): domain name 'world.n7sa.com'
Feb 07 03:12:16 readingrainbow NetworkManager[1245]: [1517991136.8689] dhcp4 (enp7s0): state changed bound -> bound
Feb 07 03:12:16 readingrainbow dhclient[1582]: bound to 10.0.0.163 -- renewal in 1380 seconds.
Feb 07 03:12:39 readingrainbow kernel: CIFS VFS: Free previous auth_key.response = ffff8c4a25ef9680
Feb 07 03:13:28 readingrainbow kernel: CIFS VFS: Free previous auth_key.response = ffff8c4d9877f200
Feb 07 03:14:19 readingrainbow kernel: CIFS VFS: Free previous auth_key.response = ffff8c4a25ef9500
Feb 07 03:15:08 readingrainbow kernel: CIFS VFS: Free previous auth_key.response = ffff8c4d9877e6c0
Feb 07 03:15:59 readingrainbow kernel: CIFS VFS: Free previous auth_key.response = ffff8c4a25ef8a80
Feb 07 03:16:48 readingrainbow kernel: CIFS VFS: Free previous auth_key.response = ffff8c4d9877ed80
Feb 07 03:16:54 readingrainbow dhclient[2848]: DHCPREQUEST of 10.10.10.150 on enp179s0f0 to 10.10.10.3 port 67 (xid=0x1ca55be3)
Feb 07 03:16:54 readingrainbow dhclient[2848]: DHCPACK of 10.10.10.150 from 10.10.10.3
Feb 07 03:16:54 readingrainbow NetworkManager[1245]: [1517991414.5835] dhcp4 (enp179s0f0): address 10.10.10.150
Feb 07 03:16:54 readingrainbow NetworkManager[1245]: [1517991414.5836] dhcp4 (enp179s0f0): plen 24 (255.255.255.0)
Feb 07 03:16:54 readingrainbow NetworkManager[1245]: [1517991414.5836] dhcp4 (enp179s0f0): gateway 10.10.10.3
Feb 07 03:16:54 readingrainbow NetworkManager[1245]: [1517991414.5836] dhcp4 (enp179s0f0): lease time 3600
Feb 07 03:16:54 readingrainbow NetworkManager[1245]: [1517991414.5837] dhcp4 (enp179s0f0): hostname 'readingrainbow'
Feb 07 03:16:54 readingrainbow NetworkManager[1245]: [1517991414.5837] dhcp4 (enp179s0f0): nameserver '10.10.10.3'
Feb 07 03:16:54 readingrainbow NetworkManager[1245]: [1517991414.5837] dhcp4 (enp179s0f0): domain name 'world.n7sa.com'
Feb 07 03:16:54 readingrainbow NetworkManager[1245]: [1517991414.5837] dhcp4 (enp179s0f0): state changed bound -> bound
Feb 07 03:16:54 readingrainbow dhclient[2848]: bound to 10.10.10.150 -- renewal in 1553 seconds.
Feb 07 03:18:25 readingrainbow kernel: CIFS VFS: Free previous auth_key.response = ffff8c4a25ef9740
Feb 07 03:19:15 readingrainbow kernel: CIFS VFS: Free previous auth_key.response = ffff8c4e8d525e00
Feb 07 03:20:06 readingrainbow kernel: CIFS VFS: Free previous auth_key.response = ffff8c4e8d525e00
Feb 07 03:20:55 readingrainbow kernel: CIFS VFS: Free previous auth_key.response = ffff8c4f1e0a4cc0
Feb 07 03:21:46 readingrainbow kernel: CIFS VFS: Free previous auth_key.response = ffff8c4e8d525a40
Feb 07 03:22:35 readingrainbow kernel: CIFS VFS: Free previous auth_key.response = ffff8c4f1e0a40c0
Feb 07 03:23:26 readingrainbow kernel: CIFS VFS: Free previous auth_key.response = ffff8c4f1e0a40c0
Feb 07 03:24:15 readingrainbow kernel: CIFS VFS: Free previous auth_key.response = ffff8c4e8d5255c0
Feb 07 03:25:06 readingrainbow kernel: CIFS VFS: Free previous auth_key.response = ffff8c4f1e0a4180
Feb 07 03:25:55 readingrainbow kernel: CIFS VFS: Free previous auth_key.response = ffff8c4ea2e17a40
Feb 07 03:26:46 readingrainbow kernel: CIFS VFS: Free previous auth_key.response = ffff8c4e06d04fc0
Feb 07 03:27:36 readingrainbow kernel: CIFS VFS: Free previous auth_key.response = ffff8c4f12b643c0
Feb 07 03:28:27 readingrainbow kernel: CIFS VFS: Free previous auth_key.response = ffff8c4e06d04a80
Feb 07 03:29:17 readingrainbow kernel: CIFS VFS: Free previous auth_key.response = ffff8c4ea2e169c0
Feb 07 03:30:07 readingrainbow kernel: CIFS VFS: Free previous auth_key.response = ffff8c4e06d049c0
Feb 07 03:30:57 readingrainbow kernel: CIFS VFS: Free previous auth_key.response = ffff8c4ea2e17680
Feb 07 03:31:47 readingrainbow kernel: CIFS VFS: Free previous auth_key.response = ffff8c4e06d05e00
Feb 07 03:32:37 readingrainbow kernel: CIFS VFS: Free previous auth_key.response = ffff8c4f26977140
Feb 07 03:33:27 readingrainbow kernel: CIFS VFS: Free previous auth_key.response = ffff8c4ea2e175c0
Feb 07 03:34:17 readingrainbow kernel: CIFS VFS: Free previous auth_key.response = ffff8c4e06d04b40
Feb 07 03:35:07 readingrainbow kernel: CIFS VFS: Free previous auth_key.response = ffff8c4f269763c0
Feb 07 03:36:14 readingrainbow dhclient[1582]: DHCPREQUEST of 10.0.0.163 on enp7s0 to 10.0.0.3 port 67 (xid=0x5c11d807)
Feb 07 03:36:14 readingrainbow dhclient[1582]: DHCPACK of 10.0.0.163 from 10.0.0.3
Feb 07 03:36:14 readingrainbow NetworkManager[1245]: [1517992574.0579] dhcp4 (enp7s0): address 10.0.0.163
Feb 07 03:36:14 readingrainbow NetworkManager[1245]: [1517992574.0580] dhcp4 (enp7s0): plen 24 (255.255.255.0)
Feb 07 03:36:14 readingrainbow NetworkManager[1245]: [1517992574.0580] dhcp4 (enp7s0): gateway 10.0.0.3
Feb 07 03:36:14 readingrainbow NetworkManager[1245]: [1517992574.0580] dhcp4 (enp7s0): lease time 3600
Feb 07 03:36:14 readingrainbow NetworkManager[1245]: [1517992574.0580] dhcp4 (enp7s0): hostname 'readingrainbow'
Feb 07 03:36:14 readingrainbow NetworkManager[1245]: [1517992574.0580] dhcp4 (enp7s0): nameserver '10.0.0.3'
Feb 07 03:36:14 readingrainbow NetworkManager[1245]: [1517992574.0580] dhcp4 (enp7s0): domain name 'world.n7sa.com'
Feb 07 03:36:14 readingrainbow NetworkManager[1245]: [1517992574.0581] dhcp4 (enp7s0): state changed bound -> bound
Feb 07 03:36:14 readingrainbow dhclient[1582]: bound to 10.0.0.163 -- renewal in 1593 seconds.
Feb 07 03:36:46 readingrainbow kernel: CIFS VFS: Free previous auth_key.response = ffff8c4ea2e16d80
Feb 07 03:37:35 readingrainbow kernel: CIFS VFS: Free previous auth_key.response = ffff8c4e06d04180
Feb 07 03:38:26 readingrainbow kernel: CIFS VFS: Free previous auth_key.response = ffff8c4f26976d80
Feb 07 03:39:15 readingrainbow kernel: CIFS VFS: Free previous auth_key.response = ffff8c4ea2e160c0
Feb 07 03:40:06 readingrainbow kernel: CIFS VFS: Free previous auth_key.response = ffff8c4e06d04600
Feb 07 03:40:55 readingrainbow kernel: CIFS VFS: Free previous auth_key.response = ffff8c4ea2e16480
Feb 07 03:41:46 readingrainbow kernel: CIFS VFS: Free previous auth_key.response = ffff8c4e06d05080
Feb 07 03:42:35 readingrainbow kernel: CIFS VFS: Free previous auth_key.response = ffff8c4f269769c0
Feb 07 03:43:03 readingrainbow dhclient[2848]: DHCPREQUEST of 10.10.10.150 on enp179s0f0 to 10.10.10.3 port 67 (xid=0x1ca55be3)
Feb 07 03:43:03 readingrainbow dhclient[2848]: DHCPACK of 10.10.10.150 from 10.10.10.3
Feb 07 03:43:03 readingrainbow NetworkManager[1245]: [1517992983.5685] dhcp4 (enp179s0f0): address 10.10.10.150
Feb 07 03:43:03 readingrainbow NetworkManager[1245]: [1517992983.5685] dhcp4 (enp179s0f0): plen 24 (255.255.255.0)
Feb 07 03:43:03 readingrainbow NetworkManager[1245]: [1517992983.5686] dhcp4 (enp179s0f0): gateway 10.10.10.3
Feb 07 03:43:03 readingrainbow NetworkManager[1245]: [1517992983.5686] dhcp4 (enp179s0f0): lease time 3600
Feb 07 03:43:03 readingrainbow NetworkManager[1245]: [1517992983.5686] dhcp4 (enp179s0f0): hostname 'readingrainbow'
Feb 07 03:43:03 readingrainbow NetworkManager[1245]: [1517992983.5686] dhcp4 (enp179s0f0): nameserver '10.10.10.3'
Feb 07 03:43:03 readingrainbow NetworkManager[1245]: [1517992983.5686] dhcp4 (enp179s0f0): domain name 'world.n7sa.com'
Feb 07 03:43:03 readingrainbow NetworkManager[1245]: [1517992983.5686] dhcp4 (enp179s0f0): state changed bound -> bound
Feb 07 03:43:03 readingrainbow dhclient[2848]: bound to 10.10.10.150 -- renewal in 1486 seconds.
Feb 07 03:43:26 readingrainbow kernel: CIFS VFS: Free previous auth_key.response = ffff8c4ea2e16fc0
Feb 07 03:44:15 readingrainbow kernel: CIFS VFS: Free previous auth_key.response = ffff8c4f26976240
Feb 07 03:45:55 readingrainbow kernel: CIFS VFS: Free previous auth_key.response = ffff8c4ea2e17080
Feb 07 03:46:46 readingrainbow kernel: CIFS VFS: Free previous auth_key.response = ffff8c4f1e0a5500
Feb 07 03:47:36 readingrainbow kernel: CIFS VFS: Free previous auth_key.response = ffff8c4ea2e169c0
Feb 07 03:48:26 readingrainbow kernel: CIFS VFS: Free previous auth_key.response = ffff8c4e06d04240
Feb 07 03:49:16 readingrainbow kernel: CIFS VFS: Free previous auth_key.response = ffff8c4f26976d80
Feb 07 03:50:06 readingrainbow kernel: CIFS VFS: Free previous auth_key.response = ffff8c4ea2e17380
Feb 07 03:50:56 readingrainbow kernel: CIFS VFS: Free previous auth_key.response = ffff8c4e06d05b00
Feb 07 03:51:46 readingrainbow kernel: CIFS VFS: Free previous auth_key.response = ffff8c4ea2e17a40
Feb 07 03:52:36 readingrainbow kernel: CIFS VFS: Free previous auth_key.response = ffff8c4e06d05080
Feb 07 03:53:26 readingrainbow kernel: CIFS VFS: Free previous auth_key.response = ffff8c4f269763c0
Feb 07 03:55:03 readingrainbow kernel: CIFS VFS: Free previous auth_key.response = ffff8c4e06d04780
Feb 07 03:55:54 readingrainbow kernel: CIFS VFS: Free previous auth_key.response = ffff8c4ea2e17080
Feb 07 03:56:44 readingrainbow kernel: CIFS VFS: Free previous auth_key.response = ffff8c4e06d05ec0
Feb 07 03:57:34 readingrainbow kernel: CIFS VFS: Free previous auth_key.response = ffff8c4ea2e16180
Feb 07 03:58:24 readingrainbow kernel: CIFS VFS: Free previous auth_key.response = ffff8c4e06d05e00
Feb 07 03:59:14 readingrainbow kernel: CIFS VFS: Free previous auth_key.response = ffff8c4f26976b40
Feb 07 04:00:04 readingrainbow kernel: CIFS VFS: Free previous auth_key.response = ffff8c4ea2e16000
Feb 07 04:00:54 readingrainbow kernel: CIFS VFS: Free previous auth_key.response = ffff8c4e06d040c0
Feb 07 04:01:44 readingrainbow kernel: CIFS VFS: Free previous auth_key.response = ffff8c4f269763c0
Feb 07 04:02:34 readingrainbow kernel: CIFS VFS: Free previous auth_key.response = ffff8c4e06d05a40
Feb 07 04:03:24 readingrainbow kernel: CIFS VFS: Free previous auth_key.response = ffff8c4f26977140
Feb 07 04:03:53 readingrainbow dhclient[1582]: DHCPREQUEST of 10.0.0.163 on enp7s0 to 10.0.0.3 port 67 (xid=0x5c11d807)
Feb 07 04:03:53 readingrainbow dhclient[1582]: DHCPACK of 10.0.0.163 from 10.0.0.3
Feb 07 04:03:53 readingrainbow NetworkManager[1245]: [1517994233.1031] dhcp4 (enp7s0): address 10.0.0.163
Feb 07 04:03:53 readingrainbow NetworkManager[1245]: [1517994233.1031] dhcp4 (enp7s0): plen 24 (255.255.255.0)
Feb 07 04:03:53 readingrainbow NetworkManager[1245]: [1517994233.1032] dhcp4 (enp7s0): gateway 10.0.0.3
Feb 07 04:03:53 readingrainbow NetworkManager[1245]: [1517994233.1032] dhcp4 (enp7s0): lease time 3600
Feb 07 04:03:53 readingrainbow NetworkManager[1245]: [1517994233.1032] dhcp4 (enp7s0): hostname 'readingrainbow'
Feb 07 04:03:53 readingrainbow NetworkManager[1245]: [1517994233.1032] dhcp4 (enp7s0): nameserver '10.0.0.3'
Feb 07 04:03:53 readingrainbow NetworkManager[1245]: [1517994233.1032] dhcp4 (enp7s0): domain name 'world.n7sa.com'
Feb 07 04:03:53 readingrainbow NetworkManager[1245]: [1517994233.1032] dhcp4 (enp7s0): state changed bound -> bound
Feb 07 04:03:53 readingrainbow dhclient[1582]: bound to 10.0.0.163 -- renewal in 1234 seconds.
Feb 07 04:04:15 readingrainbow kernel: CIFS VFS: Free previous auth_key.response = ffff8c4ea2e17080
Feb 07 04:05:04 readingrainbow kernel: CIFS VFS: Free previous auth_key.response = ffff8c4d99414000
Feb 07 04:05:55 readingrainbow kernel: CIFS VFS: Free previous auth_key.response = ffff8c4d99414000
Feb 07 04:06:44 readingrainbow kernel: CIFS VFS: Free previous auth_key.response = ffff8c4d99414000
Feb 07 04:07:35 readingrainbow kernel: CIFS VFS: Free previous auth_key.response = ffff8c4d99414000
Feb 07 04:08:00 readingrainbow dhclient[2848]: DHCPREQUEST of 10.10.10.150 on enp179s0f0 to 10.10.10.3 port 67 (xid=0x1ca55be3)
Feb 07 04:08:00 readingrainbow dhclient[2848]: DHCPACK of 10.10.10.150 from 10.10.10.3
Feb 07 04:08:00 readingrainbow NetworkManager[1245]: [1517994480.5644] dhcp4 (enp179s0f0): address 10.10.10.150
Feb 07 04:08:00 readingrainbow NetworkManager[1245]: [1517994480.5644] dhcp4 (enp179s0f0): plen 24 (255.255.255.0)
Feb 07 04:08:00 readingrainbow NetworkManager[1245]: [1517994480.5644] dhcp4 (enp179s0f0): gateway 10.10.10.3
Feb 07 04:08:00 readingrainbow NetworkManager[1245]: [1517994480.5644] dhcp4 (enp179s0f0): lease time 3600
Feb 07 04:08:00 readingrainbow NetworkManager[1245]: [1517994480.5644] dhcp4 (enp179s0f0): hostname 'readingrainbow'
Feb 07 04:08:00 readingrainbow NetworkManager[1245]: [1517994480.5645] dhcp4 (enp179s0f0): nameserver '10.10.10.3'
Feb 07 04:08:00 readingrainbow NetworkManager[1245]: [1517994480.5645] dhcp4 (enp179s0f0): domain name 'world.n7sa.com'
Feb 07 04:08:00 readingrainbow NetworkManager[1245]: [1517994480.5645] dhcp4 (enp179s0f0): state changed bound -> bound
Feb 07 04:08:00 readingrainbow dhclient[2848]: bound to 10.10.10.150 -- renewal in 1290 seconds.
Feb 07 04:08:24 readingrainbow kernel: CIFS VFS: Free previous auth_key.response = ffff8c4d99414000
Feb 07 04:09:15 readingrainbow kernel: CIFS VFS: Free previous auth_key.response = ffff8c4d99414000
Feb 07 04:10:04 readingrainbow kernel: CIFS VFS: Free previous auth_key.response = ffff8c4d99414000
Feb 07 04:10:55 readingrainbow kernel: CIFS VFS: Free previous auth_key.response = ffff8c4d99414000
Feb 07 04:11:44 readingrainbow kernel: CIFS VFS: Free previous auth_key.response = ffff8c4d99414000
Feb 07 04:13:21 readingrainbow kernel: CIFS VFS: Free previous auth_key.response = ffff8c4d99414000
Feb 07 04:14:12 readingrainbow kernel: CIFS VFS: Free previous auth_key.response = ffff8c4e06d04000
Feb 07 04:15:02 readingrainbow kernel: CIFS VFS: Free previous auth_key.response = ffff8c4f26976240
Feb 07 04:15:52 readingrainbow kernel: CIFS VFS: Free previous auth_key.response = ffff8c4ea2e17d40
Feb 07 04:16:42 readingrainbow kernel: CIFS VFS: Free previous auth_key.response = ffff8c4e06d05500
Feb 07 04:17:32 readingrainbow kernel: CIFS VFS: Free previous auth_key.response = ffff8c4f26976b40
Feb 07 04:18:22 readingrainbow kernel: CIFS VFS: Free previous auth_key.response = ffff8c4e06d04cc0
Feb 07 04:19:12 readingrainbow kernel: CIFS VFS: Free previous auth_key.response = ffff8c4f26976240
Feb 07 04:20:02 readingrainbow kernel: CIFS VFS: Free previous auth_key.response = ffff8c4ea2e169c0
Feb 07 04:20:52 readingrainbow kernel: CIFS VFS: Free previous auth_key.response = ffff8c4e06d05980
Feb 07 04:21:42 readingrainbow kernel: CIFS VFS: Free previous auth_key.response = ffff8c4ea2e16180
Feb 07 04:22:34 readingrainbow kernel: CIFS VFS: Free previous auth_key.response = ffff8c4ea2e16180
Feb 07 04:23:23 readingrainbow kernel: CIFS VFS: Free previous auth_key.response = ffff8c4ea2e16180
Feb 07 04:24:14 readingrainbow kernel: CIFS VFS: Free previous auth_key.response = ffff8c4e06d04780
Feb 07 04:25:03 readingrainbow kernel: CIFS VFS: Free previous auth_key.response = ffff8c4f26977b00
Feb 07 04:25:18 readingrainbow dhclient[1582]: DHCPREQUEST of 10.0.0.163 on enp7s0 to 10.0.0.3 port 67 (xid=0x5c11d807)
Feb 07 04:25:18 readingrainbow dhclient[1582]: DHCPACK of 10.0.0.163 from 10.0.0.3
Feb 07 04:25:18 readingrainbow NetworkManager[1245]: [1517995518.4260] dhcp4 (enp7s0): address 10.0.0.163
Feb 07 04:25:18 readingrainbow NetworkManager[1245]: [1517995518.4260] dhcp4 (enp7s0): plen 24 (255.255.255.0)
Feb 07 04:25:18 readingrainbow NetworkManager[1245]: [1517995518.4261] dhcp4 (enp7s0): gateway 10.0.0.3
Feb 07 04:25:18 readingrainbow NetworkManager[1245]: [1517995518.4261] dhcp4 (enp7s0): lease time 3600
Feb 07 04:25:18 readingrainbow NetworkManager[1245]: [1517995518.4261] dhcp4 (enp7s0): hostname 'readingrainbow'
Feb 07 04:25:18 readingrainbow NetworkManager[1245]: [1517995518.4261] dhcp4 (enp7s0): nameserver '10.0.0.3'
Feb 07 04:25:18 readingrainbow NetworkManager[1245]: [1517995518.4261] dhcp4 (enp7s0): domain name 'world.n7sa.com'
Feb 07 04:25:18 readingrainbow NetworkManager[1245]: [1517995518.4261] dhcp4 (enp7s0): state changed bound -> bound
Feb 07 04:25:18 readingrainbow dhclient[1582]: bound to 10.0.0.163 -- renewal in 1513 seconds.
Feb 07 04:25:54 readingrainbow kernel: CIFS VFS: Free previous auth_key.response = ffff8c4ea2e16480
Feb 07 04:26:43 readingrainbow kernel: CIFS VFS: Free previous auth_key.response = ffff8c4e06d05140
Feb 07 04:27:33 readingrainbow kernel: CIFS VFS: Free previous auth_key.response = ffff8c4f269769c0
Feb 07 04:28:23 readingrainbow kernel: CIFS VFS: Free previous auth_key.response = ffff8c4ea2e16e40
Feb 07 04:29:13 readingrainbow kernel: CIFS VFS: Free previous auth_key.response = ffff8c4e06d046c0
Feb 07 04:29:41 readingrainbow dhclient[2848]: DHCPREQUEST of 10.10.10.150 on enp179s0f0 to 10.10.10.3 port 67 (xid=0x1ca55be3)
Feb 07 04:29:41 readingrainbow dhclient[2848]: DHCPACK of 10.10.10.150 from 10.10.10.3
Feb 07 04:29:41 readingrainbow NetworkManager[1245]: [1517995781.6757] dhcp4 (enp179s0f0): address 10.10.10.150
Feb 07 04:29:41 readingrainbow NetworkManager[1245]: [1517995781.6758] dhcp4 (enp179s0f0): plen 24 (255.255.255.0)
Feb 07 04:29:41 readingrainbow NetworkManager[1245]: [1517995781.6758] dhcp4 (enp179s0f0): gateway 10.10.10.3
Feb 07 04:29:41 readingrainbow NetworkManager[1245]: [1517995781.6758] dhcp4 (enp179s0f0): lease time 3600
Feb 07 04:29:41 readingrainbow NetworkManager[1245]: [1517995781.6758] dhcp4 (enp179s0f0): hostname 'readingrainbow'
Feb 07 04:29:41 readingrainbow NetworkManager[1245]: [1517995781.6758] dhcp4 (enp179s0f0): nameserver '10.10.10.3'
Feb 07 04:29:41 readingrainbow NetworkManager[1245]: [1517995781.6759] dhcp4 (enp179s0f0): domain name 'world.n7sa.com'
Feb 07 04:29:41 readingrainbow NetworkManager[1245]: [1517995781.6759] dhcp4 (enp179s0f0): state changed bound -> bound
Feb 07 04:29:41 readingrainbow dhclient[2848]: bound to 10.10.10.150 -- renewal in 1537 seconds.
Feb 07 04:30:03 readingrainbow kernel: CIFS VFS: Free previous auth_key.response = ffff8c4f26976a80
Feb 07 04:31:41 readingrainbow kernel: CIFS VFS: Free previous auth_key.response = ffff8c4ea2e16180
Feb 07 04:32:30 readingrainbow kernel: CIFS VFS: Free previous auth_key.response = ffff8c4f26977740
Feb 07 04:33:21 readingrainbow kernel: CIFS VFS: Free previous auth_key.response = ffff8c4ea2e16fc0
Feb 07 04:34:10 readingrainbow kernel: CIFS VFS: Free previous auth_key.response = ffff8c4e06d05b00
Feb 07 04:35:01 readingrainbow kernel: CIFS VFS: Free previous auth_key.response = ffff8c4f26977980
Feb 07 04:35:50 readingrainbow kernel: CIFS VFS: Free previous auth_key.response = ffff8c4ea2e169c0
Feb 07 04:36:41 readingrainbow kernel: CIFS VFS: Free previous auth_key.response = ffff8c4e06d05500
Feb 07 04:37:30 readingrainbow kernel: CIFS VFS: Free previous auth_key.response = ffff8c4e06d05500
Feb 07 04:38:21 readingrainbow kernel: CIFS VFS: Free previous auth_key.response = ffff8c4f269769c0
Feb 07 04:39:10 readingrainbow kernel: CIFS VFS: Free previous auth_key.response = ffff8c4e06d04c00
Feb 07 04:40:49 readingrainbow kernel: CIFS VFS: Free previous auth_key.response = ffff8c4f26976780
Feb 07 04:41:40 readingrainbow kernel: CIFS VFS: Free previous auth_key.response = ffff8c4e1fdd4900
Feb 07 04:42:30 readingrainbow kernel: CIFS VFS: Free previous auth_key.response = ffff8c4e1fdd4900
Feb 07 04:43:20 readingrainbow kernel: CIFS VFS: Free previous auth_key.response = ffff8c4d9877f200
Feb 07 04:44:10 readingrainbow kernel: CIFS VFS: Free previous auth_key.response = ffff8c4e1fdd4240
Feb 07 04:45:00 readingrainbow kernel: CIFS VFS: Free previous auth_key.response = ffff8c4d9877f200
Feb 07 04:45:50 readingrainbow kernel: CIFS VFS: Free previous auth_key.response = ffff8c4e1fdd4780
Feb 07 04:46:40 readingrainbow kernel: CIFS VFS: Free previous auth_key.response = ffff8c4d9877e480
Feb 07 04:47:30 readingrainbow kernel: CIFS VFS: Free previous auth_key.response = ffff8c4a25ef8900
Feb 07 04:48:20 readingrainbow kernel: CIFS VFS: Free previous auth_key.response = ffff8c4d9877e9c0
Feb 07 04:49:59 readingrainbow kernel: CIFS VFS: Free previous auth_key.response = ffff8c4d9877e9c0
Feb 07 04:50:48 readingrainbow kernel: CIFS VFS: Free previous auth_key.response = ffff8c4e07793a40
Feb 07 04:51:33 readingrainbow dhclient[1582]: DHCPREQUEST of 10.0.0.163 on enp7s0 to 10.0.0.3 port 67 (xid=0x5c11d807)
Feb 07 04:51:33 readingrainbow dhclient[1582]: DHCPACK of 10.0.0.163 from 10.0.0.3
Feb 07 04:51:33 readingrainbow NetworkManager[1245]: [1517997093.9858] dhcp4 (enp7s0): address 10.0.0.163
Feb 07 04:51:33 readingrainbow NetworkManager[1245]: [1517997093.9859] dhcp4 (enp7s0): plen 24 (255.255.255.0)
Feb 07 04:51:33 readingrainbow NetworkManager[1245]: [1517997093.9859] dhcp4 (enp7s0): gateway 10.0.0.3
Feb 07 04:51:33 readingrainbow NetworkManager[1245]: [1517997093.9859] dhcp4 (enp7s0): lease time 3600
Feb 07 04:51:33 readingrainbow NetworkManager[1245]: [1517997093.9859] dhcp4 (enp7s0): hostname 'readingrainbow'
Feb 07 04:51:33 readingrainbow NetworkManager[1245]: [1517997093.9860] dhcp4 (enp7s0): nameserver '10.0.0.3'
Feb 07 04:51:33 readingrainbow NetworkManager[1245]: [1517997093.9860] dhcp4 (enp7s0): domain name 'world.n7sa.com'
Feb 07 04:51:33 readingrainbow NetworkManager[1245]: [1517997093.9860] dhcp4 (enp7s0): state changed bound -> bound
Feb 07 04:51:33 readingrainbow dhclient[1582]: bound to 10.0.0.163 -- renewal in 1411 seconds.
Feb 07 04:51:38 readingrainbow kernel: CIFS VFS: Free previous auth_key.response = ffff8c4d9877ed80
Feb 07 04:52:28 readingrainbow kernel: CIFS VFS: Free previous auth_key.response = ffff8c4a25ef9080
Feb 07 04:53:18 readingrainbow kernel: CIFS VFS: Free previous auth_key.response = ffff8c4d9877e480
Feb 07 04:54:08 readingrainbow kernel: CIFS VFS: Free previous auth_key.response = ffff8c4d9877e480
Feb 07 04:54:58 readingrainbow kernel: CIFS VFS: Free previous auth_key.response = ffff8c4a25ef9d40
Feb 07 04:55:28 readingrainbow dhclient[2848]: DHCPREQUEST of 10.10.10.150 on enp179s0f0 to 10.10.10.3 port 67 (xid=0x1ca55be3)
Feb 07 04:55:28 readingrainbow dhclient[2848]: DHCPACK of 10.10.10.150 from 10.10.10.3
Feb 07 04:55:28 readingrainbow NetworkManager[1245]: [1517997328.3464] dhcp4 (enp179s0f0): address 10.10.10.150
Feb 07 04:55:28 readingrainbow NetworkManager[1245]: [1517997328.3465] dhcp4 (enp179s0f0): plen 24 (255.255.255.0)
Feb 07 04:55:28 readingrainbow NetworkManager[1245]: [1517997328.3465] dhcp4 (enp179s0f0): gateway 10.10.10.3
Feb 07 04:55:28 readingrainbow NetworkManager[1245]: [1517997328.3465] dhcp4 (enp179s0f0): lease time 3600
Feb 07 04:55:28 readingrainbow NetworkManager[1245]: [1517997328.3465] dhcp4 (enp179s0f0): hostname 'readingrainbow'
Feb 07 04:55:28 readingrainbow NetworkManager[1245]: [1517997328.3466] dhcp4 (enp179s0f0): nameserver '10.10.10.3'
Feb 07 04:55:28 readingrainbow NetworkManager[1245]: [1517997328.3466] dhcp4 (enp179s0f0): domain name 'world.n7sa.com'
Feb 07 04:55:28 readingrainbow NetworkManager[1245]: [1517997328.3466] dhcp4 (enp179s0f0): state changed bound -> bound
Feb 07 04:55:28 readingrainbow dhclient[2848]: bound to 10.10.10.150 -- renewal in 1677 seconds.
Feb 07 04:55:48 readingrainbow kernel: CIFS VFS: Free previous auth_key.response = ffff8c4d9877e840
Feb 07 04:56:38 readingrainbow kernel: CIFS VFS: Free previous auth_key.response = ffff8c4a25ef92c0
Feb 07 04:57:28 readingrainbow kernel: CIFS VFS: Free previous auth_key.response = ffff8c4a25ef92c0
Feb 07 04:58:18 readingrainbow kernel: CIFS VFS: Free previous auth_key.response = ffff8c4d9877ed80
Feb 07 04:59:09 readingrainbow kernel: CIFS VFS: Free previous auth_key.response = ffff8c4a25ef8900
Feb 07 04:59:58 readingrainbow kernel: CIFS VFS: Free previous auth_key.response = ffff8c4a25ef8900
Feb 07 05:00:49 readingrainbow kernel: CIFS VFS: Free previous auth_key.response = ffff8c4d9877ed80
Feb 07 05:01:38 readingrainbow kernel: CIFS VFS: Free previous auth_key.response = ffff8c4d9877ed80
Feb 07 05:02:29 readingrainbow kernel: CIFS VFS: Free previous auth_key.response = ffff8c4a25ef9680
Feb 07 05:03:18 readingrainbow kernel: CIFS VFS: Free previous auth_key.response = ffff8c4d9877e9c0
Feb 07 05:04:09 readingrainbow kernel: CIFS VFS: Free previous auth_key.response = ffff8c4a25ef8e40
Feb 07 05:04:58 readingrainbow kernel: CIFS VFS: Free previous auth_key.response = ffff8c4d9877e6c0
Feb 07 05:05:49 readingrainbow kernel: CIFS VFS: Free previous auth_key.response = ffff8c4a25ef9140
Feb 07 05:06:38 readingrainbow kernel: CIFS VFS: Free previous auth_key.response = ffff8c4e13d8fec0
Feb 07 05:08:15 readingrainbow kernel: CIFS VFS: Free previous auth_key.response = ffff8c4a25ef8180
Feb 07 05:09:06 readingrainbow kernel: CIFS VFS: Free previous auth_key.response = ffff8c4d28889140
Feb 07 05:09:56 readingrainbow kernel: CIFS VFS: Free previous auth_key.response = ffff8c4de96a2000
Feb 07 05:10:46 readingrainbow kernel: CIFS VFS: Free previous auth_key.response = ffff8c4e06d04a80
Feb 07 05:11:36 readingrainbow kernel: CIFS VFS: Free previous auth_key.response = ffff8c4ea2e17200
Feb 07 05:12:26 readingrainbow kernel: CIFS VFS: Free previous auth_key.response = ffff8c4e06d05d40
Feb 07 05:13:16 readingrainbow kernel: CIFS VFS: Free previous auth_key.response = ffff8c4f269769c0
Feb 07 05:14:06 readingrainbow kernel: CIFS VFS: Free previous auth_key.response = ffff8c4ea2e16d80
Feb 07 05:14:56 readingrainbow kernel: CIFS VFS: Free previous auth_key.response = ffff8c4f26977980
Feb 07 05:15:46 readingrainbow kernel: CIFS VFS: Free previous auth_key.response = ffff8c4ea2e16000
Feb 07 05:16:04 readingrainbow dhclient[1582]: DHCPREQUEST of 10.0.0.163 on enp7s0 to 10.0.0.3 port 67 (xid=0x5c11d807)
Feb 07 05:16:04 readingrainbow dhclient[1582]: DHCPACK of 10.0.0.163 from 10.0.0.3
Feb 07 05:16:04 readingrainbow NetworkManager[1245]: [1517998564.0382] dhcp4 (enp7s0): address 10.0.0.163
Feb 07 05:16:04 readingrainbow NetworkManager[1245]: [1517998564.0383] dhcp4 (enp7s0): plen 24 (255.255.255.0)
Feb 07 05:16:04 readingrainbow NetworkManager[1245]: [1517998564.0383] dhcp4 (enp7s0): gateway 10.0.0.3
Feb 07 05:16:04 readingrainbow NetworkManager[1245]: [1517998564.0383] dhcp4 (enp7s0): lease time 3600
Feb 07 05:16:04 readingrainbow NetworkManager[1245]: [1517998564.0384] dhcp4 (enp7s0): hostname 'readingrainbow'
Feb 07 05:16:04 readingrainbow NetworkManager[1245]: [1517998564.0384] dhcp4 (enp7s0): nameserver '10.0.0.3'
Feb 07 05:16:04 readingrainbow NetworkManager[1245]: [1517998564.0384] dhcp4 (enp7s0): domain name 'world.n7sa.com'
Feb 07 05:16:04 readingrainbow NetworkManager[1245]: [1517998564.0384] dhcp4 (enp7s0): state changed bound -> bound
Feb 07 05:16:04 readingrainbow dhclient[1582]: bound to 10.0.0.163 -- renewal in 1533 seconds.
Feb 07 05:16:36 readingrainbow kernel: CIFS VFS: Free previous auth_key.response = ffff8c4f26976240
Feb 07 05:17:28 readingrainbow kernel: CIFS VFS: Free previous auth_key.response = ffff8c4ea2e16cc0
Feb 07 05:18:17 readingrainbow kernel: CIFS VFS: Free previous auth_key.response = ffff8c4e077926c0
Feb 07 05:19:08 readingrainbow kernel: CIFS VFS: Free previous auth_key.response = ffff8c4e13d8e3c0
Feb 07 05:19:57 readingrainbow kernel: CIFS VFS: Free previous auth_key.response = ffff8c4a25ef8600
Feb 07 05:20:48 readingrainbow kernel: CIFS VFS: Free previous auth_key.response = ffff8c4e13d8fd40
Feb 07 05:21:37 readingrainbow kernel: CIFS VFS: Free previous auth_key.response = ffff8c4a25ef9140
Feb 07 05:22:28 readingrainbow kernel: CIFS VFS: Free previous auth_key.response = ffff8c4e13d8fec0
Feb 07 05:23:17 readingrainbow kernel: CIFS VFS: Free previous auth_key.response = ffff8c4a25ef8900
Feb 07 05:23:44 readingrainbow dhclient[2848]: DHCPREQUEST of 10.10.10.150 on enp179s0f0 to 10.10.10.3 port 67 (xid=0x1ca55be3)
Feb 07 05:23:44 readingrainbow dhclient[2848]: DHCPACK of 10.10.10.150 from 10.10.10.3
Feb 07 05:23:44 readingrainbow NetworkManager[1245]: [1517999024.6639] dhcp4 (enp179s0f0): address 10.10.10.150
Feb 07 05:23:44 readingrainbow NetworkManager[1245]: [1517999024.6639] dhcp4 (enp179s0f0): plen 24 (255.255.255.0)
Feb 07 05:23:44 readingrainbow NetworkManager[1245]: [1517999024.6640] dhcp4 (enp179s0f0): gateway 10.10.10.3
Feb 07 05:23:44 readingrainbow NetworkManager[1245]: [1517999024.6640] dhcp4 (enp179s0f0): lease time 3600
Feb 07 05:23:44 readingrainbow NetworkManager[1245]: [1517999024.6640] dhcp4 (enp179s0f0): hostname 'readingrainbow'
Feb 07 05:23:44 readingrainbow NetworkManager[1245]: [1517999024.6640] dhcp4 (enp179s0f0): nameserver '10.10.10.3'
Feb 07 05:23:44 readingrainbow NetworkManager[1245]: [1517999024.6640] dhcp4 (enp179s0f0): domain name 'world.n7sa.com'
Feb 07 05:23:44 readingrainbow NetworkManager[1245]: [1517999024.6640] dhcp4 (enp179s0f0): state changed bound -> bound
Feb 07 05:23:44 readingrainbow dhclient[2848]: bound to 10.10.10.150 -- renewal in 1541 seconds.
Feb 07 05:24:08 readingrainbow kernel: CIFS VFS: Free previous auth_key.response = ffff8c4e13d8f5c0
Feb 07 05:24:57 readingrainbow kernel: CIFS VFS: Free previous auth_key.response = ffff8c4e1fdd5bc0
Feb 07 05:26:35 readingrainbow kernel: CIFS VFS: Free previous auth_key.response = ffff8c4e13d8efc0
Feb 07 05:27:24 readingrainbow kernel: CIFS VFS: Free previous auth_key.response = ffff8c4a25ef9980
Feb 07 05:28:15 readingrainbow kernel: CIFS VFS: Free previous auth_key.response = ffff8c4e13d8f980
Feb 07 05:29:04 readingrainbow kernel: CIFS VFS: Free previous auth_key.response = ffff8c4a25ef8cc0
Feb 07 05:29:55 readingrainbow kernel: CIFS VFS: Free previous auth_key.response = ffff8c4e13d8efc0
Feb 07 05:30:44 readingrainbow kernel: CIFS VFS: Free previous auth_key.response = ffff8c4e13d8efc0
Feb 07 05:31:35 readingrainbow kernel: CIFS VFS: Free previous auth_key.response = ffff8c4a25ef8600
Feb 07 05:32:24 readingrainbow kernel: CIFS VFS: Free previous auth_key.response = ffff8c4e13d8f440
Feb 07 05:33:15 readingrainbow kernel: CIFS VFS: Free previous auth_key.response = ffff8c4a25ef8e40
Feb 07 05:34:04 readingrainbow kernel: CIFS VFS: Free previous auth_key.response = ffff8c4e13d8e3c0
Feb 07 05:35:44 readingrainbow kernel: CIFS VFS: Free previous auth_key.response = ffff8c4a25ef8900
Feb 07 05:36:35 readingrainbow kernel: CIFS VFS: Free previous auth_key.response = ffff8c4e06d05680
Feb 07 05:37:25 readingrainbow kernel: CIFS VFS: Free previous auth_key.response = ffff8c4f26977980
Feb 07 05:38:15 readingrainbow kernel: CIFS VFS: Free previous auth_key.response = ffff8c4ea2e17080
Feb 07 05:39:05 readingrainbow kernel: CIFS VFS: Free previous auth_key.response = ffff8c4f26976cc0
Feb 07 05:39:55 readingrainbow kernel: CIFS VFS: Free previous auth_key.response = ffff8c4ea2e16c00
Feb 07 05:40:45 readingrainbow kernel: CIFS VFS: Free previous auth_key.response = ffff8c4f26977140
Feb 07 05:41:35 readingrainbow kernel: CIFS VFS: Free previous auth_key.response = ffff8c4ea2e16cc0
Feb 07 05:42:25 readingrainbow kernel: CIFS VFS: Free previous auth_key.response = ffff8c4e06d04240
Feb 07 05:42:41 readingrainbow dhclient[1582]: DHCPREQUEST of 10.0.0.163 on enp7s0 to 10.0.0.3 port 67 (xid=0x5c11d807)
Feb 07 05:42:41 readingrainbow dhclient[1582]: DHCPACK of 10.0.0.163 from 10.0.0.3
Feb 07 05:42:41 readingrainbow NetworkManager[1245]: [1518000161.9717] dhcp4 (enp7s0): address 10.0.0.163
Feb 07 05:42:41 readingrainbow NetworkManager[1245]: [1518000161.9717] dhcp4 (enp7s0): plen 24 (255.255.255.0)
Feb 07 05:42:41 readingrainbow NetworkManager[1245]: [1518000161.9717] dhcp4 (enp7s0): gateway 10.0.0.3
Feb 07 05:42:41 readingrainbow NetworkManager[1245]: [1518000161.9717] dhcp4 (enp7s0): lease time 3600
Feb 07 05:42:41 readingrainbow NetworkManager[1245]: [1518000161.9718] dhcp4 (enp7s0): hostname 'readingrainbow'
Feb 07 05:42:41 readingrainbow NetworkManager[1245]: [1518000161.9718] dhcp4 (enp7s0): nameserver '10.0.0.3'
Feb 07 05:42:41 readingrainbow NetworkManager[1245]: [1518000161.9718] dhcp4 (enp7s0): domain name 'world.n7sa.com'
Feb 07 05:42:41 readingrainbow NetworkManager[1245]: [1518000161.9718] dhcp4 (enp7s0): state changed bound -> bound
Feb 07 05:42:41 readingrainbow dhclient[1582]: bound to 10.0.0.163 -- renewal in 1415 seconds.
Feb 07 05:43:15 readingrainbow kernel: CIFS VFS: Free previous auth_key.response = ffff8c4f26976d80
Feb 07 05:44:54 readingrainbow kernel: CIFS VFS: Free previous auth_key.response = ffff8c4ea2e17200
Feb 07 05:45:43 readingrainbow kernel: CIFS VFS: Free previous auth_key.response = ffff8c4d9840a3c0
Feb 07 05:46:34 readingrainbow kernel: CIFS VFS: Free previous auth_key.response = ffff8c4a25ef92c0
Feb 07 05:47:23 readingrainbow kernel: CIFS VFS: Free previous auth_key.response = ffff8c4e13d8efc0
Feb 07 05:48:14 readingrainbow kernel: CIFS VFS: Free previous auth_key.response = ffff8c4a25ef9500
Feb 07 05:49:03 readingrainbow kernel: CIFS VFS: Free previous auth_key.response = ffff8c4e13d8f440
Feb 07 05:49:41 readingrainbow dhclient[2848]: DHCPREQUEST of 10.10.10.150 on enp179s0f0 to 10.10.10.3 port 67 (xid=0x1ca55be3)
Feb 07 05:49:41 readingrainbow dhclient[2848]: DHCPACK of 10.10.10.150 from 10.10.10.3
Feb 07 05:49:41 readingrainbow NetworkManager[1245]: [1518000581.3523] dhcp4 (enp179s0f0): address 10.10.10.150
Feb 07 05:49:41 readingrainbow NetworkManager[1245]: [1518000581.3523] dhcp4 (enp179s0f0): plen 24 (255.255.255.0)
Feb 07 05:49:41 readingrainbow NetworkManager[1245]: [1518000581.3523] dhcp4 (enp179s0f0): gateway 10.10.10.3
Feb 07 05:49:41 readingrainbow NetworkManager[1245]: [1518000581.3523] dhcp4 (enp179s0f0): lease time 3600
Feb 07 05:49:41 readingrainbow NetworkManager[1245]: [1518000581.3523] dhcp4 (enp179s0f0): hostname 'readingrainbow'
Feb 07 05:49:41 readingrainbow NetworkManager[1245]: [1518000581.3524] dhcp4 (enp179s0f0): nameserver '10.10.10.3'
Feb 07 05:49:41 readingrainbow NetworkManager[1245]: [1518000581.3524] dhcp4 (enp179s0f0): domain name 'world.n7sa.com'
Feb 07 05:49:41 readingrainbow NetworkManager[1245]: [1518000581.3524] dhcp4 (enp179s0f0): state changed bound -> bound
Feb 07 05:49:41 readingrainbow dhclient[2848]: bound to 10.10.10.150 -- renewal in 1472 seconds.
Feb 07 05:49:54 readingrainbow kernel: CIFS VFS: Free previous auth_key.response = ffff8c4a25ef8e40
Feb 07 05:50:43 readingrainbow kernel: CIFS VFS: Free previous auth_key.response = ffff8c4e13d8fd40
Feb 07 05:51:34 readingrainbow kernel: CIFS VFS: Free previous auth_key.response = ffff8c4a25ef92c0
Feb 07 05:52:23 readingrainbow kernel: CIFS VFS: Free previous auth_key.response = ffff8c4e13d8e540
Feb 07 05:53:13 readingrainbow kernel: CIFS VFS: Free previous auth_key.response = ffff8c4a25ef8cc0
Feb 07 05:54:04 readingrainbow kernel: CIFS VFS: Free previous auth_key.response = ffff8c4d99414cc0
Feb 07 05:54:54 readingrainbow kernel: CIFS VFS: Free previous auth_key.response = ffff8c4f26976b40
Feb 07 05:55:44 readingrainbow kernel: CIFS VFS: Free previous auth_key.response = ffff8c4e06d05740
Feb 07 05:56:34 readingrainbow kernel: CIFS VFS: Free previous auth_key.response = ffff8c4f26977c80
Feb 07 05:57:24 readingrainbow kernel: CIFS VFS: Free previous auth_key.response = ffff8c4f26977c80
Feb 07 05:58:14 readingrainbow kernel: CIFS VFS: Free previous auth_key.response = ffff8c4f26977c80
Feb 07 05:59:05 readingrainbow kernel: CIFS VFS: Free previous auth_key.response = ffff8c4ea2e175c0
Feb 07 05:59:54 readingrainbow kernel: CIFS VFS: Free previous auth_key.response = ffff8c4e06d04600
Feb 07 06:00:45 readingrainbow kernel: CIFS VFS: Free previous auth_key.response = ffff8c4ea2e16fc0
Feb 07 06:01:34 readingrainbow kernel: CIFS VFS: Free previous auth_key.response = ffff8c4f26977d40
Feb 07 06:03:11 readingrainbow kernel: CIFS VFS: Free previous auth_key.response = ffff8c4ea2e16e40
Feb 07 06:04:02 readingrainbow kernel: CIFS VFS: Free previous auth_key.response = ffff8c4e07793200
Feb 07 06:04:52 readingrainbow kernel: CIFS VFS: Free previous auth_key.response = ffff8c4e13d8efc0
Feb 07 06:05:42 readingrainbow kernel: CIFS VFS: Free previous auth_key.response = ffff8c4e13d8efc0
Feb 07 06:06:32 readingrainbow kernel: CIFS VFS: Free previous auth_key.response = ffff8c4a25ef9080
Feb 07 06:07:15 readingrainbow dhclient[1582]: DHCPREQUEST of 10.0.0.163 on enp7s0 to 10.0.0.3 port 67 (xid=0x5c11d807)
Feb 07 06:07:15 readingrainbow dhclient[1582]: DHCPACK of 10.0.0.163 from 10.0.0.3
Feb 07 06:07:15 readingrainbow NetworkManager[1245]: [1518001635.7418] dhcp4 (enp7s0): address 10.0.0.163
Feb 07 06:07:15 readingrainbow NetworkManager[1245]: [1518001635.7419] dhcp4 (enp7s0): plen 24 (255.255.255.0)
Feb 07 06:07:15 readingrainbow NetworkManager[1245]: [1518001635.7419] dhcp4 (enp7s0): gateway 10.0.0.3
Feb 07 06:07:15 readingrainbow NetworkManager[1245]: [1518001635.7419] dhcp4 (enp7s0): lease time 3600
Feb 07 06:07:15 readingrainbow NetworkManager[1245]: [1518001635.7419] dhcp4 (enp7s0): hostname 'readingrainbow'
Feb 07 06:07:15 readingrainbow NetworkManager[1245]: [1518001635.7420] dhcp4 (enp7s0): nameserver '10.0.0.3'
Feb 07 06:07:15 readingrainbow NetworkManager[1245]: [1518001635.7420] dhcp4 (enp7s0): domain name 'world.n7sa.com'
Feb 07 06:07:15 readingrainbow NetworkManager[1245]: [1518001635.7420] dhcp4 (enp7s0): state changed bound -> bound
Feb 07 06:07:15 readingrainbow dhclient[1582]: bound to 10.0.0.163 -- renewal in 1386 seconds.
Feb 07 06:07:22 readingrainbow kernel: CIFS VFS: Free previous auth_key.response = ffff8c4a25ef9080
Feb 07 06:08:12 readingrainbow kernel: CIFS VFS: Free previous auth_key.response = ffff8c4a25ef9080
Feb 07 06:09:02 readingrainbow kernel: CIFS VFS: Free previous auth_key.response = ffff8c4a25ef9080
Feb 07 06:09:52 readingrainbow kernel: CIFS VFS: Free previous auth_key.response = ffff8c4a25ef9080
Feb 07 06:10:42 readingrainbow kernel: CIFS VFS: Free previous auth_key.response = ffff8c4a25ef9080
Feb 07 06:11:32 readingrainbow kernel: CIFS VFS: Free previous auth_key.response = ffff8c4e13d8ef00
Feb 07 06:12:23 readingrainbow kernel: CIFS VFS: Free previous auth_key.response = ffff8c4a25ef8600
Feb 07 06:13:12 readingrainbow kernel: CIFS VFS: Free previous auth_key.response = ffff8c4a25ef8600
Feb 07 06:14:03 readingrainbow kernel: CIFS VFS: Free previous auth_key.response = ffff8c4a25ef8600
Feb 07 06:14:30 readingrainbow dhclient[2848]: DHCPREQUEST of 10.10.10.150 on enp179s0f0 to 10.10.10.3 port 67 (xid=0x1ca55be3)
Feb 07 06:14:30 readingrainbow dhclient[2848]: DHCPACK of 10.10.10.150 from 10.10.10.3
Feb 07 06:14:30 readingrainbow NetworkManager[1245]: [1518002070.1720] dhcp4 (enp179s0f0): address 10.10.10.150
Feb 07 06:14:30 readingrainbow NetworkManager[1245]: [1518002070.1720] dhcp4 (enp179s0f0): plen 24 (255.255.255.0)
Feb 07 06:14:30 readingrainbow NetworkManager[1245]: [1518002070.1720] dhcp4 (enp179s0f0): gateway 10.10.10.3
Feb 07 06:14:30 readingrainbow NetworkManager[1245]: [1518002070.1720] dhcp4 (enp179s0f0): lease time 3600
Feb 07 06:14:30 readingrainbow NetworkManager[1245]: [1518002070.1721] dhcp4 (enp179s0f0): hostname 'readingrainbow'
Feb 07 06:14:30 readingrainbow NetworkManager[1245]: [1518002070.1721] dhcp4 (enp179s0f0): nameserver '10.10.10.3'
Feb 07 06:14:30 readingrainbow NetworkManager[1245]: [1518002070.1721] dhcp4 (enp179s0f0): domain name 'world.n7sa.com'
Feb 07 06:14:30 readingrainbow NetworkManager[1245]: [1518002070.1721] dhcp4 (enp179s0f0): state changed bound -> bound
Feb 07 06:14:30 readingrainbow dhclient[2848]: bound to 10.10.10.150 -- renewal in 1522 seconds.
Feb 07 06:14:52 readingrainbow kernel: CIFS VFS: Free previous auth_key.response = ffff8c4e13d8fec0
Feb 07 06:15:43 readingrainbow kernel: CIFS VFS: Free previous auth_key.response = ffff8c4a25ef8180
Feb 07 06:16:32 readingrainbow kernel: CIFS VFS: Free previous auth_key.response = ffff8c4f5c06e3c0
Feb 07 06:17:23 readingrainbow kernel: CIFS VFS: Free previous auth_key.response = ffff8c4e07793bc0
Feb 07 06:18:12 readingrainbow kernel: CIFS VFS: Free previous auth_key.response = ffff8c4e13d8ef00
Feb 07 06:19:03 readingrainbow kernel: CIFS VFS: Free previous auth_key.response = ffff8c4a25ef92c0
Feb 07 06:19:52 readingrainbow kernel: CIFS VFS: Free previous auth_key.response = ffff8c4f5c06ef00
Feb 07 06:21:30 readingrainbow kernel: CIFS VFS: Free previous auth_key.response = ffff8c4e077932c0
Feb 07 06:22:20 readingrainbow kernel: CIFS VFS: Free previous auth_key.response = ffff8c4e13d8fd40
Feb 07 06:23:11 readingrainbow kernel: CIFS VFS: Free previous auth_key.response = ffff8c4f5c06e240
Feb 07 06:24:00 readingrainbow kernel: CIFS VFS: Free previous auth_key.response = ffff8c4e13d8ed80
Feb 07 06:24:51 readingrainbow kernel: CIFS VFS: Free previous auth_key.response = ffff8c4a25ef9380
Feb 07 06:25:40 readingrainbow kernel: CIFS VFS: Free previous auth_key.response = ffff8c4f5c06e000
Feb 07 06:26:31 readingrainbow kernel: CIFS VFS: Free previous auth_key.response = ffff8c4e13d8e540
Feb 07 06:27:20 readingrainbow kernel: CIFS VFS: Free previous auth_key.response = ffff8c4a25ef9500
Feb 07 06:28:11 readingrainbow kernel: CIFS VFS: Free previous auth_key.response = ffff8c4f5c06ecc0
Feb 07 06:29:00 readingrainbow kernel: CIFS VFS: Free previous auth_key.response = ffff8c4a25ef9680
Feb 07 06:29:51 readingrainbow kernel: CIFS VFS: Free previous auth_key.response = ffff8c4e13d8f5c0
Feb 07 06:30:41 readingrainbow kernel: CIFS VFS: Free previous auth_key.response = ffff8c4a25ef8900
Feb 07 06:31:17 readingrainbow dhclient[1582]: DHCPREQUEST of 10.0.0.163 on enp7s0 to 10.0.0.3 port 67 (xid=0x5c11d807)
Feb 07 06:31:17 readingrainbow dhclient[1582]: DHCPACK of 10.0.0.163 from 10.0.0.3
Feb 07 06:31:17 readingrainbow NetworkManager[1245]: [1518003077.7778] dhcp4 (enp7s0): address 10.0.0.163
Feb 07 06:31:17 readingrainbow NetworkManager[1245]: [1518003077.7778] dhcp4 (enp7s0): plen 24 (255.255.255.0)
Feb 07 06:31:17 readingrainbow NetworkManager[1245]: [1518003077.7778] dhcp4 (enp7s0): gateway 10.0.0.3
Feb 07 06:31:17 readingrainbow NetworkManager[1245]: [1518003077.7779] dhcp4 (enp7s0): lease time 3600
Feb 07 06:31:17 readingrainbow NetworkManager[1245]: [1518003077.7779] dhcp4 (enp7s0): hostname 'readingrainbow'
Feb 07 06:31:17 readingrainbow NetworkManager[1245]: [1518003077.7779] dhcp4 (enp7s0): nameserver '10.0.0.3'
Feb 07 06:31:17 readingrainbow NetworkManager[1245]: [1518003077.7779] dhcp4 (enp7s0): domain name 'world.n7sa.com'
Feb 07 06:31:17 readingrainbow NetworkManager[1245]: [1518003077.7779] dhcp4 (enp7s0): state changed bound -> bound
Feb 07 06:31:17 readingrainbow dhclient[1582]: bound to 10.0.0.163 -- renewal in 1429 seconds.
Feb 07 06:31:32 readingrainbow kernel: CIFS VFS: Free previous auth_key.response = ffff8c4e13d8fd40
Feb 07 06:32:22 readingrainbow kernel: CIFS VFS: Free previous auth_key.response = ffff8c4e13d8fd40
Feb 07 06:33:12 readingrainbow kernel: CIFS VFS: Free previous auth_key.response = ffff8c4e13d8fd40
Feb 07 06:34:02 readingrainbow kernel: CIFS VFS: Free previous auth_key.response = ffff8c4a25ef9500
Feb 07 06:34:52 readingrainbow kernel: CIFS VFS: Free previous auth_key.response = ffff8c4e13d8fe00
Feb 07 06:35:42 readingrainbow kernel: CIFS VFS: Free previous auth_key.response = ffff8c4a25ef9980
Feb 07 06:36:32 readingrainbow kernel: CIFS VFS: Free previous auth_key.response = ffff8c4e13d8e9c0
Feb 07 06:37:22 readingrainbow kernel: CIFS VFS: Free previous auth_key.response = ffff8c4a25ef9680
Feb 07 06:38:12 readingrainbow kernel: CIFS VFS: Free previous auth_key.response = ffff8c4e13d8eb40
Feb 07 06:39:50 readingrainbow kernel: CIFS VFS: Free previous auth_key.response = ffff8c4a25ef9680
Feb 07 06:40:13 readingrainbow dhclient[2848]: DHCPREQUEST of 10.10.10.150 on enp179s0f0 to 10.10.10.3 port 67 (xid=0x1ca55be3)
Feb 07 06:40:14 readingrainbow dhclient[2848]: DHCPACK of 10.10.10.150 from 10.10.10.3
Feb 07 06:40:14 readingrainbow NetworkManager[1245]: [1518003614.4185] dhcp4 (enp179s0f0): address 10.10.10.150
Feb 07 06:40:14 readingrainbow NetworkManager[1245]: [1518003614.4186] dhcp4 (enp179s0f0): plen 24 (255.255.255.0)
Feb 07 06:40:14 readingrainbow NetworkManager[1245]: [1518003614.4186] dhcp4 (enp179s0f0): gateway 10.10.10.3
Feb 07 06:40:14 readingrainbow NetworkManager[1245]: [1518003614.4186] dhcp4 (enp179s0f0): lease time 3600
Feb 07 06:40:14 readingrainbow NetworkManager[1245]: [1518003614.4186] dhcp4 (enp179s0f0): hostname 'readingrainbow'
Feb 07 06:40:14 readingrainbow NetworkManager[1245]: [1518003614.4186] dhcp4 (enp179s0f0): nameserver '10.10.10.3'
Feb 07 06:40:14 readingrainbow NetworkManager[1245]: [1518003614.4186] dhcp4 (enp179s0f0): domain name 'world.n7sa.com'
Feb 07 06:40:14 readingrainbow NetworkManager[1245]: [1518003614.4187] dhcp4 (enp179s0f0): state changed bound -> bound
Feb 07 06:40:14 readingrainbow dhclient[2848]: bound to 10.10.10.150 -- renewal in 1416 seconds.
Feb 07 06:40:39 readingrainbow kernel: CIFS VFS: Free previous auth_key.response = ffff8c4de96a23c0
Feb 07 06:41:30 readingrainbow kernel: CIFS VFS: Free previous auth_key.response = ffff8c4e06d04000
Feb 07 06:42:19 readingrainbow kernel: CIFS VFS: Free previous auth_key.response = ffff8c4e06d04000
Feb 07 06:43:10 readingrainbow kernel: CIFS VFS: Free previous auth_key.response = ffff8c4ea2e16240
Feb 07 06:43:59 readingrainbow kernel: CIFS VFS: Free previous auth_key.response = ffff8c4e06d04cc0
Feb 07 06:44:50 readingrainbow kernel: CIFS VFS: Free previous auth_key.response = ffff8c4ea2e17200
Feb 07 06:45:39 readingrainbow kernel: CIFS VFS: Free previous auth_key.response = ffff8c4f26977a40
Feb 07 06:46:30 readingrainbow kernel: CIFS VFS: Free previous auth_key.response = ffff8c4ea2e160c0
