Feb 06 18:55:51 readingrainbow kernel: CIFS VFS: Free previous auth_key.response = ffff8c4d9877f380
Feb 06 18:56:41 readingrainbow kernel: CIFS VFS: Free previous auth_key.response = ffff8c4a5ab5a840
Feb 06 18:57:31 readingrainbow kernel: CIFS VFS: Free previous auth_key.response = ffff8c4b821e9bc0
Feb 06 18:57:58 readingrainbow dhclient[2848]: DHCPREQUEST of 10.10.10.150 on enp179s0f0 to 10.10.10.3 port 67 (xid=0x1ca55be3)
Feb 06 18:57:59 readingrainbow dhclient[2848]: DHCPACK of 10.10.10.150 from 10.10.10.3
Feb 06 18:57:59 readingrainbow NetworkManager[1245]: [1517961479.0119] dhcp4 (enp179s0f0): address 10.10.10.150
Feb 06 18:57:59 readingrainbow NetworkManager[1245]: [1517961479.0120] dhcp4 (enp179s0f0): plen 24 (255.255.255.0)
Feb 06 18:57:59 readingrainbow NetworkManager[1245]: [1517961479.0120] dhcp4 (enp179s0f0): gateway 10.10.10.3
Feb 06 18:57:59 readingrainbow NetworkManager[1245]: [1517961479.0120] dhcp4 (enp179s0f0): lease time 3600
Feb 06 18:57:59 readingrainbow NetworkManager[1245]: [1517961479.0120] dhcp4 (enp179s0f0): hostname 'readingrainbow'
Feb 06 18:57:59 readingrainbow NetworkManager[1245]: [1517961479.0120] dhcp4 (enp179s0f0): nameserver '10.10.10.3'
Feb 06 18:57:59 readingrainbow NetworkManager[1245]: [1517961479.0121] dhcp4 (enp179s0f0): domain name 'world.n7sa.com'
Feb 06 18:57:59 readingrainbow NetworkManager[1245]: [1517961479.0121] dhcp4 (enp179s0f0): state changed bound -> bound
Feb 06 18:57:59 readingrainbow dhclient[2848]: bound to 10.10.10.150 -- renewal in 1493 seconds.
Feb 06 18:58:21 readingrainbow kernel: CIFS VFS: Free previous auth_key.response = ffff8c4a5ab5a540
Feb 06 18:59:10 readingrainbow kernel: CIFS VFS: Free previous auth_key.response = ffff8c4a5ab5a540
Feb 06 19:00:01 readingrainbow kernel: CIFS VFS: Free previous auth_key.response = ffff8c4b821e80c0
Feb 06 19:00:50 readingrainbow kernel: CIFS VFS: Free previous auth_key.response = ffff8c4e06d04b40
Feb 06 19:01:41 readingrainbow kernel: CIFS VFS: Free previous auth_key.response = ffff8c4d9877fe00
Feb 06 19:02:30 readingrainbow kernel: CIFS VFS: Free previous auth_key.response = ffff8c4a5ab5b8c0
Feb 06 19:03:21 readingrainbow kernel: CIFS VFS: Free previous auth_key.response = ffff8c4f1e0a5680
Feb 06 19:04:12 readingrainbow kernel: CIFS VFS: Free previous auth_key.response = ffff8c4b821e80c0
Feb 06 19:05:03 readingrainbow kernel: CIFS VFS: Free previous auth_key.response = ffff8c4de967dec0
Feb 06 19:05:53 readingrainbow kernel: CIFS VFS: Free previous auth_key.response = ffff8c4de967dec0
Feb 06 19:06:43 readingrainbow kernel: CIFS VFS: Free previous auth_key.response = ffff8c4de967dec0
Feb 06 19:07:33 readingrainbow kernel: CIFS VFS: Free previous auth_key.response = ffff8c4de967dec0
Feb 06 19:08:23 readingrainbow kernel: CIFS VFS: Free previous auth_key.response = ffff8c4de967dec0
Feb 06 19:09:13 readingrainbow kernel: CIFS VFS: Free previous auth_key.response = ffff8c4de967dec0
Feb 06 19:10:03 readingrainbow kernel: CIFS VFS: Free previous auth_key.response = ffff8c4de967dec0
Feb 06 19:10:53 readingrainbow kernel: CIFS VFS: Free previous auth_key.response = ffff8c4de967dec0
Feb 06 19:11:43 readingrainbow kernel: CIFS VFS: Free previous auth_key.response = ffff8c4de967dec0
Feb 06 19:13:21 readingrainbow kernel: CIFS VFS: Free previous auth_key.response = ffff8c4de967dec0
Feb 06 19:14:10 readingrainbow kernel: CIFS VFS: Free previous auth_key.response = ffff8c4912b8b2c0
Feb 06 19:15:01 readingrainbow kernel: CIFS VFS: Free previous auth_key.response = ffff8c4e13d3a540
Feb 06 19:15:31 readingrainbow dhclient[1582]: DHCPREQUEST of 10.0.0.163 on enp7s0 to 10.0.0.3 port 67 (xid=0x5c11d807)
Feb 06 19:15:31 readingrainbow dhclient[1582]: DHCPACK of 10.0.0.163 from 10.0.0.3
Feb 06 19:15:31 readingrainbow NetworkManager[1245]: [1517962531.7442] dhcp4 (enp7s0): address 10.0.0.163
Feb 06 19:15:31 readingrainbow NetworkManager[1245]: [1517962531.7442] dhcp4 (enp7s0): plen 24 (255.255.255.0)
Feb 06 19:15:31 readingrainbow NetworkManager[1245]: [1517962531.7442] dhcp4 (enp7s0): gateway 10.0.0.3
Feb 06 19:15:31 readingrainbow NetworkManager[1245]: [1517962531.7443] dhcp4 (enp7s0): lease time 3600
Feb 06 19:15:31 readingrainbow NetworkManager[1245]: [1517962531.7443] dhcp4 (enp7s0): hostname 'readingrainbow'
Feb 06 19:15:31 readingrainbow NetworkManager[1245]: [1517962531.7443] dhcp4 (enp7s0): nameserver '10.0.0.3'
Feb 06 19:15:31 readingrainbow NetworkManager[1245]: [1517962531.7443] dhcp4 (enp7s0): domain name 'world.n7sa.com'
Feb 06 19:15:31 readingrainbow NetworkManager[1245]: [1517962531.7443] dhcp4 (enp7s0): state changed bound -> bound
Feb 06 19:15:31 readingrainbow dhclient[1582]: bound to 10.0.0.163 -- renewal in 1383 seconds.
Feb 06 19:15:50 readingrainbow kernel: CIFS VFS: Free previous auth_key.response = ffff8c48f9d25440
Feb 06 19:16:41 readingrainbow kernel: CIFS VFS: Free previous auth_key.response = ffff8c4e06d04900
Feb 06 19:17:30 readingrainbow kernel: CIFS VFS: Free previous auth_key.response = ffff8c4e13d3b080
Feb 06 19:18:21 readingrainbow kernel: CIFS VFS: Free previous auth_key.response = ffff8c4e06d040c0
Feb 06 19:19:10 readingrainbow kernel: CIFS VFS: Free previous auth_key.response = ffff8c4ebb442000
Feb 06 19:20:01 readingrainbow kernel: CIFS VFS: Free previous auth_key.response = ffff8c48f9d25c80
Feb 06 19:20:50 readingrainbow kernel: CIFS VFS: Free previous auth_key.response = ffff8c4e06d05ec0
Feb 06 19:21:41 readingrainbow kernel: CIFS VFS: Free previous auth_key.response = ffff8c4ebb443980
Feb 06 19:22:30 readingrainbow kernel: CIFS VFS: Free previous auth_key.response = ffff8c4f1e0a5d40
Feb 06 19:23:10 readingrainbow dhclient[2848]: DHCPREQUEST of 10.10.10.150 on enp179s0f0 to 10.10.10.3 port 67 (xid=0x1ca55be3)
Feb 06 19:23:10 readingrainbow dhclient[2848]: DHCPACK of 10.10.10.150 from 10.10.10.3
Feb 06 19:23:10 readingrainbow NetworkManager[1245]: [1517962990.3937] dhcp4 (enp179s0f0): address 10.10.10.150
Feb 06 19:23:10 readingrainbow NetworkManager[1245]: [1517962990.3938] dhcp4 (enp179s0f0): plen 24 (255.255.255.0)
Feb 06 19:23:10 readingrainbow NetworkManager[1245]: [1517962990.3938] dhcp4 (enp179s0f0): gateway 10.10.10.3
Feb 06 19:23:10 readingrainbow NetworkManager[1245]: [1517962990.3938] dhcp4 (enp179s0f0): lease time 3600
Feb 06 19:23:10 readingrainbow NetworkManager[1245]: [1517962990.3938] dhcp4 (enp179s0f0): hostname 'readingrainbow'
Feb 06 19:23:10 readingrainbow NetworkManager[1245]: [1517962990.3938] dhcp4 (enp179s0f0): nameserver '10.10.10.3'
Feb 06 19:23:10 readingrainbow NetworkManager[1245]: [1517962990.3938] dhcp4 (enp179s0f0): domain name 'world.n7sa.com'
Feb 06 19:23:10 readingrainbow NetworkManager[1245]: [1517962990.3939] dhcp4 (enp179s0f0): state changed bound -> bound
Feb 06 19:23:10 readingrainbow dhclient[2848]: bound to 10.10.10.150 -- renewal in 1353 seconds.
Feb 06 19:23:21 readingrainbow kernel: CIFS VFS: Free previous auth_key.response = ffff8c48f9d243c0
Feb 06 19:24:11 readingrainbow kernel: CIFS VFS: Free previous auth_key.response = ffff8c4e06d04cc0
Feb 06 19:25:01 readingrainbow kernel: CIFS VFS: Free previous auth_key.response = ffff8c4ebb442180
Feb 06 19:25:51 readingrainbow kernel: CIFS VFS: Free previous auth_key.response = ffff8c4ebb442180
Feb 06 19:26:41 readingrainbow kernel: CIFS VFS: Free previous auth_key.response = ffff8c4d99415800
Feb 06 19:27:31 readingrainbow kernel: CIFS VFS: Free previous auth_key.response = ffff8c4d99415800
Feb 06 19:28:21 readingrainbow kernel: CIFS VFS: Free previous auth_key.response = ffff8c4d99415800
Feb 06 19:29:11 readingrainbow kernel: CIFS VFS: Free previous auth_key.response = ffff8c4d99415800
Feb 06 19:30:01 readingrainbow kernel: CIFS VFS: Free previous auth_key.response = ffff8c4d99415800
Feb 06 19:31:38 readingrainbow kernel: CIFS VFS: Free previous auth_key.response = ffff8c4d99415800
Feb 06 19:32:29 readingrainbow kernel: CIFS VFS: Free previous auth_key.response = ffff8c4a08897bc0
Feb 06 19:33:19 readingrainbow kernel: CIFS VFS: Free previous auth_key.response = ffff8c4e13d3a240
Feb 06 19:34:09 readingrainbow kernel: CIFS VFS: Free previous auth_key.response = ffff8c4f37997440
Feb 06 19:34:59 readingrainbow kernel: CIFS VFS: Free previous auth_key.response = ffff8c4a08896180
Feb 06 19:35:49 readingrainbow kernel: CIFS VFS: Free previous auth_key.response = ffff8c48f9d24300
Feb 06 19:36:39 readingrainbow kernel: CIFS VFS: Free previous auth_key.response = ffff8c4ebb443140
Feb 06 19:37:29 readingrainbow kernel: CIFS VFS: Free previous auth_key.response = ffff8c4f1e0a40c0
Feb 06 19:38:19 readingrainbow kernel: CIFS VFS: Free previous auth_key.response = ffff8c48f9d258c0
Feb 06 19:39:09 readingrainbow kernel: CIFS VFS: Free previous auth_key.response = ffff8c4d9877fec0
Feb 06 19:39:32 readingrainbow dhclient[1582]: DHCPREQUEST of 10.0.0.163 on enp7s0 to 10.0.0.3 port 67 (xid=0x5c11d807)
Feb 06 19:39:32 readingrainbow dhclient[1582]: DHCPACK of 10.0.0.163 from 10.0.0.3
Feb 06 19:39:32 readingrainbow NetworkManager[1245]: [1517963972.7886] dhcp4 (enp7s0): address 10.0.0.163
Feb 06 19:39:32 readingrainbow NetworkManager[1245]: [1517963972.7886] dhcp4 (enp7s0): plen 24 (255.255.255.0)
Feb 06 19:39:32 readingrainbow NetworkManager[1245]: [1517963972.7886] dhcp4 (enp7s0): gateway 10.0.0.3
Feb 06 19:39:32 readingrainbow NetworkManager[1245]: [1517963972.7886] dhcp4 (enp7s0): lease time 3600
Feb 06 19:39:32 readingrainbow NetworkManager[1245]: [1517963972.7887] dhcp4 (enp7s0): hostname 'readingrainbow'
Feb 06 19:39:32 readingrainbow NetworkManager[1245]: [1517963972.7887] dhcp4 (enp7s0): nameserver '10.0.0.3'
Feb 06 19:39:32 readingrainbow NetworkManager[1245]: [1517963972.7887] dhcp4 (enp7s0): domain name 'world.n7sa.com'
Feb 06 19:39:32 readingrainbow NetworkManager[1245]: [1517963972.7887] dhcp4 (enp7s0): state changed bound -> bound
Feb 06 19:39:32 readingrainbow dhclient[1582]: bound to 10.0.0.163 -- renewal in 1253 seconds.
Feb 06 19:39:59 readingrainbow kernel: CIFS VFS: Free previous auth_key.response = ffff8c4ebb443500
Feb 06 19:40:50 readingrainbow kernel: CIFS VFS: Free previous auth_key.response = ffff8c4f1e0a4b40
Feb 06 19:41:39 readingrainbow kernel: CIFS VFS: Free previous auth_key.response = ffff8c48f9d24900
Feb 06 19:42:30 readingrainbow kernel: CIFS VFS: Free previous auth_key.response = ffff8c4e06d04fc0
Feb 06 19:43:18 readingrainbow kernel: CIFS VFS: Free previous auth_key.response = ffff8c4ebb443b00
Feb 06 19:44:10 readingrainbow kernel: CIFS VFS: Free previous auth_key.response = ffff8c4f1e0a4180
Feb 06 19:44:59 readingrainbow kernel: CIFS VFS: Free previous auth_key.response = ffff8c4e06d040c0
Feb 06 19:45:50 readingrainbow kernel: CIFS VFS: Free previous auth_key.response = ffff8c4d9877f2c0
Feb 06 19:45:58 readingrainbow dhclient[2848]: DHCPREQUEST of 10.10.10.150 on enp179s0f0 to 10.10.10.3 port 67 (xid=0x1ca55be3)
Feb 06 19:45:58 readingrainbow dhclient[2848]: DHCPACK of 10.10.10.150 from 10.10.10.3
Feb 06 19:45:58 readingrainbow NetworkManager[1245]: [1517964358.2475] dhcp4 (enp179s0f0): address 10.10.10.150
Feb 06 19:45:58 readingrainbow NetworkManager[1245]: [1517964358.2475] dhcp4 (enp179s0f0): plen 24 (255.255.255.0)
Feb 06 19:45:58 readingrainbow NetworkManager[1245]: [1517964358.2475] dhcp4 (enp179s0f0): gateway 10.10.10.3
Feb 06 19:45:58 readingrainbow NetworkManager[1245]: [1517964358.2476] dhcp4 (enp179s0f0): lease time 3600
Feb 06 19:45:58 readingrainbow NetworkManager[1245]: [1517964358.2476] dhcp4 (enp179s0f0): hostname 'readingrainbow'
Feb 06 19:45:58 readingrainbow NetworkManager[1245]: [1517964358.2476] dhcp4 (enp179s0f0): nameserver '10.10.10.3'
Feb 06 19:45:58 readingrainbow NetworkManager[1245]: [1517964358.2476] dhcp4 (enp179s0f0): domain name 'world.n7sa.com'
Feb 06 19:45:58 readingrainbow NetworkManager[1245]: [1517964358.2476] dhcp4 (enp179s0f0): state changed bound -> bound
Feb 06 19:45:58 readingrainbow dhclient[2848]: bound to 10.10.10.150 -- renewal in 1365 seconds.
Feb 06 19:46:39 readingrainbow kernel: CIFS VFS: Free previous auth_key.response = ffff8c4ebb4429c0
Feb 06 19:47:30 readingrainbow kernel: CIFS VFS: Free previous auth_key.response = ffff8c48f9d25ec0
Feb 06 19:48:19 readingrainbow kernel: CIFS VFS: Free previous auth_key.response = ffff8c4d9877fec0
Feb 06 19:49:57 readingrainbow kernel: CIFS VFS: Free previous auth_key.response = ffff8c4ebb443500
Feb 06 19:50:48 readingrainbow kernel: CIFS VFS: Free previous auth_key.response = ffff8c4e06d049c0
Feb 06 19:51:38 readingrainbow kernel: CIFS VFS: Free previous auth_key.response = ffff8c4e06d049c0
Feb 06 19:52:28 readingrainbow kernel: CIFS VFS: Free previous auth_key.response = ffff8c4ebb443140
Feb 06 19:53:18 readingrainbow kernel: CIFS VFS: Free previous auth_key.response = ffff8c4f1e0a49c0
Feb 06 19:54:08 readingrainbow kernel: CIFS VFS: Free previous auth_key.response = ffff8c48f9d249c0
Feb 06 19:54:58 readingrainbow kernel: CIFS VFS: Free previous auth_key.response = ffff8c4e06d05140
Feb 06 19:55:48 readingrainbow kernel: CIFS VFS: Free previous auth_key.response = ffff8c4d9877e780
Feb 06 19:56:38 readingrainbow kernel: CIFS VFS: Free previous auth_key.response = ffff8c4d99415d40
Feb 06 19:57:28 readingrainbow kernel: CIFS VFS: Free previous auth_key.response = ffff8c4f68d54cc0
Feb 06 19:59:08 readingrainbow kernel: CIFS VFS: Free previous auth_key.response = ffff8c4f68d54cc0
Feb 06 19:59:57 readingrainbow kernel: CIFS VFS: Free previous auth_key.response = ffff8c48f9d25c80
Feb 06 20:00:48 readingrainbow kernel: CIFS VFS: Free previous auth_key.response = ffff8c4e06d05b00
Feb 06 20:01:16 readingrainbow dhclient[1582]: DHCPREQUEST of 10.0.0.163 on enp7s0 to 10.0.0.3 port 67 (xid=0x5c11d807)
Feb 06 20:01:16 readingrainbow dhclient[1582]: DHCPACK of 10.0.0.163 from 10.0.0.3
Feb 06 20:01:16 readingrainbow NetworkManager[1245]: [1517965276.8548] dhcp4 (enp7s0): address 10.0.0.163
Feb 06 20:01:16 readingrainbow NetworkManager[1245]: [1517965276.8548] dhcp4 (enp7s0): plen 24 (255.255.255.0)
Feb 06 20:01:16 readingrainbow NetworkManager[1245]: [1517965276.8548] dhcp4 (enp7s0): gateway 10.0.0.3
Feb 06 20:01:16 readingrainbow NetworkManager[1245]: [1517965276.8549] dhcp4 (enp7s0): lease time 3600
Feb 06 20:01:16 readingrainbow NetworkManager[1245]: [1517965276.8549] dhcp4 (enp7s0): hostname 'readingrainbow'
Feb 06 20:01:16 readingrainbow NetworkManager[1245]: [1517965276.8549] dhcp4 (enp7s0): nameserver '10.0.0.3'
Feb 06 20:01:16 readingrainbow NetworkManager[1245]: [1517965276.8549] dhcp4 (enp7s0): domain name 'world.n7sa.com'
Feb 06 20:01:16 readingrainbow NetworkManager[1245]: [1517965276.8549] dhcp4 (enp7s0): state changed bound -> bound
Feb 06 20:01:16 readingrainbow dhclient[1582]: bound to 10.0.0.163 -- renewal in 1344 seconds.
Feb 06 20:01:37 readingrainbow kernel: CIFS VFS: Free previous auth_key.response = ffff8c4ebb442840
Feb 06 20:02:27 readingrainbow kernel: CIFS VFS: Free previous auth_key.response = ffff8c4d99414fc0
Feb 06 20:03:17 readingrainbow kernel: CIFS VFS: Free previous auth_key.response = ffff8c4d99414fc0
Feb 06 20:04:07 readingrainbow kernel: CIFS VFS: Free previous auth_key.response = ffff8c4d99414fc0
Feb 06 20:04:57 readingrainbow kernel: CIFS VFS: Free previous auth_key.response = ffff8c4d99414fc0
Feb 06 20:05:47 readingrainbow kernel: CIFS VFS: Free previous auth_key.response = ffff8c4d99414fc0
Feb 06 20:06:37 readingrainbow kernel: CIFS VFS: Free previous auth_key.response = ffff8c4d99414fc0
Feb 06 20:07:27 readingrainbow kernel: CIFS VFS: Free previous auth_key.response = ffff8c4d99414fc0
Feb 06 20:08:18 readingrainbow kernel: CIFS VFS: Free previous auth_key.response = ffff8c4d99414fc0
Feb 06 20:09:02 readingrainbow dhclient[2848]: DHCPREQUEST of 10.10.10.150 on enp179s0f0 to 10.10.10.3 port 67 (xid=0x1ca55be3)
Feb 06 20:09:02 readingrainbow dhclient[2848]: DHCPACK of 10.10.10.150 from 10.10.10.3
Feb 06 20:09:02 readingrainbow NetworkManager[1245]: [1517965742.4989] dhcp4 (enp179s0f0): address 10.10.10.150
Feb 06 20:09:02 readingrainbow NetworkManager[1245]: [1517965742.4990] dhcp4 (enp179s0f0): plen 24 (255.255.255.0)
Feb 06 20:09:02 readingrainbow NetworkManager[1245]: [1517965742.4990] dhcp4 (enp179s0f0): gateway 10.10.10.3
Feb 06 20:09:02 readingrainbow NetworkManager[1245]: [1517965742.4990] dhcp4 (enp179s0f0): lease time 3600
Feb 06 20:09:02 readingrainbow NetworkManager[1245]: [1517965742.4990] dhcp4 (enp179s0f0): hostname 'readingrainbow'
Feb 06 20:09:02 readingrainbow NetworkManager[1245]: [1517965742.4990] dhcp4 (enp179s0f0): nameserver '10.10.10.3'
Feb 06 20:09:02 readingrainbow NetworkManager[1245]: [1517965742.4991] dhcp4 (enp179s0f0): domain name 'world.n7sa.com'
Feb 06 20:09:02 readingrainbow NetworkManager[1245]: [1517965742.4991] dhcp4 (enp179s0f0): state changed bound -> bound
Feb 06 20:09:02 readingrainbow dhclient[2848]: bound to 10.10.10.150 -- renewal in 1322 seconds.
Feb 06 20:09:07 readingrainbow kernel: CIFS VFS: Free previous auth_key.response = ffff8c4d99414fc0
Feb 06 20:09:58 readingrainbow kernel: CIFS VFS: Free previous auth_key.response = ffff8c4d99414fc0
Feb 06 20:10:47 readingrainbow kernel: CIFS VFS: Free previous auth_key.response = ffff8c4d99414fc0
Feb 06 20:11:38 readingrainbow kernel: CIFS VFS: Free previous auth_key.response = ffff8c4d99414fc0
Feb 06 20:12:27 readingrainbow kernel: CIFS VFS: Free previous auth_key.response = ffff8c4d99414fc0
Feb 06 20:13:18 readingrainbow kernel: CIFS VFS: Free previous auth_key.response = ffff8c4d99414fc0
Feb 06 20:14:07 readingrainbow kernel: CIFS VFS: Free previous auth_key.response = ffff8c4b821e8cc0
Feb 06 20:14:58 readingrainbow kernel: CIFS VFS: Free previous auth_key.response = ffff8c4e06d058c0
Feb 06 20:15:47 readingrainbow kernel: CIFS VFS: Free previous auth_key.response = ffff8c4d9877f740
Feb 06 20:17:26 readingrainbow kernel: CIFS VFS: Free previous auth_key.response = ffff8c4d99414d80
Feb 06 20:18:17 readingrainbow kernel: CIFS VFS: Free previous auth_key.response = ffff8c4d9877f740
Feb 06 20:19:07 readingrainbow kernel: CIFS VFS: Free previous auth_key.response = ffff8c4ebb442a80
Feb 06 20:19:57 readingrainbow kernel: CIFS VFS: Free previous auth_key.response = ffff8c4d994146c0
Feb 06 20:20:47 readingrainbow kernel: CIFS VFS: Free previous auth_key.response = ffff8c4fb6c18b40
Feb 06 20:21:37 readingrainbow kernel: CIFS VFS: Free previous auth_key.response = ffff8c4f1e0a49c0
Feb 06 20:22:27 readingrainbow kernel: CIFS VFS: Free previous auth_key.response = ffff8c48f9d24f00
Feb 06 20:23:17 readingrainbow kernel: CIFS VFS: Free previous auth_key.response = ffff8c4e06d04cc0
Feb 06 20:24:07 readingrainbow kernel: CIFS VFS: Free previous auth_key.response = ffff8c4d9877f980
Feb 06 20:24:37 readingrainbow dhclient[1582]: DHCPREQUEST of 10.0.0.163 on enp7s0 to 10.0.0.3 port 67 (xid=0x5c11d807)
Feb 06 20:24:37 readingrainbow dhclient[1582]: DHCPACK of 10.0.0.163 from 10.0.0.3
Feb 06 20:24:37 readingrainbow NetworkManager[1245]: [1517966677.1596] dhcp4 (enp7s0): address 10.0.0.163
Feb 06 20:24:37 readingrainbow NetworkManager[1245]: [1517966677.1597] dhcp4 (enp7s0): plen 24 (255.255.255.0)
Feb 06 20:24:37 readingrainbow NetworkManager[1245]: [1517966677.1597] dhcp4 (enp7s0): gateway 10.0.0.3
Feb 06 20:24:37 readingrainbow NetworkManager[1245]: [1517966677.1597] dhcp4 (enp7s0): lease time 3600
Feb 06 20:24:37 readingrainbow NetworkManager[1245]: [1517966677.1597] dhcp4 (enp7s0): hostname 'readingrainbow'
Feb 06 20:24:37 readingrainbow NetworkManager[1245]: [1517966677.1597] dhcp4 (enp7s0): nameserver '10.0.0.3'
Feb 06 20:24:37 readingrainbow NetworkManager[1245]: [1517966677.1598] dhcp4 (enp7s0): domain name 'world.n7sa.com'
Feb 06 20:24:37 readingrainbow NetworkManager[1245]: [1517966677.1598] dhcp4 (enp7s0): state changed bound -> bound
Feb 06 20:24:37 readingrainbow dhclient[1582]: bound to 10.0.0.163 -- renewal in 1574 seconds.
Feb 06 20:24:57 readingrainbow kernel: CIFS VFS: Free previous auth_key.response = ffff8c4f425352c0
Feb 06 20:26:37 readingrainbow kernel: CIFS VFS: Free previous auth_key.response = ffff8c4f1e0a5440
Feb 06 20:27:26 readingrainbow kernel: CIFS VFS: Free previous auth_key.response = ffff8c4d9877f980
Feb 06 20:28:17 readingrainbow kernel: CIFS VFS: Free previous auth_key.response = ffff8c4ebb4420c0
Feb 06 20:29:06 readingrainbow kernel: CIFS VFS: Free previous auth_key.response = ffff8c4f12acd500
Feb 06 20:29:57 readingrainbow kernel: CIFS VFS: Free previous auth_key.response = ffff8c4f12acd500
Feb 06 20:30:46 readingrainbow kernel: CIFS VFS: Free previous auth_key.response = ffff8c4f12acd500
Feb 06 20:31:20 readingrainbow dhclient[2848]: DHCPREQUEST of 10.10.10.150 on enp179s0f0 to 10.10.10.3 port 67 (xid=0x1ca55be3)
Feb 06 20:31:20 readingrainbow dhclient[2848]: DHCPACK of 10.10.10.150 from 10.10.10.3
Feb 06 20:31:20 readingrainbow NetworkManager[1245]: [1517967080.8761] dhcp4 (enp179s0f0): address 10.10.10.150
Feb 06 20:31:20 readingrainbow NetworkManager[1245]: [1517967080.8761] dhcp4 (enp179s0f0): plen 24 (255.255.255.0)
Feb 06 20:31:20 readingrainbow NetworkManager[1245]: [1517967080.8761] dhcp4 (enp179s0f0): gateway 10.10.10.3
Feb 06 20:31:20 readingrainbow NetworkManager[1245]: [1517967080.8761] dhcp4 (enp179s0f0): lease time 3600
Feb 06 20:31:20 readingrainbow NetworkManager[1245]: [1517967080.8762] dhcp4 (enp179s0f0): hostname 'readingrainbow'
Feb 06 20:31:20 readingrainbow NetworkManager[1245]: [1517967080.8762] dhcp4 (enp179s0f0): nameserver '10.10.10.3'
Feb 06 20:31:20 readingrainbow NetworkManager[1245]: [1517967080.8762] dhcp4 (enp179s0f0): domain name 'world.n7sa.com'
Feb 06 20:31:20 readingrainbow NetworkManager[1245]: [1517967080.8762] dhcp4 (enp179s0f0): state changed bound -> bound
Feb 06 20:31:20 readingrainbow dhclient[2848]: bound to 10.10.10.150 -- renewal in 1423 seconds.
Feb 06 20:31:37 readingrainbow kernel: CIFS VFS: Free previous auth_key.response = ffff8c4f82e07e00
Feb 06 20:32:26 readingrainbow kernel: CIFS VFS: Free previous auth_key.response = ffff8c4f12acc600
Feb 06 20:33:17 readingrainbow kernel: CIFS VFS: Free previous auth_key.response = ffff8c4f12acc600
Feb 06 20:34:06 readingrainbow kernel: CIFS VFS: Free previous auth_key.response = ffff8c4f12acc600
Feb 06 20:35:46 readingrainbow kernel: CIFS VFS: Free previous auth_key.response = ffff8c4f12acc600
Feb 06 20:36:36 readingrainbow kernel: CIFS VFS: Free previous auth_key.response = ffff8c4e06d05500
Feb 06 20:37:26 readingrainbow kernel: CIFS VFS: Free previous auth_key.response = ffff8c4d9877e6c0
Feb 06 20:38:16 readingrainbow kernel: CIFS VFS: Free previous auth_key.response = ffff8c4ebb442840
Feb 06 20:39:06 readingrainbow kernel: CIFS VFS: Free previous auth_key.response = ffff8c4a25ef8180
Feb 06 20:39:56 readingrainbow kernel: CIFS VFS: Free previous auth_key.response = ffff8c48f9d25140
Feb 06 20:40:47 readingrainbow kernel: CIFS VFS: Free previous auth_key.response = ffff8c4e06d04240
Feb 06 20:41:36 readingrainbow kernel: CIFS VFS: Free previous auth_key.response = ffff8c4f425358c0
Feb 06 20:42:27 readingrainbow kernel: CIFS VFS: Free previous auth_key.response = ffff8c4f425358c0
Feb 06 20:43:16 readingrainbow kernel: CIFS VFS: Free previous auth_key.response = ffff8c48f9d24b40
Feb 06 20:44:55 readingrainbow kernel: CIFS VFS: Free previous auth_key.response = ffff8c4e06d05740
Feb 06 20:45:45 readingrainbow kernel: CIFS VFS: Free previous auth_key.response = ffff8c4f42635500
Feb 06 20:46:36 readingrainbow kernel: CIFS VFS: Free previous auth_key.response = ffff8c4d994bf140
Feb 06 20:47:26 readingrainbow kernel: CIFS VFS: Free previous auth_key.response = ffff8c4f68d54180
Feb 06 20:48:16 readingrainbow kernel: CIFS VFS: Free previous auth_key.response = ffff8c4d9877ed80
Feb 06 20:49:06 readingrainbow kernel: CIFS VFS: Free previous auth_key.response = ffff8c4f42535680
Feb 06 20:49:56 readingrainbow kernel: CIFS VFS: Free previous auth_key.response = ffff8c4a25ef9980
Feb 06 20:50:46 readingrainbow kernel: CIFS VFS: Free previous auth_key.response = ffff8c4e06d05800
Feb 06 20:51:36 readingrainbow kernel: CIFS VFS: Free previous auth_key.response = ffff8c4d9877fe00
Feb 06 20:51:57 readingrainbow dhclient[1582]: DHCPREQUEST of 10.0.0.163 on enp7s0 to 10.0.0.3 port 67 (xid=0x5c11d807)
Feb 06 20:51:57 readingrainbow dhclient[1582]: DHCPACK of 10.0.0.163 from 10.0.0.3
Feb 06 20:51:57 readingrainbow NetworkManager[1245]: [1517968317.3850] dhcp4 (enp7s0): address 10.0.0.163
Feb 06 20:51:57 readingrainbow NetworkManager[1245]: [1517968317.3850] dhcp4 (enp7s0): plen 24 (255.255.255.0)
Feb 06 20:51:57 readingrainbow NetworkManager[1245]: [1517968317.3851] dhcp4 (enp7s0): gateway 10.0.0.3
Feb 06 20:51:57 readingrainbow NetworkManager[1245]: [1517968317.3851] dhcp4 (enp7s0): lease time 3600
Feb 06 20:51:57 readingrainbow NetworkManager[1245]: [1517968317.3851] dhcp4 (enp7s0): hostname 'readingrainbow'
Feb 06 20:51:57 readingrainbow NetworkManager[1245]: [1517968317.3851] dhcp4 (enp7s0): nameserver '10.0.0.3'
Feb 06 20:51:57 readingrainbow NetworkManager[1245]: [1517968317.3851] dhcp4 (enp7s0): domain name 'world.n7sa.com'
Feb 06 20:51:57 readingrainbow NetworkManager[1245]: [1517968317.3851] dhcp4 (enp7s0): state changed bound -> bound
Feb 06 20:51:57 readingrainbow dhclient[1582]: bound to 10.0.0.163 -- renewal in 1479 seconds.
Feb 06 20:52:26 readingrainbow kernel: CIFS VFS: Free previous auth_key.response = ffff8c4ebb442240
Feb 06 20:53:16 readingrainbow kernel: CIFS VFS: Free previous auth_key.response = ffff8c4f42535b00
Feb 06 20:54:07 readingrainbow kernel: CIFS VFS: Free previous auth_key.response = ffff8c4f691786c0
Feb 06 20:54:56 readingrainbow kernel: CIFS VFS: Free previous auth_key.response = ffff8c4f1e0a4780
Feb 06 20:55:11 readingrainbow dhclient[2848]: DHCPREQUEST of 10.10.10.150 on enp179s0f0 to 10.10.10.3 port 67 (xid=0x1ca55be3)
Feb 06 20:55:11 readingrainbow dhclient[2848]: DHCPACK of 10.10.10.150 from 10.10.10.3
Feb 06 20:55:11 readingrainbow NetworkManager[1245]: [1517968511.3565] dhcp4 (enp179s0f0): address 10.10.10.150
Feb 06 20:55:11 readingrainbow NetworkManager[1245]: [1517968511.3565] dhcp4 (enp179s0f0): plen 24 (255.255.255.0)
Feb 06 20:55:11 readingrainbow NetworkManager[1245]: [1517968511.3566] dhcp4 (enp179s0f0): gateway 10.10.10.3
Feb 06 20:55:11 readingrainbow NetworkManager[1245]: [1517968511.3566] dhcp4 (enp179s0f0): lease time 3600
Feb 06 20:55:11 readingrainbow NetworkManager[1245]: [1517968511.3566] dhcp4 (enp179s0f0): hostname 'readingrainbow'
Feb 06 20:55:11 readingrainbow NetworkManager[1245]: [1517968511.3566] dhcp4 (enp179s0f0): nameserver '10.10.10.3'
Feb 06 20:55:11 readingrainbow NetworkManager[1245]: [1517968511.3566] dhcp4 (enp179s0f0): domain name 'world.n7sa.com'
Feb 06 20:55:11 readingrainbow NetworkManager[1245]: [1517968511.3566] dhcp4 (enp179s0f0): state changed bound -> bound
Feb 06 20:55:11 readingrainbow dhclient[2848]: bound to 10.10.10.150 -- renewal in 1426 seconds.
Feb 06 20:55:47 readingrainbow kernel: CIFS VFS: Free previous auth_key.response = ffff8c48f9d24300
Feb 06 20:56:36 readingrainbow kernel: CIFS VFS: Free previous auth_key.response = ffff8c4d9877f140
Feb 06 20:57:27 readingrainbow kernel: CIFS VFS: Free previous auth_key.response = ffff8c4f425358c0
Feb 06 20:58:16 readingrainbow kernel: CIFS VFS: Free previous auth_key.response = ffff8c4f69178240
Feb 06 20:59:07 readingrainbow kernel: CIFS VFS: Free previous auth_key.response = ffff8c4f1e0a4780
Feb 06 20:59:56 readingrainbow kernel: CIFS VFS: Free previous auth_key.response = ffff8c48f9d25380
Feb 06 21:00:47 readingrainbow kernel: CIFS VFS: Free previous auth_key.response = ffff8c4e06d05ec0
Feb 06 21:01:36 readingrainbow kernel: CIFS VFS: Free previous auth_key.response = ffff8c4d9877e6c0
Feb 06 21:03:15 readingrainbow kernel: CIFS VFS: Free previous auth_key.response = ffff8c4f42535ec0
Feb 06 21:04:06 readingrainbow kernel: CIFS VFS: Free previous auth_key.response = ffff8c4d9877e6c0
Feb 06 21:04:56 readingrainbow kernel: CIFS VFS: Free previous auth_key.response = ffff8c4e13c5e9c0
Feb 06 21:05:46 readingrainbow kernel: CIFS VFS: Free previous auth_key.response = ffff8c48f9d25c80
Feb 06 21:06:36 readingrainbow kernel: CIFS VFS: Free previous auth_key.response = ffff8c4907059800
Feb 06 21:07:26 readingrainbow kernel: CIFS VFS: Free previous auth_key.response = ffff8c4f37996840
Feb 06 21:08:16 readingrainbow kernel: CIFS VFS: Free previous auth_key.response = ffff8c490fa7d440
Feb 06 21:09:06 readingrainbow kernel: CIFS VFS: Free previous auth_key.response = ffff8c48f9d243c0
Feb 06 21:09:56 readingrainbow kernel: CIFS VFS: Free previous auth_key.response = ffff8c4e13c5e000
Feb 06 21:10:45 readingrainbow kernel: CIFS VFS: Free previous auth_key.response = ffff8c4e06d04900
Feb 06 21:12:24 readingrainbow kernel: CIFS VFS: Free previous auth_key.response = ffff8c4d9877f2c0
Feb 06 21:13:15 readingrainbow kernel: CIFS VFS: Free previous auth_key.response = ffff8c4d9877f2c0
Feb 06 21:14:05 readingrainbow kernel: CIFS VFS: Free previous auth_key.response = ffff8c4ebb4420c0
Feb 06 21:14:55 readingrainbow kernel: CIFS VFS: Free previous auth_key.response = ffff8c4f425358c0
Feb 06 21:15:45 readingrainbow kernel: CIFS VFS: Free previous auth_key.response = ffff8c4f1e0a5680
Feb 06 21:16:35 readingrainbow kernel: CIFS VFS: Free previous auth_key.response = ffff8c4d9840b2c0
Feb 06 21:17:25 readingrainbow kernel: CIFS VFS: Free previous auth_key.response = ffff8c4d9877ed80
Feb 06 21:17:38 readingrainbow dhclient[1582]: DHCPREQUEST of 10.0.0.163 on enp7s0 to 10.0.0.3 port 67 (xid=0x5c11d807)
Feb 06 21:17:38 readingrainbow dhclient[1582]: DHCPACK of 10.0.0.163 from 10.0.0.3
Feb 06 21:17:38 readingrainbow NetworkManager[1245]: [1517969858.1447] dhcp4 (enp7s0): address 10.0.0.163
Feb 06 21:17:38 readingrainbow NetworkManager[1245]: [1517969858.1448] dhcp4 (enp7s0): plen 24 (255.255.255.0)
Feb 06 21:17:38 readingrainbow NetworkManager[1245]: [1517969858.1448] dhcp4 (enp7s0): gateway 10.0.0.3
Feb 06 21:17:38 readingrainbow NetworkManager[1245]: [1517969858.1448] dhcp4 (enp7s0): lease time 3600
Feb 06 21:17:38 readingrainbow NetworkManager[1245]: [1517969858.1448] dhcp4 (enp7s0): hostname 'readingrainbow'
Feb 06 21:17:38 readingrainbow NetworkManager[1245]: [1517969858.1448] dhcp4 (enp7s0): nameserver '10.0.0.3'
Feb 06 21:17:38 readingrainbow NetworkManager[1245]: [1517969858.1449] dhcp4 (enp7s0): domain name 'world.n7sa.com'
Feb 06 21:17:38 readingrainbow NetworkManager[1245]: [1517969858.1449] dhcp4 (enp7s0): state changed bound -> bound
Feb 06 21:17:38 readingrainbow dhclient[1582]: bound to 10.0.0.163 -- renewal in 1293 seconds.
Feb 06 21:18:15 readingrainbow kernel: CIFS VFS: Free previous auth_key.response = ffff8c4f42535740
Feb 06 21:19:00 readingrainbow dhclient[2848]: DHCPREQUEST of 10.10.10.150 on enp179s0f0 to 10.10.10.3 port 67 (xid=0x1ca55be3)
Feb 06 21:19:00 readingrainbow dhclient[2848]: DHCPACK of 10.10.10.150 from 10.10.10.3
Feb 06 21:19:00 readingrainbow NetworkManager[1245]: [1517969940.1372] dhcp4 (enp179s0f0): address 10.10.10.150
Feb 06 21:19:00 readingrainbow NetworkManager[1245]: [1517969940.1373] dhcp4 (enp179s0f0): plen 24 (255.255.255.0)
Feb 06 21:19:00 readingrainbow NetworkManager[1245]: [1517969940.1373] dhcp4 (enp179s0f0): gateway 10.10.10.3
Feb 06 21:19:00 readingrainbow NetworkManager[1245]: [1517969940.1373] dhcp4 (enp179s0f0): lease time 3600
Feb 06 21:19:00 readingrainbow NetworkManager[1245]: [1517969940.1373] dhcp4 (enp179s0f0): hostname 'readingrainbow'
Feb 06 21:19:00 readingrainbow NetworkManager[1245]: [1517969940.1373] dhcp4 (enp179s0f0): nameserver '10.10.10.3'
Feb 06 21:19:00 readingrainbow NetworkManager[1245]: [1517969940.1373] dhcp4 (enp179s0f0): domain name 'world.n7sa.com'
Feb 06 21:19:00 readingrainbow NetworkManager[1245]: [1517969940.1374] dhcp4 (enp179s0f0): state changed bound -> bound
Feb 06 21:19:00 readingrainbow dhclient[2848]: bound to 10.10.10.150 -- renewal in 1514 seconds.
Feb 06 21:19:05 readingrainbow kernel: CIFS VFS: Free previous auth_key.response = ffff8c4f1e0a4a80
Feb 06 21:19:55 readingrainbow kernel: CIFS VFS: Free previous auth_key.response = ffff8c48f9d243c0
Feb 06 21:21:34 readingrainbow kernel: CIFS VFS: Free previous auth_key.response = ffff8c4d9877e480
Feb 06 21:22:23 readingrainbow kernel: CIFS VFS: Free previous auth_key.response = ffff8c4d994bf080
Feb 06 21:23:14 readingrainbow kernel: CIFS VFS: Free previous auth_key.response = ffff8c4d994bf080
Feb 06 21:24:03 readingrainbow kernel: CIFS VFS: Free previous auth_key.response = ffff8c4d9877ee40
Feb 06 21:24:54 readingrainbow kernel: CIFS VFS: Free previous auth_key.response = ffff8c4f42535a40
Feb 06 21:25:43 readingrainbow kernel: CIFS VFS: Free previous auth_key.response = ffff8c490f950240
Feb 06 21:26:34 readingrainbow kernel: CIFS VFS: Free previous auth_key.response = ffff8c4e06d05800
Feb 06 21:27:23 readingrainbow kernel: CIFS VFS: Free previous auth_key.response = ffff8c4f42635500
Feb 06 21:28:14 readingrainbow kernel: CIFS VFS: Free previous auth_key.response = ffff8c4d994befc0
Feb 06 21:29:03 readingrainbow kernel: CIFS VFS: Free previous auth_key.response = ffff8c4f68d54900
Feb 06 21:30:41 readingrainbow kernel: CIFS VFS: Free previous auth_key.response = ffff8c4d99414b40
Feb 06 21:31:32 readingrainbow kernel: CIFS VFS: Free previous auth_key.response = ffff8c498f575b00
Feb 06 21:32:22 readingrainbow kernel: CIFS VFS: Free previous auth_key.response = ffff8c48f9d25ec0
Feb 06 21:33:12 readingrainbow kernel: CIFS VFS: Free previous auth_key.response = ffff8c4e06d04b40
Feb 06 21:34:02 readingrainbow kernel: CIFS VFS: Free previous auth_key.response = ffff8c4d994bf200
Feb 06 21:34:52 readingrainbow kernel: CIFS VFS: Free previous auth_key.response = ffff8c4f68d54000
Feb 06 21:35:42 readingrainbow kernel: CIFS VFS: Free previous auth_key.response = ffff8c4ebb442000
Feb 06 21:36:32 readingrainbow kernel: CIFS VFS: Free previous auth_key.response = ffff8c4f1e0a5ec0
Feb 06 21:37:22 readingrainbow kernel: CIFS VFS: Free previous auth_key.response = ffff8c48f9d24840
Feb 06 21:38:11 readingrainbow kernel: CIFS VFS: Free previous auth_key.response = ffff8c4e06d058c0
Feb 06 21:39:02 readingrainbow kernel: CIFS VFS: Free previous auth_key.response = ffff8c4d994bfbc0
Feb 06 21:39:51 readingrainbow kernel: CIFS VFS: Free previous auth_key.response = ffff8c4f68d54f00
Feb 06 21:40:05 readingrainbow dhclient[1582]: DHCPREQUEST of 10.0.0.163 on enp7s0 to 10.0.0.3 port 67 (xid=0x5c11d807)
Feb 06 21:40:05 readingrainbow dhclient[1582]: DHCPACK of 10.0.0.163 from 10.0.0.3
Feb 06 21:40:05 readingrainbow NetworkManager[1245]: [1517971205.6185] dhcp4 (enp7s0): address 10.0.0.163
Feb 06 21:40:05 readingrainbow NetworkManager[1245]: [1517971205.6186] dhcp4 (enp7s0): plen 24 (255.255.255.0)
Feb 06 21:40:05 readingrainbow NetworkManager[1245]: [1517971205.6186] dhcp4 (enp7s0): gateway 10.0.0.3
Feb 06 21:40:05 readingrainbow NetworkManager[1245]: [1517971205.6186] dhcp4 (enp7s0): lease time 3600
Feb 06 21:40:05 readingrainbow NetworkManager[1245]: [1517971205.6186] dhcp4 (enp7s0): hostname 'readingrainbow'
Feb 06 21:40:05 readingrainbow NetworkManager[1245]: [1517971205.6186] dhcp4 (enp7s0): nameserver '10.0.0.3'
Feb 06 21:40:05 readingrainbow NetworkManager[1245]: [1517971205.6187] dhcp4 (enp7s0): domain name 'world.n7sa.com'
Feb 06 21:40:05 readingrainbow NetworkManager[1245]: [1517971205.6187] dhcp4 (enp7s0): state changed bound -> bound
Feb 06 21:40:05 readingrainbow dhclient[1582]: bound to 10.0.0.163 -- renewal in 1548 seconds.
Feb 06 21:40:42 readingrainbow kernel: CIFS VFS: Free previous auth_key.response = ffff8c4f928fb440
Feb 06 21:41:32 readingrainbow kernel: CIFS VFS: Free previous auth_key.response = ffff8c4f928fb440
Feb 06 21:42:22 readingrainbow kernel: CIFS VFS: Free previous auth_key.response = ffff8c4f928fb440
Feb 06 21:43:12 readingrainbow kernel: CIFS VFS: Free previous auth_key.response = ffff8c4f928fb440
Feb 06 21:44:02 readingrainbow kernel: CIFS VFS: Free previous auth_key.response = ffff8c4f928fb440
Feb 06 21:44:25 readingrainbow dhclient[2848]: DHCPREQUEST of 10.10.10.150 on enp179s0f0 to 10.10.10.3 port 67 (xid=0x1ca55be3)
Feb 06 21:44:25 readingrainbow dhclient[2848]: DHCPACK of 10.10.10.150 from 10.10.10.3
Feb 06 21:44:25 readingrainbow NetworkManager[1245]: [1517971465.1753] dhcp4 (enp179s0f0): address 10.10.10.150
Feb 06 21:44:25 readingrainbow NetworkManager[1245]: [1517971465.1753] dhcp4 (enp179s0f0): plen 24 (255.255.255.0)
Feb 06 21:44:25 readingrainbow NetworkManager[1245]: [1517971465.1754] dhcp4 (enp179s0f0): gateway 10.10.10.3
Feb 06 21:44:25 readingrainbow NetworkManager[1245]: [1517971465.1754] dhcp4 (enp179s0f0): lease time 3600
Feb 06 21:44:25 readingrainbow NetworkManager[1245]: [1517971465.1754] dhcp4 (enp179s0f0): hostname 'readingrainbow'
Feb 06 21:44:25 readingrainbow NetworkManager[1245]: [1517971465.1754] dhcp4 (enp179s0f0): nameserver '10.10.10.3'
Feb 06 21:44:25 readingrainbow NetworkManager[1245]: [1517971465.1754] dhcp4 (enp179s0f0): domain name 'world.n7sa.com'
Feb 06 21:44:25 readingrainbow NetworkManager[1245]: [1517971465.1754] dhcp4 (enp179s0f0): state changed bound -> bound
Feb 06 21:44:25 readingrainbow dhclient[2848]: bound to 10.10.10.150 -- renewal in 1585 seconds.
Feb 06 21:44:52 readingrainbow kernel: CIFS VFS: Free previous auth_key.response = ffff8c4f928fb440
Feb 06 21:45:42 readingrainbow kernel: CIFS VFS: Free previous auth_key.response = ffff8c4f928fb440
Feb 06 21:46:32 readingrainbow kernel: CIFS VFS: Free previous auth_key.response = ffff8c4f928fb440
Feb 06 21:47:22 readingrainbow kernel: CIFS VFS: Free previous auth_key.response = ffff8c4f379960c0
Feb 06 21:49:02 readingrainbow kernel: CIFS VFS: Free previous auth_key.response = ffff8c4f928fa240
Feb 06 21:49:51 readingrainbow kernel: CIFS VFS: Free previous auth_key.response = ffff8c4d99415ec0
Feb 06 21:50:42 readingrainbow kernel: CIFS VFS: Free previous auth_key.response = ffff8c498f575e00
Feb 06 21:51:31 readingrainbow kernel: CIFS VFS: Free previous auth_key.response = ffff8c4e06d04300
Feb 06 21:52:22 readingrainbow kernel: CIFS VFS: Free previous auth_key.response = ffff8c4f42634e40
Feb 06 21:53:11 readingrainbow kernel: CIFS VFS: Free previous auth_key.response = ffff8c4d994bfbc0
Feb 06 21:54:02 readingrainbow kernel: CIFS VFS: Free previous auth_key.response = ffff8c4d99414180
Feb 06 21:54:51 readingrainbow kernel: CIFS VFS: Free previous auth_key.response = ffff8c4e06d049c0
Feb 06 21:55:42 readingrainbow kernel: CIFS VFS: Free previous auth_key.response = ffff8c498f575b00
Feb 06 21:56:31 readingrainbow kernel: CIFS VFS: Free previous auth_key.response = ffff8c498f575b00
Feb 06 21:58:09 readingrainbow kernel: CIFS VFS: Free previous auth_key.response = ffff8c490f951b00
Feb 06 21:59:00 readingrainbow kernel: CIFS VFS: Free previous auth_key.response = ffff8c4a25ef9380
Feb 06 21:59:50 readingrainbow kernel: CIFS VFS: Free previous auth_key.response = ffff8c4d99414840
Feb 06 22:00:40 readingrainbow kernel: CIFS VFS: Free previous auth_key.response = ffff8c4d9877f140
Feb 06 22:01:30 readingrainbow kernel: CIFS VFS: Free previous auth_key.response = ffff8c4f42535e00
Feb 06 22:02:20 readingrainbow kernel: CIFS VFS: Free previous auth_key.response = ffff8c4f1e0a5980
Feb 06 22:03:10 readingrainbow kernel: CIFS VFS: Free previous auth_key.response = ffff8c4d9877f8c0
Feb 06 22:04:00 readingrainbow kernel: CIFS VFS: Free previous auth_key.response = ffff8c4f42535740
Feb 06 22:04:50 readingrainbow kernel: CIFS VFS: Free previous auth_key.response = ffff8c4f1e0a4180
Feb 06 22:05:40 readingrainbow kernel: CIFS VFS: Free previous auth_key.response = ffff8c4f42535980
Feb 06 22:06:58 readingrainbow dhclient[1582]: DHCPREQUEST of 10.0.0.163 on enp7s0 to 10.0.0.3 port 67 (xid=0x5c11d807)
Feb 06 22:06:58 readingrainbow dhclient[1582]: DHCPACK of 10.0.0.163 from 10.0.0.3
Feb 06 22:06:58 readingrainbow NetworkManager[1245]: [1517972818.2255] dhcp4 (enp7s0): address 10.0.0.163
Feb 06 22:06:58 readingrainbow NetworkManager[1245]: [1517972818.2255] dhcp4 (enp7s0): plen 24 (255.255.255.0)
Feb 06 22:06:58 readingrainbow NetworkManager[1245]: [1517972818.2255] dhcp4 (enp7s0): gateway 10.0.0.3
Feb 06 22:06:58 readingrainbow NetworkManager[1245]: [1517972818.2256] dhcp4 (enp7s0): lease time 3600
Feb 06 22:06:58 readingrainbow NetworkManager[1245]: [1517972818.2256] dhcp4 (enp7s0): hostname 'readingrainbow'
Feb 06 22:06:58 readingrainbow NetworkManager[1245]: [1517972818.2256] dhcp4 (enp7s0): nameserver '10.0.0.3'
Feb 06 22:06:58 readingrainbow NetworkManager[1245]: [1517972818.2256] dhcp4 (enp7s0): domain name 'world.n7sa.com'
Feb 06 22:06:58 readingrainbow NetworkManager[1245]: [1517972818.2256] dhcp4 (enp7s0): state changed bound -> bound
Feb 06 22:06:58 readingrainbow dhclient[1582]: bound to 10.0.0.163 -- renewal in 1568 seconds.
Feb 06 22:07:20 readingrainbow kernel: CIFS VFS: Free previous auth_key.response = ffff8c4f1e0a5680
Feb 06 22:08:09 readingrainbow kernel: CIFS VFS: Free previous auth_key.response = ffff8c4f1e0a5680
Feb 06 22:08:59 readingrainbow kernel: CIFS VFS: Free previous auth_key.response = ffff8c4d994bfbc0
Feb 06 22:09:49 readingrainbow kernel: CIFS VFS: Free previous auth_key.response = ffff8c4d9877e180
Feb 06 22:10:39 readingrainbow kernel: CIFS VFS: Free previous auth_key.response = ffff8c4e8d5240c0
Feb 06 22:11:00 readingrainbow dhclient[2848]: DHCPREQUEST of 10.10.10.150 on enp179s0f0 to 10.10.10.3 port 67 (xid=0x1ca55be3)
Feb 06 22:11:00 readingrainbow dhclient[2848]: DHCPACK of 10.10.10.150 from 10.10.10.3
Feb 06 22:11:00 readingrainbow NetworkManager[1245]: [1517973060.1532] dhcp4 (enp179s0f0): address 10.10.10.150
Feb 06 22:11:00 readingrainbow NetworkManager[1245]: [1517973060.1532] dhcp4 (enp179s0f0): plen 24 (255.255.255.0)
Feb 06 22:11:00 readingrainbow NetworkManager[1245]: [1517973060.1532] dhcp4 (enp179s0f0): gateway 10.10.10.3
Feb 06 22:11:00 readingrainbow NetworkManager[1245]: [1517973060.1533] dhcp4 (enp179s0f0): lease time 3600
Feb 06 22:11:00 readingrainbow NetworkManager[1245]: [1517973060.1533] dhcp4 (enp179s0f0): hostname 'readingrainbow'
Feb 06 22:11:00 readingrainbow NetworkManager[1245]: [1517973060.1533] dhcp4 (enp179s0f0): nameserver '10.10.10.3'
Feb 06 22:11:00 readingrainbow NetworkManager[1245]: [1517973060.1533] dhcp4 (enp179s0f0): domain name 'world.n7sa.com'
Feb 06 22:11:00 readingrainbow NetworkManager[1245]: [1517973060.1533] dhcp4 (enp179s0f0): state changed bound -> bound
Feb 06 22:11:00 readingrainbow dhclient[2848]: bound to 10.10.10.150 -- renewal in 1263 seconds.
Feb 06 22:11:29 readingrainbow kernel: CIFS VFS: Free previous auth_key.response = ffff8c4d994be000
Feb 06 22:12:19 readingrainbow kernel: CIFS VFS: Free previous auth_key.response = ffff8c4f42635a40
Feb 06 22:13:09 readingrainbow kernel: CIFS VFS: Free previous auth_key.response = ffff8c4d994bf080
Feb 06 22:13:59 readingrainbow kernel: CIFS VFS: Free previous auth_key.response = ffff8c4a25ef8e40
Feb 06 22:14:49 readingrainbow kernel: CIFS VFS: Free previous auth_key.response = ffff8c4f1e0a4600
Feb 06 22:16:28 readingrainbow kernel: CIFS VFS: Free previous auth_key.response = ffff8c4f42635800
Feb 06 22:17:17 readingrainbow kernel: CIFS VFS: Free previous auth_key.response = ffff8c4f42635800
Feb 06 22:18:08 readingrainbow kernel: CIFS VFS: Free previous auth_key.response = ffff8c4f68d54b40
Feb 06 22:18:57 readingrainbow kernel: CIFS VFS: Free previous auth_key.response = ffff8c4d994be180
Feb 06 22:19:48 readingrainbow kernel: CIFS VFS: Free previous auth_key.response = ffff8c4f68d55d40
Feb 06 22:20:37 readingrainbow kernel: CIFS VFS: Free previous auth_key.response = ffff8c4d9877f740
Feb 06 22:21:28 readingrainbow kernel: CIFS VFS: Free previous auth_key.response = ffff8c4d994bfec0
Feb 06 22:22:17 readingrainbow kernel: CIFS VFS: Free previous auth_key.response = ffff8c4f68d54180
Feb 06 22:23:08 readingrainbow kernel: CIFS VFS: Free previous auth_key.response = ffff8c4d9877f740
Feb 06 22:23:57 readingrainbow kernel: CIFS VFS: Free previous auth_key.response = ffff8c4d994bf5c0
Feb 06 22:25:36 readingrainbow kernel: CIFS VFS: Free previous auth_key.response = ffff8c4f68d552c0
Feb 06 22:26:27 readingrainbow kernel: CIFS VFS: Free previous auth_key.response = ffff8c4ea2e169c0
Feb 06 22:27:17 readingrainbow kernel: CIFS VFS: Free previous auth_key.response = ffff8c4e06d04240
Feb 06 22:28:07 readingrainbow kernel: CIFS VFS: Free previous auth_key.response = ffff8c498f574d80
Feb 06 22:28:57 readingrainbow kernel: CIFS VFS: Free previous auth_key.response = ffff8c4e06d04b40
Feb 06 22:29:47 readingrainbow kernel: CIFS VFS: Free previous auth_key.response = ffff8c498f575e00
Feb 06 22:30:37 readingrainbow kernel: CIFS VFS: Free previous auth_key.response = ffff8c4ea2e16840
Feb 06 22:31:27 readingrainbow kernel: CIFS VFS: Free previous auth_key.response = ffff8c4ea2e16840
Feb 06 22:32:17 readingrainbow kernel: CIFS VFS: Free previous auth_key.response = ffff8c4e06d05740
Feb 06 22:32:56 readingrainbow dhclient[2848]: DHCPREQUEST of 10.10.10.150 on enp179s0f0 to 10.10.10.3 port 67 (xid=0x1ca55be3)
Feb 06 22:32:56 readingrainbow dhclient[2848]: DHCPACK of 10.10.10.150 from 10.10.10.3
Feb 06 22:32:56 readingrainbow NetworkManager[1245]: [1517974376.4083] dhcp4 (enp179s0f0): address 10.10.10.150
Feb 06 22:32:56 readingrainbow NetworkManager[1245]: [1517974376.4084] dhcp4 (enp179s0f0): plen 24 (255.255.255.0)
Feb 06 22:32:56 readingrainbow NetworkManager[1245]: [1517974376.4084] dhcp4 (enp179s0f0): gateway 10.10.10.3
Feb 06 22:32:56 readingrainbow NetworkManager[1245]: [1517974376.4084] dhcp4 (enp179s0f0): lease time 3600
Feb 06 22:32:56 readingrainbow NetworkManager[1245]: [1517974376.4084] dhcp4 (enp179s0f0): hostname 'readingrainbow'
Feb 06 22:32:56 readingrainbow NetworkManager[1245]: [1517974376.4084] dhcp4 (enp179s0f0): nameserver '10.10.10.3'
Feb 06 22:32:56 readingrainbow NetworkManager[1245]: [1517974376.4084] dhcp4 (enp179s0f0): domain name 'world.n7sa.com'
Feb 06 22:32:56 readingrainbow NetworkManager[1245]: [1517974376.4085] dhcp4 (enp179s0f0): state changed bound -> bound
Feb 06 22:32:56 readingrainbow dhclient[2848]: bound to 10.10.10.150 -- renewal in 1411 seconds.
Feb 06 22:33:07 readingrainbow kernel: CIFS VFS: Free previous auth_key.response = ffff8c4ea2e17d40
Feb 06 22:34:11 readingrainbow dhclient[1582]: DHCPREQUEST of 10.0.0.163 on enp7s0 to 10.0.0.3 port 67 (xid=0x5c11d807)
Feb 06 22:34:11 readingrainbow dhclient[1582]: DHCPACK of 10.0.0.163 from 10.0.0.3
Feb 06 22:34:11 readingrainbow NetworkManager[1245]: [1517974451.2139] dhcp4 (enp7s0): address 10.0.0.163
Feb 06 22:34:11 readingrainbow NetworkManager[1245]: [1517974451.2140] dhcp4 (enp7s0): plen 24 (255.255.255.0)
Feb 06 22:34:11 readingrainbow NetworkManager[1245]: [1517974451.2140] dhcp4 (enp7s0): gateway 10.0.0.3
Feb 06 22:34:11 readingrainbow NetworkManager[1245]: [1517974451.2140] dhcp4 (enp7s0): lease time 3600
Feb 06 22:34:11 readingrainbow NetworkManager[1245]: [1517974451.2140] dhcp4 (enp7s0): hostname 'readingrainbow'
Feb 06 22:34:11 readingrainbow NetworkManager[1245]: [1517974451.2140] dhcp4 (enp7s0): nameserver '10.0.0.3'
Feb 06 22:34:11 readingrainbow NetworkManager[1245]: [1517974451.2141] dhcp4 (enp7s0): domain name 'world.n7sa.com'
Feb 06 22:34:11 readingrainbow NetworkManager[1245]: [1517974451.2141] dhcp4 (enp7s0): state changed bound -> bound
Feb 06 22:34:11 readingrainbow dhclient[1582]: bound to 10.0.0.163 -- renewal in 1410 seconds.
Feb 06 22:34:46 readingrainbow kernel: CIFS VFS: Free previous auth_key.response = ffff8c4e06d05500
Feb 06 22:35:35 readingrainbow kernel: CIFS VFS: Free previous auth_key.response = ffff8c4e06d05500
Feb 06 22:36:25 readingrainbow kernel: CIFS VFS: Free previous auth_key.response = ffff8c4e8d7a9e00
Feb 06 22:37:15 readingrainbow kernel: CIFS VFS: Free previous auth_key.response = ffff8c4ea2e16fc0
Feb 06 22:38:05 readingrainbow kernel: CIFS VFS: Free previous auth_key.response = ffff8c4e06d04fc0
Feb 06 22:38:55 readingrainbow kernel: CIFS VFS: Free previous auth_key.response = ffff8c4ea2e17a40
Feb 06 22:39:45 readingrainbow kernel: CIFS VFS: Free previous auth_key.response = ffff8c4d289a6780
Feb 06 22:40:35 readingrainbow kernel: CIFS VFS: Free previous auth_key.response = ffff8c4ea2e16fc0
Feb 06 22:41:25 readingrainbow kernel: CIFS VFS: Free previous auth_key.response = ffff8c4e06d04000
Feb 06 22:42:15 readingrainbow kernel: CIFS VFS: Free previous auth_key.response = ffff8c4d289a6300
Feb 06 22:43:05 readingrainbow kernel: CIFS VFS: Free previous auth_key.response = ffff8c4ea2e17d40
Feb 06 22:43:56 readingrainbow kernel: CIFS VFS: Free previous auth_key.response = ffff8c4e06d058c0
Feb 06 22:44:45 readingrainbow kernel: CIFS VFS: Free previous auth_key.response = ffff8c490fa7d440
Feb 06 22:45:36 readingrainbow kernel: CIFS VFS: Free previous auth_key.response = ffff8c4f425358c0
Feb 06 22:46:25 readingrainbow kernel: CIFS VFS: Free previous auth_key.response = ffff8c4d994be9c0
Feb 06 22:47:16 readingrainbow kernel: CIFS VFS: Free previous auth_key.response = ffff8c4f68d54d80
Feb 06 22:48:05 readingrainbow kernel: CIFS VFS: Free previous auth_key.response = ffff8c4f5c06ef00
Feb 06 22:48:56 readingrainbow kernel: CIFS VFS: Free previous auth_key.response = ffff8c4f42635440
Feb 06 22:49:45 readingrainbow kernel: CIFS VFS: Free previous auth_key.response = ffff8c490fa7c300
Feb 06 22:50:36 readingrainbow kernel: CIFS VFS: Free previous auth_key.response = ffff8c4f42534480
Feb 06 22:51:25 readingrainbow kernel: CIFS VFS: Free previous auth_key.response = ffff8c4f1e0a58c0
Feb 06 22:53:04 readingrainbow kernel: CIFS VFS: Free previous auth_key.response = ffff8c4f7db54f00
Feb 06 22:53:55 readingrainbow kernel: CIFS VFS: Free previous auth_key.response = ffff8c4f12b64300
Feb 06 22:54:45 readingrainbow kernel: CIFS VFS: Free previous auth_key.response = ffff8c4ea2e16240
Feb 06 22:55:35 readingrainbow kernel: CIFS VFS: Free previous auth_key.response = ffff8c4e06d05740
Feb 06 22:56:25 readingrainbow kernel: CIFS VFS: Free previous auth_key.response = ffff8c4f12b65080
