Feb 07 06:47:19 readingrainbow kernel: CIFS VFS: Free previous auth_key.response = ffff8c4f269769c0
Feb 07 06:48:59 readingrainbow kernel: CIFS VFS: Free previous auth_key.response = ffff8c4ea2e175c0
Feb 07 06:49:50 readingrainbow kernel: CIFS VFS: Free previous auth_key.response = ffff8c4f928fab40
Feb 07 06:50:40 readingrainbow kernel: CIFS VFS: Free previous auth_key.response = ffff8c4f928fab40
Feb 07 06:51:30 readingrainbow kernel: CIFS VFS: Free previous auth_key.response = ffff8c4f928fab40
Feb 07 06:52:20 readingrainbow kernel: CIFS VFS: Free previous auth_key.response = ffff8c4f928fab40
Feb 07 06:53:10 readingrainbow kernel: CIFS VFS: Free previous auth_key.response = ffff8c4f928fab40
Feb 07 06:54:00 readingrainbow kernel: CIFS VFS: Free previous auth_key.response = ffff8c4f928fab40
Feb 07 06:54:50 readingrainbow kernel: CIFS VFS: Free previous auth_key.response = ffff8c4f928fab40
Feb 07 06:55:40 readingrainbow kernel: CIFS VFS: Free previous auth_key.response = ffff8c4f928fab40
Feb 07 06:56:06 readingrainbow dhclient[1582]: DHCPREQUEST of 10.0.0.163 on enp7s0 to 10.0.0.3 port 67 (xid=0x5c11d807)
Feb 07 06:56:06 readingrainbow dhclient[1582]: DHCPACK of 10.0.0.163 from 10.0.0.3
Feb 07 06:56:06 readingrainbow NetworkManager[1245]: [1518004566.1063] dhcp4 (enp7s0): address 10.0.0.163
Feb 07 06:56:06 readingrainbow NetworkManager[1245]: [1518004566.1063] dhcp4 (enp7s0): plen 24 (255.255.255.0)
Feb 07 06:56:06 readingrainbow NetworkManager[1245]: [1518004566.1063] dhcp4 (enp7s0): gateway 10.0.0.3
Feb 07 06:56:06 readingrainbow NetworkManager[1245]: [1518004566.1063] dhcp4 (enp7s0): lease time 3600
Feb 07 06:56:06 readingrainbow NetworkManager[1245]: [1518004566.1064] dhcp4 (enp7s0): hostname 'readingrainbow'
Feb 07 06:56:06 readingrainbow NetworkManager[1245]: [1518004566.1064] dhcp4 (enp7s0): nameserver '10.0.0.3'
Feb 07 06:56:06 readingrainbow NetworkManager[1245]: [1518004566.1064] dhcp4 (enp7s0): domain name 'world.n7sa.com'
Feb 07 06:56:06 readingrainbow NetworkManager[1245]: [1518004566.1064] dhcp4 (enp7s0): state changed bound -> bound
Feb 07 06:56:06 readingrainbow dhclient[1582]: bound to 10.0.0.163 -- renewal in 1290 seconds.
Feb 07 06:56:29 readingrainbow kernel: CIFS VFS: Free previous auth_key.response = ffff8c4f928fab40
Feb 07 06:58:07 readingrainbow kernel: CIFS VFS: Free previous auth_key.response = ffff8c4f928fab40
Feb 07 06:58:58 readingrainbow kernel: CIFS VFS: Free previous auth_key.response = ffff8c4e13c5f800
Feb 07 06:59:48 readingrainbow kernel: CIFS VFS: Free previous auth_key.response = ffff8c4e13d8ed80
Feb 07 07:00:38 readingrainbow kernel: CIFS VFS: Free previous auth_key.response = ffff8c4a25ef9980
Feb 07 07:01:28 readingrainbow kernel: CIFS VFS: Free previous auth_key.response = ffff8c48f9d24300
Feb 07 07:02:18 readingrainbow kernel: CIFS VFS: Free previous auth_key.response = ffff8c4e06d05a40
Feb 07 07:03:08 readingrainbow kernel: CIFS VFS: Free previous auth_key.response = ffff8c4f26976cc0
Feb 07 07:03:58 readingrainbow kernel: CIFS VFS: Free previous auth_key.response = ffff8c48f9d24fc0
Feb 07 07:04:09 readingrainbow dhclient[2848]: DHCPREQUEST of 10.10.10.150 on enp179s0f0 to 10.10.10.3 port 67 (xid=0x1ca55be3)
Feb 07 07:04:09 readingrainbow dhclient[2848]: DHCPACK of 10.10.10.150 from 10.10.10.3
Feb 07 07:04:09 readingrainbow NetworkManager[1245]: [1518005049.4612] dhcp4 (enp179s0f0): address 10.10.10.150
Feb 07 07:04:09 readingrainbow NetworkManager[1245]: [1518005049.4612] dhcp4 (enp179s0f0): plen 24 (255.255.255.0)
Feb 07 07:04:09 readingrainbow NetworkManager[1245]: [1518005049.4612] dhcp4 (enp179s0f0): gateway 10.10.10.3
Feb 07 07:04:09 readingrainbow NetworkManager[1245]: [1518005049.4612] dhcp4 (enp179s0f0): lease time 3600
Feb 07 07:04:09 readingrainbow NetworkManager[1245]: [1518005049.4613] dhcp4 (enp179s0f0): hostname 'readingrainbow'
Feb 07 07:04:09 readingrainbow NetworkManager[1245]: [1518005049.4613] dhcp4 (enp179s0f0): nameserver '10.10.10.3'
Feb 07 07:04:09 readingrainbow NetworkManager[1245]: [1518005049.4613] dhcp4 (enp179s0f0): domain name 'world.n7sa.com'
Feb 07 07:04:09 readingrainbow NetworkManager[1245]: [1518005049.4613] dhcp4 (enp179s0f0): state changed bound -> bound
Feb 07 07:04:09 readingrainbow dhclient[2848]: bound to 10.10.10.150 -- renewal in 1478 seconds.
Feb 07 07:04:48 readingrainbow kernel: CIFS VFS: Free previous auth_key.response = ffff8c4f26977bc0
Feb 07 07:05:38 readingrainbow kernel: CIFS VFS: Free previous auth_key.response = ffff8c48f9d25500
Feb 07 07:07:18 readingrainbow kernel: CIFS VFS: Free previous auth_key.response = ffff8c4f26977a40
Feb 07 07:08:07 readingrainbow kernel: CIFS VFS: Free previous auth_key.response = ffff8c4f26977a40
Feb 07 07:08:58 readingrainbow kernel: CIFS VFS: Free previous auth_key.response = ffff8c4e06d04600
Feb 07 07:09:47 readingrainbow kernel: CIFS VFS: Free previous auth_key.response = ffff8c4f26976240
Feb 07 07:10:38 readingrainbow kernel: CIFS VFS: Free previous auth_key.response = ffff8c48f9d24840
Feb 07 07:11:27 readingrainbow kernel: CIFS VFS: Free previous auth_key.response = ffff8c4f26977140
Feb 07 07:12:18 readingrainbow kernel: CIFS VFS: Free previous auth_key.response = ffff8c48f9d258c0
Feb 07 07:13:07 readingrainbow kernel: CIFS VFS: Free previous auth_key.response = ffff8c4e06d052c0
Feb 07 07:13:58 readingrainbow kernel: CIFS VFS: Free previous auth_key.response = ffff8c4f26977740
Feb 07 07:14:47 readingrainbow kernel: CIFS VFS: Free previous auth_key.response = ffff8c4e06d040c0
Feb 07 07:16:26 readingrainbow kernel: CIFS VFS: Free previous auth_key.response = ffff8c48f9d25380
Feb 07 07:17:16 readingrainbow kernel: CIFS VFS: Free previous auth_key.response = ffff8c4f928fb2c0
Feb 07 07:18:06 readingrainbow kernel: CIFS VFS: Free previous auth_key.response = ffff8c4f928fb2c0
Feb 07 07:18:29 readingrainbow dhclient[1582]: DHCPREQUEST of 10.0.0.163 on enp7s0 to 10.0.0.3 port 67 (xid=0x5c11d807)
Feb 07 07:18:29 readingrainbow dhclient[1582]: DHCPACK of 10.0.0.163 from 10.0.0.3
Feb 07 07:18:29 readingrainbow NetworkManager[1245]: [1518005909.8227] dhcp4 (enp7s0): address 10.0.0.163
Feb 07 07:18:29 readingrainbow NetworkManager[1245]: [1518005909.8227] dhcp4 (enp7s0): plen 24 (255.255.255.0)
Feb 07 07:18:29 readingrainbow NetworkManager[1245]: [1518005909.8227] dhcp4 (enp7s0): gateway 10.0.0.3
Feb 07 07:18:29 readingrainbow NetworkManager[1245]: [1518005909.8227] dhcp4 (enp7s0): lease time 3600
Feb 07 07:18:29 readingrainbow NetworkManager[1245]: [1518005909.8227] dhcp4 (enp7s0): hostname 'readingrainbow'
Feb 07 07:18:29 readingrainbow NetworkManager[1245]: [1518005909.8228] dhcp4 (enp7s0): nameserver '10.0.0.3'
Feb 07 07:18:29 readingrainbow NetworkManager[1245]: [1518005909.8228] dhcp4 (enp7s0): domain name 'world.n7sa.com'
Feb 07 07:18:29 readingrainbow NetworkManager[1245]: [1518005909.8228] dhcp4 (enp7s0): state changed bound -> bound
Feb 07 07:18:29 readingrainbow dhclient[1582]: bound to 10.0.0.163 -- renewal in 1430 seconds.
Feb 07 07:18:56 readingrainbow kernel: CIFS VFS: Free previous auth_key.response = ffff8c4f928fb2c0
Feb 07 07:19:46 readingrainbow kernel: CIFS VFS: Free previous auth_key.response = ffff8c4f928fb2c0
Feb 07 07:20:36 readingrainbow kernel: CIFS VFS: Free previous auth_key.response = ffff8c4f928fb2c0
Feb 07 07:21:26 readingrainbow kernel: CIFS VFS: Free previous auth_key.response = ffff8c4f928fb2c0
Feb 07 07:22:16 readingrainbow kernel: CIFS VFS: Free previous auth_key.response = ffff8c4f928fb2c0
Feb 07 07:23:06 readingrainbow kernel: CIFS VFS: Free previous auth_key.response = ffff8c4f928fb2c0
Feb 07 07:23:55 readingrainbow kernel: CIFS VFS: Free previous auth_key.response = ffff8c4f928fb2c0
Feb 07 07:24:46 readingrainbow kernel: CIFS VFS: Free previous auth_key.response = ffff8c4f928fb2c0
Feb 07 07:25:38 readingrainbow kernel: CIFS VFS: Free previous auth_key.response = ffff8c4f928fb2c0
Feb 07 07:26:27 readingrainbow kernel: CIFS VFS: Free previous auth_key.response = ffff8c4e13d8eb40
Feb 07 07:27:17 readingrainbow kernel: CIFS VFS: Free previous auth_key.response = ffff8c4a25ef9740
Feb 07 07:28:07 readingrainbow kernel: CIFS VFS: Free previous auth_key.response = ffff8c4a25ef9740
Feb 07 07:28:57 readingrainbow kernel: CIFS VFS: Free previous auth_key.response = ffff8c4e13d8ed80
Feb 07 07:29:13 readingrainbow dhclient[2848]: DHCPREQUEST of 10.10.10.150 on enp179s0f0 to 10.10.10.3 port 67 (xid=0x1ca55be3)
Feb 07 07:29:13 readingrainbow dhclient[2848]: DHCPACK of 10.10.10.150 from 10.10.10.3
Feb 07 07:29:13 readingrainbow NetworkManager[1245]: [1518006553.2006] dhcp4 (enp179s0f0): address 10.10.10.150
Feb 07 07:29:13 readingrainbow NetworkManager[1245]: [1518006553.2006] dhcp4 (enp179s0f0): plen 24 (255.255.255.0)
Feb 07 07:29:13 readingrainbow NetworkManager[1245]: [1518006553.2006] dhcp4 (enp179s0f0): gateway 10.10.10.3
Feb 07 07:29:13 readingrainbow NetworkManager[1245]: [1518006553.2007] dhcp4 (enp179s0f0): lease time 3600
Feb 07 07:29:13 readingrainbow NetworkManager[1245]: [1518006553.2007] dhcp4 (enp179s0f0): hostname 'readingrainbow'
Feb 07 07:29:13 readingrainbow NetworkManager[1245]: [1518006553.2007] dhcp4 (enp179s0f0): nameserver '10.10.10.3'
Feb 07 07:29:13 readingrainbow NetworkManager[1245]: [1518006553.2007] dhcp4 (enp179s0f0): domain name 'world.n7sa.com'
Feb 07 07:29:13 readingrainbow NetworkManager[1245]: [1518006553.2007] dhcp4 (enp179s0f0): state changed bound -> bound
Feb 07 07:29:13 readingrainbow dhclient[2848]: bound to 10.10.10.150 -- renewal in 1549 seconds.
Feb 07 07:29:47 readingrainbow kernel: CIFS VFS: Free previous auth_key.response = ffff8c4a25ef8180
Feb 07 07:30:37 readingrainbow kernel: CIFS VFS: Free previous auth_key.response = ffff8c4e13d8fec0
Feb 07 07:31:27 readingrainbow kernel: CIFS VFS: Free previous auth_key.response = ffff8c4a25ef9740
Feb 07 07:32:17 readingrainbow kernel: CIFS VFS: Free previous auth_key.response = ffff8c4e13d8fd40
Feb 07 07:33:07 readingrainbow kernel: CIFS VFS: Free previous auth_key.response = ffff8c4a25ef9500
Feb 07 07:34:46 readingrainbow kernel: CIFS VFS: Free previous auth_key.response = ffff8c4e13d8e3c0
Feb 07 07:35:35 readingrainbow kernel: CIFS VFS: Free previous auth_key.response = ffff8c4e07793740
Feb 07 07:36:26 readingrainbow kernel: CIFS VFS: Free previous auth_key.response = ffff8c4a25ef9980
Feb 07 07:37:15 readingrainbow kernel: CIFS VFS: Free previous auth_key.response = ffff8c4e13d8efc0
Feb 07 07:38:06 readingrainbow kernel: CIFS VFS: Free previous auth_key.response = ffff8c4a25ef8cc0
Feb 07 07:38:55 readingrainbow kernel: CIFS VFS: Free previous auth_key.response = ffff8c4e13d8e3c0
Feb 07 07:39:46 readingrainbow kernel: CIFS VFS: Free previous auth_key.response = ffff8c4a25ef9380
Feb 07 07:40:34 readingrainbow kernel: CIFS VFS: Free previous auth_key.response = ffff8c4e13d8fd40
Feb 07 07:41:26 readingrainbow kernel: CIFS VFS: Free previous auth_key.response = ffff8c4a25ef92c0
Feb 07 07:42:15 readingrainbow kernel: CIFS VFS: Free previous auth_key.response = ffff8c4e13d8ef00
Feb 07 07:43:06 readingrainbow kernel: CIFS VFS: Free previous auth_key.response = ffff8c4a25ef8cc0
Feb 07 07:43:18 readingrainbow dhclient[1582]: DHCPREQUEST of 10.0.0.163 on enp7s0 to 10.0.0.3 port 67 (xid=0x5c11d807)
Feb 07 07:43:18 readingrainbow dhclient[1582]: DHCPACK of 10.0.0.163 from 10.0.0.3
Feb 07 07:43:18 readingrainbow NetworkManager[1245]: [1518007398.7029] dhcp4 (enp7s0): address 10.0.0.163
Feb 07 07:43:18 readingrainbow NetworkManager[1245]: [1518007398.7029] dhcp4 (enp7s0): plen 24 (255.255.255.0)
Feb 07 07:43:18 readingrainbow NetworkManager[1245]: [1518007398.7030] dhcp4 (enp7s0): gateway 10.0.0.3
Feb 07 07:43:18 readingrainbow NetworkManager[1245]: [1518007398.7030] dhcp4 (enp7s0): lease time 3600
Feb 07 07:43:18 readingrainbow NetworkManager[1245]: [1518007398.7030] dhcp4 (enp7s0): hostname 'readingrainbow'
Feb 07 07:43:18 readingrainbow NetworkManager[1245]: [1518007398.7030] dhcp4 (enp7s0): nameserver '10.0.0.3'
Feb 07 07:43:18 readingrainbow NetworkManager[1245]: [1518007398.7030] dhcp4 (enp7s0): domain name 'world.n7sa.com'
Feb 07 07:43:18 readingrainbow NetworkManager[1245]: [1518007398.7030] dhcp4 (enp7s0): state changed bound -> bound
Feb 07 07:43:18 readingrainbow dhclient[1582]: bound to 10.0.0.163 -- renewal in 1666 seconds.
Feb 07 07:43:56 readingrainbow kernel: CIFS VFS: Free previous auth_key.response = ffff8c4e13d8fec0
Feb 07 07:44:47 readingrainbow kernel: CIFS VFS: Free previous auth_key.response = ffff8c4e077938c0
Feb 07 07:45:37 readingrainbow kernel: CIFS VFS: Free previous auth_key.response = ffff8c4e13d8ed80
Feb 07 07:46:27 readingrainbow kernel: CIFS VFS: Free previous auth_key.response = ffff8c4a25ef9380
Feb 07 07:47:17 readingrainbow kernel: CIFS VFS: Free previous auth_key.response = ffff8c4e13d8fa40
Feb 07 07:48:07 readingrainbow kernel: CIFS VFS: Free previous auth_key.response = ffff8c4a25ef9980
Feb 07 07:48:57 readingrainbow kernel: CIFS VFS: Free previous auth_key.response = ffff8c4a25ef9980
Feb 07 07:49:47 readingrainbow kernel: CIFS VFS: Free previous auth_key.response = ffff8c4e13d8ed80
Feb 07 07:50:37 readingrainbow kernel: CIFS VFS: Free previous auth_key.response = ffff8c4a25ef9740
Feb 07 07:51:27 readingrainbow kernel: CIFS VFS: Free previous auth_key.response = ffff8c4e13d8eb40
Feb 07 07:53:05 readingrainbow kernel: CIFS VFS: Free previous auth_key.response = ffff8c4a25ef8600
Feb 07 07:53:54 readingrainbow kernel: CIFS VFS: Free previous auth_key.response = ffff8c4f68d54000
Feb 07 07:54:45 readingrainbow kernel: CIFS VFS: Free previous auth_key.response = ffff8c4e13d8fd40
Feb 07 07:55:32 readingrainbow dhclient[2848]: DHCPREQUEST of 10.10.10.150 on enp179s0f0 to 10.10.10.3 port 67 (xid=0x1ca55be3)
Feb 07 07:55:32 readingrainbow dhclient[2848]: DHCPACK of 10.10.10.150 from 10.10.10.3
Feb 07 07:55:32 readingrainbow NetworkManager[1245]: [1518008132.5661] dhcp4 (enp179s0f0): address 10.10.10.150
Feb 07 07:55:32 readingrainbow NetworkManager[1245]: [1518008132.5661] dhcp4 (enp179s0f0): plen 24 (255.255.255.0)
Feb 07 07:55:32 readingrainbow NetworkManager[1245]: [1518008132.5661] dhcp4 (enp179s0f0): gateway 10.10.10.3
Feb 07 07:55:32 readingrainbow NetworkManager[1245]: [1518008132.5661] dhcp4 (enp179s0f0): lease time 3600
Feb 07 07:55:32 readingrainbow NetworkManager[1245]: [1518008132.5662] dhcp4 (enp179s0f0): hostname 'readingrainbow'
Feb 07 07:55:32 readingrainbow NetworkManager[1245]: [1518008132.5662] dhcp4 (enp179s0f0): nameserver '10.10.10.3'
Feb 07 07:55:32 readingrainbow NetworkManager[1245]: [1518008132.5662] dhcp4 (enp179s0f0): domain name 'world.n7sa.com'
Feb 07 07:55:32 readingrainbow NetworkManager[1245]: [1518008132.5662] dhcp4 (enp179s0f0): state changed bound -> bound
Feb 07 07:55:32 readingrainbow dhclient[2848]: bound to 10.10.10.150 -- renewal in 1225 seconds.
Feb 07 07:55:34 readingrainbow kernel: CIFS VFS: Free previous auth_key.response = ffff8c4a25ef9080
Feb 07 07:56:24 readingrainbow kernel: CIFS VFS: Free previous auth_key.response = ffff8c4d99414840
Feb 07 07:57:14 readingrainbow kernel: CIFS VFS: Free previous auth_key.response = ffff8c4d99414840
Feb 07 07:58:04 readingrainbow kernel: CIFS VFS: Free previous auth_key.response = ffff8c4d99414840
Feb 07 07:58:54 readingrainbow kernel: CIFS VFS: Free previous auth_key.response = ffff8c4d99414840
Feb 07 07:59:44 readingrainbow kernel: CIFS VFS: Free previous auth_key.response = ffff8c4d99414840
Feb 07 08:00:33 readingrainbow kernel: CIFS VFS: Free previous auth_key.response = ffff8c4d99414840
Feb 07 08:01:24 readingrainbow kernel: CIFS VFS: Free previous auth_key.response = ffff8c4d99414840
Feb 07 08:02:16 readingrainbow kernel: CIFS VFS: Free previous auth_key.response = ffff8c4d99414840
Feb 07 08:03:05 readingrainbow kernel: CIFS VFS: Free previous auth_key.response = ffff8c4f68e93980
Feb 07 08:03:56 readingrainbow kernel: CIFS VFS: Free previous auth_key.response = ffff8c4e07793ec0
Feb 07 08:04:44 readingrainbow kernel: CIFS VFS: Free previous auth_key.response = ffff8c4a25ef8900
Feb 07 08:05:32 readingrainbow kernel: CIFS VFS: Free previous auth_key.response = ffff8c4d99414000
Feb 07 08:06:25 readingrainbow kernel: CIFS VFS: Free previous auth_key.response = ffff8c4d99414000
Feb 07 08:07:16 readingrainbow kernel: CIFS VFS: Free previous auth_key.response = ffff8c4d99414000
Feb 07 08:08:05 readingrainbow kernel: CIFS VFS: Free previous auth_key.response = ffff8c4d99414000
Feb 07 08:08:56 readingrainbow kernel: CIFS VFS: Free previous auth_key.response = ffff8c4d99414000
Feb 07 08:09:45 readingrainbow kernel: CIFS VFS: Free previous auth_key.response = ffff8c4d99414000
Feb 07 08:11:25 readingrainbow kernel: CIFS VFS: Free previous auth_key.response = ffff8c4d99414000
Feb 07 08:12:14 readingrainbow dhclient[1582]: DHCPREQUEST of 10.0.0.163 on enp7s0 to 10.0.0.3 port 67 (xid=0x5c11d807)
Feb 07 08:12:14 readingrainbow dhclient[1582]: DHCPACK of 10.0.0.163 from 10.0.0.3
Feb 07 08:12:14 readingrainbow NetworkManager[1245]: [1518009134.4501] dhcp4 (enp7s0): address 10.0.0.163
Feb 07 08:12:14 readingrainbow NetworkManager[1245]: [1518009134.4501] dhcp4 (enp7s0): plen 24 (255.255.255.0)
Feb 07 08:12:14 readingrainbow NetworkManager[1245]: [1518009134.4501] dhcp4 (enp7s0): gateway 10.0.0.3
Feb 07 08:12:14 readingrainbow NetworkManager[1245]: [1518009134.4502] dhcp4 (enp7s0): lease time 3600
Feb 07 08:12:14 readingrainbow NetworkManager[1245]: [1518009134.4502] dhcp4 (enp7s0): hostname 'readingrainbow'
Feb 07 08:12:14 readingrainbow NetworkManager[1245]: [1518009134.4502] dhcp4 (enp7s0): nameserver '10.0.0.3'
Feb 07 08:12:14 readingrainbow NetworkManager[1245]: [1518009134.4502] dhcp4 (enp7s0): domain name 'world.n7sa.com'
Feb 07 08:12:14 readingrainbow NetworkManager[1245]: [1518009134.4502] dhcp4 (enp7s0): state changed bound -> bound
Feb 07 08:12:14 readingrainbow dhclient[1582]: bound to 10.0.0.163 -- renewal in 1250 seconds.
Feb 07 08:12:16 readingrainbow kernel: CIFS VFS: Free previous auth_key.response = ffff8c4ec6d80780
Feb 07 08:13:05 readingrainbow kernel: CIFS VFS: Free previous auth_key.response = ffff8c4e06d04180
Feb 07 08:13:56 readingrainbow kernel: CIFS VFS: Free previous auth_key.response = ffff8c48f9d24840
Feb 07 08:14:46 readingrainbow kernel: CIFS VFS: Free previous auth_key.response = ffff8c4e06d05740
Feb 07 08:15:36 readingrainbow kernel: CIFS VFS: Free previous auth_key.response = ffff8c48f9d25440
Feb 07 08:16:07 readingrainbow dhclient[2848]: DHCPREQUEST of 10.10.10.150 on enp179s0f0 to 10.10.10.3 port 67 (xid=0x1ca55be3)
Feb 07 08:16:07 readingrainbow dhclient[2848]: DHCPACK of 10.10.10.150 from 10.10.10.3
Feb 07 08:16:07 readingrainbow NetworkManager[1245]: [1518009367.3435] dhcp4 (enp179s0f0): address 10.10.10.150
Feb 07 08:16:07 readingrainbow NetworkManager[1245]: [1518009367.3435] dhcp4 (enp179s0f0): plen 24 (255.255.255.0)
Feb 07 08:16:07 readingrainbow NetworkManager[1245]: [1518009367.3435] dhcp4 (enp179s0f0): gateway 10.10.10.3
Feb 07 08:16:07 readingrainbow NetworkManager[1245]: [1518009367.3435] dhcp4 (enp179s0f0): lease time 3600
Feb 07 08:16:07 readingrainbow NetworkManager[1245]: [1518009367.3436] dhcp4 (enp179s0f0): hostname 'readingrainbow'
Feb 07 08:16:07 readingrainbow NetworkManager[1245]: [1518009367.3436] dhcp4 (enp179s0f0): nameserver '10.10.10.3'
Feb 07 08:16:07 readingrainbow NetworkManager[1245]: [1518009367.3436] dhcp4 (enp179s0f0): domain name 'world.n7sa.com'
Feb 07 08:16:07 readingrainbow NetworkManager[1245]: [1518009367.3436] dhcp4 (enp179s0f0): state changed bound -> bound
Feb 07 08:16:07 readingrainbow dhclient[2848]: bound to 10.10.10.150 -- renewal in 1415 seconds.
Feb 07 08:16:26 readingrainbow kernel: CIFS VFS: Free previous auth_key.response = ffff8c4e06d04fc0
Feb 07 08:17:16 readingrainbow kernel: CIFS VFS: Free previous auth_key.response = ffff8c48f9d25380
Feb 07 08:18:06 readingrainbow kernel: CIFS VFS: Free previous auth_key.response = ffff8c4e06d04900
Feb 07 08:18:56 readingrainbow kernel: CIFS VFS: Free previous auth_key.response = ffff8c48f9d24b40
Feb 07 08:20:36 readingrainbow kernel: CIFS VFS: Free previous auth_key.response = ffff8c4e06d05e00
Feb 07 08:21:26 readingrainbow kernel: CIFS VFS: Free previous auth_key.response = ffff8c4d99414000
Feb 07 08:22:16 readingrainbow kernel: CIFS VFS: Free previous auth_key.response = ffff8c4d99414000
Feb 07 08:23:06 readingrainbow kernel: CIFS VFS: Free previous auth_key.response = ffff8c4d99414000
Feb 07 08:23:56 readingrainbow kernel: CIFS VFS: Free previous auth_key.response = ffff8c4d99414000
Feb 07 08:24:46 readingrainbow kernel: CIFS VFS: Free previous auth_key.response = ffff8c4d99414000
Feb 07 08:25:36 readingrainbow kernel: CIFS VFS: Free previous auth_key.response = ffff8c4d99414000
Feb 07 08:26:24 readingrainbow kernel: CIFS VFS: Free previous auth_key.response = ffff8c4d99414000
Feb 07 08:27:15 readingrainbow kernel: CIFS VFS: Free previous auth_key.response = ffff8c4d99414000
Feb 07 08:28:05 readingrainbow kernel: CIFS VFS: Free previous auth_key.response = ffff8c4d99414000
Feb 07 08:28:55 readingrainbow kernel: CIFS VFS: Free previous auth_key.response = ffff8c4d99414000
Feb 07 08:29:47 readingrainbow kernel: CIFS VFS: Free previous auth_key.response = ffff8c4d99414000
Feb 07 08:30:35 readingrainbow kernel: CIFS VFS: Free previous auth_key.response = ffff8c48f9d243c0
Feb 07 08:31:23 readingrainbow kernel: CIFS VFS: Free previous auth_key.response = ffff8c4f26977740
Feb 07 08:32:16 readingrainbow kernel: CIFS VFS: Free previous auth_key.response = ffff8c4e06d05680
Feb 07 08:33:06 readingrainbow kernel: CIFS VFS: Free previous auth_key.response = ffff8c4f26977d40
Feb 07 08:33:56 readingrainbow dhclient[1582]: DHCPREQUEST of 10.0.0.163 on enp7s0 to 10.0.0.3 port 67 (xid=0x5c11d807)
Feb 07 08:33:56 readingrainbow dhclient[1582]: DHCPACK of 10.0.0.163 from 10.0.0.3
Feb 07 08:33:56 readingrainbow NetworkManager[1245]: [1518010436.4791] dhcp4 (enp7s0): address 10.0.0.163
Feb 07 08:33:56 readingrainbow NetworkManager[1245]: [1518010436.4792] dhcp4 (enp7s0): plen 24 (255.255.255.0)
Feb 07 08:33:56 readingrainbow NetworkManager[1245]: [1518010436.4792] dhcp4 (enp7s0): gateway 10.0.0.3
Feb 07 08:33:56 readingrainbow NetworkManager[1245]: [1518010436.4792] dhcp4 (enp7s0): lease time 3600
Feb 07 08:33:56 readingrainbow NetworkManager[1245]: [1518010436.4792] dhcp4 (enp7s0): hostname 'readingrainbow'
Feb 07 08:33:56 readingrainbow NetworkManager[1245]: [1518010436.4793] dhcp4 (enp7s0): nameserver '10.0.0.3'
Feb 07 08:33:56 readingrainbow NetworkManager[1245]: [1518010436.4793] dhcp4 (enp7s0): domain name 'world.n7sa.com'
Feb 07 08:33:56 readingrainbow NetworkManager[1245]: [1518010436.4793] dhcp4 (enp7s0): state changed bound -> bound
Feb 07 08:33:56 readingrainbow dhclient[1582]: bound to 10.0.0.163 -- renewal in 1332 seconds.
Feb 07 08:33:56 readingrainbow kernel: CIFS VFS: Free previous auth_key.response = ffff8c48f9d25c80
Feb 07 08:34:47 readingrainbow kernel: CIFS VFS: Free previous auth_key.response = ffff8c4f269763c0
Feb 07 08:35:36 readingrainbow kernel: CIFS VFS: Free previous auth_key.response = ffff8c48f9d24300
Feb 07 08:36:26 readingrainbow kernel: CIFS VFS: Free previous auth_key.response = ffff8c4f26977bc0
Feb 07 08:37:14 readingrainbow kernel: CIFS VFS: Free previous auth_key.response = ffff8c48f9d24f00
Feb 07 08:38:02 readingrainbow kernel: CIFS VFS: Free previous auth_key.response = ffff8c4f269769c0
Feb 07 08:39:01 readingrainbow kernel: CIFS VFS: Free previous auth_key.response = ffff8c48f9d249c0
Feb 07 08:39:49 readingrainbow kernel: CIFS VFS: Free previous auth_key.response = ffff8c4e07792540
Feb 07 08:39:54 readingrainbow dhclient[2848]: DHCPREQUEST of 10.10.10.150 on enp179s0f0 to 10.10.10.3 port 67 (xid=0x1ca55be3)
Feb 07 08:39:54 readingrainbow dhclient[2848]: DHCPACK of 10.10.10.150 from 10.10.10.3
Feb 07 08:39:54 readingrainbow NetworkManager[1245]: [1518010794.0823] dhcp4 (enp179s0f0): address 10.10.10.150
Feb 07 08:39:54 readingrainbow NetworkManager[1245]: [1518010794.0823] dhcp4 (enp179s0f0): plen 24 (255.255.255.0)
Feb 07 08:39:54 readingrainbow NetworkManager[1245]: [1518010794.0824] dhcp4 (enp179s0f0): gateway 10.10.10.3
Feb 07 08:39:54 readingrainbow NetworkManager[1245]: [1518010794.0824] dhcp4 (enp179s0f0): lease time 3600
Feb 07 08:39:54 readingrainbow NetworkManager[1245]: [1518010794.0824] dhcp4 (enp179s0f0): hostname 'readingrainbow'
Feb 07 08:39:54 readingrainbow NetworkManager[1245]: [1518010794.0824] dhcp4 (enp179s0f0): nameserver '10.10.10.3'
Feb 07 08:39:54 readingrainbow NetworkManager[1245]: [1518010794.0824] dhcp4 (enp179s0f0): domain name 'world.n7sa.com'
Feb 07 08:39:54 readingrainbow NetworkManager[1245]: [1518010794.0824] dhcp4 (enp179s0f0): state changed bound -> bound
Feb 07 08:39:54 readingrainbow dhclient[2848]: bound to 10.10.10.150 -- renewal in 1574 seconds.
Feb 07 08:40:43 readingrainbow kernel: CIFS VFS: Free previous auth_key.response = ffff8c4e13d8fb00
Feb 07 08:41:32 readingrainbow kernel: CIFS VFS: Free previous auth_key.response = ffff8c4d99414240
Feb 07 08:42:20 readingrainbow kernel: CIFS VFS: Free previous auth_key.response = ffff8c4d99414240
Feb 07 08:43:08 readingrainbow kernel: CIFS VFS: Free previous auth_key.response = ffff8c4d99414240
Feb 07 08:44:02 readingrainbow kernel: CIFS VFS: Free previous auth_key.response = ffff8c4d99414240
Feb 07 08:44:53 readingrainbow kernel: CIFS VFS: Free previous auth_key.response = ffff8c4d99414240
Feb 07 08:45:42 readingrainbow kernel: CIFS VFS: Free previous auth_key.response = ffff8c4d99414240
Feb 07 08:46:33 readingrainbow kernel: CIFS VFS: Free previous auth_key.response = ffff8c4d99414240
Feb 07 08:47:22 readingrainbow kernel: CIFS VFS: Free previous auth_key.response = ffff8c4d99414240
Feb 07 08:48:18 readingrainbow kernel: CIFS VFS: Free previous auth_key.response = ffff8c4d99414240
Feb 07 08:49:09 readingrainbow kernel: CIFS VFS: Free previous auth_key.response = ffff8c4d99414240
Feb 07 08:49:59 readingrainbow kernel: CIFS VFS: Free previous auth_key.response = ffff8c4d99414240
Feb 07 08:50:49 readingrainbow kernel: CIFS VFS: Free previous auth_key.response = ffff8c4d99414240
Feb 07 08:51:39 readingrainbow kernel: CIFS VFS: Free previous auth_key.response = ffff8c4d99414240
Feb 07 08:52:29 readingrainbow kernel: CIFS VFS: Free previous auth_key.response = ffff8c4d99414240
Feb 07 08:53:19 readingrainbow kernel: CIFS VFS: Free previous auth_key.response = ffff8c4d99414240
Feb 07 08:54:08 readingrainbow kernel: CIFS VFS: Free previous auth_key.response = ffff8c4d99414240
Feb 07 08:54:59 readingrainbow kernel: CIFS VFS: Free previous auth_key.response = ffff8c4d99414240
Feb 07 08:55:48 readingrainbow kernel: CIFS VFS: Free previous auth_key.response = ffff8c4d99414240
Feb 07 08:57:04 readingrainbow dhclient[1582]: DHCPREQUEST of 10.0.0.163 on enp7s0 to 10.0.0.3 port 67 (xid=0x5c11d807)
Feb 07 08:57:04 readingrainbow dhclient[1582]: DHCPACK of 10.0.0.163 from 10.0.0.3
Feb 07 08:57:04 readingrainbow NetworkManager[1245]: [1518011824.9980] dhcp4 (enp7s0): address 10.0.0.163
Feb 07 08:57:04 readingrainbow NetworkManager[1245]: [1518011824.9981] dhcp4 (enp7s0): plen 24 (255.255.255.0)
Feb 07 08:57:04 readingrainbow NetworkManager[1245]: [1518011824.9981] dhcp4 (enp7s0): gateway 10.0.0.3
Feb 07 08:57:04 readingrainbow NetworkManager[1245]: [1518011824.9981] dhcp4 (enp7s0): lease time 3600
Feb 07 08:57:04 readingrainbow NetworkManager[1245]: [1518011824.9981] dhcp4 (enp7s0): hostname 'readingrainbow'
Feb 07 08:57:04 readingrainbow NetworkManager[1245]: [1518011824.9981] dhcp4 (enp7s0): nameserver '10.0.0.3'
Feb 07 08:57:04 readingrainbow NetworkManager[1245]: [1518011824.9981] dhcp4 (enp7s0): domain name 'world.n7sa.com'
Feb 07 08:57:04 readingrainbow NetworkManager[1245]: [1518011824.9982] dhcp4 (enp7s0): state changed bound -> bound
Feb 07 08:57:05 readingrainbow dhclient[1582]: bound to 10.0.0.163 -- renewal in 1626 seconds.
Feb 07 08:57:26 readingrainbow kernel: CIFS VFS: Free previous auth_key.response = ffff8c4d99414240
Feb 07 08:58:17 readingrainbow kernel: CIFS VFS: Free previous auth_key.response = ffff8c48f9d258c0
Feb 07 08:59:07 readingrainbow kernel: CIFS VFS: Free previous auth_key.response = ffff8c4e06d049c0
Feb 07 08:59:57 readingrainbow kernel: CIFS VFS: Free previous auth_key.response = ffff8c4f26977bc0
Feb 07 09:00:47 readingrainbow kernel: CIFS VFS: Free previous auth_key.response = ffff8c4e06d05b00
Feb 07 09:01:37 readingrainbow kernel: CIFS VFS: Free previous auth_key.response = ffff8c48f9d25740
Feb 07 09:02:27 readingrainbow kernel: CIFS VFS: Free previous auth_key.response = ffff8c4e06d05e00
Feb 07 09:03:17 readingrainbow kernel: CIFS VFS: Free previous auth_key.response = ffff8c4f26977d40
Feb 07 09:04:07 readingrainbow kernel: CIFS VFS: Free previous auth_key.response = ffff8c48f9d25380
Feb 07 09:04:57 readingrainbow kernel: CIFS VFS: Free previous auth_key.response = ffff8c4e06d04240
Feb 07 09:05:47 readingrainbow kernel: CIFS VFS: Free previous auth_key.response = ffff8c4f26977c80
Feb 07 09:06:30 readingrainbow dhclient[2848]: DHCPREQUEST of 10.10.10.150 on enp179s0f0 to 10.10.10.3 port 67 (xid=0x1ca55be3)
Feb 07 09:06:30 readingrainbow dhclient[2848]: DHCPACK of 10.10.10.150 from 10.10.10.3
Feb 07 09:06:30 readingrainbow NetworkManager[1245]: [1518012390.9655] dhcp4 (enp179s0f0): address 10.10.10.150
Feb 07 09:06:30 readingrainbow NetworkManager[1245]: [1518012390.9655] dhcp4 (enp179s0f0): plen 24 (255.255.255.0)
Feb 07 09:06:30 readingrainbow NetworkManager[1245]: [1518012390.9655] dhcp4 (enp179s0f0): gateway 10.10.10.3
Feb 07 09:06:30 readingrainbow NetworkManager[1245]: [1518012390.9656] dhcp4 (enp179s0f0): lease time 3600
Feb 07 09:06:30 readingrainbow NetworkManager[1245]: [1518012390.9656] dhcp4 (enp179s0f0): hostname 'readingrainbow'
Feb 07 09:06:30 readingrainbow NetworkManager[1245]: [1518012390.9656] dhcp4 (enp179s0f0): nameserver '10.10.10.3'
Feb 07 09:06:30 readingrainbow NetworkManager[1245]: [1518012390.9656] dhcp4 (enp179s0f0): domain name 'world.n7sa.com'
Feb 07 09:06:30 readingrainbow NetworkManager[1245]: [1518012390.9656] dhcp4 (enp179s0f0): state changed bound -> bound
Feb 07 09:06:30 readingrainbow dhclient[2848]: bound to 10.10.10.150 -- renewal in 1333 seconds.
Feb 07 09:06:38 readingrainbow kernel: CIFS VFS: Free previous auth_key.response = ffff8c48f9d249c0
Feb 07 09:07:27 readingrainbow kernel: CIFS VFS: Free previous auth_key.response = ffff8c4e06d04fc0
Feb 07 09:08:18 readingrainbow kernel: CIFS VFS: Free previous auth_key.response = ffff8c48f9d24f00
Feb 07 09:09:07 readingrainbow kernel: CIFS VFS: Free previous auth_key.response = ffff8c4e06d04a80
Feb 07 09:09:58 readingrainbow kernel: CIFS VFS: Free previous auth_key.response = ffff8c4f26976b40
Feb 07 09:10:47 readingrainbow kernel: CIFS VFS: Free previous auth_key.response = ffff8c48f9d25500
Feb 07 09:11:38 readingrainbow kernel: CIFS VFS: Free previous auth_key.response = ffff8c4e06d05200
Feb 07 09:12:27 readingrainbow kernel: CIFS VFS: Free previous auth_key.response = ffff8c48f9d24b40
Feb 07 09:13:18 readingrainbow kernel: CIFS VFS: Free previous auth_key.response = ffff8c4e06d05740
Feb 07 09:14:07 readingrainbow kernel: CIFS VFS: Free previous auth_key.response = ffff8c4f26976b40
Feb 07 09:15:44 readingrainbow kernel: CIFS VFS: Free previous auth_key.response = ffff8c48f9d24840
Feb 07 09:16:35 readingrainbow kernel: CIFS VFS: Free previous auth_key.response = ffff8c4e07792600
Feb 07 09:17:25 readingrainbow kernel: CIFS VFS: Free previous auth_key.response = ffff8c4e13d8fb00
Feb 07 09:18:15 readingrainbow kernel: CIFS VFS: Free previous auth_key.response = ffff8c4e1fdd58c0
Feb 07 09:19:05 readingrainbow kernel: CIFS VFS: Free previous auth_key.response = ffff8c4d99414000
Feb 07 09:19:55 readingrainbow kernel: CIFS VFS: Free previous auth_key.response = ffff8c4d99414000
Feb 07 09:20:45 readingrainbow kernel: CIFS VFS: Free previous auth_key.response = ffff8c4d99414000
Feb 07 09:21:34 readingrainbow kernel: CIFS VFS: Free previous auth_key.response = ffff8c4d99414000
Feb 07 09:22:25 readingrainbow kernel: CIFS VFS: Free previous auth_key.response = ffff8c4d99414000
Feb 07 09:23:14 readingrainbow kernel: CIFS VFS: Free previous auth_key.response = ffff8c4d99414000
Feb 07 09:24:05 readingrainbow kernel: CIFS VFS: Free previous auth_key.response = ffff8c4d99414000
Feb 07 09:24:55 readingrainbow kernel: CIFS VFS: Free previous auth_key.response = ffff8c4f928fbb00
Feb 07 09:25:18 readingrainbow dhclient[1582]: DHCPREQUEST of 10.0.0.163 on enp7s0 to 10.0.0.3 port 67 (xid=0x5c11d807)
Feb 07 09:25:18 readingrainbow dhclient[1582]: DHCPACK of 10.0.0.163 from 10.0.0.3
Feb 07 09:25:18 readingrainbow NetworkManager[1245]: [1518013518.3036] dhcp4 (enp7s0): address 10.0.0.163
Feb 07 09:25:18 readingrainbow NetworkManager[1245]: [1518013518.3037] dhcp4 (enp7s0): plen 24 (255.255.255.0)
Feb 07 09:25:18 readingrainbow NetworkManager[1245]: [1518013518.3037] dhcp4 (enp7s0): gateway 10.0.0.3
Feb 07 09:25:18 readingrainbow NetworkManager[1245]: [1518013518.3037] dhcp4 (enp7s0): lease time 3600
Feb 07 09:25:18 readingrainbow NetworkManager[1245]: [1518013518.3037] dhcp4 (enp7s0): hostname 'readingrainbow'
Feb 07 09:25:18 readingrainbow NetworkManager[1245]: [1518013518.3038] dhcp4 (enp7s0): nameserver '10.0.0.3'
Feb 07 09:25:18 readingrainbow NetworkManager[1245]: [1518013518.3038] dhcp4 (enp7s0): domain name 'world.n7sa.com'
Feb 07 09:25:18 readingrainbow NetworkManager[1245]: [1518013518.3038] dhcp4 (enp7s0): state changed bound -> bound
Feb 07 09:25:18 readingrainbow dhclient[1582]: bound to 10.0.0.163 -- renewal in 1524 seconds.
Feb 07 09:25:46 readingrainbow kernel: CIFS VFS: Free previous auth_key.response = ffff8c4e06d04180
Feb 07 09:26:36 readingrainbow kernel: CIFS VFS: Free previous auth_key.response = ffff8c4f26977b00
Feb 07 09:27:26 readingrainbow kernel: CIFS VFS: Free previous auth_key.response = ffff8c48f9d243c0
Feb 07 09:28:16 readingrainbow kernel: CIFS VFS: Free previous auth_key.response = ffff8c4e06d05e00
Feb 07 09:28:45 readingrainbow dhclient[2848]: DHCPREQUEST of 10.10.10.150 on enp179s0f0 to 10.10.10.3 port 67 (xid=0x1ca55be3)
Feb 07 09:28:45 readingrainbow dhclient[2848]: DHCPACK of 10.10.10.150 from 10.10.10.3
Feb 07 09:28:45 readingrainbow NetworkManager[1245]: [1518013725.3670] dhcp4 (enp179s0f0): address 10.10.10.150
Feb 07 09:28:45 readingrainbow NetworkManager[1245]: [1518013725.3671] dhcp4 (enp179s0f0): plen 24 (255.255.255.0)
Feb 07 09:28:45 readingrainbow NetworkManager[1245]: [1518013725.3671] dhcp4 (enp179s0f0): gateway 10.10.10.3
Feb 07 09:28:45 readingrainbow NetworkManager[1245]: [1518013725.3671] dhcp4 (enp179s0f0): lease time 3600
Feb 07 09:28:45 readingrainbow NetworkManager[1245]: [1518013725.3671] dhcp4 (enp179s0f0): hostname 'readingrainbow'
Feb 07 09:28:45 readingrainbow NetworkManager[1245]: [1518013725.3672] dhcp4 (enp179s0f0): nameserver '10.10.10.3'
Feb 07 09:28:45 readingrainbow NetworkManager[1245]: [1518013725.3672] dhcp4 (enp179s0f0): domain name 'world.n7sa.com'
Feb 07 09:28:45 readingrainbow NetworkManager[1245]: [1518013725.3672] dhcp4 (enp179s0f0): state changed bound -> bound
Feb 07 09:28:45 readingrainbow dhclient[2848]: bound to 10.10.10.150 -- renewal in 1346 seconds.
Feb 07 09:29:06 readingrainbow kernel: CIFS VFS: Free previous auth_key.response = ffff8c4f269763c0
Feb 07 09:29:35 readingrainbow kernel: usb 1-13.3.3: new full-speed USB device number 10 using xhci_hcd
Feb 07 09:29:35 readingrainbow kernel: usb 1-13.3.3: New USB device found, idVendor=046d, idProduct=c539
Feb 07 09:29:35 readingrainbow kernel: usb 1-13.3.3: New USB device strings: Mfr=1, Product=2, SerialNumber=0
Feb 07 09:29:35 readingrainbow kernel: usb 1-13.3.3: Product: USB Receiver
Feb 07 09:29:35 readingrainbow kernel: usb 1-13.3.3: Manufacturer: Logitech
Feb 07 09:29:35 readingrainbow kernel: input: Logitech USB Receiver as /devices/pci0000:00/0000:00:14.0/usb1/1-13/1-13.3/1-13.3.3/1-13.3.3:1.0/0003:046D:C539.0009/input/input21
Feb 07 09:29:35 readingrainbow kernel: hid-generic 0003:046D:C539.0009: input,hidraw5: USB HID v1.11 Keyboard [Logitech USB Receiver] on usb-0000:00:14.0-13.3.3/input0
Feb 07 09:29:35 readingrainbow kernel: input: Logitech USB Receiver as /devices/pci0000:00/0000:00:14.0/usb1/1-13/1-13.3/1-13.3.3/1-13.3.3:1.1/0003:046D:C539.000A/input/input22
Feb 07 09:29:35 readingrainbow kernel: hid-generic 0003:046D:C539.000A: input,hiddev2,hidraw6: USB HID v1.11 Mouse [Logitech USB Receiver] on usb-0000:00:14.0-13.3.3/input1
Feb 07 09:29:35 readingrainbow kernel: hid-generic 0003:046D:C539.000B: hiddev3,hidraw7: USB HID v1.11 Device [Logitech USB Receiver] on usb-0000:00:14.0-13.3.3/input2
Feb 07 09:30:55 readingrainbow kernel: CIFS VFS: Free previous auth_key.response = ffff8c48f9d25140
Feb 07 09:32:09 readingrainbow kernel: CIFS VFS: Free previous auth_key.response = ffff8c4f1e392780
Feb 07 09:33:14 readingrainbow kernel: CIFS VFS: Free previous auth_key.response = ffff8c4f65290300
Feb 07 09:34:05 readingrainbow kernel: CIFS VFS: Free previous auth_key.response = ffff8c4f1e393e00
Feb 07 09:35:38 readingrainbow kernel: CIFS VFS: Free previous auth_key.response = ffff8c4e15afccc0
Feb 07 09:37:51 readingrainbow kernel: CIFS VFS: Free previous auth_key.response = ffff8c4e59e0c3c0
Feb 07 09:38:40 readingrainbow kernel: CIFS VFS: Free previous auth_key.response = ffff8c4de967ccc0
Feb 07 09:40:37 readingrainbow kernel: CIFS VFS: Free previous auth_key.response = ffff8c4dae673680
Feb 07 09:43:12 readingrainbow kernel: CIFS VFS: Free previous auth_key.response = ffff8c4ea2e16480
Feb 07 09:44:03 readingrainbow kernel: CIFS VFS: Free previous auth_key.response = ffff8c4904ca2000
Feb 07 09:44:53 readingrainbow kernel: CIFS VFS: Free previous auth_key.response = ffff8c4ea2e17080
Feb 07 09:45:43 readingrainbow kernel: CIFS VFS: Free previous auth_key.response = ffff8c4b821e9980
Feb 07 09:46:33 readingrainbow kernel: CIFS VFS: Free previous auth_key.response = ffff8c4bab6e9bc0
Feb 07 09:47:23 readingrainbow kernel: CIFS VFS: Free previous auth_key.response = ffff8c4f13466a80
Feb 07 09:48:13 readingrainbow kernel: CIFS VFS: Free previous auth_key.response = ffff8c4e8d48e240
Feb 07 09:49:03 readingrainbow kernel: CIFS VFS: Free previous auth_key.response = ffff8c4f134672c0
Feb 07 09:49:53 readingrainbow kernel: CIFS VFS: Free previous auth_key.response = ffff8c4f0f4b9140
Feb 07 09:50:43 readingrainbow kernel: CIFS VFS: Free previous auth_key.response = ffff8c4f13466a80
Feb 07 09:51:38 readingrainbow dhclient[1582]: DHCPREQUEST of 10.0.0.163 on enp7s0 to 10.0.0.3 port 67 (xid=0x5c11d807)
Feb 07 09:51:38 readingrainbow dhclient[1582]: DHCPACK of 10.0.0.163 from 10.0.0.3
Feb 07 09:51:38 readingrainbow dhclient[2848]: DHCPREQUEST of 10.10.10.150 on enp179s0f0 to 10.10.10.3 port 67 (xid=0x1ca55be3)
Feb 07 09:51:38 readingrainbow dhclient[2848]: DHCPACK of 10.10.10.150 from 10.10.10.3
Feb 07 09:51:38 readingrainbow NetworkManager[1245]: [1518015098.8317] dhcp4 (enp7s0): address 10.0.0.163
Feb 07 09:51:38 readingrainbow NetworkManager[1245]: [1518015098.8317] dhcp4 (enp7s0): plen 24 (255.255.255.0)
Feb 07 09:51:38 readingrainbow NetworkManager[1245]: [1518015098.8317] dhcp4 (enp7s0): gateway 10.0.0.3
Feb 07 09:51:38 readingrainbow NetworkManager[1245]: [1518015098.8318] dhcp4 (enp7s0): lease time 3600
Feb 07 09:51:38 readingrainbow NetworkManager[1245]: [1518015098.8318] dhcp4 (enp7s0): hostname 'readingrainbow'
Feb 07 09:51:38 readingrainbow NetworkManager[1245]: [1518015098.8318] dhcp4 (enp7s0): nameserver '10.0.0.3'
Feb 07 09:51:38 readingrainbow NetworkManager[1245]: [1518015098.8318] dhcp4 (enp7s0): domain name 'world.n7sa.com'
Feb 07 09:51:38 readingrainbow NetworkManager[1245]: [1518015098.8318] dhcp4 (enp7s0): state changed bound -> bound
Feb 07 09:51:38 readingrainbow NetworkManager[1245]: [1518015098.8351] dhcp4 (enp179s0f0): address 10.10.10.150
Feb 07 09:51:38 readingrainbow NetworkManager[1245]: [1518015098.8352] dhcp4 (enp179s0f0): plen 24 (255.255.255.0)
Feb 07 09:51:38 readingrainbow NetworkManager[1245]: [1518015098.8352] dhcp4 (enp179s0f0): gateway 10.10.10.3
Feb 07 09:51:38 readingrainbow NetworkManager[1245]: [1518015098.8352] dhcp4 (enp179s0f0): lease time 3600
Feb 07 09:51:38 readingrainbow NetworkManager[1245]: [1518015098.8352] dhcp4 (enp179s0f0): hostname 'readingrainbow'
Feb 07 09:51:38 readingrainbow NetworkManager[1245]: [1518015098.8352] dhcp4 (enp179s0f0): nameserver '10.10.10.3'
Feb 07 09:51:38 readingrainbow NetworkManager[1245]: [1518015098.8352] dhcp4 (enp179s0f0): domain name 'world.n7sa.com'
Feb 07 09:51:38 readingrainbow NetworkManager[1245]: [1518015098.8353] dhcp4 (enp179s0f0): state changed bound -> bound
Feb 07 09:51:38 readingrainbow dhclient[1582]: bound to 10.0.0.163 -- renewal in 1297 seconds.
Feb 07 09:51:38 readingrainbow dhclient[2848]: bound to 10.10.10.150 -- renewal in 1416 seconds.
Feb 07 09:52:22 readingrainbow kernel: CIFS VFS: Free previous auth_key.response = ffff8c4f37996a80
Feb 07 09:53:12 readingrainbow kernel: CIFS VFS: Free previous auth_key.response = ffff8c4f134ae780
Feb 07 09:54:02 readingrainbow kernel: CIFS VFS: Free previous auth_key.response = ffff8c4f37996780
Feb 07 09:54:52 readingrainbow kernel: CIFS VFS: Free previous auth_key.response = ffff8c4f134ae6c0
Feb 07 09:55:42 readingrainbow kernel: CIFS VFS: Free previous auth_key.response = ffff8c4933460480
Feb 07 09:56:32 readingrainbow kernel: CIFS VFS: Free previous auth_key.response = ffff8c4f134af5c0
Feb 07 09:57:22 readingrainbow kernel: CIFS VFS: Free previous auth_key.response = ffff8c4933460780
Feb 07 09:58:12 readingrainbow kernel: CIFS VFS: Free previous auth_key.response = ffff8c4f37996e40
Feb 07 09:59:02 readingrainbow kernel: CIFS VFS: Free previous auth_key.response = ffff8c4933461200
Feb 07 09:59:52 readingrainbow kernel: CIFS VFS: Free previous auth_key.response = ffff8c4f134ae180
Feb 07 10:01:32 readingrainbow kernel: CIFS VFS: Free previous auth_key.response = ffff8c4f37996cc0
Feb 07 10:02:21 readingrainbow kernel: CIFS VFS: Free previous auth_key.response = ffff8c4de967ca80
Feb 07 10:03:12 readingrainbow kernel: CIFS VFS: Free previous auth_key.response = ffff8c4f74565080
Feb 07 10:04:01 readingrainbow kernel: CIFS VFS: Free previous auth_key.response = ffff8c4d99448000
Feb 07 10:04:52 readingrainbow kernel: CIFS VFS: Free previous auth_key.response = ffff8c4de967d2c0
Feb 07 10:05:02 readingrainbow NetworkManager[1245]: [1518015902.5453] audit: op="radio-control" arg="wireless-enabled:1" pid=60814 uid=1000 result="success"
Feb 07 10:05:04 readingrainbow NetworkManager[1245]: [1518015904.3729] audit: op="radio-control" arg="wireless-enabled:0" pid=60814 uid=1000 result="success"
Feb 07 10:06:01 readingrainbow kernel: CIFS VFS: Free previous auth_key.response = ffff8c4f74565680
Feb 07 10:06:50 readingrainbow kernel: CIFS VFS: Free previous auth_key.response = ffff8c4f6e77ef00
Feb 07 10:07:41 readingrainbow kernel: CIFS VFS: Free previous auth_key.response = ffff8c4de967d080
Feb 07 10:08:30 readingrainbow kernel: CIFS VFS: Free previous auth_key.response = ffff8c4e831a8a80
Feb 07 10:09:21 readingrainbow kernel: CIFS VFS: Free previous auth_key.response = ffff8c4dae673d40
Feb 07 10:11:29 readingrainbow kernel: CIFS VFS: Free previous auth_key.response = ffff8c4e59e0c840
Feb 07 10:12:18 readingrainbow kernel: CIFS VFS: Free previous auth_key.response = ffff8c4b821e8780
Feb 07 10:13:09 readingrainbow kernel: CIFS VFS: Free previous auth_key.response = ffff8c4e1581d200
Feb 07 10:13:47 readingrainbow dhclient[1582]: DHCPREQUEST of 10.0.0.163 on enp7s0 to 10.0.0.3 port 67 (xid=0x5c11d807)
Feb 07 10:13:47 readingrainbow dhclient[1582]: DHCPACK of 10.0.0.163 from 10.0.0.3
Feb 07 10:13:47 readingrainbow NetworkManager[1245]: [1518016427.5023] dhcp4 (enp7s0): address 10.0.0.163
Feb 07 10:13:47 readingrainbow NetworkManager[1245]: [1518016427.5023] dhcp4 (enp7s0): plen 24 (255.255.255.0)
Feb 07 10:13:47 readingrainbow NetworkManager[1245]: [1518016427.5023] dhcp4 (enp7s0): gateway 10.0.0.3
Feb 07 10:13:47 readingrainbow NetworkManager[1245]: [1518016427.5024] dhcp4 (enp7s0): lease time 3600
Feb 07 10:13:47 readingrainbow NetworkManager[1245]: [1518016427.5024] dhcp4 (enp7s0): hostname 'readingrainbow'
Feb 07 10:13:47 readingrainbow NetworkManager[1245]: [1518016427.5024] dhcp4 (enp7s0): nameserver '10.0.0.3'
Feb 07 10:13:47 readingrainbow NetworkManager[1245]: [1518016427.5024] dhcp4 (enp7s0): domain name 'world.n7sa.com'
Feb 07 10:13:47 readingrainbow NetworkManager[1245]: [1518016427.5024] dhcp4 (enp7s0): state changed bound -> bound
Feb 07 10:13:47 readingrainbow dhclient[1582]: bound to 10.0.0.163 -- renewal in 1618 seconds.
Feb 07 10:13:58 readingrainbow kernel: CIFS VFS: Free previous auth_key.response = ffff8c498f523380
Feb 07 10:14:49 readingrainbow kernel: CIFS VFS: Free previous auth_key.response = ffff8c4d95af0240
Feb 07 10:15:17 readingrainbow dhclient[2848]: DHCPREQUEST of 10.10.10.150 on enp179s0f0 to 10.10.10.3 port 67 (xid=0x1ca55be3)
Feb 07 10:15:17 readingrainbow dhclient[2848]: DHCPACK of 10.10.10.150 from 10.10.10.3
Feb 07 10:15:17 readingrainbow NetworkManager[1245]: [1518016517.1601] dhcp4 (enp179s0f0): address 10.10.10.150
Feb 07 10:15:17 readingrainbow NetworkManager[1245]: [1518016517.1601] dhcp4 (enp179s0f0): plen 24 (255.255.255.0)
Feb 07 10:15:17 readingrainbow NetworkManager[1245]: [1518016517.1601] dhcp4 (enp179s0f0): gateway 10.10.10.3
Feb 07 10:15:17 readingrainbow NetworkManager[1245]: [1518016517.1601] dhcp4 (enp179s0f0): lease time 3600
Feb 07 10:15:17 readingrainbow NetworkManager[1245]: [1518016517.1601] dhcp4 (enp179s0f0): hostname 'readingrainbow'
Feb 07 10:15:17 readingrainbow NetworkManager[1245]: [1518016517.1602] dhcp4 (enp179s0f0): nameserver '10.10.10.3'
Feb 07 10:15:17 readingrainbow NetworkManager[1245]: [1518016517.1602] dhcp4 (enp179s0f0): domain name 'world.n7sa.com'
Feb 07 10:15:17 readingrainbow NetworkManager[1245]: [1518016517.1602] dhcp4 (enp179s0f0): state changed bound -> bound
Feb 07 10:15:17 readingrainbow dhclient[2848]: bound to 10.10.10.150 -- renewal in 1424 seconds.
Feb 07 10:15:38 readingrainbow kernel: CIFS VFS: Free previous auth_key.response = ffff8c4f68657ec0
Feb 07 10:16:29 readingrainbow kernel: CIFS VFS: Free previous auth_key.response = ffff8c4904ca20c0
Feb 07 10:17:18 readingrainbow kernel: CIFS VFS: Free previous auth_key.response = ffff8c4f68656480
Feb 07 10:18:28 readingrainbow kernel: CIFS VFS: Free previous auth_key.response = ffff8c4904ca3800
Feb 07 10:20:40 readingrainbow kernel: CIFS VFS: Free previous auth_key.response = ffff8c4e1581d2c0
Feb 07 10:21:31 readingrainbow kernel: CIFS VFS: Free previous auth_key.response = ffff8c4c9e1b7ec0
Feb 07 10:22:20 readingrainbow kernel: CIFS VFS: Free previous auth_key.response = ffff8c4f6e77efc0
Feb 07 10:23:09 readingrainbow kernel: CIFS VFS: Free previous auth_key.response = ffff8c4f7bddf800
Feb 07 10:24:00 readingrainbow kernel: CIFS VFS: Free previous auth_key.response = ffff8c498f523200
Feb 07 10:24:49 readingrainbow kernel: CIFS VFS: Free previous auth_key.response = ffff8c4f0a34fa40
Feb 07 10:25:40 readingrainbow kernel: CIFS VFS: Free previous auth_key.response = ffff8c4e13d43ec0
Feb 07 10:26:29 readingrainbow kernel: CIFS VFS: Free previous auth_key.response = ffff8c4c9e1b6480
Feb 07 10:27:54 readingrainbow kernel: CIFS VFS: Free previous auth_key.response = ffff8c4f82d2e240
Feb 07 10:30:47 readingrainbow kernel: CIFS VFS: Free previous auth_key.response = ffff8c4e06d05680
Feb 07 10:31:38 readingrainbow kernel: CIFS VFS: Free previous auth_key.response = ffff8c4f12bda900
Feb 07 10:32:27 readingrainbow kernel: CIFS VFS: Free previous auth_key.response = ffff8c4f0b531a40
Feb 07 10:33:18 readingrainbow kernel: CIFS VFS: Free previous auth_key.response = ffff8c4f0b531a40
Feb 07 10:34:07 readingrainbow kernel: CIFS VFS: Free previous auth_key.response = ffff8c4f0b531a40
Feb 07 10:34:58 readingrainbow kernel: CIFS VFS: Free previous auth_key.response = ffff8c4f0b531a40
Feb 07 10:35:47 readingrainbow kernel: CIFS VFS: Free previous auth_key.response = ffff8c4f0b531a40
Feb 07 10:36:38 readingrainbow kernel: CIFS VFS: Free previous auth_key.response = ffff8c4f0b531a40
Feb 07 10:38:07 readingrainbow kernel: CIFS VFS: Free previous auth_key.response = ffff8c4f26b706c0
Feb 07 10:38:58 readingrainbow kernel: CIFS VFS: Free previous auth_key.response = ffff8c4f7bdde240
Feb 07 10:39:48 readingrainbow kernel: CIFS VFS: Free previous auth_key.response = ffff8c4e486812c0
Feb 07 10:40:02 readingrainbow dhclient[2848]: DHCPREQUEST of 10.10.10.150 on enp179s0f0 to 10.10.10.3 port 67 (xid=0x1ca55be3)
Feb 07 10:40:02 readingrainbow dhclient[2848]: DHCPACK of 10.10.10.150 from 10.10.10.3
Feb 07 10:40:02 readingrainbow NetworkManager[1245]: [1518018002.2436] dhcp4 (enp179s0f0): address 10.10.10.150
Feb 07 10:40:02 readingrainbow NetworkManager[1245]: [1518018002.2437] dhcp4 (enp179s0f0): plen 24 (255.255.255.0)
Feb 07 10:40:02 readingrainbow NetworkManager[1245]: [1518018002.2437] dhcp4 (enp179s0f0): gateway 10.10.10.3
Feb 07 10:40:02 readingrainbow NetworkManager[1245]: [1518018002.2437] dhcp4 (enp179s0f0): lease time 3600
Feb 07 10:40:02 readingrainbow NetworkManager[1245]: [1518018002.2437] dhcp4 (enp179s0f0): hostname 'readingrainbow'
Feb 07 10:40:02 readingrainbow NetworkManager[1245]: [1518018002.2437] dhcp4 (enp179s0f0): nameserver '10.10.10.3'
Feb 07 10:40:02 readingrainbow NetworkManager[1245]: [1518018002.2438] dhcp4 (enp179s0f0): domain name 'world.n7sa.com'
Feb 07 10:40:02 readingrainbow NetworkManager[1245]: [1518018002.2438] dhcp4 (enp179s0f0): state changed bound -> bound
Feb 07 10:40:02 readingrainbow dhclient[2848]: bound to 10.10.10.150 -- renewal in 1458 seconds.
Feb 07 10:40:38 readingrainbow kernel: CIFS VFS: Free previous auth_key.response = ffff8c4d28966900
Feb 07 10:41:28 readingrainbow kernel: CIFS VFS: Free previous auth_key.response = ffff8c4d28966900
