Feb 06 22:57:15 readingrainbow kernel: CIFS VFS: Free previous auth_key.response = ffff8c4e06d04d80
Feb 06 22:57:23 readingrainbow dhclient[2848]: DHCPREQUEST of 10.10.10.150 on enp179s0f0 to 10.10.10.3 port 67 (xid=0x1ca55be3)
Feb 06 22:57:23 readingrainbow dhclient[2848]: DHCPACK of 10.10.10.150 from 10.10.10.3
Feb 06 22:57:23 readingrainbow NetworkManager[1245]: [1517975843.7805] dhcp4 (enp179s0f0): address 10.10.10.150
Feb 06 22:57:23 readingrainbow NetworkManager[1245]: [1517975843.7805] dhcp4 (enp179s0f0): plen 24 (255.255.255.0)
Feb 06 22:57:23 readingrainbow NetworkManager[1245]: [1517975843.7805] dhcp4 (enp179s0f0): gateway 10.10.10.3
Feb 06 22:57:23 readingrainbow NetworkManager[1245]: [1517975843.7805] dhcp4 (enp179s0f0): lease time 3600
Feb 06 22:57:23 readingrainbow NetworkManager[1245]: [1517975843.7806] dhcp4 (enp179s0f0): hostname 'readingrainbow'
Feb 06 22:57:23 readingrainbow NetworkManager[1245]: [1517975843.7806] dhcp4 (enp179s0f0): nameserver '10.10.10.3'
Feb 06 22:57:23 readingrainbow NetworkManager[1245]: [1517975843.7806] dhcp4 (enp179s0f0): domain name 'world.n7sa.com'
Feb 06 22:57:23 readingrainbow NetworkManager[1245]: [1517975843.7806] dhcp4 (enp179s0f0): state changed bound -> bound
Feb 06 22:57:23 readingrainbow dhclient[2848]: bound to 10.10.10.150 -- renewal in 1504 seconds.
Feb 06 22:58:05 readingrainbow kernel: CIFS VFS: Free previous auth_key.response = ffff8c4f12b65440
Feb 06 22:58:38 readingrainbow dhclient[1582]: DHCPREQUEST of 10.0.0.163 on enp7s0 to 10.0.0.3 port 67 (xid=0x5c11d807)
Feb 06 22:58:38 readingrainbow dhclient[1582]: DHCPACK of 10.0.0.163 from 10.0.0.3
Feb 06 22:58:38 readingrainbow NetworkManager[1245]: [1517975918.9796] dhcp4 (enp7s0): address 10.0.0.163
Feb 06 22:58:38 readingrainbow NetworkManager[1245]: [1517975918.9796] dhcp4 (enp7s0): plen 24 (255.255.255.0)
Feb 06 22:58:38 readingrainbow NetworkManager[1245]: [1517975918.9796] dhcp4 (enp7s0): gateway 10.0.0.3
Feb 06 22:58:38 readingrainbow NetworkManager[1245]: [1517975918.9797] dhcp4 (enp7s0): lease time 3600
Feb 06 22:58:38 readingrainbow NetworkManager[1245]: [1517975918.9797] dhcp4 (enp7s0): hostname 'readingrainbow'
Feb 06 22:58:38 readingrainbow NetworkManager[1245]: [1517975918.9797] dhcp4 (enp7s0): nameserver '10.0.0.3'
Feb 06 22:58:38 readingrainbow NetworkManager[1245]: [1517975918.9797] dhcp4 (enp7s0): domain name 'world.n7sa.com'
Feb 06 22:58:38 readingrainbow NetworkManager[1245]: [1517975918.9797] dhcp4 (enp7s0): state changed bound -> bound
Feb 06 22:58:38 readingrainbow dhclient[1582]: bound to 10.0.0.163 -- renewal in 1244 seconds.
Feb 06 22:58:55 readingrainbow kernel: CIFS VFS: Free previous auth_key.response = ffff8c4ea2e16e40
Feb 06 22:59:45 readingrainbow kernel: CIFS VFS: Free previous auth_key.response = ffff8c4e06d04900
Feb 06 23:00:35 readingrainbow kernel: CIFS VFS: Free previous auth_key.response = ffff8c4f12b65d40
Feb 06 23:02:13 readingrainbow kernel: CIFS VFS: Free previous auth_key.response = ffff8c4ea2e160c0
Feb 06 23:03:02 readingrainbow kernel: CIFS VFS: Free previous auth_key.response = ffff8c4f68d54f00
Feb 06 23:03:53 readingrainbow kernel: CIFS VFS: Free previous auth_key.response = ffff8c4a25ef89c0
Feb 06 23:04:42 readingrainbow kernel: CIFS VFS: Free previous auth_key.response = ffff8c4f425358c0
Feb 06 23:05:32 readingrainbow kernel: CIFS VFS: Free previous auth_key.response = ffff8c4f1e0a4780
Feb 06 23:06:22 readingrainbow kernel: CIFS VFS: Free previous auth_key.response = ffff8c4f12b65680
Feb 06 23:07:12 readingrainbow kernel: CIFS VFS: Free previous auth_key.response = ffff8c4ea2e16480
Feb 06 23:08:02 readingrainbow kernel: CIFS VFS: Free previous auth_key.response = ffff8c4f12b65980
Feb 06 23:08:52 readingrainbow kernel: CIFS VFS: Free previous auth_key.response = ffff8c4ea2e16180
Feb 06 23:09:42 readingrainbow kernel: CIFS VFS: Free previous auth_key.response = ffff8c4f12b658c0
Feb 06 23:10:32 readingrainbow kernel: CIFS VFS: Free previous auth_key.response = ffff8c4ea2e16840
Feb 06 23:11:24 readingrainbow kernel: CIFS VFS: Free previous auth_key.response = ffff8c4f12b64840
Feb 06 23:12:13 readingrainbow kernel: CIFS VFS: Free previous auth_key.response = ffff8c4f12b64840
Feb 06 23:13:04 readingrainbow kernel: CIFS VFS: Free previous auth_key.response = ffff8c4ea2e17080
Feb 06 23:13:53 readingrainbow kernel: CIFS VFS: Free previous auth_key.response = ffff8c4e06d04fc0
Feb 06 23:14:44 readingrainbow kernel: CIFS VFS: Free previous auth_key.response = ffff8c4ea2e169c0
Feb 06 23:15:33 readingrainbow kernel: CIFS VFS: Free previous auth_key.response = ffff8c4e06d04b40
Feb 06 23:16:24 readingrainbow kernel: CIFS VFS: Free previous auth_key.response = ffff8c4f12b65a40
Feb 06 23:17:13 readingrainbow kernel: CIFS VFS: Free previous auth_key.response = ffff8c4e06d05a40
Feb 06 23:18:04 readingrainbow kernel: CIFS VFS: Free previous auth_key.response = ffff8c4ea2e16fc0
Feb 06 23:18:53 readingrainbow kernel: CIFS VFS: Free previous auth_key.response = ffff8c4e06d05d40
Feb 06 23:20:14 readingrainbow dhclient[1582]: DHCPREQUEST of 10.0.0.163 on enp7s0 to 10.0.0.3 port 67 (xid=0x5c11d807)
Feb 06 23:20:14 readingrainbow dhclient[1582]: DHCPACK of 10.0.0.163 from 10.0.0.3
Feb 06 23:20:14 readingrainbow NetworkManager[1245]: [1517977214.7440] dhcp4 (enp7s0): address 10.0.0.163
Feb 06 23:20:14 readingrainbow NetworkManager[1245]: [1517977214.7441] dhcp4 (enp7s0): plen 24 (255.255.255.0)
Feb 06 23:20:14 readingrainbow NetworkManager[1245]: [1517977214.7441] dhcp4 (enp7s0): gateway 10.0.0.3
Feb 06 23:20:14 readingrainbow NetworkManager[1245]: [1517977214.7441] dhcp4 (enp7s0): lease time 3600
Feb 06 23:20:14 readingrainbow NetworkManager[1245]: [1517977214.7441] dhcp4 (enp7s0): hostname 'readingrainbow'
Feb 06 23:20:14 readingrainbow NetworkManager[1245]: [1517977214.7441] dhcp4 (enp7s0): nameserver '10.0.0.3'
Feb 06 23:20:14 readingrainbow NetworkManager[1245]: [1517977214.7441] dhcp4 (enp7s0): domain name 'world.n7sa.com'
Feb 06 23:20:14 readingrainbow NetworkManager[1245]: [1517977214.7442] dhcp4 (enp7s0): state changed bound -> bound
Feb 06 23:20:14 readingrainbow dhclient[1582]: bound to 10.0.0.163 -- renewal in 1511 seconds.
Feb 06 23:20:30 readingrainbow kernel: CIFS VFS: Free previous auth_key.response = ffff8c4ea2e17200
Feb 06 23:21:21 readingrainbow kernel: CIFS VFS: Free previous auth_key.response = ffff8c4e06d04cc0
Feb 06 23:22:11 readingrainbow kernel: CIFS VFS: Free previous auth_key.response = ffff8c4f42535ec0
Feb 06 23:22:32 readingrainbow dhclient[2848]: DHCPREQUEST of 10.10.10.150 on enp179s0f0 to 10.10.10.3 port 67 (xid=0x1ca55be3)
Feb 06 23:22:32 readingrainbow dhclient[2848]: DHCPACK of 10.10.10.150 from 10.10.10.3
Feb 06 23:22:32 readingrainbow NetworkManager[1245]: [1517977352.6234] dhcp4 (enp179s0f0): address 10.10.10.150
Feb 06 23:22:32 readingrainbow NetworkManager[1245]: [1517977352.6234] dhcp4 (enp179s0f0): plen 24 (255.255.255.0)
Feb 06 23:22:32 readingrainbow NetworkManager[1245]: [1517977352.6234] dhcp4 (enp179s0f0): gateway 10.10.10.3
Feb 06 23:22:32 readingrainbow NetworkManager[1245]: [1517977352.6234] dhcp4 (enp179s0f0): lease time 3600
Feb 06 23:22:32 readingrainbow NetworkManager[1245]: [1517977352.6234] dhcp4 (enp179s0f0): hostname 'readingrainbow'
Feb 06 23:22:32 readingrainbow NetworkManager[1245]: [1517977352.6234] dhcp4 (enp179s0f0): nameserver '10.10.10.3'
Feb 06 23:22:32 readingrainbow NetworkManager[1245]: [1517977352.6235] dhcp4 (enp179s0f0): domain name 'world.n7sa.com'
Feb 06 23:22:32 readingrainbow NetworkManager[1245]: [1517977352.6235] dhcp4 (enp179s0f0): state changed bound -> bound
Feb 06 23:22:32 readingrainbow dhclient[2848]: bound to 10.10.10.150 -- renewal in 1255 seconds.
Feb 06 23:23:01 readingrainbow kernel: CIFS VFS: Free previous auth_key.response = ffff8c4f1e0a5080
Feb 06 23:23:51 readingrainbow kernel: CIFS VFS: Free previous auth_key.response = ffff8c4e8d525ec0
Feb 06 23:24:41 readingrainbow kernel: CIFS VFS: Free previous auth_key.response = ffff8c4f12b64fc0
Feb 06 23:25:31 readingrainbow kernel: CIFS VFS: Free previous auth_key.response = ffff8c4ea2e16d80
Feb 06 23:26:21 readingrainbow kernel: CIFS VFS: Free previous auth_key.response = ffff8c4f12b65800
Feb 06 23:27:11 readingrainbow kernel: CIFS VFS: Free previous auth_key.response = ffff8c4ea2e16000
Feb 06 23:28:01 readingrainbow kernel: CIFS VFS: Free previous auth_key.response = ffff8c4e06d05d40
Feb 06 23:28:51 readingrainbow kernel: CIFS VFS: Free previous auth_key.response = ffff8c4f12b643c0
Feb 06 23:29:42 readingrainbow kernel: CIFS VFS: Free previous auth_key.response = ffff8c4ea2e169c0
Feb 06 23:30:31 readingrainbow kernel: CIFS VFS: Free previous auth_key.response = ffff8c4e8d524b40
Feb 06 23:31:22 readingrainbow kernel: CIFS VFS: Free previous auth_key.response = ffff8c4f12b64840
Feb 06 23:32:11 readingrainbow kernel: CIFS VFS: Free previous auth_key.response = ffff8c4e06d04fc0
Feb 06 23:33:02 readingrainbow kernel: CIFS VFS: Free previous auth_key.response = ffff8c4f12b64a80
Feb 06 23:33:51 readingrainbow kernel: CIFS VFS: Free previous auth_key.response = ffff8c4ea2e16cc0
Feb 06 23:34:42 readingrainbow kernel: CIFS VFS: Free previous auth_key.response = ffff8c4e06d04600
Feb 06 23:35:31 readingrainbow kernel: CIFS VFS: Free previous auth_key.response = ffff8c4f12b65ec0
Feb 06 23:36:22 readingrainbow kernel: CIFS VFS: Free previous auth_key.response = ffff8c4ea2e16840
Feb 06 23:37:11 readingrainbow kernel: CIFS VFS: Free previous auth_key.response = ffff8c4f12b64e40
Feb 06 23:38:50 readingrainbow kernel: CIFS VFS: Free previous auth_key.response = ffff8c4ea2e16480
Feb 06 23:39:39 readingrainbow kernel: CIFS VFS: Free previous auth_key.response = ffff8c4f12b649c0
Feb 06 23:40:30 readingrainbow kernel: CIFS VFS: Free previous auth_key.response = ffff8c4ea2e16240
Feb 06 23:41:19 readingrainbow kernel: CIFS VFS: Free previous auth_key.response = ffff8c4e06d04180
Feb 06 23:42:10 readingrainbow kernel: CIFS VFS: Free previous auth_key.response = ffff8c4ea2e169c0
Feb 06 23:42:59 readingrainbow kernel: CIFS VFS: Free previous auth_key.response = ffff8c4f12b65680
Feb 06 23:43:50 readingrainbow kernel: CIFS VFS: Free previous auth_key.response = ffff8c4ea2e16900
Feb 06 23:44:20 readingrainbow dhclient[2848]: DHCPREQUEST of 10.10.10.150 on enp179s0f0 to 10.10.10.3 port 67 (xid=0x1ca55be3)
Feb 06 23:44:20 readingrainbow dhclient[2848]: DHCPACK of 10.10.10.150 from 10.10.10.3
Feb 06 23:44:20 readingrainbow NetworkManager[1245]: [1517978660.3250] dhcp4 (enp179s0f0): address 10.10.10.150
Feb 06 23:44:20 readingrainbow NetworkManager[1245]: [1517978660.3250] dhcp4 (enp179s0f0): plen 24 (255.255.255.0)
Feb 06 23:44:20 readingrainbow NetworkManager[1245]: [1517978660.3250] dhcp4 (enp179s0f0): gateway 10.10.10.3
Feb 06 23:44:20 readingrainbow NetworkManager[1245]: [1517978660.3251] dhcp4 (enp179s0f0): lease time 3600
Feb 06 23:44:20 readingrainbow NetworkManager[1245]: [1517978660.3251] dhcp4 (enp179s0f0): hostname 'readingrainbow'
Feb 06 23:44:20 readingrainbow NetworkManager[1245]: [1517978660.3251] dhcp4 (enp179s0f0): nameserver '10.10.10.3'
Feb 06 23:44:20 readingrainbow NetworkManager[1245]: [1517978660.3251] dhcp4 (enp179s0f0): domain name 'world.n7sa.com'
Feb 06 23:44:20 readingrainbow NetworkManager[1245]: [1517978660.3251] dhcp4 (enp179s0f0): state changed bound -> bound
Feb 06 23:44:20 readingrainbow dhclient[2848]: bound to 10.10.10.150 -- renewal in 1193 seconds.
Feb 06 23:44:39 readingrainbow kernel: CIFS VFS: Free previous auth_key.response = ffff8c4e06d052c0
Feb 06 23:45:30 readingrainbow kernel: CIFS VFS: Free previous auth_key.response = ffff8c4ea2e16000
Feb 06 23:46:19 readingrainbow kernel: CIFS VFS: Free previous auth_key.response = ffff8c4f12b649c0
Feb 06 23:46:29 readingrainbow dhclient[1582]: DHCPREQUEST of 10.0.0.163 on enp7s0 to 10.0.0.3 port 67 (xid=0x5c11d807)
Feb 06 23:46:29 readingrainbow dhclient[1582]: DHCPACK of 10.0.0.163 from 10.0.0.3
Feb 06 23:46:29 readingrainbow NetworkManager[1245]: [1517978789.2174] dhcp4 (enp7s0): address 10.0.0.163
Feb 06 23:46:29 readingrainbow NetworkManager[1245]: [1517978789.2175] dhcp4 (enp7s0): plen 24 (255.255.255.0)
Feb 06 23:46:29 readingrainbow NetworkManager[1245]: [1517978789.2175] dhcp4 (enp7s0): gateway 10.0.0.3
Feb 06 23:46:29 readingrainbow NetworkManager[1245]: [1517978789.2175] dhcp4 (enp7s0): lease time 3600
Feb 06 23:46:29 readingrainbow NetworkManager[1245]: [1517978789.2175] dhcp4 (enp7s0): hostname 'readingrainbow'
Feb 06 23:46:29 readingrainbow NetworkManager[1245]: [1517978789.2176] dhcp4 (enp7s0): nameserver '10.0.0.3'
Feb 06 23:46:29 readingrainbow NetworkManager[1245]: [1517978789.2176] dhcp4 (enp7s0): domain name 'world.n7sa.com'
Feb 06 23:46:29 readingrainbow NetworkManager[1245]: [1517978789.2176] dhcp4 (enp7s0): state changed bound -> bound
Feb 06 23:46:29 readingrainbow dhclient[1582]: bound to 10.0.0.163 -- renewal in 1456 seconds.
Feb 06 23:47:58 readingrainbow kernel: CIFS VFS: Free previous auth_key.response = ffff8c4f12b649c0
Feb 06 23:48:49 readingrainbow kernel: CIFS VFS: Free previous auth_key.response = ffff8c4fb4bad8c0
Feb 06 23:49:39 readingrainbow kernel: CIFS VFS: Free previous auth_key.response = ffff8c4e06d05680
Feb 06 23:50:29 readingrainbow kernel: CIFS VFS: Free previous auth_key.response = ffff8c4f12b64300
Feb 06 23:51:19 readingrainbow kernel: CIFS VFS: Free previous auth_key.response = ffff8c4e06d05d40
Feb 06 23:52:09 readingrainbow kernel: CIFS VFS: Free previous auth_key.response = ffff8c4ea2e16fc0
Feb 06 23:52:59 readingrainbow kernel: CIFS VFS: Free previous auth_key.response = ffff8c4e06d04780
Feb 06 23:53:49 readingrainbow kernel: CIFS VFS: Free previous auth_key.response = ffff8c4f12b655c0
Feb 06 23:54:39 readingrainbow kernel: CIFS VFS: Free previous auth_key.response = ffff8c4ea2e16d80
Feb 06 23:55:29 readingrainbow kernel: CIFS VFS: Free previous auth_key.response = ffff8c4f12b64a80
Feb 06 23:57:09 readingrainbow kernel: CIFS VFS: Free previous auth_key.response = ffff8c4e06d05a40
Feb 06 23:57:58 readingrainbow kernel: CIFS VFS: Free previous auth_key.response = ffff8c4d28889e00
Feb 06 23:58:49 readingrainbow kernel: CIFS VFS: Free previous auth_key.response = ffff8c4fb4bad500
Feb 06 23:59:38 readingrainbow kernel: CIFS VFS: Free previous auth_key.response = ffff8c4ea2e16900
Feb 07 00:00:29 readingrainbow kernel: CIFS VFS: Free previous auth_key.response = ffff8c4e06d04b40
Feb 07 00:01:18 readingrainbow kernel: CIFS VFS: Free previous auth_key.response = ffff8c4f12b64240
Feb 07 00:02:09 readingrainbow kernel: CIFS VFS: Free previous auth_key.response = ffff8c4ea2e17d40
Feb 07 00:02:58 readingrainbow kernel: CIFS VFS: Free previous auth_key.response = ffff8c4f12b65440
Feb 07 00:03:49 readingrainbow kernel: CIFS VFS: Free previous auth_key.response = ffff8c4ea2e16480
Feb 07 00:04:38 readingrainbow kernel: CIFS VFS: Free previous auth_key.response = ffff8c4f12b64e40
Feb 07 00:04:58 readingrainbow dhclient[2848]: DHCPREQUEST of 10.10.10.150 on enp179s0f0 to 10.10.10.3 port 67 (xid=0x1ca55be3)
Feb 07 00:04:58 readingrainbow dhclient[2848]: DHCPACK of 10.10.10.150 from 10.10.10.3
Feb 07 00:04:58 readingrainbow NetworkManager[1245]: [1517979898.2584] dhcp4 (enp179s0f0): address 10.10.10.150
Feb 07 00:04:58 readingrainbow NetworkManager[1245]: [1517979898.2585] dhcp4 (enp179s0f0): plen 24 (255.255.255.0)
Feb 07 00:04:58 readingrainbow NetworkManager[1245]: [1517979898.2585] dhcp4 (enp179s0f0): gateway 10.10.10.3
Feb 07 00:04:58 readingrainbow NetworkManager[1245]: [1517979898.2585] dhcp4 (enp179s0f0): lease time 3600
Feb 07 00:04:58 readingrainbow NetworkManager[1245]: [1517979898.2585] dhcp4 (enp179s0f0): hostname 'readingrainbow'
Feb 07 00:04:58 readingrainbow NetworkManager[1245]: [1517979898.2585] dhcp4 (enp179s0f0): nameserver '10.10.10.3'
Feb 07 00:04:58 readingrainbow NetworkManager[1245]: [1517979898.2585] dhcp4 (enp179s0f0): domain name 'world.n7sa.com'
Feb 07 00:04:58 readingrainbow NetworkManager[1245]: [1517979898.2586] dhcp4 (enp179s0f0): state changed bound -> bound
Feb 07 00:04:58 readingrainbow dhclient[2848]: bound to 10.10.10.150 -- renewal in 1572 seconds.
Feb 07 00:06:31 readingrainbow kernel: CIFS VFS: Free previous auth_key.response = ffff8c4e06d04900
Feb 07 00:07:22 readingrainbow kernel: CIFS VFS: Free previous auth_key.response = ffff8c4ea2e160c0
Feb 07 00:08:11 readingrainbow kernel: CIFS VFS: Free previous auth_key.response = ffff8c4e06d046c0
Feb 07 00:09:02 readingrainbow kernel: CIFS VFS: Free previous auth_key.response = ffff8c4f12b646c0
Feb 07 00:09:51 readingrainbow kernel: CIFS VFS: Free previous auth_key.response = ffff8c4ea2e16cc0
Feb 07 00:10:42 readingrainbow kernel: CIFS VFS: Free previous auth_key.response = ffff8c4e06d04600
Feb 07 00:11:31 readingrainbow kernel: CIFS VFS: Free previous auth_key.response = ffff8c4f12b65ec0
Feb 07 00:11:45 readingrainbow dhclient[1582]: DHCPREQUEST of 10.0.0.163 on enp7s0 to 10.0.0.3 port 67 (xid=0x5c11d807)
Feb 07 00:11:45 readingrainbow dhclient[1582]: DHCPACK of 10.0.0.163 from 10.0.0.3
Feb 07 00:11:45 readingrainbow NetworkManager[1245]: [1517980305.8019] dhcp4 (enp7s0): address 10.0.0.163
Feb 07 00:11:45 readingrainbow NetworkManager[1245]: [1517980305.8019] dhcp4 (enp7s0): plen 24 (255.255.255.0)
Feb 07 00:11:45 readingrainbow NetworkManager[1245]: [1517980305.8019] dhcp4 (enp7s0): gateway 10.0.0.3
Feb 07 00:11:45 readingrainbow NetworkManager[1245]: [1517980305.8020] dhcp4 (enp7s0): lease time 3600
Feb 07 00:11:45 readingrainbow NetworkManager[1245]: [1517980305.8020] dhcp4 (enp7s0): hostname 'readingrainbow'
Feb 07 00:11:45 readingrainbow NetworkManager[1245]: [1517980305.8020] dhcp4 (enp7s0): nameserver '10.0.0.3'
Feb 07 00:11:45 readingrainbow NetworkManager[1245]: [1517980305.8020] dhcp4 (enp7s0): domain name 'world.n7sa.com'
Feb 07 00:11:45 readingrainbow NetworkManager[1245]: [1517980305.8020] dhcp4 (enp7s0): state changed bound -> bound
Feb 07 00:11:45 readingrainbow dhclient[1582]: bound to 10.0.0.163 -- renewal in 1369 seconds.
Feb 07 00:12:22 readingrainbow kernel: CIFS VFS: Free previous auth_key.response = ffff8c4ea2e169c0
Feb 07 00:13:12 readingrainbow kernel: CIFS VFS: Free previous auth_key.response = ffff8c4f12b649c0
Feb 07 00:14:02 readingrainbow kernel: CIFS VFS: Free previous auth_key.response = ffff8c4ea2e16480
Feb 07 00:15:27 readingrainbow kernel: CIFS VFS: Free previous auth_key.response = ffff8c4e06d049c0
Feb 07 00:16:18 readingrainbow kernel: CIFS VFS: Free previous auth_key.response = ffff8c4ea2e16240
Feb 07 00:17:08 readingrainbow kernel: CIFS VFS: Free previous auth_key.response = ffff8c4e06d05680
Feb 07 00:17:58 readingrainbow kernel: CIFS VFS: Free previous auth_key.response = ffff8c4ea2e175c0
Feb 07 00:18:48 readingrainbow kernel: CIFS VFS: Free previous auth_key.response = ffff8c4e06d05a40
Feb 07 00:19:38 readingrainbow kernel: CIFS VFS: Free previous auth_key.response = ffff8c4ea2e16c00
Feb 07 00:20:28 readingrainbow kernel: CIFS VFS: Free previous auth_key.response = ffff8c4a25ef9380
Feb 07 00:21:18 readingrainbow kernel: CIFS VFS: Free previous auth_key.response = ffff8c4a08897e00
Feb 07 00:22:08 readingrainbow kernel: CIFS VFS: Free previous auth_key.response = ffff8c4f1e0a49c0
Feb 07 00:22:59 readingrainbow kernel: CIFS VFS: Free previous auth_key.response = ffff8c4ea2e17d40
Feb 07 00:24:36 readingrainbow kernel: CIFS VFS: Free previous auth_key.response = ffff8c4e06d058c0
Feb 07 00:25:25 readingrainbow kernel: CIFS VFS: Free previous auth_key.response = ffff8c4f12b643c0
Feb 07 00:26:16 readingrainbow kernel: CIFS VFS: Free previous auth_key.response = ffff8c4e06d058c0
Feb 07 00:27:05 readingrainbow kernel: CIFS VFS: Free previous auth_key.response = ffff8c4ea2e16840
Feb 07 00:27:56 readingrainbow kernel: CIFS VFS: Free previous auth_key.response = ffff8c4e06d05680
Feb 07 00:28:45 readingrainbow kernel: CIFS VFS: Free previous auth_key.response = ffff8c4f12b655c0
Feb 07 00:29:36 readingrainbow kernel: CIFS VFS: Free previous auth_key.response = ffff8c4e06d05d40
Feb 07 00:30:25 readingrainbow kernel: CIFS VFS: Free previous auth_key.response = ffff8c4f12b65440
Feb 07 00:31:16 readingrainbow kernel: CIFS VFS: Free previous auth_key.response = ffff8c4ea2e17080
Feb 07 00:31:58 readingrainbow dhclient[2848]: DHCPREQUEST of 10.10.10.150 on enp179s0f0 to 10.10.10.3 port 67 (xid=0x1ca55be3)
Feb 07 00:31:58 readingrainbow dhclient[2848]: DHCPACK of 10.10.10.150 from 10.10.10.3
Feb 07 00:31:58 readingrainbow NetworkManager[1245]: [1517981518.6649] dhcp4 (enp179s0f0): address 10.10.10.150
Feb 07 00:31:58 readingrainbow NetworkManager[1245]: [1517981518.6650] dhcp4 (enp179s0f0): plen 24 (255.255.255.0)
Feb 07 00:31:58 readingrainbow NetworkManager[1245]: [1517981518.6650] dhcp4 (enp179s0f0): gateway 10.10.10.3
Feb 07 00:31:58 readingrainbow NetworkManager[1245]: [1517981518.6650] dhcp4 (enp179s0f0): lease time 3600
Feb 07 00:31:58 readingrainbow NetworkManager[1245]: [1517981518.6650] dhcp4 (enp179s0f0): hostname 'readingrainbow'
Feb 07 00:31:58 readingrainbow NetworkManager[1245]: [1517981518.6650] dhcp4 (enp179s0f0): nameserver '10.10.10.3'
Feb 07 00:31:58 readingrainbow NetworkManager[1245]: [1517981518.6650] dhcp4 (enp179s0f0): domain name 'world.n7sa.com'
Feb 07 00:31:58 readingrainbow NetworkManager[1245]: [1517981518.6650] dhcp4 (enp179s0f0): state changed bound -> bound
Feb 07 00:31:58 readingrainbow dhclient[2848]: bound to 10.10.10.150 -- renewal in 1318 seconds.
Feb 07 00:32:05 readingrainbow kernel: CIFS VFS: Free previous auth_key.response = ffff8c4e06d05200
Feb 07 00:33:44 readingrainbow kernel: CIFS VFS: Free previous auth_key.response = ffff8c4f12b65ec0
Feb 07 00:34:33 readingrainbow kernel: CIFS VFS: Free previous auth_key.response = ffff8c4ea2e16cc0
Feb 07 00:35:24 readingrainbow kernel: CIFS VFS: Free previous auth_key.response = ffff8c4e06d04000
Feb 07 00:35:31 readingrainbow dhclient[1582]: DHCPREQUEST of 10.0.0.163 on enp7s0 to 10.0.0.3 port 67 (xid=0x5c11d807)
Feb 07 00:35:31 readingrainbow dhclient[1582]: DHCPACK of 10.0.0.163 from 10.0.0.3
Feb 07 00:35:31 readingrainbow NetworkManager[1245]: [1517981731.2493] dhcp4 (enp7s0): address 10.0.0.163
Feb 07 00:35:31 readingrainbow NetworkManager[1245]: [1517981731.2494] dhcp4 (enp7s0): plen 24 (255.255.255.0)
Feb 07 00:35:31 readingrainbow NetworkManager[1245]: [1517981731.2494] dhcp4 (enp7s0): gateway 10.0.0.3
Feb 07 00:35:31 readingrainbow NetworkManager[1245]: [1517981731.2494] dhcp4 (enp7s0): lease time 3600
Feb 07 00:35:31 readingrainbow NetworkManager[1245]: [1517981731.2494] dhcp4 (enp7s0): hostname 'readingrainbow'
Feb 07 00:35:31 readingrainbow NetworkManager[1245]: [1517981731.2494] dhcp4 (enp7s0): nameserver '10.0.0.3'
Feb 07 00:35:31 readingrainbow NetworkManager[1245]: [1517981731.2494] dhcp4 (enp7s0): domain name 'world.n7sa.com'
Feb 07 00:35:31 readingrainbow NetworkManager[1245]: [1517981731.2495] dhcp4 (enp7s0): state changed bound -> bound
Feb 07 00:35:31 readingrainbow dhclient[1582]: bound to 10.0.0.163 -- renewal in 1296 seconds.
Feb 07 00:36:13 readingrainbow kernel: CIFS VFS: Free previous auth_key.response = ffff8c4f12b65080
Feb 07 00:37:04 readingrainbow kernel: CIFS VFS: Free previous auth_key.response = ffff8c4ea2e16840
Feb 07 00:37:53 readingrainbow kernel: CIFS VFS: Free previous auth_key.response = ffff8c4e06d046c0
Feb 07 00:38:44 readingrainbow kernel: CIFS VFS: Free previous auth_key.response = ffff8c4ea2e17380
Feb 07 00:39:33 readingrainbow kernel: CIFS VFS: Free previous auth_key.response = ffff8c4e06d04a80
Feb 07 00:40:24 readingrainbow kernel: CIFS VFS: Free previous auth_key.response = ffff8c4f12b646c0
Feb 07 00:41:13 readingrainbow kernel: CIFS VFS: Free previous auth_key.response = ffff8c4e06d05b00
Feb 07 00:42:04 readingrainbow kernel: CIFS VFS: Free previous auth_key.response = ffff8c4f12b649c0
Feb 07 00:42:54 readingrainbow kernel: CIFS VFS: Free previous auth_key.response = ffff8c4ea2e160c0
Feb 07 00:43:44 readingrainbow kernel: CIFS VFS: Free previous auth_key.response = ffff8c4f12b655c0
Feb 07 00:44:34 readingrainbow kernel: CIFS VFS: Free previous auth_key.response = ffff8c4ea2e175c0
Feb 07 00:45:24 readingrainbow kernel: CIFS VFS: Free previous auth_key.response = ffff8c4e06d052c0
Feb 07 00:46:14 readingrainbow kernel: CIFS VFS: Free previous auth_key.response = ffff8c4ea2e16fc0
Feb 07 00:47:04 readingrainbow kernel: CIFS VFS: Free previous auth_key.response = ffff8c4e06d04180
Feb 07 00:47:54 readingrainbow kernel: CIFS VFS: Free previous auth_key.response = ffff8c4f12b649c0
Feb 07 00:48:44 readingrainbow kernel: CIFS VFS: Free previous auth_key.response = ffff8c4e06d04fc0
Feb 07 00:49:34 readingrainbow kernel: CIFS VFS: Free previous auth_key.response = ffff8c4ea2e17200
Feb 07 00:50:24 readingrainbow kernel: CIFS VFS: Free previous auth_key.response = ffff8c4e06d05680
Feb 07 00:52:03 readingrainbow kernel: CIFS VFS: Free previous auth_key.response = ffff8c4f12b64840
Feb 07 00:52:52 readingrainbow kernel: CIFS VFS: Free previous auth_key.response = ffff8c4de96a3140
Feb 07 00:53:43 readingrainbow kernel: CIFS VFS: Free previous auth_key.response = ffff8c4ea2e16480
Feb 07 00:54:32 readingrainbow kernel: CIFS VFS: Free previous auth_key.response = ffff8c4f12b646c0
Feb 07 00:54:42 readingrainbow dhclient[2848]: DHCPREQUEST of 10.10.10.150 on enp179s0f0 to 10.10.10.3 port 67 (xid=0x1ca55be3)
Feb 07 00:54:42 readingrainbow dhclient[2848]: DHCPACK of 10.10.10.150 from 10.10.10.3
Feb 07 00:54:42 readingrainbow NetworkManager[1245]: [1517982882.0164] dhcp4 (enp179s0f0): address 10.10.10.150
Feb 07 00:54:42 readingrainbow NetworkManager[1245]: [1517982882.0165] dhcp4 (enp179s0f0): plen 24 (255.255.255.0)
Feb 07 00:54:42 readingrainbow NetworkManager[1245]: [1517982882.0165] dhcp4 (enp179s0f0): gateway 10.10.10.3
Feb 07 00:54:42 readingrainbow NetworkManager[1245]: [1517982882.0165] dhcp4 (enp179s0f0): lease time 3600
Feb 07 00:54:42 readingrainbow NetworkManager[1245]: [1517982882.0165] dhcp4 (enp179s0f0): hostname 'readingrainbow'
Feb 07 00:54:42 readingrainbow NetworkManager[1245]: [1517982882.0166] dhcp4 (enp179s0f0): nameserver '10.10.10.3'
Feb 07 00:54:42 readingrainbow NetworkManager[1245]: [1517982882.0166] dhcp4 (enp179s0f0): domain name 'world.n7sa.com'
Feb 07 00:54:42 readingrainbow NetworkManager[1245]: [1517982882.0166] dhcp4 (enp179s0f0): state changed bound -> bound
Feb 07 00:54:42 readingrainbow dhclient[2848]: bound to 10.10.10.150 -- renewal in 1299 seconds.
Feb 07 00:55:23 readingrainbow kernel: CIFS VFS: Free previous auth_key.response = ffff8c4ea2e16240
Feb 07 00:56:12 readingrainbow kernel: CIFS VFS: Free previous auth_key.response = ffff8c4f12b65080
Feb 07 00:57:03 readingrainbow kernel: CIFS VFS: Free previous auth_key.response = ffff8c4ea2e160c0
Feb 07 00:57:52 readingrainbow kernel: CIFS VFS: Free previous auth_key.response = ffff8c4ea2e160c0
Feb 07 00:58:01 readingrainbow dhclient[1582]: DHCPREQUEST of 10.0.0.163 on enp7s0 to 10.0.0.3 port 67 (xid=0x5c11d807)
Feb 07 00:58:01 readingrainbow dhclient[1582]: DHCPACK of 10.0.0.163 from 10.0.0.3
Feb 07 00:58:01 readingrainbow NetworkManager[1245]: [1517983081.7615] dhcp4 (enp7s0): address 10.0.0.163
Feb 07 00:58:01 readingrainbow NetworkManager[1245]: [1517983081.7616] dhcp4 (enp7s0): plen 24 (255.255.255.0)
Feb 07 00:58:01 readingrainbow NetworkManager[1245]: [1517983081.7616] dhcp4 (enp7s0): gateway 10.0.0.3
Feb 07 00:58:01 readingrainbow NetworkManager[1245]: [1517983081.7616] dhcp4 (enp7s0): lease time 3600
Feb 07 00:58:01 readingrainbow NetworkManager[1245]: [1517983081.7616] dhcp4 (enp7s0): hostname 'readingrainbow'
Feb 07 00:58:01 readingrainbow NetworkManager[1245]: [1517983081.7617] dhcp4 (enp7s0): nameserver '10.0.0.3'
Feb 07 00:58:01 readingrainbow NetworkManager[1245]: [1517983081.7617] dhcp4 (enp7s0): domain name 'world.n7sa.com'
Feb 07 00:58:01 readingrainbow NetworkManager[1245]: [1517983081.7617] dhcp4 (enp7s0): state changed bound -> bound
Feb 07 00:58:01 readingrainbow dhclient[1582]: bound to 10.0.0.163 -- renewal in 1560 seconds.
Feb 07 00:58:43 readingrainbow kernel: CIFS VFS: Free previous auth_key.response = ffff8c4e06d04780
Feb 07 00:59:32 readingrainbow kernel: CIFS VFS: Free previous auth_key.response = ffff8c4ea2e16c00
Feb 07 01:01:11 readingrainbow kernel: CIFS VFS: Free previous auth_key.response = ffff8c4e06d05980
Feb 07 01:02:02 readingrainbow kernel: CIFS VFS: Free previous auth_key.response = ffff8c4d9877f440
Feb 07 01:02:52 readingrainbow kernel: CIFS VFS: Free previous auth_key.response = ffff8c4a25ef9680
Feb 07 01:03:41 readingrainbow kernel: CIFS VFS: Free previous auth_key.response = ffff8c4f1e0a5740
Feb 07 01:04:32 readingrainbow kernel: CIFS VFS: Free previous auth_key.response = ffff8c4f12b643c0
Feb 07 01:05:21 readingrainbow kernel: CIFS VFS: Free previous auth_key.response = ffff8c4ea2e17680
Feb 07 01:06:12 readingrainbow kernel: CIFS VFS: Free previous auth_key.response = ffff8c4ea2e17680
Feb 07 01:07:01 readingrainbow kernel: CIFS VFS: Free previous auth_key.response = ffff8c4e06d05200
Feb 07 01:07:52 readingrainbow kernel: CIFS VFS: Free previous auth_key.response = ffff8c4ea2e16e40
Feb 07 01:08:41 readingrainbow kernel: CIFS VFS: Free previous auth_key.response = ffff8c4f12b64a80
Feb 07 01:10:18 readingrainbow kernel: CIFS VFS: Free previous auth_key.response = ffff8c4ea2e169c0
Feb 07 01:11:09 readingrainbow kernel: CIFS VFS: Free previous auth_key.response = ffff8c4de96a3080
Feb 07 01:11:59 readingrainbow kernel: CIFS VFS: Free previous auth_key.response = ffff8c4f12b649c0
Feb 07 01:12:49 readingrainbow kernel: CIFS VFS: Free previous auth_key.response = ffff8c4ea2e16180
Feb 07 01:13:39 readingrainbow kernel: CIFS VFS: Free previous auth_key.response = ffff8c4e06d05b00
Feb 07 01:14:29 readingrainbow kernel: CIFS VFS: Free previous auth_key.response = ffff8c4f12b65080
Feb 07 01:15:19 readingrainbow kernel: CIFS VFS: Free previous auth_key.response = ffff8c4ea2e17680
Feb 07 01:16:09 readingrainbow kernel: CIFS VFS: Free previous auth_key.response = ffff8c4f12b658c0
Feb 07 01:16:59 readingrainbow kernel: CIFS VFS: Free previous auth_key.response = ffff8c4ea2e160c0
Feb 07 01:17:07 readingrainbow dhclient[2848]: DHCPREQUEST of 10.10.10.150 on enp179s0f0 to 10.10.10.3 port 67 (xid=0x1ca55be3)
Feb 07 01:17:07 readingrainbow dhclient[2848]: DHCPACK of 10.10.10.150 from 10.10.10.3
Feb 07 01:17:07 readingrainbow NetworkManager[1245]: [1517984227.1491] dhcp4 (enp179s0f0): address 10.10.10.150
Feb 07 01:17:07 readingrainbow NetworkManager[1245]: [1517984227.1492] dhcp4 (enp179s0f0): plen 24 (255.255.255.0)
Feb 07 01:17:07 readingrainbow NetworkManager[1245]: [1517984227.1492] dhcp4 (enp179s0f0): gateway 10.10.10.3
Feb 07 01:17:07 readingrainbow NetworkManager[1245]: [1517984227.1492] dhcp4 (enp179s0f0): lease time 3600
Feb 07 01:17:07 readingrainbow NetworkManager[1245]: [1517984227.1492] dhcp4 (enp179s0f0): hostname 'readingrainbow'
Feb 07 01:17:07 readingrainbow NetworkManager[1245]: [1517984227.1492] dhcp4 (enp179s0f0): nameserver '10.10.10.3'
Feb 07 01:17:07 readingrainbow NetworkManager[1245]: [1517984227.1492] dhcp4 (enp179s0f0): domain name 'world.n7sa.com'
Feb 07 01:17:07 readingrainbow NetworkManager[1245]: [1517984227.1493] dhcp4 (enp179s0f0): state changed bound -> bound
Feb 07 01:17:07 readingrainbow dhclient[2848]: bound to 10.10.10.150 -- renewal in 1413 seconds.
Feb 07 01:17:49 readingrainbow kernel: CIFS VFS: Free previous auth_key.response = ffff8c4e06d04000
Feb 07 01:18:39 readingrainbow kernel: CIFS VFS: Free previous auth_key.response = ffff8c4ea2e16c00
Feb 07 01:19:30 readingrainbow kernel: CIFS VFS: Free previous auth_key.response = ffff8c4e06d04900
Feb 07 01:20:19 readingrainbow kernel: CIFS VFS: Free previous auth_key.response = ffff8c4f68d54b40
Feb 07 01:21:10 readingrainbow kernel: CIFS VFS: Free previous auth_key.response = ffff8c4e13c5e9c0
Feb 07 01:21:59 readingrainbow kernel: CIFS VFS: Free previous auth_key.response = ffff8c4a25ef9980
Feb 07 01:22:50 readingrainbow kernel: CIFS VFS: Free previous auth_key.response = ffff8c4f42534480
Feb 07 01:23:39 readingrainbow kernel: CIFS VFS: Free previous auth_key.response = ffff8c4ea2e16fc0
Feb 07 01:24:30 readingrainbow kernel: CIFS VFS: Free previous auth_key.response = ffff8c4f12b646c0
Feb 07 01:25:07 readingrainbow dhclient[1582]: DHCPREQUEST of 10.0.0.163 on enp7s0 to 10.0.0.3 port 67 (xid=0x5c11d807)
Feb 07 01:25:07 readingrainbow dhclient[1582]: DHCPACK of 10.0.0.163 from 10.0.0.3
Feb 07 01:25:07 readingrainbow NetworkManager[1245]: [1517984707.8281] dhcp4 (enp7s0): address 10.0.0.163
Feb 07 01:25:07 readingrainbow NetworkManager[1245]: [1517984707.8281] dhcp4 (enp7s0): plen 24 (255.255.255.0)
Feb 07 01:25:07 readingrainbow NetworkManager[1245]: [1517984707.8281] dhcp4 (enp7s0): gateway 10.0.0.3
Feb 07 01:25:07 readingrainbow NetworkManager[1245]: [1517984707.8282] dhcp4 (enp7s0): lease time 3600
Feb 07 01:25:07 readingrainbow NetworkManager[1245]: [1517984707.8282] dhcp4 (enp7s0): hostname 'readingrainbow'
Feb 07 01:25:07 readingrainbow NetworkManager[1245]: [1517984707.8282] dhcp4 (enp7s0): nameserver '10.0.0.3'
Feb 07 01:25:07 readingrainbow NetworkManager[1245]: [1517984707.8282] dhcp4 (enp7s0): domain name 'world.n7sa.com'
Feb 07 01:25:07 readingrainbow NetworkManager[1245]: [1517984707.8282] dhcp4 (enp7s0): state changed bound -> bound
Feb 07 01:25:07 readingrainbow dhclient[1582]: bound to 10.0.0.163 -- renewal in 1628 seconds.
Feb 07 01:25:19 readingrainbow kernel: CIFS VFS: Free previous auth_key.response = ffff8c4ea2e16000
Feb 07 01:26:10 readingrainbow kernel: CIFS VFS: Free previous auth_key.response = ffff8c4f12b655c0
Feb 07 01:26:59 readingrainbow kernel: CIFS VFS: Free previous auth_key.response = ffff8c4ea2e16000
Feb 07 01:28:37 readingrainbow kernel: CIFS VFS: Free previous auth_key.response = ffff8c4e06d04600
Feb 07 01:29:27 readingrainbow kernel: CIFS VFS: Free previous auth_key.response = ffff8c4a25ef9080
Feb 07 01:30:18 readingrainbow kernel: CIFS VFS: Free previous auth_key.response = ffff8c4f42535ec0
Feb 07 01:31:07 readingrainbow kernel: CIFS VFS: Free previous auth_key.response = ffff8c4f12b64e40
Feb 07 01:31:58 readingrainbow kernel: CIFS VFS: Free previous auth_key.response = ffff8c4e06d05740
Feb 07 01:32:47 readingrainbow kernel: CIFS VFS: Free previous auth_key.response = ffff8c4f12b64fc0
Feb 07 01:33:38 readingrainbow kernel: CIFS VFS: Free previous auth_key.response = ffff8c4ea2e16840
Feb 07 01:34:27 readingrainbow kernel: CIFS VFS: Free previous auth_key.response = ffff8c4e06d04cc0
Feb 07 01:35:18 readingrainbow kernel: CIFS VFS: Free previous auth_key.response = ffff8c4f12b646c0
Feb 07 01:36:07 readingrainbow kernel: CIFS VFS: Free previous auth_key.response = ffff8c4ea2e17680
Feb 07 01:36:58 readingrainbow kernel: CIFS VFS: Free previous auth_key.response = ffff8c4e06d05980
Feb 07 01:37:48 readingrainbow kernel: CIFS VFS: Free previous auth_key.response = ffff8c4f12b643c0
Feb 07 01:38:39 readingrainbow kernel: CIFS VFS: Free previous auth_key.response = ffff8c4d28889140
Feb 07 01:39:29 readingrainbow kernel: CIFS VFS: Free previous auth_key.response = ffff8c4de96a3e00
Feb 07 01:40:19 readingrainbow kernel: CIFS VFS: Free previous auth_key.response = ffff8c4e06d05d40
Feb 07 01:41:09 readingrainbow kernel: CIFS VFS: Free previous auth_key.response = ffff8c4ea2e17680
Feb 07 01:41:19 readingrainbow dhclient[2848]: DHCPREQUEST of 10.10.10.150 on enp179s0f0 to 10.10.10.3 port 67 (xid=0x1ca55be3)
Feb 07 01:41:19 readingrainbow dhclient[2848]: DHCPACK of 10.10.10.150 from 10.10.10.3
Feb 07 01:41:19 readingrainbow NetworkManager[1245]: [1517985679.9038] dhcp4 (enp179s0f0): address 10.10.10.150
Feb 07 01:41:19 readingrainbow NetworkManager[1245]: [1517985679.9038] dhcp4 (enp179s0f0): plen 24 (255.255.255.0)
Feb 07 01:41:19 readingrainbow NetworkManager[1245]: [1517985679.9038] dhcp4 (enp179s0f0): gateway 10.10.10.3
Feb 07 01:41:19 readingrainbow NetworkManager[1245]: [1517985679.9038] dhcp4 (enp179s0f0): lease time 3600
Feb 07 01:41:19 readingrainbow NetworkManager[1245]: [1517985679.9039] dhcp4 (enp179s0f0): hostname 'readingrainbow'
Feb 07 01:41:19 readingrainbow NetworkManager[1245]: [1517985679.9039] dhcp4 (enp179s0f0): nameserver '10.10.10.3'
Feb 07 01:41:19 readingrainbow NetworkManager[1245]: [1517985679.9039] dhcp4 (enp179s0f0): domain name 'world.n7sa.com'
Feb 07 01:41:19 readingrainbow NetworkManager[1245]: [1517985679.9039] dhcp4 (enp179s0f0): state changed bound -> bound
Feb 07 01:41:19 readingrainbow dhclient[2848]: bound to 10.10.10.150 -- renewal in 1298 seconds.
Feb 07 01:41:59 readingrainbow kernel: CIFS VFS: Free previous auth_key.response = ffff8c4e06d05980
Feb 07 01:42:49 readingrainbow kernel: CIFS VFS: Free previous auth_key.response = ffff8c4ea2e16cc0
Feb 07 01:43:39 readingrainbow kernel: CIFS VFS: Free previous auth_key.response = ffff8c4e06d05140
Feb 07 01:44:29 readingrainbow kernel: CIFS VFS: Free previous auth_key.response = ffff8c4f12b64a80
Feb 07 01:45:19 readingrainbow kernel: CIFS VFS: Free previous auth_key.response = ffff8c4ea2e16fc0
Feb 07 01:46:59 readingrainbow kernel: CIFS VFS: Free previous auth_key.response = ffff8c4e06d046c0
Feb 07 01:47:48 readingrainbow kernel: CIFS VFS: Free previous auth_key.response = ffff8c4d9877f200
Feb 07 01:48:39 readingrainbow kernel: CIFS VFS: Free previous auth_key.response = ffff8c4a25ef89c0
Feb 07 01:49:28 readingrainbow kernel: CIFS VFS: Free previous auth_key.response = ffff8c4f42535980
Feb 07 01:50:19 readingrainbow kernel: CIFS VFS: Free previous auth_key.response = ffff8c4f42535980
Feb 07 01:51:08 readingrainbow kernel: CIFS VFS: Free previous auth_key.response = ffff8c4f42535980
Feb 07 01:51:59 readingrainbow kernel: CIFS VFS: Free previous auth_key.response = ffff8c4f42535980
Feb 07 01:52:48 readingrainbow kernel: CIFS VFS: Free previous auth_key.response = ffff8c4f42535980
Feb 07 01:53:22 readingrainbow dhclient[1582]: DHCPREQUEST of 10.0.0.163 on enp7s0 to 10.0.0.3 port 67 (xid=0x5c11d807)
Feb 07 01:53:22 readingrainbow dhclient[1582]: DHCPACK of 10.0.0.163 from 10.0.0.3
Feb 07 01:53:22 readingrainbow NetworkManager[1245]: [1517986402.4191] dhcp4 (enp7s0): address 10.0.0.163
Feb 07 01:53:22 readingrainbow NetworkManager[1245]: [1517986402.4192] dhcp4 (enp7s0): plen 24 (255.255.255.0)
Feb 07 01:53:22 readingrainbow NetworkManager[1245]: [1517986402.4192] dhcp4 (enp7s0): gateway 10.0.0.3
Feb 07 01:53:22 readingrainbow NetworkManager[1245]: [1517986402.4192] dhcp4 (enp7s0): lease time 3600
Feb 07 01:53:22 readingrainbow NetworkManager[1245]: [1517986402.4192] dhcp4 (enp7s0): hostname 'readingrainbow'
Feb 07 01:53:22 readingrainbow NetworkManager[1245]: [1517986402.4192] dhcp4 (enp7s0): nameserver '10.0.0.3'
Feb 07 01:53:22 readingrainbow NetworkManager[1245]: [1517986402.4193] dhcp4 (enp7s0): domain name 'world.n7sa.com'
Feb 07 01:53:22 readingrainbow NetworkManager[1245]: [1517986402.4193] dhcp4 (enp7s0): state changed bound -> bound
Feb 07 01:53:22 readingrainbow dhclient[1582]: bound to 10.0.0.163 -- renewal in 1383 seconds.
Feb 07 01:53:39 readingrainbow kernel: CIFS VFS: Free previous auth_key.response = ffff8c4a08897e00
Feb 07 01:54:28 readingrainbow kernel: CIFS VFS: Free previous auth_key.response = ffff8c4f42535980
Feb 07 01:56:07 readingrainbow kernel: CIFS VFS: Free previous auth_key.response = ffff8c4f42535980
Feb 07 01:56:58 readingrainbow kernel: CIFS VFS: Free previous auth_key.response = ffff8c4f68d552c0
Feb 07 01:57:48 readingrainbow kernel: CIFS VFS: Free previous auth_key.response = ffff8c4e13c5e000
Feb 07 01:58:38 readingrainbow kernel: CIFS VFS: Free previous auth_key.response = ffff8c4d9877e840
Feb 07 01:59:28 readingrainbow kernel: CIFS VFS: Free previous auth_key.response = ffff8c4d9877e840
Feb 07 02:00:18 readingrainbow kernel: CIFS VFS: Free previous auth_key.response = ffff8c4a25ef9140
Feb 07 02:01:08 readingrainbow kernel: CIFS VFS: Free previous auth_key.response = ffff8c4d9877f440
Feb 07 02:01:58 readingrainbow kernel: CIFS VFS: Free previous auth_key.response = ffff8c4a25ef8a80
Feb 07 02:02:48 readingrainbow kernel: CIFS VFS: Free previous auth_key.response = ffff8c4d9877f140
Feb 07 02:03:22 readingrainbow dhclient[2848]: DHCPREQUEST of 10.10.10.150 on enp179s0f0 to 10.10.10.3 port 67 (xid=0x1ca55be3)
Feb 07 02:03:22 readingrainbow dhclient[2848]: DHCPACK of 10.10.10.150 from 10.10.10.3
Feb 07 02:03:22 readingrainbow NetworkManager[1245]: [1517987002.1861] dhcp4 (enp179s0f0): address 10.10.10.150
Feb 07 02:03:22 readingrainbow NetworkManager[1245]: [1517987002.1862] dhcp4 (enp179s0f0): plen 24 (255.255.255.0)
Feb 07 02:03:22 readingrainbow NetworkManager[1245]: [1517987002.1862] dhcp4 (enp179s0f0): gateway 10.10.10.3
Feb 07 02:03:22 readingrainbow NetworkManager[1245]: [1517987002.1862] dhcp4 (enp179s0f0): lease time 3600
Feb 07 02:03:22 readingrainbow NetworkManager[1245]: [1517987002.1862] dhcp4 (enp179s0f0): hostname 'readingrainbow'
Feb 07 02:03:22 readingrainbow NetworkManager[1245]: [1517987002.1862] dhcp4 (enp179s0f0): nameserver '10.10.10.3'
Feb 07 02:03:22 readingrainbow NetworkManager[1245]: [1517987002.1862] dhcp4 (enp179s0f0): domain name 'world.n7sa.com'
Feb 07 02:03:22 readingrainbow NetworkManager[1245]: [1517987002.1863] dhcp4 (enp179s0f0): state changed bound -> bound
Feb 07 02:03:22 readingrainbow dhclient[2848]: bound to 10.10.10.150 -- renewal in 1436 seconds.
Feb 07 02:03:38 readingrainbow kernel: CIFS VFS: Free previous auth_key.response = ffff8c4a25ef89c0
Feb 07 02:05:14 readingrainbow kernel: CIFS VFS: Free previous auth_key.response = ffff8c4d9877f140
Feb 07 02:06:05 readingrainbow kernel: CIFS VFS: Free previous auth_key.response = ffff8c4d9877f140
Feb 07 02:06:55 readingrainbow kernel: CIFS VFS: Free previous auth_key.response = ffff8c4a25ef8a80
Feb 07 02:07:45 readingrainbow kernel: CIFS VFS: Free previous auth_key.response = ffff8c4d9877ea80
Feb 07 02:08:35 readingrainbow kernel: CIFS VFS: Free previous auth_key.response = ffff8c4a25ef8900
Feb 07 02:09:25 readingrainbow kernel: CIFS VFS: Free previous auth_key.response = ffff8c4d9877e300
Feb 07 02:10:15 readingrainbow kernel: CIFS VFS: Free previous auth_key.response = ffff8c4a25ef8cc0
Feb 07 02:11:05 readingrainbow kernel: CIFS VFS: Free previous auth_key.response = ffff8c4d9877e9c0
Feb 07 02:11:55 readingrainbow kernel: CIFS VFS: Free previous auth_key.response = ffff8c4a25ef8e40
Feb 07 02:12:45 readingrainbow kernel: CIFS VFS: Free previous auth_key.response = ffff8c4d9877fbc0
Feb 07 02:13:35 readingrainbow kernel: CIFS VFS: Free previous auth_key.response = ffff8c4d9877fbc0
Feb 07 02:14:27 readingrainbow kernel: CIFS VFS: Free previous auth_key.response = ffff8c4a25ef9980
Feb 07 02:15:16 readingrainbow kernel: CIFS VFS: Free previous auth_key.response = ffff8c4e06d05500
Feb 07 02:16:07 readingrainbow kernel: CIFS VFS: Free previous auth_key.response = ffff8c4ea2e16cc0
Feb 07 02:16:56 readingrainbow kernel: CIFS VFS: Free previous auth_key.response = ffff8c4e06d05a40
Feb 07 02:17:23 readingrainbow dhclient[1582]: DHCPREQUEST of 10.0.0.163 on enp7s0 to 10.0.0.3 port 67 (xid=0x5c11d807)
Feb 07 02:17:23 readingrainbow dhclient[1582]: DHCPACK of 10.0.0.163 from 10.0.0.3
Feb 07 02:17:23 readingrainbow NetworkManager[1245]: [1517987843.7345] dhcp4 (enp7s0): address 10.0.0.163
Feb 07 02:17:23 readingrainbow NetworkManager[1245]: [1517987843.7345] dhcp4 (enp7s0): plen 24 (255.255.255.0)
Feb 07 02:17:23 readingrainbow NetworkManager[1245]: [1517987843.7345] dhcp4 (enp7s0): gateway 10.0.0.3
Feb 07 02:17:23 readingrainbow NetworkManager[1245]: [1517987843.7345] dhcp4 (enp7s0): lease time 3600
Feb 07 02:17:23 readingrainbow NetworkManager[1245]: [1517987843.7346] dhcp4 (enp7s0): hostname 'readingrainbow'
Feb 07 02:17:23 readingrainbow NetworkManager[1245]: [1517987843.7346] dhcp4 (enp7s0): nameserver '10.0.0.3'
Feb 07 02:17:23 readingrainbow NetworkManager[1245]: [1517987843.7346] dhcp4 (enp7s0): domain name 'world.n7sa.com'
Feb 07 02:17:23 readingrainbow NetworkManager[1245]: [1517987843.7346] dhcp4 (enp7s0): state changed bound -> bound
Feb 07 02:17:23 readingrainbow dhclient[1582]: bound to 10.0.0.163 -- renewal in 1587 seconds.
Feb 07 02:17:47 readingrainbow kernel: CIFS VFS: Free previous auth_key.response = ffff8c4f12b646c0
Feb 07 02:18:36 readingrainbow kernel: CIFS VFS: Free previous auth_key.response = ffff8c4e06d04a80
Feb 07 02:19:27 readingrainbow kernel: CIFS VFS: Free previous auth_key.response = ffff8c4f12b64a80
Feb 07 02:20:16 readingrainbow kernel: CIFS VFS: Free previous auth_key.response = ffff8c4ea2e16180
Feb 07 02:21:07 readingrainbow kernel: CIFS VFS: Free previous auth_key.response = ffff8c4e06d05680
Feb 07 02:21:56 readingrainbow kernel: CIFS VFS: Free previous auth_key.response = ffff8c4f12b643c0
Feb 07 02:23:34 readingrainbow kernel: CIFS VFS: Free previous auth_key.response = ffff8c4ea2e17680
Feb 07 02:24:24 readingrainbow kernel: CIFS VFS: Free previous auth_key.response = ffff8c4ea2e17680
Feb 07 02:25:14 readingrainbow kernel: CIFS VFS: Free previous auth_key.response = ffff8c4e06d04600
Feb 07 02:26:04 readingrainbow kernel: CIFS VFS: Free previous auth_key.response = ffff8c4f12b655c0
Feb 07 02:26:52 readingrainbow kernel: CIFS VFS: Free previous auth_key.response = ffff8c4e06d04cc0
Feb 07 02:27:44 readingrainbow dhclient[2848]: DHCPREQUEST of 10.10.10.150 on enp179s0f0 to 10.10.10.3 port 67 (xid=0x1ca55be3)
Feb 07 02:27:44 readingrainbow dhclient[2848]: DHCPACK of 10.10.10.150 from 10.10.10.3
Feb 07 02:27:44 readingrainbow NetworkManager[1245]: [1517988464.1086] dhcp4 (enp179s0f0): address 10.10.10.150
Feb 07 02:27:44 readingrainbow NetworkManager[1245]: [1517988464.1087] dhcp4 (enp179s0f0): plen 24 (255.255.255.0)
Feb 07 02:27:44 readingrainbow NetworkManager[1245]: [1517988464.1087] dhcp4 (enp179s0f0): gateway 10.10.10.3
Feb 07 02:27:44 readingrainbow NetworkManager[1245]: [1517988464.1087] dhcp4 (enp179s0f0): lease time 3600
Feb 07 02:27:44 readingrainbow NetworkManager[1245]: [1517988464.1087] dhcp4 (enp179s0f0): hostname 'readingrainbow'
Feb 07 02:27:44 readingrainbow NetworkManager[1245]: [1517988464.1087] dhcp4 (enp179s0f0): nameserver '10.10.10.3'
Feb 07 02:27:44 readingrainbow NetworkManager[1245]: [1517988464.1088] dhcp4 (enp179s0f0): domain name 'world.n7sa.com'
Feb 07 02:27:44 readingrainbow NetworkManager[1245]: [1517988464.1088] dhcp4 (enp179s0f0): state changed bound -> bound
Feb 07 02:27:44 readingrainbow dhclient[2848]: bound to 10.10.10.150 -- renewal in 1403 seconds.
Feb 07 02:27:44 readingrainbow kernel: CIFS VFS: Free previous auth_key.response = ffff8c4f12b655c0
Feb 07 02:28:34 readingrainbow kernel: CIFS VFS: Free previous auth_key.response = ffff8c4ea2e16e40
Feb 07 02:29:23 readingrainbow kernel: CIFS VFS: Free previous auth_key.response = ffff8c4e06d05140
Feb 07 02:30:14 readingrainbow kernel: CIFS VFS: Free previous auth_key.response = ffff8c4ea2e16cc0
Feb 07 02:31:03 readingrainbow kernel: CIFS VFS: Free previous auth_key.response = ffff8c4e06d058c0
Feb 07 02:31:54 readingrainbow kernel: CIFS VFS: Free previous auth_key.response = ffff8c4ea2e175c0
Feb 07 02:32:44 readingrainbow kernel: CIFS VFS: Free previous auth_key.response = ffff8c4e06d05140
Feb 07 02:33:34 readingrainbow kernel: CIFS VFS: Free previous auth_key.response = ffff8c4ea2e16480
Feb 07 02:34:24 readingrainbow kernel: CIFS VFS: Free previous auth_key.response = ffff8c4e06d05500
Feb 07 02:35:14 readingrainbow kernel: CIFS VFS: Free previous auth_key.response = ffff8c4f12b658c0
Feb 07 02:36:04 readingrainbow kernel: CIFS VFS: Free previous auth_key.response = ffff8c4ea2e16fc0
Feb 07 02:36:54 readingrainbow kernel: CIFS VFS: Free previous auth_key.response = ffff8c4f12b65800
Feb 07 02:37:44 readingrainbow kernel: CIFS VFS: Free previous auth_key.response = ffff8c4e06d04cc0
Feb 07 02:38:34 readingrainbow kernel: CIFS VFS: Free previous auth_key.response = ffff8c4e06d04cc0
Feb 07 02:39:24 readingrainbow kernel: CIFS VFS: Free previous auth_key.response = ffff8c4f12b65ec0
Feb 07 02:40:14 readingrainbow kernel: CIFS VFS: Free previous auth_key.response = ffff8c4ea2e16cc0
Feb 07 02:41:52 readingrainbow kernel: CIFS VFS: Free previous auth_key.response = ffff8c4e06d04000
Feb 07 02:42:41 readingrainbow kernel: CIFS VFS: Free previous auth_key.response = ffff8c4de96a3140
Feb 07 02:43:32 readingrainbow kernel: CIFS VFS: Free previous auth_key.response = ffff8c4ea2e17d40
Feb 07 02:44:21 readingrainbow kernel: CIFS VFS: Free previous auth_key.response = ffff8c4e06d05200
Feb 07 02:44:57 readingrainbow dhclient[1582]: DHCPREQUEST of 10.0.0.163 on enp7s0 to 10.0.0.3 port 67 (xid=0x5c11d807)
Feb 07 02:44:57 readingrainbow dhclient[1582]: DHCPACK of 10.0.0.163 from 10.0.0.3
Feb 07 02:44:57 readingrainbow NetworkManager[1245]: [1517989497.0572] dhcp4 (enp7s0): address 10.0.0.163
Feb 07 02:44:57 readingrainbow NetworkManager[1245]: [1517989497.0573] dhcp4 (enp7s0): plen 24 (255.255.255.0)
Feb 07 02:44:57 readingrainbow NetworkManager[1245]: [1517989497.0573] dhcp4 (enp7s0): gateway 10.0.0.3
Feb 07 02:44:57 readingrainbow NetworkManager[1245]: [1517989497.0573] dhcp4 (enp7s0): lease time 3600
Feb 07 02:44:57 readingrainbow NetworkManager[1245]: [1517989497.0573] dhcp4 (enp7s0): hostname 'readingrainbow'
Feb 07 02:44:57 readingrainbow NetworkManager[1245]: [1517989497.0574] dhcp4 (enp7s0): nameserver '10.0.0.3'
Feb 07 02:44:57 readingrainbow NetworkManager[1245]: [1517989497.0574] dhcp4 (enp7s0): domain name 'world.n7sa.com'
Feb 07 02:44:57 readingrainbow NetworkManager[1245]: [1517989497.0574] dhcp4 (enp7s0): state changed bound -> bound
Feb 07 02:44:57 readingrainbow dhclient[1582]: bound to 10.0.0.163 -- renewal in 1574 seconds.
Feb 07 02:45:12 readingrainbow kernel: CIFS VFS: Free previous auth_key.response = ffff8c4f12b65200
Feb 07 02:46:01 readingrainbow kernel: CIFS VFS: Free previous auth_key.response = ffff8c4e06d05680
Feb 07 02:46:52 readingrainbow kernel: CIFS VFS: Free previous auth_key.response = ffff8c4f12b65980
