Feb 07 10:41:53 readingrainbow dhclient[1582]: DHCPREQUEST of 10.0.0.163 on enp7s0 to 10.0.0.3 port 67 (xid=0x5c11d807)
Feb 07 10:41:53 readingrainbow dhclient[1582]: DHCPACK of 10.0.0.163 from 10.0.0.3
Feb 07 10:41:53 readingrainbow NetworkManager[1245]: [1518018113.2323] dhcp4 (enp7s0): address 10.0.0.163
Feb 07 10:41:53 readingrainbow NetworkManager[1245]: [1518018113.2324] dhcp4 (enp7s0): plen 24 (255.255.255.0)
Feb 07 10:41:53 readingrainbow NetworkManager[1245]: [1518018113.2324] dhcp4 (enp7s0): gateway 10.0.0.3
Feb 07 10:41:53 readingrainbow NetworkManager[1245]: [1518018113.2324] dhcp4 (enp7s0): lease time 3600
Feb 07 10:41:53 readingrainbow NetworkManager[1245]: [1518018113.2324] dhcp4 (enp7s0): hostname 'readingrainbow'
Feb 07 10:41:53 readingrainbow NetworkManager[1245]: [1518018113.2324] dhcp4 (enp7s0): nameserver '10.0.0.3'
Feb 07 10:41:53 readingrainbow NetworkManager[1245]: [1518018113.2324] dhcp4 (enp7s0): domain name 'world.n7sa.com'
Feb 07 10:41:53 readingrainbow NetworkManager[1245]: [1518018113.2324] dhcp4 (enp7s0): state changed bound -> bound
Feb 07 10:41:53 readingrainbow dhclient[1582]: bound to 10.0.0.163 -- renewal in 1583 seconds.
Feb 07 10:42:18 readingrainbow kernel: CIFS VFS: Free previous auth_key.response = ffff8c4d28966900
Feb 07 10:43:08 readingrainbow kernel: CIFS VFS: Free previous auth_key.response = ffff8c4d28966900
Feb 07 10:43:58 readingrainbow kernel: CIFS VFS: Free previous auth_key.response = ffff8c4f37996d80
Feb 07 10:44:48 readingrainbow kernel: CIFS VFS: Free previous auth_key.response = ffff8c4d289672c0
Feb 07 10:45:38 readingrainbow kernel: CIFS VFS: Free previous auth_key.response = ffff8c4d289672c0
Feb 07 10:47:18 readingrainbow kernel: CIFS VFS: Free previous auth_key.response = ffff8c4e59e0d800
Feb 07 10:48:07 readingrainbow kernel: CIFS VFS: Free previous auth_key.response = ffff8c4ba7f8acc0
Feb 07 10:48:58 readingrainbow kernel: CIFS VFS: Free previous auth_key.response = ffff8c4d98a3dbc0
Feb 07 10:49:47 readingrainbow kernel: CIFS VFS: Free previous auth_key.response = ffff8c4f5c14b800
Feb 07 10:50:38 readingrainbow kernel: CIFS VFS: Free previous auth_key.response = ffff8c4b91d13bc0
Feb 07 10:51:27 readingrainbow kernel: CIFS VFS: Free previous auth_key.response = ffff8c4ba7f8a000
Feb 07 10:52:17 readingrainbow kernel: CIFS VFS: Free previous auth_key.response = ffff8c4f68cc9800
Feb 07 10:53:07 readingrainbow kernel: CIFS VFS: Free previous auth_key.response = ffff8c4b97b42cc0
Feb 07 10:53:57 readingrainbow kernel: CIFS VFS: Free previous auth_key.response = ffff8c4f5c14a480
Feb 07 10:54:47 readingrainbow kernel: CIFS VFS: Free previous auth_key.response = ffff8c4dd98af8c0
Feb 07 10:56:39 readingrainbow kernel: CIFS VFS: Free previous auth_key.response = ffff8c4d98a3ce40
Feb 07 10:57:30 readingrainbow kernel: CIFS VFS: Free previous auth_key.response = ffff8c4b91d12cc0
Feb 07 10:58:19 readingrainbow kernel: CIFS VFS: Free previous auth_key.response = ffff8c4f68cc8d80
Feb 07 10:59:10 readingrainbow kernel: CIFS VFS: Free previous auth_key.response = ffff8c4904e71380
Feb 07 10:59:59 readingrainbow kernel: CIFS VFS: Free previous auth_key.response = ffff8c4ef798b5c0
Feb 07 11:00:50 readingrainbow kernel: CIFS VFS: Free previous auth_key.response = ffff8c4b91d12540
Feb 07 11:01:39 readingrainbow kernel: CIFS VFS: Free previous auth_key.response = ffff8c4ba7f8aa80
Feb 07 11:02:30 readingrainbow kernel: CIFS VFS: Free previous auth_key.response = ffff8c4f68cc9980
Feb 07 11:03:19 readingrainbow kernel: CIFS VFS: Free previous auth_key.response = ffff8c4d98a3e000
Feb 07 11:04:10 readingrainbow kernel: CIFS VFS: Free previous auth_key.response = ffff8c4eb7253380
Feb 07 11:04:31 readingrainbow dhclient[2848]: DHCPREQUEST of 10.10.10.150 on enp179s0f0 to 10.10.10.3 port 67 (xid=0x1ca55be3)
Feb 07 11:04:31 readingrainbow dhclient[2848]: DHCPACK of 10.10.10.150 from 10.10.10.3
Feb 07 11:04:31 readingrainbow NetworkManager[1245]: [1518019471.0960] dhcp4 (enp179s0f0): address 10.10.10.150
Feb 07 11:04:31 readingrainbow NetworkManager[1245]: [1518019471.0961] dhcp4 (enp179s0f0): plen 24 (255.255.255.0)
Feb 07 11:04:31 readingrainbow NetworkManager[1245]: [1518019471.0961] dhcp4 (enp179s0f0): gateway 10.10.10.3
Feb 07 11:04:31 readingrainbow NetworkManager[1245]: [1518019471.0961] dhcp4 (enp179s0f0): lease time 3600
Feb 07 11:04:31 readingrainbow NetworkManager[1245]: [1518019471.0961] dhcp4 (enp179s0f0): hostname 'readingrainbow'
Feb 07 11:04:31 readingrainbow NetworkManager[1245]: [1518019471.0961] dhcp4 (enp179s0f0): nameserver '10.10.10.3'
Feb 07 11:04:31 readingrainbow NetworkManager[1245]: [1518019471.0961] dhcp4 (enp179s0f0): domain name 'world.n7sa.com'
Feb 07 11:04:31 readingrainbow NetworkManager[1245]: [1518019471.0962] dhcp4 (enp179s0f0): state changed bound -> bound
Feb 07 11:04:31 readingrainbow dhclient[2848]: bound to 10.10.10.150 -- renewal in 1528 seconds.
Feb 07 11:05:34 readingrainbow kernel: CIFS VFS: Free previous auth_key.response = ffff8c4d996ce480
Feb 07 11:06:25 readingrainbow kernel: CIFS VFS: Free previous auth_key.response = ffff8c4e9bc38600
Feb 07 11:07:15 readingrainbow kernel: CIFS VFS: Free previous auth_key.response = ffff8c4d996cf5c0
Feb 07 11:08:05 readingrainbow kernel: CIFS VFS: Free previous auth_key.response = ffff8c4d996cf5c0
Feb 07 11:08:38 readingrainbow dhclient[1582]: DHCPREQUEST of 10.0.0.163 on enp7s0 to 10.0.0.3 port 67 (xid=0x5c11d807)
Feb 07 11:08:38 readingrainbow dhclient[1582]: DHCPACK of 10.0.0.163 from 10.0.0.3
Feb 07 11:08:38 readingrainbow NetworkManager[1245]: [1518019718.3880] dhcp4 (enp7s0): address 10.0.0.163
Feb 07 11:08:38 readingrainbow NetworkManager[1245]: [1518019718.3880] dhcp4 (enp7s0): plen 24 (255.255.255.0)
Feb 07 11:08:38 readingrainbow NetworkManager[1245]: [1518019718.3881] dhcp4 (enp7s0): gateway 10.0.0.3
Feb 07 11:08:38 readingrainbow NetworkManager[1245]: [1518019718.3881] dhcp4 (enp7s0): lease time 3600
Feb 07 11:08:38 readingrainbow NetworkManager[1245]: [1518019718.3881] dhcp4 (enp7s0): hostname 'readingrainbow'
Feb 07 11:08:38 readingrainbow NetworkManager[1245]: [1518019718.3881] dhcp4 (enp7s0): nameserver '10.0.0.3'
Feb 07 11:08:38 readingrainbow NetworkManager[1245]: [1518019718.3881] dhcp4 (enp7s0): domain name 'world.n7sa.com'
Feb 07 11:08:38 readingrainbow NetworkManager[1245]: [1518019718.3881] dhcp4 (enp7s0): state changed bound -> bound
Feb 07 11:08:38 readingrainbow dhclient[1582]: bound to 10.0.0.163 -- renewal in 1514 seconds.
Feb 07 11:08:55 readingrainbow kernel: CIFS VFS: Free previous auth_key.response = ffff8c4e9bc386c0
Feb 07 11:09:45 readingrainbow kernel: CIFS VFS: Free previous auth_key.response = ffff8c4d996cefc0
Feb 07 11:10:35 readingrainbow kernel: CIFS VFS: Free previous auth_key.response = ffff8c4e9bc380c0
Feb 07 11:11:25 readingrainbow kernel: CIFS VFS: Free previous auth_key.response = ffff8c4ef798a300
Feb 07 11:12:15 readingrainbow kernel: CIFS VFS: Free previous auth_key.response = ffff8c4d996cf2c0
Feb 07 11:13:05 readingrainbow kernel: CIFS VFS: Free previous auth_key.response = ffff8c4e779df680
Feb 07 11:14:44 readingrainbow kernel: CIFS VFS: Free previous auth_key.response = ffff8c4bb4db23c0
Feb 07 11:15:33 readingrainbow kernel: CIFS VFS: Free previous auth_key.response = ffff8c4ef798b080
Feb 07 11:16:24 readingrainbow kernel: CIFS VFS: Free previous auth_key.response = ffff8c48ee3d8e40
Feb 07 11:17:13 readingrainbow kernel: CIFS VFS: Free previous auth_key.response = ffff8c4edacc06c0
Feb 07 11:18:04 readingrainbow kernel: CIFS VFS: Free previous auth_key.response = ffff8c4e06da9680
Feb 07 11:18:53 readingrainbow kernel: CIFS VFS: Free previous auth_key.response = ffff8c4d95be8a80
Feb 07 11:19:43 readingrainbow kernel: CIFS VFS: Free previous auth_key.response = ffff8c4bb4c7a180
Feb 07 11:20:33 readingrainbow kernel: CIFS VFS: Free previous auth_key.response = ffff8c4d98a3ea80
Feb 07 11:21:23 readingrainbow kernel: CIFS VFS: Free previous auth_key.response = ffff8c4d988cb140
Feb 07 11:22:13 readingrainbow kernel: CIFS VFS: Free previous auth_key.response = ffff8c48ee3d9a40
Feb 07 11:23:03 readingrainbow kernel: CIFS VFS: Free previous auth_key.response = ffff8c4fabe8e600
Feb 07 11:23:54 readingrainbow kernel: CIFS VFS: Free previous auth_key.response = ffff8c4d95be9380
Feb 07 11:24:43 readingrainbow kernel: CIFS VFS: Free previous auth_key.response = ffff8c4fabe8f140
Feb 07 11:25:34 readingrainbow kernel: CIFS VFS: Free previous auth_key.response = ffff8c4edacc1ec0
Feb 07 11:26:23 readingrainbow kernel: CIFS VFS: Free previous auth_key.response = ffff8c4ec6f9a840
Feb 07 11:27:14 readingrainbow kernel: CIFS VFS: Free previous auth_key.response = ffff8c4d95beb2c0
Feb 07 11:28:03 readingrainbow kernel: CIFS VFS: Free previous auth_key.response = ffff8c4bb4f51980
Feb 07 11:28:54 readingrainbow kernel: CIFS VFS: Free previous auth_key.response = ffff8c4d95b90540
Feb 07 11:29:43 readingrainbow kernel: CIFS VFS: Free previous auth_key.response = ffff8c4b94ba7d40
Feb 07 11:30:34 readingrainbow kernel: CIFS VFS: Free previous auth_key.response = ffff8c4ed5826780
Feb 07 11:30:51 readingrainbow dhclient[2848]: DHCPREQUEST of 10.10.10.150 on enp179s0f0 to 10.10.10.3 port 67 (xid=0x1ca55be3)
Feb 07 11:30:51 readingrainbow dhclient[2848]: DHCPACK of 10.10.10.150 from 10.10.10.3
Feb 07 11:30:51 readingrainbow NetworkManager[1245]: [1518021051.5388] dhcp4 (enp179s0f0): address 10.10.10.150
Feb 07 11:30:51 readingrainbow NetworkManager[1245]: [1518021051.5389] dhcp4 (enp179s0f0): plen 24 (255.255.255.0)
Feb 07 11:30:51 readingrainbow NetworkManager[1245]: [1518021051.5389] dhcp4 (enp179s0f0): gateway 10.10.10.3
Feb 07 11:30:51 readingrainbow NetworkManager[1245]: [1518021051.5389] dhcp4 (enp179s0f0): lease time 3600
Feb 07 11:30:51 readingrainbow NetworkManager[1245]: [1518021051.5389] dhcp4 (enp179s0f0): hostname 'readingrainbow'
Feb 07 11:30:51 readingrainbow NetworkManager[1245]: [1518021051.5389] dhcp4 (enp179s0f0): nameserver '10.10.10.3'
Feb 07 11:30:51 readingrainbow NetworkManager[1245]: [1518021051.5389] dhcp4 (enp179s0f0): domain name 'world.n7sa.com'
Feb 07 11:30:51 readingrainbow NetworkManager[1245]: [1518021051.5389] dhcp4 (enp179s0f0): state changed bound -> bound
Feb 07 11:30:51 readingrainbow dhclient[2848]: bound to 10.10.10.150 -- renewal in 1222 seconds.
Feb 07 11:31:23 readingrainbow kernel: CIFS VFS: Free previous auth_key.response = ffff8c4f684669c0
Feb 07 11:33:01 readingrainbow kernel: CIFS VFS: Free previous auth_key.response = ffff8c4b91c13500
Feb 07 11:33:52 readingrainbow kernel: CIFS VFS: Free previous auth_key.response = ffff8c4f26b09440
Feb 07 11:34:55 readingrainbow dhclient[1582]: DHCPREQUEST of 10.0.0.163 on enp7s0 to 10.0.0.3 port 67 (xid=0x5c11d807)
Feb 07 11:34:55 readingrainbow dhclient[1582]: DHCPACK of 10.0.0.163 from 10.0.0.3
Feb 07 11:34:55 readingrainbow NetworkManager[1245]: [1518021295.4221] dhcp4 (enp7s0): address 10.0.0.163
Feb 07 11:34:55 readingrainbow NetworkManager[1245]: [1518021295.4221] dhcp4 (enp7s0): plen 24 (255.255.255.0)
Feb 07 11:34:55 readingrainbow NetworkManager[1245]: [1518021295.4222] dhcp4 (enp7s0): gateway 10.0.0.3
Feb 07 11:34:55 readingrainbow NetworkManager[1245]: [1518021295.4222] dhcp4 (enp7s0): lease time 3600
Feb 07 11:34:55 readingrainbow NetworkManager[1245]: [1518021295.4222] dhcp4 (enp7s0): hostname 'readingrainbow'
Feb 07 11:34:55 readingrainbow NetworkManager[1245]: [1518021295.4222] dhcp4 (enp7s0): nameserver '10.0.0.3'
Feb 07 11:34:55 readingrainbow NetworkManager[1245]: [1518021295.4222] dhcp4 (enp7s0): domain name 'world.n7sa.com'
Feb 07 11:34:55 readingrainbow NetworkManager[1245]: [1518021295.4223] dhcp4 (enp7s0): state changed bound -> bound
Feb 07 11:34:55 readingrainbow dhclient[1582]: bound to 10.0.0.163 -- renewal in 1620 seconds.
Feb 07 11:37:37 readingrainbow kernel: CIFS VFS: Free previous auth_key.response = ffff8c4d9860d2c0
Feb 07 11:38:28 readingrainbow kernel: CIFS VFS: Free previous auth_key.response = ffff8c4ec6e129c0
Feb 07 11:39:17 readingrainbow kernel: CIFS VFS: Free previous auth_key.response = ffff8c4f68c0f680
Feb 07 11:40:08 readingrainbow kernel: CIFS VFS: Free previous auth_key.response = ffff8c4e95d89bc0
Feb 07 11:40:57 readingrainbow kernel: CIFS VFS: Free previous auth_key.response = ffff8c4f0b531380
Feb 07 11:42:12 readingrainbow kernel: CIFS VFS: Free previous auth_key.response = ffff8c4bab6e9ec0
Feb 07 11:43:01 readingrainbow kernel: CIFS VFS: Free previous auth_key.response = ffff8c4bab6e9ec0
Feb 07 11:43:52 readingrainbow kernel: CIFS VFS: Free previous auth_key.response = ffff8c490a67a6c0
Feb 07 11:44:41 readingrainbow kernel: CIFS VFS: Free previous auth_key.response = ffff8c4f11268600
Feb 07 11:45:38 readingrainbow kernel: CIFS VFS: Free previous auth_key.response = ffff8c4e06d05080
Feb 07 11:46:27 readingrainbow kernel: CIFS VFS: Free previous auth_key.response = ffff8c4d95be9680
Feb 07 11:47:18 readingrainbow kernel: CIFS VFS: Free previous auth_key.response = ffff8c4f11268600
Feb 07 11:48:07 readingrainbow kernel: CIFS VFS: Free previous auth_key.response = ffff8c4fab599d40
Feb 07 11:48:58 readingrainbow kernel: CIFS VFS: Free previous auth_key.response = ffff8c4e06d04180
Feb 07 11:49:47 readingrainbow kernel: CIFS VFS: Free previous auth_key.response = ffff8c4f3726ac00
Feb 07 11:51:16 readingrainbow dhclient[2848]: DHCPREQUEST of 10.10.10.150 on enp179s0f0 to 10.10.10.3 port 67 (xid=0x1ca55be3)
Feb 07 11:51:16 readingrainbow dhclient[2848]: DHCPACK of 10.10.10.150 from 10.10.10.3
Feb 07 11:51:16 readingrainbow NetworkManager[1245]: [1518022276.7293] dhcp4 (enp179s0f0): address 10.10.10.150
Feb 07 11:51:16 readingrainbow NetworkManager[1245]: [1518022276.7294] dhcp4 (enp179s0f0): plen 24 (255.255.255.0)
Feb 07 11:51:16 readingrainbow NetworkManager[1245]: [1518022276.7294] dhcp4 (enp179s0f0): gateway 10.10.10.3
Feb 07 11:51:16 readingrainbow NetworkManager[1245]: [1518022276.7294] dhcp4 (enp179s0f0): lease time 3600
Feb 07 11:51:16 readingrainbow NetworkManager[1245]: [1518022276.7294] dhcp4 (enp179s0f0): hostname 'readingrainbow'
Feb 07 11:51:16 readingrainbow NetworkManager[1245]: [1518022276.7294] dhcp4 (enp179s0f0): nameserver '10.10.10.3'
Feb 07 11:51:16 readingrainbow NetworkManager[1245]: [1518022276.7294] dhcp4 (enp179s0f0): domain name 'world.n7sa.com'
Feb 07 11:51:16 readingrainbow NetworkManager[1245]: [1518022276.7295] dhcp4 (enp179s0f0): state changed bound -> bound
Feb 07 11:51:16 readingrainbow dhclient[2848]: bound to 10.10.10.150 -- renewal in 1366 seconds.
Feb 07 11:51:21 readingrainbow kernel: CIFS VFS: Free previous auth_key.response = ffff8c4e06d05e00
Feb 07 11:52:10 readingrainbow kernel: CIFS VFS: Free previous auth_key.response = ffff8c4e06d05e00
Feb 07 11:53:01 readingrainbow kernel: CIFS VFS: Free previous auth_key.response = ffff8c4b97b42840
Feb 07 11:53:50 readingrainbow kernel: CIFS VFS: Free previous auth_key.response = ffff8c4b92c40840
Feb 07 11:54:41 readingrainbow kernel: CIFS VFS: Free previous auth_key.response = ffff8c4b97b42cc0
Feb 07 11:55:58 readingrainbow kernel: CIFS VFS: Free previous auth_key.response = ffff8c498f575080
Feb 07 11:56:49 readingrainbow kernel: CIFS VFS: Free previous auth_key.response = ffff8c4e06d05440
Feb 07 11:57:38 readingrainbow kernel: CIFS VFS: Free previous auth_key.response = ffff8c4d95af03c0
Feb 07 12:02:25 readingrainbow dhclient[1582]: DHCPREQUEST of 10.0.0.163 on enp7s0 to 10.0.0.3 port 67 (xid=0x5c11d807)
Feb 07 12:02:25 readingrainbow dhclient[1582]: DHCPACK of 10.0.0.163 from 10.0.0.3
Feb 07 12:02:25 readingrainbow NetworkManager[1245]: [1518022945.5310] dhcp4 (enp7s0): address 10.0.0.163
Feb 07 12:02:25 readingrainbow NetworkManager[1245]: [1518022945.5311] dhcp4 (enp7s0): plen 24 (255.255.255.0)
Feb 07 12:02:25 readingrainbow NetworkManager[1245]: [1518022945.5311] dhcp4 (enp7s0): gateway 10.0.0.3
Feb 07 12:02:25 readingrainbow NetworkManager[1245]: [1518022945.5311] dhcp4 (enp7s0): lease time 3600
Feb 07 12:02:25 readingrainbow NetworkManager[1245]: [1518022945.5311] dhcp4 (enp7s0): hostname 'readingrainbow'
Feb 07 12:02:25 readingrainbow NetworkManager[1245]: [1518022945.5311] dhcp4 (enp7s0): nameserver '10.0.0.3'
Feb 07 12:02:25 readingrainbow NetworkManager[1245]: [1518022945.5311] dhcp4 (enp7s0): domain name 'world.n7sa.com'
Feb 07 12:02:25 readingrainbow NetworkManager[1245]: [1518022945.5312] dhcp4 (enp7s0): state changed bound -> bound
Feb 07 12:02:25 readingrainbow dhclient[1582]: bound to 10.0.0.163 -- renewal in 1461 seconds.
Feb 07 12:03:17 readingrainbow kernel: CIFS VFS: Free previous auth_key.response = ffff8c4d289666c0
Feb 07 12:04:07 readingrainbow kernel: CIFS VFS: Free previous auth_key.response = ffff8c4bc1669d40
Feb 07 12:06:24 readingrainbow kernel: CIFS VFS: Free previous auth_key.response = ffff8c4bd4f4e780
Feb 07 12:07:13 readingrainbow kernel: CIFS VFS: Free previous auth_key.response = ffff8c4d28967bc0
Feb 07 12:08:04 readingrainbow kernel: CIFS VFS: Free previous auth_key.response = ffff8c4904fc5500
Feb 07 12:09:40 readingrainbow kernel: CIFS VFS: Free previous auth_key.response = ffff8c4b96143bc0
Feb 07 12:10:29 readingrainbow kernel: CIFS VFS: Free previous auth_key.response = ffff8c4e1581c180
Feb 07 12:11:20 readingrainbow kernel: CIFS VFS: Free previous auth_key.response = ffff8c4cb7fa2b40
Feb 07 12:13:46 readingrainbow kernel: CIFS VFS: Free previous auth_key.response = ffff8c4de90f5740
Feb 07 12:14:30 readingrainbow dhclient[2848]: DHCPREQUEST of 10.10.10.150 on enp179s0f0 to 10.10.10.3 port 67 (xid=0x1ca55be3)
Feb 07 12:14:30 readingrainbow dhclient[2848]: DHCPACK of 10.10.10.150 from 10.10.10.3
Feb 07 12:14:30 readingrainbow NetworkManager[1245]: [1518023670.9748] dhcp4 (enp179s0f0): address 10.10.10.150
Feb 07 12:14:30 readingrainbow NetworkManager[1245]: [1518023670.9748] dhcp4 (enp179s0f0): plen 24 (255.255.255.0)
Feb 07 12:14:30 readingrainbow NetworkManager[1245]: [1518023670.9748] dhcp4 (enp179s0f0): gateway 10.10.10.3
Feb 07 12:14:30 readingrainbow NetworkManager[1245]: [1518023670.9748] dhcp4 (enp179s0f0): lease time 3600
Feb 07 12:14:30 readingrainbow NetworkManager[1245]: [1518023670.9749] dhcp4 (enp179s0f0): hostname 'readingrainbow'
Feb 07 12:14:30 readingrainbow NetworkManager[1245]: [1518023670.9749] dhcp4 (enp179s0f0): nameserver '10.10.10.3'
Feb 07 12:14:30 readingrainbow NetworkManager[1245]: [1518023670.9749] dhcp4 (enp179s0f0): domain name 'world.n7sa.com'
Feb 07 12:14:30 readingrainbow NetworkManager[1245]: [1518023670.9749] dhcp4 (enp179s0f0): state changed bound -> bound
Feb 07 12:14:30 readingrainbow dhclient[2848]: bound to 10.10.10.150 -- renewal in 1406 seconds.
Feb 07 12:14:37 readingrainbow kernel: CIFS VFS: Free previous auth_key.response = ffff8c4faec1e0c0
Feb 07 12:16:13 readingrainbow kernel: CIFS VFS: Free previous auth_key.response = ffff8c4b9742bbc0
Feb 07 12:17:04 readingrainbow kernel: CIFS VFS: Free previous auth_key.response = ffff8c4e1fe32a80
Feb 07 12:17:53 readingrainbow kernel: CIFS VFS: Free previous auth_key.response = ffff8c4904e27e00
Feb 07 12:18:48 readingrainbow kernel: CIFS VFS: Free previous auth_key.response = ffff8c4bb4f249c0
Feb 07 12:19:37 readingrainbow kernel: CIFS VFS: Free previous auth_key.response = ffff8c4f69647ec0
Feb 07 12:20:28 readingrainbow kernel: CIFS VFS: Free previous auth_key.response = ffff8c4ec6d80e40
Feb 07 12:21:17 readingrainbow kernel: CIFS VFS: Free previous auth_key.response = ffff8c4e041cd380
Feb 07 12:24:16 readingrainbow kernel: CIFS VFS: Free previous auth_key.response = ffff8c4904e27e00
Feb 07 12:25:05 readingrainbow kernel: CIFS VFS: Free previous auth_key.response = ffff8c4dd98af740
Feb 07 12:27:47 readingrainbow dhclient[1582]: DHCPREQUEST of 10.0.0.163 on enp7s0 to 10.0.0.3 port 67 (xid=0x5c11d807)
Feb 07 12:27:47 readingrainbow dhclient[1582]: DHCPACK of 10.0.0.163 from 10.0.0.3
Feb 07 12:27:47 readingrainbow NetworkManager[1245]: [1518024467.5418] dhcp4 (enp7s0): address 10.0.0.163
Feb 07 12:27:47 readingrainbow NetworkManager[1245]: [1518024467.5418] dhcp4 (enp7s0): plen 24 (255.255.255.0)
Feb 07 12:27:47 readingrainbow NetworkManager[1245]: [1518024467.5418] dhcp4 (enp7s0): gateway 10.0.0.3
Feb 07 12:27:47 readingrainbow NetworkManager[1245]: [1518024467.5418] dhcp4 (enp7s0): lease time 3600
Feb 07 12:27:47 readingrainbow NetworkManager[1245]: [1518024467.5419] dhcp4 (enp7s0): hostname 'readingrainbow'
Feb 07 12:27:47 readingrainbow NetworkManager[1245]: [1518024467.5419] dhcp4 (enp7s0): nameserver '10.0.0.3'
Feb 07 12:27:47 readingrainbow NetworkManager[1245]: [1518024467.5419] dhcp4 (enp7s0): domain name 'world.n7sa.com'
Feb 07 12:27:47 readingrainbow NetworkManager[1245]: [1518024467.5419] dhcp4 (enp7s0): state changed bound -> bound
Feb 07 12:27:47 readingrainbow dhclient[1582]: bound to 10.0.0.163 -- renewal in 1282 seconds.
Feb 07 12:27:56 readingrainbow kernel: CIFS VFS: Free previous auth_key.response = ffff8c4f1e0a5500
Feb 07 12:28:47 readingrainbow kernel: CIFS VFS: Free previous auth_key.response = ffff8c4b978fe840
Feb 07 12:29:37 readingrainbow kernel: CIFS VFS: Free previous auth_key.response = ffff8c4b962f8480
Feb 07 12:30:27 readingrainbow kernel: CIFS VFS: Free previous auth_key.response = ffff8c4a9209f440
Feb 07 12:31:17 readingrainbow kernel: CIFS VFS: Free previous auth_key.response = ffff8c4d9968e780
Feb 07 12:32:07 readingrainbow kernel: CIFS VFS: Free previous auth_key.response = ffff8c4de90f5440
Feb 07 12:32:57 readingrainbow kernel: CIFS VFS: Free previous auth_key.response = ffff8c4d9968e6c0
Feb 07 12:33:47 readingrainbow kernel: CIFS VFS: Free previous auth_key.response = ffff8c4bb4f25380
Feb 07 12:34:37 readingrainbow kernel: CIFS VFS: Free previous auth_key.response = ffff8c4de90f5b00
Feb 07 12:36:07 readingrainbow kernel: CIFS VFS: Free previous auth_key.response = ffff8c4e13c5fa40
Feb 07 12:37:09 readingrainbow kernel: CIFS VFS: Free previous auth_key.response = ffff8c4e4fee6000
Feb 07 12:37:58 readingrainbow kernel: CIFS VFS: Free previous auth_key.response = ffff8c4e13d8e480
Feb 07 12:38:21 readingrainbow dhclient[2848]: DHCPREQUEST of 10.10.10.150 on enp179s0f0 to 10.10.10.3 port 67 (xid=0x1ca55be3)
Feb 07 12:38:21 readingrainbow dhclient[2848]: DHCPACK of 10.10.10.150 from 10.10.10.3
Feb 07 12:38:21 readingrainbow NetworkManager[1245]: [1518025101.7619] dhcp4 (enp179s0f0): address 10.10.10.150
Feb 07 12:38:21 readingrainbow NetworkManager[1245]: [1518025101.7620] dhcp4 (enp179s0f0): plen 24 (255.255.255.0)
Feb 07 12:38:21 readingrainbow NetworkManager[1245]: [1518025101.7620] dhcp4 (enp179s0f0): gateway 10.10.10.3
Feb 07 12:38:21 readingrainbow NetworkManager[1245]: [1518025101.7620] dhcp4 (enp179s0f0): lease time 3600
Feb 07 12:38:21 readingrainbow NetworkManager[1245]: [1518025101.7620] dhcp4 (enp179s0f0): hostname 'readingrainbow'
Feb 07 12:38:21 readingrainbow NetworkManager[1245]: [1518025101.7621] dhcp4 (enp179s0f0): nameserver '10.10.10.3'
Feb 07 12:38:21 readingrainbow NetworkManager[1245]: [1518025101.7621] dhcp4 (enp179s0f0): domain name 'world.n7sa.com'
Feb 07 12:38:21 readingrainbow NetworkManager[1245]: [1518025101.7621] dhcp4 (enp179s0f0): state changed bound -> bound
Feb 07 12:38:21 readingrainbow dhclient[2848]: bound to 10.10.10.150 -- renewal in 1376 seconds.
Feb 07 12:38:49 readingrainbow kernel: CIFS VFS: Free previous auth_key.response = ffff8c4b92177200
Feb 07 12:39:38 readingrainbow kernel: CIFS VFS: Free previous auth_key.response = ffff8c4e9bc39980
Feb 07 12:40:51 readingrainbow kernel: CIFS VFS: Free previous auth_key.response = ffff8c4b921763c0
Feb 07 12:41:42 readingrainbow kernel: CIFS VFS: Free previous auth_key.response = ffff8c498f574c00
Feb 07 12:42:31 readingrainbow kernel: CIFS VFS: Free previous auth_key.response = ffff8c4da9e3e900
Feb 07 12:43:22 readingrainbow kernel: CIFS VFS: Free previous auth_key.response = ffff8c4b9232a0c0
Feb 07 12:44:11 readingrainbow kernel: CIFS VFS: Free previous auth_key.response = ffff8c4d98a3e000
Feb 07 12:45:02 readingrainbow kernel: CIFS VFS: Free previous auth_key.response = ffff8c498f574a80
Feb 07 12:46:17 readingrainbow kernel: CIFS VFS: Free previous auth_key.response = ffff8c4ef798bd40
Feb 07 12:47:08 readingrainbow kernel: CIFS VFS: Free previous auth_key.response = ffff8c4d98a3e240
Feb 07 12:47:58 readingrainbow kernel: CIFS VFS: Free previous auth_key.response = ffff8c498f5743c0
Feb 07 12:48:48 readingrainbow kernel: CIFS VFS: Free previous auth_key.response = ffff8c4da9e3fb00
Feb 07 12:49:38 readingrainbow kernel: CIFS VFS: Free previous auth_key.response = ffff8c4b9232a0c0
Feb 07 12:50:03 readingrainbow dhclient[1582]: DHCPREQUEST of 10.0.0.163 on enp7s0 to 10.0.0.3 port 67 (xid=0x5c11d807)
Feb 07 12:50:03 readingrainbow dhclient[1582]: DHCPACK of 10.0.0.163 from 10.0.0.3
Feb 07 12:50:03 readingrainbow NetworkManager[1245]: [1518025803.7524] dhcp4 (enp7s0): address 10.0.0.163
Feb 07 12:50:03 readingrainbow NetworkManager[1245]: [1518025803.7524] dhcp4 (enp7s0): plen 24 (255.255.255.0)
Feb 07 12:50:03 readingrainbow NetworkManager[1245]: [1518025803.7525] dhcp4 (enp7s0): gateway 10.0.0.3
Feb 07 12:50:03 readingrainbow NetworkManager[1245]: [1518025803.7525] dhcp4 (enp7s0): lease time 3600
Feb 07 12:50:03 readingrainbow NetworkManager[1245]: [1518025803.7525] dhcp4 (enp7s0): hostname 'readingrainbow'
Feb 07 12:50:03 readingrainbow NetworkManager[1245]: [1518025803.7525] dhcp4 (enp7s0): nameserver '10.0.0.3'
Feb 07 12:50:03 readingrainbow NetworkManager[1245]: [1518025803.7525] dhcp4 (enp7s0): domain name 'world.n7sa.com'
Feb 07 12:50:03 readingrainbow NetworkManager[1245]: [1518025803.7525] dhcp4 (enp7s0): state changed bound -> bound
Feb 07 12:50:03 readingrainbow dhclient[1582]: bound to 10.0.0.163 -- renewal in 1451 seconds.
Feb 07 12:50:28 readingrainbow kernel: CIFS VFS: Free previous auth_key.response = ffff8c4d98a3fd40
Feb 07 12:51:18 readingrainbow kernel: CIFS VFS: Free previous auth_key.response = ffff8c4e06d05740
Feb 07 12:52:08 readingrainbow kernel: CIFS VFS: Free previous auth_key.response = ffff8c4ef798a9c0
Feb 07 12:52:58 readingrainbow kernel: CIFS VFS: Free previous auth_key.response = ffff8c4da9e3e180
Feb 07 12:53:48 readingrainbow kernel: CIFS VFS: Free previous auth_key.response = ffff8c48fa5fef00
Feb 07 12:56:22 readingrainbow kernel: CIFS VFS: Free previous auth_key.response = ffff8c4d98a3e240
Feb 07 12:57:13 readingrainbow kernel: CIFS VFS: Free previous auth_key.response = ffff8c4a5ab5aa80
Feb 07 12:58:02 readingrainbow kernel: CIFS VFS: Free previous auth_key.response = ffff8c4f5ff6c9c0
Feb 07 12:58:53 readingrainbow kernel: CIFS VFS: Free previous auth_key.response = ffff8c48fa674f00
Feb 07 12:59:42 readingrainbow kernel: CIFS VFS: Free previous auth_key.response = ffff8c48f9fb6a80
Feb 07 13:00:33 readingrainbow kernel: CIFS VFS: Free previous auth_key.response = ffff8c4d9968f800
Feb 07 13:01:22 readingrainbow kernel: CIFS VFS: Free previous auth_key.response = ffff8c4fb953d5c0
Feb 07 13:01:45 readingrainbow dhclient[2848]: DHCPREQUEST of 10.10.10.150 on enp179s0f0 to 10.10.10.3 port 67 (xid=0x1ca55be3)
Feb 07 13:01:45 readingrainbow dhclient[2848]: DHCPACK of 10.10.10.150 from 10.10.10.3
Feb 07 13:01:45 readingrainbow NetworkManager[1245]: [1518026505.6933] dhcp4 (enp179s0f0): address 10.10.10.150
Feb 07 13:01:45 readingrainbow NetworkManager[1245]: [1518026505.6934] dhcp4 (enp179s0f0): plen 24 (255.255.255.0)
Feb 07 13:01:45 readingrainbow NetworkManager[1245]: [1518026505.6934] dhcp4 (enp179s0f0): gateway 10.10.10.3
Feb 07 13:01:45 readingrainbow NetworkManager[1245]: [1518026505.6934] dhcp4 (enp179s0f0): lease time 3600
Feb 07 13:01:45 readingrainbow NetworkManager[1245]: [1518026505.6934] dhcp4 (enp179s0f0): hostname 'readingrainbow'
Feb 07 13:01:45 readingrainbow NetworkManager[1245]: [1518026505.6934] dhcp4 (enp179s0f0): nameserver '10.10.10.3'
Feb 07 13:01:45 readingrainbow NetworkManager[1245]: [1518026505.6934] dhcp4 (enp179s0f0): domain name 'world.n7sa.com'
Feb 07 13:01:45 readingrainbow NetworkManager[1245]: [1518026505.6935] dhcp4 (enp179s0f0): state changed bound -> bound
Feb 07 13:01:45 readingrainbow dhclient[2848]: bound to 10.10.10.150 -- renewal in 1264 seconds.
Feb 07 13:02:13 readingrainbow kernel: CIFS VFS: Free previous auth_key.response = ffff8c4faec1fe00
Feb 07 13:03:02 readingrainbow kernel: CIFS VFS: Free previous auth_key.response = ffff8c4bc1668a80
Feb 07 13:04:37 readingrainbow kernel: CIFS VFS: Free previous auth_key.response = ffff8c4b959fb8c0
Feb 07 13:05:26 readingrainbow kernel: CIFS VFS: Free previous auth_key.response = ffff8c4bb4d89380
Feb 07 13:06:17 readingrainbow kernel: CIFS VFS: Free previous auth_key.response = ffff8c4bb4eea0c0
Feb 07 13:07:06 readingrainbow kernel: CIFS VFS: Free previous auth_key.response = ffff8c4b94ba6c00
Feb 07 13:07:57 readingrainbow kernel: CIFS VFS: Free previous auth_key.response = ffff8c4e062e80c0
Feb 07 13:08:46 readingrainbow kernel: CIFS VFS: Free previous auth_key.response = ffff8c49072e7ec0
Feb 07 13:09:37 readingrainbow kernel: CIFS VFS: Free previous auth_key.response = ffff8c4b96b62a80
Feb 07 13:10:26 readingrainbow kernel: CIFS VFS: Free previous auth_key.response = ffff8c4eb7252cc0
Feb 07 13:11:17 readingrainbow kernel: CIFS VFS: Free previous auth_key.response = ffff8c49072e72c0
Feb 07 13:12:06 readingrainbow kernel: CIFS VFS: Free previous auth_key.response = ffff8c4b96b623c0
Feb 07 13:13:44 readingrainbow kernel: CIFS VFS: Free previous auth_key.response = ffff8c4b96b623c0
Feb 07 13:14:35 readingrainbow kernel: CIFS VFS: Free previous auth_key.response = ffff8c4af373d5c0
Feb 07 13:15:15 readingrainbow dhclient[1582]: DHCPREQUEST of 10.0.0.163 on enp7s0 to 10.0.0.3 port 67 (xid=0x5c11d807)
Feb 07 13:15:15 readingrainbow dhclient[1582]: DHCPACK of 10.0.0.163 from 10.0.0.3
Feb 07 13:15:15 readingrainbow NetworkManager[1245]: [1518027315.4385] dhcp4 (enp7s0): address 10.0.0.163
Feb 07 13:15:15 readingrainbow NetworkManager[1245]: [1518027315.4385] dhcp4 (enp7s0): plen 24 (255.255.255.0)
Feb 07 13:15:15 readingrainbow NetworkManager[1245]: [1518027315.4385] dhcp4 (enp7s0): gateway 10.0.0.3
Feb 07 13:15:15 readingrainbow NetworkManager[1245]: [1518027315.4386] dhcp4 (enp7s0): lease time 3600
Feb 07 13:15:15 readingrainbow NetworkManager[1245]: [1518027315.4386] dhcp4 (enp7s0): hostname 'readingrainbow'
Feb 07 13:15:15 readingrainbow NetworkManager[1245]: [1518027315.4386] dhcp4 (enp7s0): nameserver '10.0.0.3'
Feb 07 13:15:15 readingrainbow NetworkManager[1245]: [1518027315.4386] dhcp4 (enp7s0): domain name 'world.n7sa.com'
Feb 07 13:15:15 readingrainbow NetworkManager[1245]: [1518027315.4386] dhcp4 (enp7s0): state changed bound -> bound
Feb 07 13:15:15 readingrainbow dhclient[1582]: bound to 10.0.0.163 -- renewal in 1274 seconds.
Feb 07 13:15:25 readingrainbow kernel: CIFS VFS: Free previous auth_key.response = ffff8c4af373d5c0
Feb 07 13:16:15 readingrainbow kernel: CIFS VFS: Free previous auth_key.response = ffff8c4dff541680
Feb 07 13:17:05 readingrainbow kernel: CIFS VFS: Free previous auth_key.response = ffff8c4b941fa540
Feb 07 13:17:55 readingrainbow kernel: CIFS VFS: Free previous auth_key.response = ffff8c4b941fa540
Feb 07 13:18:45 readingrainbow kernel: CIFS VFS: Free previous auth_key.response = ffff8c4b941fa540
Feb 07 13:19:35 readingrainbow kernel: CIFS VFS: Free previous auth_key.response = ffff8c4b941fa540
Feb 07 13:20:25 readingrainbow kernel: CIFS VFS: Free previous auth_key.response = ffff8c4b941fa540
Feb 07 13:21:15 readingrainbow kernel: CIFS VFS: Free previous auth_key.response = ffff8c4b941fa540
Feb 07 13:22:53 readingrainbow kernel: CIFS VFS: Free previous auth_key.response = ffff8c4b941fa540
Feb 07 13:23:08 readingrainbow dhclient[2848]: DHCPREQUEST of 10.10.10.150 on enp179s0f0 to 10.10.10.3 port 67 (xid=0x1ca55be3)
Feb 07 13:23:08 readingrainbow dhclient[2848]: DHCPACK of 10.10.10.150 from 10.10.10.3
Feb 07 13:23:08 readingrainbow NetworkManager[1245]: [1518027788.2136] dhcp4 (enp179s0f0): address 10.10.10.150
Feb 07 13:23:08 readingrainbow NetworkManager[1245]: [1518027788.2137] dhcp4 (enp179s0f0): plen 24 (255.255.255.0)
Feb 07 13:23:08 readingrainbow NetworkManager[1245]: [1518027788.2137] dhcp4 (enp179s0f0): gateway 10.10.10.3
Feb 07 13:23:08 readingrainbow NetworkManager[1245]: [1518027788.2137] dhcp4 (enp179s0f0): lease time 3600
Feb 07 13:23:08 readingrainbow NetworkManager[1245]: [1518027788.2137] dhcp4 (enp179s0f0): hostname 'readingrainbow'
Feb 07 13:23:08 readingrainbow NetworkManager[1245]: [1518027788.2137] dhcp4 (enp179s0f0): nameserver '10.10.10.3'
Feb 07 13:23:08 readingrainbow NetworkManager[1245]: [1518027788.2137] dhcp4 (enp179s0f0): domain name 'world.n7sa.com'
Feb 07 13:23:08 readingrainbow NetworkManager[1245]: [1518027788.2137] dhcp4 (enp179s0f0): state changed bound -> bound
Feb 07 13:23:08 readingrainbow dhclient[2848]: bound to 10.10.10.150 -- renewal in 1317 seconds.
Feb 07 13:23:44 readingrainbow kernel: CIFS VFS: Free previous auth_key.response = ffff8c4b941fa540
Feb 07 13:24:34 readingrainbow kernel: CIFS VFS: Free previous auth_key.response = ffff8c4b941fa540
Feb 07 13:25:24 readingrainbow kernel: CIFS VFS: Free previous auth_key.response = ffff8c4b941fa540
Feb 07 13:26:14 readingrainbow kernel: CIFS VFS: Free previous auth_key.response = ffff8c4b941fa540
Feb 07 13:27:04 readingrainbow kernel: CIFS VFS: Free previous auth_key.response = ffff8c4dff541a40
Feb 07 13:27:54 readingrainbow kernel: CIFS VFS: Free previous auth_key.response = ffff8c4dff541a40
Feb 07 13:28:44 readingrainbow kernel: CIFS VFS: Free previous auth_key.response = ffff8c4dff541a40
Feb 07 13:29:34 readingrainbow kernel: CIFS VFS: Free previous auth_key.response = ffff8c4b941fba40
Feb 07 13:30:24 readingrainbow kernel: CIFS VFS: Free previous auth_key.response = ffff8c4b941fba40
Feb 07 13:32:04 readingrainbow kernel: CIFS VFS: Free previous auth_key.response = ffff8c4b941fba40
Feb 07 13:32:53 readingrainbow kernel: CIFS VFS: Free previous auth_key.response = ffff8c4a5ab5afc0
Feb 07 13:33:44 readingrainbow kernel: CIFS VFS: Free previous auth_key.response = ffff8c4b959fb500
Feb 07 13:34:33 readingrainbow kernel: CIFS VFS: Free previous auth_key.response = ffff8c4ebb415b00
Feb 07 13:35:24 readingrainbow kernel: CIFS VFS: Free previous auth_key.response = ffff8c4b959fa780
Feb 07 13:36:13 readingrainbow kernel: CIFS VFS: Free previous auth_key.response = ffff8c4b959fa780
Feb 07 13:37:04 readingrainbow kernel: CIFS VFS: Free previous auth_key.response = ffff8c4de90f46c0
Feb 07 13:37:21 readingrainbow dhclient[1582]: DHCPREQUEST of 10.0.0.163 on enp7s0 to 10.0.0.3 port 67 (xid=0x5c11d807)
Feb 07 13:37:21 readingrainbow dhclient[1582]: DHCPACK of 10.0.0.163 from 10.0.0.3
Feb 07 13:37:21 readingrainbow NetworkManager[1245]: [1518028641.6598] dhcp4 (enp7s0): address 10.0.0.163
Feb 07 13:37:21 readingrainbow NetworkManager[1245]: [1518028641.6598] dhcp4 (enp7s0): plen 24 (255.255.255.0)
Feb 07 13:37:21 readingrainbow NetworkManager[1245]: [1518028641.6599] dhcp4 (enp7s0): gateway 10.0.0.3
Feb 07 13:37:21 readingrainbow NetworkManager[1245]: [1518028641.6599] dhcp4 (enp7s0): lease time 3600
Feb 07 13:37:21 readingrainbow NetworkManager[1245]: [1518028641.6599] dhcp4 (enp7s0): hostname 'readingrainbow'
Feb 07 13:37:21 readingrainbow NetworkManager[1245]: [1518028641.6599] dhcp4 (enp7s0): nameserver '10.0.0.3'
Feb 07 13:37:21 readingrainbow NetworkManager[1245]: [1518028641.6599] dhcp4 (enp7s0): domain name 'world.n7sa.com'
Feb 07 13:37:21 readingrainbow NetworkManager[1245]: [1518028641.6599] dhcp4 (enp7s0): state changed bound -> bound
Feb 07 13:37:21 readingrainbow dhclient[1582]: bound to 10.0.0.163 -- renewal in 1647 seconds.
Feb 07 13:37:53 readingrainbow kernel: CIFS VFS: Free previous auth_key.response = ffff8c4b959fa180
Feb 07 13:38:44 readingrainbow kernel: CIFS VFS: Free previous auth_key.response = ffff8c4b959fa180
Feb 07 13:39:33 readingrainbow kernel: CIFS VFS: Free previous auth_key.response = ffff8c4b0c8a0a80
Feb 07 13:41:12 readingrainbow kernel: CIFS VFS: Free previous auth_key.response = ffff8c4cf671b740
Feb 07 13:42:03 readingrainbow kernel: CIFS VFS: Free previous auth_key.response = ffff8c4ba7d26900
Feb 07 13:42:53 readingrainbow kernel: CIFS VFS: Free previous auth_key.response = ffff8c4ba7d26900
Feb 07 13:43:43 readingrainbow kernel: CIFS VFS: Free previous auth_key.response = ffff8c4b96b63b00
Feb 07 13:44:33 readingrainbow kernel: CIFS VFS: Free previous auth_key.response = ffff8c4ebb415200
Feb 07 13:45:16 readingrainbow dhclient[2848]: DHCPREQUEST of 10.10.10.150 on enp179s0f0 to 10.10.10.3 port 67 (xid=0x1ca55be3)
Feb 07 13:45:16 readingrainbow dhclient[2848]: DHCPACK of 10.10.10.150 from 10.10.10.3
Feb 07 13:45:16 readingrainbow NetworkManager[1245]: [1518029116.6301] dhcp4 (enp179s0f0): address 10.10.10.150
Feb 07 13:45:16 readingrainbow NetworkManager[1245]: [1518029116.6301] dhcp4 (enp179s0f0): plen 24 (255.255.255.0)
Feb 07 13:45:16 readingrainbow NetworkManager[1245]: [1518029116.6301] dhcp4 (enp179s0f0): gateway 10.10.10.3
Feb 07 13:45:16 readingrainbow NetworkManager[1245]: [1518029116.6301] dhcp4 (enp179s0f0): lease time 3600
Feb 07 13:45:16 readingrainbow NetworkManager[1245]: [1518029116.6301] dhcp4 (enp179s0f0): hostname 'readingrainbow'
Feb 07 13:45:16 readingrainbow NetworkManager[1245]: [1518029116.6302] dhcp4 (enp179s0f0): nameserver '10.10.10.3'
Feb 07 13:45:16 readingrainbow NetworkManager[1245]: [1518029116.6302] dhcp4 (enp179s0f0): domain name 'world.n7sa.com'
Feb 07 13:45:16 readingrainbow NetworkManager[1245]: [1518029116.6302] dhcp4 (enp179s0f0): state changed bound -> bound
Feb 07 13:45:16 readingrainbow dhclient[2848]: bound to 10.10.10.150 -- renewal in 1330 seconds.
Feb 07 13:45:23 readingrainbow kernel: CIFS VFS: Free previous auth_key.response = ffff8c4a5ab5a3c0
Feb 07 13:46:13 readingrainbow kernel: CIFS VFS: Free previous auth_key.response = ffff8c4b96b629c0
Feb 07 13:47:03 readingrainbow kernel: CIFS VFS: Free previous auth_key.response = ffff8c49072e6fc0
Feb 07 13:47:53 readingrainbow kernel: CIFS VFS: Free previous auth_key.response = ffff8c4d9944d440
Feb 07 13:48:43 readingrainbow kernel: CIFS VFS: Free previous auth_key.response = ffff8c4b96b63e00
Feb 07 13:50:22 readingrainbow kernel: CIFS VFS: Free previous auth_key.response = ffff8c4a5ab5bc80
Feb 07 13:51:11 readingrainbow kernel: CIFS VFS: Free previous auth_key.response = ffff8c4d9944c0c0
Feb 07 13:52:02 readingrainbow kernel: CIFS VFS: Free previous auth_key.response = ffff8c4d9944c0c0
Feb 07 13:52:51 readingrainbow kernel: CIFS VFS: Free previous auth_key.response = ffff8c4e0234a780
Feb 07 13:53:41 readingrainbow kernel: CIFS VFS: Free previous auth_key.response = ffff8c4e1fcadb00
Feb 07 13:54:31 readingrainbow kernel: CIFS VFS: Free previous auth_key.response = ffff8c4b92278600
Feb 07 13:55:21 readingrainbow kernel: CIFS VFS: Free previous auth_key.response = ffff8c4d9944cf00
Feb 07 13:56:11 readingrainbow kernel: CIFS VFS: Free previous auth_key.response = ffff8c4e0234b080
Feb 07 13:57:01 readingrainbow kernel: CIFS VFS: Free previous auth_key.response = ffff8c4e1fcac180
Feb 07 13:57:51 readingrainbow kernel: CIFS VFS: Free previous auth_key.response = ffff8c4b92278d80
Feb 07 13:57:55 readingrainbow kernel: INFO: NMI handler (nmi_cpu_backtrace_handler) took too long to run: 1.505 msecs
Feb 07 13:58:41 readingrainbow kernel: CIFS VFS: Free previous auth_key.response = ffff8c4d9944c240
Feb 07 13:59:32 readingrainbow kernel: CIFS VFS: Free previous auth_key.response = ffff8c4d9944c240
Feb 07 14:00:21 readingrainbow kernel: CIFS VFS: Free previous auth_key.response = ffff8c49072e66c0
Feb 07 14:01:12 readingrainbow kernel: CIFS VFS: Free previous auth_key.response = ffff8c4d9944c240
Feb 07 14:02:01 readingrainbow kernel: CIFS VFS: Free previous auth_key.response = ffff8c4b96b62fc0
Feb 07 14:02:52 readingrainbow kernel: CIFS VFS: Free previous auth_key.response = ffff8c4e0234a540
Feb 07 14:03:41 readingrainbow kernel: CIFS VFS: Free previous auth_key.response = ffff8c4ebb415380
Feb 07 14:04:32 readingrainbow kernel: CIFS VFS: Free previous auth_key.response = ffff8c4b92278480
Feb 07 14:04:56 readingrainbow dhclient[1582]: DHCPREQUEST of 10.0.0.163 on enp7s0 to 10.0.0.3 port 67 (xid=0x5c11d807)
Feb 07 14:04:56 readingrainbow dhclient[1582]: DHCPACK of 10.0.0.163 from 10.0.0.3
Feb 07 14:04:56 readingrainbow NetworkManager[1245]: [1518030296.2789] dhcp4 (enp7s0): address 10.0.0.163
Feb 07 14:04:56 readingrainbow NetworkManager[1245]: [1518030296.2790] dhcp4 (enp7s0): plen 24 (255.255.255.0)
Feb 07 14:04:56 readingrainbow NetworkManager[1245]: [1518030296.2790] dhcp4 (enp7s0): gateway 10.0.0.3
Feb 07 14:04:56 readingrainbow NetworkManager[1245]: [1518030296.2790] dhcp4 (enp7s0): lease time 3600
Feb 07 14:04:56 readingrainbow NetworkManager[1245]: [1518030296.2790] dhcp4 (enp7s0): hostname 'readingrainbow'
Feb 07 14:04:56 readingrainbow NetworkManager[1245]: [1518030296.2790] dhcp4 (enp7s0): nameserver '10.0.0.3'
Feb 07 14:04:56 readingrainbow NetworkManager[1245]: [1518030296.2790] dhcp4 (enp7s0): domain name 'world.n7sa.com'
Feb 07 14:04:56 readingrainbow NetworkManager[1245]: [1518030296.2791] dhcp4 (enp7s0): state changed bound -> bound
Feb 07 14:04:56 readingrainbow dhclient[1582]: bound to 10.0.0.163 -- renewal in 1304 seconds.
Feb 07 14:05:21 readingrainbow kernel: CIFS VFS: Free previous auth_key.response = ffff8c4b96b632c0
Feb 07 14:06:12 readingrainbow kernel: CIFS VFS: Free previous auth_key.response = ffff8c4b96b632c0
Feb 07 14:07:01 readingrainbow kernel: CIFS VFS: Free previous auth_key.response = ffff8c4ebb414fc0
Feb 07 14:07:31 readingrainbow dhclient[2848]: DHCPREQUEST of 10.10.10.150 on enp179s0f0 to 10.10.10.3 port 67 (xid=0x1ca55be3)
Feb 07 14:07:31 readingrainbow dhclient[2848]: DHCPACK of 10.10.10.150 from 10.10.10.3
Feb 07 14:07:31 readingrainbow NetworkManager[1245]: [1518030451.4573] dhcp4 (enp179s0f0): address 10.10.10.150
Feb 07 14:07:31 readingrainbow NetworkManager[1245]: [1518030451.4573] dhcp4 (enp179s0f0): plen 24 (255.255.255.0)
Feb 07 14:07:31 readingrainbow NetworkManager[1245]: [1518030451.4574] dhcp4 (enp179s0f0): gateway 10.10.10.3
Feb 07 14:07:31 readingrainbow NetworkManager[1245]: [1518030451.4574] dhcp4 (enp179s0f0): lease time 3600
Feb 07 14:07:31 readingrainbow NetworkManager[1245]: [1518030451.4574] dhcp4 (enp179s0f0): hostname 'readingrainbow'
Feb 07 14:07:31 readingrainbow NetworkManager[1245]: [1518030451.4574] dhcp4 (enp179s0f0): nameserver '10.10.10.3'
Feb 07 14:07:31 readingrainbow NetworkManager[1245]: [1518030451.4574] dhcp4 (enp179s0f0): domain name 'world.n7sa.com'
Feb 07 14:07:31 readingrainbow NetworkManager[1245]: [1518030451.4574] dhcp4 (enp179s0f0): state changed bound -> bound
Feb 07 14:07:31 readingrainbow dhclient[2848]: bound to 10.10.10.150 -- renewal in 1418 seconds.
Feb 07 14:08:38 readingrainbow kernel: CIFS VFS: Free previous auth_key.response = ffff8c4ba7d235c0
Feb 07 14:09:29 readingrainbow kernel: CIFS VFS: Free previous auth_key.response = ffff8c4d95b91200
Feb 07 14:10:19 readingrainbow kernel: CIFS VFS: Free previous auth_key.response = ffff8c4ebb414cc0
Feb 07 14:11:09 readingrainbow kernel: CIFS VFS: Free previous auth_key.response = ffff8c4ba7d23800
Feb 07 14:11:59 readingrainbow kernel: CIFS VFS: Free previous auth_key.response = ffff8c4eb7252540
Feb 07 14:12:49 readingrainbow kernel: CIFS VFS: Free previous auth_key.response = ffff8c4ba7cd3680
Feb 07 14:13:39 readingrainbow kernel: CIFS VFS: Free previous auth_key.response = ffff8c4dc09d4a80
Feb 07 14:14:29 readingrainbow kernel: CIFS VFS: Free previous auth_key.response = ffff8c4ba7d223c0
Feb 07 14:15:19 readingrainbow kernel: CIFS VFS: Free previous auth_key.response = ffff8c4ef7be6600
Feb 07 14:16:09 readingrainbow kernel: CIFS VFS: Free previous auth_key.response = ffff8c4b94ba6840
Feb 07 14:16:59 readingrainbow kernel: CIFS VFS: Free previous auth_key.response = ffff8c490affda40
Feb 07 14:17:51 readingrainbow kernel: CIFS VFS: Free previous auth_key.response = ffff8c4f0f634cc0
Feb 07 14:18:40 readingrainbow kernel: CIFS VFS: Free previous auth_key.response = ffff8c4dc09d49c0
Feb 07 14:19:31 readingrainbow kernel: CIFS VFS: Free previous auth_key.response = ffff8c4eb7253d40
Feb 07 14:20:20 readingrainbow kernel: CIFS VFS: Free previous auth_key.response = ffff8c4b94ba6a80
Feb 07 14:21:11 readingrainbow kernel: CIFS VFS: Free previous auth_key.response = ffff8c4f0f635380
Feb 07 14:22:00 readingrainbow kernel: CIFS VFS: Free previous auth_key.response = ffff8c47631166c0
Feb 07 14:22:51 readingrainbow kernel: CIFS VFS: Free previous auth_key.response = ffff8c4f3726afc0
Feb 07 14:23:40 readingrainbow kernel: CIFS VFS: Free previous auth_key.response = ffff8c4eb7252240
Feb 07 14:24:31 readingrainbow kernel: CIFS VFS: Free previous auth_key.response = ffff8c4b962f9440
Feb 07 14:25:20 readingrainbow kernel: CIFS VFS: Free previous auth_key.response = ffff8c490affc180
Feb 07 14:27:33 readingrainbow dhclient[1582]: DHCPREQUEST of 10.0.0.163 on enp7s0 to 10.0.0.3 port 67 (xid=0x5c11d807)
Feb 07 14:27:33 readingrainbow dhclient[1582]: DHCPACK of 10.0.0.163 from 10.0.0.3
Feb 07 14:27:33 readingrainbow NetworkManager[1245]: [1518031653.7887] dhcp4 (enp7s0): address 10.0.0.163
Feb 07 14:27:33 readingrainbow NetworkManager[1245]: [1518031653.7887] dhcp4 (enp7s0): plen 24 (255.255.255.0)
Feb 07 14:27:33 readingrainbow NetworkManager[1245]: [1518031653.7888] dhcp4 (enp7s0): gateway 10.0.0.3
Feb 07 14:27:33 readingrainbow NetworkManager[1245]: [1518031653.7888] dhcp4 (enp7s0): lease time 3600
Feb 07 14:27:33 readingrainbow NetworkManager[1245]: [1518031653.7888] dhcp4 (enp7s0): hostname 'readingrainbow'
Feb 07 14:27:33 readingrainbow NetworkManager[1245]: [1518031653.7888] dhcp4 (enp7s0): nameserver '10.0.0.3'
Feb 07 14:27:33 readingrainbow NetworkManager[1245]: [1518031653.7888] dhcp4 (enp7s0): domain name 'world.n7sa.com'
Feb 07 14:27:33 readingrainbow NetworkManager[1245]: [1518031653.7888] dhcp4 (enp7s0): state changed bound -> bound
Feb 07 14:27:33 readingrainbow dhclient[1582]: bound to 10.0.0.163 -- renewal in 1553 seconds.
Feb 07 14:27:42 readingrainbow kernel: CIFS VFS: Autodisabling the use of server inode numbers on \\10.10.10.2\turtle-rw. This server doesn't seem to support them properly. Hardlinks will not be recognized on this mount. Consider mounting with the "noserverino" option to silence this message.
Feb 07 14:31:18 readingrainbow dhclient[2848]: DHCPREQUEST of 10.10.10.150 on enp179s0f0 to 10.10.10.3 port 67 (xid=0x1ca55be3)
Feb 07 14:31:18 readingrainbow dhclient[2848]: DHCPACK of 10.10.10.150 from 10.10.10.3
Feb 07 14:31:19 readingrainbow NetworkManager[1245]: [1518031879.0023] dhcp4 (enp179s0f0): address 10.10.10.150
Feb 07 14:31:19 readingrainbow NetworkManager[1245]: [1518031879.0023] dhcp4 (enp179s0f0): plen 24 (255.255.255.0)
Feb 07 14:31:19 readingrainbow NetworkManager[1245]: [1518031879.0024] dhcp4 (enp179s0f0): gateway 10.10.10.3
Feb 07 14:31:19 readingrainbow NetworkManager[1245]: [1518031879.0024] dhcp4 (enp179s0f0): lease time 3600
Feb 07 14:31:19 readingrainbow NetworkManager[1245]: [1518031879.0024] dhcp4 (enp179s0f0): hostname 'readingrainbow'
Feb 07 14:31:19 readingrainbow NetworkManager[1245]: [1518031879.0024] dhcp4 (enp179s0f0): nameserver '10.10.10.3'
Feb 07 14:31:19 readingrainbow NetworkManager[1245]: [1518031879.0024] dhcp4 (enp179s0f0): domain name 'world.n7sa.com'
Feb 07 14:31:19 readingrainbow NetworkManager[1245]: [1518031879.0024] dhcp4 (enp179s0f0): state changed bound -> bound
Feb 07 14:31:19 readingrainbow dhclient[2848]: bound to 10.10.10.150 -- renewal in 1313 seconds.
Feb 07 14:33:21 readingrainbow kernel: CIFS VFS: Free previous auth_key.response = ffff8c4fae83c840
Feb 07 14:34:12 readingrainbow kernel: CIFS VFS: Free previous auth_key.response = ffff8c48ee3d80c0
Feb 07 14:35:01 readingrainbow kernel: CIFS VFS: Free previous auth_key.response = ffff8c4ba7d23bc0
Feb 07 14:40:14 readingrainbow kernel: CIFS VFS: Free previous auth_key.response = ffff8c4f68bf92c0
Feb 07 14:41:03 readingrainbow kernel: CIFS VFS: Free previous auth_key.response = ffff8c4fb58389c0
Feb 07 14:41:54 readingrainbow kernel: CIFS VFS: Free previous auth_key.response = ffff8c4ba7d22540
Feb 07 14:42:43 readingrainbow kernel: CIFS VFS: Free previous auth_key.response = ffff8c4ba65a8000
Feb 07 14:43:34 readingrainbow kernel: CIFS VFS: Free previous auth_key.response = ffff8c490a495140
Feb 07 14:44:23 readingrainbow kernel: CIFS VFS: Free previous auth_key.response = ffff8c4b91c126c0
Feb 07 14:45:17 readingrainbow kernel: CIFS VFS: Free previous auth_key.response = ffff8c4ba7d22540
Feb 07 14:46:06 readingrainbow kernel: CIFS VFS: Free previous auth_key.response = ffff8c4dc0af7a40
Feb 07 14:46:57 readingrainbow kernel: CIFS VFS: Free previous auth_key.response = ffff8c4dc0af7a40
Feb 07 14:47:46 readingrainbow kernel: CIFS VFS: Free previous auth_key.response = ffff8c4dc0af7a40
Feb 07 14:48:37 readingrainbow kernel: CIFS VFS: Free previous auth_key.response = ffff8c4dc0af7a40
Feb 07 14:49:26 readingrainbow kernel: CIFS VFS: Free previous auth_key.response = ffff8c4dc0af7a40
Feb 07 14:50:17 readingrainbow kernel: CIFS VFS: Free previous auth_key.response = ffff8c4d9fec5d40
Feb 07 14:51:06 readingrainbow kernel: CIFS VFS: Free previous auth_key.response = ffff8c4ba65a8fc0
Feb 07 14:54:06 readingrainbow dhclient[2848]: DHCPREQUEST of 10.10.10.150 on enp179s0f0 to 10.10.10.3 port 67 (xid=0x1ca55be3)
Feb 07 14:54:06 readingrainbow dhclient[2848]: DHCPACK of 10.10.10.150 from 10.10.10.3
Feb 07 14:54:06 readingrainbow NetworkManager[1245]: [1518033246.4085] dhcp4 (enp179s0f0): address 10.10.10.150
Feb 07 14:54:06 readingrainbow NetworkManager[1245]: [1518033246.4085] dhcp4 (enp179s0f0): plen 24 (255.255.255.0)
Feb 07 14:54:06 readingrainbow NetworkManager[1245]: [1518033246.4085] dhcp4 (enp179s0f0): gateway 10.10.10.3
Feb 07 14:54:06 readingrainbow NetworkManager[1245]: [1518033246.4085] dhcp4 (enp179s0f0): lease time 3600
