Feb 07 19:03:22 readingrainbow kernel: CIFS VFS: Free previous auth_key.response = ffff8c4b92177980
Feb 07 19:03:45 readingrainbow dhclient[2848]: DHCPREQUEST of 10.10.10.150 on enp179s0f0 to 10.10.10.3 port 67 (xid=0x1ca55be3)
Feb 07 19:03:45 readingrainbow dhclient[2848]: DHCPACK of 10.10.10.150 from 10.10.10.3
Feb 07 19:03:45 readingrainbow NetworkManager[1245]: [1518048225.3670] dhcp4 (enp179s0f0): address 10.10.10.150
Feb 07 19:03:45 readingrainbow NetworkManager[1245]: [1518048225.3670] dhcp4 (enp179s0f0): plen 24 (255.255.255.0)
Feb 07 19:03:45 readingrainbow NetworkManager[1245]: [1518048225.3670] dhcp4 (enp179s0f0): gateway 10.10.10.3
Feb 07 19:03:45 readingrainbow NetworkManager[1245]: [1518048225.3671] dhcp4 (enp179s0f0): lease time 3600
Feb 07 19:03:45 readingrainbow NetworkManager[1245]: [1518048225.3671] dhcp4 (enp179s0f0): hostname 'readingrainbow'
Feb 07 19:03:45 readingrainbow NetworkManager[1245]: [1518048225.3671] dhcp4 (enp179s0f0): nameserver '10.10.10.3'
Feb 07 19:03:45 readingrainbow NetworkManager[1245]: [1518048225.3671] dhcp4 (enp179s0f0): domain name 'world.n7sa.com'
Feb 07 19:03:45 readingrainbow NetworkManager[1245]: [1518048225.3671] dhcp4 (enp179s0f0): state changed bound -> bound
Feb 07 19:03:45 readingrainbow dhclient[2848]: bound to 10.10.10.150 -- renewal in 1289 seconds.
Feb 07 19:04:12 readingrainbow kernel: CIFS VFS: Free previous auth_key.response = ffff8c4e06f0d500
Feb 07 19:05:02 readingrainbow kernel: CIFS VFS: Free previous auth_key.response = ffff8c48f9dbb2c0
Feb 07 19:05:52 readingrainbow kernel: CIFS VFS: Free previous auth_key.response = ffff8c4b92177440
Feb 07 19:06:42 readingrainbow kernel: CIFS VFS: Free previous auth_key.response = ffff8c48f9dbb680
Feb 07 19:07:32 readingrainbow kernel: CIFS VFS: Free previous auth_key.response = ffff8c4e06f0cfc0
Feb 07 19:08:22 readingrainbow kernel: CIFS VFS: Free previous auth_key.response = ffff8c48f9dbb680
Feb 07 19:09:12 readingrainbow kernel: CIFS VFS: Free previous auth_key.response = ffff8c4b92176000
Feb 07 19:10:01 readingrainbow kernel: CIFS VFS: Free previous auth_key.response = ffff8c4e06f0cd80
Feb 07 19:10:52 readingrainbow kernel: CIFS VFS: Free previous auth_key.response = ffff8c48f9dbacc0
Feb 07 19:11:41 readingrainbow kernel: CIFS VFS: Free previous auth_key.response = ffff8c4e06f0d200
Feb 07 19:12:32 readingrainbow kernel: CIFS VFS: Free previous auth_key.response = ffff8c48f9dba480
Feb 07 19:13:21 readingrainbow kernel: CIFS VFS: Free previous auth_key.response = ffff8c4b921772c0
Feb 07 19:14:12 readingrainbow kernel: CIFS VFS: Free previous auth_key.response = ffff8c4e06f0d380
Feb 07 19:15:01 readingrainbow kernel: CIFS VFS: Free previous auth_key.response = ffff8c4b92177d40
Feb 07 19:15:52 readingrainbow kernel: CIFS VFS: Free previous auth_key.response = ffff8c4e06f0dc80
Feb 07 19:16:41 readingrainbow kernel: CIFS VFS: Free previous auth_key.response = ffff8c4b92177440
Feb 07 19:17:32 readingrainbow kernel: CIFS VFS: Free previous auth_key.response = ffff8c48f9dbac00
Feb 07 19:18:21 readingrainbow kernel: CIFS VFS: Free previous auth_key.response = ffff8c4b921775c0
Feb 07 19:19:12 readingrainbow kernel: CIFS VFS: Free previous auth_key.response = ffff8c48f9dbacc0
Feb 07 19:20:01 readingrainbow kernel: CIFS VFS: Free previous auth_key.response = ffff8c4b92177bc0
Feb 07 19:20:52 readingrainbow kernel: CIFS VFS: Free previous auth_key.response = ffff8c4e06f0cfc0
Feb 07 19:21:42 readingrainbow kernel: CIFS VFS: Free previous auth_key.response = ffff8c48f9dba000
Feb 07 19:22:32 readingrainbow kernel: CIFS VFS: Free previous auth_key.response = ffff8c4b92176540
Feb 07 19:22:47 readingrainbow dhclient[1582]: DHCPREQUEST of 10.0.0.163 on enp7s0 to 10.0.0.3 port 67 (xid=0x5c11d807)
Feb 07 19:22:47 readingrainbow dhclient[1582]: DHCPACK of 10.0.0.163 from 10.0.0.3
Feb 07 19:22:47 readingrainbow NetworkManager[1245]: [1518049367.5217] dhcp4 (enp7s0): address 10.0.0.163
Feb 07 19:22:47 readingrainbow NetworkManager[1245]: [1518049367.5218] dhcp4 (enp7s0): plen 24 (255.255.255.0)
Feb 07 19:22:47 readingrainbow NetworkManager[1245]: [1518049367.5218] dhcp4 (enp7s0): gateway 10.0.0.3
Feb 07 19:22:47 readingrainbow NetworkManager[1245]: [1518049367.5218] dhcp4 (enp7s0): lease time 3600
Feb 07 19:22:47 readingrainbow NetworkManager[1245]: [1518049367.5218] dhcp4 (enp7s0): hostname 'readingrainbow'
Feb 07 19:22:47 readingrainbow NetworkManager[1245]: [1518049367.5218] dhcp4 (enp7s0): nameserver '10.0.0.3'
Feb 07 19:22:47 readingrainbow NetworkManager[1245]: [1518049367.5219] dhcp4 (enp7s0): domain name 'world.n7sa.com'
Feb 07 19:22:47 readingrainbow NetworkManager[1245]: [1518049367.5219] dhcp4 (enp7s0): state changed bound -> bound
Feb 07 19:22:47 readingrainbow dhclient[1582]: bound to 10.0.0.163 -- renewal in 1337 seconds.
Feb 07 19:23:22 readingrainbow kernel: CIFS VFS: Free previous auth_key.response = ffff8c4e06f0cd80
Feb 07 19:24:12 readingrainbow kernel: CIFS VFS: Free previous auth_key.response = ffff8c48f9dbac00
Feb 07 19:25:02 readingrainbow kernel: CIFS VFS: Free previous auth_key.response = ffff8c4b92176000
Feb 07 19:25:21 readingrainbow dhclient[2848]: DHCPREQUEST of 10.10.10.150 on enp179s0f0 to 10.10.10.3 port 67 (xid=0x1ca55be3)
Feb 07 19:25:21 readingrainbow dhclient[2848]: DHCPACK of 10.10.10.150 from 10.10.10.3
Feb 07 19:25:21 readingrainbow NetworkManager[1245]: [1518049521.3674] dhcp4 (enp179s0f0): address 10.10.10.150
Feb 07 19:25:21 readingrainbow NetworkManager[1245]: [1518049521.3674] dhcp4 (enp179s0f0): plen 24 (255.255.255.0)
Feb 07 19:25:21 readingrainbow NetworkManager[1245]: [1518049521.3674] dhcp4 (enp179s0f0): gateway 10.10.10.3
Feb 07 19:25:21 readingrainbow NetworkManager[1245]: [1518049521.3675] dhcp4 (enp179s0f0): lease time 3600
Feb 07 19:25:21 readingrainbow NetworkManager[1245]: [1518049521.3675] dhcp4 (enp179s0f0): hostname 'readingrainbow'
Feb 07 19:25:21 readingrainbow NetworkManager[1245]: [1518049521.3675] dhcp4 (enp179s0f0): nameserver '10.10.10.3'
Feb 07 19:25:21 readingrainbow NetworkManager[1245]: [1518049521.3675] dhcp4 (enp179s0f0): domain name 'world.n7sa.com'
Feb 07 19:25:21 readingrainbow NetworkManager[1245]: [1518049521.3675] dhcp4 (enp179s0f0): state changed bound -> bound
Feb 07 19:25:21 readingrainbow dhclient[2848]: bound to 10.10.10.150 -- renewal in 1397 seconds.
Feb 07 19:25:52 readingrainbow kernel: CIFS VFS: Free previous auth_key.response = ffff8c48f9dbb2c0
Feb 07 19:26:42 readingrainbow kernel: CIFS VFS: Free previous auth_key.response = ffff8c4b92177b00
Feb 07 19:27:32 readingrainbow kernel: CIFS VFS: Free previous auth_key.response = ffff8c4e06f0d380
Feb 07 19:28:22 readingrainbow kernel: CIFS VFS: Free previous auth_key.response = ffff8c4b92177d40
Feb 07 19:29:12 readingrainbow kernel: CIFS VFS: Free previous auth_key.response = ffff8c4e06f0d680
Feb 07 19:30:02 readingrainbow kernel: CIFS VFS: Free previous auth_key.response = ffff8c48f9dba6c0
Feb 07 19:30:53 readingrainbow kernel: CIFS VFS: Free previous auth_key.response = ffff8c4b92176a80
Feb 07 19:31:42 readingrainbow kernel: CIFS VFS: Free previous auth_key.response = ffff8c4e06f0dd40
Feb 07 19:32:33 readingrainbow kernel: CIFS VFS: Free previous auth_key.response = ffff8c4b92176000
Feb 07 19:33:22 readingrainbow kernel: CIFS VFS: Free previous auth_key.response = ffff8c4e06f0c000
Feb 07 19:34:13 readingrainbow kernel: CIFS VFS: Free previous auth_key.response = ffff8c4b92177e00
Feb 07 19:35:02 readingrainbow kernel: CIFS VFS: Free previous auth_key.response = ffff8c48f9dba6c0
Feb 07 19:35:53 readingrainbow kernel: CIFS VFS: Free previous auth_key.response = ffff8c4b92176000
Feb 07 19:36:42 readingrainbow kernel: CIFS VFS: Free previous auth_key.response = ffff8c4e06f0ca80
Feb 07 19:37:33 readingrainbow kernel: CIFS VFS: Free previous auth_key.response = ffff8c4e06f0ca80
Feb 07 19:38:22 readingrainbow kernel: CIFS VFS: Free previous auth_key.response = ffff8c4b92177d40
Feb 07 19:39:13 readingrainbow kernel: CIFS VFS: Free previous auth_key.response = ffff8c4e06f0c180
Feb 07 19:40:02 readingrainbow kernel: CIFS VFS: Free previous auth_key.response = ffff8c4b92176d80
Feb 07 19:40:53 readingrainbow kernel: CIFS VFS: Free previous auth_key.response = ffff8c490fa0b380
Feb 07 19:41:42 readingrainbow kernel: CIFS VFS: Free previous auth_key.response = ffff8c4b92177c80
Feb 07 19:42:33 readingrainbow kernel: CIFS VFS: Free previous auth_key.response = ffff8c4e06f0c840
Feb 07 19:43:22 readingrainbow kernel: CIFS VFS: Free previous auth_key.response = ffff8c48f9dbb680
Feb 07 19:44:13 readingrainbow kernel: CIFS VFS: Free previous auth_key.response = ffff8c4e86ac3380
Feb 07 19:45:02 readingrainbow kernel: CIFS VFS: Free previous auth_key.response = ffff8c4f0f5dfb00
Feb 07 19:45:52 readingrainbow kernel: CIFS VFS: Free previous auth_key.response = ffff8c4f0f5dfb00
Feb 07 19:46:01 readingrainbow dhclient[1582]: DHCPREQUEST of 10.0.0.163 on enp7s0 to 10.0.0.3 port 67 (xid=0x5c11d807)
Feb 07 19:46:01 readingrainbow dhclient[1582]: DHCPACK of 10.0.0.163 from 10.0.0.3
Feb 07 19:46:01 readingrainbow NetworkManager[1245]: [1518050761.4271] dhcp4 (enp7s0): address 10.0.0.163
Feb 07 19:46:01 readingrainbow NetworkManager[1245]: [1518050761.4271] dhcp4 (enp7s0): plen 24 (255.255.255.0)
Feb 07 19:46:01 readingrainbow NetworkManager[1245]: [1518050761.4271] dhcp4 (enp7s0): gateway 10.0.0.3
Feb 07 19:46:01 readingrainbow NetworkManager[1245]: [1518050761.4271] dhcp4 (enp7s0): lease time 3600
Feb 07 19:46:01 readingrainbow NetworkManager[1245]: [1518050761.4272] dhcp4 (enp7s0): hostname 'readingrainbow'
Feb 07 19:46:01 readingrainbow NetworkManager[1245]: [1518050761.4272] dhcp4 (enp7s0): nameserver '10.0.0.3'
Feb 07 19:46:01 readingrainbow NetworkManager[1245]: [1518050761.4272] dhcp4 (enp7s0): domain name 'world.n7sa.com'
Feb 07 19:46:01 readingrainbow NetworkManager[1245]: [1518050761.4272] dhcp4 (enp7s0): state changed bound -> bound
Feb 07 19:46:01 readingrainbow dhclient[1582]: bound to 10.0.0.163 -- renewal in 1631 seconds.
Feb 07 19:46:42 readingrainbow kernel: CIFS VFS: Free previous auth_key.response = ffff8c4f0f5dfb00
Feb 07 19:47:32 readingrainbow kernel: CIFS VFS: Free previous auth_key.response = ffff8c4f0f5dfb00
Feb 07 19:48:22 readingrainbow kernel: CIFS VFS: Free previous auth_key.response = ffff8c490fa0b380
Feb 07 19:48:45 readingrainbow dhclient[2848]: DHCPREQUEST of 10.10.10.150 on enp179s0f0 to 10.10.10.3 port 67 (xid=0x1ca55be3)
Feb 07 19:48:45 readingrainbow dhclient[2848]: DHCPACK of 10.10.10.150 from 10.10.10.3
Feb 07 19:48:45 readingrainbow NetworkManager[1245]: [1518050925.0525] dhcp4 (enp179s0f0): address 10.10.10.150
Feb 07 19:48:45 readingrainbow NetworkManager[1245]: [1518050925.0525] dhcp4 (enp179s0f0): plen 24 (255.255.255.0)
Feb 07 19:48:45 readingrainbow NetworkManager[1245]: [1518050925.0526] dhcp4 (enp179s0f0): gateway 10.10.10.3
Feb 07 19:48:45 readingrainbow NetworkManager[1245]: [1518050925.0526] dhcp4 (enp179s0f0): lease time 3600
Feb 07 19:48:45 readingrainbow NetworkManager[1245]: [1518050925.0526] dhcp4 (enp179s0f0): hostname 'readingrainbow'
Feb 07 19:48:45 readingrainbow NetworkManager[1245]: [1518050925.0526] dhcp4 (enp179s0f0): nameserver '10.10.10.3'
Feb 07 19:48:45 readingrainbow NetworkManager[1245]: [1518050925.0526] dhcp4 (enp179s0f0): domain name 'world.n7sa.com'
Feb 07 19:48:45 readingrainbow NetworkManager[1245]: [1518050925.0526] dhcp4 (enp179s0f0): state changed bound -> bound
Feb 07 19:48:45 readingrainbow dhclient[2848]: bound to 10.10.10.150 -- renewal in 1348 seconds.
Feb 07 19:49:12 readingrainbow kernel: CIFS VFS: Free previous auth_key.response = ffff8c4f0f5df500
Feb 07 19:50:02 readingrainbow kernel: CIFS VFS: Free previous auth_key.response = ffff8c4f0f5df500
Feb 07 19:50:52 readingrainbow kernel: CIFS VFS: Free previous auth_key.response = ffff8c4f0f5df500
Feb 07 19:51:43 readingrainbow kernel: CIFS VFS: Free previous auth_key.response = ffff8c4f0f5df500
Feb 07 19:52:32 readingrainbow kernel: CIFS VFS: Free previous auth_key.response = ffff8c4f0f5df500
Feb 07 19:53:23 readingrainbow kernel: CIFS VFS: Free previous auth_key.response = ffff8c4f0f5df500
Feb 07 19:54:12 readingrainbow kernel: CIFS VFS: Free previous auth_key.response = ffff8c4f0f5df500
Feb 07 19:55:03 readingrainbow kernel: CIFS VFS: Free previous auth_key.response = ffff8c4f0f5df500
Feb 07 19:55:52 readingrainbow kernel: CIFS VFS: Free previous auth_key.response = ffff8c4f0f5df500
Feb 07 19:56:43 readingrainbow kernel: CIFS VFS: Free previous auth_key.response = ffff8c4f0f5df500
Feb 07 19:57:32 readingrainbow kernel: CIFS VFS: Free previous auth_key.response = ffff8c4f0f5df500
Feb 07 19:58:23 readingrainbow kernel: CIFS VFS: Free previous auth_key.response = ffff8c4f0f5df500
Feb 07 19:59:12 readingrainbow kernel: CIFS VFS: Free previous auth_key.response = ffff8c4f0f5df500
Feb 07 20:00:03 readingrainbow kernel: CIFS VFS: Free previous auth_key.response = ffff8c4f0f5df500
Feb 07 20:00:52 readingrainbow kernel: CIFS VFS: Free previous auth_key.response = ffff8c4f0f5df500
Feb 07 20:01:43 readingrainbow kernel: CIFS VFS: Free previous auth_key.response = ffff8c4f0f5df500
Feb 07 20:02:32 readingrainbow kernel: CIFS VFS: Free previous auth_key.response = ffff8c4f0f5df500
Feb 07 20:03:23 readingrainbow kernel: CIFS VFS: Free previous auth_key.response = ffff8c4f0f5df500
Feb 07 20:04:12 readingrainbow kernel: CIFS VFS: Free previous auth_key.response = ffff8c4f0f5df500
Feb 07 20:05:03 readingrainbow kernel: CIFS VFS: Free previous auth_key.response = ffff8c4f0f5df500
Feb 07 20:05:52 readingrainbow kernel: CIFS VFS: Free previous auth_key.response = ffff8c4f0f5df500
Feb 07 20:06:43 readingrainbow kernel: CIFS VFS: Free previous auth_key.response = ffff8c4fb58aa0c0
Feb 07 20:07:32 readingrainbow kernel: CIFS VFS: Free previous auth_key.response = ffff8c4f0f5decc0
Feb 07 20:08:23 readingrainbow kernel: CIFS VFS: Free previous auth_key.response = ffff8c4f0f5decc0
Feb 07 20:09:12 readingrainbow kernel: CIFS VFS: Free previous auth_key.response = ffff8c4f0f5decc0
Feb 07 20:10:03 readingrainbow kernel: CIFS VFS: Free previous auth_key.response = ffff8c4f0f5decc0
Feb 07 20:10:52 readingrainbow kernel: CIFS VFS: Free previous auth_key.response = ffff8c4f0f5decc0
Feb 07 20:11:43 readingrainbow kernel: CIFS VFS: Free previous auth_key.response = ffff8c4f0f5decc0
Feb 07 20:12:08 readingrainbow dhclient[2848]: DHCPREQUEST of 10.10.10.150 on enp179s0f0 to 10.10.10.3 port 67 (xid=0x1ca55be3)
Feb 07 20:12:08 readingrainbow dhclient[2848]: DHCPACK of 10.10.10.150 from 10.10.10.3
Feb 07 20:12:08 readingrainbow NetworkManager[1245]: [1518052328.8775] dhcp4 (enp179s0f0): address 10.10.10.150
Feb 07 20:12:08 readingrainbow NetworkManager[1245]: [1518052328.8776] dhcp4 (enp179s0f0): plen 24 (255.255.255.0)
Feb 07 20:12:08 readingrainbow NetworkManager[1245]: [1518052328.8776] dhcp4 (enp179s0f0): gateway 10.10.10.3
Feb 07 20:12:08 readingrainbow NetworkManager[1245]: [1518052328.8776] dhcp4 (enp179s0f0): lease time 3600
Feb 07 20:12:08 readingrainbow NetworkManager[1245]: [1518052328.8776] dhcp4 (enp179s0f0): hostname 'readingrainbow'
Feb 07 20:12:08 readingrainbow NetworkManager[1245]: [1518052328.8776] dhcp4 (enp179s0f0): nameserver '10.10.10.3'
Feb 07 20:12:08 readingrainbow NetworkManager[1245]: [1518052328.8777] dhcp4 (enp179s0f0): domain name 'world.n7sa.com'
Feb 07 20:12:08 readingrainbow NetworkManager[1245]: [1518052328.8777] dhcp4 (enp179s0f0): state changed bound -> bound
Feb 07 20:12:08 readingrainbow dhclient[2848]: bound to 10.10.10.150 -- renewal in 1261 seconds.
Feb 07 20:12:33 readingrainbow kernel: CIFS VFS: Free previous auth_key.response = ffff8c4f0f5decc0
Feb 07 20:13:23 readingrainbow kernel: CIFS VFS: Free previous auth_key.response = ffff8c4f0f5decc0
Feb 07 20:14:13 readingrainbow kernel: CIFS VFS: Free previous auth_key.response = ffff8c4f0f5decc0
Feb 07 20:14:19 readingrainbow dhclient[1582]: DHCPREQUEST of 10.0.0.163 on enp7s0 to 10.0.0.3 port 67 (xid=0x5c11d807)
Feb 07 20:14:19 readingrainbow dhclient[1582]: DHCPACK of 10.0.0.163 from 10.0.0.3
Feb 07 20:14:19 readingrainbow NetworkManager[1245]: [1518052459.3232] dhcp4 (enp7s0): address 10.0.0.163
Feb 07 20:14:19 readingrainbow NetworkManager[1245]: [1518052459.3232] dhcp4 (enp7s0): plen 24 (255.255.255.0)
Feb 07 20:14:19 readingrainbow NetworkManager[1245]: [1518052459.3232] dhcp4 (enp7s0): gateway 10.0.0.3
Feb 07 20:14:19 readingrainbow NetworkManager[1245]: [1518052459.3232] dhcp4 (enp7s0): lease time 3600
Feb 07 20:14:19 readingrainbow NetworkManager[1245]: [1518052459.3233] dhcp4 (enp7s0): hostname 'readingrainbow'
Feb 07 20:14:19 readingrainbow NetworkManager[1245]: [1518052459.3233] dhcp4 (enp7s0): nameserver '10.0.0.3'
Feb 07 20:14:19 readingrainbow NetworkManager[1245]: [1518052459.3233] dhcp4 (enp7s0): domain name 'world.n7sa.com'
Feb 07 20:14:19 readingrainbow NetworkManager[1245]: [1518052459.3233] dhcp4 (enp7s0): state changed bound -> bound
Feb 07 20:14:19 readingrainbow dhclient[1582]: bound to 10.0.0.163 -- renewal in 1618 seconds.
Feb 07 20:15:03 readingrainbow kernel: CIFS VFS: Free previous auth_key.response = ffff8c4f0f5decc0
Feb 07 20:15:53 readingrainbow kernel: CIFS VFS: Free previous auth_key.response = ffff8c4b91105440
Feb 07 20:16:43 readingrainbow kernel: CIFS VFS: Free previous auth_key.response = ffff8c4b91105440
Feb 07 20:17:33 readingrainbow kernel: CIFS VFS: Free previous auth_key.response = ffff8c4b91105440
Feb 07 20:18:23 readingrainbow kernel: CIFS VFS: Free previous auth_key.response = ffff8c4b91105440
Feb 07 20:19:13 readingrainbow kernel: CIFS VFS: Free previous auth_key.response = ffff8c4b91105440
Feb 07 20:20:03 readingrainbow kernel: CIFS VFS: Free previous auth_key.response = ffff8c4b91105440
Feb 07 20:20:53 readingrainbow kernel: CIFS VFS: Free previous auth_key.response = ffff8c4b91105440
Feb 07 20:21:44 readingrainbow kernel: CIFS VFS: Free previous auth_key.response = ffff8c4b91105440
Feb 07 20:22:33 readingrainbow kernel: CIFS VFS: Free previous auth_key.response = ffff8c4b91105440
Feb 07 20:23:22 readingrainbow kernel: CIFS VFS: Free previous auth_key.response = ffff8c4b91105440
Feb 07 20:24:13 readingrainbow kernel: CIFS VFS: Free previous auth_key.response = ffff8c4b91105440
Feb 07 20:25:02 readingrainbow kernel: CIFS VFS: Free previous auth_key.response = ffff8c4b91105440
Feb 07 20:25:53 readingrainbow kernel: CIFS VFS: Free previous auth_key.response = ffff8c4b91105440
Feb 07 20:26:42 readingrainbow kernel: CIFS VFS: Free previous auth_key.response = ffff8c4b91105440
Feb 07 20:27:33 readingrainbow kernel: CIFS VFS: Free previous auth_key.response = ffff8c4b91105440
Feb 07 20:28:22 readingrainbow kernel: CIFS VFS: Free previous auth_key.response = ffff8c4b91105440
Feb 07 20:29:13 readingrainbow kernel: CIFS VFS: Free previous auth_key.response = ffff8c4b91105440
Feb 07 20:30:02 readingrainbow kernel: CIFS VFS: Free previous auth_key.response = ffff8c4b91105440
Feb 07 20:30:53 readingrainbow kernel: CIFS VFS: Free previous auth_key.response = ffff8c4b91105440
Feb 07 20:31:43 readingrainbow kernel: CIFS VFS: Free previous auth_key.response = ffff8c4b91105440
Feb 07 20:32:33 readingrainbow kernel: CIFS VFS: Free previous auth_key.response = ffff8c4b91105440
Feb 07 20:33:23 readingrainbow kernel: CIFS VFS: Free previous auth_key.response = ffff8c4b91105440
Feb 07 20:33:56 readingrainbow dhclient[2848]: DHCPREQUEST of 10.10.10.150 on enp179s0f0 to 10.10.10.3 port 67 (xid=0x1ca55be3)
Feb 07 20:33:56 readingrainbow dhclient[2848]: DHCPACK of 10.10.10.150 from 10.10.10.3
Feb 07 20:33:56 readingrainbow NetworkManager[1245]: [1518053636.6184] dhcp4 (enp179s0f0): address 10.10.10.150
Feb 07 20:33:56 readingrainbow NetworkManager[1245]: [1518053636.6185] dhcp4 (enp179s0f0): plen 24 (255.255.255.0)
Feb 07 20:33:56 readingrainbow NetworkManager[1245]: [1518053636.6185] dhcp4 (enp179s0f0): gateway 10.10.10.3
Feb 07 20:33:56 readingrainbow NetworkManager[1245]: [1518053636.6185] dhcp4 (enp179s0f0): lease time 3600
Feb 07 20:33:56 readingrainbow NetworkManager[1245]: [1518053636.6185] dhcp4 (enp179s0f0): hostname 'readingrainbow'
Feb 07 20:33:56 readingrainbow NetworkManager[1245]: [1518053636.6186] dhcp4 (enp179s0f0): nameserver '10.10.10.3'
Feb 07 20:33:56 readingrainbow NetworkManager[1245]: [1518053636.6186] dhcp4 (enp179s0f0): domain name 'world.n7sa.com'
Feb 07 20:33:56 readingrainbow NetworkManager[1245]: [1518053636.6186] dhcp4 (enp179s0f0): state changed bound -> bound
Feb 07 20:33:56 readingrainbow dhclient[2848]: bound to 10.10.10.150 -- renewal in 1487 seconds.
Feb 07 20:34:13 readingrainbow kernel: CIFS VFS: Free previous auth_key.response = ffff8c4f128cd080
Feb 07 20:35:03 readingrainbow kernel: CIFS VFS: Free previous auth_key.response = ffff8c4f128cd080
Feb 07 20:35:53 readingrainbow kernel: CIFS VFS: Free previous auth_key.response = ffff8c4b92176000
Feb 07 20:36:43 readingrainbow kernel: CIFS VFS: Free previous auth_key.response = ffff8c48f9dba180
Feb 07 20:37:33 readingrainbow kernel: CIFS VFS: Free previous auth_key.response = ffff8c4b92177980
Feb 07 20:38:23 readingrainbow kernel: CIFS VFS: Free previous auth_key.response = ffff8c48f9dbbbc0
Feb 07 20:39:13 readingrainbow kernel: CIFS VFS: Free previous auth_key.response = ffff8c4e06f0c840
Feb 07 20:40:03 readingrainbow kernel: CIFS VFS: Free previous auth_key.response = ffff8c4b911052c0
Feb 07 20:40:54 readingrainbow kernel: CIFS VFS: Free previous auth_key.response = ffff8c4e06f0c840
Feb 07 20:41:43 readingrainbow kernel: CIFS VFS: Free previous auth_key.response = ffff8c48f9dbaf00
Feb 07 20:42:24 readingrainbow dhclient[1582]: DHCPREQUEST of 10.0.0.163 on enp7s0 to 10.0.0.3 port 67 (xid=0x5c11d807)
Feb 07 20:42:24 readingrainbow dhclient[1582]: DHCPACK of 10.0.0.163 from 10.0.0.3
Feb 07 20:42:24 readingrainbow NetworkManager[1245]: [1518054144.2729] dhcp4 (enp7s0): address 10.0.0.163
Feb 07 20:42:24 readingrainbow NetworkManager[1245]: [1518054144.2730] dhcp4 (enp7s0): plen 24 (255.255.255.0)
Feb 07 20:42:24 readingrainbow NetworkManager[1245]: [1518054144.2730] dhcp4 (enp7s0): gateway 10.0.0.3
Feb 07 20:42:24 readingrainbow NetworkManager[1245]: [1518054144.2730] dhcp4 (enp7s0): lease time 3600
Feb 07 20:42:24 readingrainbow NetworkManager[1245]: [1518054144.2730] dhcp4 (enp7s0): hostname 'readingrainbow'
Feb 07 20:42:24 readingrainbow NetworkManager[1245]: [1518054144.2731] dhcp4 (enp7s0): nameserver '10.0.0.3'
Feb 07 20:42:24 readingrainbow NetworkManager[1245]: [1518054144.2731] dhcp4 (enp7s0): domain name 'world.n7sa.com'
Feb 07 20:42:24 readingrainbow NetworkManager[1245]: [1518054144.2731] dhcp4 (enp7s0): state changed bound -> bound
Feb 07 20:42:24 readingrainbow dhclient[1582]: bound to 10.0.0.163 -- renewal in 1645 seconds.
Feb 07 20:42:34 readingrainbow kernel: CIFS VFS: Free previous auth_key.response = ffff8c4e06f0d380
Feb 07 20:43:23 readingrainbow kernel: CIFS VFS: Free previous auth_key.response = ffff8c48f9dbac00
Feb 07 20:44:14 readingrainbow kernel: CIFS VFS: Free previous auth_key.response = ffff8c4e06f0dc80
Feb 07 20:45:03 readingrainbow kernel: CIFS VFS: Free previous auth_key.response = ffff8c490fa0a900
Feb 07 20:45:54 readingrainbow kernel: CIFS VFS: Free previous auth_key.response = ffff8c4b92177740
Feb 07 20:46:43 readingrainbow kernel: CIFS VFS: Free previous auth_key.response = ffff8c4e06f0c000
Feb 07 20:47:34 readingrainbow kernel: CIFS VFS: Free previous auth_key.response = ffff8c490fa0b680
Feb 07 20:48:23 readingrainbow kernel: CIFS VFS: Free previous auth_key.response = ffff8c4b921763c0
Feb 07 20:49:14 readingrainbow kernel: CIFS VFS: Free previous auth_key.response = ffff8c4e06f0de00
Feb 07 20:50:03 readingrainbow kernel: CIFS VFS: Free previous auth_key.response = ffff8c4b92176540
Feb 07 20:50:54 readingrainbow kernel: CIFS VFS: Free previous auth_key.response = ffff8c4e06f0c3c0
Feb 07 20:51:43 readingrainbow kernel: CIFS VFS: Free previous auth_key.response = ffff8c490fa0bbc0
Feb 07 20:52:34 readingrainbow kernel: CIFS VFS: Free previous auth_key.response = ffff8c4b92177440
Feb 07 20:53:23 readingrainbow kernel: CIFS VFS: Free previous auth_key.response = ffff8c4e06f0d380
Feb 07 20:54:14 readingrainbow kernel: CIFS VFS: Free previous auth_key.response = ffff8c4d0887f080
Feb 07 20:55:03 readingrainbow kernel: CIFS VFS: Free previous auth_key.response = ffff8c4e022792c0
Feb 07 20:55:54 readingrainbow kernel: CIFS VFS: Free previous auth_key.response = ffff8c4e022792c0
Feb 07 20:56:43 readingrainbow kernel: CIFS VFS: Free previous auth_key.response = ffff8c4e022792c0
Feb 07 20:57:34 readingrainbow kernel: CIFS VFS: Free previous auth_key.response = ffff8c4e77a3b200
Feb 07 20:58:23 readingrainbow kernel: CIFS VFS: Free previous auth_key.response = ffff8c4e77a3b200
Feb 07 20:59:14 readingrainbow kernel: CIFS VFS: Free previous auth_key.response = ffff8c4e77a3b200
Feb 07 20:59:25 readingrainbow dhclient[2848]: DHCPREQUEST of 10.10.10.150 on enp179s0f0 to 10.10.10.3 port 67 (xid=0x1ca55be3)
Feb 07 20:59:25 readingrainbow dhclient[2848]: DHCPACK of 10.10.10.150 from 10.10.10.3
Feb 07 20:59:25 readingrainbow NetworkManager[1245]: [1518055165.4395] dhcp4 (enp179s0f0): address 10.10.10.150
Feb 07 20:59:25 readingrainbow NetworkManager[1245]: [1518055165.4396] dhcp4 (enp179s0f0): plen 24 (255.255.255.0)
Feb 07 20:59:25 readingrainbow NetworkManager[1245]: [1518055165.4396] dhcp4 (enp179s0f0): gateway 10.10.10.3
Feb 07 20:59:25 readingrainbow NetworkManager[1245]: [1518055165.4396] dhcp4 (enp179s0f0): lease time 3600
Feb 07 20:59:25 readingrainbow NetworkManager[1245]: [1518055165.4396] dhcp4 (enp179s0f0): hostname 'readingrainbow'
Feb 07 20:59:25 readingrainbow NetworkManager[1245]: [1518055165.4396] dhcp4 (enp179s0f0): nameserver '10.10.10.3'
Feb 07 20:59:25 readingrainbow NetworkManager[1245]: [1518055165.4396] dhcp4 (enp179s0f0): domain name 'world.n7sa.com'
Feb 07 20:59:25 readingrainbow NetworkManager[1245]: [1518055165.4397] dhcp4 (enp179s0f0): state changed bound -> bound
Feb 07 20:59:25 readingrainbow dhclient[2848]: bound to 10.10.10.150 -- renewal in 1592 seconds.
Feb 07 21:00:04 readingrainbow kernel: CIFS VFS: Free previous auth_key.response = ffff8c4f6e77ec00
Feb 07 21:00:53 readingrainbow kernel: CIFS VFS: Free previous auth_key.response = ffff8c4f6e77ec00
Feb 07 21:01:44 readingrainbow kernel: CIFS VFS: Free previous auth_key.response = ffff8c4fae83dbc0
Feb 07 21:02:16 readingrainbow kernel: usb 1-13.3.2: new full-speed USB device number 11 using xhci_hcd
Feb 07 21:02:17 readingrainbow kernel: usb 1-13.3.2: New USB device found, idVendor=046d, idProduct=c081
Feb 07 21:02:17 readingrainbow kernel: usb 1-13.3.2: New USB device strings: Mfr=1, Product=2, SerialNumber=3
Feb 07 21:02:17 readingrainbow kernel: usb 1-13.3.2: Product: Gaming Mouse G900
Feb 07 21:02:17 readingrainbow kernel: usb 1-13.3.2: Manufacturer: Logitech
Feb 07 21:02:17 readingrainbow kernel: usb 1-13.3.2: SerialNumber: 1185365B3134
Feb 07 21:02:17 readingrainbow kernel: usb 1-13.3.2: rejected 1 configuration due to insufficient available bus power
Feb 07 21:02:17 readingrainbow kernel: usb 1-13.3.2: no configuration chosen from 1 choice
Feb 07 21:02:33 readingrainbow kernel: CIFS VFS: Free previous auth_key.response = ffff8c4fae83dbc0
Feb 07 21:03:06 readingrainbow kernel: usb 1-13.3.2: USB disconnect, device number 11
Feb 07 21:03:09 readingrainbow kernel: usb 1-13.3.2: new full-speed USB device number 12 using xhci_hcd
Feb 07 21:03:10 readingrainbow kernel: usb 1-13.3.2: New USB device found, idVendor=046d, idProduct=c081
Feb 07 21:03:10 readingrainbow kernel: usb 1-13.3.2: New USB device strings: Mfr=1, Product=2, SerialNumber=3
Feb 07 21:03:10 readingrainbow kernel: usb 1-13.3.2: Product: Gaming Mouse G900
Feb 07 21:03:10 readingrainbow kernel: usb 1-13.3.2: Manufacturer: Logitech
Feb 07 21:03:10 readingrainbow kernel: usb 1-13.3.2: SerialNumber: 1185365B3134
Feb 07 21:03:10 readingrainbow kernel: usb 1-13.3.2: rejected 1 configuration due to insufficient available bus power
Feb 07 21:03:10 readingrainbow kernel: usb 1-13.3.2: no configuration chosen from 1 choice
Feb 07 21:03:24 readingrainbow kernel: CIFS VFS: Free previous auth_key.response = ffff8c4fae83dbc0
Feb 07 21:04:13 readingrainbow kernel: CIFS VFS: Free previous auth_key.response = ffff8c4fae83dbc0
Feb 07 21:05:04 readingrainbow kernel: CIFS VFS: Free previous auth_key.response = ffff8c4fae83dbc0
Feb 07 21:05:53 readingrainbow kernel: CIFS VFS: Free previous auth_key.response = ffff8c4fae83dbc0
Feb 07 21:06:44 readingrainbow kernel: CIFS VFS: Free previous auth_key.response = ffff8c4fae83dbc0
Feb 07 21:07:33 readingrainbow kernel: CIFS VFS: Free previous auth_key.response = ffff8c4fae83dbc0
Feb 07 21:08:24 readingrainbow kernel: CIFS VFS: Free previous auth_key.response = ffff8c4fae83dbc0
Feb 07 21:09:13 readingrainbow kernel: CIFS VFS: Free previous auth_key.response = ffff8c4fae83dbc0
Feb 07 21:10:04 readingrainbow kernel: CIFS VFS: Free previous auth_key.response = ffff8c4fae83dbc0
Feb 07 21:10:53 readingrainbow kernel: CIFS VFS: Free previous auth_key.response = ffff8c4fae83dbc0
Feb 07 21:10:56 readingrainbow dhclient[1582]: DHCPREQUEST of 10.0.0.163 on enp7s0 to 10.0.0.3 port 67 (xid=0x5c11d807)
Feb 07 21:10:56 readingrainbow dhclient[1582]: DHCPACK of 10.0.0.163 from 10.0.0.3
Feb 07 21:10:56 readingrainbow NetworkManager[1245]: [1518055856.8926] dhcp4 (enp7s0): address 10.0.0.163
Feb 07 21:10:56 readingrainbow NetworkManager[1245]: [1518055856.8926] dhcp4 (enp7s0): plen 24 (255.255.255.0)
Feb 07 21:10:56 readingrainbow NetworkManager[1245]: [1518055856.8927] dhcp4 (enp7s0): gateway 10.0.0.3
Feb 07 21:10:56 readingrainbow NetworkManager[1245]: [1518055856.8927] dhcp4 (enp7s0): lease time 3600
Feb 07 21:10:56 readingrainbow NetworkManager[1245]: [1518055856.8927] dhcp4 (enp7s0): hostname 'readingrainbow'
Feb 07 21:10:56 readingrainbow NetworkManager[1245]: [1518055856.8927] dhcp4 (enp7s0): nameserver '10.0.0.3'
Feb 07 21:10:56 readingrainbow NetworkManager[1245]: [1518055856.8927] dhcp4 (enp7s0): domain name 'world.n7sa.com'
Feb 07 21:10:56 readingrainbow NetworkManager[1245]: [1518055856.8927] dhcp4 (enp7s0): state changed bound -> bound
Feb 07 21:10:56 readingrainbow dhclient[1582]: bound to 10.0.0.163 -- renewal in 1273 seconds.
Feb 07 21:11:44 readingrainbow kernel: CIFS VFS: Free previous auth_key.response = ffff8c4fae83dbc0
Feb 07 21:12:33 readingrainbow kernel: CIFS VFS: Free previous auth_key.response = ffff8c4baad86000
Feb 07 21:13:24 readingrainbow kernel: CIFS VFS: Free previous auth_key.response = ffff8c4baad86000
Feb 07 21:14:13 readingrainbow kernel: CIFS VFS: Free previous auth_key.response = ffff8c4baad86000
Feb 07 21:15:04 readingrainbow kernel: CIFS VFS: Free previous auth_key.response = ffff8c4baad86000
Feb 07 21:15:53 readingrainbow kernel: CIFS VFS: Free previous auth_key.response = ffff8c4baad86000
Feb 07 21:16:44 readingrainbow kernel: CIFS VFS: Free previous auth_key.response = ffff8c4baad86000
Feb 07 21:17:33 readingrainbow kernel: CIFS VFS: Free previous auth_key.response = ffff8c4baad86000
Feb 07 21:18:23 readingrainbow kernel: CIFS VFS: Free previous auth_key.response = ffff8c4fae83cc00
Feb 07 21:19:14 readingrainbow kernel: CIFS VFS: Free previous auth_key.response = ffff8c4fae83cc00
Feb 07 21:20:04 readingrainbow kernel: CIFS VFS: Free previous auth_key.response = ffff8c4fae83cc00
Feb 07 21:20:54 readingrainbow kernel: CIFS VFS: Free previous auth_key.response = ffff8c4e02279bc0
Feb 07 21:21:44 readingrainbow kernel: CIFS VFS: Free previous auth_key.response = ffff8c4e02279bc0
Feb 07 21:22:34 readingrainbow kernel: CIFS VFS: Free previous auth_key.response = ffff8c4e02279bc0
Feb 07 21:23:24 readingrainbow kernel: CIFS VFS: Free previous auth_key.response = ffff8c4e02279bc0
Feb 07 21:24:14 readingrainbow kernel: CIFS VFS: Free previous auth_key.response = ffff8c4e02279bc0
Feb 07 21:25:04 readingrainbow kernel: CIFS VFS: Free previous auth_key.response = ffff8c4e02279bc0
Feb 07 21:25:54 readingrainbow kernel: CIFS VFS: Free previous auth_key.response = ffff8c4e02279bc0
Feb 07 21:26:35 readingrainbow dhclient[2848]: DHCPREQUEST of 10.10.10.150 on enp179s0f0 to 10.10.10.3 port 67 (xid=0x1ca55be3)
Feb 07 21:26:35 readingrainbow dhclient[2848]: DHCPACK of 10.10.10.150 from 10.10.10.3
Feb 07 21:26:35 readingrainbow NetworkManager[1245]: [1518056795.6113] dhcp4 (enp179s0f0): address 10.10.10.150
Feb 07 21:26:35 readingrainbow NetworkManager[1245]: [1518056795.6113] dhcp4 (enp179s0f0): plen 24 (255.255.255.0)
Feb 07 21:26:35 readingrainbow NetworkManager[1245]: [1518056795.6113] dhcp4 (enp179s0f0): gateway 10.10.10.3
Feb 07 21:26:35 readingrainbow NetworkManager[1245]: [1518056795.6114] dhcp4 (enp179s0f0): lease time 3600
Feb 07 21:26:35 readingrainbow NetworkManager[1245]: [1518056795.6114] dhcp4 (enp179s0f0): hostname 'readingrainbow'
Feb 07 21:26:35 readingrainbow NetworkManager[1245]: [1518056795.6114] dhcp4 (enp179s0f0): nameserver '10.10.10.3'
Feb 07 21:26:35 readingrainbow NetworkManager[1245]: [1518056795.6114] dhcp4 (enp179s0f0): domain name 'world.n7sa.com'
Feb 07 21:26:35 readingrainbow NetworkManager[1245]: [1518056795.6114] dhcp4 (enp179s0f0): state changed bound -> bound
Feb 07 21:26:35 readingrainbow dhclient[2848]: bound to 10.10.10.150 -- renewal in 1250 seconds.
Feb 07 21:26:44 readingrainbow kernel: CIFS VFS: Free previous auth_key.response = ffff8c4b92176000
Feb 07 21:27:34 readingrainbow kernel: CIFS VFS: Free previous auth_key.response = ffff8c4f1101afc0
Feb 07 21:28:24 readingrainbow kernel: CIFS VFS: Free previous auth_key.response = ffff8c4b92177740
Feb 07 21:29:14 readingrainbow kernel: CIFS VFS: Free previous auth_key.response = ffff8c4f1101a600
Feb 07 21:30:05 readingrainbow kernel: CIFS VFS: Free previous auth_key.response = ffff8c4b92177d40
Feb 07 21:30:54 readingrainbow kernel: CIFS VFS: Free previous auth_key.response = ffff8c4f1101acc0
Feb 07 21:31:45 readingrainbow kernel: CIFS VFS: Free previous auth_key.response = ffff8c4b92176c00
Feb 07 21:32:34 readingrainbow kernel: CIFS VFS: Free previous auth_key.response = ffff8c4efcf90f00
Feb 07 21:33:01 readingrainbow dhclient[1582]: DHCPREQUEST of 10.0.0.163 on enp7s0 to 10.0.0.3 port 67 (xid=0x5c11d807)
Feb 07 21:33:01 readingrainbow dhclient[1582]: DHCPACK of 10.0.0.163 from 10.0.0.3
Feb 07 21:33:01 readingrainbow NetworkManager[1245]: [1518057181.9423] dhcp4 (enp7s0): address 10.0.0.163
Feb 07 21:33:01 readingrainbow NetworkManager[1245]: [1518057181.9424] dhcp4 (enp7s0): plen 24 (255.255.255.0)
Feb 07 21:33:01 readingrainbow NetworkManager[1245]: [1518057181.9424] dhcp4 (enp7s0): gateway 10.0.0.3
Feb 07 21:33:01 readingrainbow NetworkManager[1245]: [1518057181.9424] dhcp4 (enp7s0): lease time 3600
Feb 07 21:33:01 readingrainbow NetworkManager[1245]: [1518057181.9424] dhcp4 (enp7s0): hostname 'readingrainbow'
Feb 07 21:33:01 readingrainbow NetworkManager[1245]: [1518057181.9424] dhcp4 (enp7s0): nameserver '10.0.0.3'
Feb 07 21:33:01 readingrainbow NetworkManager[1245]: [1518057181.9424] dhcp4 (enp7s0): domain name 'world.n7sa.com'
Feb 07 21:33:01 readingrainbow NetworkManager[1245]: [1518057181.9425] dhcp4 (enp7s0): state changed bound -> bound
Feb 07 21:33:01 readingrainbow dhclient[1582]: bound to 10.0.0.163 -- renewal in 1530 seconds.
Feb 07 21:33:25 readingrainbow kernel: CIFS VFS: Free previous auth_key.response = ffff8c4f1101a0c0
Feb 07 21:34:14 readingrainbow kernel: CIFS VFS: Free previous auth_key.response = ffff8c4b92177440
Feb 07 21:35:05 readingrainbow kernel: CIFS VFS: Free previous auth_key.response = ffff8c4efcf90180
Feb 07 21:35:54 readingrainbow kernel: CIFS VFS: Free previous auth_key.response = ffff8c4f1101afc0
Feb 07 21:36:45 readingrainbow kernel: CIFS VFS: Free previous auth_key.response = ffff8c4b92176000
Feb 07 21:37:34 readingrainbow kernel: CIFS VFS: Free previous auth_key.response = ffff8c4b92176000
Feb 07 21:38:23 readingrainbow kernel: CIFS VFS: Free previous auth_key.response = ffff8c4e86ac3080
Feb 07 21:39:14 readingrainbow kernel: CIFS VFS: Free previous auth_key.response = ffff8c4efcf90f00
Feb 07 21:40:04 readingrainbow kernel: CIFS VFS: Free previous auth_key.response = ffff8c4ba82389c0
Feb 07 21:40:54 readingrainbow kernel: CIFS VFS: Free previous auth_key.response = ffff8c4efcf918c0
Feb 07 21:41:44 readingrainbow kernel: CIFS VFS: Free previous auth_key.response = ffff8c4ba8238840
Feb 07 21:42:34 readingrainbow kernel: CIFS VFS: Free previous auth_key.response = ffff8c4efcf91980
Feb 07 21:43:24 readingrainbow kernel: CIFS VFS: Free previous auth_key.response = ffff8c48ee357a40
Feb 07 21:44:14 readingrainbow kernel: CIFS VFS: Free previous auth_key.response = ffff8c4ba8238fc0
Feb 07 21:45:04 readingrainbow kernel: CIFS VFS: Free previous auth_key.response = ffff8c4efcf90fc0
Feb 07 21:45:54 readingrainbow kernel: CIFS VFS: Free previous auth_key.response = ffff8c4b91c6d2c0
Feb 07 21:46:44 readingrainbow kernel: CIFS VFS: Free previous auth_key.response = ffff8c4baad849c0
Feb 07 21:47:34 readingrainbow kernel: CIFS VFS: Free previous auth_key.response = ffff8c4e0752bec0
Feb 07 21:47:46 readingrainbow dhclient[2848]: DHCPREQUEST of 10.10.10.150 on enp179s0f0 to 10.10.10.3 port 67 (xid=0x1ca55be3)
Feb 07 21:47:46 readingrainbow dhclient[2848]: DHCPACK of 10.10.10.150 from 10.10.10.3
Feb 07 21:47:46 readingrainbow NetworkManager[1245]: [1518058066.2315] dhcp4 (enp179s0f0): address 10.10.10.150
Feb 07 21:47:46 readingrainbow NetworkManager[1245]: [1518058066.2315] dhcp4 (enp179s0f0): plen 24 (255.255.255.0)
Feb 07 21:47:46 readingrainbow NetworkManager[1245]: [1518058066.2315] dhcp4 (enp179s0f0): gateway 10.10.10.3
Feb 07 21:47:46 readingrainbow NetworkManager[1245]: [1518058066.2316] dhcp4 (enp179s0f0): lease time 3600
Feb 07 21:47:46 readingrainbow NetworkManager[1245]: [1518058066.2316] dhcp4 (enp179s0f0): hostname 'readingrainbow'
Feb 07 21:47:46 readingrainbow NetworkManager[1245]: [1518058066.2316] dhcp4 (enp179s0f0): nameserver '10.10.10.3'
Feb 07 21:47:46 readingrainbow NetworkManager[1245]: [1518058066.2316] dhcp4 (enp179s0f0): domain name 'world.n7sa.com'
Feb 07 21:47:46 readingrainbow NetworkManager[1245]: [1518058066.2317] dhcp4 (enp179s0f0): state changed bound -> bound
Feb 07 21:47:46 readingrainbow dhclient[2848]: bound to 10.10.10.150 -- renewal in 1276 seconds.
Feb 07 21:48:24 readingrainbow kernel: CIFS VFS: Free previous auth_key.response = ffff8c4f1e3929c0
Feb 07 21:49:14 readingrainbow kernel: CIFS VFS: Free previous auth_key.response = ffff8c4ba8238e40
Feb 07 21:50:04 readingrainbow kernel: CIFS VFS: Free previous auth_key.response = ffff8c4efcf91b00
Feb 07 21:50:55 readingrainbow kernel: CIFS VFS: Free previous auth_key.response = ffff8c48ee356a80
Feb 07 21:51:44 readingrainbow kernel: CIFS VFS: Free previous auth_key.response = ffff8c4efcf90840
Feb 07 21:52:35 readingrainbow kernel: CIFS VFS: Free previous auth_key.response = ffff8c48ee356d80
Feb 07 21:53:24 readingrainbow kernel: CIFS VFS: Free previous auth_key.response = ffff8c4e8d524000
Feb 07 21:54:15 readingrainbow kernel: CIFS VFS: Free previous auth_key.response = ffff8c4efcf91e00