Feb 06 14:36:05 readingrainbow kernel: CIFS VFS: Free previous auth_key.response = ffff8c4f5c14b200
Feb 06 14:36:55 readingrainbow kernel: CIFS VFS: Free previous auth_key.response = ffff8c4f26976d80
Feb 06 14:39:29 readingrainbow kernel: CIFS VFS: Free previous auth_key.response = ffff8c4e8d5df080
Feb 06 14:40:18 readingrainbow kernel: CIFS VFS: Free previous auth_key.response = ffff8c4e8d783080
Feb 06 14:41:09 readingrainbow kernel: CIFS VFS: Free previous auth_key.response = ffff8c4e59c29500
Feb 06 14:41:58 readingrainbow kernel: CIFS VFS: Free previous auth_key.response = ffff8c4f26977140
Feb 06 14:42:49 readingrainbow kernel: CIFS VFS: Free previous auth_key.response = ffff8c4f26977140
Feb 06 14:43:38 readingrainbow kernel: CIFS VFS: Free previous auth_key.response = ffff8c4f26977140
Feb 06 14:44:29 readingrainbow kernel: CIFS VFS: Free previous auth_key.response = ffff8c4f26977140
Feb 06 14:45:58 readingrainbow kernel: CIFS VFS: Free previous auth_key.response = ffff8c4f26977140
Feb 06 14:47:36 readingrainbow kernel: CIFS VFS: Free previous auth_key.response = ffff8c4f23e17440
Feb 06 14:48:26 readingrainbow kernel: CIFS VFS: Free previous auth_key.response = ffff8c4f42535bc0
Feb 06 14:48:56 readingrainbow dhclient[1582]: DHCPREQUEST of 10.0.0.163 on enp7s0 to 10.0.0.3 port 67 (xid=0x5c11d807)
Feb 06 14:48:56 readingrainbow dhclient[2848]: DHCPREQUEST of 10.10.10.150 on enp179s0f0 to 10.10.10.3 port 67 (xid=0x1ca55be3)
Feb 06 14:48:56 readingrainbow dhclient[1582]: DHCPACK of 10.0.0.163 from 10.0.0.3
Feb 06 14:48:56 readingrainbow NetworkManager[1245]: [1517946536.1910] dhcp4 (enp7s0): address 10.0.0.163
Feb 06 14:48:56 readingrainbow NetworkManager[1245]: [1517946536.1910] dhcp4 (enp7s0): plen 24 (255.255.255.0)
Feb 06 14:48:56 readingrainbow NetworkManager[1245]: [1517946536.1911] dhcp4 (enp7s0): gateway 10.0.0.3
Feb 06 14:48:56 readingrainbow NetworkManager[1245]: [1517946536.1911] dhcp4 (enp7s0): lease time 3600
Feb 06 14:48:56 readingrainbow NetworkManager[1245]: [1517946536.1911] dhcp4 (enp7s0): hostname 'readingrainbow'
Feb 06 14:48:56 readingrainbow NetworkManager[1245]: [1517946536.1911] dhcp4 (enp7s0): nameserver '10.0.0.3'
Feb 06 14:48:56 readingrainbow NetworkManager[1245]: [1517946536.1911] dhcp4 (enp7s0): domain name 'world.n7sa.com'
Feb 06 14:48:56 readingrainbow NetworkManager[1245]: [1517946536.1912] dhcp4 (enp7s0): state changed bound -> bound
Feb 06 14:48:56 readingrainbow dhclient[1582]: bound to 10.0.0.163 -- renewal in 1322 seconds.
Feb 06 14:48:56 readingrainbow dhclient[2848]: DHCPACK of 10.10.10.150 from 10.10.10.3
Feb 06 14:48:56 readingrainbow NetworkManager[1245]: [1517946536.2075] dhcp4 (enp179s0f0): address 10.10.10.150
Feb 06 14:48:56 readingrainbow NetworkManager[1245]: [1517946536.2075] dhcp4 (enp179s0f0): plen 24 (255.255.255.0)
Feb 06 14:48:56 readingrainbow NetworkManager[1245]: [1517946536.2075] dhcp4 (enp179s0f0): gateway 10.10.10.3
Feb 06 14:48:56 readingrainbow NetworkManager[1245]: [1517946536.2075] dhcp4 (enp179s0f0): lease time 3600
Feb 06 14:48:56 readingrainbow NetworkManager[1245]: [1517946536.2075] dhcp4 (enp179s0f0): hostname 'readingrainbow'
Feb 06 14:48:56 readingrainbow NetworkManager[1245]: [1517946536.2076] dhcp4 (enp179s0f0): nameserver '10.10.10.3'
Feb 06 14:48:56 readingrainbow NetworkManager[1245]: [1517946536.2076] dhcp4 (enp179s0f0): domain name 'world.n7sa.com'
Feb 06 14:48:56 readingrainbow NetworkManager[1245]: [1517946536.2076] dhcp4 (enp179s0f0): state changed bound -> bound
Feb 06 14:48:56 readingrainbow dhclient[2848]: bound to 10.10.10.150 -- renewal in 1421 seconds.
Feb 06 14:49:16 readingrainbow kernel: CIFS VFS: Free previous auth_key.response = ffff8c4e13d36d80
Feb 06 14:50:07 readingrainbow kernel: CIFS VFS: Free previous auth_key.response = ffff8c4e13d36d80
Feb 06 14:50:56 readingrainbow kernel: CIFS VFS: Free previous auth_key.response = ffff8c4f23e17200
Feb 06 14:52:27 readingrainbow kernel: CIFS VFS: Free previous auth_key.response = ffff8c4f92aa4480
Feb 06 14:53:16 readingrainbow kernel: CIFS VFS: Free previous auth_key.response = ffff8c4fb19e8c00
Feb 06 14:54:07 readingrainbow kernel: CIFS VFS: Free previous auth_key.response = ffff8c4f6587dec0
Feb 06 14:54:56 readingrainbow kernel: CIFS VFS: Free previous auth_key.response = ffff8c4fb38bd500
Feb 06 14:55:47 readingrainbow kernel: CIFS VFS: Free previous auth_key.response = ffff8c4f128cce40
Feb 06 14:56:36 readingrainbow kernel: CIFS VFS: Free previous auth_key.response = ffff8c4e77a3afc0
Feb 06 14:57:27 readingrainbow kernel: CIFS VFS: Free previous auth_key.response = ffff8c4edae2cd80
Feb 06 15:01:51 readingrainbow kernel: Valid eCryptfs headers not found in file header region or xattr region, inode 1328329
Feb 06 15:02:14 readingrainbow kernel: ecryptfs_decrypt_page: Error attempting to read lower page; rc = [-4]
Feb 06 15:02:14 readingrainbow kernel: ecryptfs_readpage: Error decrypting page; rc = [-4]
Feb 06 15:03:14 readingrainbow kernel: CIFS VFS: Free previous auth_key.response = ffff8c4f23e17e00
Feb 06 15:04:05 readingrainbow kernel: CIFS VFS: Free previous auth_key.response = ffff8c498f574fc0
Feb 06 15:05:01 readingrainbow kernel: show_signal_msg: 13 callbacks suppressed
Feb 06 15:05:01 readingrainbow kernel: gnome-calendar[17914]: segfault at 400000000a ip 00007f5f37c2835a sp 00007ffe5a291ab0 error 4 in libgtk-3.so.0.2200.25[7f5f378a2000+6fd000]
Feb 06 15:06:12 readingrainbow kernel: CIFS VFS: Free previous auth_key.response = ffff8c4ebb767200
Feb 06 15:07:03 readingrainbow kernel: CIFS VFS: Free previous auth_key.response = ffff8c4d28889bc0
Feb 06 15:07:52 readingrainbow kernel: CIFS VFS: Free previous auth_key.response = ffff8c4e8d783a40
Feb 06 15:08:43 readingrainbow kernel: CIFS VFS: Free previous auth_key.response = ffff8c4f425355c0
Feb 06 15:09:33 readingrainbow kernel: CIFS VFS: Free previous auth_key.response = ffff8c4deb74dec0
Feb 06 15:11:08 readingrainbow kernel: CIFS VFS: Free previous auth_key.response = ffff8c4b9dfbe600
Feb 06 15:11:53 readingrainbow dhclient[1582]: DHCPREQUEST of 10.0.0.163 on enp7s0 to 10.0.0.3 port 67 (xid=0x5c11d807)
Feb 06 15:11:53 readingrainbow dhclient[1582]: DHCPACK of 10.0.0.163 from 10.0.0.3
Feb 06 15:11:53 readingrainbow NetworkManager[1245]: [1517947913.5723] dhcp4 (enp7s0): address 10.0.0.163
Feb 06 15:11:53 readingrainbow NetworkManager[1245]: [1517947913.5724] dhcp4 (enp7s0): plen 24 (255.255.255.0)
Feb 06 15:11:53 readingrainbow NetworkManager[1245]: [1517947913.5724] dhcp4 (enp7s0): gateway 10.0.0.3
Feb 06 15:11:53 readingrainbow NetworkManager[1245]: [1517947913.5724] dhcp4 (enp7s0): lease time 3600
Feb 06 15:11:53 readingrainbow NetworkManager[1245]: [1517947913.5724] dhcp4 (enp7s0): hostname 'readingrainbow'
Feb 06 15:11:53 readingrainbow NetworkManager[1245]: [1517947913.5724] dhcp4 (enp7s0): nameserver '10.0.0.3'
Feb 06 15:11:53 readingrainbow NetworkManager[1245]: [1517947913.5725] dhcp4 (enp7s0): domain name 'world.n7sa.com'
Feb 06 15:11:53 readingrainbow NetworkManager[1245]: [1517947913.5725] dhcp4 (enp7s0): state changed bound -> bound
Feb 06 15:11:53 readingrainbow dhclient[1582]: bound to 10.0.0.163 -- renewal in 1509 seconds.
Feb 06 15:11:58 readingrainbow kernel: CIFS VFS: Free previous auth_key.response = ffff8c4b9dfbfd40
Feb 06 15:12:38 readingrainbow dhclient[2848]: DHCPREQUEST of 10.10.10.150 on enp179s0f0 to 10.10.10.3 port 67 (xid=0x1ca55be3)
Feb 06 15:12:38 readingrainbow dhclient[2848]: DHCPACK of 10.10.10.150 from 10.10.10.3
Feb 06 15:12:38 readingrainbow NetworkManager[1245]: [1517947958.8314] dhcp4 (enp179s0f0): address 10.10.10.150
Feb 06 15:12:38 readingrainbow NetworkManager[1245]: [1517947958.8314] dhcp4 (enp179s0f0): plen 24 (255.255.255.0)
Feb 06 15:12:38 readingrainbow NetworkManager[1245]: [1517947958.8314] dhcp4 (enp179s0f0): gateway 10.10.10.3
Feb 06 15:12:38 readingrainbow NetworkManager[1245]: [1517947958.8315] dhcp4 (enp179s0f0): lease time 3600
Feb 06 15:12:38 readingrainbow NetworkManager[1245]: [1517947958.8315] dhcp4 (enp179s0f0): hostname 'readingrainbow'
Feb 06 15:12:38 readingrainbow NetworkManager[1245]: [1517947958.8315] dhcp4 (enp179s0f0): nameserver '10.10.10.3'
Feb 06 15:12:38 readingrainbow NetworkManager[1245]: [1517947958.8315] dhcp4 (enp179s0f0): domain name 'world.n7sa.com'
Feb 06 15:12:38 readingrainbow NetworkManager[1245]: [1517947958.8315] dhcp4 (enp179s0f0): state changed bound -> bound
Feb 06 15:12:38 readingrainbow dhclient[2848]: bound to 10.10.10.150 -- renewal in 1269 seconds.
Feb 06 15:12:48 readingrainbow kernel: CIFS VFS: Free previous auth_key.response = ffff8c490fa7d440
Feb 06 15:28:46 readingrainbow kernel: CIFS VFS: Free previous auth_key.response = ffff8c4f23d0a780
Feb 06 15:32:24 readingrainbow kernel: CIFS VFS: Free previous auth_key.response = ffff8c4f69646e40
Feb 06 15:33:42 readingrainbow kernel: CIFS VFS: Free previous auth_key.response = ffff8c4e6d1e2540
Feb 06 15:34:40 readingrainbow dhclient[2848]: DHCPREQUEST of 10.10.10.150 on enp179s0f0 to 10.10.10.3 port 67 (xid=0x1ca55be3)
Feb 06 15:34:40 readingrainbow dhclient[2848]: DHCPACK of 10.10.10.150 from 10.10.10.3
Feb 06 15:34:40 readingrainbow NetworkManager[1245]: [1517949280.2637] dhcp4 (enp179s0f0): address 10.10.10.150
Feb 06 15:34:40 readingrainbow NetworkManager[1245]: [1517949280.2637] dhcp4 (enp179s0f0): plen 24 (255.255.255.0)
Feb 06 15:34:40 readingrainbow NetworkManager[1245]: [1517949280.2638] dhcp4 (enp179s0f0): gateway 10.10.10.3
Feb 06 15:34:40 readingrainbow NetworkManager[1245]: [1517949280.2638] dhcp4 (enp179s0f0): lease time 3600
Feb 06 15:34:40 readingrainbow NetworkManager[1245]: [1517949280.2638] dhcp4 (enp179s0f0): hostname 'readingrainbow'
Feb 06 15:34:40 readingrainbow NetworkManager[1245]: [1517949280.2638] dhcp4 (enp179s0f0): nameserver '10.10.10.3'
Feb 06 15:34:40 readingrainbow NetworkManager[1245]: [1517949280.2638] dhcp4 (enp179s0f0): domain name 'world.n7sa.com'
Feb 06 15:34:40 readingrainbow NetworkManager[1245]: [1517949280.2638] dhcp4 (enp179s0f0): state changed bound -> bound
Feb 06 15:34:40 readingrainbow dhclient[2848]: bound to 10.10.10.150 -- renewal in 1598 seconds.
Feb 06 15:36:39 readingrainbow kernel: CIFS VFS: Free previous auth_key.response = ffff8c48ee356f00
Feb 06 15:37:28 readingrainbow kernel: CIFS VFS: Free previous auth_key.response = ffff8c4bd4f4f380
Feb 06 15:38:04 readingrainbow dhclient[1582]: DHCPREQUEST of 10.0.0.163 on enp7s0 to 10.0.0.3 port 67 (xid=0x5c11d807)
Feb 06 15:38:04 readingrainbow dhclient[1582]: DHCPACK of 10.0.0.163 from 10.0.0.3
Feb 06 15:38:04 readingrainbow NetworkManager[1245]: [1517949484.2865] dhcp4 (enp7s0): address 10.0.0.163
Feb 06 15:38:04 readingrainbow NetworkManager[1245]: [1517949484.2865] dhcp4 (enp7s0): plen 24 (255.255.255.0)
Feb 06 15:38:04 readingrainbow NetworkManager[1245]: [1517949484.2866] dhcp4 (enp7s0): gateway 10.0.0.3
Feb 06 15:38:04 readingrainbow NetworkManager[1245]: [1517949484.2866] dhcp4 (enp7s0): lease time 3600
Feb 06 15:38:04 readingrainbow NetworkManager[1245]: [1517949484.2866] dhcp4 (enp7s0): hostname 'readingrainbow'
Feb 06 15:38:04 readingrainbow NetworkManager[1245]: [1517949484.2866] dhcp4 (enp7s0): nameserver '10.0.0.3'
Feb 06 15:38:04 readingrainbow NetworkManager[1245]: [1517949484.2866] dhcp4 (enp7s0): domain name 'world.n7sa.com'
Feb 06 15:38:04 readingrainbow NetworkManager[1245]: [1517949484.2866] dhcp4 (enp7s0): state changed bound -> bound
Feb 06 15:38:04 readingrainbow dhclient[1582]: bound to 10.0.0.163 -- renewal in 1358 seconds.
Feb 06 15:39:55 readingrainbow kernel: CIFS VFS: Free previous auth_key.response = ffff8c4f26b08600
Feb 06 15:40:44 readingrainbow kernel: CIFS VFS: Free previous auth_key.response = ffff8c4904dd2b40
Feb 06 15:41:35 readingrainbow kernel: CIFS VFS: Free previous auth_key.response = ffff8c4904dd2b40
Feb 06 15:42:48 readingrainbow kernel: CIFS VFS: Free previous auth_key.response = ffff8c4f696478c0
Feb 06 15:43:37 readingrainbow kernel: CIFS VFS: Free previous auth_key.response = ffff8c48ee356540
Feb 06 15:44:28 readingrainbow kernel: CIFS VFS: Free previous auth_key.response = ffff8c4bd4f4fe00
Feb 06 15:45:17 readingrainbow kernel: CIFS VFS: Free previous auth_key.response = ffff8c4bd4f4fe00
Feb 06 15:46:08 readingrainbow kernel: CIFS VFS: Free previous auth_key.response = ffff8c4f26b09140
Feb 06 15:46:57 readingrainbow kernel: CIFS VFS: Free previous auth_key.response = ffff8c4f69646fc0
Feb 06 15:47:48 readingrainbow kernel: CIFS VFS: Free previous auth_key.response = ffff8c4f26b09140
Feb 06 15:49:29 readingrainbow kernel: CIFS VFS: Free previous auth_key.response = ffff8c4904dd3800
Feb 06 15:50:18 readingrainbow kernel: CIFS VFS: Free previous auth_key.response = ffff8c4904cc3a40
Feb 06 15:51:56 readingrainbow kernel: CIFS VFS: Free previous auth_key.response = ffff8c4e6d1e2240
Feb 06 15:52:47 readingrainbow kernel: CIFS VFS: Free previous auth_key.response = ffff8c4e06d04780
Feb 06 15:53:37 readingrainbow kernel: CIFS VFS: Free previous auth_key.response = ffff8c4dae79b080
Feb 06 15:54:27 readingrainbow kernel: CIFS VFS: Free previous auth_key.response = ffff8c48ee029e00
Feb 06 15:55:17 readingrainbow kernel: CIFS VFS: Free previous auth_key.response = ffff8c4dae79a0c0
Feb 06 15:56:07 readingrainbow kernel: CIFS VFS: Free previous auth_key.response = ffff8c4e06d04e40
Feb 06 15:56:57 readingrainbow kernel: CIFS VFS: Free previous auth_key.response = ffff8c4904cc2fc0
Feb 06 15:57:47 readingrainbow kernel: CIFS VFS: Free previous auth_key.response = ffff8c4f5c14a300
Feb 06 15:58:37 readingrainbow kernel: CIFS VFS: Free previous auth_key.response = ffff8c4f128cc240
Feb 06 15:59:27 readingrainbow kernel: CIFS VFS: Free previous auth_key.response = ffff8c4f688b6000
Feb 06 16:01:04 readingrainbow kernel: CIFS VFS: Free previous auth_key.response = ffff8c4d289dc600
Feb 06 16:01:39 readingrainbow dhclient[1582]: DHCPREQUEST of 10.0.0.163 on enp7s0 to 10.0.0.3 port 67 (xid=0x5c11d807)
Feb 06 16:01:39 readingrainbow dhclient[2848]: DHCPREQUEST of 10.10.10.150 on enp179s0f0 to 10.10.10.3 port 67 (xid=0x1ca55be3)
Feb 06 16:01:39 readingrainbow dhclient[1582]: DHCPACK of 10.0.0.163 from 10.0.0.3
Feb 06 16:01:39 readingrainbow dhclient[2848]: DHCPACK of 10.10.10.150 from 10.10.10.3
Feb 06 16:01:39 readingrainbow NetworkManager[1245]: [1517950899.1154] dhcp4 (enp7s0): address 10.0.0.163
Feb 06 16:01:39 readingrainbow NetworkManager[1245]: [1517950899.1154] dhcp4 (enp7s0): plen 24 (255.255.255.0)
Feb 06 16:01:39 readingrainbow NetworkManager[1245]: [1517950899.1154] dhcp4 (enp7s0): gateway 10.0.0.3
Feb 06 16:01:39 readingrainbow NetworkManager[1245]: [1517950899.1154] dhcp4 (enp7s0): lease time 3600
Feb 06 16:01:39 readingrainbow NetworkManager[1245]: [1517950899.1155] dhcp4 (enp7s0): hostname 'readingrainbow'
Feb 06 16:01:39 readingrainbow NetworkManager[1245]: [1517950899.1155] dhcp4 (enp7s0): nameserver '10.0.0.3'
Feb 06 16:01:39 readingrainbow NetworkManager[1245]: [1517950899.1155] dhcp4 (enp7s0): domain name 'world.n7sa.com'
Feb 06 16:01:39 readingrainbow NetworkManager[1245]: [1517950899.1155] dhcp4 (enp7s0): state changed bound -> bound
Feb 06 16:01:39 readingrainbow NetworkManager[1245]: [1517950899.1191] dhcp4 (enp179s0f0): address 10.10.10.150
Feb 06 16:01:39 readingrainbow NetworkManager[1245]: [1517950899.1192] dhcp4 (enp179s0f0): plen 24 (255.255.255.0)
Feb 06 16:01:39 readingrainbow NetworkManager[1245]: [1517950899.1192] dhcp4 (enp179s0f0): gateway 10.10.10.3
Feb 06 16:01:39 readingrainbow NetworkManager[1245]: [1517950899.1192] dhcp4 (enp179s0f0): lease time 3600
Feb 06 16:01:39 readingrainbow NetworkManager[1245]: [1517950899.1192] dhcp4 (enp179s0f0): hostname 'readingrainbow'
Feb 06 16:01:39 readingrainbow NetworkManager[1245]: [1517950899.1192] dhcp4 (enp179s0f0): nameserver '10.10.10.3'
Feb 06 16:01:39 readingrainbow NetworkManager[1245]: [1517950899.1192] dhcp4 (enp179s0f0): domain name 'world.n7sa.com'
Feb 06 16:01:39 readingrainbow NetworkManager[1245]: [1517950899.1192] dhcp4 (enp179s0f0): state changed bound -> bound
Feb 06 16:01:39 readingrainbow dhclient[1582]: bound to 10.0.0.163 -- renewal in 1371 seconds.
Feb 06 16:01:39 readingrainbow dhclient[2848]: bound to 10.10.10.150 -- renewal in 1653 seconds.
Feb 06 16:01:55 readingrainbow kernel: CIFS VFS: Free previous auth_key.response = ffff8c490f806240
Feb 06 16:02:45 readingrainbow kernel: CIFS VFS: Free previous auth_key.response = ffff8c4d9ac80a80
Feb 06 16:03:35 readingrainbow kernel: CIFS VFS: Free previous auth_key.response = ffff8c4d289ddbc0
Feb 06 16:04:25 readingrainbow kernel: CIFS VFS: Free previous auth_key.response = ffff8c4dff4e5380
Feb 06 16:05:15 readingrainbow kernel: CIFS VFS: Free previous auth_key.response = ffff8c490f8c7bc0
Feb 06 16:06:05 readingrainbow kernel: CIFS VFS: Free previous auth_key.response = ffff8c4dff4e5740
Feb 06 16:06:55 readingrainbow kernel: CIFS VFS: Free previous auth_key.response = ffff8c4dff4e5740
Feb 06 16:07:45 readingrainbow kernel: CIFS VFS: Free previous auth_key.response = ffff8c4dff4e5740
Feb 06 16:08:36 readingrainbow kernel: CIFS VFS: Free previous auth_key.response = ffff8c4f6e77f140
Feb 06 16:10:14 readingrainbow kernel: CIFS VFS: Free previous auth_key.response = ffff8c4ea2dc7c80
Feb 06 16:11:03 readingrainbow kernel: CIFS VFS: Free previous auth_key.response = ffff8c4ea2dc7c80
Feb 06 16:11:54 readingrainbow kernel: CIFS VFS: Free previous auth_key.response = ffff8c4d289dc480
Feb 06 16:12:43 readingrainbow kernel: CIFS VFS: Free previous auth_key.response = ffff8c4d289dc480
Feb 06 16:13:34 readingrainbow kernel: CIFS VFS: Free previous auth_key.response = ffff8c490f8c6780
Feb 06 16:15:54 readingrainbow kernel: CIFS VFS: Free previous auth_key.response = ffff8c4a25ef8480
Feb 06 16:16:44 readingrainbow kernel: CIFS VFS: Free previous auth_key.response = ffff8c4f23d0b080
Feb 06 16:17:34 readingrainbow kernel: CIFS VFS: Free previous auth_key.response = ffff8c4ea2e16f00
Feb 06 16:18:24 readingrainbow kernel: CIFS VFS: Free previous auth_key.response = ffff8c4f69646000
Feb 06 16:19:48 readingrainbow kernel: CIFS VFS: Free previous auth_key.response = ffff8c4d9944c300
Feb 06 16:20:56 readingrainbow kernel: CIFS VFS: Free previous auth_key.response = ffff8c490f8c7d40
Feb 06 16:21:45 readingrainbow kernel: CIFS VFS: Free previous auth_key.response = ffff8c4e59c28b40
Feb 06 16:22:36 readingrainbow kernel: CIFS VFS: Free previous auth_key.response = ffff8c4f69799500
Feb 06 16:23:25 readingrainbow kernel: CIFS VFS: Free previous auth_key.response = ffff8c4cf670e480
Feb 06 16:24:16 readingrainbow kernel: CIFS VFS: Free previous auth_key.response = ffff8c4f69162300
Feb 06 16:25:05 readingrainbow kernel: CIFS VFS: Free previous auth_key.response = ffff8c4a5ab5b2c0
Feb 06 16:25:27 readingrainbow dhclient[1582]: DHCPREQUEST of 10.0.0.163 on enp7s0 to 10.0.0.3 port 67 (xid=0x5c11d807)
Feb 06 16:25:27 readingrainbow dhclient[1582]: DHCPACK of 10.0.0.163 from 10.0.0.3
Feb 06 16:25:27 readingrainbow NetworkManager[1245]: [1517952327.4287] dhcp4 (enp7s0): address 10.0.0.163
Feb 06 16:25:27 readingrainbow NetworkManager[1245]: [1517952327.4287] dhcp4 (enp7s0): plen 24 (255.255.255.0)
Feb 06 16:25:27 readingrainbow NetworkManager[1245]: [1517952327.4287] dhcp4 (enp7s0): gateway 10.0.0.3
Feb 06 16:25:27 readingrainbow NetworkManager[1245]: [1517952327.4288] dhcp4 (enp7s0): lease time 3600
Feb 06 16:25:27 readingrainbow NetworkManager[1245]: [1517952327.4288] dhcp4 (enp7s0): hostname 'readingrainbow'
Feb 06 16:25:27 readingrainbow NetworkManager[1245]: [1517952327.4288] dhcp4 (enp7s0): nameserver '10.0.0.3'
Feb 06 16:25:27 readingrainbow NetworkManager[1245]: [1517952327.4288] dhcp4 (enp7s0): domain name 'world.n7sa.com'
Feb 06 16:25:27 readingrainbow NetworkManager[1245]: [1517952327.4288] dhcp4 (enp7s0): state changed bound -> bound
Feb 06 16:25:27 readingrainbow dhclient[1582]: bound to 10.0.0.163 -- renewal in 1286 seconds.
Feb 06 16:25:56 readingrainbow kernel: CIFS VFS: Free previous auth_key.response = ffff8c4faec1f980
Feb 06 16:26:45 readingrainbow kernel: CIFS VFS: Free previous auth_key.response = ffff8c4bd4f4fa40
Feb 06 16:27:36 readingrainbow kernel: CIFS VFS: Free previous auth_key.response = ffff8c4d9944d8c0
Feb 06 16:28:35 readingrainbow kernel: CIFS VFS: Free previous auth_key.response = ffff8c4d9944c900
Feb 06 16:29:21 readingrainbow dhclient[2848]: DHCPREQUEST of 10.10.10.150 on enp179s0f0 to 10.10.10.3 port 67 (xid=0x1ca55be3)
Feb 06 16:29:21 readingrainbow dhclient[2848]: DHCPACK of 10.10.10.150 from 10.10.10.3
Feb 06 16:29:21 readingrainbow NetworkManager[1245]: [1517952561.5380] dhcp4 (enp179s0f0): address 10.10.10.150
Feb 06 16:29:21 readingrainbow NetworkManager[1245]: [1517952561.5380] dhcp4 (enp179s0f0): plen 24 (255.255.255.0)
Feb 06 16:29:21 readingrainbow NetworkManager[1245]: [1517952561.5380] dhcp4 (enp179s0f0): gateway 10.10.10.3
Feb 06 16:29:21 readingrainbow NetworkManager[1245]: [1517952561.5380] dhcp4 (enp179s0f0): lease time 3600
Feb 06 16:29:21 readingrainbow NetworkManager[1245]: [1517952561.5380] dhcp4 (enp179s0f0): hostname 'readingrainbow'
Feb 06 16:29:21 readingrainbow NetworkManager[1245]: [1517952561.5381] dhcp4 (enp179s0f0): nameserver '10.10.10.3'
Feb 06 16:29:21 readingrainbow NetworkManager[1245]: [1517952561.5381] dhcp4 (enp179s0f0): domain name 'world.n7sa.com'
Feb 06 16:29:21 readingrainbow NetworkManager[1245]: [1517952561.5381] dhcp4 (enp179s0f0): state changed bound -> bound
Feb 06 16:29:21 readingrainbow dhclient[2848]: bound to 10.10.10.150 -- renewal in 1379 seconds.
Feb 06 16:29:24 readingrainbow kernel: CIFS VFS: Free previous auth_key.response = ffff8c4a5ab5afc0
Feb 06 16:30:14 readingrainbow kernel: CIFS VFS: Free previous auth_key.response = ffff8c4e0637e000
Feb 06 16:31:04 readingrainbow kernel: CIFS VFS: Free previous auth_key.response = ffff8c4d9944d980
Feb 06 16:31:54 readingrainbow kernel: CIFS VFS: Free previous auth_key.response = ffff8c4e0637f740
Feb 06 16:32:44 readingrainbow kernel: CIFS VFS: Free previous auth_key.response = ffff8c4f69647200
Feb 06 16:33:34 readingrainbow kernel: CIFS VFS: Free previous auth_key.response = ffff8c4ef7be66c0
Feb 06 16:34:24 readingrainbow kernel: CIFS VFS: Free previous auth_key.response = ffff8c4d9944c000
Feb 06 16:35:14 readingrainbow kernel: CIFS VFS: Free previous auth_key.response = ffff8c490f806240
Feb 06 16:36:04 readingrainbow kernel: CIFS VFS: Free previous auth_key.response = ffff8c4f26abcd80
Feb 06 16:37:43 readingrainbow kernel: CIFS VFS: Free previous auth_key.response = ffff8c4e06d05740
Feb 06 16:38:32 readingrainbow kernel: CIFS VFS: Free previous auth_key.response = ffff8c4e13d438c0
Feb 06 16:39:23 readingrainbow kernel: CIFS VFS: Free previous auth_key.response = ffff8c4d288898c0
Feb 06 16:40:12 readingrainbow kernel: CIFS VFS: Free previous auth_key.response = ffff8c4dff4e4c00
Feb 06 16:41:02 readingrainbow kernel: CIFS VFS: Free previous auth_key.response = ffff8c4e13d42840
Feb 06 16:41:52 readingrainbow kernel: CIFS VFS: Free previous auth_key.response = ffff8c4904cc2540
Feb 06 16:42:43 readingrainbow kernel: CIFS VFS: Free previous auth_key.response = ffff8c4f928fb5c0
Feb 06 16:43:32 readingrainbow kernel: CIFS VFS: Free previous auth_key.response = ffff8c4f928fb5c0
Feb 06 16:44:23 readingrainbow kernel: CIFS VFS: Free previous auth_key.response = ffff8c4f12a5a600
Feb 06 16:45:12 readingrainbow kernel: CIFS VFS: Free previous auth_key.response = ffff8c4e0637e540
Feb 06 16:46:03 readingrainbow kernel: CIFS VFS: Free previous auth_key.response = ffff8c4d9944d080
Feb 06 16:46:53 readingrainbow kernel: CIFS VFS: Free previous auth_key.response = ffff8c4f12a5af00
Feb 06 16:47:44 readingrainbow kernel: CIFS VFS: Free previous auth_key.response = ffff8c4dff4e5a40
Feb 06 16:47:47 readingrainbow dhclient[1582]: DHCPREQUEST of 10.0.0.163 on enp7s0 to 10.0.0.3 port 67 (xid=0x5c11d807)
Feb 06 16:47:47 readingrainbow dhclient[1582]: DHCPACK of 10.0.0.163 from 10.0.0.3
Feb 06 16:47:47 readingrainbow NetworkManager[1245]: [1517953667.3797] dhcp4 (enp7s0): address 10.0.0.163
Feb 06 16:47:47 readingrainbow NetworkManager[1245]: [1517953667.3798] dhcp4 (enp7s0): plen 24 (255.255.255.0)
Feb 06 16:47:47 readingrainbow NetworkManager[1245]: [1517953667.3798] dhcp4 (enp7s0): gateway 10.0.0.3
Feb 06 16:47:47 readingrainbow NetworkManager[1245]: [1517953667.3798] dhcp4 (enp7s0): lease time 3600
Feb 06 16:47:47 readingrainbow NetworkManager[1245]: [1517953667.3798] dhcp4 (enp7s0): hostname 'readingrainbow'
Feb 06 16:47:47 readingrainbow NetworkManager[1245]: [1517953667.3798] dhcp4 (enp7s0): nameserver '10.0.0.3'
Feb 06 16:47:47 readingrainbow NetworkManager[1245]: [1517953667.3799] dhcp4 (enp7s0): domain name 'world.n7sa.com'
Feb 06 16:47:47 readingrainbow NetworkManager[1245]: [1517953667.3799] dhcp4 (enp7s0): state changed bound -> bound
Feb 06 16:47:47 readingrainbow dhclient[1582]: bound to 10.0.0.163 -- renewal in 1470 seconds.
Feb 06 16:48:34 readingrainbow kernel: CIFS VFS: Free previous auth_key.response = ffff8c4e13d43a40
Feb 06 16:49:24 readingrainbow kernel: CIFS VFS: Free previous auth_key.response = ffff8c4904cc3800
Feb 06 16:50:14 readingrainbow kernel: CIFS VFS: Free previous auth_key.response = ffff8c4e06d05500
Feb 06 16:51:03 readingrainbow kernel: CIFS VFS: Free previous auth_key.response = ffff8c4d9944d500
Feb 06 16:51:54 readingrainbow kernel: CIFS VFS: Free previous auth_key.response = ffff8c4d99449ec0
Feb 06 16:52:31 readingrainbow dhclient[2848]: DHCPREQUEST of 10.10.10.150 on enp179s0f0 to 10.10.10.3 port 67 (xid=0x1ca55be3)
Feb 06 16:52:31 readingrainbow dhclient[2848]: DHCPACK of 10.10.10.150 from 10.10.10.3
Feb 06 16:52:31 readingrainbow NetworkManager[1245]: [1517953951.4710] dhcp4 (enp179s0f0): address 10.10.10.150
Feb 06 16:52:31 readingrainbow NetworkManager[1245]: [1517953951.4711] dhcp4 (enp179s0f0): plen 24 (255.255.255.0)
Feb 06 16:52:31 readingrainbow NetworkManager[1245]: [1517953951.4711] dhcp4 (enp179s0f0): gateway 10.10.10.3
Feb 06 16:52:31 readingrainbow NetworkManager[1245]: [1517953951.4711] dhcp4 (enp179s0f0): lease time 3600
Feb 06 16:52:31 readingrainbow NetworkManager[1245]: [1517953951.4711] dhcp4 (enp179s0f0): hostname 'readingrainbow'
Feb 06 16:52:31 readingrainbow NetworkManager[1245]: [1517953951.4711] dhcp4 (enp179s0f0): nameserver '10.10.10.3'
Feb 06 16:52:31 readingrainbow NetworkManager[1245]: [1517953951.4711] dhcp4 (enp179s0f0): domain name 'world.n7sa.com'
Feb 06 16:52:31 readingrainbow NetworkManager[1245]: [1517953951.4712] dhcp4 (enp179s0f0): state changed bound -> bound
Feb 06 16:52:31 readingrainbow dhclient[2848]: bound to 10.10.10.150 -- renewal in 1608 seconds.
Feb 06 16:52:44 readingrainbow kernel: CIFS VFS: Free previous auth_key.response = ffff8c48fa5fed80
Feb 06 16:53:34 readingrainbow kernel: CIFS VFS: Free previous auth_key.response = ffff8c4d9944d440
Feb 06 16:54:24 readingrainbow kernel: CIFS VFS: Free previous auth_key.response = ffff8c4f163b7680
Feb 06 16:56:03 readingrainbow kernel: CIFS VFS: Free previous auth_key.response = ffff8c4d9944d8c0
Feb 06 16:56:52 readingrainbow kernel: CIFS VFS: Free previous auth_key.response = ffff8c48fa5fe240
Feb 06 16:57:43 readingrainbow kernel: CIFS VFS: Free previous auth_key.response = ffff8c4e0637fc80
Feb 06 16:58:32 readingrainbow kernel: CIFS VFS: Free previous auth_key.response = ffff8c4f6e77e780
Feb 06 16:59:23 readingrainbow kernel: CIFS VFS: Free previous auth_key.response = ffff8c4f69647980
Feb 06 17:00:12 readingrainbow kernel: CIFS VFS: Free previous auth_key.response = ffff8c48fa5ffec0
Feb 06 17:01:02 readingrainbow kernel: CIFS VFS: Free previous auth_key.response = ffff8c4f5c093140
Feb 06 17:01:52 readingrainbow kernel: CIFS VFS: Free previous auth_key.response = ffff8c4f6e77fc80
Feb 06 17:02:42 readingrainbow kernel: CIFS VFS: Free previous auth_key.response = ffff8c4f0a34fec0
Feb 06 17:03:32 readingrainbow kernel: CIFS VFS: Free previous auth_key.response = ffff8c4f6e77ea80
Feb 06 17:05:12 readingrainbow kernel: CIFS VFS: Free previous auth_key.response = ffff8c4f0a34e900
Feb 06 17:06:01 readingrainbow kernel: CIFS VFS: Free previous auth_key.response = ffff8c4e13db66c0
Feb 06 17:06:52 readingrainbow kernel: CIFS VFS: Free previous auth_key.response = ffff8c4e13db66c0
Feb 06 17:07:41 readingrainbow kernel: CIFS VFS: Free previous auth_key.response = ffff8c4f5c093380
Feb 06 17:08:32 readingrainbow kernel: CIFS VFS: Free previous auth_key.response = ffff8c4f0a34fa40
Feb 06 17:09:21 readingrainbow kernel: CIFS VFS: Free previous auth_key.response = ffff8c4bd4f4f980
Feb 06 17:10:12 readingrainbow kernel: CIFS VFS: Free previous auth_key.response = ffff8c4f5c092c00
Feb 06 17:11:01 readingrainbow kernel: CIFS VFS: Free previous auth_key.response = ffff8c49335e0240
Feb 06 17:11:52 readingrainbow kernel: CIFS VFS: Free previous auth_key.response = ffff8c4e13db7380
Feb 06 17:12:41 readingrainbow kernel: CIFS VFS: Free previous auth_key.response = ffff8c4f26a7a840
Feb 06 17:13:18 readingrainbow dhclient[1582]: DHCPREQUEST of 10.0.0.163 on enp7s0 to 10.0.0.3 port 67 (xid=0x5c11d807)
Feb 06 17:13:18 readingrainbow dhclient[1582]: DHCPACK of 10.0.0.163 from 10.0.0.3
Feb 06 17:13:18 readingrainbow NetworkManager[1245]: [1517955198.2147] dhcp4 (enp7s0): address 10.0.0.163
Feb 06 17:13:18 readingrainbow NetworkManager[1245]: [1517955198.2147] dhcp4 (enp7s0): plen 24 (255.255.255.0)
Feb 06 17:13:18 readingrainbow NetworkManager[1245]: [1517955198.2147] dhcp4 (enp7s0): gateway 10.0.0.3
Feb 06 17:13:18 readingrainbow NetworkManager[1245]: [1517955198.2147] dhcp4 (enp7s0): lease time 3600
Feb 06 17:13:18 readingrainbow NetworkManager[1245]: [1517955198.2147] dhcp4 (enp7s0): hostname 'readingrainbow'
Feb 06 17:13:18 readingrainbow NetworkManager[1245]: [1517955198.2147] dhcp4 (enp7s0): nameserver '10.0.0.3'
Feb 06 17:13:18 readingrainbow NetworkManager[1245]: [1517955198.2147] dhcp4 (enp7s0): domain name 'world.n7sa.com'
Feb 06 17:13:18 readingrainbow NetworkManager[1245]: [1517955198.2148] dhcp4 (enp7s0): state changed bound -> bound
Feb 06 17:13:18 readingrainbow dhclient[1582]: bound to 10.0.0.163 -- renewal in 1583 seconds.
Feb 06 17:13:32 readingrainbow kernel: CIFS VFS: Free previous auth_key.response = ffff8c4bd4f4eb40
Feb 06 17:14:21 readingrainbow kernel: CIFS VFS: Free previous auth_key.response = ffff8c4e15880cc0
Feb 06 17:15:12 readingrainbow kernel: CIFS VFS: Free previous auth_key.response = ffff8c49335e1680
Feb 06 17:16:02 readingrainbow kernel: CIFS VFS: Free previous auth_key.response = ffff8c4f928fb740
Feb 06 17:16:52 readingrainbow kernel: CIFS VFS: Free previous auth_key.response = ffff8c49335e0840
Feb 06 17:17:42 readingrainbow kernel: CIFS VFS: Free previous auth_key.response = ffff8c4bd4f4f080
Feb 06 17:18:32 readingrainbow kernel: CIFS VFS: Free previous auth_key.response = ffff8c4f16339500
Feb 06 17:19:22 readingrainbow kernel: CIFS VFS: Free previous auth_key.response = ffff8c49335e0840
Feb 06 17:19:35 readingrainbow dhclient[2848]: DHCPREQUEST of 10.10.10.150 on enp179s0f0 to 10.10.10.3 port 67 (xid=0x1ca55be3)
Feb 06 17:19:35 readingrainbow dhclient[2848]: DHCPACK of 10.10.10.150 from 10.10.10.3
Feb 06 17:19:35 readingrainbow NetworkManager[1245]: [1517955575.7446] dhcp4 (enp179s0f0): address 10.10.10.150
Feb 06 17:19:35 readingrainbow NetworkManager[1245]: [1517955575.7447] dhcp4 (enp179s0f0): plen 24 (255.255.255.0)
Feb 06 17:19:35 readingrainbow NetworkManager[1245]: [1517955575.7447] dhcp4 (enp179s0f0): gateway 10.10.10.3
Feb 06 17:19:35 readingrainbow NetworkManager[1245]: [1517955575.7447] dhcp4 (enp179s0f0): lease time 3600
Feb 06 17:19:35 readingrainbow NetworkManager[1245]: [1517955575.7447] dhcp4 (enp179s0f0): hostname 'readingrainbow'
Feb 06 17:19:35 readingrainbow NetworkManager[1245]: [1517955575.7448] dhcp4 (enp179s0f0): nameserver '10.10.10.3'
Feb 06 17:19:35 readingrainbow NetworkManager[1245]: [1517955575.7448] dhcp4 (enp179s0f0): domain name 'world.n7sa.com'
Feb 06 17:19:35 readingrainbow NetworkManager[1245]: [1517955575.7448] dhcp4 (enp179s0f0): state changed bound -> bound
Feb 06 17:19:35 readingrainbow dhclient[2848]: bound to 10.10.10.150 -- renewal in 1628 seconds.
Feb 06 17:20:12 readingrainbow kernel: CIFS VFS: Free previous auth_key.response = ffff8c4bd4f4ee40
Feb 06 17:21:02 readingrainbow kernel: CIFS VFS: Free previous auth_key.response = ffff8c4e6487e9c0
Feb 06 17:21:52 readingrainbow kernel: CIFS VFS: Free previous auth_key.response = ffff8c4e6487e9c0
Feb 06 17:23:31 readingrainbow kernel: CIFS VFS: Free previous auth_key.response = ffff8c4f379969c0
Feb 06 17:24:20 readingrainbow kernel: CIFS VFS: Free previous auth_key.response = ffff8c4e13d42300
Feb 06 17:25:11 readingrainbow kernel: CIFS VFS: Free previous auth_key.response = ffff8c4904cc2600
Feb 06 17:26:00 readingrainbow kernel: CIFS VFS: Free previous auth_key.response = ffff8c4904cc2600
Feb 06 17:26:51 readingrainbow kernel: CIFS VFS: Free previous auth_key.response = ffff8c4f26976f00
Feb 06 17:27:40 readingrainbow kernel: CIFS VFS: Free previous auth_key.response = ffff8c49335e0840
Feb 06 17:28:31 readingrainbow kernel: CIFS VFS: Free previous auth_key.response = ffff8c4bd4f4fb00
Feb 06 17:29:20 readingrainbow kernel: CIFS VFS: Free previous auth_key.response = ffff8c4f5c092180
Feb 06 17:30:11 readingrainbow kernel: CIFS VFS: Free previous auth_key.response = ffff8c4f373e0900
Feb 06 17:31:00 readingrainbow kernel: CIFS VFS: Free previous auth_key.response = ffff8c4cf670fa40
Feb 06 17:33:25 readingrainbow kernel: CIFS VFS: Free previous auth_key.response = ffff8c4b9dfbf740
Feb 06 17:34:15 readingrainbow kernel: CIFS VFS: Free previous auth_key.response = ffff8c4bd4e1a6c0
Feb 06 17:35:05 readingrainbow kernel: CIFS VFS: Free previous auth_key.response = ffff8c4f928fafc0
Feb 06 17:35:55 readingrainbow kernel: CIFS VFS: Free previous auth_key.response = ffff8c4bd4f4efc0
Feb 06 17:36:45 readingrainbow kernel: CIFS VFS: Free previous auth_key.response = ffff8c4e0755fa40
Feb 06 17:37:35 readingrainbow kernel: CIFS VFS: Free previous auth_key.response = ffff8c4f373e1e00
Feb 06 17:38:25 readingrainbow kernel: CIFS VFS: Free previous auth_key.response = ffff8c4bd4f4fc80
Feb 06 17:39:16 readingrainbow kernel: CIFS VFS: Free previous auth_key.response = ffff8c4f373e0e40
Feb 06 17:40:05 readingrainbow kernel: CIFS VFS: Free previous auth_key.response = ffff8c4f373e0e40
Feb 06 17:40:45 readingrainbow dhclient[1582]: DHCPREQUEST of 10.0.0.163 on enp7s0 to 10.0.0.3 port 67 (xid=0x5c11d807)
Feb 06 17:40:46 readingrainbow dhclient[1582]: DHCPACK of 10.0.0.163 from 10.0.0.3
Feb 06 17:40:46 readingrainbow NetworkManager[1245]: [1517956846.0625] dhcp4 (enp7s0): address 10.0.0.163
Feb 06 17:40:46 readingrainbow NetworkManager[1245]: [1517956846.0625] dhcp4 (enp7s0): plen 24 (255.255.255.0)
Feb 06 17:40:46 readingrainbow NetworkManager[1245]: [1517956846.0625] dhcp4 (enp7s0): gateway 10.0.0.3
Feb 06 17:40:46 readingrainbow NetworkManager[1245]: [1517956846.0625] dhcp4 (enp7s0): lease time 3600
Feb 06 17:40:46 readingrainbow NetworkManager[1245]: [1517956846.0626] dhcp4 (enp7s0): hostname 'readingrainbow'
Feb 06 17:40:46 readingrainbow NetworkManager[1245]: [1517956846.0626] dhcp4 (enp7s0): nameserver '10.0.0.3'
Feb 06 17:40:46 readingrainbow NetworkManager[1245]: [1517956846.0626] dhcp4 (enp7s0): domain name 'world.n7sa.com'
Feb 06 17:40:46 readingrainbow NetworkManager[1245]: [1517956846.0626] dhcp4 (enp7s0): state changed bound -> bound
Feb 06 17:40:46 readingrainbow dhclient[1582]: bound to 10.0.0.163 -- renewal in 1523 seconds.
Feb 06 17:40:56 readingrainbow kernel: CIFS VFS: Free previous auth_key.response = ffff8c4bd4f4fa40
Feb 06 17:41:48 readingrainbow kernel: CIFS VFS: Free previous auth_key.response = ffff8c4f373e1d40
Feb 06 17:42:38 readingrainbow kernel: CIFS VFS: Free previous auth_key.response = ffff8c4bd4f4ecc0
Feb 06 17:43:28 readingrainbow kernel: CIFS VFS: Free previous auth_key.response = ffff8c4e0755e480
Feb 06 17:44:18 readingrainbow kernel: CIFS VFS: Free previous auth_key.response = ffff8c4dff4e5a40
Feb 06 17:45:08 readingrainbow kernel: CIFS VFS: Free previous auth_key.response = ffff8c4dd9b84fc0
Feb 06 17:45:58 readingrainbow kernel: CIFS VFS: Free previous auth_key.response = ffff8c4e13d3b680
Feb 06 17:46:58 readingrainbow dhclient[2848]: DHCPREQUEST of 10.10.10.150 on enp179s0f0 to 10.10.10.3 port 67 (xid=0x1ca55be3)
Feb 06 17:46:58 readingrainbow dhclient[2848]: DHCPACK of 10.10.10.150 from 10.10.10.3
Feb 06 17:46:58 readingrainbow NetworkManager[1245]: [1517957218.3737] dhcp4 (enp179s0f0): address 10.10.10.150
Feb 06 17:46:58 readingrainbow NetworkManager[1245]: [1517957218.3737] dhcp4 (enp179s0f0): plen 24 (255.255.255.0)
Feb 06 17:46:58 readingrainbow NetworkManager[1245]: [1517957218.3737] dhcp4 (enp179s0f0): gateway 10.10.10.3
Feb 06 17:46:58 readingrainbow NetworkManager[1245]: [1517957218.3737] dhcp4 (enp179s0f0): lease time 3600
Feb 06 17:46:58 readingrainbow NetworkManager[1245]: [1517957218.3738] dhcp4 (enp179s0f0): hostname 'readingrainbow'
Feb 06 17:46:58 readingrainbow NetworkManager[1245]: [1517957218.3738] dhcp4 (enp179s0f0): nameserver '10.10.10.3'
Feb 06 17:46:58 readingrainbow NetworkManager[1245]: [1517957218.3738] dhcp4 (enp179s0f0): domain name 'world.n7sa.com'
Feb 06 17:46:58 readingrainbow NetworkManager[1245]: [1517957218.3738] dhcp4 (enp179s0f0): state changed bound -> bound
Feb 06 17:46:58 readingrainbow dhclient[2848]: bound to 10.10.10.150 -- renewal in 1365 seconds.
Feb 06 17:47:18 readingrainbow kernel: CIFS VFS: Free previous auth_key.response = ffff8c4e13d43140
Feb 06 17:48:59 readingrainbow kernel: CIFS VFS: Free previous auth_key.response = ffff8c48ee356300
Feb 06 17:53:05 readingrainbow kernel: CIFS VFS: Free previous auth_key.response = ffff8c4dff4e4b40
Feb 06 17:53:56 readingrainbow kernel: CIFS VFS: Free previous auth_key.response = ffff8c4f1e15f440
Feb 06 17:54:45 readingrainbow kernel: CIFS VFS: Free previous auth_key.response = ffff8c4f7db54cc0
Feb 06 17:55:36 readingrainbow kernel: CIFS VFS: Free previous auth_key.response = ffff8c4dd9b84480
Feb 06 17:56:26 readingrainbow kernel: CIFS VFS: Free previous auth_key.response = ffff8c4f928fb980
Feb 06 17:57:16 readingrainbow kernel: CIFS VFS: Free previous auth_key.response = ffff8c4ea2e17740
Feb 06 17:58:06 readingrainbow kernel: CIFS VFS: Free previous auth_key.response = ffff8c4fb4bad980
Feb 06 17:58:56 readingrainbow kernel: CIFS VFS: Free previous auth_key.response = ffff8c4f6953f800
Feb 06 18:00:07 readingrainbow kernel: CIFS VFS: Free previous auth_key.response = ffff8c4e13d43e00
Feb 06 18:00:58 readingrainbow kernel: CIFS VFS: Free previous auth_key.response = ffff8c4f1e15f740
Feb 06 18:01:48 readingrainbow kernel: CIFS VFS: Free previous auth_key.response = ffff8c4dae79a300
Feb 06 18:07:12 readingrainbow dhclient[1582]: DHCPREQUEST of 10.0.0.163 on enp7s0 to 10.0.0.3 port 67 (xid=0x5c11d807)
Feb 06 18:07:12 readingrainbow dhclient[1582]: DHCPACK of 10.0.0.163 from 10.0.0.3
Feb 06 18:07:13 readingrainbow NetworkManager[1245]: [1517958433.0032] dhcp4 (enp7s0): address 10.0.0.163
Feb 06 18:07:13 readingrainbow NetworkManager[1245]: [1517958433.0033] dhcp4 (enp7s0): plen 24 (255.255.255.0)
Feb 06 18:07:13 readingrainbow NetworkManager[1245]: [1517958433.0033] dhcp4 (enp7s0): gateway 10.0.0.3
Feb 06 18:07:13 readingrainbow NetworkManager[1245]: [1517958433.0033] dhcp4 (enp7s0): lease time 3600
Feb 06 18:07:13 readingrainbow NetworkManager[1245]: [1517958433.0033] dhcp4 (enp7s0): hostname 'readingrainbow'
Feb 06 18:07:13 readingrainbow NetworkManager[1245]: [1517958433.0033] dhcp4 (enp7s0): nameserver '10.0.0.3'
Feb 06 18:07:13 readingrainbow NetworkManager[1245]: [1517958433.0033] dhcp4 (enp7s0): domain name 'world.n7sa.com'
Feb 06 18:07:13 readingrainbow NetworkManager[1245]: [1517958433.0033] dhcp4 (enp7s0): state changed bound -> bound
Feb 06 18:07:13 readingrainbow dhclient[1582]: bound to 10.0.0.163 -- renewal in 1346 seconds.
Feb 06 18:08:17 readingrainbow kernel: CIFS VFS: Free previous auth_key.response = ffff8c4e6487fe00
Feb 06 18:09:16 readingrainbow kernel: CIFS VFS: Free previous auth_key.response = ffff8c4d9944c240
Feb 06 18:09:48 readingrainbow dhclient[2848]: DHCPREQUEST of 10.10.10.150 on enp179s0f0 to 10.10.10.3 port 67 (xid=0x1ca55be3)
Feb 06 18:09:49 readingrainbow dhclient[2848]: DHCPACK of 10.10.10.150 from 10.10.10.3
Feb 06 18:09:49 readingrainbow NetworkManager[1245]: [1517958589.0214] dhcp4 (enp179s0f0): address 10.10.10.150
Feb 06 18:09:49 readingrainbow NetworkManager[1245]: [1517958589.0214] dhcp4 (enp179s0f0): plen 24 (255.255.255.0)
Feb 06 18:09:49 readingrainbow NetworkManager[1245]: [1517958589.0215] dhcp4 (enp179s0f0): gateway 10.10.10.3
Feb 06 18:09:49 readingrainbow NetworkManager[1245]: [1517958589.0215] dhcp4 (enp179s0f0): lease time 3600
Feb 06 18:09:49 readingrainbow NetworkManager[1245]: [1517958589.0215] dhcp4 (enp179s0f0): hostname 'readingrainbow'
Feb 06 18:09:49 readingrainbow NetworkManager[1245]: [1517958589.0215] dhcp4 (enp179s0f0): nameserver '10.10.10.3'
Feb 06 18:09:49 readingrainbow NetworkManager[1245]: [1517958589.0215] dhcp4 (enp179s0f0): domain name 'world.n7sa.com'
Feb 06 18:09:49 readingrainbow NetworkManager[1245]: [1517958589.0215] dhcp4 (enp179s0f0): state changed bound -> bound
Feb 06 18:09:49 readingrainbow dhclient[2848]: bound to 10.10.10.150 -- renewal in 1256 seconds.
Feb 06 18:10:07 readingrainbow kernel: CIFS VFS: Free previous auth_key.response = ffff8c4ef7be6fc0
Feb 06 18:10:57 readingrainbow kernel: CIFS VFS: Free previous auth_key.response = ffff8c4d9944c6c0
Feb 06 18:11:47 readingrainbow kernel: CIFS VFS: Free previous auth_key.response = ffff8c4f928fae40
Feb 06 18:12:37 readingrainbow kernel: CIFS VFS: Free previous auth_key.response = ffff8c4e06d05bc0
Feb 06 18:14:08 readingrainbow kernel: CIFS VFS: Free previous auth_key.response = ffff8c4f26b09a40
Feb 06 18:14:59 readingrainbow kernel: CIFS VFS: Free previous auth_key.response = ffff8c490f8066c0
Feb 06 18:15:49 readingrainbow kernel: CIFS VFS: Free previous auth_key.response = ffff8c4dd9b858c0
Feb 06 18:16:39 readingrainbow kernel: CIFS VFS: Free previous auth_key.response = ffff8c4dd9b858c0
Feb 06 18:17:29 readingrainbow kernel: CIFS VFS: Free previous auth_key.response = ffff8c4a25ef8180
Feb 06 18:18:27 readingrainbow kernel: CIFS VFS: Free previous auth_key.response = ffff8c4f134af980
Feb 06 18:19:16 readingrainbow kernel: CIFS VFS: Free previous auth_key.response = ffff8c4f12a28900
Feb 06 18:20:07 readingrainbow kernel: CIFS VFS: Free previous auth_key.response = ffff8c4f42535b00
Feb 06 18:21:45 readingrainbow kernel: usb 1-13.3.3: USB disconnect, device number 9
Feb 06 18:22:30 readingrainbow kernel: CIFS VFS: Free previous auth_key.response = ffff8c4d9877f740
Feb 06 18:23:19 readingrainbow kernel: CIFS VFS: Free previous auth_key.response = ffff8c4dd9b84300
Feb 06 18:24:10 readingrainbow kernel: CIFS VFS: Free previous auth_key.response = ffff8c4e13d3ba40
Feb 06 18:24:59 readingrainbow kernel: CIFS VFS: Free previous auth_key.response = ffff8c4e13d3ba40
Feb 06 18:25:50 readingrainbow kernel: CIFS VFS: Free previous auth_key.response = ffff8c4e13d3ba40
Feb 06 18:26:39 readingrainbow kernel: CIFS VFS: Free previous auth_key.response = ffff8c4e13d3ba40
Feb 06 18:27:34 readingrainbow kernel: CIFS VFS: Free previous auth_key.response = ffff8c4e13d3ba40
Feb 06 18:28:25 readingrainbow kernel: CIFS VFS: Free previous auth_key.response = ffff8c4f5c06fec0
Feb 06 18:29:15 readingrainbow kernel: CIFS VFS: Free previous auth_key.response = ffff8c4e06da9b00
Feb 06 18:30:05 readingrainbow kernel: CIFS VFS: Free previous auth_key.response = ffff8c4e59c42c00
Feb 06 18:30:34 readingrainbow dhclient[1582]: DHCPREQUEST of 10.0.0.163 on enp7s0 to 10.0.0.3 port 67 (xid=0x5c11d807)
Feb 06 18:30:34 readingrainbow dhclient[1582]: DHCPACK of 10.0.0.163 from 10.0.0.3
Feb 06 18:30:34 readingrainbow NetworkManager[1245]: [1517959834.7547] dhcp4 (enp7s0): address 10.0.0.163
Feb 06 18:30:34 readingrainbow NetworkManager[1245]: [1517959834.7548] dhcp4 (enp7s0): plen 24 (255.255.255.0)
Feb 06 18:30:34 readingrainbow NetworkManager[1245]: [1517959834.7548] dhcp4 (enp7s0): gateway 10.0.0.3
Feb 06 18:30:34 readingrainbow NetworkManager[1245]: [1517959834.7548] dhcp4 (enp7s0): lease time 3600
Feb 06 18:30:34 readingrainbow NetworkManager[1245]: [1517959834.7548] dhcp4 (enp7s0): hostname 'readingrainbow'
Feb 06 18:30:34 readingrainbow NetworkManager[1245]: [1517959834.7548] dhcp4 (enp7s0): nameserver '10.0.0.3'
Feb 06 18:30:34 readingrainbow NetworkManager[1245]: [1517959834.7549] dhcp4 (enp7s0): domain name 'world.n7sa.com'
Feb 06 18:30:34 readingrainbow NetworkManager[1245]: [1517959834.7549] dhcp4 (enp7s0): state changed bound -> bound
Feb 06 18:30:34 readingrainbow dhclient[1582]: bound to 10.0.0.163 -- renewal in 1301 seconds.
Feb 06 18:30:47 readingrainbow dhclient[2848]: DHCPREQUEST of 10.10.10.150 on enp179s0f0 to 10.10.10.3 port 67 (xid=0x1ca55be3)
Feb 06 18:30:47 readingrainbow dhclient[2848]: DHCPACK of 10.10.10.150 from 10.10.10.3
Feb 06 18:30:47 readingrainbow NetworkManager[1245]: [1517959847.3540] dhcp4 (enp179s0f0): address 10.10.10.150
Feb 06 18:30:47 readingrainbow NetworkManager[1245]: [1517959847.3540] dhcp4 (enp179s0f0): plen 24 (255.255.255.0)
Feb 06 18:30:47 readingrainbow NetworkManager[1245]: [1517959847.3540] dhcp4 (enp179s0f0): gateway 10.10.10.3
Feb 06 18:30:47 readingrainbow NetworkManager[1245]: [1517959847.3540] dhcp4 (enp179s0f0): lease time 3600
Feb 06 18:30:47 readingrainbow NetworkManager[1245]: [1517959847.3541] dhcp4 (enp179s0f0): hostname 'readingrainbow'
Feb 06 18:30:47 readingrainbow NetworkManager[1245]: [1517959847.3541] dhcp4 (enp179s0f0): nameserver '10.10.10.3'
Feb 06 18:30:47 readingrainbow NetworkManager[1245]: [1517959847.3541] dhcp4 (enp179s0f0): domain name 'world.n7sa.com'
Feb 06 18:30:47 readingrainbow NetworkManager[1245]: [1517959847.3541] dhcp4 (enp179s0f0): state changed bound -> bound
Feb 06 18:30:47 readingrainbow dhclient[2848]: bound to 10.10.10.150 -- renewal in 1621 seconds.
Feb 06 18:30:55 readingrainbow kernel: CIFS VFS: Free previous auth_key.response = ffff8c4f5c092180
Feb 06 18:31:44 readingrainbow kernel: CIFS VFS: Free previous auth_key.response = ffff8c4a5ab5ae40
Feb 06 18:32:35 readingrainbow kernel: CIFS VFS: Free previous auth_key.response = ffff8c4faf036b40
Feb 06 18:33:24 readingrainbow kernel: CIFS VFS: Free previous auth_key.response = ffff8c4e06d04a80
Feb 06 18:34:15 readingrainbow kernel: CIFS VFS: Free previous auth_key.response = ffff8c4a5ab5ac00
Feb 06 18:35:04 readingrainbow kernel: CIFS VFS: Free previous auth_key.response = ffff8c4a5ab5ac00
Feb 06 18:36:42 readingrainbow kernel: CIFS VFS: Free previous auth_key.response = ffff8c4f12a28e40
Feb 06 18:37:33 readingrainbow kernel: CIFS VFS: Free previous auth_key.response = ffff8c4f5c092240
Feb 06 18:38:23 readingrainbow kernel: CIFS VFS: Free previous auth_key.response = ffff8c4a5ab5ae40
Feb 06 18:39:13 readingrainbow kernel: CIFS VFS: Free previous auth_key.response = ffff8c4f1e392f00
Feb 06 18:40:03 readingrainbow kernel: CIFS VFS: Free previous auth_key.response = ffff8c4f12a28600
Feb 06 18:40:53 readingrainbow kernel: CIFS VFS: Free previous auth_key.response = ffff8c4e06d05140
Feb 06 18:41:43 readingrainbow kernel: CIFS VFS: Free previous auth_key.response = ffff8c4de967dbc0
Feb 06 18:42:33 readingrainbow kernel: CIFS VFS: Free previous auth_key.response = ffff8c4a5ab5b2c0
Feb 06 18:43:23 readingrainbow kernel: CIFS VFS: Free previous auth_key.response = ffff8c4f1e392240
Feb 06 18:44:13 readingrainbow kernel: CIFS VFS: Free previous auth_key.response = ffff8c4a5ab5aa80
Feb 06 18:45:03 readingrainbow kernel: CIFS VFS: Free previous auth_key.response = ffff8c4d9840ae40
Feb 06 18:45:54 readingrainbow kernel: CIFS VFS: Free previous auth_key.response = ffff8c4de967ce40
Feb 06 18:46:43 readingrainbow kernel: CIFS VFS: Free previous auth_key.response = ffff8c4b821e8780
Feb 06 18:47:34 readingrainbow kernel: CIFS VFS: Free previous auth_key.response = ffff8c4de967c780
Feb 06 18:48:23 readingrainbow kernel: CIFS VFS: Free previous auth_key.response = ffff8c4a5ab5a900
Feb 06 18:49:14 readingrainbow kernel: CIFS VFS: Free previous auth_key.response = ffff8c4d9840be00
Feb 06 18:50:03 readingrainbow kernel: CIFS VFS: Free previous auth_key.response = ffff8c4b821e80c0
Feb 06 18:50:54 readingrainbow kernel: CIFS VFS: Free previous auth_key.response = ffff8c4e06d049c0
Feb 06 18:51:43 readingrainbow kernel: CIFS VFS: Free previous auth_key.response = ffff8c4d9877fe00
Feb 06 18:52:34 readingrainbow kernel: CIFS VFS: Free previous auth_key.response = ffff8c4a5ab5acc0
Feb 06 18:53:10 readingrainbow dhclient[1582]: DHCPREQUEST of 10.0.0.163 on enp7s0 to 10.0.0.3 port 67 (xid=0x5c11d807)
Feb 06 18:53:10 readingrainbow dhclient[1582]: DHCPACK of 10.0.0.163 from 10.0.0.3
Feb 06 18:53:10 readingrainbow NetworkManager[1245]: [1517961190.8814] dhcp4 (enp7s0): address 10.0.0.163
Feb 06 18:53:10 readingrainbow NetworkManager[1245]: [1517961190.8814] dhcp4 (enp7s0): plen 24 (255.255.255.0)
Feb 06 18:53:10 readingrainbow NetworkManager[1245]: [1517961190.8814] dhcp4 (enp7s0): gateway 10.0.0.3
Feb 06 18:53:10 readingrainbow NetworkManager[1245]: [1517961190.8814] dhcp4 (enp7s0): lease time 3600
Feb 06 18:53:10 readingrainbow NetworkManager[1245]: [1517961190.8815] dhcp4 (enp7s0): hostname 'readingrainbow'
Feb 06 18:53:10 readingrainbow NetworkManager[1245]: [1517961190.8815] dhcp4 (enp7s0): nameserver '10.0.0.3'
Feb 06 18:53:10 readingrainbow NetworkManager[1245]: [1517961190.8815] dhcp4 (enp7s0): domain name 'world.n7sa.com'
Feb 06 18:53:10 readingrainbow NetworkManager[1245]: [1517961190.8815] dhcp4 (enp7s0): state changed bound -> bound
Feb 06 18:53:10 readingrainbow dhclient[1582]: bound to 10.0.0.163 -- renewal in 1287 seconds.
Feb 06 18:53:23 readingrainbow kernel: CIFS VFS: Free previous auth_key.response = ffff8c4fb9bd35c0
Feb 06 18:55:00 readingrainbow kernel: CIFS VFS: Free previous auth_key.response = ffff8c4d9877f380
