2016-12-20 05:28:35.061 13741 INFO nova.metadata.wsgi.server [-] 192.168.0.2 "OPTIONS / HTTP/1.0" status: 200 len: 234 time: 0.0002649
2016-12-20 05:28:39.110 13631 INFO nova.osapi_compute.wsgi.server [-] 192.168.0.2 "OPTIONS / HTTP/1.0" status: 200 len: 499 time: 0.0004230
2016-12-20 05:28:45.236 13744 INFO nova.metadata.wsgi.server [-] 192.168.0.2 "OPTIONS / HTTP/1.0" status: 200 len: 234 time: 0.0002661
2016-12-20 05:28:49.381 13631 INFO nova.osapi_compute.wsgi.server [-] 192.168.0.2 "OPTIONS / HTTP/1.0" status: 200 len: 499 time: 0.0004449
2016-12-20 05:28:55.053 13743 INFO nova.metadata.wsgi.server [-] 192.168.0.2 "OPTIONS / HTTP/1.0" status: 200 len: 234 time: 0.0002661
2016-12-20 05:28:59.306 13626 INFO nova.osapi_compute.wsgi.server [-] 192.168.0.2 "OPTIONS / HTTP/1.0" status: 200 len: 499 time: 0.0004120
2016-12-20 05:29:05.325 13744 INFO nova.metadata.wsgi.server [-] 192.168.0.2 "OPTIONS / HTTP/1.0" status: 200 len: 234 time: 0.0002570
2016-12-20 05:29:09.403 13631 INFO nova.osapi_compute.wsgi.server [-] 192.168.0.2 "OPTIONS / HTTP/1.0" status: 200 len: 499 time: 0.0004239
2016-12-20 05:29:15.229 13744 INFO nova.metadata.wsgi.server [-] 192.168.0.2 "OPTIONS / HTTP/1.0" status: 200 len: 234 time: 0.0002699
2016-12-20 05:29:19.383 13632 INFO nova.osapi_compute.wsgi.server [-] 192.168.0.2 "OPTIONS / HTTP/1.0" status: 200 len: 499 time: 0.0004160
2016-12-20 05:29:25.307 13744 INFO nova.metadata.wsgi.server [-] 192.168.0.2 "OPTIONS / HTTP/1.0" status: 200 len: 234 time: 0.0002899
2016-12-20 05:29:29.334 13632 INFO nova.osapi_compute.wsgi.server [-] 192.168.0.2 "OPTIONS / HTTP/1.0" status: 200 len: 499 time: 0.0004170
2016-12-20 05:29:35.513 13744 INFO nova.metadata.wsgi.server [-] 192.168.0.2 "OPTIONS / HTTP/1.0" status: 200 len: 234 time: 0.0002661
2016-12-20 05:29:39.435 13631 INFO nova.osapi_compute.wsgi.server [-] 192.168.0.2 "OPTIONS / HTTP/1.0" status: 200 len: 499 time: 0.0004261
2016-12-20 05:29:45.501 13741 INFO nova.metadata.wsgi.server [-] 192.168.0.2 "OPTIONS / HTTP/1.0" status: 200 len: 234 time: 0.0002651
2016-12-20 05:29:49.427 13626 INFO nova.osapi_compute.wsgi.server [-] 192.168.0.2 "OPTIONS / HTTP/1.0" status: 200 len: 499 time: 0.0004439
2016-12-20 05:29:55.239 13741 INFO nova.metadata.wsgi.server [-] 192.168.0.2 "OPTIONS / HTTP/1.0" status: 200 len: 234 time: 0.0002711
2016-12-20 05:29:59.562 13626 INFO nova.osapi_compute.wsgi.server [-] 192.168.0.2 "OPTIONS / HTTP/1.0" status: 200 len: 499 time: 0.0004210
2016-12-20 05:30:05.444 13742 INFO nova.metadata.wsgi.server [-] 192.168.0.2 "OPTIONS / HTTP/1.0" status: 200 len: 234 time: 0.0002768
2016-12-20 05:30:09.761 13632 INFO nova.osapi_compute.wsgi.server [-] 192.168.0.2 "OPTIONS / HTTP/1.0" status: 200 len: 499 time: 0.0004070
2016-12-20 05:30:15.628 13743 INFO nova.metadata.wsgi.server [-] 192.168.0.2 "OPTIONS / HTTP/1.0" status: 200 len: 234 time: 0.0002630
2016-12-20 05:30:19.682 13626 INFO nova.osapi_compute.wsgi.server [-] 192.168.0.2 "OPTIONS / HTTP/1.0" status: 200 len: 499 time: 0.0004082
2016-12-20 05:30:25.584 13743 INFO nova.metadata.wsgi.server [-] 192.168.0.2 "OPTIONS / HTTP/1.0" status: 200 len: 234 time: 0.0002651
2016-12-20 05:30:29.635 13626 INFO nova.osapi_compute.wsgi.server [-] 192.168.0.2 "OPTIONS / HTTP/1.0" status: 200 len: 499 time: 0.0004451
2016-12-20 05:30:35.651 13741 INFO nova.metadata.wsgi.server [-] 192.168.0.2 "OPTIONS / HTTP/1.0" status: 200 len: 234 time: 0.0002849
2016-12-20 05:30:39.752 13632 INFO nova.osapi_compute.wsgi.server [-] 192.168.0.2 "OPTIONS / HTTP/1.0" status: 200 len: 499 time: 0.0004189
2016-12-20 05:30:45.838 13742 INFO nova.metadata.wsgi.server [-] 192.168.0.2 "OPTIONS / HTTP/1.0" status: 200 len: 234 time: 0.0002689
2016-12-20 05:30:49.543 13631 INFO nova.osapi_compute.wsgi.server [-] 192.168.0.2 "OPTIONS / HTTP/1.0" status: 200 len: 499 time: 0.0004108
2016-12-20 05:30:56.014 13741 INFO nova.metadata.wsgi.server [-] 192.168.0.2 "OPTIONS / HTTP/1.0" status: 200 len: 234 time: 0.0002670
2016-12-20 05:30:59.386 13628 INFO nova.osapi_compute.wsgi.server [-] 192.168.0.2 "OPTIONS / HTTP/1.0" status: 200 len: 499 time: 0.0004191
2016-12-20 05:31:06.048 13742 INFO nova.metadata.wsgi.server [-] 192.168.0.2 "OPTIONS / HTTP/1.0" status: 200 len: 234 time: 0.0003099
2016-12-20 05:31:09.322 13628 INFO nova.osapi_compute.wsgi.server [-] 192.168.0.2 "OPTIONS / HTTP/1.0" status: 200 len: 499 time: 0.0004499
2016-12-20 05:31:16.053 13744 INFO nova.metadata.wsgi.server [-] 192.168.0.2 "OPTIONS / HTTP/1.0" status: 200 len: 234 time: 0.0002651
2016-12-20 05:31:19.108 13631 INFO nova.osapi_compute.wsgi.server [-] 192.168.0.2 "OPTIONS / HTTP/1.0" status: 200 len: 499 time: 0.0004058
2016-12-20 05:31:26.326 13743 INFO nova.metadata.wsgi.server [-] 192.168.0.2 "OPTIONS / HTTP/1.0" status: 200 len: 234 time: 0.0002689
2016-12-20 05:31:29.376 13628 INFO nova.osapi_compute.wsgi.server [-] 192.168.0.2 "OPTIONS / HTTP/1.0" status: 200 len: 499 time: 0.0004570
2016-12-20 05:31:36.261 13743 INFO nova.metadata.wsgi.server [-] 192.168.0.2 "OPTIONS / HTTP/1.0" status: 200 len: 234 time: 0.0002680
2016-12-20 05:31:39.612 13631 INFO nova.osapi_compute.wsgi.server [-] 192.168.0.2 "OPTIONS / HTTP/1.0" status: 200 len: 499 time: 0.0004160
2016-12-20 05:31:46.229 13741 INFO nova.metadata.wsgi.server [-] 192.168.0.2 "OPTIONS / HTTP/1.0" status: 200 len: 234 time: 0.0002639
2016-12-20 05:31:49.571 13626 INFO nova.osapi_compute.wsgi.server [-] 192.168.0.2 "OPTIONS / HTTP/1.0" status: 200 len: 499 time: 0.0004239
2016-12-20 05:31:56.003 13742 INFO nova.metadata.wsgi.server [-] 192.168.0.2 "OPTIONS / HTTP/1.0" status: 200 len: 234 time: 0.0002830
2016-12-20 05:31:59.496 13632 INFO nova.osapi_compute.wsgi.server [-] 192.168.0.2 "OPTIONS / HTTP/1.0" status: 200 len: 499 time: 0.0004170
2016-12-20 05:32:06.264 13741 INFO nova.metadata.wsgi.server [-] 192.168.0.2 "OPTIONS / HTTP/1.0" status: 200 len: 234 time: 0.0002699
2016-12-20 05:32:09.760 13632 INFO nova.osapi_compute.wsgi.server [-] 192.168.0.2 "OPTIONS / HTTP/1.0" status: 200 len: 499 time: 0.0004690
2016-12-20 05:32:16.294 13741 INFO nova.metadata.wsgi.server [-] 192.168.0.2 "OPTIONS / HTTP/1.0" status: 200 len: 234 time: 0.0002658
2016-12-20 05:32:19.859 13631 INFO nova.osapi_compute.wsgi.server [-] 192.168.0.2 "OPTIONS / HTTP/1.0" status: 200 len: 499 time: 0.0004270
2016-12-20 05:32:26.551 13744 INFO nova.metadata.wsgi.server [-] 192.168.0.2 "OPTIONS / HTTP/1.0" status: 200 len: 234 time: 0.0002611
2016-12-20 05:32:29.807 13632 INFO nova.osapi_compute.wsgi.server [-] 192.168.0.2 "OPTIONS / HTTP/1.0" status: 200 len: 499 time: 0.0004239
2016-12-20 05:32:36.535 13744 INFO nova.metadata.wsgi.server [-] 192.168.0.2 "OPTIONS / HTTP/1.0" status: 200 len: 234 time: 0.0002670
2016-12-20 05:32:39.680 13628 INFO nova.osapi_compute.wsgi.server [-] 192.168.0.2 "OPTIONS / HTTP/1.0" status: 200 len: 499 time: 0.0004220
2016-12-20 05:32:46.267 13742 INFO nova.metadata.wsgi.server [-] 192.168.0.2 "OPTIONS / HTTP/1.0" status: 200 len: 234 time: 0.0002649
2016-12-20 05:32:49.420 13626 INFO nova.osapi_compute.wsgi.server [-] 192.168.0.2 "OPTIONS / HTTP/1.0" status: 200 len: 499 time: 0.0004480
2016-12-20 05:32:56.135 13742 INFO nova.metadata.wsgi.server [-] 192.168.0.2 "OPTIONS / HTTP/1.0" status: 200 len: 234 time: 0.0002661
2016-12-20 05:32:59.571 13631 INFO nova.osapi_compute.wsgi.server [-] 192.168.0.2 "OPTIONS / HTTP/1.0" status: 200 len: 499 time: 0.0004261
2016-12-20 05:33:06.430 13743 INFO nova.metadata.wsgi.server [-] 192.168.0.2 "OPTIONS / HTTP/1.0" status: 200 len: 234 time: 0.0002670
2016-12-20 05:33:09.763 13632 INFO nova.osapi_compute.wsgi.server [-] 192.168.0.2 "OPTIONS / HTTP/1.0" status: 200 len: 499 time: 0.0004492
2016-12-20 05:33:16.460 13743 INFO nova.metadata.wsgi.server [-] 192.168.0.2 "OPTIONS / HTTP/1.0" status: 200 len: 234 time: 0.0002799
2016-12-20 05:33:19.917 13626 INFO nova.osapi_compute.wsgi.server [-] 192.168.0.2 "OPTIONS / HTTP/1.0" status: 200 len: 499 time: 0.0004241
2016-12-20 05:33:26.672 13741 INFO nova.metadata.wsgi.server [-] 192.168.0.2 "OPTIONS / HTTP/1.0" status: 200 len: 234 time: 0.0002549
2016-12-20 05:33:29.822 13632 INFO nova.osapi_compute.wsgi.server [-] 192.168.0.2 "OPTIONS / HTTP/1.0" status: 200 len: 499 time: 0.0004480
2016-12-20 05:33:36.774 13741 INFO nova.metadata.wsgi.server [-] 192.168.0.2 "OPTIONS / HTTP/1.0" status: 200 len: 234 time: 0.0002580
2016-12-20 05:33:39.928 13632 INFO nova.osapi_compute.wsgi.server [-] 192.168.0.2 "OPTIONS / HTTP/1.0" status: 200 len: 499 time: 0.0004110
2016-12-20 05:33:46.484 13743 INFO nova.metadata.wsgi.server [-] 192.168.0.2 "OPTIONS / HTTP/1.0" status: 200 len: 234 time: 0.0002530
2016-12-20 05:33:50.183 13632 INFO nova.osapi_compute.wsgi.server [-] 192.168.0.2 "OPTIONS / HTTP/1.0" status: 200 len: 499 time: 0.0004201
2016-12-20 05:33:56.287 13743 INFO nova.metadata.wsgi.server [-] 192.168.0.2 "OPTIONS / HTTP/1.0" status: 200 len: 234 time: 0.0002830
2016-12-20 05:34:00.398 13632 INFO nova.osapi_compute.wsgi.server [-] 192.168.0.2 "OPTIONS / HTTP/1.0" status: 200 len: 499 time: 0.0004110
2016-12-20 05:34:06.572 13742 INFO nova.metadata.wsgi.server [-] 192.168.0.2 "OPTIONS / HTTP/1.0" status: 200 len: 234 time: 0.0003021
2016-12-20 05:34:10.259 13628 INFO nova.osapi_compute.wsgi.server [-] 192.168.0.2 "OPTIONS / HTTP/1.0" status: 200 len: 499 time: 0.0004611
2016-12-20 05:34:16.345 13743 INFO nova.metadata.wsgi.server [-] 192.168.0.2 "OPTIONS / HTTP/1.0" status: 200 len: 234 time: 0.0002718
2016-12-20 05:34:17.065 13628 INFO nova.osapi_compute.wsgi.server [req-8ab480ba-8ff8-4ec8-8768-e3881213c668 81d6a3f0ccdc4964ae83a0294f9b3fd7 b62480b9d83d421a8fdf174efa0173c8 - - -] 192.168.0.2 "GET /v2.1/flavors/detail HTTP/1.0" status: 200 len: 2917 time: 0.0613720
2016-12-20 05:34:20.476 13628 INFO nova.osapi_compute.wsgi.server [-] 192.168.0.2 "OPTIONS / HTTP/1.0" status: 200 len: 499 time: 0.0004392
2016-12-20 05:34:26.597 13741 INFO nova.metadata.wsgi.server [-] 192.168.0.2 "OPTIONS / HTTP/1.0" status: 200 len: 234 time: 0.0002549
2016-12-20 05:34:30.236 13632 INFO nova.osapi_compute.wsgi.server [-] 192.168.0.2 "OPTIONS / HTTP/1.0" status: 200 len: 499 time: 0.0004220
2016-12-20 05:34:36.404 13741 INFO nova.metadata.wsgi.server [-] 192.168.0.2 "OPTIONS / HTTP/1.0" status: 200 len: 234 time: 0.0002620
2016-12-20 05:34:40.337 13632 INFO nova.osapi_compute.wsgi.server [-] 192.168.0.2 "OPTIONS / HTTP/1.0" status: 200 len: 499 time: 0.0004590
2016-12-20 05:34:45.821 13626 INFO nova.osapi_compute.wsgi.server [req-8de93232-a025-4b5a-9d15-f26c61bc406e 81d6a3f0ccdc4964ae83a0294f9b3fd7 b62480b9d83d421a8fdf174efa0173c8 - - -] 192.168.0.2 "GET /v2.1/servers/detail?all_tenants=1 HTTP/1.0" status: 200 len: 3803 time: 0.1580160
2016-12-20 05:34:46.135 13741 INFO nova.metadata.wsgi.server [-] 192.168.0.2 "OPTIONS / HTTP/1.0" status: 200 len: 234 time: 0.0002811
2016-12-20 05:34:50.294 13628 INFO nova.osapi_compute.wsgi.server [-] 192.168.0.2 "OPTIONS / HTTP/1.0" status: 200 len: 499 time: 0.0004332
2016-12-20 05:34:56.391 13743 INFO nova.metadata.wsgi.server [-] 192.168.0.2 "OPTIONS / HTTP/1.0" status: 200 len: 234 time: 0.0002842
2016-12-20 05:35:00.284 13628 INFO nova.osapi_compute.wsgi.server [-] 192.168.0.2 "OPTIONS / HTTP/1.0" status: 200 len: 499 time: 0.0004392
2016-12-20 05:35:06.558 13744 INFO nova.metadata.wsgi.server [-] 192.168.0.2 "OPTIONS / HTTP/1.0" status: 200 len: 234 time: 0.0002708
2016-12-20 05:35:10.547 13626 INFO nova.osapi_compute.wsgi.server [-] 192.168.0.2 "OPTIONS / HTTP/1.0" status: 200 len: 499 time: 0.0004330
2016-12-20 05:35:16.496 13741 INFO nova.metadata.wsgi.server [-] 192.168.0.2 "OPTIONS / HTTP/1.0" status: 200 len: 234 time: 0.0002768
2016-12-20 05:35:20.555 13631 INFO nova.osapi_compute.wsgi.server [-] 192.168.0.2 "OPTIONS / HTTP/1.0" status: 200 len: 499 time: 0.0004182
2016-12-20 05:35:26.441 13742 INFO nova.metadata.wsgi.server [-] 192.168.0.2 "OPTIONS / HTTP/1.0" status: 200 len: 234 time: 0.0002551
2016-12-20 05:35:30.641 13631 INFO nova.osapi_compute.wsgi.server [-] 192.168.0.2 "OPTIONS / HTTP/1.0" status: 200 len: 499 time: 0.0004282
2016-12-20 05:35:36.530 13741 INFO nova.metadata.wsgi.server [-] 192.168.0.2 "OPTIONS / HTTP/1.0" status: 200 len: 234 time: 0.0002689
2016-12-20 05:35:40.380 13631 INFO nova.osapi_compute.wsgi.server [-] 192.168.0.2 "OPTIONS / HTTP/1.0" status: 200 len: 499 time: 0.0004199
2016-12-20 05:35:46.446 13742 INFO nova.metadata.wsgi.server [-] 192.168.0.2 "OPTIONS / HTTP/1.0" status: 200 len: 234 time: 0.0002620
2016-12-20 05:35:50.504 13626 INFO nova.osapi_compute.wsgi.server [-] 192.168.0.2 "OPTIONS / HTTP/1.0" status: 200 len: 499 time: 0.0004280
2016-12-20 05:35:56.463 13741 INFO nova.metadata.wsgi.server [-] 192.168.0.2 "OPTIONS / HTTP/1.0" status: 200 len: 234 time: 0.0002701
2016-12-20 05:36:00.304 13626 INFO nova.osapi_compute.wsgi.server [-] 192.168.0.2 "OPTIONS / HTTP/1.0" status: 200 len: 499 time: 0.0004129
2016-12-20 05:36:03.196 13626 INFO nova.osapi_compute.wsgi.server [req-8a82799a-8bc8-424f-b9d2-2c096e053250 ac9b823b8bd444519added5e2c0eb970 e9e2282bbadc48188deb4d518437aea4 - - -] 192.168.0.2 "GET /v2.1/limits?reserved=1 HTTP/1.1" status: 200 len: 772 time: 0.0327768
2016-12-20 05:36:03.294 13631 INFO nova.osapi_compute.wsgi.server [req-07801005-5f3a-4ecd-8a85-54fc27c726d4 ac9b823b8bd444519added5e2c0eb970 e9e2282bbadc48188deb4d518437aea4 - - -] 192.168.0.2 "GET /v2.1/servers/detail?limit=21&project_id=e9e2282bbadc48188deb4d518437aea4 HTTP/1.1" status: 200 len: 4067 time: 0.1301141
2016-12-20 05:36:03.315 13631 INFO nova.osapi_compute.wsgi.server [req-e806b2a4-4b62-42ec-90e9-ce5aefbdb7cc ac9b823b8bd444519added5e2c0eb970 e9e2282bbadc48188deb4d518437aea4 - - -] 192.168.0.2 "GET /v2.1/flavors/detail HTTP/1.1" status: 200 len: 2917 time: 0.0144219
2016-12-20 05:36:03.509 13632 INFO nova.osapi_compute.wsgi.server [req-32e0dd3e-8fbb-4019-b586-13a25ad3bb5e ac9b823b8bd444519added5e2c0eb970 e9e2282bbadc48188deb4d518437aea4 - - -] 192.168.0.2 "GET /v2.1/extensions HTTP/1.1" status: 200 len: 21761 time: 0.0176010
2016-12-20 05:36:05.756 13628 INFO nova.osapi_compute.wsgi.server [req-c3a7dd78-ac18-4f05-9e0c-4ff973a29854 ac9b823b8bd444519added5e2c0eb970 e9e2282bbadc48188deb4d518437aea4 - - -] 192.168.0.2 "GET /v2.1/extensions HTTP/1.1" status: 200 len: 21761 time: 0.0176358
2016-12-20 05:36:06.306 13741 INFO nova.metadata.wsgi.server [-] 192.168.0.2 "OPTIONS / HTTP/1.0" status: 200 len: 234 time: 0.0002568
2016-12-20 05:36:08.626 13626 INFO nova.osapi_compute.wsgi.server [req-ae491171-101c-4fc4-8605-d5d25afc1b72 ac9b823b8bd444519added5e2c0eb970 e9e2282bbadc48188deb4d518437aea4 - - -] 192.168.0.2 "GET /v2.1/extensions HTTP/1.1" status: 200 len: 21761 time: 0.0176940
2016-12-20 05:36:10.227 13631 INFO nova.osapi_compute.wsgi.server [-] 192.168.0.2 "OPTIONS / HTTP/1.0" status: 200 len: 499 time: 0.0004380
2016-12-20 05:36:16.462 13743 INFO nova.metadata.wsgi.server [-] 192.168.0.2 "OPTIONS / HTTP/1.0" status: 200 len: 234 time: 0.0002651
2016-12-20 05:36:20.326 13632 INFO nova.osapi_compute.wsgi.server [-] 192.168.0.2 "OPTIONS / HTTP/1.0" status: 200 len: 499 time: 0.0004282
2016-12-20 05:36:26.480 13741 INFO nova.metadata.wsgi.server [-] 192.168.0.2 "OPTIONS / HTTP/1.0" status: 200 len: 234 time: 0.0002630
2016-12-20 05:36:30.537 13626 INFO nova.osapi_compute.wsgi.server [-] 192.168.0.2 "OPTIONS / HTTP/1.0" status: 200 len: 499 time: 0.0004311
2016-12-20 05:36:36.230 13743 INFO nova.metadata.wsgi.server [-] 192.168.0.2 "OPTIONS / HTTP/1.0" status: 200 len: 234 time: 0.0002661
2016-12-20 05:36:40.301 13626 INFO nova.osapi_compute.wsgi.server [-] 192.168.0.2 "OPTIONS / HTTP/1.0" status: 200 len: 499 time: 0.0004311
2016-12-20 05:36:46.167 13743 INFO nova.metadata.wsgi.server [-] 192.168.0.2 "OPTIONS / HTTP/1.0" status: 200 len: 234 time: 0.0002661
2016-12-20 05:36:50.538 13626 INFO nova.osapi_compute.wsgi.server [-] 192.168.0.2 "OPTIONS / HTTP/1.0" status: 200 len: 499 time: 0.0004210
2016-12-20 05:36:56.204 13743 INFO nova.metadata.wsgi.server [-] 192.168.0.2 "OPTIONS / HTTP/1.0" status: 200 len: 234 time: 0.0002799
2016-12-20 05:37:00.171 13626 INFO nova.osapi_compute.wsgi.server [req-871ffb16-3935-41e4-8648-42980bf9d146 81d6a3f0ccdc4964ae83a0294f9b3fd7 b62480b9d83d421a8fdf174efa0173c8 - - -] 192.168.0.2 "GET /v2.1/images/detail HTTP/1.0" status: 200 len: 2101 time: 0.1218588
2016-12-20 05:37:00.819 13632 INFO nova.osapi_compute.wsgi.server [-] 192.168.0.2 "OPTIONS / HTTP/1.0" status: 200 len: 499 time: 0.0004270
2016-12-20 05:37:06.412 13744 INFO nova.metadata.wsgi.server [-] 192.168.0.2 "OPTIONS / HTTP/1.0" status: 200 len: 234 time: 0.0002789
2016-12-20 05:37:10.569 13632 INFO nova.osapi_compute.wsgi.server [-] 192.168.0.2 "OPTIONS / HTTP/1.0" status: 200 len: 499 time: 0.0004241
2016-12-20 05:37:16.646 13743 INFO nova.metadata.wsgi.server [-] 192.168.0.2 "OPTIONS / HTTP/1.0" status: 200 len: 234 time: 0.0002620
2016-12-20 05:37:20.325 13626 INFO nova.osapi_compute.wsgi.server [-] 192.168.0.2 "OPTIONS / HTTP/1.0" status: 200 len: 499 time: 0.0004139
2016-12-20 05:37:26.790 13743 INFO nova.metadata.wsgi.server [-] 192.168.0.2 "OPTIONS / HTTP/1.0" status: 200 len: 234 time: 0.0002589
2016-12-20 05:37:30.555 13626 INFO nova.osapi_compute.wsgi.server [-] 192.168.0.2 "OPTIONS / HTTP/1.0" status: 200 len: 499 time: 0.0004239
2016-12-20 05:37:36.771 13743 INFO nova.metadata.wsgi.server [-] 192.168.0.2 "OPTIONS / HTTP/1.0" status: 200 len: 234 time: 0.0002582
2016-12-20 05:37:40.601 13628 INFO nova.osapi_compute.wsgi.server [-] 192.168.0.2 "OPTIONS / HTTP/1.0" status: 200 len: 499 time: 0.0004060
2016-12-20 05:37:46.706 13743 INFO nova.metadata.wsgi.server [-] 192.168.0.2 "OPTIONS / HTTP/1.0" status: 200 len: 234 time: 0.0002658
2016-12-20 05:37:50.556 13626 INFO nova.osapi_compute.wsgi.server [-] 192.168.0.2 "OPTIONS / HTTP/1.0" status: 200 len: 499 time: 0.0004261
2016-12-20 05:37:56.635 13741 INFO nova.metadata.wsgi.server [-] 192.168.0.2 "OPTIONS / HTTP/1.0" status: 200 len: 234 time: 0.0002711
2016-12-20 05:38:00.267 13632 INFO nova.osapi_compute.wsgi.server [-] 192.168.0.2 "OPTIONS / HTTP/1.0" status: 200 len: 499 time: 0.0004189
2016-12-20 05:38:06.681 13743 INFO nova.metadata.wsgi.server [-] 192.168.0.2 "OPTIONS / HTTP/1.0" status: 200 len: 234 time: 0.0002499
2016-12-20 05:38:10.180 13628 INFO nova.osapi_compute.wsgi.server [-] 192.168.0.2 "OPTIONS / HTTP/1.0" status: 200 len: 499 time: 0.0004110
2016-12-20 05:38:16.510 13741 INFO nova.metadata.wsgi.server [-] 192.168.0.2 "OPTIONS / HTTP/1.0" status: 200 len: 234 time: 0.0002730
2016-12-20 05:38:20.383 13631 INFO nova.osapi_compute.wsgi.server [-] 192.168.0.2 "OPTIONS / HTTP/1.0" status: 200 len: 499 time: 0.0004110
2016-12-20 05:38:26.415 13743 INFO nova.metadata.wsgi.server [-] 192.168.0.2 "OPTIONS / HTTP/1.0" status: 200 len: 234 time: 0.0002551
2016-12-20 05:38:30.260 13632 INFO nova.osapi_compute.wsgi.server [-] 192.168.0.2 "OPTIONS / HTTP/1.0" status: 200 len: 499 time: 0.0004151
2016-12-20 05:38:36.552 13744 INFO nova.metadata.wsgi.server [-] 192.168.0.2 "OPTIONS / HTTP/1.0" status: 200 len: 234 time: 0.0002689
2016-12-20 05:38:40.262 13632 INFO nova.osapi_compute.wsgi.server [-] 192.168.0.2 "OPTIONS / HTTP/1.0" status: 200 len: 499 time: 0.0004201
2016-12-20 05:38:46.476 13741 INFO nova.metadata.wsgi.server [-] 192.168.0.2 "OPTIONS / HTTP/1.0" status: 200 len: 234 time: 0.0002692
2016-12-20 05:38:50.040 13631 INFO nova.osapi_compute.wsgi.server [-] 192.168.0.2 "OPTIONS / HTTP/1.0" status: 200 len: 499 time: 0.0004189
2016-12-20 05:38:56.580 13741 INFO nova.metadata.wsgi.server [-] 192.168.0.2 "OPTIONS / HTTP/1.0" status: 200 len: 234 time: 0.0002820
2016-12-20 05:39:00.176 13626 INFO nova.osapi_compute.wsgi.server [-] 192.168.0.2 "OPTIONS / HTTP/1.0" status: 200 len: 499 time: 0.0004339
2016-12-20 05:39:06.594 13744 INFO nova.metadata.wsgi.server [-] 192.168.0.2 "OPTIONS / HTTP/1.0" status: 200 len: 234 time: 0.0002620
2016-12-20 05:39:10.372 13626 INFO nova.osapi_compute.wsgi.server [-] 192.168.0.2 "OPTIONS / HTTP/1.0" status: 200 len: 499 time: 0.0004220
2016-12-20 05:39:16.381 13741 INFO nova.metadata.wsgi.server [-] 192.168.0.2 "OPTIONS / HTTP/1.0" status: 200 len: 234 time: 0.0002601
2016-12-20 05:39:19.749 13631 INFO nova.osapi_compute.wsgi.server [req-9123fddd-608a-40fe-a4d1-ee9445b90391 ac9b823b8bd444519added5e2c0eb970 e9e2282bbadc48188deb4d518437aea4 - - -] 192.168.0.2 "GET /v2.1/extensions HTTP/1.1" status: 200 len: 21761 time: 0.0195701
2016-12-20 05:39:20.572 13626 INFO nova.osapi_compute.wsgi.server [-] 192.168.0.2 "OPTIONS / HTTP/1.0" status: 200 len: 499 time: 0.0004029
2016-12-20 05:39:26.383 13741 INFO nova.metadata.wsgi.server [-] 192.168.0.2 "OPTIONS / HTTP/1.0" status: 200 len: 234 time: 0.0002661
2016-12-20 05:39:30.369 13632 INFO nova.osapi_compute.wsgi.server [-] 192.168.0.2 "OPTIONS / HTTP/1.0" status: 200 len: 499 time: 0.0004210
2016-12-20 05:39:36.102 13743 INFO nova.metadata.wsgi.server [-] 192.168.0.2 "OPTIONS / HTTP/1.0" status: 200 len: 234 time: 0.0002570
2016-12-20 05:39:40.329 13628 INFO nova.osapi_compute.wsgi.server [-] 192.168.0.2 "OPTIONS / HTTP/1.0" status: 200 len: 499 time: 0.0004101
2016-12-20 05:39:45.985 13742 INFO nova.metadata.wsgi.server [-] 192.168.0.2 "OPTIONS / HTTP/1.0" status: 200 len: 234 time: 0.0002730
2016-12-20 05:39:50.355 13626 INFO nova.osapi_compute.wsgi.server [-] 192.168.0.2 "OPTIONS / HTTP/1.0" status: 200 len: 499 time: 0.0004070
2016-12-20 05:39:56.123 13742 INFO nova.metadata.wsgi.server [-] 192.168.0.2 "OPTIONS / HTTP/1.0" status: 200 len: 234 time: 0.0002611
2016-12-20 05:40:00.110 13628 INFO nova.osapi_compute.wsgi.server [-] 192.168.0.2 "OPTIONS / HTTP/1.0" status: 200 len: 499 time: 0.0004039
2016-12-20 05:40:05.948 13741 INFO nova.metadata.wsgi.server [-] 192.168.0.2 "OPTIONS / HTTP/1.0" status: 200 len: 234 time: 0.0002701
2016-12-20 05:40:10.358 13628 INFO nova.osapi_compute.wsgi.server [-] 192.168.0.2 "OPTIONS / HTTP/1.0" status: 200 len: 499 time: 0.0004261
2016-12-20 05:40:15.874 13741 INFO nova.metadata.wsgi.server [-] 192.168.0.2 "OPTIONS / HTTP/1.0" status: 200 len: 234 time: 0.0002670
2016-12-20 05:40:20.271 13632 INFO nova.osapi_compute.wsgi.server [-] 192.168.0.2 "OPTIONS / HTTP/1.0" status: 200 len: 499 time: 0.0004220
2016-12-20 05:40:25.932 13742 INFO nova.metadata.wsgi.server [-] 192.168.0.2 "OPTIONS / HTTP/1.0" status: 200 len: 234 time: 0.0002739
2016-12-20 05:40:29.994 13631 INFO nova.osapi_compute.wsgi.server [-] 192.168.0.2 "OPTIONS / HTTP/1.0" status: 200 len: 499 time: 0.0004220
2016-12-20 05:40:35.765 13743 INFO nova.metadata.wsgi.server [-] 192.168.0.2 "OPTIONS / HTTP/1.0" status: 200 len: 234 time: 0.0002680
2016-12-20 05:40:40.284 13632 INFO nova.osapi_compute.wsgi.server [-] 192.168.0.2 "OPTIONS / HTTP/1.0" status: 200 len: 499 time: 0.0004230
2016-12-20 05:40:45.568 13744 INFO nova.metadata.wsgi.server [-] 192.168.0.2 "OPTIONS / HTTP/1.0" status: 200 len: 234 time: 0.0002601
2016-12-20 05:40:50.572 13628 INFO nova.osapi_compute.wsgi.server [-] 192.168.0.2 "OPTIONS / HTTP/1.0" status: 200 len: 499 time: 0.0004158
2016-12-20 05:40:55.644 13743 INFO nova.metadata.wsgi.server [-] 192.168.0.2 "OPTIONS / HTTP/1.0" status: 200 len: 234 time: 0.0002801
2016-12-20 05:41:00.688 13631 INFO nova.osapi_compute.wsgi.server [-] 192.168.0.2 "OPTIONS / HTTP/1.0" status: 200 len: 499 time: 0.0004261
2016-12-20 05:41:05.751 13744 INFO nova.metadata.wsgi.server [-] 192.168.0.2 "OPTIONS / HTTP/1.0" status: 200 len: 234 time: 0.0002658
2016-12-20 05:41:10.524 13631 INFO nova.osapi_compute.wsgi.server [-] 192.168.0.2 "OPTIONS / HTTP/1.0" status: 200 len: 499 time: 0.0004179
2016-12-20 05:41:15.555 13741 INFO nova.metadata.wsgi.server [-] 192.168.0.2 "OPTIONS / HTTP/1.0" status: 200 len: 234 time: 0.0002661
2016-12-20 05:41:20.570 13632 INFO nova.osapi_compute.wsgi.server [-] 192.168.0.2 "OPTIONS / HTTP/1.0" status: 200 len: 499 time: 0.0004210
2016-12-20 05:41:25.829 13741 INFO nova.metadata.wsgi.server [-] 192.168.0.2 "OPTIONS / HTTP/1.0" status: 200 len: 234 time: 0.0002739
2016-12-20 05:41:30.721 13632 INFO nova.osapi_compute.wsgi.server [-] 192.168.0.2 "OPTIONS / HTTP/1.0" status: 200 len: 499 time: 0.0004208
2016-12-20 05:41:35.723 13744 INFO nova.metadata.wsgi.server [-] 192.168.0.2 "OPTIONS / HTTP/1.0" status: 200 len: 234 time: 0.0002851
2016-12-20 05:41:40.898 13626 INFO nova.osapi_compute.wsgi.server [-] 192.168.0.2 "OPTIONS / HTTP/1.0" status: 200 len: 499 time: 0.0004292
2016-12-20 05:41:45.529 13744 INFO nova.metadata.wsgi.server [-] 192.168.0.2 "OPTIONS / HTTP/1.0" status: 200 len: 234 time: 0.0002642
2016-12-20 05:41:50.984 13626 INFO nova.osapi_compute.wsgi.server [-] 192.168.0.2 "OPTIONS / HTTP/1.0" status: 200 len: 499 time: 0.0004609
2016-12-20 05:41:55.544 13743 INFO nova.metadata.wsgi.server [-] 192.168.0.2 "OPTIONS / HTTP/1.0" status: 200 len: 234 time: 0.0002701
2016-12-20 05:42:00.740 13628 INFO nova.osapi_compute.wsgi.server [-] 192.168.0.2 "OPTIONS / HTTP/1.0" status: 200 len: 499 time: 0.0004189
2016-12-20 05:42:05.534 13744 INFO nova.metadata.wsgi.server [-] 192.168.0.2 "OPTIONS / HTTP/1.0" status: 200 len: 234 time: 0.0002561
2016-12-20 05:42:10.812 13631 INFO nova.osapi_compute.wsgi.server [-] 192.168.0.2 "OPTIONS / HTTP/1.0" status: 200 len: 499 time: 0.0004160
2016-12-20 05:42:15.532 13743 INFO nova.metadata.wsgi.server [-] 192.168.0.2 "OPTIONS / HTTP/1.0" status: 200 len: 234 time: 0.0002851
2016-12-20 05:42:20.584 13632 INFO nova.osapi_compute.wsgi.server [-] 192.168.0.2 "OPTIONS / HTTP/1.0" status: 200 len: 499 time: 0.0004230
2016-12-20 05:42:25.287 13742 INFO nova.metadata.wsgi.server [-] 192.168.0.2 "OPTIONS / HTTP/1.0" status: 200 len: 234 time: 0.0002689
2016-12-20 05:42:30.437 13632 INFO nova.osapi_compute.wsgi.server [-] 192.168.0.2 "OPTIONS / HTTP/1.0" status: 200 len: 499 time: 0.0004442
2016-12-20 05:42:35.438 13742 INFO nova.metadata.wsgi.server [-] 192.168.0.2 "OPTIONS / HTTP/1.0" status: 200 len: 234 time: 0.0002630
2016-12-20 05:42:40.670 13626 INFO nova.osapi_compute.wsgi.server [-] 192.168.0.2 "OPTIONS / HTTP/1.0" status: 200 len: 499 time: 0.0004029
2016-12-20 05:42:45.714 13741 INFO nova.metadata.wsgi.server [-] 192.168.0.2 "OPTIONS / HTTP/1.0" status: 200 len: 234 time: 0.0002651
2016-12-20 05:42:47.596 13744 INFO nova.wsgi [-] Stopping WSGI server.
2016-12-20 05:42:47.597 13744 INFO nova.metadata.wsgi.server [req-4e4e7e09-d2cc-4959-8342-3814530e8cf8 - - - - -] (13744) wsgi exited, is_accepting=True
2016-12-20 05:42:47.597 13741 INFO nova.wsgi [-] Stopping WSGI server.
2016-12-20 05:42:47.597 13744 INFO nova.wsgi [-] WSGI server has stopped.
2016-12-20 05:42:47.597 13741 INFO nova.metadata.wsgi.server [req-34a49080-b790-436a-a3dd-6c2e5430d595 - - - - -] (13741) wsgi exited, is_accepting=True
2016-12-20 05:42:47.598 13741 INFO nova.wsgi [-] WSGI server has stopped.
2016-12-20 05:42:47.600 13742 INFO nova.wsgi [-] Stopping WSGI server.
2016-12-20 05:42:47.601 13742 INFO nova.metadata.wsgi.server [req-4d9c3845-6e1c-40a5-ae1d-8da4879a1c31 - - - - -] (13742) wsgi exited, is_accepting=True
2016-12-20 05:42:47.602 13742 INFO nova.wsgi [-] WSGI server has stopped.
2016-12-20 05:42:47.604 13743 INFO nova.wsgi [-] Stopping WSGI server.
2016-12-20 05:42:47.617 13743 INFO nova.metadata.wsgi.server [req-d62bf809-4055-4974-bff9-d3fc3dfcecdb - - - - -] (13743) wsgi exited, is_accepting=True
2016-12-20 05:42:47.617 13743 INFO nova.wsgi [-] WSGI server has stopped.
2016-12-20 05:42:47.621 13626 INFO nova.wsgi [-] Stopping WSGI server.
2016-12-20 05:42:47.621 13626 INFO nova.osapi_compute.wsgi.server [req-f8c49f39-9b63-46b4-95b9-a877f79f70da - - - - -] (13626) wsgi exited, is_accepting=True
2016-12-20 05:42:47.622 13626 INFO nova.wsgi [-] WSGI server has stopped.
2016-12-20 05:42:47.628 13040 INFO oslo_service.service [-] Caught SIGTERM, stopping children
2016-12-20 05:42:47.630 13631 INFO nova.wsgi [-] Stopping WSGI server.
2016-12-20 05:42:47.633 13040 INFO nova.wsgi [-] Stopping WSGI server.
2016-12-20 05:42:47.653 13040 INFO nova.wsgi [-] Stopping WSGI server.
2016-12-20 05:42:47.653 13040 INFO oslo_service.service [-] Waiting on 8 children to exit
2016-12-20 05:42:47.653 13040 INFO oslo_service.service [-] Child 13741 exited with status 0
2016-12-20 05:42:47.656 13040 INFO oslo_service.service [-] Child 13742 exited with status 0
2016-12-20 05:42:47.657 13040 INFO oslo_service.service [-] Child 13743 exited with status 0
2016-12-20 05:42:47.670 13628 INFO nova.wsgi [-] Stopping WSGI server.
2016-12-20 05:42:47.671 13628 INFO nova.osapi_compute.wsgi.server [req-43f60056-9d85-4726-a905-52eadf0d8145 - - - - -] (13628) wsgi exited, is_accepting=True
2016-12-20 05:42:47.672 13628 INFO nova.wsgi [-] WSGI server has stopped.
2016-12-20 05:42:47.677 13632 INFO nova.wsgi [-] Stopping WSGI server.
2016-12-20 05:42:47.677 13632 INFO nova.osapi_compute.wsgi.server [req-74bdb90b-41fa-4655-9519-2eaab644645e - - - - -] (13632) wsgi exited, is_accepting=True
2016-12-20 05:42:47.678 13632 INFO nova.wsgi [-] WSGI server has stopped.
2016-12-20 05:42:47.679 13040 INFO oslo_service.service [-] Child 13744 exited with status 0
2016-12-20 05:42:47.712 13040 INFO oslo_service.service [-] Child 13631 killed by signal 15
2016-12-20 05:42:47.720 13040 INFO oslo_service.service [-] Child 13626 exited with status 0
2016-12-20 05:42:47.732 13040 INFO oslo_service.service [-] Child 13628 exited with status 0
2016-12-20 05:42:47.742 13040 INFO oslo_service.service [-] Child 13632 exited with status 0
2016-12-20 06:05:48.650 5373 WARNING oslo_reports.guru_meditation_report [-] Guru mediation now registers SIGUSR1 and SIGUSR2 by default for backward compatibility. SIGUSR1 will no longer be registered in a future release, so please use SIGUSR2 to generate reports.
2016-12-20 06:05:49.094 5373 INFO oslo_service.periodic_task [-] Skipping periodic task _periodic_update_dns because its interval is negative
2016-12-20 06:05:49.109 5373 WARNING oslo_config.cfg [-] Option "volume_api_class" from group "DEFAULT" is deprecated for removal. Its value may be silently ignored in the future.
2016-12-20 06:05:49.115 5373 WARNING oslo_config.cfg [-] Option "security_group_api" from group "DEFAULT" is deprecated for removal. Its value may be silently ignored in the future.
2016-12-20 06:05:49.115 5373 WARNING oslo_config.cfg [-] Option "use_local" from group "conductor" is deprecated for removal. Its value may be silently ignored in the future.
2016-12-20 06:05:49.209 5373 INFO nova.api.openstack [-] Loaded extensions: ['extensions', 'flavors', 'image-metadata', 'image-size', 'images', 'ips', 'limits', 'os-access-ips', 'os-admin-actions', 'os-admin-password', 'os-agents', 'os-aggregates', 'os-assisted-volume-snapshots', 'os-attach-interfaces', 'os-availability-zone', 'os-baremetal-nodes', 'os-block-device-mapping', 'os-cells', 'os-certificates', 'os-cloudpipe', 'os-config-drive', 'os-console-auth-tokens', 'os-console-output', 'os-consoles', 'os-create-backup', 'os-deferred-delete', 'os-disk-config', 'os-evacuate', 'os-extended-availability-zone', 'os-extended-server-attributes', 'os-extended-status', 'os-extended-volumes', 'os-fixed-ips', 'os-flavor-access', 'os-flavor-extra-specs', 'os-flavor-manage', 'os-flavor-rxtx', 'os-floating-ip-dns', 'os-floating-ip-pools', 'os-floating-ips', 'os-floating-ips-bulk', 'os-fping', 'os-hide-server-addresses', 'os-hosts', 'os-hypervisors', 'os-instance-actions', 'os-instance-usage-audit-log', 'os-keypairs', 'os-lock-server', 'os-migrate-server', 'os-migrations', 'os-multinic', 'os-multiple-create', 'os-networks', 'os-networks-associate', 'os-pause-server', 'os-personality', 'os-preserve-ephemeral-rebuild', 'os-quota-class-sets', 'os-quota-sets', 'os-remote-consoles', 'os-rescue', 'os-scheduler-hints', 'os-security-group-default-rules', 'os-security-groups', 'os-server-diagnostics', 'os-server-external-events', 'os-server-groups', 'os-server-password', 'os-server-usage', 'os-services', 'os-shelve', 'os-simple-tenant-usage', 'os-suspend-server', 'os-tenant-networks', 'os-used-limits', 'os-user-data', 'os-virtual-interfaces', 'os-volumes', 'server-metadata', 'server-migrations', 'servers', 'versions']
2016-12-20 06:05:49.211 5373 WARNING keystonemiddleware.auth_token [-] Use of the auth_admin_prefix, auth_host, auth_port, auth_protocol, identity_uri, admin_token, admin_user, admin_password, and admin_tenant_name configuration options was deprecated in the Mitaka release in favor of an auth_plugin and its related options. This class may be removed in a future release.
2016-12-20 06:05:49.373 5373 INFO nova.api.openstack [-] Loaded extensions: ['extensions', 'flavors', 'image-metadata', 'image-size', 'images', 'ips', 'limits', 'os-access-ips', 'os-admin-actions', 'os-admin-password', 'os-agents', 'os-aggregates', 'os-assisted-volume-snapshots', 'os-attach-interfaces', 'os-availability-zone', 'os-baremetal-nodes', 'os-block-device-mapping', 'os-cells', 'os-certificates', 'os-cloudpipe', 'os-config-drive', 'os-console-auth-tokens', 'os-console-output', 'os-consoles', 'os-create-backup', 'os-deferred-delete', 'os-disk-config', 'os-evacuate', 'os-extended-availability-zone', 'os-extended-server-attributes', 'os-extended-status', 'os-extended-volumes', 'os-fixed-ips', 'os-flavor-access', 'os-flavor-extra-specs', 'os-flavor-manage', 'os-flavor-rxtx', 'os-floating-ip-dns', 'os-floating-ip-pools', 'os-floating-ips', 'os-floating-ips-bulk', 'os-fping', 'os-hide-server-addresses', 'os-hosts', 'os-hypervisors', 'os-instance-actions', 'os-instance-usage-audit-log', 'os-keypairs', 'os-lock-server', 'os-migrate-server', 'os-migrations', 'os-multinic', 'os-multiple-create', 'os-networks', 'os-networks-associate', 'os-pause-server', 'os-personality', 'os-preserve-ephemeral-rebuild', 'os-quota-class-sets', 'os-quota-sets', 'os-remote-consoles', 'os-rescue', 'os-scheduler-hints', 'os-security-group-default-rules', 'os-security-groups', 'os-server-diagnostics', 'os-server-external-events', 'os-server-groups', 'os-server-password', 'os-server-usage', 'os-services', 'os-shelve', 'os-simple-tenant-usage', 'os-suspend-server', 'os-tenant-networks', 'os-used-limits', 'os-user-data', 'os-virtual-interfaces', 'os-volumes', 'server-metadata', 'server-migrations', 'servers', 'versions']
2016-12-20 06:05:49.374 5373 WARNING keystonemiddleware.auth_token [-] Use of the auth_admin_prefix, auth_host, auth_port, auth_protocol, identity_uri, admin_token, admin_user, admin_password, and admin_tenant_name configuration options was deprecated in the Mitaka release in favor of an auth_plugin and its related options. This class may be removed in a future release.
2016-12-20 06:05:49.377 5373 INFO nova.wsgi [-] osapi_compute listening on 192.168.0.4:8774
2016-12-20 06:05:49.377 5373 INFO oslo_service.service [-] Starting 4 workers
2016-12-20 06:05:49.384 5373 INFO nova.network.driver [-] Loading network driver 'nova.network.linux_net'
2016-12-20 06:05:50.006 5373 INFO nova.wsgi [-] metadata listening on 192.168.0.4:8775
2016-12-20 06:05:50.006 5373 INFO oslo_service.service [-] Starting 4 workers
2016-12-20 06:05:50.022 5373 WARNING oslo_config.cfg [-] Option "auth_plugin" from group "neutron" is deprecated. Use option "auth_type" from group "neutron".
2016-12-20 06:05:50.023 5373 WARNING oslo_config.cfg [-] Option "novncproxy_host" from group "DEFAULT" is deprecated. Use option "novncproxy_host" from group "vnc".
2016-12-20 06:05:50.023 5373 WARNING oslo_config.cfg [-] Option "novncproxy_port" from group "DEFAULT" is deprecated. Use option "novncproxy_port" from group "vnc".
2016-12-20 06:05:51.861 6341 WARNING oslo_db.sqlalchemy.engines [req-3990329c-1718-4023-8bb6-79ee63688104 - - - - -] SQL connection failed. -1 attempts left.
2016-12-20 06:05:51.861 6315 WARNING oslo_db.sqlalchemy.engines [req-c4230870-5613-4361-a23a-bd18e38bb3fc - - - - -] SQL connection failed. -1 attempts left.
2016-12-20 06:05:51.862 6313 WARNING oslo_db.sqlalchemy.engines [req-bfba7b52-c510-4740-ab65-d683da9c3bb7 - - - - -] SQL connection failed. -1 attempts left.
2016-12-20 06:05:51.862 6342 WARNING oslo_db.sqlalchemy.engines [req-16bd1ff3-2193-45e9-b490-575506830ffe - - - - -] SQL connection failed. -1 attempts left.
2016-12-20 06:05:51.862 6316 WARNING oslo_db.sqlalchemy.engines [req-4b48ea96-e8d3-4764-b635-7a9b264f95c3 - - - - -] SQL connection failed. -1 attempts left.
2016-12-20 06:05:51.862 6314 WARNING oslo_db.sqlalchemy.engines [req-63ac0b40-4e18-4aaf-83b2-8923c9e8573d - - - - -] SQL connection failed. -1 attempts left.
2016-12-20 06:05:51.863 6339 WARNING oslo_db.sqlalchemy.engines [req-3b6d3025-d7f2-449d-ae26-b140b00097de - - - - -] SQL connection failed. -1 attempts left.
2016-12-20 06:05:51.863 6340 WARNING oslo_db.sqlalchemy.engines [req-2e8d4bd9-938c-477b-a17b-26d320385dc5 - - - - -] SQL connection failed. -1 attempts left.
2016-12-20 06:06:03.065 6341 WARNING oslo_db.sqlalchemy.engines [req-3990329c-1718-4023-8bb6-79ee63688104 - - - - -] SQL connection failed. -2 attempts left.
2016-12-20 06:06:03.066 6313 WARNING oslo_db.sqlalchemy.engines [req-bfba7b52-c510-4740-ab65-d683da9c3bb7 - - - - -] SQL connection failed. -2 attempts left.
2016-12-20 06:06:03.066 6315 WARNING oslo_db.sqlalchemy.engines [req-c4230870-5613-4361-a23a-bd18e38bb3fc - - - - -] SQL connection failed. -2 attempts left.
2016-12-20 06:06:03.066 6342 WARNING oslo_db.sqlalchemy.engines [req-16bd1ff3-2193-45e9-b490-575506830ffe - - - - -] SQL connection failed. -2 attempts left.
2016-12-20 06:06:03.067 6314 WARNING oslo_db.sqlalchemy.engines [req-63ac0b40-4e18-4aaf-83b2-8923c9e8573d - - - - -] SQL connection failed. -2 attempts left.
2016-12-20 06:06:03.068 6339 WARNING oslo_db.sqlalchemy.engines [req-3b6d3025-d7f2-449d-ae26-b140b00097de - - - - -] SQL connection failed. -2 attempts left.
2016-12-20 06:06:03.068 6316 WARNING oslo_db.sqlalchemy.engines [req-4b48ea96-e8d3-4764-b635-7a9b264f95c3 - - - - -] SQL connection failed. -2 attempts left.
2016-12-20 06:06:03.069 6340 WARNING oslo_db.sqlalchemy.engines [req-2e8d4bd9-938c-477b-a17b-26d320385dc5 - - - - -] SQL connection failed. -2 attempts left.
2016-12-20 06:06:13.118 6341 WARNING oslo_db.sqlalchemy.engines [req-3990329c-1718-4023-8bb6-79ee63688104 - - - - -] SQL connection failed. -3 attempts left.
2016-12-20 06:06:13.118 6316 WARNING oslo_db.sqlalchemy.engines [req-4b48ea96-e8d3-4764-b635-7a9b264f95c3 - - - - -] SQL connection failed. -3 attempts left.
2016-12-20 06:06:13.118 6315 WARNING oslo_db.sqlalchemy.engines [req-c4230870-5613-4361-a23a-bd18e38bb3fc - - - - -] SQL connection failed. -3 attempts left.
2016-12-20 06:06:13.118 6314 WARNING oslo_db.sqlalchemy.engines [req-63ac0b40-4e18-4aaf-83b2-8923c9e8573d - - - - -] SQL connection failed. -3 attempts left.
2016-12-20 06:06:13.118 6342 WARNING oslo_db.sqlalchemy.engines [req-16bd1ff3-2193-45e9-b490-575506830ffe - - - - -] SQL connection failed. -3 attempts left.
2016-12-20 06:06:13.118 6339 WARNING oslo_db.sqlalchemy.engines [req-3b6d3025-d7f2-449d-ae26-b140b00097de - - - - -] SQL connection failed. -3 attempts left.
2016-12-20 06:06:13.119 6340 WARNING oslo_db.sqlalchemy.engines [req-2e8d4bd9-938c-477b-a17b-26d320385dc5 - - - - -] SQL connection failed. -3 attempts left.
2016-12-20 06:06:13.119 6313 WARNING oslo_db.sqlalchemy.engines [req-bfba7b52-c510-4740-ab65-d683da9c3bb7 - - - - -] SQL connection failed. -3 attempts left.
2016-12-20 06:06:23.124 6342 WARNING oslo_db.sqlalchemy.engines [req-16bd1ff3-2193-45e9-b490-575506830ffe - - - - -] SQL connection failed. -4 attempts left.
2016-12-20 06:06:23.124 6315 WARNING oslo_db.sqlalchemy.engines [req-c4230870-5613-4361-a23a-bd18e38bb3fc - - - - -] SQL connection failed. -4 attempts left.
2016-12-20 06:06:23.125 6341 WARNING oslo_db.sqlalchemy.engines [req-3990329c-1718-4023-8bb6-79ee63688104 - - - - -] SQL connection failed. -4 attempts left.
2016-12-20 06:06:23.125 6340 WARNING oslo_db.sqlalchemy.engines [req-2e8d4bd9-938c-477b-a17b-26d320385dc5 - - - - -] SQL connection failed. -4 attempts left.
2016-12-20 06:06:23.125 6314 WARNING oslo_db.sqlalchemy.engines [req-63ac0b40-4e18-4aaf-83b2-8923c9e8573d - - - - -] SQL connection failed. -4 attempts left.
2016-12-20 06:06:23.126 6313 WARNING oslo_db.sqlalchemy.engines [req-bfba7b52-c510-4740-ab65-d683da9c3bb7 - - - - -] SQL connection failed. -4 attempts left.
2016-12-20 06:06:23.127 6339 WARNING oslo_db.sqlalchemy.engines [req-3b6d3025-d7f2-449d-ae26-b140b00097de - - - - -] SQL connection failed. -4 attempts left.
2016-12-20 06:06:23.127 6316 WARNING oslo_db.sqlalchemy.engines [req-4b48ea96-e8d3-4764-b635-7a9b264f95c3 - - - - -] SQL connection failed. -4 attempts left.
2016-12-20 06:06:33.133 6341 WARNING oslo_db.sqlalchemy.engines [req-3990329c-1718-4023-8bb6-79ee63688104 - - - - -] SQL connection failed. -5 attempts left.
2016-12-20 06:06:33.133 6314 WARNING oslo_db.sqlalchemy.engines [req-63ac0b40-4e18-4aaf-83b2-8923c9e8573d - - - - -] SQL connection failed. -5 attempts left.
2016-12-20 06:06:33.134 6316 WARNING oslo_db.sqlalchemy.engines [req-4b48ea96-e8d3-4764-b635-7a9b264f95c3 - - - - -] SQL connection failed. -5 attempts left.
2016-12-20 06:06:33.134 6342 WARNING oslo_db.sqlalchemy.engines [req-16bd1ff3-2193-45e9-b490-575506830ffe - - - - -] SQL connection failed. -5 attempts left.
2016-12-20 06:06:33.134 6315 WARNING oslo_db.sqlalchemy.engines [req-c4230870-5613-4361-a23a-bd18e38bb3fc - - - - -] SQL connection failed. -5 attempts left.
2016-12-20 06:06:33.135 6313 WARNING oslo_db.sqlalchemy.engines [req-bfba7b52-c510-4740-ab65-d683da9c3bb7 - - - - -] SQL connection failed. -5 attempts left.
2016-12-20 06:06:33.135 6340 WARNING oslo_db.sqlalchemy.engines [req-2e8d4bd9-938c-477b-a17b-26d320385dc5 - - - - -] SQL connection failed. -5 attempts left.
2016-12-20 06:06:33.137 6339 WARNING oslo_db.sqlalchemy.engines [req-3b6d3025-d7f2-449d-ae26-b140b00097de - - - - -] SQL connection failed. -5 attempts left.
2016-12-20 06:06:43.139 6314 WARNING oslo_db.sqlalchemy.engines [req-63ac0b40-4e18-4aaf-83b2-8923c9e8573d - - - - -] SQL connection failed. -6 attempts left.
2016-12-20 06:06:43.139 6342 WARNING oslo_db.sqlalchemy.engines [req-16bd1ff3-2193-45e9-b490-575506830ffe - - - - -] SQL connection failed. -6 attempts left.
2016-12-20 06:06:43.140 6340 WARNING oslo_db.sqlalchemy.engines [req-2e8d4bd9-938c-477b-a17b-26d320385dc5 - - - - -] SQL connection failed. -6 attempts left.
2016-12-20 06:06:43.140 6313 WARNING oslo_db.sqlalchemy.engines [req-bfba7b52-c510-4740-ab65-d683da9c3bb7 - - - - -] SQL connection failed. -6 attempts left.
2016-12-20 06:06:43.143 6341 WARNING oslo_db.sqlalchemy.engines [req-3990329c-1718-4023-8bb6-79ee63688104 - - - - -] SQL connection failed. -6 attempts left.
2016-12-20 06:06:43.143 6316 WARNING oslo_db.sqlalchemy.engines [req-4b48ea96-e8d3-4764-b635-7a9b264f95c3 - - - - -] SQL connection failed. -6 attempts left.
2016-12-20 06:06:43.144 6315 WARNING oslo_db.sqlalchemy.engines [req-c4230870-5613-4361-a23a-bd18e38bb3fc - - - - -] SQL connection failed. -6 attempts left.
2016-12-20 06:06:43.146 6339 WARNING oslo_db.sqlalchemy.engines [req-3b6d3025-d7f2-449d-ae26-b140b00097de - - - - -] SQL connection failed. -6 attempts left.
2016-12-20 06:06:53.143 6340 WARNING oslo_db.sqlalchemy.engines [req-2e8d4bd9-938c-477b-a17b-26d320385dc5 - - - - -] SQL connection failed. -7 attempts left.
2016-12-20 06:06:53.144 6341 WARNING oslo_db.sqlalchemy.engines [req-3990329c-1718-4023-8bb6-79ee63688104 - - - - -] SQL connection failed. -7 attempts left.
2016-12-20 06:06:53.147 6342 WARNING oslo_db.sqlalchemy.engines [req-16bd1ff3-2193-45e9-b490-575506830ffe - - - - -] SQL connection failed. -7 attempts left.
2016-12-20 06:06:53.148 6314 WARNING oslo_db.sqlalchemy.engines [req-63ac0b40-4e18-4aaf-83b2-8923c9e8573d - - - - -] SQL connection failed. -7 attempts left.
2016-12-20 06:06:53.148 6339 WARNING oslo_db.sqlalchemy.engines [req-3b6d3025-d7f2-449d-ae26-b140b00097de - - - - -] SQL connection failed. -7 attempts left.
2016-12-20 06:06:53.150 6313 WARNING oslo_db.sqlalchemy.engines [req-bfba7b52-c510-4740-ab65-d683da9c3bb7 - - - - -] SQL connection failed. -7 attempts left.
2016-12-20 06:06:53.153 6316 WARNING oslo_db.sqlalchemy.engines [req-4b48ea96-e8d3-4764-b635-7a9b264f95c3 - - - - -] SQL connection failed. -7 attempts left.
2016-12-20 06:06:53.153 6315 WARNING oslo_db.sqlalchemy.engines [req-c4230870-5613-4361-a23a-bd18e38bb3fc - - - - -] SQL connection failed. -7 attempts left.
2016-12-20 06:07:03.150 6340 WARNING oslo_db.sqlalchemy.engines [req-2e8d4bd9-938c-477b-a17b-26d320385dc5 - - - - -] SQL connection failed. -8 attempts left.
2016-12-20 06:07:03.150 6342 WARNING oslo_db.sqlalchemy.engines [req-16bd1ff3-2193-45e9-b490-575506830ffe - - - - -] SQL connection failed. -8 attempts left.
2016-12-20 06:07:03.151 6341 WARNING oslo_db.sqlalchemy.engines [req-3990329c-1718-4023-8bb6-79ee63688104 - - - - -] SQL connection failed. -8 attempts left.
2016-12-20 06:07:03.155 6314 WARNING oslo_db.sqlalchemy.engines [req-63ac0b40-4e18-4aaf-83b2-8923c9e8573d - - - - -] SQL connection failed. -8 attempts left.
2016-12-20 06:07:03.155 6339 WARNING oslo_db.sqlalchemy.engines [req-3b6d3025-d7f2-449d-ae26-b140b00097de - - - - -] SQL connection failed. -8 attempts left.
2016-12-20 06:07:03.159 6313 WARNING oslo_db.sqlalchemy.engines [req-bfba7b52-c510-4740-ab65-d683da9c3bb7 - - - - -] SQL connection failed. -8 attempts left.
2016-12-20 06:07:03.160 6315 WARNING oslo_db.sqlalchemy.engines [req-c4230870-5613-4361-a23a-bd18e38bb3fc - - - - -] SQL connection failed. -8 attempts left.
2016-12-20 06:07:03.161 6316 WARNING oslo_db.sqlalchemy.engines [req-4b48ea96-e8d3-4764-b635-7a9b264f95c3 - - - - -] SQL connection failed. -8 attempts left.
2016-12-20 06:07:13.157 6342 WARNING oslo_db.sqlalchemy.engines [req-16bd1ff3-2193-45e9-b490-575506830ffe - - - - -] SQL connection failed. -9 attempts left.
2016-12-20 06:07:13.157 6340 WARNING oslo_db.sqlalchemy.engines [req-2e8d4bd9-938c-477b-a17b-26d320385dc5 - - - - -] SQL connection failed. -9 attempts left.
2016-12-20 06:07:13.158 6341 WARNING oslo_db.sqlalchemy.engines [req-3990329c-1718-4023-8bb6-79ee63688104 - - - - -] SQL connection failed. -9 attempts left.
2016-12-20 06:07:13.162 6339 WARNING oslo_db.sqlalchemy.engines [req-3b6d3025-d7f2-449d-ae26-b140b00097de - - - - -] SQL connection failed. -9 attempts left.
2016-12-20 06:07:13.162 6315 WARNING oslo_db.sqlalchemy.engines [req-c4230870-5613-4361-a23a-bd18e38bb3fc - - - - -] SQL connection failed. -9 attempts left.
2016-12-20 06:07:13.163 6314 WARNING oslo_db.sqlalchemy.engines [req-63ac0b40-4e18-4aaf-83b2-8923c9e8573d - - - - -] SQL connection failed. -9 attempts left.
2016-12-20 06:07:13.167 6313 WARNING oslo_db.sqlalchemy.engines [req-bfba7b52-c510-4740-ab65-d683da9c3bb7 - - - - -] SQL connection failed. -9 attempts left.
2016-12-20 06:07:13.170 6316 WARNING oslo_db.sqlalchemy.engines [req-4b48ea96-e8d3-4764-b635-7a9b264f95c3 - - - - -] SQL connection failed. -9 attempts left.
2016-12-20 06:07:23.164 6342 WARNING oslo_db.sqlalchemy.engines [req-16bd1ff3-2193-45e9-b490-575506830ffe - - - - -] SQL connection failed. -10 attempts left.
2016-12-20 06:07:23.164 6315 WARNING oslo_db.sqlalchemy.engines [req-c4230870-5613-4361-a23a-bd18e38bb3fc - - - - -] SQL connection failed. -10 attempts left.
2016-12-20 06:07:23.165 6340 WARNING oslo_db.sqlalchemy.engines [req-2e8d4bd9-938c-477b-a17b-26d320385dc5 - - - - -] SQL connection failed. -10 attempts left.
2016-12-20 06:07:23.165 6341 WARNING oslo_db.sqlalchemy.engines [req-3990329c-1718-4023-8bb6-79ee63688104 - - - - -] SQL connection failed. -10 attempts left.
2016-12-20 06:07:23.171 6339 WARNING oslo_db.sqlalchemy.engines [req-3b6d3025-d7f2-449d-ae26-b140b00097de - - - - -] SQL connection failed. -10 attempts left.
2016-12-20 06:07:23.171 6314 WARNING oslo_db.sqlalchemy.engines [req-63ac0b40-4e18-4aaf-83b2-8923c9e8573d - - - - -] SQL connection failed. -10 attempts left.
2016-12-20 06:07:23.174 6313 WARNING oslo_db.sqlalchemy.engines [req-bfba7b52-c510-4740-ab65-d683da9c3bb7 - - - - -] SQL connection failed. -10 attempts left.
2016-12-20 06:07:23.180 6316 WARNING oslo_db.sqlalchemy.engines [req-4b48ea96-e8d3-4764-b635-7a9b264f95c3 - - - - -] SQL connection failed. -10 attempts left.
2016-12-20 06:07:33.164 6342 WARNING oslo_db.sqlalchemy.engines [req-16bd1ff3-2193-45e9-b490-575506830ffe - - - - -] SQL connection failed. -11 attempts left.
2016-12-20 06:07:33.173 6341 WARNING oslo_db.sqlalchemy.engines [req-3990329c-1718-4023-8bb6-79ee63688104 - - - - -] SQL connection failed. -11 attempts left.
2016-12-20 06:07:33.173 6315 WARNING oslo_db.sqlalchemy.engines [req-c4230870-5613-4361-a23a-bd18e38bb3fc - - - - -] SQL connection failed. -11 attempts left.
2016-12-20 06:07:33.174 6340 WARNING oslo_db.sqlalchemy.engines [req-2e8d4bd9-938c-477b-a17b-26d320385dc5 - - - - -] SQL connection failed. -11 attempts left.
2016-12-20 06:07:33.177 6339 WARNING oslo_db.sqlalchemy.engines [req-3b6d3025-d7f2-449d-ae26-b140b00097de - - - - -] SQL connection failed. -11 attempts left.
2016-12-20 06:07:33.177 6314 WARNING oslo_db.sqlalchemy.engines [req-63ac0b40-4e18-4aaf-83b2-8923c9e8573d - - - - -] SQL connection failed. -11 attempts left.
2016-12-20 06:07:33.181 6313 WARNING oslo_db.sqlalchemy.engines [req-bfba7b52-c510-4740-ab65-d683da9c3bb7 - - - - -] SQL connection failed. -11 attempts left.
2016-12-20 06:07:33.189 6316 WARNING oslo_db.sqlalchemy.engines [req-4b48ea96-e8d3-4764-b635-7a9b264f95c3 - - - - -] SQL connection failed. -11 attempts left.
2016-12-20 06:07:43.171 6342 WARNING oslo_db.sqlalchemy.engines [req-16bd1ff3-2193-45e9-b490-575506830ffe - - - - -] SQL connection failed. -12 attempts left.
2016-12-20 06:07:43.181 6315 WARNING oslo_db.sqlalchemy.engines [req-c4230870-5613-4361-a23a-bd18e38bb3fc - - - - -] SQL connection failed. -12 attempts left.
2016-12-20 06:07:43.181 6340 WARNING oslo_db.sqlalchemy.engines [req-2e8d4bd9-938c-477b-a17b-26d320385dc5 - - - - -] SQL connection failed. -12 attempts left.
