2016-12-20 09:30:01.782 6315 INFO nova.osapi_compute.wsgi.server [req-81978990-8627-47c0-9134-d86ca9556862 ac9b823b8bd444519added5e2c0eb970 e9e2282bbadc48188deb4d518437aea4 - - -] 192.168.0.2 "GET /v2.1/flavors/detail HTTP/1.1" status: 200 len: 2932 time: 0.0148079
2016-12-20 09:30:03.816 6340 INFO nova.metadata.wsgi.server [-] 192.168.0.2 "OPTIONS / HTTP/1.0" status: 200 len: 234 time: 0.0002601
2016-12-20 09:30:05.413 6314 INFO nova.osapi_compute.wsgi.server [-] 192.168.0.2 "OPTIONS / HTTP/1.0" status: 200 len: 499 time: 0.0004170
2016-12-20 09:30:13.602 6341 INFO nova.metadata.wsgi.server [-] 192.168.0.2 "OPTIONS / HTTP/1.0" status: 200 len: 234 time: 0.0002649
2016-12-20 09:30:15.195 6314 INFO nova.osapi_compute.wsgi.server [-] 192.168.0.2 "OPTIONS / HTTP/1.0" status: 200 len: 499 time: 0.0004561
2016-12-20 09:30:15.324 6315 INFO nova.osapi_compute.wsgi.server [req-e00515ab-e1cc-43e8-84f8-b606dec87e22 ac9b823b8bd444519added5e2c0eb970 e9e2282bbadc48188deb4d518437aea4 - - -] 192.168.0.2 "GET /v2.1 HTTP/1.1" status: 302 len: 242 time: 0.0222840
2016-12-20 09:30:15.330 6316 INFO nova.osapi_compute.wsgi.server [req-d28c38ec-06c3-4842-8dd6-67681f0f2e2c ac9b823b8bd444519added5e2c0eb970 e9e2282bbadc48188deb4d518437aea4 - - -] 192.168.0.2 "GET /v2.1/ HTTP/1.1" status: 200 len: 648 time: 0.0037570
2016-12-20 09:30:15.489 6313 INFO nova.osapi_compute.wsgi.server [req-dfd2fe9f-8cf8-44d3-b8a0-37ca7bd6795c ac9b823b8bd444519added5e2c0eb970 e9e2282bbadc48188deb4d518437aea4 - - -] 192.168.0.2 "GET /v2.1/os-tenant-networks HTTP/1.1" status: 200 len: 468 time: 0.0771382
2016-12-20 09:30:23.777 6342 INFO nova.metadata.wsgi.server [-] 192.168.0.2 "OPTIONS / HTTP/1.0" status: 200 len: 234 time: 0.0002639
2016-12-20 09:30:25.173 6315 INFO nova.osapi_compute.wsgi.server [-] 192.168.0.2 "OPTIONS / HTTP/1.0" status: 200 len: 499 time: 0.0004442
2016-12-20 09:30:33.977 6343 INFO nova.metadata.wsgi.server [-] 192.168.0.2 "OPTIONS / HTTP/1.0" status: 200 len: 234 time: 0.0002820
2016-12-20 09:30:35.394 6315 INFO nova.osapi_compute.wsgi.server [-] 192.168.0.2 "OPTIONS / HTTP/1.0" status: 200 len: 499 time: 0.0004110
2016-12-20 09:30:36.499 6313 INFO nova.osapi_compute.wsgi.server [req-2c043c2b-95a8-4106-992f-9126d679c602 ac9b823b8bd444519added5e2c0eb970 e9e2282bbadc48188deb4d518437aea4 - - -] 192.168.0.2 "GET /v2.1 HTTP/1.1" status: 302 len: 242 time: 0.0268741
2016-12-20 09:30:36.504 6313 INFO nova.osapi_compute.wsgi.server [req-297e2e96-0a53-4c1e-8d71-95f61b1d4e12 ac9b823b8bd444519added5e2c0eb970 e9e2282bbadc48188deb4d518437aea4 - - -] 192.168.0.2 "GET /v2.1/ HTTP/1.1" status: 200 len: 648 time: 0.0035028
2016-12-20 09:30:36.885 6313 INFO nova.osapi_compute.wsgi.server [req-bdadd1ab-723e-4582-834b-5042b4d7a616 ac9b823b8bd444519added5e2c0eb970 e9e2282bbadc48188deb4d518437aea4 - - -] 192.168.0.2 "GET /v2.1/servers/detail HTTP/1.1" status: 200 len: 10011 time: 0.2994359
2016-12-20 09:30:43.981 6341 INFO nova.metadata.wsgi.server [-] 192.168.0.2 "OPTIONS / HTTP/1.0" status: 200 len: 234 time: 0.0003710
2016-12-20 09:30:45.497 6313 INFO nova.osapi_compute.wsgi.server [-] 192.168.0.2 "OPTIONS / HTTP/1.0" status: 200 len: 499 time: 0.0004349
2016-12-20 09:30:53.969 6342 INFO nova.metadata.wsgi.server [-] 192.168.0.2 "OPTIONS / HTTP/1.0" status: 200 len: 234 time: 0.0002608
2016-12-20 09:30:55.510 6316 INFO nova.osapi_compute.wsgi.server [-] 192.168.0.2 "OPTIONS / HTTP/1.0" status: 200 len: 499 time: 0.0004549
2016-12-20 09:31:03.819 6342 INFO nova.metadata.wsgi.server [-] 192.168.0.2 "OPTIONS / HTTP/1.0" status: 200 len: 234 time: 0.0002561
2016-12-20 09:31:05.645 6315 INFO nova.osapi_compute.wsgi.server [-] 192.168.0.2 "OPTIONS / HTTP/1.0" status: 200 len: 499 time: 0.0005960
2016-12-20 09:31:13.810 6342 INFO nova.metadata.wsgi.server [-] 192.168.0.2 "OPTIONS / HTTP/1.0" status: 200 len: 234 time: 0.0002770
2016-12-20 09:31:15.415 6314 INFO nova.osapi_compute.wsgi.server [-] 192.168.0.2 "OPTIONS / HTTP/1.0" status: 200 len: 499 time: 0.0004282
2016-12-20 09:31:21.792 6316 INFO nova.osapi_compute.wsgi.server [req-2da13cb5-270a-4d2a-bd3b-9f018aa7d4f5 ac9b823b8bd444519added5e2c0eb970 e9e2282bbadc48188deb4d518437aea4 - - -] 192.168.0.2 "GET /v2.1 HTTP/1.1" status: 302 len: 242 time: 0.0259790
2016-12-20 09:31:21.797 6316 INFO nova.osapi_compute.wsgi.server [req-0e5ab72a-b719-4619-a588-b5c785701050 ac9b823b8bd444519added5e2c0eb970 e9e2282bbadc48188deb4d518437aea4 - - -] 192.168.0.2 "GET /v2.1/ HTTP/1.1" status: 200 len: 648 time: 0.0036530
2016-12-20 09:31:24.046 6340 INFO nova.metadata.wsgi.server [-] 192.168.0.2 "OPTIONS / HTTP/1.0" status: 200 len: 234 time: 0.0002749
2016-12-20 09:31:25.535 6313 INFO nova.osapi_compute.wsgi.server [-] 192.168.0.2 "OPTIONS / HTTP/1.0" status: 200 len: 499 time: 0.0004389
2016-12-20 09:31:29.151 6313 INFO nova.osapi_compute.wsgi.server [req-7b75bc7f-d452-4e08-ad9c-6a6010637e7b ac9b823b8bd444519added5e2c0eb970 e9e2282bbadc48188deb4d518437aea4 - - -] 192.168.0.2 "GET /v2.1 HTTP/1.1" status: 302 len: 242 time: 0.0227802
2016-12-20 09:31:29.156 6313 INFO nova.osapi_compute.wsgi.server [req-c990dbe2-342b-4b8f-8372-3a135e0bb1fd ac9b823b8bd444519added5e2c0eb970 e9e2282bbadc48188deb4d518437aea4 - - -] 192.168.0.2 "GET /v2.1/ HTTP/1.1" status: 200 len: 648 time: 0.0035369
2016-12-20 09:31:29.251 6316 INFO nova.osapi_compute.wsgi.server [req-a54144a1-f4b7-43dc-88ec-2e232a3ad0f2 ac9b823b8bd444519added5e2c0eb970 e9e2282bbadc48188deb4d518437aea4 - - -] 192.168.0.2 "GET /v2.1/os-hypervisors HTTP/1.1" status: 200 len: 463 time: 0.0138650
2016-12-20 09:31:34.081 6340 INFO nova.metadata.wsgi.server [-] 192.168.0.2 "OPTIONS / HTTP/1.0" status: 200 len: 234 time: 0.0002759
2016-12-20 09:31:35.755 6314 INFO nova.osapi_compute.wsgi.server [-] 192.168.0.2 "OPTIONS / HTTP/1.0" status: 200 len: 499 time: 0.0003901
2016-12-20 09:31:36.991 6316 INFO nova.osapi_compute.wsgi.server [req-99a3352f-df17-46ab-ac80-233422dbdf21 ac9b823b8bd444519added5e2c0eb970 e9e2282bbadc48188deb4d518437aea4 - - -] 192.168.0.2 "GET /v2.1/limits?reserved=1 HTTP/1.1" status: 200 len: 772 time: 0.0244479
2016-12-20 09:31:37.093 6315 INFO nova.osapi_compute.wsgi.server [req-cc9604d3-e9a8-48c9-b54d-a91599e10734 ac9b823b8bd444519added5e2c0eb970 e9e2282bbadc48188deb4d518437aea4 - - -] 192.168.0.2 "GET /v2.1/servers/detail?limit=21&project_id=e9e2282bbadc48188deb4d518437aea4 HTTP/1.1" status: 200 len: 8932 time: 0.1242518
2016-12-20 09:31:37.112 6314 INFO nova.osapi_compute.wsgi.server [req-303abe4a-8125-4a09-b4e0-1bfe2de5a2b2 ac9b823b8bd444519added5e2c0eb970 e9e2282bbadc48188deb4d518437aea4 - - -] 192.168.0.2 "GET /v2.1/flavors/detail HTTP/1.1" status: 200 len: 2917 time: 0.0124722
2016-12-20 09:31:37.274 6313 INFO nova.osapi_compute.wsgi.server [req-9ca6708c-2a7a-4ac5-8371-776ff16a2238 ac9b823b8bd444519added5e2c0eb970 e9e2282bbadc48188deb4d518437aea4 - - -] 192.168.0.2 "GET /v2.1/extensions HTTP/1.1" status: 200 len: 21761 time: 0.0187869
2016-12-20 09:31:40.625 6315 INFO nova.osapi_compute.wsgi.server [req-08ca13f6-f9d0-436b-8c7f-d15359470ef9 ac9b823b8bd444519added5e2c0eb970 e9e2282bbadc48188deb4d518437aea4 - - -] 192.168.0.2 "GET /v2.1/servers/89c93a39-0e8d-4a6c-8266-9b383ec6c2e5 HTTP/1.1" status: 200 len: 1931 time: 0.0735371
2016-12-20 09:31:40.657 6314 INFO nova.osapi_compute.wsgi.server [req-d15824d3-c850-4a89-bcc9-e124aaaddc2d ac9b823b8bd444519added5e2c0eb970 e9e2282bbadc48188deb4d518437aea4 - - -] 192.168.0.2 "GET /v2.1/servers/89c93a39-0e8d-4a6c-8266-9b383ec6c2e5/os-volume_attachments HTTP/1.1" status: 200 len: 460 time: 0.0299509
2016-12-20 09:31:40.745 6315 INFO nova.osapi_compute.wsgi.server [req-caad9937-dff0-48da-9eb9-f68534506610 ac9b823b8bd444519added5e2c0eb970 e9e2282bbadc48188deb4d518437aea4 - - -] 192.168.0.2 "GET /v2.1/flavors/cf2797b2-337e-441f-95d4-a84f8f130204 HTTP/1.1" status: 200 len: 728 time: 0.0110760
2016-12-20 09:31:40.962 6313 INFO nova.osapi_compute.wsgi.server [req-d58a3fbc-b758-4d20-b51a-52e5acadf503 ac9b823b8bd444519added5e2c0eb970 e9e2282bbadc48188deb4d518437aea4 - - -] 192.168.0.2 "GET /v2.1/extensions HTTP/1.1" status: 200 len: 21761 time: 0.0181849
2016-12-20 09:31:44.018 6342 INFO nova.metadata.wsgi.server [-] 192.168.0.2 "OPTIONS / HTTP/1.0" status: 200 len: 234 time: 0.0002630
2016-12-20 09:31:45.993 6315 INFO nova.osapi_compute.wsgi.server [-] 192.168.0.2 "OPTIONS / HTTP/1.0" status: 200 len: 499 time: 0.0004311
2016-12-20 09:31:46.686 6313 INFO nova.osapi_compute.wsgi.server [req-95dc1bfb-1f7a-48dd-8c50-3cc669f87fe4 ac9b823b8bd444519added5e2c0eb970 e9e2282bbadc48188deb4d518437aea4 - - -] 192.168.0.2 "GET /v2.1/flavors/detail HTTP/1.1" status: 200 len: 2917 time: 0.0130401
2016-12-20 09:31:46.841 6313 INFO nova.osapi_compute.wsgi.server [req-37354299-0d9f-4eaf-b45a-9b4126bb58ea ac9b823b8bd444519added5e2c0eb970 e9e2282bbadc48188deb4d518437aea4 - - -] 192.168.0.2 "GET /v2.1/servers/detail?all_tenants=True&limit=21 HTTP/1.1" status: 200 len: 8470 time: 0.1459720
2016-12-20 09:31:47.247 6313 INFO nova.osapi_compute.wsgi.server [req-0eae99a4-9d69-41bc-bf07-dd7ad26fb34a ac9b823b8bd444519added5e2c0eb970 e9e2282bbadc48188deb4d518437aea4 - - -] 192.168.0.2 "GET /v2.1/extensions HTTP/1.1" status: 200 len: 21761 time: 0.0183451
2016-12-20 09:31:49.634 6313 INFO nova.osapi_compute.wsgi.server [req-7f16cab3-e693-4410-ad0e-8eaa126c92e6 ac9b823b8bd444519added5e2c0eb970 e9e2282bbadc48188deb4d518437aea4 - - -] 192.168.0.2 "GET /v2.1/servers/89c93a39-0e8d-4a6c-8266-9b383ec6c2e5 HTTP/1.1" status: 200 len: 1931 time: 0.0749490
2016-12-20 09:31:49.665 6313 INFO nova.osapi_compute.wsgi.server [req-30df0337-897a-4860-9a63-486c04d7e8e6 ac9b823b8bd444519added5e2c0eb970 e9e2282bbadc48188deb4d518437aea4 - - -] 192.168.0.2 "GET /v2.1/servers/89c93a39-0e8d-4a6c-8266-9b383ec6c2e5/os-volume_attachments HTTP/1.1" status: 200 len: 460 time: 0.0285890
2016-12-20 09:31:49.825 6315 INFO nova.osapi_compute.wsgi.server [req-a12ab95a-c66b-4f54-bd23-150ee50f7b04 ac9b823b8bd444519added5e2c0eb970 e9e2282bbadc48188deb4d518437aea4 - - -] 192.168.0.2 "GET /v2.1/flavors/cf2797b2-337e-441f-95d4-a84f8f130204 HTTP/1.1" status: 200 len: 728 time: 0.0095851
2016-12-20 09:31:49.965 6313 INFO nova.osapi_compute.wsgi.server [req-7f088834-11ad-4861-9ab3-30031ef7fb47 ac9b823b8bd444519added5e2c0eb970 e9e2282bbadc48188deb4d518437aea4 - - -] 192.168.0.2 "GET /v2.1/extensions HTTP/1.1" status: 200 len: 21761 time: 0.0185540
2016-12-20 09:31:54.242 6342 INFO nova.metadata.wsgi.server [-] 192.168.0.2 "OPTIONS / HTTP/1.0" status: 200 len: 234 time: 0.0002651
2016-12-20 09:31:56.240 6315 INFO nova.osapi_compute.wsgi.server [-] 192.168.0.2 "OPTIONS / HTTP/1.0" status: 200 len: 499 time: 0.0004361
2016-12-20 09:32:04.493 6343 INFO nova.metadata.wsgi.server [-] 192.168.0.2 "OPTIONS / HTTP/1.0" status: 200 len: 234 time: 0.0002630
2016-12-20 09:32:06.532 6316 INFO nova.osapi_compute.wsgi.server [-] 192.168.0.2 "OPTIONS / HTTP/1.0" status: 200 len: 499 time: 0.0004270
2016-12-20 09:32:14.469 6340 INFO nova.metadata.wsgi.server [-] 192.168.0.2 "OPTIONS / HTTP/1.0" status: 200 len: 234 time: 0.0002809
2016-12-20 09:32:16.596 6316 INFO nova.osapi_compute.wsgi.server [-] 192.168.0.2 "OPTIONS / HTTP/1.0" status: 200 len: 499 time: 0.0004590
2016-12-20 09:32:24.309 6343 INFO nova.metadata.wsgi.server [-] 192.168.0.2 "OPTIONS / HTTP/1.0" status: 200 len: 234 time: 0.0002651
2016-12-20 09:32:26.810 6313 INFO nova.osapi_compute.wsgi.server [-] 192.168.0.2 "OPTIONS / HTTP/1.0" status: 200 len: 499 time: 0.0004301
2016-12-20 09:32:34.264 6341 INFO nova.metadata.wsgi.server [-] 192.168.0.2 "OPTIONS / HTTP/1.0" status: 200 len: 234 time: 0.0002651
2016-12-20 09:32:36.602 6313 INFO nova.osapi_compute.wsgi.server [-] 192.168.0.2 "OPTIONS / HTTP/1.0" status: 200 len: 499 time: 0.0004199
2016-12-20 09:32:44.060 6342 INFO nova.metadata.wsgi.server [-] 192.168.0.2 "OPTIONS / HTTP/1.0" status: 200 len: 234 time: 0.0002680
2016-12-20 09:32:46.876 6313 INFO nova.osapi_compute.wsgi.server [-] 192.168.0.2 "OPTIONS / HTTP/1.0" status: 200 len: 499 time: 0.0004320
2016-12-20 09:32:47.535 6316 INFO nova.osapi_compute.wsgi.server [req-5612614a-57fb-46e2-9a17-f032d05dd5f1 ac9b823b8bd444519added5e2c0eb970 e9e2282bbadc48188deb4d518437aea4 - - -] 192.168.0.2 "GET /v2.1 HTTP/1.1" status: 302 len: 242 time: 0.0224130
2016-12-20 09:32:47.540 6316 INFO nova.osapi_compute.wsgi.server [req-f8331dee-a29d-4552-82ad-f6f02c67bb0e ac9b823b8bd444519added5e2c0eb970 e9e2282bbadc48188deb4d518437aea4 - - -] 192.168.0.2 "GET /v2.1/ HTTP/1.1" status: 200 len: 648 time: 0.0033729
2016-12-20 09:32:47.651 6313 INFO nova.osapi_compute.wsgi.server [req-b18fc079-7dbf-415e-812c-3e57160fb373 ac9b823b8bd444519added5e2c0eb970 e9e2282bbadc48188deb4d518437aea4 - - -] 192.168.0.2 "GET /v2.1/os-availability-zone/detail HTTP/1.1" status: 200 len: 1505 time: 0.0277810
2016-12-20 09:32:53.800 6342 INFO nova.metadata.wsgi.server [-] 192.168.0.2 "OPTIONS / HTTP/1.0" status: 200 len: 234 time: 0.0002789
2016-12-20 09:32:56.875 6314 INFO nova.osapi_compute.wsgi.server [-] 192.168.0.2 "OPTIONS / HTTP/1.0" status: 200 len: 499 time: 0.0004280
2016-12-20 09:33:03.880 6340 INFO nova.metadata.wsgi.server [-] 192.168.0.2 "OPTIONS / HTTP/1.0" status: 200 len: 234 time: 0.0002730
2016-12-20 09:33:06.610 6314 INFO nova.osapi_compute.wsgi.server [-] 192.168.0.2 "OPTIONS / HTTP/1.0" status: 200 len: 499 time: 0.0004179
2016-12-20 09:33:13.888 6342 INFO nova.metadata.wsgi.server [-] 192.168.0.2 "OPTIONS / HTTP/1.0" status: 200 len: 234 time: 0.0002849
2016-12-20 09:33:16.883 6315 INFO nova.osapi_compute.wsgi.server [-] 192.168.0.2 "OPTIONS / HTTP/1.0" status: 200 len: 499 time: 0.0004530
2016-12-20 09:33:23.839 6340 INFO nova.metadata.wsgi.server [-] 192.168.0.2 "OPTIONS / HTTP/1.0" status: 200 len: 234 time: 0.0002799
2016-12-20 09:33:26.861 6314 INFO nova.osapi_compute.wsgi.server [-] 192.168.0.2 "OPTIONS / HTTP/1.0" status: 200 len: 499 time: 0.0004420
2016-12-20 09:33:32.674 6316 INFO nova.osapi_compute.wsgi.server [req-017d3a82-b77c-4102-9645-be3c6ecfd471 ac9b823b8bd444519added5e2c0eb970 e9e2282bbadc48188deb4d518437aea4 - - -] 192.168.0.2 "GET /v2.1 HTTP/1.1" status: 302 len: 242 time: 0.0234900
2016-12-20 09:33:32.679 6313 INFO nova.osapi_compute.wsgi.server [req-c361250d-f39b-4736-93c5-805987858a80 ac9b823b8bd444519added5e2c0eb970 e9e2282bbadc48188deb4d518437aea4 - - -] 192.168.0.2 "GET /v2.1/ HTTP/1.1" status: 200 len: 648 time: 0.0037420
2016-12-20 09:33:32.775 6314 INFO nova.osapi_compute.wsgi.server [req-6f19836c-9b01-444e-929d-ca747a0a93ac ac9b823b8bd444519added5e2c0eb970 e9e2282bbadc48188deb4d518437aea4 - - -] 192.168.0.2 "GET /v2.1/flavors/cf2797b2-337e-441f-95d4-a84f8f130204 HTTP/1.1" status: 200 len: 731 time: 0.0105031
2016-12-20 09:33:33.042 6315 WARNING oslo_config.cfg [req-f62294be-3d42-4aff-98b4-f1fbd03e927e ac9b823b8bd444519added5e2c0eb970 e9e2282bbadc48188deb4d518437aea4 - - -] Option "auth_plugin" from group "neutron" is deprecated. Use option "auth_type" from group "neutron".
2016-12-20 09:33:33.043 6315 WARNING oslo_config.cfg [req-f62294be-3d42-4aff-98b4-f1fbd03e927e ac9b823b8bd444519added5e2c0eb970 e9e2282bbadc48188deb4d518437aea4 - - -] Option "username" from group "neutron" is deprecated. Use option "user-name" from group "neutron".
2016-12-20 09:33:34.092 6340 INFO nova.metadata.wsgi.server [-] 192.168.0.2 "OPTIONS / HTTP/1.0" status: 200 len: 234 time: 0.0002620
2016-12-20 09:33:35.120 6315 INFO nova.osapi_compute.wsgi.server [req-f62294be-3d42-4aff-98b4-f1fbd03e927e ac9b823b8bd444519added5e2c0eb970 e9e2282bbadc48188deb4d518437aea4 - - -] 192.168.0.2 "POST /v2.1/os-volumes_boot HTTP/1.1" status: 202 len: 729 time: 2.3433659
2016-12-20 09:33:35.271 6315 INFO nova.osapi_compute.wsgi.server [req-da74c846-4df3-4ee6-8122-1c858e53b97c ac9b823b8bd444519added5e2c0eb970 e9e2282bbadc48188deb4d518437aea4 - - -] 192.168.0.2 "GET /v2.1/servers/bf70431c-f855-46f5-8585-279fd4434800 HTTP/1.1" status: 200 len: 1905 time: 0.1490910
2016-12-20 09:33:35.285 6315 INFO nova.osapi_compute.wsgi.server [req-c8657f5e-85e1-4489-ae4c-22de2ab52a36 ac9b823b8bd444519added5e2c0eb970 e9e2282bbadc48188deb4d518437aea4 - - -] 192.168.0.2 "GET /v2.1/flavors/cf2797b2-337e-441f-95d4-a84f8f130204 HTTP/1.1" status: 200 len: 731 time: 0.0114601
2016-12-20 09:33:36.563 6314 INFO nova.osapi_compute.wsgi.server [-] 192.168.0.2 "OPTIONS / HTTP/1.0" status: 200 len: 499 time: 0.0004179
2016-12-20 09:33:44.229 6340 INFO nova.metadata.wsgi.server [-] 192.168.0.2 "OPTIONS / HTTP/1.0" status: 200 len: 234 time: 0.0002720
2016-12-20 09:33:46.796 6316 INFO nova.osapi_compute.wsgi.server [-] 192.168.0.2 "OPTIONS / HTTP/1.0" status: 200 len: 499 time: 0.0004220
2016-12-20 09:33:54.196 6342 INFO nova.metadata.wsgi.server [-] 192.168.0.2 "OPTIONS / HTTP/1.0" status: 200 len: 234 time: 0.0002720
2016-12-20 09:33:56.821 6314 INFO nova.osapi_compute.wsgi.server [-] 192.168.0.2 "OPTIONS / HTTP/1.0" status: 200 len: 499 time: 0.0004530
2016-12-20 09:33:57.442 6316 INFO nova.api.openstack.wsgi [req-f501b695-267d-4a5b-91f2-611058166eb1 8e7101c3a3e9404d8bdadd6257fbbc84 b62480b9d83d421a8fdf174efa0173c8 - - -] HTTP exception thrown: No instances found for any event
2016-12-20 09:33:57.444 6316 INFO nova.osapi_compute.wsgi.server [req-f501b695-267d-4a5b-91f2-611058166eb1 8e7101c3a3e9404d8bdadd6257fbbc84 b62480b9d83d421a8fdf174efa0173c8 - - -] 192.168.0.2 "POST /v2.1/os-server-external-events HTTP/1.1" status: 404 len: 362 time: 0.0416639
2016-12-20 09:33:58.321 6316 INFO nova.osapi_compute.wsgi.server [req-2c228074-5c1e-4303-9112-02a77b27008f ac9b823b8bd444519added5e2c0eb970 e9e2282bbadc48188deb4d518437aea4 - - -] 192.168.0.2 "GET /v2.1/flavors/detail HTTP/1.1" status: 200 len: 2917 time: 0.0129910
2016-12-20 09:33:58.407 6313 INFO nova.osapi_compute.wsgi.server [req-ae191579-e50b-4f50-857c-e7198196d413 ac9b823b8bd444519added5e2c0eb970 e9e2282bbadc48188deb4d518437aea4 - - -] 192.168.0.2 "GET /v2.1/servers/detail?all_tenants=True&limit=21 HTTP/1.1" status: 200 len: 10230 time: 0.0766442
2016-12-20 09:33:58.513 6315 INFO nova.osapi_compute.wsgi.server [req-9ca5a968-3bee-49aa-8d4f-2a3054e049c1 ac9b823b8bd444519added5e2c0eb970 e9e2282bbadc48188deb4d518437aea4 - - -] 192.168.0.2 "GET /v2.1/extensions HTTP/1.1" status: 200 len: 21761 time: 0.0177100
2016-12-20 09:34:01.252 6315 INFO nova.osapi_compute.wsgi.server [req-0a0135c6-9dc9-490a-949b-729b2fc1e7de ac9b823b8bd444519added5e2c0eb970 e9e2282bbadc48188deb4d518437aea4 - - -] 192.168.0.2 "GET /v2.1/limits?reserved=1 HTTP/1.1" status: 200 len: 772 time: 0.0363200
2016-12-20 09:34:01.302 6315 INFO nova.osapi_compute.wsgi.server [req-dd9182ec-c7e7-4eac-aefd-f6f4c9e350fc ac9b823b8bd444519added5e2c0eb970 e9e2282bbadc48188deb4d518437aea4 - - -] 192.168.0.2 "GET /v2.1/servers/detail?limit=21&project_id=e9e2282bbadc48188deb4d518437aea4 HTTP/1.1" status: 200 len: 10792 time: 0.0861320
2016-12-20 09:34:01.326 6316 INFO nova.osapi_compute.wsgi.server [req-8cc14c9f-3da8-4ed8-89b9-027680717779 ac9b823b8bd444519added5e2c0eb970 e9e2282bbadc48188deb4d518437aea4 - - -] 192.168.0.2 "GET /v2.1/flavors/detail HTTP/1.1" status: 200 len: 2917 time: 0.0137169
2016-12-20 09:34:01.456 6313 INFO nova.osapi_compute.wsgi.server [req-e5c0b6a2-6ae3-4229-807e-607e77fd0ded ac9b823b8bd444519added5e2c0eb970 e9e2282bbadc48188deb4d518437aea4 - - -] 192.168.0.2 "GET /v2.1/extensions HTTP/1.1" status: 200 len: 21761 time: 0.0201800
2016-12-20 09:34:04.063 6340 INFO nova.metadata.wsgi.server [-] 192.168.0.2 "OPTIONS / HTTP/1.0" status: 200 len: 234 time: 0.0002670
2016-12-20 09:34:05.953 6314 INFO nova.osapi_compute.wsgi.server [req-087b3243-326e-4db9-84a0-431a46845c91 ac9b823b8bd444519added5e2c0eb970 e9e2282bbadc48188deb4d518437aea4 - - -] 192.168.0.2 "GET /v2.1/servers/bf70431c-f855-46f5-8585-279fd4434800 HTTP/1.1" status: 200 len: 2034 time: 0.0733011
2016-12-20 09:34:05.984 6314 INFO nova.osapi_compute.wsgi.server [req-8e7c4b99-a633-4309-9ee8-f9e2889f3dbe ac9b823b8bd444519added5e2c0eb970 e9e2282bbadc48188deb4d518437aea4 - - -] 192.168.0.2 "GET /v2.1/servers/bf70431c-f855-46f5-8585-279fd4434800/os-volume_attachments HTTP/1.1" status: 200 len: 460 time: 0.0283408
2016-12-20 09:34:06.070 6316 INFO nova.osapi_compute.wsgi.server [req-8d87faed-5e38-4140-b985-ea1f48e397ff ac9b823b8bd444519added5e2c0eb970 e9e2282bbadc48188deb4d518437aea4 - - -] 192.168.0.2 "GET /v2.1/flavors/cf2797b2-337e-441f-95d4-a84f8f130204 HTTP/1.1" status: 200 len: 728 time: 0.0102711
2016-12-20 09:34:06.232 6314 INFO nova.osapi_compute.wsgi.server [req-7ec42913-9328-4eb1-a207-8de7599062c7 ac9b823b8bd444519added5e2c0eb970 e9e2282bbadc48188deb4d518437aea4 - - -] 192.168.0.2 "GET /v2.1/extensions HTTP/1.1" status: 200 len: 21761 time: 0.0174758
2016-12-20 09:34:06.742 6314 INFO nova.osapi_compute.wsgi.server [-] 192.168.0.2 "OPTIONS / HTTP/1.0" status: 200 len: 499 time: 0.0004220
2016-12-20 09:34:13.933 6342 INFO nova.metadata.wsgi.server [-] 192.168.0.2 "OPTIONS / HTTP/1.0" status: 200 len: 234 time: 0.0002849
2016-12-20 09:34:16.628 6315 INFO nova.osapi_compute.wsgi.server [-] 192.168.0.2 "OPTIONS / HTTP/1.0" status: 200 len: 499 time: 0.0004408
2016-12-20 09:34:20.634 6316 INFO nova.osapi_compute.wsgi.server [req-ef74b00c-0a8c-4f7f-ae19-062ed2078670 81d6a3f0ccdc4964ae83a0294f9b3fd7 b62480b9d83d421a8fdf174efa0173c8 - - -] 192.168.0.2 "GET /v2.1/flavors/detail HTTP/1.0" status: 200 len: 2917 time: 0.0350368
2016-12-20 09:34:23.568 6314 INFO nova.osapi_compute.wsgi.server [req-3e5139f0-4557-4f44-b907-03c2ba76eab0 ac9b823b8bd444519added5e2c0eb970 e9e2282bbadc48188deb4d518437aea4 - - -] 192.168.0.2 "GET /v2.1/servers/detail?limit=21&project_id=e9e2282bbadc48188deb4d518437aea4 HTTP/1.1" status: 200 len: 10792 time: 0.0822139
2016-12-20 09:34:23.588 6314 INFO nova.osapi_compute.wsgi.server [req-51ad02fc-9cf4-477c-909f-5245d4812f7f ac9b823b8bd444519added5e2c0eb970 e9e2282bbadc48188deb4d518437aea4 - - -] 192.168.0.2 "GET /v2.1/flavors/detail HTTP/1.1" status: 200 len: 2917 time: 0.0139480
2016-12-20 09:34:23.667 6341 INFO nova.metadata.wsgi.server [-] 192.168.0.2 "OPTIONS / HTTP/1.0" status: 200 len: 234 time: 0.0002558
2016-12-20 09:34:23.767 6313 INFO nova.osapi_compute.wsgi.server [req-e5478043-1f7b-486e-860d-e25f63844b19 ac9b823b8bd444519added5e2c0eb970 e9e2282bbadc48188deb4d518437aea4 - - -] 192.168.0.2 "DELETE /v2.1/servers/bf70431c-f855-46f5-8585-279fd4434800 HTTP/1.1" status: 204 len: 269 time: 0.1228299
2016-12-20 09:34:23.788 6315 INFO nova.osapi_compute.wsgi.server [req-fe7d6b00-0f57-49b8-9990-7b9a24e7e3e5 ac9b823b8bd444519added5e2c0eb970 e9e2282bbadc48188deb4d518437aea4 - - -] 192.168.0.2 "GET /v2.1/limits?reserved=1 HTTP/1.1" status: 200 len: 772 time: 0.0038781
2016-12-20 09:34:23.869 6313 INFO nova.osapi_compute.wsgi.server [req-ed4ddb41-e2ba-43d6-be45-a0ec6105c9c6 ac9b823b8bd444519added5e2c0eb970 e9e2282bbadc48188deb4d518437aea4 - - -] 192.168.0.2 "GET /v2.1/servers/detail?limit=21&project_id=e9e2282bbadc48188deb4d518437aea4 HTTP/1.1" status: 200 len: 8932 time: 0.0849271
2016-12-20 09:34:23.888 6314 INFO nova.osapi_compute.wsgi.server [req-3ffb94f6-cc1d-4591-863e-bb8919f3e5c8 ac9b823b8bd444519added5e2c0eb970 e9e2282bbadc48188deb4d518437aea4 - - -] 192.168.0.2 "GET /v2.1/flavors/detail HTTP/1.1" status: 200 len: 2917 time: 0.0133228
2016-12-20 09:34:24.075 6313 INFO nova.osapi_compute.wsgi.server [req-e389c249-528c-4f80-b555-a53472d446ac ac9b823b8bd444519added5e2c0eb970 e9e2282bbadc48188deb4d518437aea4 - - -] 192.168.0.2 "GET /v2.1/extensions HTTP/1.1" status: 200 len: 21761 time: 0.0175159
2016-12-20 09:34:26.918 6314 INFO nova.osapi_compute.wsgi.server [-] 192.168.0.2 "OPTIONS / HTTP/1.0" status: 200 len: 499 time: 0.0004580
2016-12-20 09:34:33.880 6341 INFO nova.metadata.wsgi.server [-] 192.168.0.2 "OPTIONS / HTTP/1.0" status: 200 len: 234 time: 0.0002780
2016-12-20 09:34:37.096 6313 INFO nova.osapi_compute.wsgi.server [-] 192.168.0.2 "OPTIONS / HTTP/1.0" status: 200 len: 499 time: 0.0004249
2016-12-20 09:34:43.690 6341 INFO nova.metadata.wsgi.server [-] 192.168.0.2 "OPTIONS / HTTP/1.0" status: 200 len: 234 time: 0.0002780
2016-12-20 09:34:44.961 6315 INFO nova.osapi_compute.wsgi.server [req-f1c36794-a433-4467-9838-7102617ca3b3 ac9b823b8bd444519added5e2c0eb970 e9e2282bbadc48188deb4d518437aea4 - - -] 192.168.0.2 "GET /v2.1 HTTP/1.1" status: 302 len: 242 time: 0.0216162
2016-12-20 09:34:44.968 6315 INFO nova.osapi_compute.wsgi.server [req-0473a67c-0d55-4c00-af39-243b737cd16b ac9b823b8bd444519added5e2c0eb970 e9e2282bbadc48188deb4d518437aea4 - - -] 192.168.0.2 "GET /v2.1/ HTTP/1.1" status: 200 len: 648 time: 0.0053649
2016-12-20 09:34:45.062 6316 INFO nova.osapi_compute.wsgi.server [req-59152d65-a238-47d8-abd0-719be8348f71 ac9b823b8bd444519added5e2c0eb970 e9e2282bbadc48188deb4d518437aea4 - - -] 192.168.0.2 "GET /v2.1/flavors/cf2797b2-337e-441f-95d4-a84f8f130204 HTTP/1.1" status: 200 len: 731 time: 0.0100188
2016-12-20 09:34:45.084 6316 INFO nova.api.openstack.wsgi [req-3c38a7bf-016a-4729-bd8b-62b5159396e2 ac9b823b8bd444519added5e2c0eb970 e9e2282bbadc48188deb4d518437aea4 - - -] HTTP exception thrown: The requested availability zone is not available
2016-12-20 09:34:45.085 6316 INFO nova.osapi_compute.wsgi.server [req-3c38a7bf-016a-4729-bd8b-62b5159396e2 ac9b823b8bd444519added5e2c0eb970 e9e2282bbadc48188deb4d518437aea4 - - -] 192.168.0.2 "POST /v2.1/os-volumes_boot HTTP/1.1" status: 400 len: 379 time: 0.0206599
2016-12-20 09:34:47.188 6315 INFO nova.osapi_compute.wsgi.server [-] 192.168.0.2 "OPTIONS / HTTP/1.0" status: 200 len: 499 time: 0.0004439
2016-12-20 09:34:52.297 6315 INFO nova.osapi_compute.wsgi.server [req-1c43ef30-6f08-44df-bff3-3b30b6a7a7c2 81d6a3f0ccdc4964ae83a0294f9b3fd7 b62480b9d83d421a8fdf174efa0173c8 - - -] 192.168.0.2 "GET /v2.1/servers/detail?all_tenants=1 HTTP/1.0" status: 200 len: 8470 time: 0.1668570
2016-12-20 09:34:53.468 6340 INFO nova.metadata.wsgi.server [-] 192.168.0.2 "OPTIONS / HTTP/1.0" status: 200 len: 234 time: 0.0002649
2016-12-20 09:34:57.052 6315 INFO nova.osapi_compute.wsgi.server [-] 192.168.0.2 "OPTIONS / HTTP/1.0" status: 200 len: 499 time: 0.0004179
2016-12-20 09:35:03.692 6340 INFO nova.metadata.wsgi.server [-] 192.168.0.2 "OPTIONS / HTTP/1.0" status: 200 len: 234 time: 0.0002611
2016-12-20 09:35:06.968 6316 INFO nova.osapi_compute.wsgi.server [-] 192.168.0.2 "OPTIONS / HTTP/1.0" status: 200 len: 499 time: 0.0004399
2016-12-20 09:35:13.711 6342 INFO nova.metadata.wsgi.server [-] 192.168.0.2 "OPTIONS / HTTP/1.0" status: 200 len: 234 time: 0.0002809
2016-12-20 09:35:17.178 6315 INFO nova.osapi_compute.wsgi.server [-] 192.168.0.2 "OPTIONS / HTTP/1.0" status: 200 len: 499 time: 0.0004458
2016-12-20 09:35:24.010 6341 INFO nova.metadata.wsgi.server [-] 192.168.0.2 "OPTIONS / HTTP/1.0" status: 200 len: 234 time: 0.0002689
2016-12-20 09:35:26.954 6316 INFO nova.osapi_compute.wsgi.server [-] 192.168.0.2 "OPTIONS / HTTP/1.0" status: 200 len: 499 time: 0.0004292
2016-12-20 09:35:29.303 6315 INFO nova.osapi_compute.wsgi.server [req-4d65d8a3-04f9-4b4b-97d4-eb782ddf6f97 ac9b823b8bd444519added5e2c0eb970 e9e2282bbadc48188deb4d518437aea4 - - -] 192.168.0.2 "GET /v2.1 HTTP/1.1" status: 302 len: 242 time: 0.0234768
2016-12-20 09:35:29.308 6313 INFO nova.osapi_compute.wsgi.server [req-e217439c-32d2-47ec-b4c4-d9165c04a644 ac9b823b8bd444519added5e2c0eb970 e9e2282bbadc48188deb4d518437aea4 - - -] 192.168.0.2 "GET /v2.1/ HTTP/1.1" status: 200 len: 648 time: 0.0036981
2016-12-20 09:35:29.408 6315 INFO nova.osapi_compute.wsgi.server [req-cf792568-eed6-48e4-b473-8ba500b7f80a ac9b823b8bd444519added5e2c0eb970 e9e2282bbadc48188deb4d518437aea4 - - -] 192.168.0.2 "GET /v2.1/flavors/cf2797b2-337e-441f-95d4-a84f8f130204 HTTP/1.1" status: 200 len: 731 time: 0.0102839
2016-12-20 09:35:30.086 6316 INFO nova.osapi_compute.wsgi.server [req-66fd608e-5bcd-4dad-af7f-28db4003e622 ac9b823b8bd444519added5e2c0eb970 e9e2282bbadc48188deb4d518437aea4 - - -] 192.168.0.2 "POST /v2.1/os-volumes_boot HTTP/1.1" status: 202 len: 729 time: 0.6757150
2016-12-20 09:35:30.172 6316 INFO nova.osapi_compute.wsgi.server [req-42e3209f-671e-40c0-bbca-44be277f880c ac9b823b8bd444519added5e2c0eb970 e9e2282bbadc48188deb4d518437aea4 - - -] 192.168.0.2 "GET /v2.1/servers/f57e2f5d-4bb9-4c00-8692-d32ee3607469 HTTP/1.1" status: 200 len: 1905 time: 0.0837562
2016-12-20 09:35:30.185 6314 INFO nova.osapi_compute.wsgi.server [req-cd183064-95b5-43ea-88dc-baa67de21c21 ac9b823b8bd444519added5e2c0eb970 e9e2282bbadc48188deb4d518437aea4 - - -] 192.168.0.2 "GET /v2.1/flavors/cf2797b2-337e-441f-95d4-a84f8f130204 HTTP/1.1" status: 200 len: 731 time: 0.0118141
2016-12-20 09:35:34.093 6341 INFO nova.metadata.wsgi.server [-] 192.168.0.2 "OPTIONS / HTTP/1.0" status: 200 len: 234 time: 0.0002799
2016-12-20 09:35:36.759 6315 INFO nova.osapi_compute.wsgi.server [-] 192.168.0.2 "OPTIONS / HTTP/1.0" status: 200 len: 499 time: 0.0005028
2016-12-20 09:35:43.928 6342 INFO nova.metadata.wsgi.server [-] 192.168.0.2 "OPTIONS / HTTP/1.0" status: 200 len: 234 time: 0.0002751
2016-12-20 09:35:46.828 6316 INFO nova.osapi_compute.wsgi.server [-] 192.168.0.2 "OPTIONS / HTTP/1.0" status: 200 len: 499 time: 0.0004342
2016-12-20 09:35:49.520 6314 INFO nova.api.openstack.compute.server_external_events [req-723c24b9-0d35-43f4-8766-0b224b970fbf 8e7101c3a3e9404d8bdadd6257fbbc84 b62480b9d83d421a8fdf174efa0173c8 - - -] Creating event network-vif-plugged:444d3a9a-78d4-40de-8f17-1d36ed348d86 for instance f57e2f5d-4bb9-4c00-8692-d32ee3607469
2016-12-20 09:35:49.523 6314 INFO nova.osapi_compute.wsgi.server [req-723c24b9-0d35-43f4-8766-0b224b970fbf 8e7101c3a3e9404d8bdadd6257fbbc84 b62480b9d83d421a8fdf174efa0173c8 - - -] 192.168.0.2 "POST /v2.1/os-server-external-events HTTP/1.1" status: 200 len: 446 time: 0.0826240
2016-12-20 09:35:51.184 6314 INFO nova.api.openstack.wsgi [req-bdf67d10-e0b2-4b83-8308-2732e0c14de4 8e7101c3a3e9404d8bdadd6257fbbc84 b62480b9d83d421a8fdf174efa0173c8 - - -] HTTP exception thrown: No instances found for any event
2016-12-20 09:35:51.185 6314 INFO nova.osapi_compute.wsgi.server [req-bdf67d10-e0b2-4b83-8308-2732e0c14de4 8e7101c3a3e9404d8bdadd6257fbbc84 b62480b9d83d421a8fdf174efa0173c8 - - -] 192.168.0.2 "POST /v2.1/os-server-external-events HTTP/1.1" status: 404 len: 362 time: 0.0422299
2016-12-20 09:35:52.015 6313 INFO nova.api.openstack.wsgi [req-2c1dbe85-b64a-40f7-aeba-eeb1c02c18c3 8e7101c3a3e9404d8bdadd6257fbbc84 b62480b9d83d421a8fdf174efa0173c8 - - -] HTTP exception thrown: No instances found for any event
2016-12-20 09:35:52.016 6313 INFO nova.osapi_compute.wsgi.server [req-2c1dbe85-b64a-40f7-aeba-eeb1c02c18c3 8e7101c3a3e9404d8bdadd6257fbbc84 b62480b9d83d421a8fdf174efa0173c8 - - -] 192.168.0.2 "POST /v2.1/os-server-external-events HTTP/1.1" status: 404 len: 362 time: 0.0546491
2016-12-20 09:35:53.898 6342 INFO nova.metadata.wsgi.server [-] 192.168.0.2 "OPTIONS / HTTP/1.0" status: 200 len: 234 time: 0.0002730
2016-12-20 09:35:56.606 6315 INFO nova.osapi_compute.wsgi.server [-] 192.168.0.2 "OPTIONS / HTTP/1.0" status: 200 len: 499 time: 0.0004270
2016-12-20 09:36:03.606 6342 INFO nova.metadata.wsgi.server [-] 192.168.0.2 "OPTIONS / HTTP/1.0" status: 200 len: 234 time: 0.0002909
2016-12-20 09:36:06.881 6316 INFO nova.osapi_compute.wsgi.server [-] 192.168.0.2 "OPTIONS / HTTP/1.0" status: 200 len: 499 time: 0.0004508
2016-12-20 09:36:13.754 6342 INFO nova.metadata.wsgi.server [-] 192.168.0.2 "OPTIONS / HTTP/1.0" status: 200 len: 234 time: 0.0003681
2016-12-20 09:36:17.127 6314 INFO nova.osapi_compute.wsgi.server [-] 192.168.0.2 "OPTIONS / HTTP/1.0" status: 200 len: 499 time: 0.0004599
2016-12-20 09:36:23.875 6340 INFO nova.metadata.wsgi.server [-] 192.168.0.2 "OPTIONS / HTTP/1.0" status: 200 len: 234 time: 0.0002811
2016-12-20 09:36:26.996 6316 INFO nova.osapi_compute.wsgi.server [-] 192.168.0.2 "OPTIONS / HTTP/1.0" status: 200 len: 499 time: 0.0004570
2016-12-20 09:36:33.826 6340 INFO nova.metadata.wsgi.server [-] 192.168.0.2 "OPTIONS / HTTP/1.0" status: 200 len: 234 time: 0.0002499
2016-12-20 09:36:37.203 6314 INFO nova.osapi_compute.wsgi.server [-] 192.168.0.2 "OPTIONS / HTTP/1.0" status: 200 len: 499 time: 0.0004170
2016-12-20 09:36:44.123 6343 INFO nova.metadata.wsgi.server [-] 192.168.0.2 "OPTIONS / HTTP/1.0" status: 200 len: 234 time: 0.0002811
2016-12-20 09:36:47.099 6316 INFO nova.osapi_compute.wsgi.server [-] 192.168.0.2 "OPTIONS / HTTP/1.0" status: 200 len: 499 time: 0.0004308
2016-12-20 09:36:54.188 6343 INFO nova.metadata.wsgi.server [-] 192.168.0.2 "OPTIONS / HTTP/1.0" status: 200 len: 234 time: 0.0002680
2016-12-20 09:36:57.198 6313 INFO nova.osapi_compute.wsgi.server [-] 192.168.0.2 "OPTIONS / HTTP/1.0" status: 200 len: 499 time: 0.0004241
2016-12-20 09:37:03.911 6340 INFO nova.metadata.wsgi.server [-] 192.168.0.2 "OPTIONS / HTTP/1.0" status: 200 len: 234 time: 0.0002730
2016-12-20 09:37:07.074 6316 INFO nova.osapi_compute.wsgi.server [-] 192.168.0.2 "OPTIONS / HTTP/1.0" status: 200 len: 499 time: 0.0004489
2016-12-20 09:37:13.846 6340 INFO nova.metadata.wsgi.server [-] 192.168.0.2 "OPTIONS / HTTP/1.0" status: 200 len: 234 time: 0.0002749
2016-12-20 09:37:16.842 6316 INFO nova.osapi_compute.wsgi.server [-] 192.168.0.2 "OPTIONS / HTTP/1.0" status: 200 len: 499 time: 0.0004270
2016-12-20 09:37:23.630 6343 INFO nova.metadata.wsgi.server [-] 192.168.0.2 "OPTIONS / HTTP/1.0" status: 200 len: 234 time: 0.0002682
2016-12-20 09:37:26.736 6315 INFO nova.osapi_compute.wsgi.server [-] 192.168.0.2 "OPTIONS / HTTP/1.0" status: 200 len: 499 time: 0.0004098
2016-12-20 09:37:33.895 6343 INFO nova.metadata.wsgi.server [-] 192.168.0.2 "OPTIONS / HTTP/1.0" status: 200 len: 234 time: 0.0002809
2016-12-20 09:37:36.979 6315 INFO nova.osapi_compute.wsgi.server [-] 192.168.0.2 "OPTIONS / HTTP/1.0" status: 200 len: 499 time: 0.0004239
2016-12-20 09:37:43.940 6343 INFO nova.metadata.wsgi.server [-] 192.168.0.2 "OPTIONS / HTTP/1.0" status: 200 len: 234 time: 0.0002780
2016-12-20 09:37:46.840 6315 INFO nova.osapi_compute.wsgi.server [-] 192.168.0.2 "OPTIONS / HTTP/1.0" status: 200 len: 499 time: 0.0004351
2016-12-20 09:37:53.890 6343 INFO nova.metadata.wsgi.server [-] 192.168.0.2 "OPTIONS / HTTP/1.0" status: 200 len: 234 time: 0.0002711
2016-12-20 09:37:56.995 6315 INFO nova.osapi_compute.wsgi.server [-] 192.168.0.2 "OPTIONS / HTTP/1.0" status: 200 len: 499 time: 0.0004032
2016-12-20 09:38:03.767 6340 INFO nova.metadata.wsgi.server [-] 192.168.0.2 "OPTIONS / HTTP/1.0" status: 200 len: 234 time: 0.0002561
2016-12-20 09:38:07.019 6313 INFO nova.osapi_compute.wsgi.server [-] 192.168.0.2 "OPTIONS / HTTP/1.0" status: 200 len: 499 time: 0.0004289
2016-12-20 09:38:13.965 6341 INFO nova.metadata.wsgi.server [-] 192.168.0.2 "OPTIONS / HTTP/1.0" status: 200 len: 234 time: 0.0002601
2016-12-20 09:38:17.094 6314 INFO nova.osapi_compute.wsgi.server [-] 192.168.0.2 "OPTIONS / HTTP/1.0" status: 200 len: 499 time: 0.0004210
2016-12-20 09:38:23.943 6341 INFO nova.metadata.wsgi.server [-] 192.168.0.2 "OPTIONS / HTTP/1.0" status: 200 len: 234 time: 0.0002570
2016-12-20 09:38:25.695 6314 INFO nova.osapi_compute.wsgi.server [req-afc851a9-15d8-4d9b-8ac8-f8e49a8bbbe2 81d6a3f0ccdc4964ae83a0294f9b3fd7 b62480b9d83d421a8fdf174efa0173c8 - - -] 192.168.0.2 "GET /v2.1/images/detail HTTP/1.0" status: 200 len: 2101 time: 0.1571238
2016-12-20 09:38:27.029 6314 INFO nova.osapi_compute.wsgi.server [-] 192.168.0.2 "OPTIONS / HTTP/1.0" status: 200 len: 499 time: 0.0004270
2016-12-20 09:38:34.053 6343 INFO nova.metadata.wsgi.server [-] 192.168.0.2 "OPTIONS / HTTP/1.0" status: 200 len: 234 time: 0.0002711
2016-12-20 09:38:37.111 6314 INFO nova.osapi_compute.wsgi.server [-] 192.168.0.2 "OPTIONS / HTTP/1.0" status: 200 len: 499 time: 0.0004690
2016-12-20 09:38:44.065 6340 INFO nova.metadata.wsgi.server [-] 192.168.0.2 "OPTIONS / HTTP/1.0" status: 200 len: 234 time: 0.0002651
2016-12-20 09:38:46.944 6314 INFO nova.osapi_compute.wsgi.server [-] 192.168.0.2 "OPTIONS / HTTP/1.0" status: 200 len: 499 time: 0.0004399
2016-12-20 09:38:54.263 6342 INFO nova.metadata.wsgi.server [-] 192.168.0.2 "OPTIONS / HTTP/1.0" status: 200 len: 234 time: 0.0002618
2016-12-20 09:38:57.152 6316 INFO nova.osapi_compute.wsgi.server [-] 192.168.0.2 "OPTIONS / HTTP/1.0" status: 200 len: 499 time: 0.0004251
2016-12-20 09:39:04.077 6343 INFO nova.metadata.wsgi.server [-] 192.168.0.2 "OPTIONS / HTTP/1.0" status: 200 len: 234 time: 0.0002699
2016-12-20 09:39:07.190 6316 INFO nova.osapi_compute.wsgi.server [-] 192.168.0.2 "OPTIONS / HTTP/1.0" status: 200 len: 499 time: 0.0004220
2016-12-20 09:39:14.320 6343 INFO nova.metadata.wsgi.server [-] 192.168.0.2 "OPTIONS / HTTP/1.0" status: 200 len: 234 time: 0.0002689
2016-12-20 09:39:17.343 6313 INFO nova.osapi_compute.wsgi.server [-] 192.168.0.2 "OPTIONS / HTTP/1.0" status: 200 len: 499 time: 0.0004232
2016-12-20 09:39:24.335 6341 INFO nova.metadata.wsgi.server [-] 192.168.0.2 "OPTIONS / HTTP/1.0" status: 200 len: 234 time: 0.0002861
2016-12-20 09:39:27.207 6314 INFO nova.osapi_compute.wsgi.server [-] 192.168.0.2 "OPTIONS / HTTP/1.0" status: 200 len: 499 time: 0.0004230
2016-12-20 09:39:34.193 6340 INFO nova.metadata.wsgi.server [-] 192.168.0.2 "OPTIONS / HTTP/1.0" status: 200 len: 234 time: 0.0002661
2016-12-20 09:39:36.984 6314 INFO nova.osapi_compute.wsgi.server [-] 192.168.0.2 "OPTIONS / HTTP/1.0" status: 200 len: 499 time: 0.0004208
2016-12-20 09:39:43.967 6343 INFO nova.metadata.wsgi.server [-] 192.168.0.2 "OPTIONS / HTTP/1.0" status: 200 len: 234 time: 0.0002799
2016-12-20 09:39:46.989 6315 INFO nova.osapi_compute.wsgi.server [-] 192.168.0.2 "OPTIONS / HTTP/1.0" status: 200 len: 499 time: 0.0004110
2016-12-20 09:39:54.111 6340 INFO nova.metadata.wsgi.server [-] 192.168.0.2 "OPTIONS / HTTP/1.0" status: 200 len: 234 time: 0.0002642
2016-12-20 09:39:57.224 6313 INFO nova.osapi_compute.wsgi.server [-] 192.168.0.2 "OPTIONS / HTTP/1.0" status: 200 len: 499 time: 0.0004239
2016-12-20 09:40:04.163 6340 INFO nova.metadata.wsgi.server [-] 192.168.0.2 "OPTIONS / HTTP/1.0" status: 200 len: 234 time: 0.0002811
2016-12-20 09:40:06.973 6316 INFO nova.osapi_compute.wsgi.server [-] 192.168.0.2 "OPTIONS / HTTP/1.0" status: 200 len: 499 time: 0.0004470
2016-12-20 09:40:14.280 6343 INFO nova.metadata.wsgi.server [-] 192.168.0.2 "OPTIONS / HTTP/1.0" status: 200 len: 234 time: 0.0002849
2016-12-20 09:40:16.871 6313 INFO nova.osapi_compute.wsgi.server [-] 192.168.0.2 "OPTIONS / HTTP/1.0" status: 200 len: 499 time: 0.0004680
2016-12-20 09:40:24.345 6343 INFO nova.metadata.wsgi.server [-] 192.168.0.2 "OPTIONS / HTTP/1.0" status: 200 len: 234 time: 0.0002580
2016-12-20 09:40:26.936 6313 INFO nova.osapi_compute.wsgi.server [-] 192.168.0.2 "OPTIONS / HTTP/1.0" status: 200 len: 499 time: 0.0004630
2016-12-20 09:40:34.087 6343 INFO nova.metadata.wsgi.server [-] 192.168.0.2 "OPTIONS / HTTP/1.0" status: 200 len: 234 time: 0.0002639
2016-12-20 09:40:37.234 6313 INFO nova.osapi_compute.wsgi.server [-] 192.168.0.2 "OPTIONS / HTTP/1.0" status: 200 len: 499 time: 0.0004220
2016-12-20 09:40:43.836 6343 INFO nova.metadata.wsgi.server [-] 192.168.0.2 "OPTIONS / HTTP/1.0" status: 200 len: 234 time: 0.0002959
2016-12-20 09:40:46.984 6315 INFO nova.osapi_compute.wsgi.server [-] 192.168.0.2 "OPTIONS / HTTP/1.0" status: 200 len: 499 time: 0.0004492
2016-12-20 09:40:53.730 6340 INFO nova.metadata.wsgi.server [-] 192.168.0.2 "OPTIONS / HTTP/1.0" status: 200 len: 234 time: 0.0002520
2016-12-20 09:40:56.783 6315 INFO nova.osapi_compute.wsgi.server [-] 192.168.0.2 "OPTIONS / HTTP/1.0" status: 200 len: 499 time: 0.0004392
2016-12-20 09:41:03.652 6341 INFO nova.metadata.wsgi.server [-] 192.168.0.2 "OPTIONS / HTTP/1.0" status: 200 len: 234 time: 0.0002801
2016-12-20 09:41:06.737 6315 INFO nova.osapi_compute.wsgi.server [-] 192.168.0.2 "OPTIONS / HTTP/1.0" status: 200 len: 499 time: 0.0004561
2016-12-20 09:41:13.929 6340 INFO nova.metadata.wsgi.server [-] 192.168.0.2 "OPTIONS / HTTP/1.0" status: 200 len: 234 time: 0.0002661
2016-12-20 09:41:16.615 6314 INFO nova.osapi_compute.wsgi.server [-] 192.168.0.2 "OPTIONS / HTTP/1.0" status: 200 len: 499 time: 0.0004320
2016-12-20 09:41:24.228 6342 INFO nova.metadata.wsgi.server [-] 192.168.0.2 "OPTIONS / HTTP/1.0" status: 200 len: 234 time: 0.0002701
2016-12-20 09:41:26.761 6314 INFO nova.osapi_compute.wsgi.server [-] 192.168.0.2 "OPTIONS / HTTP/1.0" status: 200 len: 499 time: 0.0004511
2016-12-20 09:41:34.301 6342 INFO nova.metadata.wsgi.server [-] 192.168.0.2 "OPTIONS / HTTP/1.0" status: 200 len: 234 time: 0.0002460
2016-12-20 09:41:36.565 6314 INFO nova.osapi_compute.wsgi.server [-] 192.168.0.2 "OPTIONS / HTTP/1.0" status: 200 len: 499 time: 0.0004289
2016-12-20 09:41:44.133 6343 INFO nova.metadata.wsgi.server [-] 192.168.0.2 "OPTIONS / HTTP/1.0" status: 200 len: 234 time: 0.0003061
2016-12-20 09:41:46.844 6315 INFO nova.osapi_compute.wsgi.server [-] 192.168.0.2 "OPTIONS / HTTP/1.0" status: 200 len: 499 time: 0.0004861
2016-12-20 09:41:54.353 6342 INFO nova.metadata.wsgi.server [-] 192.168.0.2 "OPTIONS / HTTP/1.0" status: 200 len: 234 time: 0.0002871
2016-12-20 09:41:56.641 6315 INFO nova.osapi_compute.wsgi.server [-] 192.168.0.2 "OPTIONS / HTTP/1.0" status: 200 len: 499 time: 0.0004511
2016-12-20 09:42:04.562 6341 INFO nova.metadata.wsgi.server [-] 192.168.0.2 "OPTIONS / HTTP/1.0" status: 200 len: 234 time: 0.0002639
2016-12-20 09:42:06.810 6315 INFO nova.osapi_compute.wsgi.server [-] 192.168.0.2 "OPTIONS / HTTP/1.0" status: 200 len: 499 time: 0.0004239
2016-12-20 09:42:14.859 6341 INFO nova.metadata.wsgi.server [-] 192.168.0.2 "OPTIONS / HTTP/1.0" status: 200 len: 234 time: 0.0002799
2016-12-20 09:42:16.715 6314 INFO nova.osapi_compute.wsgi.server [-] 192.168.0.2 "OPTIONS / HTTP/1.0" status: 200 len: 499 time: 0.0004261
2016-12-20 09:42:24.654 6341 INFO nova.metadata.wsgi.server [-] 192.168.0.2 "OPTIONS / HTTP/1.0" status: 200 len: 234 time: 0.0002611
2016-12-20 09:42:26.735 6313 INFO nova.osapi_compute.wsgi.server [-] 192.168.0.2 "OPTIONS / HTTP/1.0" status: 200 len: 499 time: 0.0004959
2016-12-20 09:42:34.702 6343 INFO nova.metadata.wsgi.server [-] 192.168.0.2 "OPTIONS / HTTP/1.0" status: 200 len: 234 time: 0.0002830
2016-12-20 09:42:36.508 6314 INFO nova.osapi_compute.wsgi.server [-] 192.168.0.2 "OPTIONS / HTTP/1.0" status: 200 len: 499 time: 0.0005031
2016-12-20 09:42:44.657 6342 INFO nova.metadata.wsgi.server [-] 192.168.0.2 "OPTIONS / HTTP/1.0" status: 200 len: 234 time: 0.0002990
2016-12-20 09:42:46.633 6316 INFO nova.osapi_compute.wsgi.server [-] 192.168.0.2 "OPTIONS / HTTP/1.0" status: 200 len: 499 time: 0.0004699
2016-12-20 09:42:54.497 6342 INFO nova.metadata.wsgi.server [-] 192.168.0.2 "OPTIONS / HTTP/1.0" status: 200 len: 234 time: 0.0002890
2016-12-20 09:42:56.548 6313 INFO nova.osapi_compute.wsgi.server [-] 192.168.0.2 "OPTIONS / HTTP/1.0" status: 200 len: 499 time: 0.0004721
2016-12-20 09:43:04.530 6342 INFO nova.metadata.wsgi.server [-] 192.168.0.2 "OPTIONS / HTTP/1.0" status: 200 len: 234 time: 0.0002871
2016-12-20 09:43:06.392 6313 INFO nova.osapi_compute.wsgi.server [-] 192.168.0.2 "OPTIONS / HTTP/1.0" status: 200 len: 499 time: 0.0004470
2016-12-20 09:43:14.823 6340 INFO nova.metadata.wsgi.server [-] 192.168.0.2 "OPTIONS / HTTP/1.0" status: 200 len: 234 time: 0.0002871
2016-12-20 09:43:16.343 6315 INFO nova.osapi_compute.wsgi.server [-] 192.168.0.2 "OPTIONS / HTTP/1.0" status: 200 len: 499 time: 0.0004020
2016-12-20 09:43:24.699 6340 INFO nova.metadata.wsgi.server [-] 192.168.0.2 "OPTIONS / HTTP/1.0" status: 200 len: 234 time: 0.0002770
2016-12-20 09:43:26.367 6314 INFO nova.osapi_compute.wsgi.server [-] 192.168.0.2 "OPTIONS / HTTP/1.0" status: 200 len: 499 time: 0.0004530
2016-12-20 09:43:34.900 6340 INFO nova.metadata.wsgi.server [-] 192.168.0.2 "OPTIONS / HTTP/1.0" status: 200 len: 234 time: 0.0003052
2016-12-20 09:43:36.656 6314 INFO nova.osapi_compute.wsgi.server [-] 192.168.0.2 "OPTIONS / HTTP/1.0" status: 200 len: 499 time: 0.0004461
2016-12-20 09:43:44.768 6342 INFO nova.metadata.wsgi.server [-] 192.168.0.2 "OPTIONS / HTTP/1.0" status: 200 len: 234 time: 0.0002692
2016-12-20 09:43:46.780 6314 INFO nova.osapi_compute.wsgi.server [-] 192.168.0.2 "OPTIONS / HTTP/1.0" status: 200 len: 499 time: 0.0004199
2016-12-20 09:43:55.040 6342 INFO nova.metadata.wsgi.server [-] 192.168.0.2 "OPTIONS / HTTP/1.0" status: 200 len: 234 time: 0.0002689
2016-12-20 09:43:56.795 6314 INFO nova.osapi_compute.wsgi.server [-] 192.168.0.2 "OPTIONS / HTTP/1.0" status: 200 len: 499 time: 0.0004210
2016-12-20 09:43:58.462 6313 INFO nova.osapi_compute.wsgi.server [req-76802054-6e10-4037-84e8-9e09bbf9a158 ac9b823b8bd444519added5e2c0eb970 e9e2282bbadc48188deb4d518437aea4 - - -] 192.168.0.2 "GET /v2.1/limits?reserved=1 HTTP/1.1" status: 200 len: 772 time: 0.0567331
2016-12-20 09:43:58.635 6315 INFO nova.osapi_compute.wsgi.server [req-762bf8ac-6af1-46b4-b2e4-65c531568076 ac9b823b8bd444519added5e2c0eb970 e9e2282bbadc48188deb4d518437aea4 - - -] 192.168.0.2 "GET /v2.1/servers/detail?limit=21&project_id=e9e2282bbadc48188deb4d518437aea4 HTTP/1.1" status: 200 len: 10792 time: 0.2300000
2016-12-20 09:43:58.658 6315 INFO nova.osapi_compute.wsgi.server [req-38d85721-59b8-4c02-bc62-ce53931b3a34 ac9b823b8bd444519added5e2c0eb970 e9e2282bbadc48188deb4d518437aea4 - - -] 192.168.0.2 "GET /v2.1/flavors/detail HTTP/1.1" status: 200 len: 2917 time: 0.0148840
2016-12-20 09:43:58.818 6313 INFO nova.osapi_compute.wsgi.server [req-80b1f9d5-9754-49cb-b377-97c32868f4e0 ac9b823b8bd444519added5e2c0eb970 e9e2282bbadc48188deb4d518437aea4 - - -] 192.168.0.2 "GET /v2.1/extensions HTTP/1.1" status: 200 len: 21761 time: 0.0175560
2016-12-20 09:44:03.745 6313 INFO nova.osapi_compute.wsgi.server [req-1c77266e-0aa9-42d2-9c00-dc4029751931 ac9b823b8bd444519added5e2c0eb970 e9e2282bbadc48188deb4d518437aea4 - - -] 192.168.0.2 "GET /v2.1/servers/detail?limit=21&project_id=e9e2282bbadc48188deb4d518437aea4 HTTP/1.1" status: 200 len: 10792 time: 0.0843358
2016-12-20 09:44:03.769 6313 INFO nova.osapi_compute.wsgi.server [req-d331b144-4cac-49a8-a4eb-c581b8f79317 ac9b823b8bd444519added5e2c0eb970 e9e2282bbadc48188deb4d518437aea4 - - -] 192.168.0.2 "GET /v2.1/flavors/detail HTTP/1.1" status: 200 len: 2917 time: 0.0157771
2016-12-20 09:44:05.275 6340 INFO nova.metadata.wsgi.server [-] 192.168.0.2 "OPTIONS / HTTP/1.0" status: 200 len: 234 time: 0.0002749
2016-12-20 09:44:06.397 6315 INFO nova.osapi_compute.wsgi.server [req-ba826ac2-4850-42f3-9cc3-38da9488298f ac9b823b8bd444519added5e2c0eb970 e9e2282bbadc48188deb4d518437aea4 - - -] 192.168.0.2 "DELETE /v2.1/servers/f57e2f5d-4bb9-4c00-8692-d32ee3607469 HTTP/1.1" status: 204 len: 269 time: 2.5769801
2016-12-20 09:44:06.547 6315 INFO nova.osapi_compute.wsgi.server [req-173acfb1-7beb-47b7-a8af-1320e03b45a1 ac9b823b8bd444519added5e2c0eb970 e9e2282bbadc48188deb4d518437aea4 - - -] 192.168.0.2 "DELETE /v2.1/servers/11d5d0bb-afb1-419f-b3bc-a85984e66dea HTTP/1.1" status: 204 len: 269 time: 0.1468968
2016-12-20 09:44:06.643 6315 INFO nova.osapi_compute.wsgi.server [req-c2be9c4c-095e-4d81-82b7-c111800b1f0f ac9b823b8bd444519added5e2c0eb970 e9e2282bbadc48188deb4d518437aea4 - - -] 192.168.0.2 "GET /v2.1/limits?reserved=1 HTTP/1.1" status: 200 len: 772 time: 0.0052869
2016-12-20 09:44:06.716 6313 INFO nova.osapi_compute.wsgi.server [req-6c16b066-5fa5-4c52-b5a1-670312164bc2 ac9b823b8bd444519added5e2c0eb970 e9e2282bbadc48188deb4d518437aea4 - - -] 192.168.0.2 "GET /v2.1/servers/detail?limit=21&project_id=e9e2282bbadc48188deb4d518437aea4 HTTP/1.1" status: 200 len: 5823 time: 0.0793531
2016-12-20 09:44:06.735 6314 INFO nova.osapi_compute.wsgi.server [req-2e569773-a074-404d-81f2-0a299905a886 ac9b823b8bd444519added5e2c0eb970 e9e2282bbadc48188deb4d518437aea4 - - -] 192.168.0.2 "GET /v2.1/flavors/detail HTTP/1.1" status: 200 len: 2917 time: 0.0137691
2016-12-20 09:44:06.871 6313 INFO nova.osapi_compute.wsgi.server [-] 192.168.0.2 "OPTIONS / HTTP/1.0" status: 200 len: 499 time: 0.0004480
2016-12-20 09:44:06.878 6315 INFO nova.osapi_compute.wsgi.server [req-5fa5777b-8a04-4fa8-a2d5-2dadbffb36e8 ac9b823b8bd444519added5e2c0eb970 e9e2282bbadc48188deb4d518437aea4 - - -] 192.168.0.2 "GET /v2.1/extensions HTTP/1.1" status: 200 len: 21761 time: 0.0186241
2016-12-20 09:44:10.480 6313 INFO nova.osapi_compute.wsgi.server [req-77d1d0c4-4831-445d-89d9-753e7c12ab7a ac9b823b8bd444519added5e2c0eb970 e9e2282bbadc48188deb4d518437aea4 - - -] 192.168.0.2 "GET /v2.1/limits HTTP/1.1" status: 200 len: 772 time: 0.0042188
2016-12-20 09:44:10.493 6315 INFO nova.osapi_compute.wsgi.server [req-b18b2b25-c7f0-4429-93c0-110ecc438076 ac9b823b8bd444519added5e2c0eb970 e9e2282bbadc48188deb4d518437aea4 - - -] 192.168.0.2 "GET /v2.1/flavors/detail HTTP/1.1" status: 200 len: 2917 time: 0.0282400
2016-12-20 09:44:10.496 6316 INFO nova.osapi_compute.wsgi.server [req-d28b1871-1538-4862-b427-f38f4ceed749 ac9b823b8bd444519added5e2c0eb970 e9e2282bbadc48188deb4d518437aea4 - - -] 192.168.0.2 "GET /v2.1/os-keypairs HTTP/1.1" status: 200 len: 278 time: 0.0102389
2016-12-20 09:44:10.509 6314 INFO nova.osapi_compute.wsgi.server [req-b9df723a-1387-4196-b0c4-41ca8118636b ac9b823b8bd444519added5e2c0eb970 e9e2282bbadc48188deb4d518437aea4 - - -] 192.168.0.2 "GET /v2.1/os-availability-zone HTTP/1.1" status: 200 len: 359 time: 0.0380619
2016-12-20 09:44:10.515 6315 INFO nova.osapi_compute.wsgi.server [req-ae7966cc-9e3a-49c7-8e10-d6d7b5ee4355 ac9b823b8bd444519added5e2c0eb970 e9e2282bbadc48188deb4d518437aea4 - - -] 192.168.0.2 "GET /v2.1/flavors/1/os-extra_specs HTTP/1.1" status: 200 len: 281 time: 0.0165470
2016-12-20 09:44:10.532 6314 INFO nova.osapi_compute.wsgi.server [req-d4fcce79-9591-4b51-98d5-3f8753d86818 ac9b823b8bd444519added5e2c0eb970 e9e2282bbadc48188deb4d518437aea4 - - -] 192.168.0.2 "GET /v2.1/flavors/1f3220c2-447a-4930-946f-060f00f3b4bd/os-extra_specs HTTP/1.1" status: 200 len: 281 time: 0.0132642
2016-12-20 09:44:10.557 6313 INFO nova.osapi_compute.wsgi.server [req-2933e26f-d564-4816-9303-a794e7aa7c4c ac9b823b8bd444519added5e2c0eb970 e9e2282bbadc48188deb4d518437aea4 - - -] 192.168.0.2 "GET /v2.1/flavors/2/os-extra_specs HTTP/1.1" status: 200 len: 281 time: 0.0207229
