2016-12-20 11:19:00.320 6343 INFO nova.metadata.wsgi.server [-] 192.168.0.2 "OPTIONS / HTTP/1.0" status: 200 len: 234 time: 0.0002658
2016-12-20 11:19:07.962 6315 INFO nova.osapi_compute.wsgi.server [-] 192.168.0.2 "OPTIONS / HTTP/1.0" status: 200 len: 499 time: 0.0004110
2016-12-20 11:19:10.430 6341 INFO nova.metadata.wsgi.server [-] 192.168.0.2 "OPTIONS / HTTP/1.0" status: 200 len: 234 time: 0.0002701
2016-12-20 11:19:17.954 6313 INFO nova.osapi_compute.wsgi.server [-] 192.168.0.2 "OPTIONS / HTTP/1.0" status: 200 len: 499 time: 0.0007131
2016-12-20 11:19:20.449 6341 INFO nova.metadata.wsgi.server [-] 192.168.0.2 "OPTIONS / HTTP/1.0" status: 200 len: 234 time: 0.0004230
2016-12-20 11:19:22.699 6314 INFO nova.osapi_compute.wsgi.server [req-48d239bc-4df1-4276-a072-4b6c3fd38498 81d6a3f0ccdc4964ae83a0294f9b3fd7 b62480b9d83d421a8fdf174efa0173c8 - - -] 192.168.0.2 "GET /v2.1/flavors/detail HTTP/1.0" status: 200 len: 2917 time: 0.0744450
2016-12-20 11:19:27.984 6314 INFO nova.osapi_compute.wsgi.server [-] 192.168.0.2 "OPTIONS / HTTP/1.0" status: 200 len: 499 time: 0.0004349
2016-12-20 11:19:30.314 6341 INFO nova.metadata.wsgi.server [-] 192.168.0.2 "OPTIONS / HTTP/1.0" status: 200 len: 234 time: 0.0003550
2016-12-20 11:19:38.192 6316 INFO nova.osapi_compute.wsgi.server [-] 192.168.0.2 "OPTIONS / HTTP/1.0" status: 200 len: 499 time: 0.0004280
2016-12-20 11:19:40.340 6340 INFO nova.metadata.wsgi.server [-] 192.168.0.2 "OPTIONS / HTTP/1.0" status: 200 len: 234 time: 0.0002561
2016-12-20 11:19:48.348 6316 INFO nova.osapi_compute.wsgi.server [-] 192.168.0.2 "OPTIONS / HTTP/1.0" status: 200 len: 499 time: 0.0004339
2016-12-20 11:19:50.599 6340 INFO nova.metadata.wsgi.server [-] 192.168.0.2 "OPTIONS / HTTP/1.0" status: 200 len: 234 time: 0.0002639
2016-12-20 11:19:54.804 6314 INFO nova.osapi_compute.wsgi.server [req-9c1757f1-0152-4db2-a632-9f0e974dd5cd 81d6a3f0ccdc4964ae83a0294f9b3fd7 b62480b9d83d421a8fdf174efa0173c8 - - -] 192.168.0.2 "GET /v2.1/servers/detail?all_tenants=1 HTTP/1.0" status: 200 len: 19363 time: 0.1253290
2016-12-20 11:19:58.463 6313 INFO nova.osapi_compute.wsgi.server [-] 192.168.0.2 "OPTIONS / HTTP/1.0" status: 200 len: 499 time: 0.0007880
2016-12-20 11:20:00.445 6340 INFO nova.metadata.wsgi.server [-] 192.168.0.2 "OPTIONS / HTTP/1.0" status: 200 len: 234 time: 0.0002561
2016-12-20 11:20:08.709 6313 INFO nova.osapi_compute.wsgi.server [-] 192.168.0.2 "OPTIONS / HTTP/1.0" status: 200 len: 499 time: 0.0004251
2016-12-20 11:20:10.688 6340 INFO nova.metadata.wsgi.server [-] 192.168.0.2 "OPTIONS / HTTP/1.0" status: 200 len: 234 time: 0.0002480
2016-12-20 11:20:18.594 6313 INFO nova.osapi_compute.wsgi.server [-] 192.168.0.2 "OPTIONS / HTTP/1.0" status: 200 len: 499 time: 0.0004101
2016-12-20 11:20:20.481 6341 INFO nova.metadata.wsgi.server [-] 192.168.0.2 "OPTIONS / HTTP/1.0" status: 200 len: 234 time: 0.0002670
2016-12-20 11:20:28.712 6314 INFO nova.osapi_compute.wsgi.server [-] 192.168.0.2 "OPTIONS / HTTP/1.0" status: 200 len: 499 time: 0.0004320
2016-12-20 11:20:30.556 6340 INFO nova.metadata.wsgi.server [-] 192.168.0.2 "OPTIONS / HTTP/1.0" status: 200 len: 234 time: 0.0002851
2016-12-20 11:20:38.791 6314 INFO nova.osapi_compute.wsgi.server [-] 192.168.0.2 "OPTIONS / HTTP/1.0" status: 200 len: 499 time: 0.0004032
2016-12-20 11:20:40.540 6342 INFO nova.metadata.wsgi.server [-] 192.168.0.2 "OPTIONS / HTTP/1.0" status: 200 len: 234 time: 0.0002649
2016-12-20 11:20:49.048 6315 INFO nova.osapi_compute.wsgi.server [-] 192.168.0.2 "OPTIONS / HTTP/1.0" status: 200 len: 499 time: 0.0011370
2016-12-20 11:20:50.284 6340 INFO nova.metadata.wsgi.server [-] 192.168.0.2 "OPTIONS / HTTP/1.0" status: 200 len: 234 time: 0.0008869
2016-12-20 11:20:59.318 6315 INFO nova.osapi_compute.wsgi.server [-] 192.168.0.2 "OPTIONS / HTTP/1.0" status: 200 len: 499 time: 0.0011370
2016-12-20 11:21:00.011 6341 INFO nova.metadata.wsgi.server [-] 192.168.0.2 "OPTIONS / HTTP/1.0" status: 200 len: 234 time: 0.0002890
2016-12-20 11:21:09.263 6316 INFO nova.osapi_compute.wsgi.server [-] 192.168.0.2 "OPTIONS / HTTP/1.0" status: 200 len: 499 time: 0.0004389
2016-12-20 11:21:10.223 6341 INFO nova.metadata.wsgi.server [-] 192.168.0.2 "OPTIONS / HTTP/1.0" status: 200 len: 234 time: 0.0002699
2016-12-20 11:21:19.071 6316 INFO nova.osapi_compute.wsgi.server [-] 192.168.0.2 "OPTIONS / HTTP/1.0" status: 200 len: 499 time: 0.0004230
2016-12-20 11:21:20.166 6342 INFO nova.metadata.wsgi.server [-] 192.168.0.2 "OPTIONS / HTTP/1.0" status: 200 len: 234 time: 0.0002820
2016-12-20 11:21:29.162 6313 INFO nova.osapi_compute.wsgi.server [-] 192.168.0.2 "OPTIONS / HTTP/1.0" status: 200 len: 499 time: 0.0004411
2016-12-20 11:21:30.297 6341 INFO nova.metadata.wsgi.server [-] 192.168.0.2 "OPTIONS / HTTP/1.0" status: 200 len: 234 time: 0.0002489
2016-12-20 11:21:38.950 6315 INFO nova.osapi_compute.wsgi.server [-] 192.168.0.2 "OPTIONS / HTTP/1.0" status: 200 len: 499 time: 0.0004289
2016-12-20 11:21:40.219 6341 INFO nova.metadata.wsgi.server [-] 192.168.0.2 "OPTIONS / HTTP/1.0" status: 200 len: 234 time: 0.0002611
2016-12-20 11:21:49.250 6316 INFO nova.osapi_compute.wsgi.server [-] 192.168.0.2 "OPTIONS / HTTP/1.0" status: 200 len: 499 time: 0.0004270
2016-12-20 11:21:50.266 6341 INFO nova.metadata.wsgi.server [-] 192.168.0.2 "OPTIONS / HTTP/1.0" status: 200 len: 234 time: 0.0002749
2016-12-20 11:21:59.535 6314 INFO nova.osapi_compute.wsgi.server [-] 192.168.0.2 "OPTIONS / HTTP/1.0" status: 200 len: 499 time: 0.0004320
2016-12-20 11:22:00.336 6341 INFO nova.metadata.wsgi.server [-] 192.168.0.2 "OPTIONS / HTTP/1.0" status: 200 len: 234 time: 0.0002680
2016-12-20 11:22:09.730 6314 INFO nova.osapi_compute.wsgi.server [-] 192.168.0.2 "OPTIONS / HTTP/1.0" status: 200 len: 499 time: 0.0004208
2016-12-20 11:22:10.361 6340 INFO nova.metadata.wsgi.server [-] 192.168.0.2 "OPTIONS / HTTP/1.0" status: 200 len: 234 time: 0.0002639
2016-12-20 11:22:19.673 6314 INFO nova.osapi_compute.wsgi.server [-] 192.168.0.2 "OPTIONS / HTTP/1.0" status: 200 len: 499 time: 0.0003901
2016-12-20 11:22:20.555 6340 INFO nova.metadata.wsgi.server [-] 192.168.0.2 "OPTIONS / HTTP/1.0" status: 200 len: 234 time: 0.0002670
2016-12-20 11:22:29.471 6314 INFO nova.osapi_compute.wsgi.server [-] 192.168.0.2 "OPTIONS / HTTP/1.0" status: 200 len: 499 time: 0.0004220
2016-12-20 11:22:30.518 6340 INFO nova.metadata.wsgi.server [-] 192.168.0.2 "OPTIONS / HTTP/1.0" status: 200 len: 234 time: 0.0002720
2016-12-20 11:22:39.324 6314 INFO nova.osapi_compute.wsgi.server [-] 192.168.0.2 "OPTIONS / HTTP/1.0" status: 200 len: 499 time: 0.0007470
2016-12-20 11:22:40.634 6342 INFO nova.metadata.wsgi.server [-] 192.168.0.2 "OPTIONS / HTTP/1.0" status: 200 len: 234 time: 0.0003040
2016-12-20 11:22:49.062 6315 INFO nova.osapi_compute.wsgi.server [-] 192.168.0.2 "OPTIONS / HTTP/1.0" status: 200 len: 499 time: 0.0014300
2016-12-20 11:22:50.403 6342 INFO nova.metadata.wsgi.server [-] 192.168.0.2 "OPTIONS / HTTP/1.0" status: 200 len: 234 time: 0.0007091
2016-12-20 11:22:53.153 6315 INFO nova.osapi_compute.wsgi.server [req-5c92de59-722f-464f-b867-0ab02d1af230 ac9b823b8bd444519added5e2c0eb970 e9e2282bbadc48188deb4d518437aea4 - - -] 192.168.0.2 "GET /v2.1/servers/detail?limit=21&project_id=e9e2282bbadc48188deb4d518437aea4 HTTP/1.1" status: 200 len: 20287 time: 0.1942799
2016-12-20 11:22:53.176 6315 INFO nova.osapi_compute.wsgi.server [req-e7ce0942-2eb8-438d-b70a-34ebb40341a2 ac9b823b8bd444519added5e2c0eb970 e9e2282bbadc48188deb4d518437aea4 - - -] 192.168.0.2 "GET /v2.1/flavors/detail HTTP/1.1" status: 200 len: 2917 time: 0.0157011
2016-12-20 11:22:53.450 6313 INFO nova.osapi_compute.wsgi.server [req-9db257dd-aba6-4746-baaa-5a80fb92cca9 ac9b823b8bd444519added5e2c0eb970 e9e2282bbadc48188deb4d518437aea4 - - -] 192.168.0.2 "DELETE /v2.1/servers/494b4fe5-8b22-461f-8234-8fd5b91a3666 HTTP/1.1" status: 204 len: 269 time: 0.1350389
2016-12-20 11:22:53.583 6314 INFO nova.osapi_compute.wsgi.server [req-5495e07e-666d-4d4f-9e7d-0b60f6b1e99e ac9b823b8bd444519added5e2c0eb970 e9e2282bbadc48188deb4d518437aea4 - - -] 192.168.0.2 "DELETE /v2.1/servers/c66f1687-5867-4c8a-a3f7-fce794c1ff02 HTTP/1.1" status: 204 len: 269 time: 0.1288869
2016-12-20 11:22:53.821 6314 INFO nova.osapi_compute.wsgi.server [req-d56c7699-a339-42ba-89d7-094b51e139b9 ac9b823b8bd444519added5e2c0eb970 e9e2282bbadc48188deb4d518437aea4 - - -] 192.168.0.2 "DELETE /v2.1/servers/e5ba5fcb-6e87-4a1b-95ba-1f96d7291c49 HTTP/1.1" status: 204 len: 269 time: 0.2317441
2016-12-20 11:22:53.945 6314 INFO nova.osapi_compute.wsgi.server [req-9b56362a-d104-4e19-aa58-daa907d86f9b ac9b823b8bd444519added5e2c0eb970 e9e2282bbadc48188deb4d518437aea4 - - -] 192.168.0.2 "DELETE /v2.1/servers/94aca622-5b15-4807-bdc8-9b66ac06d4dc HTTP/1.1" status: 204 len: 269 time: 0.1204879
2016-12-20 11:22:53.975 6315 INFO nova.osapi_compute.wsgi.server [req-c4fd67e7-5a07-4fee-b813-7501f0a7c045 ac9b823b8bd444519added5e2c0eb970 e9e2282bbadc48188deb4d518437aea4 - - -] 192.168.0.2 "GET /v2.1/limits?reserved=1 HTTP/1.1" status: 200 len: 772 time: 0.0057700
2016-12-20 11:22:54.060 6314 INFO nova.osapi_compute.wsgi.server [req-18521fdb-b965-4bf8-90b9-7d0dcc3f6586 ac9b823b8bd444519added5e2c0eb970 e9e2282bbadc48188deb4d518437aea4 - - -] 192.168.0.2 "GET /v2.1/servers/detail?limit=21&project_id=e9e2282bbadc48188deb4d518437aea4 HTTP/1.1" status: 200 len: 9065 time: 0.0922801
2016-12-20 11:22:54.083 6316 INFO nova.osapi_compute.wsgi.server [req-dbecc866-7e44-4f79-81b4-4a0ce671f007 ac9b823b8bd444519added5e2c0eb970 e9e2282bbadc48188deb4d518437aea4 - - -] 192.168.0.2 "GET /v2.1/flavors/detail HTTP/1.1" status: 200 len: 2917 time: 0.0172470
2016-12-20 11:22:54.211 6313 INFO nova.osapi_compute.wsgi.server [req-121d1764-0b0c-4bf2-af10-7c5741eb6122 ac9b823b8bd444519added5e2c0eb970 e9e2282bbadc48188deb4d518437aea4 - - -] 192.168.0.2 "GET /v2.1/extensions HTTP/1.1" status: 200 len: 21761 time: 0.0183418
2016-12-20 11:22:57.705 6314 INFO nova.osapi_compute.wsgi.server [req-183c0c6d-a0ae-4981-969b-e81e819268ec ac9b823b8bd444519added5e2c0eb970 e9e2282bbadc48188deb4d518437aea4 - - -] 192.168.0.2 "GET /v2.1/servers/detail?project_id=e9e2282bbadc48188deb4d518437aea4 HTTP/1.1" status: 200 len: 9065 time: 0.1014469
2016-12-20 11:22:57.812 6315 INFO nova.osapi_compute.wsgi.server [req-c2f60ff9-bc7c-4e59-97ab-d49cf570c5bb ac9b823b8bd444519added5e2c0eb970 e9e2282bbadc48188deb4d518437aea4 - - -] 192.168.0.2 "GET /v2.1/extensions HTTP/1.1" status: 200 len: 21761 time: 0.0235620
2016-12-20 11:22:58.977 6313 INFO nova.osapi_compute.wsgi.server [-] 192.168.0.2 "OPTIONS / HTTP/1.0" status: 200 len: 499 time: 0.0011871
2016-12-20 11:23:00.596 6341 INFO nova.metadata.wsgi.server [-] 192.168.0.2 "OPTIONS / HTTP/1.0" status: 200 len: 234 time: 0.0002661
2016-12-20 11:23:01.521 6315 INFO nova.osapi_compute.wsgi.server [req-3eab60d2-d0dd-4730-b3c0-b79673fa5a4a ac9b823b8bd444519added5e2c0eb970 e9e2282bbadc48188deb4d518437aea4 - - -] 192.168.0.2 "GET /v2.1/limits HTTP/1.1" status: 200 len: 772 time: 0.0040019
2016-12-20 11:23:01.526 6313 INFO nova.osapi_compute.wsgi.server [req-6e7bb149-4006-4a14-b439-0629b2c15261 ac9b823b8bd444519added5e2c0eb970 e9e2282bbadc48188deb4d518437aea4 - - -] 192.168.0.2 "GET /v2.1/os-keypairs HTTP/1.1" status: 200 len: 278 time: 0.0053389
2016-12-20 11:23:01.540 6316 INFO nova.osapi_compute.wsgi.server [req-d74d6745-83b5-42ea-97ad-be1f10fc9d3a ac9b823b8bd444519added5e2c0eb970 e9e2282bbadc48188deb4d518437aea4 - - -] 192.168.0.2 "GET /v2.1/flavors/detail HTTP/1.1" status: 200 len: 2917 time: 0.0151789
2016-12-20 11:23:01.555 6315 INFO nova.osapi_compute.wsgi.server [req-04ee3417-f5e0-4d68-a589-4d4bd8b92521 ac9b823b8bd444519added5e2c0eb970 e9e2282bbadc48188deb4d518437aea4 - - -] 192.168.0.2 "GET /v2.1/flavors/1/os-extra_specs HTTP/1.1" status: 200 len: 281 time: 0.0122521
2016-12-20 11:23:01.556 6313 INFO nova.osapi_compute.wsgi.server [req-91dfb560-9c97-4f10-a84b-70c3858bc873 ac9b823b8bd444519added5e2c0eb970 e9e2282bbadc48188deb4d518437aea4 - - -] 192.168.0.2 "GET /v2.1/os-availability-zone HTTP/1.1" status: 200 len: 359 time: 0.0274811
2016-12-20 11:23:01.572 6316 INFO nova.osapi_compute.wsgi.server [req-32918b29-3693-40c0-81d5-bb06a0ee33b6 ac9b823b8bd444519added5e2c0eb970 e9e2282bbadc48188deb4d518437aea4 - - -] 192.168.0.2 "GET /v2.1/flavors/1f3220c2-447a-4930-946f-060f00f3b4bd/os-extra_specs HTTP/1.1" status: 200 len: 281 time: 0.0111272
2016-12-20 11:23:01.587 6316 INFO nova.osapi_compute.wsgi.server [req-1980abd6-c8aa-4173-b8f3-6a7b1fe3ec50 ac9b823b8bd444519added5e2c0eb970 e9e2282bbadc48188deb4d518437aea4 - - -] 192.168.0.2 "GET /v2.1/flavors/2/os-extra_specs HTTP/1.1" status: 200 len: 281 time: 0.0135999
2016-12-20 11:23:01.602 6316 INFO nova.osapi_compute.wsgi.server [req-33a7d464-013e-422d-8f14-0327b26287c4 ac9b823b8bd444519added5e2c0eb970 e9e2282bbadc48188deb4d518437aea4 - - -] 192.168.0.2 "GET /v2.1/flavors/3/os-extra_specs HTTP/1.1" status: 200 len: 281 time: 0.0126052
2016-12-20 11:23:01.614 6316 INFO nova.osapi_compute.wsgi.server [req-d3fab347-5849-4330-940d-129d75cc0345 ac9b823b8bd444519added5e2c0eb970 e9e2282bbadc48188deb4d518437aea4 - - -] 192.168.0.2 "GET /v2.1/flavors/4/os-extra_specs HTTP/1.1" status: 200 len: 281 time: 0.0097611
2016-12-20 11:23:01.626 6316 INFO nova.osapi_compute.wsgi.server [req-9ed57bce-b75c-4933-a64a-a1d5e4dd4c72 ac9b823b8bd444519added5e2c0eb970 e9e2282bbadc48188deb4d518437aea4 - - -] 192.168.0.2 "GET /v2.1/flavors/5/os-extra_specs HTTP/1.1" status: 200 len: 281 time: 0.0099101
2016-12-20 11:23:01.638 6316 INFO nova.osapi_compute.wsgi.server [req-25f0d48b-0d86-449b-9d65-c9b6ebe7ff78 ac9b823b8bd444519added5e2c0eb970 e9e2282bbadc48188deb4d518437aea4 - - -] 192.168.0.2 "GET /v2.1/flavors/cf2797b2-337e-441f-95d4-a84f8f130204/os-extra_specs HTTP/1.1" status: 200 len: 281 time: 0.0099881
2016-12-20 11:23:01.784 6315 INFO nova.osapi_compute.wsgi.server [req-c93ffed9-5fc3-4042-9982-e6219f43709b ac9b823b8bd444519added5e2c0eb970 e9e2282bbadc48188deb4d518437aea4 - - -] 192.168.0.2 "GET /v2.1/extensions HTTP/1.1" status: 200 len: 21761 time: 0.0250089
2016-12-20 11:23:08.895 6315 INFO nova.osapi_compute.wsgi.server [-] 192.168.0.2 "OPTIONS / HTTP/1.0" status: 200 len: 499 time: 0.0004339
2016-12-20 11:23:10.608 6342 INFO nova.metadata.wsgi.server [-] 192.168.0.2 "OPTIONS / HTTP/1.0" status: 200 len: 234 time: 0.0002749
2016-12-20 11:23:19.118 6313 INFO nova.osapi_compute.wsgi.server [-] 192.168.0.2 "OPTIONS / HTTP/1.0" status: 200 len: 499 time: 0.0004470
2016-12-20 11:23:20.364 6342 INFO nova.metadata.wsgi.server [-] 192.168.0.2 "OPTIONS / HTTP/1.0" status: 200 len: 234 time: 0.0002689
2016-12-20 11:23:27.597 6313 INFO nova.osapi_compute.wsgi.server [req-2dc5b8cd-6ce0-4617-a220-90702db84c7c 81d6a3f0ccdc4964ae83a0294f9b3fd7 b62480b9d83d421a8fdf174efa0173c8 - - -] 192.168.0.2 "GET /v2.1/images/detail HTTP/1.0" status: 200 len: 2101 time: 0.0792401
2016-12-20 11:23:29.106 6316 INFO nova.osapi_compute.wsgi.server [-] 192.168.0.2 "OPTIONS / HTTP/1.0" status: 200 len: 499 time: 0.0004270
2016-12-20 11:23:30.460 6341 INFO nova.metadata.wsgi.server [-] 192.168.0.2 "OPTIONS / HTTP/1.0" status: 200 len: 234 time: 0.0002689
2016-12-20 11:23:34.340 6314 INFO nova.osapi_compute.wsgi.server [req-6d0cd336-ccab-45ef-ad45-3cb099f88cff ac9b823b8bd444519added5e2c0eb970 e9e2282bbadc48188deb4d518437aea4 - - -] 192.168.0.2 "POST /v2.1/os-volumes_boot HTTP/1.1" status: 202 len: 752 time: 0.4781480
2016-12-20 11:23:34.403 6315 INFO nova.osapi_compute.wsgi.server [req-d3a64922-ccb1-451e-bd0c-6b863da63fa5 ac9b823b8bd444519added5e2c0eb970 e9e2282bbadc48188deb4d518437aea4 - - -] 192.168.0.2 "GET /v2.1/servers/c2ce3730-c2ec-4a1f-9583-511259c90cd5 HTTP/1.1" status: 200 len: 1528 time: 0.0607090
2016-12-20 11:23:34.599 6313 INFO nova.osapi_compute.wsgi.server [req-f4c7395a-1a6f-47e3-a423-acf4260b9815 ac9b823b8bd444519added5e2c0eb970 e9e2282bbadc48188deb4d518437aea4 - - -] 192.168.0.2 "GET /v2.1/servers/detail?project_id=e9e2282bbadc48188deb4d518437aea4 HTTP/1.1" status: 200 len: 10411 time: 0.0917821
2016-12-20 11:23:34.664 6313 INFO nova.osapi_compute.wsgi.server [req-3f9abbf8-7b0e-491e-b9f5-cf42f09d9a56 ac9b823b8bd444519added5e2c0eb970 e9e2282bbadc48188deb4d518437aea4 - - -] 192.168.0.2 "GET /v2.1/extensions HTTP/1.1" status: 200 len: 21761 time: 0.0186880
2016-12-20 11:23:36.724 6315 INFO nova.osapi_compute.wsgi.server [req-aec4f811-e6bd-4ea2-9f1d-219a4bbb9587 ac9b823b8bd444519added5e2c0eb970 e9e2282bbadc48188deb4d518437aea4 - - -] 192.168.0.2 "GET /v2.1/limits?reserved=1 HTTP/1.1" status: 200 len: 772 time: 0.0039721
2016-12-20 11:23:36.815 6313 INFO nova.osapi_compute.wsgi.server [req-b521106a-adef-4191-9252-7549b6a0387f ac9b823b8bd444519added5e2c0eb970 e9e2282bbadc48188deb4d518437aea4 - - -] 192.168.0.2 "GET /v2.1/servers/detail?limit=21&project_id=e9e2282bbadc48188deb4d518437aea4 HTTP/1.1" status: 200 len: 10697 time: 0.0952990
2016-12-20 11:23:36.845 6314 INFO nova.osapi_compute.wsgi.server [req-d2e54d50-6276-4f07-8683-1d1de0e6eed0 ac9b823b8bd444519added5e2c0eb970 e9e2282bbadc48188deb4d518437aea4 - - -] 192.168.0.2 "GET /v2.1/flavors/detail HTTP/1.1" status: 200 len: 2917 time: 0.0246010
2016-12-20 11:23:36.969 6315 INFO nova.osapi_compute.wsgi.server [req-be9779bb-33ea-42c5-b61a-fcd61a2f99bd ac9b823b8bd444519added5e2c0eb970 e9e2282bbadc48188deb4d518437aea4 - - -] 192.168.0.2 "GET /v2.1/extensions HTTP/1.1" status: 200 len: 21761 time: 0.0189149
2016-12-20 11:23:37.485 6315 INFO nova.osapi_compute.wsgi.server [req-27a6d2cd-d9d2-4cef-97ac-5f491cef15bc ac9b823b8bd444519added5e2c0eb970 e9e2282bbadc48188deb4d518437aea4 - - -] 192.168.0.2 "GET /v2.1/servers/c2ce3730-c2ec-4a1f-9583-511259c90cd5 HTTP/1.1" status: 200 len: 1794 time: 0.1515009
2016-12-20 11:23:37.498 6315 INFO nova.osapi_compute.wsgi.server [req-2e5341da-d851-4288-b3f2-69fd257d9383 ac9b823b8bd444519added5e2c0eb970 e9e2282bbadc48188deb4d518437aea4 - - -] 192.168.0.2 "GET /v2.1/flavors/cf2797b2-337e-441f-95d4-a84f8f130204 HTTP/1.1" status: 200 len: 728 time: 0.0101871
2016-12-20 11:23:37.583 6313 INFO nova.osapi_compute.wsgi.server [req-3cfb73b7-15c4-436e-a37c-dc5334ca44bb ac9b823b8bd444519added5e2c0eb970 e9e2282bbadc48188deb4d518437aea4 - - -] 192.168.0.2 "GET /v2.1/extensions HTTP/1.1" status: 200 len: 21761 time: 0.0181551
2016-12-20 11:23:39.043 6313 INFO nova.osapi_compute.wsgi.server [-] 192.168.0.2 "OPTIONS / HTTP/1.0" status: 200 len: 499 time: 0.0004668
2016-12-20 11:23:40.275 6313 INFO nova.osapi_compute.wsgi.server [req-0e80ba63-9e8d-4c70-944c-ba505dbade89 ac9b823b8bd444519added5e2c0eb970 e9e2282bbadc48188deb4d518437aea4 - - -] 192.168.0.2 "GET /v2.1/servers/c2ce3730-c2ec-4a1f-9583-511259c90cd5 HTTP/1.1" status: 200 len: 1794 time: 0.0819159
2016-12-20 11:23:40.287 6314 INFO nova.osapi_compute.wsgi.server [req-18a864d0-6184-4e9a-bcdf-a50ad6bf4ccb ac9b823b8bd444519added5e2c0eb970 e9e2282bbadc48188deb4d518437aea4 - - -] 192.168.0.2 "GET /v2.1/flavors/cf2797b2-337e-441f-95d4-a84f8f130204 HTTP/1.1" status: 200 len: 728 time: 0.0104260
2016-12-20 11:23:40.442 6314 INFO nova.osapi_compute.wsgi.server [req-a619e305-fbb2-42ca-8432-e2b562609cda ac9b823b8bd444519added5e2c0eb970 e9e2282bbadc48188deb4d518437aea4 - - -] 192.168.0.2 "GET /v2.1/extensions HTTP/1.1" status: 200 len: 21761 time: 0.0193050
2016-12-20 11:23:40.639 6341 INFO nova.metadata.wsgi.server [-] 192.168.0.2 "OPTIONS / HTTP/1.0" status: 200 len: 234 time: 0.0002620
2016-12-20 11:23:43.382 6313 INFO nova.api.openstack.compute.server_external_events [req-3553be6d-f60c-4d9d-b365-aed239618ff7 8e7101c3a3e9404d8bdadd6257fbbc84 b62480b9d83d421a8fdf174efa0173c8 - - -] Creating event network-vif-plugged:d8d8d702-9323-4302-ac89-a5933352854b for instance c2ce3730-c2ec-4a1f-9583-511259c90cd5
2016-12-20 11:23:43.385 6313 INFO nova.osapi_compute.wsgi.server [req-3553be6d-f60c-4d9d-b365-aed239618ff7 8e7101c3a3e9404d8bdadd6257fbbc84 b62480b9d83d421a8fdf174efa0173c8 - - -] 192.168.0.2 "POST /v2.1/os-server-external-events HTTP/1.1" status: 200 len: 446 time: 0.0412929
2016-12-20 11:23:45.610 6314 INFO nova.osapi_compute.wsgi.server [req-253df2da-b832-4b3d-b622-ac67e6ef2859 ac9b823b8bd444519added5e2c0eb970 e9e2282bbadc48188deb4d518437aea4 - - -] 192.168.0.2 "GET /v2.1/servers/c2ce3730-c2ec-4a1f-9583-511259c90cd5 HTTP/1.1" status: 200 len: 1815 time: 0.0834632
2016-12-20 11:23:45.626 6314 INFO nova.osapi_compute.wsgi.server [req-e555ee9c-73df-4f22-9cb5-c54e732be3bd ac9b823b8bd444519added5e2c0eb970 e9e2282bbadc48188deb4d518437aea4 - - -] 192.168.0.2 "GET /v2.1/flavors/cf2797b2-337e-441f-95d4-a84f8f130204 HTTP/1.1" status: 200 len: 728 time: 0.0134249
2016-12-20 11:23:45.713 6313 INFO nova.osapi_compute.wsgi.server [req-4b071b06-4950-431a-a08e-c2938815424e ac9b823b8bd444519added5e2c0eb970 e9e2282bbadc48188deb4d518437aea4 - - -] 192.168.0.2 "GET /v2.1/extensions HTTP/1.1" status: 200 len: 21761 time: 0.0181580
2016-12-20 11:23:49.223 6314 INFO nova.osapi_compute.wsgi.server [-] 192.168.0.2 "OPTIONS / HTTP/1.0" status: 200 len: 499 time: 0.0007401
2016-12-20 11:23:49.869 6315 INFO nova.osapi_compute.wsgi.server [req-1b438cd9-318b-4870-9cc5-6ae40412712e ac9b823b8bd444519added5e2c0eb970 e9e2282bbadc48188deb4d518437aea4 - - -] 192.168.0.2 "GET /v2.1/limits?reserved=1 HTTP/1.1" status: 200 len: 772 time: 0.0480499
2016-12-20 11:23:49.931 6315 INFO nova.osapi_compute.wsgi.server [req-addb03e1-fca7-4821-91da-d0e7347178f8 ac9b823b8bd444519added5e2c0eb970 e9e2282bbadc48188deb4d518437aea4 - - -] 192.168.0.2 "GET /v2.1/servers/detail?limit=21&project_id=e9e2282bbadc48188deb4d518437aea4 HTTP/1.1" status: 200 len: 10706 time: 0.1110830
2016-12-20 11:23:49.964 6313 INFO nova.osapi_compute.wsgi.server [req-f22ec537-0b5d-493b-9e3f-0b6d645c66b5 ac9b823b8bd444519added5e2c0eb970 e9e2282bbadc48188deb4d518437aea4 - - -] 192.168.0.2 "GET /v2.1/flavors/detail HTTP/1.1" status: 200 len: 2917 time: 0.0191538
2016-12-20 11:23:50.093 6315 INFO nova.osapi_compute.wsgi.server [req-51924b36-2628-421e-8ab8-529ace63c1ba ac9b823b8bd444519added5e2c0eb970 e9e2282bbadc48188deb4d518437aea4 - - -] 192.168.0.2 "GET /v2.1/extensions HTTP/1.1" status: 200 len: 21761 time: 0.0231090
2016-12-20 11:23:50.349 6343 INFO nova.metadata.wsgi.server [-] 192.168.0.2 "OPTIONS / HTTP/1.0" status: 200 len: 234 time: 0.0003910
2016-12-20 11:23:54.164 6313 INFO nova.osapi_compute.wsgi.server [req-67500b49-abbd-42c4-a74e-e253813824c4 ac9b823b8bd444519added5e2c0eb970 e9e2282bbadc48188deb4d518437aea4 - - -] 192.168.0.2 "GET /v2.1/servers/detail?project_id=e9e2282bbadc48188deb4d518437aea4 HTTP/1.1" status: 200 len: 10706 time: 0.1742332
2016-12-20 11:23:54.251 6313 INFO nova.osapi_compute.wsgi.server [req-28f2fff7-0d18-4f60-b8c4-cc3d962faca9 ac9b823b8bd444519added5e2c0eb970 e9e2282bbadc48188deb4d518437aea4 - - -] 192.168.0.2 "GET /v2.1/extensions HTTP/1.1" status: 200 len: 21761 time: 0.0203431
2016-12-20 11:23:56.174 6315 INFO nova.osapi_compute.wsgi.server [req-562983ef-38c4-4219-86c9-b998446bec65 ac9b823b8bd444519added5e2c0eb970 e9e2282bbadc48188deb4d518437aea4 - - -] 192.168.0.2 "GET /v2.1/limits?reserved=1 HTTP/1.1" status: 200 len: 772 time: 0.0060210
2016-12-20 11:23:56.267 6316 INFO nova.osapi_compute.wsgi.server [req-a7b9677b-1929-4ed9-b05d-4e9462ddf286 ac9b823b8bd444519added5e2c0eb970 e9e2282bbadc48188deb4d518437aea4 - - -] 192.168.0.2 "GET /v2.1/servers/detail?limit=21&project_id=e9e2282bbadc48188deb4d518437aea4 HTTP/1.1" status: 200 len: 10706 time: 0.0959971
2016-12-20 11:23:56.289 6316 INFO nova.osapi_compute.wsgi.server [req-aa1c8e97-e999-4508-863f-cf60f8f19af9 ac9b823b8bd444519added5e2c0eb970 e9e2282bbadc48188deb4d518437aea4 - - -] 192.168.0.2 "GET /v2.1/flavors/detail HTTP/1.1" status: 200 len: 2917 time: 0.0174310
2016-12-20 11:23:56.428 6314 INFO nova.osapi_compute.wsgi.server [req-568314f3-c195-4bf7-9306-32d83278ea00 ac9b823b8bd444519added5e2c0eb970 e9e2282bbadc48188deb4d518437aea4 - - -] 192.168.0.2 "GET /v2.1/extensions HTTP/1.1" status: 200 len: 21761 time: 0.0199430
2016-12-20 11:23:59.422 6314 INFO nova.osapi_compute.wsgi.server [-] 192.168.0.2 "OPTIONS / HTTP/1.0" status: 200 len: 499 time: 0.0010600
2016-12-20 11:23:59.455 6314 INFO nova.osapi_compute.wsgi.server [req-833b6b67-a935-4d6a-97b3-6f03f4dd7f4e ac9b823b8bd444519added5e2c0eb970 e9e2282bbadc48188deb4d518437aea4 - - -] 192.168.0.2 "GET /v2.1/servers/detail?project_id=e9e2282bbadc48188deb4d518437aea4 HTTP/1.1" status: 200 len: 10706 time: 0.1741741
2016-12-20 11:24:00.451 6343 INFO nova.metadata.wsgi.server [-] 192.168.0.2 "OPTIONS / HTTP/1.0" status: 200 len: 234 time: 0.0002890
2016-12-20 11:24:01.931 6313 INFO nova.osapi_compute.wsgi.server [req-2d8f3dd5-8471-444a-9148-85d089014365 ac9b823b8bd444519added5e2c0eb970 e9e2282bbadc48188deb4d518437aea4 - - -] 192.168.0.2 "GET /v2.1/os-quota-sets/e9e2282bbadc48188deb4d518437aea4 HTTP/1.1" status: 200 len: 626 time: 0.0040081
2016-12-20 11:24:01.967 6316 INFO nova.osapi_compute.wsgi.server [req-77ddea37-4995-45d6-9d86-ea4615d0fddc ac9b823b8bd444519added5e2c0eb970 e9e2282bbadc48188deb4d518437aea4 - - -] 192.168.0.2 "GET /v2.1/flavors/detail HTTP/1.1" status: 200 len: 2917 time: 0.0197039
2016-12-20 11:24:02.089 6314 INFO nova.osapi_compute.wsgi.server [req-5017fd99-c05b-4ed3-8e71-dd7652e933a4 ac9b823b8bd444519added5e2c0eb970 e9e2282bbadc48188deb4d518437aea4 - - -] 192.168.0.2 "GET /v2.1/servers/detail?all_tenants=True&tenant_id=e9e2282bbadc48188deb4d518437aea4 HTTP/1.1" status: 200 len: 10706 time: 0.1719160
2016-12-20 11:24:04.074 6315 INFO nova.osapi_compute.wsgi.server [req-762a2522-f6e6-49d4-9850-4dd00fa21384 ac9b823b8bd444519added5e2c0eb970 e9e2282bbadc48188deb4d518437aea4 - - -] 192.168.0.2 "GET /v2.1/flavors/detail HTTP/1.1" status: 200 len: 2917 time: 0.0379410
2016-12-20 11:24:04.132 6316 INFO nova.osapi_compute.wsgi.server [req-0b21f7ad-6c1b-4ec5-be62-1d54be380bd8 ac9b823b8bd444519added5e2c0eb970 e9e2282bbadc48188deb4d518437aea4 - - -] 192.168.0.2 "GET /v2.1/os-quota-sets/e9e2282bbadc48188deb4d518437aea4 HTTP/1.1" status: 200 len: 626 time: 0.0945408
2016-12-20 11:24:04.217 6316 INFO nova.osapi_compute.wsgi.server [req-491ab0c4-df4c-4a29-a304-9b3b6b9240c4 ac9b823b8bd444519added5e2c0eb970 e9e2282bbadc48188deb4d518437aea4 - - -] 192.168.0.2 "GET /v2.1/servers/detail?all_tenants=True&tenant_id=e9e2282bbadc48188deb4d518437aea4 HTTP/1.1" status: 200 len: 10706 time: 0.1804581
2016-12-20 11:24:05.756 6313 INFO nova.osapi_compute.wsgi.server [req-26d5ef6d-079c-49b4-861d-dbb2a00dcb43 ac9b823b8bd444519added5e2c0eb970 e9e2282bbadc48188deb4d518437aea4 - - -] 192.168.0.2 "GET /v2.1/servers/detail?project_id=e9e2282bbadc48188deb4d518437aea4 HTTP/1.1" status: 200 len: 10706 time: 0.0894358
2016-12-20 11:24:06.264 6316 INFO nova.osapi_compute.wsgi.server [req-de52f88f-5606-4dca-9480-16fc6324d95e ac9b823b8bd444519added5e2c0eb970 e9e2282bbadc48188deb4d518437aea4 - - -] 192.168.0.2 "GET /v2.1/limits?reserved=1 HTTP/1.1" status: 200 len: 772 time: 0.0039439
2016-12-20 11:24:06.349 6314 INFO nova.osapi_compute.wsgi.server [req-9efc3e37-b671-4842-a771-442138a2393f ac9b823b8bd444519added5e2c0eb970 e9e2282bbadc48188deb4d518437aea4 - - -] 192.168.0.2 "GET /v2.1/servers/detail?limit=21&project_id=e9e2282bbadc48188deb4d518437aea4 HTTP/1.1" status: 200 len: 10706 time: 0.0890620
2016-12-20 11:24:06.365 6315 INFO nova.osapi_compute.wsgi.server [req-6415e0d7-02ed-47b1-834a-2e50ef0c29e4 ac9b823b8bd444519added5e2c0eb970 e9e2282bbadc48188deb4d518437aea4 - - -] 192.168.0.2 "GET /v2.1/flavors/detail HTTP/1.1" status: 200 len: 2917 time: 0.0132060
2016-12-20 11:24:06.496 6315 INFO nova.osapi_compute.wsgi.server [req-9c0c6866-cf4d-4246-9faf-c6f2bc642bc3 ac9b823b8bd444519added5e2c0eb970 e9e2282bbadc48188deb4d518437aea4 - - -] 192.168.0.2 "GET /v2.1/extensions HTTP/1.1" status: 200 len: 21761 time: 0.0192881
2016-12-20 11:24:08.306 6313 INFO nova.api.openstack.compute.server_external_events [req-93a8a83e-89ae-4f49-a141-1f8ae65a5c68 8e7101c3a3e9404d8bdadd6257fbbc84 b62480b9d83d421a8fdf174efa0173c8 - - -] Creating event network-changed:None for instance c2ce3730-c2ec-4a1f-9583-511259c90cd5
2016-12-20 11:24:08.309 6313 INFO nova.osapi_compute.wsgi.server [req-93a8a83e-89ae-4f49-a141-1f8ae65a5c68 8e7101c3a3e9404d8bdadd6257fbbc84 b62480b9d83d421a8fdf174efa0173c8 - - -] 192.168.0.2 "POST /v2.1/os-server-external-events HTTP/1.1" status: 200 len: 395 time: 0.0432961
2016-12-20 11:24:09.079 6316 INFO nova.osapi_compute.wsgi.server [req-d1085b4d-aa0a-4628-a533-181ea3150f9f ac9b823b8bd444519added5e2c0eb970 e9e2282bbadc48188deb4d518437aea4 - - -] 192.168.0.2 "GET /v2.1/servers/detail?project_id=e9e2282bbadc48188deb4d518437aea4 HTTP/1.1" status: 200 len: 10823 time: 0.0856330
2016-12-20 11:24:09.145 6314 INFO nova.osapi_compute.wsgi.server [req-a7fb7a4a-5733-4b0e-b2fa-f9cdaaf836e1 ac9b823b8bd444519added5e2c0eb970 e9e2282bbadc48188deb4d518437aea4 - - -] 192.168.0.2 "GET /v2.1/extensions HTTP/1.1" status: 200 len: 21761 time: 0.0206051
2016-12-20 11:24:09.309 6315 INFO nova.osapi_compute.wsgi.server [-] 192.168.0.2 "OPTIONS / HTTP/1.0" status: 200 len: 499 time: 0.0004420
2016-12-20 11:24:10.387 6341 INFO nova.metadata.wsgi.server [-] 192.168.0.2 "OPTIONS / HTTP/1.0" status: 200 len: 234 time: 0.0002859
2016-12-20 11:24:13.154 6313 INFO nova.osapi_compute.wsgi.server [req-a033940d-d730-41a7-b205-7d475234c4a3 ac9b823b8bd444519added5e2c0eb970 e9e2282bbadc48188deb4d518437aea4 - - -] 192.168.0.2 "GET /v2.1/os-keypairs HTTP/1.1" status: 200 len: 278 time: 0.0091949
2016-12-20 11:24:13.163 6314 INFO nova.osapi_compute.wsgi.server [req-a6cc73f3-83ed-495a-82ed-154538b2725c ac9b823b8bd444519added5e2c0eb970 e9e2282bbadc48188deb4d518437aea4 - - -] 192.168.0.2 "GET /v2.1/flavors/detail HTTP/1.1" status: 200 len: 2917 time: 0.0168831
2016-12-20 11:24:13.165 6316 INFO nova.osapi_compute.wsgi.server [req-f520a42f-f346-4e8f-adbe-b258a6d0a4b7 ac9b823b8bd444519added5e2c0eb970 e9e2282bbadc48188deb4d518437aea4 - - -] 192.168.0.2 "GET /v2.1/limits HTTP/1.1" status: 200 len: 772 time: 0.0043302
2016-12-20 11:24:13.187 6315 INFO nova.osapi_compute.wsgi.server [req-cb02e062-6216-4f66-8cde-f156f07cd737 ac9b823b8bd444519added5e2c0eb970 e9e2282bbadc48188deb4d518437aea4 - - -] 192.168.0.2 "GET /v2.1/flavors/1/os-extra_specs HTTP/1.1" status: 200 len: 281 time: 0.0216172
2016-12-20 11:24:13.195 6313 INFO nova.osapi_compute.wsgi.server [req-60686a0c-14b4-46df-bc92-49de0ec2fc85 ac9b823b8bd444519added5e2c0eb970 e9e2282bbadc48188deb4d518437aea4 - - -] 192.168.0.2 "GET /v2.1/os-availability-zone HTTP/1.1" status: 200 len: 359 time: 0.0304608
2016-12-20 11:24:13.202 6315 INFO nova.osapi_compute.wsgi.server [req-c2084471-1197-4cb9-a709-15b14feec8c6 ac9b823b8bd444519added5e2c0eb970 e9e2282bbadc48188deb4d518437aea4 - - -] 192.168.0.2 "GET /v2.1/flavors/1f3220c2-447a-4930-946f-060f00f3b4bd/os-extra_specs HTTP/1.1" status: 200 len: 281 time: 0.0132020
2016-12-20 11:24:13.217 6315 INFO nova.osapi_compute.wsgi.server [req-bce6a939-aa63-43b4-9106-6d5480267128 ac9b823b8bd444519added5e2c0eb970 e9e2282bbadc48188deb4d518437aea4 - - -] 192.168.0.2 "GET /v2.1/flavors/2/os-extra_specs HTTP/1.1" status: 200 len: 281 time: 0.0127470
2016-12-20 11:24:13.232 6315 INFO nova.osapi_compute.wsgi.server [req-d3a258c3-1276-4db8-9097-7be8e5c6c127 ac9b823b8bd444519added5e2c0eb970 e9e2282bbadc48188deb4d518437aea4 - - -] 192.168.0.2 "GET /v2.1/flavors/3/os-extra_specs HTTP/1.1" status: 200 len: 281 time: 0.0122049
2016-12-20 11:24:13.245 6315 INFO nova.osapi_compute.wsgi.server [req-6f074e13-937d-495c-b53c-38acb91337ab ac9b823b8bd444519added5e2c0eb970 e9e2282bbadc48188deb4d518437aea4 - - -] 192.168.0.2 "GET /v2.1/flavors/4/os-extra_specs HTTP/1.1" status: 200 len: 281 time: 0.0103140
2016-12-20 11:24:13.258 6315 INFO nova.osapi_compute.wsgi.server [req-660439ad-dfab-4aa1-acad-80c9d488da8d ac9b823b8bd444519added5e2c0eb970 e9e2282bbadc48188deb4d518437aea4 - - -] 192.168.0.2 "GET /v2.1/flavors/5/os-extra_specs HTTP/1.1" status: 200 len: 281 time: 0.0107810
2016-12-20 11:24:13.271 6315 INFO nova.osapi_compute.wsgi.server [req-892276ae-f238-4e4c-ba22-09c542a011f9 ac9b823b8bd444519added5e2c0eb970 e9e2282bbadc48188deb4d518437aea4 - - -] 192.168.0.2 "GET /v2.1/flavors/cf2797b2-337e-441f-95d4-a84f8f130204/os-extra_specs HTTP/1.1" status: 200 len: 281 time: 0.0113621
2016-12-20 11:24:13.393 6316 INFO nova.osapi_compute.wsgi.server [req-5c75fc5a-4d98-4a35-b040-985e32247400 ac9b823b8bd444519added5e2c0eb970 e9e2282bbadc48188deb4d518437aea4 - - -] 192.168.0.2 "GET /v2.1/extensions HTTP/1.1" status: 200 len: 21761 time: 0.0497360
2016-12-20 11:24:19.203 6316 INFO nova.osapi_compute.wsgi.server [-] 192.168.0.2 "OPTIONS / HTTP/1.0" status: 200 len: 499 time: 0.0007980
2016-12-20 11:24:20.517 6342 INFO nova.metadata.wsgi.server [-] 192.168.0.2 "OPTIONS / HTTP/1.0" status: 200 len: 234 time: 0.0004539
2016-12-20 11:24:26.891 6316 INFO nova.osapi_compute.wsgi.server [req-33ffcc45-17cd-4c4a-9974-6f66b8b2eeb1 ac9b823b8bd444519added5e2c0eb970 e9e2282bbadc48188deb4d518437aea4 - - -] 192.168.0.2 "GET /v2.1/limits?reserved=1 HTTP/1.1" status: 200 len: 772 time: 0.0041010
2016-12-20 11:24:26.973 6313 INFO nova.osapi_compute.wsgi.server [req-c652a487-662c-4373-acd1-46bbd4173b42 ac9b823b8bd444519added5e2c0eb970 e9e2282bbadc48188deb4d518437aea4 - - -] 192.168.0.2 "GET /v2.1/servers/detail?limit=21&project_id=e9e2282bbadc48188deb4d518437aea4 HTTP/1.1" status: 200 len: 10823 time: 0.0862370
2016-12-20 11:24:27.001 6314 INFO nova.osapi_compute.wsgi.server [req-162c4fae-d82b-43fb-8ae5-ff7f9b992d18 ac9b823b8bd444519added5e2c0eb970 e9e2282bbadc48188deb4d518437aea4 - - -] 192.168.0.2 "GET /v2.1/flavors/detail HTTP/1.1" status: 200 len: 2917 time: 0.0185049
2016-12-20 11:24:27.101 6316 INFO nova.osapi_compute.wsgi.server [req-034a25ef-4259-4c92-b3ac-11771663f308 ac9b823b8bd444519added5e2c0eb970 e9e2282bbadc48188deb4d518437aea4 - - -] 192.168.0.2 "GET /v2.1/extensions HTTP/1.1" status: 200 len: 21761 time: 0.0184169
2016-12-20 11:24:29.251 6316 INFO nova.osapi_compute.wsgi.server [-] 192.168.0.2 "OPTIONS / HTTP/1.0" status: 200 len: 499 time: 0.0004640
2016-12-20 11:24:30.283 6342 INFO nova.metadata.wsgi.server [-] 192.168.0.2 "OPTIONS / HTTP/1.0" status: 200 len: 234 time: 0.0002811
2016-12-20 11:24:30.578 6314 INFO nova.osapi_compute.wsgi.server [req-471accc2-70fc-4835-8440-a56a16e30096 ac9b823b8bd444519added5e2c0eb970 e9e2282bbadc48188deb4d518437aea4 - - -] 192.168.0.2 "GET /v2.1/servers/detail?project_id=e9e2282bbadc48188deb4d518437aea4 HTTP/1.1" status: 200 len: 10823 time: 0.0874369
2016-12-20 11:24:30.640 6313 INFO nova.osapi_compute.wsgi.server [req-6d484cd3-ec0c-4b7f-a121-a87c2e27aa15 ac9b823b8bd444519added5e2c0eb970 e9e2282bbadc48188deb4d518437aea4 - - -] 192.168.0.2 "GET /v2.1/extensions HTTP/1.1" status: 200 len: 21761 time: 0.0186849
2016-12-20 11:24:33.471 6313 INFO nova.osapi_compute.wsgi.server [req-0ba0e26f-a98e-4396-9cd5-319471154b06 ac9b823b8bd444519added5e2c0eb970 e9e2282bbadc48188deb4d518437aea4 - - -] 192.168.0.2 "GET /v2.1/flavors/detail HTTP/1.1" status: 200 len: 2917 time: 0.0160861
2016-12-20 11:24:33.492 6314 INFO nova.osapi_compute.wsgi.server [req-641385cb-cf7e-45bf-8186-796d5cb84018 ac9b823b8bd444519added5e2c0eb970 e9e2282bbadc48188deb4d518437aea4 - - -] 192.168.0.2 "GET /v2.1/os-keypairs HTTP/1.1" status: 200 len: 278 time: 0.0124791
2016-12-20 11:24:33.497 6315 INFO nova.osapi_compute.wsgi.server [req-94fcd57c-28d7-465d-bc9c-75bdfc482c11 ac9b823b8bd444519added5e2c0eb970 e9e2282bbadc48188deb4d518437aea4 - - -] 192.168.0.2 "GET /v2.1/flavors/1/os-extra_specs HTTP/1.1" status: 200 len: 281 time: 0.0168269
2016-12-20 11:24:33.498 6314 INFO nova.osapi_compute.wsgi.server [req-d1e50668-88cd-47c1-91f1-812edfd7f362 ac9b823b8bd444519added5e2c0eb970 e9e2282bbadc48188deb4d518437aea4 - - -] 192.168.0.2 "GET /v2.1/limits HTTP/1.1" status: 200 len: 772 time: 0.0164509
2016-12-20 11:24:33.518 6313 INFO nova.osapi_compute.wsgi.server [req-3d194653-9b98-4bcc-b53b-2c2eab567271 ac9b823b8bd444519added5e2c0eb970 e9e2282bbadc48188deb4d518437aea4 - - -] 192.168.0.2 "GET /v2.1/flavors/1f3220c2-447a-4930-946f-060f00f3b4bd/os-extra_specs HTTP/1.1" status: 200 len: 281 time: 0.0150630
2016-12-20 11:24:33.518 6316 INFO nova.osapi_compute.wsgi.server [req-9e3ed221-83fb-41f1-a1ec-d922a58bbb41 ac9b823b8bd444519added5e2c0eb970 e9e2282bbadc48188deb4d518437aea4 - - -] 192.168.0.2 "GET /v2.1/os-availability-zone HTTP/1.1" status: 200 len: 359 time: 0.0425589
2016-12-20 11:24:33.533 6313 INFO nova.osapi_compute.wsgi.server [req-4766b9c2-2af6-4508-9d89-454c3f43a2c3 ac9b823b8bd444519added5e2c0eb970 e9e2282bbadc48188deb4d518437aea4 - - -] 192.168.0.2 "GET /v2.1/flavors/2/os-extra_specs HTTP/1.1" status: 200 len: 281 time: 0.0109489
2016-12-20 11:24:33.545 6313 INFO nova.osapi_compute.wsgi.server [req-a38c45f6-cf2e-4d93-9517-532133db2485 ac9b823b8bd444519added5e2c0eb970 e9e2282bbadc48188deb4d518437aea4 - - -] 192.168.0.2 "GET /v2.1/flavors/3/os-extra_specs HTTP/1.1" status: 200 len: 281 time: 0.0105548
2016-12-20 11:24:33.558 6314 INFO nova.osapi_compute.wsgi.server [req-e0f4a3f6-50b2-4ed9-a035-8b0dde23ac60 ac9b823b8bd444519added5e2c0eb970 e9e2282bbadc48188deb4d518437aea4 - - -] 192.168.0.2 "GET /v2.1/flavors/4/os-extra_specs HTTP/1.1" status: 200 len: 281 time: 0.0105722
2016-12-20 11:24:33.571 6314 INFO nova.osapi_compute.wsgi.server [req-732d6499-564a-432b-945a-983251bf9dec ac9b823b8bd444519added5e2c0eb970 e9e2282bbadc48188deb4d518437aea4 - - -] 192.168.0.2 "GET /v2.1/flavors/5/os-extra_specs HTTP/1.1" status: 200 len: 281 time: 0.0113280
2016-12-20 11:24:33.583 6314 INFO nova.osapi_compute.wsgi.server [req-36193a0f-f484-4f8f-b112-ad1b9bd5c831 ac9b823b8bd444519added5e2c0eb970 e9e2282bbadc48188deb4d518437aea4 - - -] 192.168.0.2 "GET /v2.1/flavors/cf2797b2-337e-441f-95d4-a84f8f130204/os-extra_specs HTTP/1.1" status: 200 len: 281 time: 0.0100961
2016-12-20 11:24:33.647 6314 INFO nova.osapi_compute.wsgi.server [req-1a9b89de-8a21-4c60-9387-ca0b464c6663 ac9b823b8bd444519added5e2c0eb970 e9e2282bbadc48188deb4d518437aea4 - - -] 192.168.0.2 "GET /v2.1/extensions HTTP/1.1" status: 200 len: 21761 time: 0.0408108
2016-12-20 11:24:39.508 6314 INFO nova.osapi_compute.wsgi.server [-] 192.168.0.2 "OPTIONS / HTTP/1.0" status: 200 len: 499 time: 0.0004830
2016-12-20 11:24:40.275 6341 INFO nova.metadata.wsgi.server [-] 192.168.0.2 "OPTIONS / HTTP/1.0" status: 200 len: 234 time: 0.0002720
2016-12-20 11:24:49.329 6316 INFO nova.osapi_compute.wsgi.server [-] 192.168.0.2 "OPTIONS / HTTP/1.0" status: 200 len: 499 time: 0.0004590
2016-12-20 11:24:50.051 6341 INFO nova.metadata.wsgi.server [-] 192.168.0.2 "OPTIONS / HTTP/1.0" status: 200 len: 234 time: 0.0002570
2016-12-20 11:24:51.580 6316 INFO nova.osapi_compute.wsgi.server [req-ec639b73-bf38-4dbd-aaad-b9eaeb944988 ac9b823b8bd444519added5e2c0eb970 e9e2282bbadc48188deb4d518437aea4 - - -] 192.168.0.2 "POST /v2.1/os-volumes_boot HTTP/1.1" status: 202 len: 752 time: 0.4770839
2016-12-20 11:24:51.650 6315 INFO nova.osapi_compute.wsgi.server [req-be4b301b-5488-44f5-9963-46b13e67a7bf ac9b823b8bd444519added5e2c0eb970 e9e2282bbadc48188deb4d518437aea4 - - -] 192.168.0.2 "GET /v2.1/servers/b4e23c4d-5afd-4c04-bf5d-7a4f889ae391 HTTP/1.1" status: 200 len: 1528 time: 0.0671308
2016-12-20 11:24:51.841 6314 INFO nova.osapi_compute.wsgi.server [req-b53116f1-94b8-4beb-8695-30c2fca0e298 ac9b823b8bd444519added5e2c0eb970 e9e2282bbadc48188deb4d518437aea4 - - -] 192.168.0.2 "GET /v2.1/servers/detail?project_id=e9e2282bbadc48188deb4d518437aea4 HTTP/1.1" status: 200 len: 12168 time: 0.0974200
2016-12-20 11:24:51.913 6314 INFO nova.osapi_compute.wsgi.server [req-bbf20104-8f71-47ee-9738-5275f81eb924 ac9b823b8bd444519added5e2c0eb970 e9e2282bbadc48188deb4d518437aea4 - - -] 192.168.0.2 "GET /v2.1/extensions HTTP/1.1" status: 200 len: 21761 time: 0.0187221
2016-12-20 11:24:59.491 6313 INFO nova.osapi_compute.wsgi.server [-] 192.168.0.2 "OPTIONS / HTTP/1.0" status: 200 len: 499 time: 0.0004411
2016-12-20 11:25:00.322 6342 INFO nova.metadata.wsgi.server [-] 192.168.0.2 "OPTIONS / HTTP/1.0" status: 200 len: 234 time: 0.0002761
2016-12-20 11:25:01.132 6316 INFO nova.api.openstack.compute.server_external_events [req-76b9da4d-18f7-4685-b63f-f05f3a5d31ce 8e7101c3a3e9404d8bdadd6257fbbc84 b62480b9d83d421a8fdf174efa0173c8 - - -] Creating event network-vif-plugged:4bacc396-b67e-4123-bb9f-6b3cba522268 for instance b4e23c4d-5afd-4c04-bf5d-7a4f889ae391
2016-12-20 11:25:01.135 6316 INFO nova.osapi_compute.wsgi.server [req-76b9da4d-18f7-4685-b63f-f05f3a5d31ce 8e7101c3a3e9404d8bdadd6257fbbc84 b62480b9d83d421a8fdf174efa0173c8 - - -] 192.168.0.2 "POST /v2.1/os-server-external-events HTTP/1.1" status: 200 len: 446 time: 0.0439060
2016-12-20 11:25:05.388 6313 INFO nova.osapi_compute.wsgi.server [req-68ec6590-36ff-42e7-816b-a66db534766d ac9b823b8bd444519added5e2c0eb970 e9e2282bbadc48188deb4d518437aea4 - - -] 192.168.0.2 "GET /v2.1/limits?reserved=1 HTTP/1.1" status: 200 len: 772 time: 0.0040061
2016-12-20 11:25:05.483 6315 INFO nova.osapi_compute.wsgi.server [req-8f827708-0478-4b92-a4ec-d83eaccf41e1 ac9b823b8bd444519added5e2c0eb970 e9e2282bbadc48188deb4d518437aea4 - - -] 192.168.0.2 "GET /v2.1/servers/detail?limit=21&project_id=e9e2282bbadc48188deb4d518437aea4 HTTP/1.1" status: 200 len: 12463 time: 0.0995440
2016-12-20 11:25:05.508 6316 INFO nova.osapi_compute.wsgi.server [req-0150bf4b-bd60-4a38-bf2a-f66c20439bc2 ac9b823b8bd444519added5e2c0eb970 e9e2282bbadc48188deb4d518437aea4 - - -] 192.168.0.2 "GET /v2.1/flavors/detail HTTP/1.1" status: 200 len: 2917 time: 0.0199471
2016-12-20 11:25:05.693 6316 INFO nova.osapi_compute.wsgi.server [req-9c86ca5d-f4eb-4540-bf2a-06d09d3dbebd ac9b823b8bd444519added5e2c0eb970 e9e2282bbadc48188deb4d518437aea4 - - -] 192.168.0.2 "GET /v2.1/extensions HTTP/1.1" status: 200 len: 21761 time: 0.0190210
2016-12-20 11:25:08.053 6343 INFO nova.metadata.wsgi.server [req-c58af58c-27ba-4edc-bdd0-c9034e6281c1 - - - - -] 192.168.111.18,192.168.0.2 "GET /openstack/latest/meta_data.json HTTP/1.1" status: 200 len: 1076 time: 0.1241932
2016-12-20 11:25:09.622 6315 INFO nova.osapi_compute.wsgi.server [-] 192.168.0.2 "OPTIONS / HTTP/1.0" status: 200 len: 499 time: 0.0004539
2016-12-20 11:25:09.635 6315 INFO nova.osapi_compute.wsgi.server [req-36bcf8cb-0ce9-4c18-a5f3-7f1c343e0eb8 ac9b823b8bd444519added5e2c0eb970 e9e2282bbadc48188deb4d518437aea4 - - -] 192.168.0.2 "GET /v2.1/servers/detail?project_id=e9e2282bbadc48188deb4d518437aea4 HTTP/1.1" status: 200 len: 12463 time: 0.0958409
2016-12-20 11:25:10.494 6341 INFO nova.metadata.wsgi.server [-] 192.168.0.2 "OPTIONS / HTTP/1.0" status: 200 len: 234 time: 0.0002570
2016-12-20 11:25:11.496 6313 INFO nova.osapi_compute.wsgi.server [req-5dec3209-956d-4490-81f9-36f449acd671 ac9b823b8bd444519added5e2c0eb970 e9e2282bbadc48188deb4d518437aea4 - - -] 192.168.0.2 "GET /v2.1/os-quota-sets/e9e2282bbadc48188deb4d518437aea4 HTTP/1.1" status: 200 len: 626 time: 0.0079920
2016-12-20 11:25:11.517 6314 INFO nova.osapi_compute.wsgi.server [req-b9e717f2-1303-4181-92ab-4b0cc30eaad9 ac9b823b8bd444519added5e2c0eb970 e9e2282bbadc48188deb4d518437aea4 - - -] 192.168.0.2 "GET /v2.1/flavors/detail HTTP/1.1" status: 200 len: 2917 time: 0.0295370
2016-12-20 11:25:11.687 6313 INFO nova.osapi_compute.wsgi.server [req-e0c5938a-20a7-4c99-8662-5e671bf0bc42 ac9b823b8bd444519added5e2c0eb970 e9e2282bbadc48188deb4d518437aea4 - - -] 192.168.0.2 "GET /v2.1/servers/detail?all_tenants=True&tenant_id=e9e2282bbadc48188deb4d518437aea4 HTTP/1.1" status: 200 len: 12463 time: 0.1977971
2016-12-20 11:25:12.794 6314 INFO nova.osapi_compute.wsgi.server [req-e55fbbbb-df2b-487e-81c2-40be2903dbd1 ac9b823b8bd444519added5e2c0eb970 e9e2282bbadc48188deb4d518437aea4 - - -] 192.168.0.2 "GET /v2.1/os-quota-sets/e9e2282bbadc48188deb4d518437aea4 HTTP/1.1" status: 200 len: 626 time: 0.0130360
2016-12-20 11:25:12.976 6315 INFO nova.osapi_compute.wsgi.server [req-594079b4-4a5f-482a-b126-b2f88d99d6c0 ac9b823b8bd444519added5e2c0eb970 e9e2282bbadc48188deb4d518437aea4 - - -] 192.168.0.2 "GET /v2.1/flavors/detail HTTP/1.1" status: 200 len: 2917 time: 0.1918499
2016-12-20 11:25:13.031 6315 INFO nova.osapi_compute.wsgi.server [req-25590f8a-0903-4ed9-9f53-0d25897cf05c ac9b823b8bd444519added5e2c0eb970 e9e2282bbadc48188deb4d518437aea4 - - -] 192.168.0.2 "GET /v2.1/servers/detail?all_tenants=True&tenant_id=e9e2282bbadc48188deb4d518437aea4 HTTP/1.1" status: 200 len: 12463 time: 0.2453570
2016-12-20 11:25:15.223 6315 INFO nova.osapi_compute.wsgi.server [req-86bfe53a-1598-486d-ad67-e472cb6b2d82 ac9b823b8bd444519added5e2c0eb970 e9e2282bbadc48188deb4d518437aea4 - - -] 192.168.0.2 "GET /v2.1/servers/detail?project_id=e9e2282bbadc48188deb4d518437aea4 HTTP/1.1" status: 200 len: 12463 time: 0.1659620
2016-12-20 11:25:15.521 6313 INFO nova.osapi_compute.wsgi.server [req-acb9413c-6498-4964-b249-66c08dac2e2f ac9b823b8bd444519added5e2c0eb970 e9e2282bbadc48188deb4d518437aea4 - - -] 192.168.0.2 "GET /v2.1/limits?reserved=1 HTTP/1.1" status: 200 len: 772 time: 0.0041909
2016-12-20 11:25:15.607 6314 INFO nova.osapi_compute.wsgi.server [req-fbfff901-8731-4562-8b0d-ff4e62723f12 ac9b823b8bd444519added5e2c0eb970 e9e2282bbadc48188deb4d518437aea4 - - -] 192.168.0.2 "GET /v2.1/servers/detail?limit=21&project_id=e9e2282bbadc48188deb4d518437aea4 HTTP/1.1" status: 200 len: 12463 time: 0.0924690
2016-12-20 11:25:15.629 6313 INFO nova.osapi_compute.wsgi.server [req-1635faf8-41e8-4602-a451-27d6f78dc060 ac9b823b8bd444519added5e2c0eb970 e9e2282bbadc48188deb4d518437aea4 - - -] 192.168.0.2 "GET /v2.1/flavors/detail HTTP/1.1" status: 200 len: 2917 time: 0.0162461
2016-12-20 11:25:15.796 6313 INFO nova.osapi_compute.wsgi.server [req-e3d1c9c4-4512-4390-9f54-b0ecf8f68602 ac9b823b8bd444519added5e2c0eb970 e9e2282bbadc48188deb4d518437aea4 - - -] 192.168.0.2 "GET /v2.1/extensions HTTP/1.1" status: 200 len: 21761 time: 0.0184221
2016-12-20 11:25:17.525 6316 INFO nova.api.openstack.compute.server_external_events [req-a1a57ba4-d9b3-4c16-bfc8-faedeaa19487 8e7101c3a3e9404d8bdadd6257fbbc84 b62480b9d83d421a8fdf174efa0173c8 - - -] Creating event network-changed:None for instance b4e23c4d-5afd-4c04-bf5d-7a4f889ae391
2016-12-20 11:25:17.528 6316 INFO nova.osapi_compute.wsgi.server [req-a1a57ba4-d9b3-4c16-bfc8-faedeaa19487 8e7101c3a3e9404d8bdadd6257fbbc84 b62480b9d83d421a8fdf174efa0173c8 - - -] 192.168.0.2 "POST /v2.1/os-server-external-events HTTP/1.1" status: 200 len: 395 time: 0.0260699
2016-12-20 11:25:19.357 6316 INFO nova.osapi_compute.wsgi.server [-] 192.168.0.2 "OPTIONS / HTTP/1.0" status: 200 len: 499 time: 0.0008790
2016-12-20 11:25:19.458 6316 INFO nova.osapi_compute.wsgi.server [req-f7ca5824-90d6-4c6d-8a17-0e802be5b326 ac9b823b8bd444519added5e2c0eb970 e9e2282bbadc48188deb4d518437aea4 - - -] 192.168.0.2 "GET /v2.1/servers/detail?project_id=e9e2282bbadc48188deb4d518437aea4 HTTP/1.1" status: 200 len: 12580 time: 0.1647460
2016-12-20 11:25:19.520 6313 INFO nova.osapi_compute.wsgi.server [req-ae73bbfc-5812-4a27-95cd-f9e2ea8b180b ac9b823b8bd444519added5e2c0eb970 e9e2282bbadc48188deb4d518437aea4 - - -] 192.168.0.2 "GET /v2.1/extensions HTTP/1.1" status: 200 len: 21761 time: 0.0188792
2016-12-20 11:25:20.783 6340 INFO nova.metadata.wsgi.server [-] 192.168.0.2 "OPTIONS / HTTP/1.0" status: 200 len: 234 time: 0.0002751
2016-12-20 11:25:29.365 6313 INFO nova.osapi_compute.wsgi.server [-] 192.168.0.2 "OPTIONS / HTTP/1.0" status: 200 len: 499 time: 0.0004652
2016-12-20 11:25:30.981 6341 INFO nova.metadata.wsgi.server [-] 192.168.0.2 "OPTIONS / HTTP/1.0" status: 200 len: 234 time: 0.0002940
2016-12-20 11:25:31.542 6313 INFO nova.osapi_compute.wsgi.server [req-01854365-59eb-48ad-8b8e-53111fbe0516 ac9b823b8bd444519added5e2c0eb970 e9e2282bbadc48188deb4d518437aea4 - - -] 192.168.0.2 "GET /v2.1/servers/detail?project_id=e9e2282bbadc48188deb4d518437aea4 HTTP/1.1" status: 200 len: 12580 time: 0.0894859
2016-12-20 11:25:31.942 6315 INFO nova.osapi_compute.wsgi.server [req-5326fe9f-a849-455f-b1d0-c2a456ff3d39 ac9b823b8bd444519added5e2c0eb970 e9e2282bbadc48188deb4d518437aea4 - - -] 192.168.0.2 "GET /v2.1/servers/detail?project_id=e9e2282bbadc48188deb4d518437aea4 HTTP/1.1" status: 200 len: 12580 time: 0.0874820
2016-12-20 11:25:32.010 6315 INFO nova.osapi_compute.wsgi.server [req-d3193573-fe8f-440e-a914-1d2d5d2efcdb ac9b823b8bd444519added5e2c0eb970 e9e2282bbadc48188deb4d518437aea4 - - -] 192.168.0.2 "GET /v2.1/extensions HTTP/1.1" status: 200 len: 21761 time: 0.0207801
2016-12-20 11:25:39.190 6316 INFO nova.osapi_compute.wsgi.server [-] 192.168.0.2 "OPTIONS / HTTP/1.0" status: 200 len: 499 time: 0.0004671
2016-12-20 11:25:40.875 6343 INFO nova.metadata.wsgi.server [-] 192.168.0.2 "OPTIONS / HTTP/1.0" status: 200 len: 234 time: 0.0002689
2016-12-20 11:25:43.146 6314 INFO nova.osapi_compute.wsgi.server [req-478a468d-65a0-4adc-8ed1-e45995aaacce ac9b823b8bd444519added5e2c0eb970 e9e2282bbadc48188deb4d518437aea4 - - -] 192.168.0.2 "GET /v2.1/limits HTTP/1.1" status: 200 len: 772 time: 0.0043790
2016-12-20 11:25:43.157 6315 INFO nova.osapi_compute.wsgi.server [req-fb2231f1-8565-466f-8c91-db417a855d84 ac9b823b8bd444519added5e2c0eb970 e9e2282bbadc48188deb4d518437aea4 - - -] 192.168.0.2 "GET /v2.1/flavors/detail HTTP/1.1" status: 200 len: 2917 time: 0.0198960
2016-12-20 11:25:43.160 6316 INFO nova.osapi_compute.wsgi.server [req-412cd49c-587b-4dd8-9008-0ad5451610e1 ac9b823b8bd444519added5e2c0eb970 e9e2282bbadc48188deb4d518437aea4 - - -] 192.168.0.2 "GET /v2.1/os-keypairs HTTP/1.1" status: 200 len: 278 time: 0.0085261
2016-12-20 11:25:43.193 6316 INFO nova.osapi_compute.wsgi.server [req-d17c969d-f7e5-4cde-8967-94bb491cee82 ac9b823b8bd444519added5e2c0eb970 e9e2282bbadc48188deb4d518437aea4 - - -] 192.168.0.2 "GET /v2.1/flavors/1/os-extra_specs HTTP/1.1" status: 200 len: 281 time: 0.0322990
2016-12-20 11:25:43.202 6314 INFO nova.osapi_compute.wsgi.server [req-2bed7ac5-a2d5-419b-82e1-c1384509ced3 ac9b823b8bd444519added5e2c0eb970 e9e2282bbadc48188deb4d518437aea4 - - -] 192.168.0.2 "GET /v2.1/os-availability-zone HTTP/1.1" status: 200 len: 359 time: 0.0616081
