2016-12-20 11:25:43.246 6316 INFO nova.osapi_compute.wsgi.server [req-41fa8be3-6ca5-43c9-a7b0-bc521a0af5c9 ac9b823b8bd444519added5e2c0eb970 e9e2282bbadc48188deb4d518437aea4 - - -] 192.168.0.2 "GET /v2.1/flavors/1f3220c2-447a-4930-946f-060f00f3b4bd/os-extra_specs HTTP/1.1" status: 200 len: 281 time: 0.0202770
2016-12-20 11:25:43.266 6316 INFO nova.osapi_compute.wsgi.server [req-eecce67c-34e6-47a7-8eb5-17c52daa2f7f ac9b823b8bd444519added5e2c0eb970 e9e2282bbadc48188deb4d518437aea4 - - -] 192.168.0.2 "GET /v2.1/flavors/2/os-extra_specs HTTP/1.1" status: 200 len: 281 time: 0.0165100
2016-12-20 11:25:43.274 6313 INFO nova.osapi_compute.wsgi.server [req-24b5e847-42c3-4713-88ed-cb0f13f919be ac9b823b8bd444519added5e2c0eb970 e9e2282bbadc48188deb4d518437aea4 - - -] 192.168.0.2 "GET /v2.1/extensions HTTP/1.1" status: 200 len: 21761 time: 0.0232899
2016-12-20 11:25:43.287 6315 INFO nova.osapi_compute.wsgi.server [req-141fb6e2-6936-4a09-8694-e404be3451e6 ac9b823b8bd444519added5e2c0eb970 e9e2282bbadc48188deb4d518437aea4 - - -] 192.168.0.2 "GET /v2.1/flavors/3/os-extra_specs HTTP/1.1" status: 200 len: 281 time: 0.0150268
2016-12-20 11:25:43.299 6315 INFO nova.osapi_compute.wsgi.server [req-7f2e10e2-1fec-450e-9ddd-e114655c18c2 ac9b823b8bd444519added5e2c0eb970 e9e2282bbadc48188deb4d518437aea4 - - -] 192.168.0.2 "GET /v2.1/flavors/4/os-extra_specs HTTP/1.1" status: 200 len: 281 time: 0.0105040
2016-12-20 11:25:43.312 6315 INFO nova.osapi_compute.wsgi.server [req-234e67ae-ec74-4e74-9336-f8f13eb5f958 ac9b823b8bd444519added5e2c0eb970 e9e2282bbadc48188deb4d518437aea4 - - -] 192.168.0.2 "GET /v2.1/flavors/5/os-extra_specs HTTP/1.1" status: 200 len: 281 time: 0.0105262
2016-12-20 11:25:43.325 6314 INFO nova.osapi_compute.wsgi.server [req-45e6c861-3ea2-4711-8339-921f80b960f6 ac9b823b8bd444519added5e2c0eb970 e9e2282bbadc48188deb4d518437aea4 - - -] 192.168.0.2 "GET /v2.1/flavors/cf2797b2-337e-441f-95d4-a84f8f130204/os-extra_specs HTTP/1.1" status: 200 len: 281 time: 0.0103948
2016-12-20 11:25:49.450 6316 INFO nova.osapi_compute.wsgi.server [-] 192.168.0.2 "OPTIONS / HTTP/1.0" status: 200 len: 499 time: 0.0004439
2016-12-20 11:25:50.669 6341 INFO nova.metadata.wsgi.server [-] 192.168.0.2 "OPTIONS / HTTP/1.0" status: 200 len: 234 time: 0.0003011
2016-12-20 11:25:59.610 6313 INFO nova.osapi_compute.wsgi.server [-] 192.168.0.2 "OPTIONS / HTTP/1.0" status: 200 len: 499 time: 0.0005119
2016-12-20 11:26:00.903 6340 INFO nova.metadata.wsgi.server [-] 192.168.0.2 "OPTIONS / HTTP/1.0" status: 200 len: 234 time: 0.0003161
2016-12-20 11:26:02.484 6316 INFO nova.osapi_compute.wsgi.server [req-3564a15f-3601-4cfd-9365-f3a3cf19730a ac9b823b8bd444519added5e2c0eb970 e9e2282bbadc48188deb4d518437aea4 - - -] 192.168.0.2 "POST /v2.1/os-volumes_boot HTTP/1.1" status: 202 len: 752 time: 1.7636189
2016-12-20 11:26:02.552 6316 INFO nova.osapi_compute.wsgi.server [req-d3bd3010-1238-4678-82ff-a383c80c2bf0 ac9b823b8bd444519added5e2c0eb970 e9e2282bbadc48188deb4d518437aea4 - - -] 192.168.0.2 "GET /v2.1/servers/9946d9ce-2f21-4fc8-a721-0264c250d60d HTTP/1.1" status: 200 len: 1528 time: 0.0656121
2016-12-20 11:26:02.748 6313 INFO nova.osapi_compute.wsgi.server [req-a3ffd14d-c3ba-4e4b-94bf-d18d2e269087 ac9b823b8bd444519added5e2c0eb970 e9e2282bbadc48188deb4d518437aea4 - - -] 192.168.0.2 "GET /v2.1/servers/detail?project_id=e9e2282bbadc48188deb4d518437aea4 HTTP/1.1" status: 200 len: 13933 time: 0.0902519
2016-12-20 11:26:02.814 6313 INFO nova.osapi_compute.wsgi.server [req-e6935d6a-b240-429e-803d-06824fc132c8 ac9b823b8bd444519added5e2c0eb970 e9e2282bbadc48188deb4d518437aea4 - - -] 192.168.0.2 "GET /v2.1/extensions HTTP/1.1" status: 200 len: 21761 time: 0.0184801
2016-12-20 11:26:09.545 6313 INFO nova.osapi_compute.wsgi.server [-] 192.168.0.2 "OPTIONS / HTTP/1.0" status: 200 len: 499 time: 0.0004640
2016-12-20 11:26:11.072 6341 INFO nova.metadata.wsgi.server [-] 192.168.0.2 "OPTIONS / HTTP/1.0" status: 200 len: 234 time: 0.0002680
2016-12-20 11:26:18.545 6313 INFO nova.osapi_compute.wsgi.server [req-bfe0d1a0-5b01-493b-b6ed-96dbcf950e87 ac9b823b8bd444519added5e2c0eb970 e9e2282bbadc48188deb4d518437aea4 - - -] 192.168.0.2 "GET /v2.1/limits?reserved=1 HTTP/1.1" status: 200 len: 772 time: 0.0039902
2016-12-20 11:26:18.656 6315 INFO nova.osapi_compute.wsgi.server [req-a5225888-3859-4419-91d0-173e142966ad ac9b823b8bd444519added5e2c0eb970 e9e2282bbadc48188deb4d518437aea4 - - -] 192.168.0.2 "GET /v2.1/servers/detail?limit=21&project_id=e9e2282bbadc48188deb4d518437aea4 HTTP/1.1" status: 200 len: 14211 time: 0.1166079
2016-12-20 11:26:18.680 6313 INFO nova.osapi_compute.wsgi.server [req-676463e4-4d0e-481f-84ef-a9ef65ce75d3 ac9b823b8bd444519added5e2c0eb970 e9e2282bbadc48188deb4d518437aea4 - - -] 192.168.0.2 "GET /v2.1/flavors/detail HTTP/1.1" status: 200 len: 2917 time: 0.0186369
2016-12-20 11:26:18.797 6314 INFO nova.osapi_compute.wsgi.server [req-1501f180-879c-4e52-9c41-eaea67955841 ac9b823b8bd444519added5e2c0eb970 e9e2282bbadc48188deb4d518437aea4 - - -] 192.168.0.2 "GET /v2.1/extensions HTTP/1.1" status: 200 len: 21761 time: 0.0198441
2016-12-20 11:26:19.454 6315 INFO nova.osapi_compute.wsgi.server [req-a1085184-90cd-4281-9e91-dd5e62b3cdbc ac9b823b8bd444519added5e2c0eb970 e9e2282bbadc48188deb4d518437aea4 - - -] 192.168.0.2 "GET /v2.1/servers/9946d9ce-2f21-4fc8-a721-0264c250d60d HTTP/1.1" status: 200 len: 1794 time: 0.0915501
2016-12-20 11:26:19.468 6315 INFO nova.osapi_compute.wsgi.server [req-42615fda-ccbb-4f04-87c1-fce3c2eaebd2 ac9b823b8bd444519added5e2c0eb970 e9e2282bbadc48188deb4d518437aea4 - - -] 192.168.0.2 "GET /v2.1/flavors/cf2797b2-337e-441f-95d4-a84f8f130204 HTTP/1.1" status: 200 len: 728 time: 0.0109019
2016-12-20 11:26:19.579 6315 INFO nova.osapi_compute.wsgi.server [req-c30f2574-7e47-4827-a968-24e9ecd7040a ac9b823b8bd444519added5e2c0eb970 e9e2282bbadc48188deb4d518437aea4 - - -] 192.168.0.2 "GET /v2.1/extensions HTTP/1.1" status: 200 len: 21761 time: 0.0183821
2016-12-20 11:26:19.720 6315 INFO nova.osapi_compute.wsgi.server [-] 192.168.0.2 "OPTIONS / HTTP/1.0" status: 200 len: 499 time: 0.0004959
2016-12-20 11:26:21.023 6340 INFO nova.metadata.wsgi.server [-] 192.168.0.2 "OPTIONS / HTTP/1.0" status: 200 len: 234 time: 0.0002868
2016-12-20 11:26:22.294 6315 INFO nova.osapi_compute.wsgi.server [req-8ac44961-5b34-4e9e-8b6c-24c28236a992 ac9b823b8bd444519added5e2c0eb970 e9e2282bbadc48188deb4d518437aea4 - - -] 192.168.0.2 "GET /v2.1/servers/9946d9ce-2f21-4fc8-a721-0264c250d60d HTTP/1.1" status: 200 len: 1794 time: 0.0814331
2016-12-20 11:26:22.307 6313 INFO nova.osapi_compute.wsgi.server [req-f866369c-1163-4a07-a275-227fd162b047 ac9b823b8bd444519added5e2c0eb970 e9e2282bbadc48188deb4d518437aea4 - - -] 192.168.0.2 "GET /v2.1/flavors/cf2797b2-337e-441f-95d4-a84f8f130204 HTTP/1.1" status: 200 len: 728 time: 0.0105190
2016-12-20 11:26:22.409 6316 INFO nova.osapi_compute.wsgi.server [req-833e4893-7dda-4713-9b57-259357d5077e ac9b823b8bd444519added5e2c0eb970 e9e2282bbadc48188deb4d518437aea4 - - -] 192.168.0.2 "GET /v2.1/extensions HTTP/1.1" status: 200 len: 21761 time: 0.0222530
2016-12-20 11:26:27.580 6315 INFO nova.osapi_compute.wsgi.server [req-1e396051-d7dd-48fd-b860-e6d05fe73508 ac9b823b8bd444519added5e2c0eb970 e9e2282bbadc48188deb4d518437aea4 - - -] 192.168.0.2 "GET /v2.1/servers/9946d9ce-2f21-4fc8-a721-0264c250d60d HTTP/1.1" status: 200 len: 1794 time: 0.0802321
2016-12-20 11:26:27.593 6315 INFO nova.osapi_compute.wsgi.server [req-ebda679e-c609-493d-a100-925a02976096 ac9b823b8bd444519added5e2c0eb970 e9e2282bbadc48188deb4d518437aea4 - - -] 192.168.0.2 "GET /v2.1/flavors/cf2797b2-337e-441f-95d4-a84f8f130204 HTTP/1.1" status: 200 len: 728 time: 0.0101960
2016-12-20 11:26:27.685 6315 INFO nova.osapi_compute.wsgi.server [req-c6ad56fc-5cc6-48ef-b1c7-abb21686558b ac9b823b8bd444519added5e2c0eb970 e9e2282bbadc48188deb4d518437aea4 - - -] 192.168.0.2 "GET /v2.1/extensions HTTP/1.1" status: 200 len: 21761 time: 0.0189729
2016-12-20 11:26:29.688 6313 INFO nova.osapi_compute.wsgi.server [-] 192.168.0.2 "OPTIONS / HTTP/1.0" status: 200 len: 499 time: 0.0004981
2016-12-20 11:26:31.301 6340 INFO nova.metadata.wsgi.server [-] 192.168.0.2 "OPTIONS / HTTP/1.0" status: 200 len: 234 time: 0.0002880
2016-12-20 11:26:33.900 6314 INFO nova.osapi_compute.wsgi.server [req-d7e32917-426e-4555-9058-f9d2a556de57 ac9b823b8bd444519added5e2c0eb970 e9e2282bbadc48188deb4d518437aea4 - - -] 192.168.0.2 "GET /v2.1/os-hypervisors/detail HTTP/1.1" status: 200 len: 3065 time: 0.0169771
2016-12-20 11:26:33.915 6314 INFO nova.osapi_compute.wsgi.server [req-6b6a62b3-3141-4df1-9d7a-a608b74a028b ac9b823b8bd444519added5e2c0eb970 e9e2282bbadc48188deb4d518437aea4 - - -] 192.168.0.2 "GET /v2.1/os-services?binary=nova-compute HTTP/1.1" status: 200 len: 653 time: 0.0129070
2016-12-20 11:26:33.925 6314 INFO nova.osapi_compute.wsgi.server [req-af27b5d8-20ed-4cb9-baab-b61b554db256 ac9b823b8bd444519added5e2c0eb970 e9e2282bbadc48188deb4d518437aea4 - - -] 192.168.0.2 "GET /v2.1/os-hypervisors/statistics HTTP/1.1" status: 200 len: 528 time: 0.0068030
2016-12-20 11:26:33.975 6316 INFO nova.osapi_compute.wsgi.server [req-0e30617e-bd65-4cc0-8233-1f9b631addad ac9b823b8bd444519added5e2c0eb970 e9e2282bbadc48188deb4d518437aea4 - - -] 192.168.0.2 "GET /v2.1/extensions HTTP/1.1" status: 200 len: 21761 time: 0.0198979
2016-12-20 11:26:35.338 6314 INFO nova.api.openstack.compute.server_external_events [req-92876a80-73f9-4c39-80b5-493dfe57b880 8e7101c3a3e9404d8bdadd6257fbbc84 b62480b9d83d421a8fdf174efa0173c8 - - -] Creating event network-vif-plugged:f8aa590a-e66a-4a6f-8c77-6283e4b9431b for instance 9946d9ce-2f21-4fc8-a721-0264c250d60d
2016-12-20 11:26:35.340 6314 INFO nova.osapi_compute.wsgi.server [req-92876a80-73f9-4c39-80b5-493dfe57b880 8e7101c3a3e9404d8bdadd6257fbbc84 b62480b9d83d421a8fdf174efa0173c8 - - -] 192.168.0.2 "POST /v2.1/os-server-external-events HTTP/1.1" status: 200 len: 446 time: 0.0246639
2016-12-20 11:26:39.747 6315 INFO nova.osapi_compute.wsgi.server [-] 192.168.0.2 "OPTIONS / HTTP/1.0" status: 200 len: 499 time: 0.0004339
2016-12-20 11:26:41.147 6340 INFO nova.metadata.wsgi.server [-] 192.168.0.2 "OPTIONS / HTTP/1.0" status: 200 len: 234 time: 0.0002840
2016-12-20 11:26:46.821 6342 INFO nova.metadata.wsgi.server [req-4c0bca85-182c-4029-adea-df401607941f - - - - -] 192.168.111.18,192.168.0.2 "GET /openstack/latest/meta_data.json HTTP/1.1" status: 200 len: 1076 time: 0.1221430
2016-12-20 11:26:47.475 6314 INFO nova.osapi_compute.wsgi.server [req-9977d2bd-2e13-466b-8587-f5569190d601 ac9b823b8bd444519added5e2c0eb970 e9e2282bbadc48188deb4d518437aea4 - - -] 192.168.0.2 "GET /v2.1/os-hypervisors/detail HTTP/1.1" status: 200 len: 3065 time: 0.0139790
2016-12-20 11:26:47.490 6314 INFO nova.osapi_compute.wsgi.server [req-be4e4e6f-1c70-448a-b782-d11ca5c45a97 ac9b823b8bd444519added5e2c0eb970 e9e2282bbadc48188deb4d518437aea4 - - -] 192.168.0.2 "GET /v2.1/os-services?binary=nova-compute HTTP/1.1" status: 200 len: 653 time: 0.0119240
2016-12-20 11:26:47.498 6314 INFO nova.osapi_compute.wsgi.server [req-31ebfba7-791a-4b16-9d1a-82d3bfe65ca1 ac9b823b8bd444519added5e2c0eb970 e9e2282bbadc48188deb4d518437aea4 - - -] 192.168.0.2 "GET /v2.1/os-hypervisors/statistics HTTP/1.1" status: 200 len: 528 time: 0.0059340
2016-12-20 11:26:47.548 6316 INFO nova.osapi_compute.wsgi.server [req-f0147632-7d32-4dcb-9650-c5f6eb9d6624 ac9b823b8bd444519added5e2c0eb970 e9e2282bbadc48188deb4d518437aea4 - - -] 192.168.0.2 "GET /v2.1/extensions HTTP/1.1" status: 200 len: 21761 time: 0.0179679
2016-12-20 11:26:49.519 6316 INFO nova.osapi_compute.wsgi.server [-] 192.168.0.2 "OPTIONS / HTTP/1.0" status: 200 len: 499 time: 0.0004470
2016-12-20 11:26:50.047 6313 INFO nova.osapi_compute.wsgi.server [req-869d7195-92cf-44aa-9cca-cc51a4209552 ac9b823b8bd444519added5e2c0eb970 e9e2282bbadc48188deb4d518437aea4 - - -] 192.168.0.2 "GET /v2.1/limits?reserved=1 HTTP/1.1" status: 200 len: 772 time: 0.0046430
2016-12-20 11:26:50.131 6316 INFO nova.osapi_compute.wsgi.server [req-a471ef89-1489-4a3b-858a-deb870558966 ac9b823b8bd444519added5e2c0eb970 e9e2282bbadc48188deb4d518437aea4 - - -] 192.168.0.2 "GET /v2.1/servers/detail?limit=21&project_id=e9e2282bbadc48188deb4d518437aea4 HTTP/1.1" status: 200 len: 14220 time: 0.0886590
2016-12-20 11:26:50.153 6316 INFO nova.osapi_compute.wsgi.server [req-4f3894e4-3981-4aaa-9742-a5c9722bfd8b ac9b823b8bd444519added5e2c0eb970 e9e2282bbadc48188deb4d518437aea4 - - -] 192.168.0.2 "GET /v2.1/flavors/detail HTTP/1.1" status: 200 len: 2917 time: 0.0171280
2016-12-20 11:26:50.257 6313 INFO nova.osapi_compute.wsgi.server [req-1cab4887-ecf0-4e23-a2b9-b33216e30a8f ac9b823b8bd444519added5e2c0eb970 e9e2282bbadc48188deb4d518437aea4 - - -] 192.168.0.2 "GET /v2.1/extensions HTTP/1.1" status: 200 len: 21761 time: 0.0205069
2016-12-20 11:26:51.195 6343 INFO nova.metadata.wsgi.server [-] 192.168.0.2 "OPTIONS / HTTP/1.0" status: 200 len: 234 time: 0.0002902
2016-12-20 11:26:53.846 6316 INFO nova.osapi_compute.wsgi.server [req-6efaace6-6cdc-4d0e-9fc1-20008e6d0b0a ac9b823b8bd444519added5e2c0eb970 e9e2282bbadc48188deb4d518437aea4 - - -] 192.168.0.2 "GET /v2.1/servers/detail?project_id=e9e2282bbadc48188deb4d518437aea4 HTTP/1.1" status: 200 len: 14220 time: 0.0881908
2016-12-20 11:26:55.085 6341 WARNING oslo_config.cfg [req-0cb5f036-16dd-434e-bba7-c127d824594e - - - - -] Option "auth_plugin" from group "neutron" is deprecated. Use option "auth_type" from group "neutron".
2016-12-20 11:26:55.087 6341 WARNING oslo_config.cfg [req-0cb5f036-16dd-434e-bba7-c127d824594e - - - - -] Option "username" from group "neutron" is deprecated. Use option "user-name" from group "neutron".
2016-12-20 11:26:55.182 6341 INFO nova.metadata.wsgi.server [req-0cb5f036-16dd-434e-bba7-c127d824594e - - - - -] 192.168.111.19,192.168.0.2 "GET /openstack/latest/meta_data.json HTTP/1.1" status: 200 len: 1076 time: 0.1441221
2016-12-20 11:26:55.252 6314 INFO nova.osapi_compute.wsgi.server [req-92a06919-e745-4714-ae6b-5a305cb05390 ac9b823b8bd444519added5e2c0eb970 e9e2282bbadc48188deb4d518437aea4 - - -] 192.168.0.2 "GET /v2.1/os-quota-sets/e9e2282bbadc48188deb4d518437aea4 HTTP/1.1" status: 200 len: 626 time: 0.0044432
2016-12-20 11:26:55.312 6313 INFO nova.osapi_compute.wsgi.server [req-afe77930-5955-45dc-84c2-95490f60e967 ac9b823b8bd444519added5e2c0eb970 e9e2282bbadc48188deb4d518437aea4 - - -] 192.168.0.2 "GET /v2.1/flavors/detail HTTP/1.1" status: 200 len: 2917 time: 0.0457120
2016-12-20 11:26:55.391 6315 INFO nova.osapi_compute.wsgi.server [req-466c1f36-6e43-4741-86d1-d52eb773e5af ac9b823b8bd444519added5e2c0eb970 e9e2282bbadc48188deb4d518437aea4 - - -] 192.168.0.2 "GET /v2.1/servers/detail?all_tenants=True&tenant_id=e9e2282bbadc48188deb4d518437aea4 HTTP/1.1" status: 200 len: 14220 time: 0.1334932
2016-12-20 11:26:56.779 6316 INFO nova.osapi_compute.wsgi.server [req-1e545a11-4dc5-464f-9f3b-8c9b41b4482b ac9b823b8bd444519added5e2c0eb970 e9e2282bbadc48188deb4d518437aea4 - - -] 192.168.0.2 "GET /v2.1/os-quota-sets/e9e2282bbadc48188deb4d518437aea4 HTTP/1.1" status: 200 len: 626 time: 0.0064950
2016-12-20 11:26:56.814 6315 INFO nova.osapi_compute.wsgi.server [req-1bc38883-8c77-47ad-adc5-61797b3e096b ac9b823b8bd444519added5e2c0eb970 e9e2282bbadc48188deb4d518437aea4 - - -] 192.168.0.2 "GET /v2.1/flavors/detail HTTP/1.1" status: 200 len: 2917 time: 0.0258861
2016-12-20 11:26:56.907 6314 INFO nova.osapi_compute.wsgi.server [req-1bd0cde5-2c5d-4db9-b13c-7048a6cb3e45 ac9b823b8bd444519added5e2c0eb970 e9e2282bbadc48188deb4d518437aea4 - - -] 192.168.0.2 "GET /v2.1/servers/detail?all_tenants=True&tenant_id=e9e2282bbadc48188deb4d518437aea4 HTTP/1.1" status: 200 len: 14220 time: 0.1344390
2016-12-20 11:26:59.618 6315 INFO nova.osapi_compute.wsgi.server [-] 192.168.0.2 "OPTIONS / HTTP/1.0" status: 200 len: 499 time: 0.0004230
2016-12-20 11:26:59.823 6315 INFO nova.osapi_compute.wsgi.server [req-37185c9c-7c7b-44bc-a77a-c643d4d46d57 ac9b823b8bd444519added5e2c0eb970 e9e2282bbadc48188deb4d518437aea4 - - -] 192.168.0.2 "GET /v2.1/servers/detail?project_id=e9e2282bbadc48188deb4d518437aea4 HTTP/1.1" status: 200 len: 14220 time: 0.0882802
2016-12-20 11:27:00.172 6315 INFO nova.osapi_compute.wsgi.server [req-92b4a271-76bc-4bf7-833e-a6b695ae1d9c ac9b823b8bd444519added5e2c0eb970 e9e2282bbadc48188deb4d518437aea4 - - -] 192.168.0.2 "GET /v2.1/limits?reserved=1 HTTP/1.1" status: 200 len: 772 time: 0.0041852
2016-12-20 11:27:00.294 6314 INFO nova.osapi_compute.wsgi.server [req-042ebb91-007f-4078-8dba-78f62f0bfa91 ac9b823b8bd444519added5e2c0eb970 e9e2282bbadc48188deb4d518437aea4 - - -] 192.168.0.2 "GET /v2.1/servers/detail?limit=21&project_id=e9e2282bbadc48188deb4d518437aea4 HTTP/1.1" status: 200 len: 14220 time: 0.1264548
2016-12-20 11:27:00.316 6316 INFO nova.osapi_compute.wsgi.server [req-8436cf21-f5ab-4ae5-bed0-8bbba3992920 ac9b823b8bd444519added5e2c0eb970 e9e2282bbadc48188deb4d518437aea4 - - -] 192.168.0.2 "GET /v2.1/flavors/detail HTTP/1.1" status: 200 len: 2917 time: 0.0173931
2016-12-20 11:27:00.423 6315 INFO nova.osapi_compute.wsgi.server [req-c876798d-e74a-4495-b10b-f1e7fac0e675 ac9b823b8bd444519added5e2c0eb970 e9e2282bbadc48188deb4d518437aea4 - - -] 192.168.0.2 "GET /v2.1/extensions HTTP/1.1" status: 200 len: 21761 time: 0.0198731
2016-12-20 11:27:01.094 6341 INFO nova.metadata.wsgi.server [-] 192.168.0.2 "OPTIONS / HTTP/1.0" status: 200 len: 234 time: 0.0003431
2016-12-20 11:27:02.205 6313 INFO nova.api.openstack.compute.server_external_events [req-ddee2467-2eb6-4641-944a-ba124c011957 8e7101c3a3e9404d8bdadd6257fbbc84 b62480b9d83d421a8fdf174efa0173c8 - - -] Creating event network-changed:None for instance 9946d9ce-2f21-4fc8-a721-0264c250d60d
2016-12-20 11:27:02.208 6313 INFO nova.osapi_compute.wsgi.server [req-ddee2467-2eb6-4641-944a-ba124c011957 8e7101c3a3e9404d8bdadd6257fbbc84 b62480b9d83d421a8fdf174efa0173c8 - - -] 192.168.0.2 "POST /v2.1/os-server-external-events HTTP/1.1" status: 200 len: 395 time: 0.0452502
2016-12-20 11:27:03.586 6315 INFO nova.osapi_compute.wsgi.server [req-dfacd2ab-deeb-4d3e-bb72-dec4dd10234f ac9b823b8bd444519added5e2c0eb970 e9e2282bbadc48188deb4d518437aea4 - - -] 192.168.0.2 "GET /v2.1/servers/c2ce3730-c2ec-4a1f-9583-511259c90cd5 HTTP/1.1" status: 200 len: 1932 time: 0.0795071
2016-12-20 11:27:03.619 6316 INFO nova.osapi_compute.wsgi.server [req-813b19a1-c2ff-41f4-8f34-e768dc1cda3a ac9b823b8bd444519added5e2c0eb970 e9e2282bbadc48188deb4d518437aea4 - - -] 192.168.0.2 "GET /v2.1/servers/c2ce3730-c2ec-4a1f-9583-511259c90cd5/os-volume_attachments HTTP/1.1" status: 200 len: 460 time: 0.0296009
2016-12-20 11:27:03.776 6316 INFO nova.osapi_compute.wsgi.server [req-3e3e1f46-20e5-4874-922c-693395440ab7 ac9b823b8bd444519added5e2c0eb970 e9e2282bbadc48188deb4d518437aea4 - - -] 192.168.0.2 "GET /v2.1/flavors/cf2797b2-337e-441f-95d4-a84f8f130204 HTTP/1.1" status: 200 len: 728 time: 0.0100429
2016-12-20 11:27:04.067 6315 INFO nova.osapi_compute.wsgi.server [req-af7cfc2b-5bdb-4293-bd7d-4a851dd77b0a ac9b823b8bd444519added5e2c0eb970 e9e2282bbadc48188deb4d518437aea4 - - -] 192.168.0.2 "GET /v2.1/extensions HTTP/1.1" status: 200 len: 21761 time: 0.0244429
2016-12-20 11:27:05.420 6315 INFO nova.osapi_compute.wsgi.server [req-52e669b9-d0ec-455c-ba0f-1b7aeca7b390 ac9b823b8bd444519added5e2c0eb970 e9e2282bbadc48188deb4d518437aea4 - - -] 192.168.0.2 "GET /v2.1/servers/c2ce3730-c2ec-4a1f-9583-511259c90cd5 HTTP/1.1" status: 200 len: 1932 time: 0.0785229
2016-12-20 11:27:05.459 6315 INFO nova.osapi_compute.wsgi.server [req-a5262ab1-846d-4b1c-84bb-05d26dd0f6fb ac9b823b8bd444519added5e2c0eb970 e9e2282bbadc48188deb4d518437aea4 - - -] 192.168.0.2 "GET /v2.1/servers/c2ce3730-c2ec-4a1f-9583-511259c90cd5/os-volume_attachments HTTP/1.1" status: 200 len: 460 time: 0.0366111
2016-12-20 11:27:05.553 6316 INFO nova.osapi_compute.wsgi.server [req-b2a059b6-1b8c-4afa-b5ed-4dc155a3a08d ac9b823b8bd444519added5e2c0eb970 e9e2282bbadc48188deb4d518437aea4 - - -] 192.168.0.2 "GET /v2.1/flavors/cf2797b2-337e-441f-95d4-a84f8f130204 HTTP/1.1" status: 200 len: 728 time: 0.0133531
2016-12-20 11:27:05.702 6314 INFO nova.osapi_compute.wsgi.server [req-0a688c23-cf34-4968-aeae-1ab0f8b5687a ac9b823b8bd444519added5e2c0eb970 e9e2282bbadc48188deb4d518437aea4 - - -] 192.168.0.2 "POST /v2.1/servers/c2ce3730-c2ec-4a1f-9583-511259c90cd5/action HTTP/1.1" status: 200 len: 383 time: 0.0398700
2016-12-20 11:27:05.727 6314 INFO nova.osapi_compute.wsgi.server [req-62e00821-b135-4b61-b966-a75e655eeee8 ac9b823b8bd444519added5e2c0eb970 e9e2282bbadc48188deb4d518437aea4 - - -] 192.168.0.2 "GET /v2.1/extensions HTTP/1.1" status: 200 len: 21761 time: 0.0178559
2016-12-20 11:27:09.769 6314 INFO nova.osapi_compute.wsgi.server [-] 192.168.0.2 "OPTIONS / HTTP/1.0" status: 200 len: 499 time: 0.0004289
2016-12-20 11:27:11.091 6343 INFO nova.metadata.wsgi.server [-] 192.168.0.2 "OPTIONS / HTTP/1.0" status: 200 len: 234 time: 0.0002799
2016-12-20 11:27:13.182 6343 INFO nova.metadata.wsgi.server [req-24974136-b65e-4604-8f67-67db9f1b349b - - - - -] 192.168.111.18,192.168.0.2 "GET /openstack/latest/user_data HTTP/1.1" status: 404 len: 195 time: 0.0876610
2016-12-20 11:27:13.534 6340 INFO nova.metadata.wsgi.server [req-cecd10f1-4049-42d7-85df-30a82814c529 - - - - -] 192.168.111.18,192.168.0.2 "GET /openstack/2013-04-04/meta_data.json HTTP/1.1" status: 200 len: 1026 time: 0.1301360
2016-12-20 11:27:13.646 6342 INFO nova.metadata.wsgi.server [req-6999c6d3-fbf7-4fc3-b03e-f91ccf3d03c3 - - - - -] 192.168.111.18,192.168.0.2 "GET /openstack/2013-04-04/password HTTP/1.1" status: 200 len: 134 time: 0.1045299
2016-12-20 11:27:19.931 6314 INFO nova.osapi_compute.wsgi.server [-] 192.168.0.2 "OPTIONS / HTTP/1.0" status: 200 len: 499 time: 0.0004380
2016-12-20 11:27:20.190 6343 INFO nova.metadata.wsgi.server [-] 192.168.111.18,192.168.0.2 "GET /openstack/latest/user_data HTTP/1.1" status: 404 len: 195 time: 0.0004559
2016-12-20 11:27:21.158 6343 INFO nova.metadata.wsgi.server [-] 192.168.0.2 "OPTIONS / HTTP/1.0" status: 200 len: 234 time: 0.0002661
2016-12-20 11:27:29.898 6313 INFO nova.osapi_compute.wsgi.server [-] 192.168.0.2 "OPTIONS / HTTP/1.0" status: 200 len: 499 time: 0.0004880
2016-12-20 11:27:31.207 6342 INFO nova.metadata.wsgi.server [-] 192.168.0.2 "OPTIONS / HTTP/1.0" status: 200 len: 234 time: 0.0002549
2016-12-20 11:27:40.102 6313 INFO nova.osapi_compute.wsgi.server [-] 192.168.0.2 "OPTIONS / HTTP/1.0" status: 200 len: 499 time: 0.0005150
2016-12-20 11:27:41.354 6341 INFO nova.metadata.wsgi.server [-] 192.168.0.2 "OPTIONS / HTTP/1.0" status: 200 len: 234 time: 0.0002630
2016-12-20 11:27:50.135 6315 INFO nova.osapi_compute.wsgi.server [-] 192.168.0.2 "OPTIONS / HTTP/1.0" status: 200 len: 499 time: 0.0004880
2016-12-20 11:27:51.318 6342 INFO nova.metadata.wsgi.server [-] 192.168.0.2 "OPTIONS / HTTP/1.0" status: 200 len: 234 time: 0.0002661
2016-12-20 11:28:00.373 6315 INFO nova.osapi_compute.wsgi.server [-] 192.168.0.2 "OPTIONS / HTTP/1.0" status: 200 len: 499 time: 0.0004380
2016-12-20 11:28:01.241 6341 INFO nova.metadata.wsgi.server [-] 192.168.0.2 "OPTIONS / HTTP/1.0" status: 200 len: 234 time: 0.0002549
2016-12-20 11:28:10.448 6315 INFO nova.osapi_compute.wsgi.server [-] 192.168.0.2 "OPTIONS / HTTP/1.0" status: 200 len: 499 time: 0.0004520
2016-12-20 11:28:11.251 6341 INFO nova.metadata.wsgi.server [-] 192.168.0.2 "OPTIONS / HTTP/1.0" status: 200 len: 234 time: 0.0002768
2016-12-20 11:28:20.536 6314 INFO nova.osapi_compute.wsgi.server [-] 192.168.0.2 "OPTIONS / HTTP/1.0" status: 200 len: 499 time: 0.0004239
2016-12-20 11:28:21.500 6341 INFO nova.metadata.wsgi.server [-] 192.168.0.2 "OPTIONS / HTTP/1.0" status: 200 len: 234 time: 0.0002811
2016-12-20 11:28:23.991 6341 INFO nova.metadata.wsgi.server [req-a87857a8-adea-440b-895c-4d6a23199e41 - - - - -] 192.168.111.19,192.168.0.2 "GET /openstack/latest/meta_data.json HTTP/1.1" status: 200 len: 1076 time: 0.1337938
2016-12-20 11:28:30.498 6313 INFO nova.osapi_compute.wsgi.server [-] 192.168.0.2 "OPTIONS / HTTP/1.0" status: 200 len: 499 time: 0.0004342
2016-12-20 11:28:31.307 6340 INFO nova.metadata.wsgi.server [-] 192.168.0.2 "OPTIONS / HTTP/1.0" status: 200 len: 234 time: 0.0002620
2016-12-20 11:28:40.784 6315 INFO nova.osapi_compute.wsgi.server [-] 192.168.0.2 "OPTIONS / HTTP/1.0" status: 200 len: 499 time: 0.0004041
2016-12-20 11:28:41.079 6342 INFO nova.metadata.wsgi.server [-] 192.168.0.2 "OPTIONS / HTTP/1.0" status: 200 len: 234 time: 0.0002980
2016-12-20 11:28:46.987 6343 INFO nova.metadata.wsgi.server [req-43b75530-df8d-47e0-93f4-2a98264c90b6 - - - - -] 192.168.111.19,192.168.0.2 "GET /openstack/latest/user_data HTTP/1.1" status: 404 len: 195 time: 0.0707309
2016-12-20 11:28:47.159 6340 INFO nova.metadata.wsgi.server [req-69d02e4a-90eb-483a-bdf5-1d9780133e3a - - - - -] 192.168.111.19,192.168.0.2 "GET /openstack/2013-04-04/meta_data.json HTTP/1.1" status: 200 len: 1026 time: 0.1016381
2016-12-20 11:28:47.174 6343 INFO nova.metadata.wsgi.server [req-cd094ed6-21ad-44e1-bd6f-600b093f5aa6 - - - - -] 192.168.111.19,192.168.0.2 "GET /openstack/2013-04-04/password HTTP/1.1" status: 200 len: 134 time: 0.0004981
2016-12-20 11:28:50.762 6313 INFO nova.osapi_compute.wsgi.server [-] 192.168.0.2 "OPTIONS / HTTP/1.0" status: 200 len: 499 time: 0.0004630
2016-12-20 11:28:51.330 6340 INFO nova.metadata.wsgi.server [-] 192.168.0.2 "OPTIONS / HTTP/1.0" status: 200 len: 234 time: 0.0002711
2016-12-20 11:28:53.363 6342 INFO nova.metadata.wsgi.server [req-74874886-0cf5-4548-8ff8-87e482ad309c - - - - -] 192.168.111.19,192.168.0.2 "GET /openstack/latest/user_data HTTP/1.1" status: 404 len: 195 time: 0.0688660
2016-12-20 11:29:00.757 6316 INFO nova.osapi_compute.wsgi.server [-] 192.168.0.2 "OPTIONS / HTTP/1.0" status: 200 len: 499 time: 0.0004590
2016-12-20 11:29:01.053 6342 INFO nova.metadata.wsgi.server [-] 192.168.0.2 "OPTIONS / HTTP/1.0" status: 200 len: 234 time: 0.0003319
2016-12-20 11:29:11.040 6315 INFO nova.osapi_compute.wsgi.server [-] 192.168.0.2 "OPTIONS / HTTP/1.0" status: 200 len: 499 time: 0.0004220
2016-12-20 11:29:11.202 6341 INFO nova.metadata.wsgi.server [-] 192.168.0.2 "OPTIONS / HTTP/1.0" status: 200 len: 234 time: 0.0002742
2016-12-20 11:29:21.225 6314 INFO nova.osapi_compute.wsgi.server [-] 192.168.0.2 "OPTIONS / HTTP/1.0" status: 200 len: 499 time: 0.0004539
2016-12-20 11:29:21.423 6343 INFO nova.metadata.wsgi.server [-] 192.168.0.2 "OPTIONS / HTTP/1.0" status: 200 len: 234 time: 0.0002820
2016-12-20 11:29:31.419 6314 INFO nova.osapi_compute.wsgi.server [-] 192.168.0.2 "OPTIONS / HTTP/1.0" status: 200 len: 499 time: 0.0004270
2016-12-20 11:29:31.518 6340 INFO nova.metadata.wsgi.server [-] 192.168.0.2 "OPTIONS / HTTP/1.0" status: 200 len: 234 time: 0.0003011
2016-12-20 11:29:41.273 6343 INFO nova.metadata.wsgi.server [-] 192.168.0.2 "OPTIONS / HTTP/1.0" status: 200 len: 234 time: 0.0002849
2016-12-20 11:29:41.549 6314 INFO nova.osapi_compute.wsgi.server [-] 192.168.0.2 "OPTIONS / HTTP/1.0" status: 200 len: 499 time: 0.0004799
2016-12-20 11:29:51.356 6314 INFO nova.osapi_compute.wsgi.server [req-4ea05509-5008-45fe-b8cc-a2dfce42a160 ac9b823b8bd444519added5e2c0eb970 e9e2282bbadc48188deb4d518437aea4 - - -] 192.168.0.2 "GET /v2.1/limits?reserved=1 HTTP/1.1" status: 200 len: 772 time: 0.0667031
2016-12-20 11:29:51.371 6340 INFO nova.metadata.wsgi.server [-] 192.168.0.2 "OPTIONS / HTTP/1.0" status: 200 len: 234 time: 0.0002551
2016-12-20 11:29:51.422 6314 INFO nova.osapi_compute.wsgi.server [-] 192.168.0.2 "OPTIONS / HTTP/1.0" status: 200 len: 499 time: 0.0004339
2016-12-20 11:29:51.507 6316 INFO nova.osapi_compute.wsgi.server [req-3642c9fc-3034-49d8-8a02-ef19626d7ab7 ac9b823b8bd444519added5e2c0eb970 e9e2282bbadc48188deb4d518437aea4 - - -] 192.168.0.2 "GET /v2.1/servers/detail?limit=21&project_id=e9e2282bbadc48188deb4d518437aea4 HTTP/1.1" status: 200 len: 14337 time: 0.2178459
2016-12-20 11:29:51.518 6314 INFO nova.osapi_compute.wsgi.server [req-06b8521f-9c6a-42c4-ab2b-05171471453c ac9b823b8bd444519added5e2c0eb970 e9e2282bbadc48188deb4d518437aea4 - - -] 192.168.0.2 "GET /v2.1/servers/c2ce3730-c2ec-4a1f-9583-511259c90cd5 HTTP/1.1" status: 200 len: 1932 time: 0.1922739
2016-12-20 11:29:51.533 6313 INFO nova.osapi_compute.wsgi.server [req-785cc371-03ff-434e-8ac7-3a700289788a ac9b823b8bd444519added5e2c0eb970 e9e2282bbadc48188deb4d518437aea4 - - -] 192.168.0.2 "GET /v2.1/flavors/detail HTTP/1.1" status: 200 len: 2917 time: 0.0138950
2016-12-20 11:29:51.570 6313 INFO nova.osapi_compute.wsgi.server [req-45027502-5e7d-4d38-a771-5d8a129cfbfd ac9b823b8bd444519added5e2c0eb970 e9e2282bbadc48188deb4d518437aea4 - - -] 192.168.0.2 "GET /v2.1/servers/c2ce3730-c2ec-4a1f-9583-511259c90cd5/os-volume_attachments HTTP/1.1" status: 200 len: 460 time: 0.0490420
2016-12-20 11:29:51.736 6313 INFO nova.osapi_compute.wsgi.server [req-bcc11913-d221-4926-957b-25dc5878fe1f ac9b823b8bd444519added5e2c0eb970 e9e2282bbadc48188deb4d518437aea4 - - -] 192.168.0.2 "GET /v2.1/extensions HTTP/1.1" status: 200 len: 21761 time: 0.0184381
2016-12-20 11:29:51.757 6313 INFO nova.osapi_compute.wsgi.server [req-39d36769-9bac-49c3-8582-aa561fa31672 ac9b823b8bd444519added5e2c0eb970 e9e2282bbadc48188deb4d518437aea4 - - -] 192.168.0.2 "GET /v2.1/flavors/cf2797b2-337e-441f-95d4-a84f8f130204 HTTP/1.1" status: 200 len: 728 time: 0.0098310
2016-12-20 11:29:51.967 6314 INFO nova.osapi_compute.wsgi.server [req-86a8e27f-f2f9-47e0-a5f3-edf892ebf039 ac9b823b8bd444519added5e2c0eb970 e9e2282bbadc48188deb4d518437aea4 - - -] 192.168.0.2 "GET /v2.1/extensions HTTP/1.1" status: 200 len: 21761 time: 0.0188460
2016-12-20 11:29:52.375 6313 INFO nova.osapi_compute.wsgi.server [req-c23c9916-f7e4-4a59-83ea-2a93351aa764 ac9b823b8bd444519added5e2c0eb970 e9e2282bbadc48188deb4d518437aea4 - - -] 192.168.0.2 "GET /v2.1/servers/c2ce3730-c2ec-4a1f-9583-511259c90cd5 HTTP/1.1" status: 200 len: 1932 time: 0.0779800
2016-12-20 11:29:52.406 6313 INFO nova.osapi_compute.wsgi.server [req-e616abeb-73de-4cb0-9cb1-72ae8bd1345c ac9b823b8bd444519added5e2c0eb970 e9e2282bbadc48188deb4d518437aea4 - - -] 192.168.0.2 "GET /v2.1/servers/c2ce3730-c2ec-4a1f-9583-511259c90cd5/os-volume_attachments HTTP/1.1" status: 200 len: 460 time: 0.0287950
2016-12-20 11:29:52.511 6313 INFO nova.osapi_compute.wsgi.server [req-70952cc6-0aa2-48a1-aab1-b659c5ac5114 ac9b823b8bd444519added5e2c0eb970 e9e2282bbadc48188deb4d518437aea4 - - -] 192.168.0.2 "GET /v2.1/flavors/cf2797b2-337e-441f-95d4-a84f8f130204 HTTP/1.1" status: 200 len: 728 time: 0.0114362
2016-12-20 11:29:52.748 6314 INFO nova.osapi_compute.wsgi.server [req-42687097-60a0-4015-a64e-b867bd40ed49 ac9b823b8bd444519added5e2c0eb970 e9e2282bbadc48188deb4d518437aea4 - - -] 192.168.0.2 "POST /v2.1/servers/c2ce3730-c2ec-4a1f-9583-511259c90cd5/action HTTP/1.1" status: 200 len: 383 time: 0.0495069
2016-12-20 11:29:52.774 6314 INFO nova.osapi_compute.wsgi.server [req-3c351634-4a6d-431f-bcf2-841ad7bf6e7a ac9b823b8bd444519added5e2c0eb970 e9e2282bbadc48188deb4d518437aea4 - - -] 192.168.0.2 "GET /v2.1/extensions HTTP/1.1" status: 200 len: 21761 time: 0.0177922
2016-12-20 11:30:01.308 6340 INFO nova.metadata.wsgi.server [-] 192.168.0.2 "OPTIONS / HTTP/1.0" status: 200 len: 234 time: 0.0002739
2016-12-20 11:30:01.614 6314 INFO nova.osapi_compute.wsgi.server [-] 192.168.0.2 "OPTIONS / HTTP/1.0" status: 200 len: 499 time: 0.0004151
2016-12-20 11:30:11.107 6343 INFO nova.metadata.wsgi.server [-] 192.168.0.2 "OPTIONS / HTTP/1.0" status: 200 len: 234 time: 0.0002811
2016-12-20 11:30:11.539 6316 INFO nova.osapi_compute.wsgi.server [-] 192.168.0.2 "OPTIONS / HTTP/1.0" status: 200 len: 499 time: 0.0004110
2016-12-20 11:30:21.138 6342 INFO nova.metadata.wsgi.server [-] 192.168.0.2 "OPTIONS / HTTP/1.0" status: 200 len: 234 time: 0.0002971
2016-12-20 11:30:21.811 6313 INFO nova.osapi_compute.wsgi.server [-] 192.168.0.2 "OPTIONS / HTTP/1.0" status: 200 len: 499 time: 0.0004170
2016-12-20 11:30:31.246 6342 INFO nova.metadata.wsgi.server [-] 192.168.0.2 "OPTIONS / HTTP/1.0" status: 200 len: 234 time: 0.0002751
2016-12-20 11:30:32.064 6313 INFO nova.osapi_compute.wsgi.server [-] 192.168.0.2 "OPTIONS / HTTP/1.0" status: 200 len: 499 time: 0.0004208
2016-12-20 11:30:41.431 6342 INFO nova.metadata.wsgi.server [-] 192.168.0.2 "OPTIONS / HTTP/1.0" status: 200 len: 234 time: 0.0002959
2016-12-20 11:30:41.865 6316 INFO nova.osapi_compute.wsgi.server [-] 192.168.0.2 "OPTIONS / HTTP/1.0" status: 200 len: 499 time: 0.0004621
2016-12-20 11:30:51.470 6340 INFO nova.metadata.wsgi.server [-] 192.168.0.2 "OPTIONS / HTTP/1.0" status: 200 len: 234 time: 0.0002661
2016-12-20 11:30:51.903 6313 INFO nova.osapi_compute.wsgi.server [-] 192.168.0.2 "OPTIONS / HTTP/1.0" status: 200 len: 499 time: 0.0004339
2016-12-20 11:31:01.346 6342 INFO nova.metadata.wsgi.server [-] 192.168.0.2 "OPTIONS / HTTP/1.0" status: 200 len: 234 time: 0.0002670
2016-12-20 11:31:01.847 6315 INFO nova.osapi_compute.wsgi.server [-] 192.168.0.2 "OPTIONS / HTTP/1.0" status: 200 len: 499 time: 0.0004249
2016-12-20 11:31:11.139 6340 INFO nova.metadata.wsgi.server [-] 192.168.0.2 "OPTIONS / HTTP/1.0" status: 200 len: 234 time: 0.0002811
2016-12-20 11:31:11.950 6315 INFO nova.osapi_compute.wsgi.server [-] 192.168.0.2 "OPTIONS / HTTP/1.0" status: 200 len: 499 time: 0.0004539
2016-12-20 11:31:20.998 6342 INFO nova.metadata.wsgi.server [-] 192.168.0.2 "OPTIONS / HTTP/1.0" status: 200 len: 234 time: 0.0002642
2016-12-20 11:31:21.864 6316 INFO nova.osapi_compute.wsgi.server [-] 192.168.0.2 "OPTIONS / HTTP/1.0" status: 200 len: 499 time: 0.0004480
2016-12-20 11:31:31.267 6340 INFO nova.metadata.wsgi.server [-] 192.168.0.2 "OPTIONS / HTTP/1.0" status: 200 len: 234 time: 0.0002680
2016-12-20 11:31:31.719 6315 INFO nova.osapi_compute.wsgi.server [-] 192.168.0.2 "OPTIONS / HTTP/1.0" status: 200 len: 499 time: 0.0004539
2016-12-20 11:31:35.190 6341 INFO nova.metadata.wsgi.server [req-4d09fc7c-8f15-499f-bed5-3dcf88a5092d - - - - -] 192.168.111.20,192.168.0.2 "GET /openstack/latest/meta_data.json HTTP/1.1" status: 200 len: 1076 time: 0.0687201
2016-12-20 11:31:41.335 6340 INFO nova.metadata.wsgi.server [-] 192.168.0.2 "OPTIONS / HTTP/1.0" status: 200 len: 234 time: 0.0002680
2016-12-20 11:31:41.932 6315 INFO nova.osapi_compute.wsgi.server [-] 192.168.0.2 "OPTIONS / HTTP/1.0" status: 200 len: 499 time: 0.0004430
2016-12-20 11:31:51.078 6341 INFO nova.metadata.wsgi.server [-] 192.168.0.2 "OPTIONS / HTTP/1.0" status: 200 len: 234 time: 0.0002811
2016-12-20 11:31:51.883 6313 INFO nova.osapi_compute.wsgi.server [-] 192.168.0.2 "OPTIONS / HTTP/1.0" status: 200 len: 499 time: 0.0004079
2016-12-20 11:32:01.059 6343 INFO nova.metadata.wsgi.server [-] 192.168.0.2 "OPTIONS / HTTP/1.0" status: 200 len: 234 time: 0.0002489
2016-12-20 11:32:01.968 6314 INFO nova.osapi_compute.wsgi.server [-] 192.168.0.2 "OPTIONS / HTTP/1.0" status: 200 len: 499 time: 0.0004270
2016-12-20 11:32:11.060 6340 INFO nova.metadata.wsgi.server [-] 192.168.0.2 "OPTIONS / HTTP/1.0" status: 200 len: 234 time: 0.0002780
2016-12-20 11:32:11.743 6314 INFO nova.osapi_compute.wsgi.server [-] 192.168.0.2 "OPTIONS / HTTP/1.0" status: 200 len: 499 time: 0.0004120
2016-12-20 11:32:20.981 6340 INFO nova.metadata.wsgi.server [-] 192.168.0.2 "OPTIONS / HTTP/1.0" status: 200 len: 234 time: 0.0002792
2016-12-20 11:32:21.855 6315 INFO nova.osapi_compute.wsgi.server [-] 192.168.0.2 "OPTIONS / HTTP/1.0" status: 200 len: 499 time: 0.0004170
2016-12-20 11:32:31.190 6340 INFO nova.metadata.wsgi.server [-] 192.168.0.2 "OPTIONS / HTTP/1.0" status: 200 len: 234 time: 0.0002699
2016-12-20 11:32:32.157 6315 INFO nova.osapi_compute.wsgi.server [-] 192.168.0.2 "OPTIONS / HTTP/1.0" status: 200 len: 499 time: 0.0004849
2016-12-20 11:32:41.232 6340 INFO nova.metadata.wsgi.server [-] 192.168.0.2 "OPTIONS / HTTP/1.0" status: 200 len: 234 time: 0.0004890
2016-12-20 11:32:41.951 6315 INFO nova.osapi_compute.wsgi.server [-] 192.168.0.2 "OPTIONS / HTTP/1.0" status: 200 len: 499 time: 0.0006490
2016-12-20 11:32:51.027 6342 INFO nova.metadata.wsgi.server [-] 192.168.0.2 "OPTIONS / HTTP/1.0" status: 200 len: 234 time: 0.0004001
2016-12-20 11:32:51.750 6313 INFO nova.osapi_compute.wsgi.server [-] 192.168.0.2 "OPTIONS / HTTP/1.0" status: 200 len: 499 time: 0.0005751
2016-12-20 11:33:00.036 6342 INFO nova.metadata.wsgi.server [req-87d9bc75-7fb2-45dd-96f3-e20bba2bfb80 - - - - -] 192.168.111.20,192.168.0.2 "GET /openstack/latest/meta_data.json HTTP/1.1" status: 200 len: 1076 time: 0.1075480
2016-12-20 11:33:01.031 6343 INFO nova.metadata.wsgi.server [-] 192.168.0.2 "OPTIONS / HTTP/1.0" status: 200 len: 234 time: 0.0002661
2016-12-20 11:33:01.709 6316 INFO nova.osapi_compute.wsgi.server [-] 192.168.0.2 "OPTIONS / HTTP/1.0" status: 200 len: 499 time: 0.0004220
2016-12-20 11:33:11.046 6342 INFO nova.metadata.wsgi.server [-] 192.168.0.2 "OPTIONS / HTTP/1.0" status: 200 len: 234 time: 0.0002959
2016-12-20 11:33:11.500 6316 INFO nova.osapi_compute.wsgi.server [-] 192.168.0.2 "OPTIONS / HTTP/1.0" status: 200 len: 499 time: 0.0004292
2016-12-20 11:33:20.894 6341 INFO nova.metadata.wsgi.server [-] 192.168.0.2 "OPTIONS / HTTP/1.0" status: 200 len: 234 time: 0.0002670
2016-12-20 11:33:21.633 6315 INFO nova.osapi_compute.wsgi.server [-] 192.168.0.2 "OPTIONS / HTTP/1.0" status: 200 len: 499 time: 0.0004129
2016-12-20 11:33:30.991 6340 INFO nova.metadata.wsgi.server [-] 192.168.0.2 "OPTIONS / HTTP/1.0" status: 200 len: 234 time: 0.0002730
2016-12-20 11:33:31.825 6315 INFO nova.osapi_compute.wsgi.server [-] 192.168.0.2 "OPTIONS / HTTP/1.0" status: 200 len: 499 time: 0.0004401
2016-12-20 11:33:41.049 6340 INFO nova.metadata.wsgi.server [-] 192.168.0.2 "OPTIONS / HTTP/1.0" status: 200 len: 234 time: 0.0002639
2016-12-20 11:33:41.900 6315 INFO nova.osapi_compute.wsgi.server [-] 192.168.0.2 "OPTIONS / HTTP/1.0" status: 200 len: 499 time: 0.0004129
2016-12-20 11:33:43.302 6340 INFO nova.metadata.wsgi.server [req-5eba1f4f-9702-4d9d-85e6-6e39d4c3700f - - - - -] 192.168.111.20,192.168.0.2 "GET /openstack/latest/user_data HTTP/1.1" status: 404 len: 195 time: 0.0912950
2016-12-20 11:33:44.393 6343 INFO nova.metadata.wsgi.server [req-e5eb5d98-0036-40f6-b8a0-419479c3626f - - - - -] 192.168.111.20,192.168.0.2 "GET /openstack/2013-04-04/meta_data.json HTTP/1.1" status: 200 len: 1026 time: 0.1055620
2016-12-20 11:33:44.492 6342 INFO nova.metadata.wsgi.server [req-057621e8-da69-4ca3-b05a-ceaf1d5387a1 - - - - -] 192.168.111.20,192.168.0.2 "GET /openstack/2013-04-04/password HTTP/1.1" status: 200 len: 134 time: 0.0838041
2016-12-20 11:33:51.262 6342 INFO nova.metadata.wsgi.server [-] 192.168.0.2 "OPTIONS / HTTP/1.0" status: 200 len: 234 time: 0.0002749
2016-12-20 11:33:52.047 6315 INFO nova.osapi_compute.wsgi.server [-] 192.168.0.2 "OPTIONS / HTTP/1.0" status: 200 len: 499 time: 0.0003951
2016-12-20 11:34:01.299 6343 INFO nova.metadata.wsgi.server [-] 192.168.0.2 "OPTIONS / HTTP/1.0" status: 200 len: 234 time: 0.0002711
2016-12-20 11:34:02.293 6315 INFO nova.osapi_compute.wsgi.server [-] 192.168.0.2 "OPTIONS / HTTP/1.0" status: 200 len: 499 time: 0.0004358
2016-12-20 11:34:11.255 6343 INFO nova.metadata.wsgi.server [-] 192.168.0.2 "OPTIONS / HTTP/1.0" status: 200 len: 234 time: 0.0002751
2016-12-20 11:34:11.828 6340 INFO nova.metadata.wsgi.server [req-4f261c2d-bf33-4213-a64c-eca600d42f42 - - - - -] 192.168.111.20,192.168.0.2 "GET /openstack/latest/user_data HTTP/1.1" status: 404 len: 195 time: 0.0849819
2016-12-20 11:34:12.002 6314 INFO nova.osapi_compute.wsgi.server [-] 192.168.0.2 "OPTIONS / HTTP/1.0" status: 200 len: 499 time: 0.0004158
2016-12-20 11:34:21.364 6341 INFO nova.metadata.wsgi.server [-] 192.168.0.2 "OPTIONS / HTTP/1.0" status: 200 len: 234 time: 0.0002701
2016-12-20 11:34:21.984 6314 INFO nova.osapi_compute.wsgi.server [-] 192.168.0.2 "OPTIONS / HTTP/1.0" status: 200 len: 499 time: 0.0004442
2016-12-20 11:34:22.835 6315 INFO nova.osapi_compute.wsgi.server [req-a44c34f6-fcd0-4b33-8493-5f2e46dbe801 81d6a3f0ccdc4964ae83a0294f9b3fd7 b62480b9d83d421a8fdf174efa0173c8 - - -] 192.168.0.2 "GET /v2.1/flavors/detail HTTP/1.0" status: 200 len: 2917 time: 0.0311561
2016-12-20 11:34:31.475 6340 INFO nova.metadata.wsgi.server [-] 192.168.0.2 "OPTIONS / HTTP/1.0" status: 200 len: 234 time: 0.0002871
2016-12-20 11:34:32.172 6316 INFO nova.osapi_compute.wsgi.server [-] 192.168.0.2 "OPTIONS / HTTP/1.0" status: 200 len: 499 time: 0.0004020
2016-12-20 11:34:41.459 6340 INFO nova.metadata.wsgi.server [-] 192.168.0.2 "OPTIONS / HTTP/1.0" status: 200 len: 234 time: 0.0002680
2016-12-20 11:34:42.106 6313 INFO nova.osapi_compute.wsgi.server [-] 192.168.0.2 "OPTIONS / HTTP/1.0" status: 200 len: 499 time: 0.0004129
2016-12-20 11:34:51.574 6340 INFO nova.metadata.wsgi.server [-] 192.168.0.2 "OPTIONS / HTTP/1.0" status: 200 len: 234 time: 0.0002680
2016-12-20 11:34:51.891 6313 INFO nova.osapi_compute.wsgi.server [-] 192.168.0.2 "OPTIONS / HTTP/1.0" status: 200 len: 499 time: 0.0004351
2016-12-20 11:34:55.087 6314 INFO nova.osapi_compute.wsgi.server [req-3faedead-26cb-4ed5-ad06-70fc6a9f611d 81d6a3f0ccdc4964ae83a0294f9b3fd7 b62480b9d83d421a8fdf174efa0173c8 - - -] 192.168.0.2 "GET /v2.1/servers/detail?all_tenants=1 HTTP/1.0" status: 200 len: 13545 time: 0.1449070
2016-12-20 11:35:01.652 6343 INFO nova.metadata.wsgi.server [-] 192.168.0.2 "OPTIONS / HTTP/1.0" status: 200 len: 234 time: 0.0002780
2016-12-20 11:35:01.776 6313 INFO nova.osapi_compute.wsgi.server [-] 192.168.0.2 "OPTIONS / HTTP/1.0" status: 200 len: 499 time: 0.0004241
2016-12-20 11:35:11.598 6340 INFO nova.metadata.wsgi.server [-] 192.168.0.2 "OPTIONS / HTTP/1.0" status: 200 len: 234 time: 0.0002651
2016-12-20 11:35:12.027 6313 INFO nova.osapi_compute.wsgi.server [-] 192.168.0.2 "OPTIONS / HTTP/1.0" status: 200 len: 499 time: 0.0004160
2016-12-20 11:35:21.342 6340 INFO nova.metadata.wsgi.server [-] 192.168.0.2 "OPTIONS / HTTP/1.0" status: 200 len: 234 time: 0.0002620
2016-12-20 11:35:21.757 6314 INFO nova.osapi_compute.wsgi.server [-] 192.168.0.2 "OPTIONS / HTTP/1.0" status: 200 len: 499 time: 0.0004649
2016-12-20 11:35:31.286 6341 INFO nova.metadata.wsgi.server [-] 192.168.0.2 "OPTIONS / HTTP/1.0" status: 200 len: 234 time: 0.0002680
2016-12-20 11:35:31.566 6314 INFO nova.osapi_compute.wsgi.server [-] 192.168.0.2 "OPTIONS / HTTP/1.0" status: 200 len: 499 time: 0.0004189
2016-12-20 11:35:41.296 6342 INFO nova.metadata.wsgi.server [-] 192.168.0.2 "OPTIONS / HTTP/1.0" status: 200 len: 234 time: 0.0002961
2016-12-20 11:35:41.667 6315 INFO nova.osapi_compute.wsgi.server [-] 192.168.0.2 "OPTIONS / HTTP/1.0" status: 200 len: 499 time: 0.0004220
2016-12-20 11:35:51.343 6342 INFO nova.metadata.wsgi.server [-] 192.168.0.2 "OPTIONS / HTTP/1.0" status: 200 len: 234 time: 0.0002699
2016-12-20 11:35:51.938 6316 INFO nova.osapi_compute.wsgi.server [-] 192.168.0.2 "OPTIONS / HTTP/1.0" status: 200 len: 499 time: 0.0004518
2016-12-20 11:36:01.420 6340 INFO nova.metadata.wsgi.server [-] 192.168.0.2 "OPTIONS / HTTP/1.0" status: 200 len: 234 time: 0.0002582
2016-12-20 11:36:01.874 6315 INFO nova.osapi_compute.wsgi.server [-] 192.168.0.2 "OPTIONS / HTTP/1.0" status: 200 len: 499 time: 0.0004182
2016-12-20 11:36:11.165 6340 INFO nova.metadata.wsgi.server [-] 192.168.0.2 "OPTIONS / HTTP/1.0" status: 200 len: 234 time: 0.0002749
2016-12-20 11:36:11.730 6315 INFO nova.osapi_compute.wsgi.server [-] 192.168.0.2 "OPTIONS / HTTP/1.0" status: 200 len: 499 time: 0.0005062
2016-12-20 11:36:20.901 6342 INFO nova.metadata.wsgi.server [-] 192.168.0.2 "OPTIONS / HTTP/1.0" status: 200 len: 234 time: 0.0002708
2016-12-20 11:36:21.477 6315 INFO nova.osapi_compute.wsgi.server [-] 192.168.0.2 "OPTIONS / HTTP/1.0" status: 200 len: 499 time: 0.0004542
2016-12-20 11:36:31.084 6342 INFO nova.metadata.wsgi.server [-] 192.168.0.2 "OPTIONS / HTTP/1.0" status: 200 len: 234 time: 0.0002749
2016-12-20 11:36:31.694 6313 INFO nova.osapi_compute.wsgi.server [-] 192.168.0.2 "OPTIONS / HTTP/1.0" status: 200 len: 499 time: 0.0004251
2016-12-20 11:36:41.054 6343 INFO nova.metadata.wsgi.server [-] 192.168.0.2 "OPTIONS / HTTP/1.0" status: 200 len: 234 time: 0.0002630
2016-12-20 11:36:41.611 6315 INFO nova.osapi_compute.wsgi.server [-] 192.168.0.2 "OPTIONS / HTTP/1.0" status: 200 len: 499 time: 0.0004330
2016-12-20 11:36:50.930 6343 INFO nova.metadata.wsgi.server [-] 192.168.0.2 "OPTIONS / HTTP/1.0" status: 200 len: 234 time: 0.0002921
2016-12-20 11:36:51.581 6315 INFO nova.osapi_compute.wsgi.server [-] 192.168.0.2 "OPTIONS / HTTP/1.0" status: 200 len: 499 time: 0.0004151
2016-12-20 11:37:01.144 6343 INFO nova.metadata.wsgi.server [-] 192.168.0.2 "OPTIONS / HTTP/1.0" status: 200 len: 234 time: 0.0002768
2016-12-20 11:37:01.801 6315 INFO nova.osapi_compute.wsgi.server [-] 192.168.0.2 "OPTIONS / HTTP/1.0" status: 200 len: 499 time: 0.0004170
2016-12-20 11:37:10.946 6343 INFO nova.metadata.wsgi.server [-] 192.168.0.2 "OPTIONS / HTTP/1.0" status: 200 len: 234 time: 0.0002849
2016-12-20 11:37:11.877 6314 INFO nova.osapi_compute.wsgi.server [-] 192.168.0.2 "OPTIONS / HTTP/1.0" status: 200 len: 499 time: 0.0004411
2016-12-20 11:37:20.899 6343 INFO nova.metadata.wsgi.server [-] 192.168.0.2 "OPTIONS / HTTP/1.0" status: 200 len: 234 time: 0.0002720
2016-12-20 11:37:21.760 6316 INFO nova.osapi_compute.wsgi.server [-] 192.168.0.2 "OPTIONS / HTTP/1.0" status: 200 len: 499 time: 0.0004442
2016-12-20 11:37:30.831 6343 INFO nova.metadata.wsgi.server [-] 192.168.0.2 "OPTIONS / HTTP/1.0" status: 200 len: 234 time: 0.0002670
2016-12-20 11:37:31.926 6314 INFO nova.osapi_compute.wsgi.server [-] 192.168.0.2 "OPTIONS / HTTP/1.0" status: 200 len: 499 time: 0.0004320
2016-12-20 11:37:40.823 6342 INFO nova.metadata.wsgi.server [-] 192.168.0.2 "OPTIONS / HTTP/1.0" status: 200 len: 234 time: 0.0002759
2016-12-20 11:37:42.219 6314 INFO nova.osapi_compute.wsgi.server [-] 192.168.0.2 "OPTIONS / HTTP/1.0" status: 200 len: 499 time: 0.0004151
2016-12-20 11:37:50.605 6340 INFO nova.metadata.wsgi.server [-] 192.168.0.2 "OPTIONS / HTTP/1.0" status: 200 len: 234 time: 0.0002849
2016-12-20 11:37:52.351 6314 INFO nova.osapi_compute.wsgi.server [-] 192.168.0.2 "OPTIONS / HTTP/1.0" status: 200 len: 499 time: 0.0004282
2016-12-20 11:38:00.511 6340 INFO nova.metadata.wsgi.server [-] 192.168.0.2 "OPTIONS / HTTP/1.0" status: 200 len: 234 time: 0.0002959
2016-12-20 11:38:02.185 6316 INFO nova.osapi_compute.wsgi.server [-] 192.168.0.2 "OPTIONS / HTTP/1.0" status: 200 len: 499 time: 0.0004160
2016-12-20 11:38:10.257 6342 INFO nova.metadata.wsgi.server [-] 192.168.0.2 "OPTIONS / HTTP/1.0" status: 200 len: 234 time: 0.0002689
2016-12-20 11:38:12.158 6313 INFO nova.osapi_compute.wsgi.server [-] 192.168.0.2 "OPTIONS / HTTP/1.0" status: 200 len: 499 time: 0.0004091
2016-12-20 11:38:19.961 6340 INFO nova.metadata.wsgi.server [-] 192.168.0.2 "OPTIONS / HTTP/1.0" status: 200 len: 234 time: 0.0002789
2016-12-20 11:38:22.344 6313 INFO nova.osapi_compute.wsgi.server [-] 192.168.0.2 "OPTIONS / HTTP/1.0" status: 200 len: 499 time: 0.0004740
2016-12-20 11:38:27.968 6314 INFO nova.osapi_compute.wsgi.server [req-045e25b0-950c-429c-9199-c4ae10011430 81d6a3f0ccdc4964ae83a0294f9b3fd7 b62480b9d83d421a8fdf174efa0173c8 - - -] 192.168.0.2 "GET /v2.1/images/detail HTTP/1.0" status: 200 len: 2101 time: 0.1597190
2016-12-20 11:38:30.033 6340 INFO nova.metadata.wsgi.server [-] 192.168.0.2 "OPTIONS / HTTP/1.0" status: 200 len: 234 time: 0.0002639
2016-12-20 11:38:32.207 6313 INFO nova.osapi_compute.wsgi.server [-] 192.168.0.2 "OPTIONS / HTTP/1.0" status: 200 len: 499 time: 0.0004299
2016-12-20 11:38:39.885 6342 INFO nova.metadata.wsgi.server [-] 192.168.0.2 "OPTIONS / HTTP/1.0" status: 200 len: 234 time: 0.0002630
2016-12-20 11:38:42.285 6315 INFO nova.osapi_compute.wsgi.server [-] 192.168.0.2 "OPTIONS / HTTP/1.0" status: 200 len: 499 time: 0.0004141
2016-12-20 11:38:50.049 6343 INFO nova.metadata.wsgi.server [-] 192.168.0.2 "OPTIONS / HTTP/1.0" status: 200 len: 234 time: 0.0002661
2016-12-20 11:38:52.438 6314 INFO nova.osapi_compute.wsgi.server [-] 192.168.0.2 "OPTIONS / HTTP/1.0" status: 200 len: 499 time: 0.0004680
2016-12-20 11:38:59.865 6341 INFO nova.metadata.wsgi.server [-] 192.168.0.2 "OPTIONS / HTTP/1.0" status: 200 len: 234 time: 0.0002999
2016-12-20 11:39:02.671 6313 INFO nova.osapi_compute.wsgi.server [-] 192.168.0.2 "OPTIONS / HTTP/1.0" status: 200 len: 499 time: 0.0004778
2016-12-20 11:39:09.633 6343 INFO nova.metadata.wsgi.server [-] 192.168.0.2 "OPTIONS / HTTP/1.0" status: 200 len: 234 time: 0.0002770
2016-12-20 11:39:12.494 6316 INFO nova.osapi_compute.wsgi.server [-] 192.168.0.2 "OPTIONS / HTTP/1.0" status: 200 len: 499 time: 0.0004201
2016-12-20 11:39:19.709 6343 INFO nova.metadata.wsgi.server [-] 192.168.0.2 "OPTIONS / HTTP/1.0" status: 200 len: 234 time: 0.0005820
2016-12-20 11:39:22.265 6316 INFO nova.osapi_compute.wsgi.server [-] 192.168.0.2 "OPTIONS / HTTP/1.0" status: 200 len: 499 time: 0.0004158
2016-12-20 11:39:29.771 6340 INFO nova.metadata.wsgi.server [-] 192.168.0.2 "OPTIONS / HTTP/1.0" status: 200 len: 234 time: 0.0002830
2016-12-20 11:39:32.335 6313 INFO nova.osapi_compute.wsgi.server [-] 192.168.0.2 "OPTIONS / HTTP/1.0" status: 200 len: 499 time: 0.0004549
2016-12-20 11:39:39.612 6340 INFO nova.metadata.wsgi.server [-] 192.168.0.2 "OPTIONS / HTTP/1.0" status: 200 len: 234 time: 0.0002601
2016-12-20 11:39:42.104 6316 INFO nova.osapi_compute.wsgi.server [-] 192.168.0.2 "OPTIONS / HTTP/1.0" status: 200 len: 499 time: 0.0004451
2016-12-20 11:39:49.641 6340 INFO nova.metadata.wsgi.server [-] 192.168.0.2 "OPTIONS / HTTP/1.0" status: 200 len: 234 time: 0.0002561
2016-12-20 11:39:52.364 6314 INFO nova.osapi_compute.wsgi.server [-] 192.168.0.2 "OPTIONS / HTTP/1.0" status: 200 len: 499 time: 0.0004771
2016-12-20 11:39:59.389 6340 INFO nova.metadata.wsgi.server [-] 192.168.0.2 "OPTIONS / HTTP/1.0" status: 200 len: 234 time: 0.0002739
2016-12-20 11:40:02.548 6314 INFO nova.osapi_compute.wsgi.server [-] 192.168.0.2 "OPTIONS / HTTP/1.0" status: 200 len: 499 time: 0.0004771
2016-12-20 11:40:09.235 6343 INFO nova.metadata.wsgi.server [-] 192.168.0.2 "OPTIONS / HTTP/1.0" status: 200 len: 234 time: 0.0002620
2016-12-20 11:40:12.348 6315 INFO nova.osapi_compute.wsgi.server [-] 192.168.0.2 "OPTIONS / HTTP/1.0" status: 200 len: 499 time: 0.0004389
