2016-12-20 09:44:10.611 6314 INFO nova.osapi_compute.wsgi.server [req-24c73f33-512e-4b0d-991a-23c01f8b62c1 ac9b823b8bd444519added5e2c0eb970 e9e2282bbadc48188deb4d518437aea4 - - -] 192.168.0.2 "GET /v2.1/flavors/3/os-extra_specs HTTP/1.1" status: 200 len: 281 time: 0.0520751
2016-12-20 09:44:10.613 6316 INFO nova.osapi_compute.wsgi.server [req-41ddd395-0b32-4844-808f-774ba45dbc85 ac9b823b8bd444519added5e2c0eb970 e9e2282bbadc48188deb4d518437aea4 - - -] 192.168.0.2 "GET /v2.1/extensions HTTP/1.1" status: 200 len: 21761 time: 0.0244350
2016-12-20 09:44:10.646 6313 INFO nova.osapi_compute.wsgi.server [req-8b0038dc-c45d-4a5e-b3aa-25a94ee7397c ac9b823b8bd444519added5e2c0eb970 e9e2282bbadc48188deb4d518437aea4 - - -] 192.168.0.2 "GET /v2.1/flavors/4/os-extra_specs HTTP/1.1" status: 200 len: 281 time: 0.0277939
2016-12-20 09:44:10.659 6315 INFO nova.osapi_compute.wsgi.server [req-cda1d073-e6ff-4fab-98ac-56a5fac9c8c3 ac9b823b8bd444519added5e2c0eb970 e9e2282bbadc48188deb4d518437aea4 - - -] 192.168.0.2 "GET /v2.1/flavors/5/os-extra_specs HTTP/1.1" status: 200 len: 281 time: 0.0107791
2016-12-20 09:44:10.675 6315 INFO nova.osapi_compute.wsgi.server [req-75dbfdfa-9f3f-4b11-b42e-2ba33f1c6d24 ac9b823b8bd444519added5e2c0eb970 e9e2282bbadc48188deb4d518437aea4 - - -] 192.168.0.2 "GET /v2.1/flavors/cf2797b2-337e-441f-95d4-a84f8f130204/os-extra_specs HTTP/1.1" status: 200 len: 281 time: 0.0135269
2016-12-20 09:44:15.246 6340 INFO nova.metadata.wsgi.server [-] 192.168.0.2 "OPTIONS / HTTP/1.0" status: 200 len: 234 time: 0.0002720
2016-12-20 09:44:16.965 6316 INFO nova.osapi_compute.wsgi.server [-] 192.168.0.2 "OPTIONS / HTTP/1.0" status: 200 len: 499 time: 0.0004621
2016-12-20 09:44:25.208 6340 INFO nova.metadata.wsgi.server [-] 192.168.0.2 "OPTIONS / HTTP/1.0" status: 200 len: 234 time: 0.0003490
2016-12-20 09:44:27.077 6316 INFO nova.osapi_compute.wsgi.server [-] 192.168.0.2 "OPTIONS / HTTP/1.0" status: 200 len: 499 time: 0.0004661
2016-12-20 09:44:35.064 6343 INFO nova.metadata.wsgi.server [-] 192.168.0.2 "OPTIONS / HTTP/1.0" status: 200 len: 234 time: 0.0002789
2016-12-20 09:44:37.117 6314 INFO nova.osapi_compute.wsgi.server [-] 192.168.0.2 "OPTIONS / HTTP/1.0" status: 200 len: 499 time: 0.0005200
2016-12-20 09:44:45.111 6341 INFO nova.metadata.wsgi.server [-] 192.168.0.2 "OPTIONS / HTTP/1.0" status: 200 len: 234 time: 0.0002820
2016-12-20 09:44:45.674 6314 INFO nova.osapi_compute.wsgi.server [req-826614f6-24dd-4e85-a3c7-36680f03e794 ac9b823b8bd444519added5e2c0eb970 e9e2282bbadc48188deb4d518437aea4 - - -] 192.168.0.2 "POST /v2.1/servers HTTP/1.1" status: 202 len: 752 time: 1.6002491
2016-12-20 09:44:45.738 6314 INFO nova.osapi_compute.wsgi.server [req-ad736a9a-9769-499e-90db-bf2244de1bbe ac9b823b8bd444519added5e2c0eb970 e9e2282bbadc48188deb4d518437aea4 - - -] 192.168.0.2 "GET /v2.1/servers/0141b2d4-5b0e-426d-8926-9cf1c2563636 HTTP/1.1" status: 200 len: 1628 time: 0.0617571
2016-12-20 09:44:45.768 6314 INFO nova.osapi_compute.wsgi.server [req-bf4bfcaa-2ca5-4192-8534-0645384cdce0 ac9b823b8bd444519added5e2c0eb970 e9e2282bbadc48188deb4d518437aea4 - - -] 192.168.0.2 "GET /v2.1/limits?reserved=1 HTTP/1.1" status: 200 len: 772 time: 0.0037539
2016-12-20 09:44:45.852 6313 INFO nova.osapi_compute.wsgi.server [req-ef1d4363-53cc-4467-8785-102db9d0a058 ac9b823b8bd444519added5e2c0eb970 e9e2282bbadc48188deb4d518437aea4 - - -] 192.168.0.2 "GET /v2.1/servers/detail?limit=21&project_id=e9e2282bbadc48188deb4d518437aea4 HTTP/1.1" status: 200 len: 7309 time: 0.0878520
2016-12-20 09:44:45.870 6315 INFO nova.osapi_compute.wsgi.server [req-cac9ba90-facf-49d9-9b2d-50fe172db552 ac9b823b8bd444519added5e2c0eb970 e9e2282bbadc48188deb4d518437aea4 - - -] 192.168.0.2 "GET /v2.1/flavors/detail HTTP/1.1" status: 200 len: 2917 time: 0.0131679
2016-12-20 09:44:45.999 6315 INFO nova.osapi_compute.wsgi.server [req-9587fd5f-d4f7-4f3c-a1ab-2bae9c30a162 ac9b823b8bd444519added5e2c0eb970 e9e2282bbadc48188deb4d518437aea4 - - -] 192.168.0.2 "GET /v2.1/extensions HTTP/1.1" status: 200 len: 21761 time: 0.0193219
2016-12-20 09:44:46.521 6314 INFO nova.osapi_compute.wsgi.server [req-6d3972b9-6b6d-49f3-a6ee-c75d9df51aa6 ac9b823b8bd444519added5e2c0eb970 e9e2282bbadc48188deb4d518437aea4 - - -] 192.168.0.2 "GET /v2.1/servers/0141b2d4-5b0e-426d-8926-9cf1c2563636 HTTP/1.1" status: 200 len: 1714 time: 0.0568850
2016-12-20 09:44:46.533 6314 INFO nova.osapi_compute.wsgi.server [req-4f8247d9-fb84-45d6-8183-a959c12a86c5 ac9b823b8bd444519added5e2c0eb970 e9e2282bbadc48188deb4d518437aea4 - - -] 192.168.0.2 "GET /v2.1/flavors/cf2797b2-337e-441f-95d4-a84f8f130204 HTTP/1.1" status: 200 len: 728 time: 0.0098841
2016-12-20 09:44:46.648 6315 INFO nova.osapi_compute.wsgi.server [req-1b907a12-9c1e-4145-88d6-71f2e076ab82 ac9b823b8bd444519added5e2c0eb970 e9e2282bbadc48188deb4d518437aea4 - - -] 192.168.0.2 "GET /v2.1/extensions HTTP/1.1" status: 200 len: 21761 time: 0.0181730
2016-12-20 09:44:46.928 6313 INFO nova.osapi_compute.wsgi.server [-] 192.168.0.2 "OPTIONS / HTTP/1.0" status: 200 len: 499 time: 0.0004539
2016-12-20 09:44:49.356 6314 INFO nova.osapi_compute.wsgi.server [req-d9ae8588-a24d-417b-8b19-6600f12cd6c0 ac9b823b8bd444519added5e2c0eb970 e9e2282bbadc48188deb4d518437aea4 - - -] 192.168.0.2 "GET /v2.1/servers/0141b2d4-5b0e-426d-8926-9cf1c2563636 HTTP/1.1" status: 200 len: 1894 time: 0.0819199
2016-12-20 09:44:49.368 6313 INFO nova.osapi_compute.wsgi.server [req-d2262242-85a5-4d11-b831-95da35c0c83d ac9b823b8bd444519added5e2c0eb970 e9e2282bbadc48188deb4d518437aea4 - - -] 192.168.0.2 "GET /v2.1/flavors/cf2797b2-337e-441f-95d4-a84f8f130204 HTTP/1.1" status: 200 len: 728 time: 0.0103152
2016-12-20 09:44:49.494 6315 INFO nova.osapi_compute.wsgi.server [req-1d676d2c-6df9-4acf-a129-72611d10624f ac9b823b8bd444519added5e2c0eb970 e9e2282bbadc48188deb4d518437aea4 - - -] 192.168.0.2 "GET /v2.1/extensions HTTP/1.1" status: 200 len: 21761 time: 0.0180650
2016-12-20 09:44:54.658 6313 INFO nova.osapi_compute.wsgi.server [req-668a0a22-7d34-4072-a78a-e3109eabdd0a ac9b823b8bd444519added5e2c0eb970 e9e2282bbadc48188deb4d518437aea4 - - -] 192.168.0.2 "GET /v2.1/servers/0141b2d4-5b0e-426d-8926-9cf1c2563636 HTTP/1.1" status: 200 len: 1894 time: 0.0780830
2016-12-20 09:44:54.670 6313 INFO nova.osapi_compute.wsgi.server [req-842320d6-497a-49dc-8f7b-8f3f348a7b29 ac9b823b8bd444519added5e2c0eb970 e9e2282bbadc48188deb4d518437aea4 - - -] 192.168.0.2 "GET /v2.1/flavors/cf2797b2-337e-441f-95d4-a84f8f130204 HTTP/1.1" status: 200 len: 728 time: 0.0103769
2016-12-20 09:44:54.801 6316 INFO nova.osapi_compute.wsgi.server [req-c71c62b3-1ec1-4d83-b6d3-23800b9097c9 ac9b823b8bd444519added5e2c0eb970 e9e2282bbadc48188deb4d518437aea4 - - -] 192.168.0.2 "GET /v2.1/extensions HTTP/1.1" status: 200 len: 21761 time: 0.0205462
2016-12-20 09:44:55.335 6341 INFO nova.metadata.wsgi.server [-] 192.168.0.2 "OPTIONS / HTTP/1.0" status: 200 len: 234 time: 0.0002668
2016-12-20 09:44:57.050 6314 INFO nova.osapi_compute.wsgi.server [-] 192.168.0.2 "OPTIONS / HTTP/1.0" status: 200 len: 499 time: 0.0004458
2016-12-20 09:45:02.643 6316 INFO nova.osapi_compute.wsgi.server [req-78596ae4-34df-463c-80f0-e81365ad5a8a ac9b823b8bd444519added5e2c0eb970 e9e2282bbadc48188deb4d518437aea4 - - -] 192.168.0.2 "GET /v2.1/servers/0141b2d4-5b0e-426d-8926-9cf1c2563636 HTTP/1.1" status: 200 len: 1894 time: 0.2467570
2016-12-20 09:45:02.657 6315 INFO nova.osapi_compute.wsgi.server [req-b5fadfc3-c555-4915-b42d-6e529cc75f9e ac9b823b8bd444519added5e2c0eb970 e9e2282bbadc48188deb4d518437aea4 - - -] 192.168.0.2 "GET /v2.1/flavors/cf2797b2-337e-441f-95d4-a84f8f130204 HTTP/1.1" status: 200 len: 728 time: 0.0111840
2016-12-20 09:45:02.784 6315 INFO nova.osapi_compute.wsgi.server [req-3cd4cd18-faae-4273-9887-6988b2175031 ac9b823b8bd444519added5e2c0eb970 e9e2282bbadc48188deb4d518437aea4 - - -] 192.168.0.2 "GET /v2.1/extensions HTTP/1.1" status: 200 len: 21761 time: 0.0187328
2016-12-20 09:45:03.165 6313 INFO nova.osapi_compute.wsgi.server [req-850d6cdb-6a4c-4382-8b92-397ea532439d ac9b823b8bd444519added5e2c0eb970 e9e2282bbadc48188deb4d518437aea4 - - -] 192.168.0.2 "GET /v2.1/limits?reserved=1 HTTP/1.1" status: 200 len: 772 time: 0.0039680
2016-12-20 09:45:03.243 6314 INFO nova.osapi_compute.wsgi.server [req-d1de45b8-a045-45c8-8bda-2dce898f8675 ac9b823b8bd444519added5e2c0eb970 e9e2282bbadc48188deb4d518437aea4 - - -] 192.168.0.2 "GET /v2.1/servers/detail?limit=21&project_id=e9e2282bbadc48188deb4d518437aea4 HTTP/1.1" status: 200 len: 7575 time: 0.0820351
2016-12-20 09:45:03.263 6315 INFO nova.osapi_compute.wsgi.server [req-36aeef1c-532c-4681-9d45-db25363d1bfb ac9b823b8bd444519added5e2c0eb970 e9e2282bbadc48188deb4d518437aea4 - - -] 192.168.0.2 "GET /v2.1/flavors/detail HTTP/1.1" status: 200 len: 2917 time: 0.0135491
2016-12-20 09:45:03.382 6315 INFO nova.osapi_compute.wsgi.server [req-a6cfafaf-4ea8-4ec5-95c8-b2234fdd11d9 ac9b823b8bd444519added5e2c0eb970 e9e2282bbadc48188deb4d518437aea4 - - -] 192.168.0.2 "GET /v2.1/extensions HTTP/1.1" status: 200 len: 21761 time: 0.0189610
2016-12-20 09:45:03.917 6313 INFO nova.osapi_compute.wsgi.server [req-8d3faf41-6147-486c-ad98-2cb724fbacfa ac9b823b8bd444519added5e2c0eb970 e9e2282bbadc48188deb4d518437aea4 - - -] 192.168.0.2 "GET /v2.1/servers/0141b2d4-5b0e-426d-8926-9cf1c2563636 HTTP/1.1" status: 200 len: 1894 time: 0.0770550
2016-12-20 09:45:03.929 6313 INFO nova.osapi_compute.wsgi.server [req-ac3a186c-c2c2-4b98-aa61-92d61f09c43f ac9b823b8bd444519added5e2c0eb970 e9e2282bbadc48188deb4d518437aea4 - - -] 192.168.0.2 "GET /v2.1/flavors/cf2797b2-337e-441f-95d4-a84f8f130204 HTTP/1.1" status: 200 len: 728 time: 0.0095301
2016-12-20 09:45:04.046 6313 INFO nova.osapi_compute.wsgi.server [req-f7dae268-8032-4523-84b0-6ae274a16747 ac9b823b8bd444519added5e2c0eb970 e9e2282bbadc48188deb4d518437aea4 - - -] 192.168.0.2 "GET /v2.1/extensions HTTP/1.1" status: 200 len: 21761 time: 0.0176299
2016-12-20 09:45:05.111 6341 INFO nova.metadata.wsgi.server [-] 192.168.0.2 "OPTIONS / HTTP/1.0" status: 200 len: 234 time: 0.0002561
2016-12-20 09:45:05.499 6314 INFO nova.osapi_compute.wsgi.server [req-fc51b09e-3a75-4e68-8c14-ccc446ec162c ac9b823b8bd444519added5e2c0eb970 e9e2282bbadc48188deb4d518437aea4 - - -] 192.168.0.2 "GET /v2.1/servers/0141b2d4-5b0e-426d-8926-9cf1c2563636 HTTP/1.1" status: 200 len: 1894 time: 0.0779800
2016-12-20 09:45:05.531 6313 INFO nova.osapi_compute.wsgi.server [req-8a3d8545-83bc-4417-8eda-6d5f8a4b7107 ac9b823b8bd444519added5e2c0eb970 e9e2282bbadc48188deb4d518437aea4 - - -] 192.168.0.2 "GET /v2.1/servers/0141b2d4-5b0e-426d-8926-9cf1c2563636/os-volume_attachments HTTP/1.1" status: 200 len: 287 time: 0.0295169
2016-12-20 09:45:05.545 6316 INFO nova.osapi_compute.wsgi.server [req-e939fcd7-48d0-4da0-98b8-73d7dbf28cc2 ac9b823b8bd444519added5e2c0eb970 e9e2282bbadc48188deb4d518437aea4 - - -] 192.168.0.2 "GET /v2.1/flavors/cf2797b2-337e-441f-95d4-a84f8f130204 HTTP/1.1" status: 200 len: 728 time: 0.0120420
2016-12-20 09:45:05.674 6315 INFO nova.osapi_compute.wsgi.server [req-87dc759a-8889-4519-946c-80c1aed2c986 ac9b823b8bd444519added5e2c0eb970 e9e2282bbadc48188deb4d518437aea4 - - -] 192.168.0.2 "GET /v2.1/extensions HTTP/1.1" status: 200 len: 21761 time: 0.0203979
2016-12-20 09:45:06.767 6313 INFO nova.osapi_compute.wsgi.server [-] 192.168.0.2 "OPTIONS / HTTP/1.0" status: 200 len: 499 time: 0.0005169
2016-12-20 09:45:14.922 6343 INFO nova.metadata.wsgi.server [-] 192.168.0.2 "OPTIONS / HTTP/1.0" status: 200 len: 234 time: 0.0002699
2016-12-20 09:45:16.841 6314 INFO nova.osapi_compute.wsgi.server [-] 192.168.0.2 "OPTIONS / HTTP/1.0" status: 200 len: 499 time: 0.0004280
2016-12-20 09:45:25.088 6343 INFO nova.metadata.wsgi.server [-] 192.168.0.2 "OPTIONS / HTTP/1.0" status: 200 len: 234 time: 0.0002620
2016-12-20 09:45:26.603 6315 INFO nova.osapi_compute.wsgi.server [-] 192.168.0.2 "OPTIONS / HTTP/1.0" status: 200 len: 499 time: 0.0004380
2016-12-20 09:45:35.157 6342 INFO nova.metadata.wsgi.server [-] 192.168.0.2 "OPTIONS / HTTP/1.0" status: 200 len: 234 time: 0.0002661
2016-12-20 09:45:36.676 6315 INFO nova.osapi_compute.wsgi.server [-] 192.168.0.2 "OPTIONS / HTTP/1.0" status: 200 len: 499 time: 0.0004458
2016-12-20 09:45:43.535 6315 INFO nova.osapi_compute.wsgi.server [req-a0d7a977-330a-48ee-a90f-ec6eab73ef1f ac9b823b8bd444519added5e2c0eb970 e9e2282bbadc48188deb4d518437aea4 - - -] 192.168.0.2 "GET /v2.1/limits?reserved=1 HTTP/1.1" status: 200 len: 772 time: 0.0040259
2016-12-20 09:45:43.612 6314 INFO nova.osapi_compute.wsgi.server [req-18af6bcc-9775-439a-8fca-66dc81e09269 ac9b823b8bd444519added5e2c0eb970 e9e2282bbadc48188deb4d518437aea4 - - -] 192.168.0.2 "GET /v2.1/servers/detail?limit=21&project_id=e9e2282bbadc48188deb4d518437aea4 HTTP/1.1" status: 200 len: 7575 time: 0.0814199
2016-12-20 09:45:43.641 6316 INFO nova.osapi_compute.wsgi.server [req-6c2e7f4d-c633-42a0-8ee9-09b2dbc612b1 ac9b823b8bd444519added5e2c0eb970 e9e2282bbadc48188deb4d518437aea4 - - -] 192.168.0.2 "GET /v2.1/flavors/detail HTTP/1.1" status: 200 len: 2917 time: 0.0205841
2016-12-20 09:45:43.741 6314 INFO nova.osapi_compute.wsgi.server [req-f14442e5-3a1e-4eeb-bfd8-ae2de0e32d71 ac9b823b8bd444519added5e2c0eb970 e9e2282bbadc48188deb4d518437aea4 - - -] 192.168.0.2 "GET /v2.1/extensions HTTP/1.1" status: 200 len: 21761 time: 0.0195880
2016-12-20 09:45:44.269 6314 INFO nova.osapi_compute.wsgi.server [req-18dd7449-ab24-447d-953c-9ae0812e04b7 ac9b823b8bd444519added5e2c0eb970 e9e2282bbadc48188deb4d518437aea4 - - -] 192.168.0.2 "GET /v2.1/servers/0141b2d4-5b0e-426d-8926-9cf1c2563636 HTTP/1.1" status: 200 len: 1894 time: 0.0795560
2016-12-20 09:45:44.283 6314 INFO nova.osapi_compute.wsgi.server [req-71faab5f-4b59-4f79-bba2-c0fa5909c7bc ac9b823b8bd444519added5e2c0eb970 e9e2282bbadc48188deb4d518437aea4 - - -] 192.168.0.2 "GET /v2.1/flavors/cf2797b2-337e-441f-95d4-a84f8f130204 HTTP/1.1" status: 200 len: 728 time: 0.0125861
2016-12-20 09:45:44.410 6316 INFO nova.osapi_compute.wsgi.server [req-61dd38bb-28eb-4985-9339-83157103a5e7 ac9b823b8bd444519added5e2c0eb970 e9e2282bbadc48188deb4d518437aea4 - - -] 192.168.0.2 "GET /v2.1/extensions HTTP/1.1" status: 200 len: 21761 time: 0.0187809
2016-12-20 09:45:44.926 6341 INFO nova.metadata.wsgi.server [-] 192.168.0.2 "OPTIONS / HTTP/1.0" status: 200 len: 234 time: 0.0003040
2016-12-20 09:45:46.519 6316 INFO nova.osapi_compute.wsgi.server [-] 192.168.0.2 "OPTIONS / HTTP/1.0" status: 200 len: 499 time: 0.0004220
2016-12-20 09:45:47.096 6316 INFO nova.osapi_compute.wsgi.server [req-aeaa2377-df6b-4ded-bcde-15390e38282b ac9b823b8bd444519added5e2c0eb970 e9e2282bbadc48188deb4d518437aea4 - - -] 192.168.0.2 "GET /v2.1/servers/0141b2d4-5b0e-426d-8926-9cf1c2563636 HTTP/1.1" status: 200 len: 1894 time: 0.0885320
2016-12-20 09:45:47.111 6313 INFO nova.osapi_compute.wsgi.server [req-69024910-5398-410d-b668-f668683a4097 ac9b823b8bd444519added5e2c0eb970 e9e2282bbadc48188deb4d518437aea4 - - -] 192.168.0.2 "GET /v2.1/flavors/cf2797b2-337e-441f-95d4-a84f8f130204 HTTP/1.1" status: 200 len: 728 time: 0.0115731
2016-12-20 09:45:47.245 6314 INFO nova.osapi_compute.wsgi.server [req-7072dd7a-bd4b-4100-a005-494511dcd0eb ac9b823b8bd444519added5e2c0eb970 e9e2282bbadc48188deb4d518437aea4 - - -] 192.168.0.2 "GET /v2.1/extensions HTTP/1.1" status: 200 len: 21761 time: 0.0202620
2016-12-20 09:45:52.428 6313 INFO nova.osapi_compute.wsgi.server [req-6a5ba38a-134d-4c0c-a2a2-9715145d7787 ac9b823b8bd444519added5e2c0eb970 e9e2282bbadc48188deb4d518437aea4 - - -] 192.168.0.2 "GET /v2.1/servers/0141b2d4-5b0e-426d-8926-9cf1c2563636 HTTP/1.1" status: 200 len: 1894 time: 0.0794070
2016-12-20 09:45:52.440 6313 INFO nova.osapi_compute.wsgi.server [req-4672acee-eb0d-4d76-a4e3-7f610ef951e6 ac9b823b8bd444519added5e2c0eb970 e9e2282bbadc48188deb4d518437aea4 - - -] 192.168.0.2 "GET /v2.1/flavors/cf2797b2-337e-441f-95d4-a84f8f130204 HTTP/1.1" status: 200 len: 728 time: 0.0102000
2016-12-20 09:45:52.561 6313 INFO nova.osapi_compute.wsgi.server [req-da7fa6a8-56d7-4880-9b83-4aeda40aa730 ac9b823b8bd444519added5e2c0eb970 e9e2282bbadc48188deb4d518437aea4 - - -] 192.168.0.2 "GET /v2.1/extensions HTTP/1.1" status: 200 len: 21761 time: 0.0200491
2016-12-20 09:45:55.111 6340 INFO nova.metadata.wsgi.server [-] 192.168.0.2 "OPTIONS / HTTP/1.0" status: 200 len: 234 time: 0.0002689
2016-12-20 09:45:56.424 6314 INFO nova.osapi_compute.wsgi.server [-] 192.168.0.2 "OPTIONS / HTTP/1.0" status: 200 len: 499 time: 0.0004289
2016-12-20 09:46:00.201 6314 INFO nova.osapi_compute.wsgi.server [req-ae3bef72-62ab-4cd1-bd39-8e5762b1f206 ac9b823b8bd444519added5e2c0eb970 e9e2282bbadc48188deb4d518437aea4 - - -] 192.168.0.2 "GET /v2.1/servers/0141b2d4-5b0e-426d-8926-9cf1c2563636 HTTP/1.1" status: 200 len: 1894 time: 0.0729611
2016-12-20 09:46:00.214 6314 INFO nova.osapi_compute.wsgi.server [req-4ea48ed9-a4ff-470d-a67c-5345479b635c ac9b823b8bd444519added5e2c0eb970 e9e2282bbadc48188deb4d518437aea4 - - -] 192.168.0.2 "GET /v2.1/flavors/cf2797b2-337e-441f-95d4-a84f8f130204 HTTP/1.1" status: 200 len: 728 time: 0.0116670
2016-12-20 09:46:00.477 6314 INFO nova.osapi_compute.wsgi.server [req-0a13adfb-e8e8-4afc-91b2-7590397a672a ac9b823b8bd444519added5e2c0eb970 e9e2282bbadc48188deb4d518437aea4 - - -] 192.168.0.2 "GET /v2.1/extensions HTTP/1.1" status: 200 len: 21761 time: 0.0185959
2016-12-20 09:46:04.869 6340 INFO nova.metadata.wsgi.server [-] 192.168.0.2 "OPTIONS / HTTP/1.0" status: 200 len: 234 time: 0.0002701
2016-12-20 09:46:06.418 6315 INFO nova.osapi_compute.wsgi.server [-] 192.168.0.2 "OPTIONS / HTTP/1.0" status: 200 len: 499 time: 0.0004690
2016-12-20 09:46:10.627 6314 INFO nova.osapi_compute.wsgi.server [req-6fc16bfe-0922-46c9-a777-40d397fd79b1 ac9b823b8bd444519added5e2c0eb970 e9e2282bbadc48188deb4d518437aea4 - - -] 192.168.0.2 "GET /v2.1/servers/0141b2d4-5b0e-426d-8926-9cf1c2563636 HTTP/1.1" status: 200 len: 1894 time: 0.0761271
2016-12-20 09:46:10.639 6313 INFO nova.osapi_compute.wsgi.server [req-15c22968-4005-40d0-90c5-c4dc9de650c2 ac9b823b8bd444519added5e2c0eb970 e9e2282bbadc48188deb4d518437aea4 - - -] 192.168.0.2 "GET /v2.1/flavors/cf2797b2-337e-441f-95d4-a84f8f130204 HTTP/1.1" status: 200 len: 728 time: 0.0095439
2016-12-20 09:46:10.775 6316 INFO nova.osapi_compute.wsgi.server [req-06802878-8c5f-4e9b-b526-174585ec13a5 ac9b823b8bd444519added5e2c0eb970 e9e2282bbadc48188deb4d518437aea4 - - -] 192.168.0.2 "GET /v2.1/extensions HTTP/1.1" status: 200 len: 21761 time: 0.0179238
2016-12-20 09:46:13.906 6315 INFO nova.osapi_compute.wsgi.server [req-428bf732-d351-4a25-8911-a3d073048b12 ac9b823b8bd444519added5e2c0eb970 e9e2282bbadc48188deb4d518437aea4 - - -] 192.168.0.2 "GET /v2.1/limits?reserved=1 HTTP/1.1" status: 200 len: 772 time: 0.0047059
2016-12-20 09:46:13.982 6316 INFO nova.osapi_compute.wsgi.server [req-d9119800-31b5-49bb-8ea0-ca63fd6beca6 ac9b823b8bd444519added5e2c0eb970 e9e2282bbadc48188deb4d518437aea4 - - -] 192.168.0.2 "GET /v2.1/servers/detail?limit=21&project_id=e9e2282bbadc48188deb4d518437aea4 HTTP/1.1" status: 200 len: 7575 time: 0.0800622
2016-12-20 09:46:14.001 6314 INFO nova.osapi_compute.wsgi.server [req-47efe845-db44-4b67-8eb8-a877c8ceb306 ac9b823b8bd444519added5e2c0eb970 e9e2282bbadc48188deb4d518437aea4 - - -] 192.168.0.2 "GET /v2.1/flavors/detail HTTP/1.1" status: 200 len: 2917 time: 0.0140810
2016-12-20 09:46:14.128 6315 INFO nova.osapi_compute.wsgi.server [req-f2a5d010-03b7-4d48-9c92-b87a45178473 ac9b823b8bd444519added5e2c0eb970 e9e2282bbadc48188deb4d518437aea4 - - -] 192.168.0.2 "GET /v2.1/extensions HTTP/1.1" status: 200 len: 21761 time: 0.0182872
2016-12-20 09:46:14.651 6315 INFO nova.osapi_compute.wsgi.server [req-4e37f8ed-6119-4dad-926b-22242696611f ac9b823b8bd444519added5e2c0eb970 e9e2282bbadc48188deb4d518437aea4 - - -] 192.168.0.2 "GET /v2.1/servers/0141b2d4-5b0e-426d-8926-9cf1c2563636 HTTP/1.1" status: 200 len: 1894 time: 0.0773602
2016-12-20 09:46:14.665 6316 INFO nova.osapi_compute.wsgi.server [req-682e31c2-4e5c-4fd3-96ea-0023b417a207 ac9b823b8bd444519added5e2c0eb970 e9e2282bbadc48188deb4d518437aea4 - - -] 192.168.0.2 "GET /v2.1/flavors/cf2797b2-337e-441f-95d4-a84f8f130204 HTTP/1.1" status: 200 len: 728 time: 0.0106690
2016-12-20 09:46:14.781 6313 INFO nova.osapi_compute.wsgi.server [req-9f396c03-15af-416d-a6f2-30f5c7ebdf9d ac9b823b8bd444519added5e2c0eb970 e9e2282bbadc48188deb4d518437aea4 - - -] 192.168.0.2 "GET /v2.1/extensions HTTP/1.1" status: 200 len: 21761 time: 0.0182140
2016-12-20 09:46:15.127 6341 INFO nova.metadata.wsgi.server [-] 192.168.0.2 "OPTIONS / HTTP/1.0" status: 200 len: 234 time: 0.0002580
2016-12-20 09:46:16.223 6313 INFO nova.osapi_compute.wsgi.server [-] 192.168.0.2 "OPTIONS / HTTP/1.0" status: 200 len: 499 time: 0.0004308
2016-12-20 09:46:17.444 6313 INFO nova.osapi_compute.wsgi.server [req-ac61be0b-91c6-4e82-85c5-139e785f35c3 ac9b823b8bd444519added5e2c0eb970 e9e2282bbadc48188deb4d518437aea4 - - -] 192.168.0.2 "GET /v2.1/servers/0141b2d4-5b0e-426d-8926-9cf1c2563636 HTTP/1.1" status: 200 len: 1894 time: 0.0839200
2016-12-20 09:46:17.457 6313 INFO nova.osapi_compute.wsgi.server [req-d382ac40-abeb-4b46-933c-132f84e44566 ac9b823b8bd444519added5e2c0eb970 e9e2282bbadc48188deb4d518437aea4 - - -] 192.168.0.2 "GET /v2.1/flavors/cf2797b2-337e-441f-95d4-a84f8f130204 HTTP/1.1" status: 200 len: 728 time: 0.0104520
2016-12-20 09:46:17.646 6314 INFO nova.osapi_compute.wsgi.server [req-22f4ec7f-0c1d-4f10-a2a0-9d3b04e86733 ac9b823b8bd444519added5e2c0eb970 e9e2282bbadc48188deb4d518437aea4 - - -] 192.168.0.2 "GET /v2.1/extensions HTTP/1.1" status: 200 len: 21761 time: 0.0189500
2016-12-20 09:46:22.795 6313 INFO nova.osapi_compute.wsgi.server [req-7426e923-310d-4820-8fed-889300b0e655 ac9b823b8bd444519added5e2c0eb970 e9e2282bbadc48188deb4d518437aea4 - - -] 192.168.0.2 "GET /v2.1/servers/0141b2d4-5b0e-426d-8926-9cf1c2563636 HTTP/1.1" status: 200 len: 1894 time: 0.0785251
2016-12-20 09:46:22.808 6316 INFO nova.osapi_compute.wsgi.server [req-ccf4d374-fb35-440a-84bc-041e3a28dae8 ac9b823b8bd444519added5e2c0eb970 e9e2282bbadc48188deb4d518437aea4 - - -] 192.168.0.2 "GET /v2.1/flavors/cf2797b2-337e-441f-95d4-a84f8f130204 HTTP/1.1" status: 200 len: 728 time: 0.0111761
2016-12-20 09:46:22.923 6316 INFO nova.osapi_compute.wsgi.server [req-5b2f06aa-5143-4cad-8a58-0eadedd5fc29 ac9b823b8bd444519added5e2c0eb970 e9e2282bbadc48188deb4d518437aea4 - - -] 192.168.0.2 "GET /v2.1/extensions HTTP/1.1" status: 200 len: 21761 time: 0.0185771
2016-12-20 09:46:25.001 6342 INFO nova.metadata.wsgi.server [-] 192.168.0.2 "OPTIONS / HTTP/1.0" status: 200 len: 234 time: 0.0002642
2016-12-20 09:46:26.051 6314 INFO nova.osapi_compute.wsgi.server [-] 192.168.0.2 "OPTIONS / HTTP/1.0" status: 200 len: 499 time: 0.0004151
2016-12-20 09:46:30.686 6316 INFO nova.osapi_compute.wsgi.server [req-e6e5a11d-d2a7-4f89-9146-50949d00980a ac9b823b8bd444519added5e2c0eb970 e9e2282bbadc48188deb4d518437aea4 - - -] 192.168.0.2 "GET /v2.1/servers/0141b2d4-5b0e-426d-8926-9cf1c2563636 HTTP/1.1" status: 200 len: 1894 time: 0.1532738
2016-12-20 09:46:30.698 6316 INFO nova.osapi_compute.wsgi.server [req-a7b205e6-9689-49b4-bfd1-68ce3e3f634e ac9b823b8bd444519added5e2c0eb970 e9e2282bbadc48188deb4d518437aea4 - - -] 192.168.0.2 "GET /v2.1/flavors/cf2797b2-337e-441f-95d4-a84f8f130204 HTTP/1.1" status: 200 len: 728 time: 0.0105669
2016-12-20 09:46:30.823 6316 INFO nova.osapi_compute.wsgi.server [req-ad5f23e1-6aed-4300-9048-fd9fc74bf98e ac9b823b8bd444519added5e2c0eb970 e9e2282bbadc48188deb4d518437aea4 - - -] 192.168.0.2 "GET /v2.1/extensions HTTP/1.1" status: 200 len: 21761 time: 0.0173471
2016-12-20 09:46:35.220 6340 INFO nova.metadata.wsgi.server [-] 192.168.0.2 "OPTIONS / HTTP/1.0" status: 200 len: 234 time: 0.0002930
2016-12-20 09:46:36.309 6316 INFO nova.osapi_compute.wsgi.server [-] 192.168.0.2 "OPTIONS / HTTP/1.0" status: 200 len: 499 time: 0.0004311
2016-12-20 09:46:41.020 6315 INFO nova.osapi_compute.wsgi.server [req-0a789988-69d2-408b-96d3-31234978ba02 ac9b823b8bd444519added5e2c0eb970 e9e2282bbadc48188deb4d518437aea4 - - -] 192.168.0.2 "GET /v2.1/servers/0141b2d4-5b0e-426d-8926-9cf1c2563636 HTTP/1.1" status: 200 len: 1894 time: 0.0783958
2016-12-20 09:46:41.034 6315 INFO nova.osapi_compute.wsgi.server [req-a2d2d30a-d69a-4a6d-b805-b52a5444dd4b ac9b823b8bd444519added5e2c0eb970 e9e2282bbadc48188deb4d518437aea4 - - -] 192.168.0.2 "GET /v2.1/flavors/cf2797b2-337e-441f-95d4-a84f8f130204 HTTP/1.1" status: 200 len: 728 time: 0.0119979
2016-12-20 09:46:41.177 6313 INFO nova.osapi_compute.wsgi.server [req-66dcbe3a-10de-47cb-9bf0-11d81cfde5bf ac9b823b8bd444519added5e2c0eb970 e9e2282bbadc48188deb4d518437aea4 - - -] 192.168.0.2 "GET /v2.1/extensions HTTP/1.1" status: 200 len: 21761 time: 0.0191340
2016-12-20 09:46:45.494 6340 INFO nova.metadata.wsgi.server [-] 192.168.0.2 "OPTIONS / HTTP/1.0" status: 200 len: 234 time: 0.0002651
2016-12-20 09:46:46.317 6313 INFO nova.osapi_compute.wsgi.server [-] 192.168.0.2 "OPTIONS / HTTP/1.0" status: 200 len: 499 time: 0.0005150
2016-12-20 09:46:53.957 6313 INFO nova.osapi_compute.wsgi.server [req-22ee08a8-a0b4-41ad-9224-b3482a3f6e4e ac9b823b8bd444519added5e2c0eb970 e9e2282bbadc48188deb4d518437aea4 - - -] 192.168.0.2 "GET /v2.1/servers/0141b2d4-5b0e-426d-8926-9cf1c2563636 HTTP/1.1" status: 200 len: 1894 time: 0.1883719
2016-12-20 09:46:53.970 6316 INFO nova.osapi_compute.wsgi.server [req-324e6718-d389-4878-83a1-5bb73124a3a4 ac9b823b8bd444519added5e2c0eb970 e9e2282bbadc48188deb4d518437aea4 - - -] 192.168.0.2 "GET /v2.1/flavors/cf2797b2-337e-441f-95d4-a84f8f130204 HTTP/1.1" status: 200 len: 728 time: 0.0106502
2016-12-20 09:46:54.122 6316 INFO nova.osapi_compute.wsgi.server [req-dd562cd8-df2a-42cd-99a7-e433540a3f7b ac9b823b8bd444519added5e2c0eb970 e9e2282bbadc48188deb4d518437aea4 - - -] 192.168.0.2 "GET /v2.1/extensions HTTP/1.1" status: 200 len: 21761 time: 0.0197501
2016-12-20 09:46:55.344 6340 INFO nova.metadata.wsgi.server [-] 192.168.0.2 "OPTIONS / HTTP/1.0" status: 200 len: 234 time: 0.0002940
2016-12-20 09:46:56.384 6313 INFO nova.osapi_compute.wsgi.server [-] 192.168.0.2 "OPTIONS / HTTP/1.0" status: 200 len: 499 time: 0.0004759
2016-12-20 09:47:05.051 6340 INFO nova.metadata.wsgi.server [-] 192.168.0.2 "OPTIONS / HTTP/1.0" status: 200 len: 234 time: 0.0002820
2016-12-20 09:47:06.506 6314 INFO nova.osapi_compute.wsgi.server [-] 192.168.0.2 "OPTIONS / HTTP/1.0" status: 200 len: 499 time: 0.0004220
2016-12-20 09:47:09.306 6316 INFO nova.osapi_compute.wsgi.server [req-e5651941-d042-4365-8117-8a02a3c327d2 ac9b823b8bd444519added5e2c0eb970 e9e2282bbadc48188deb4d518437aea4 - - -] 192.168.0.2 "GET /v2.1/servers/0141b2d4-5b0e-426d-8926-9cf1c2563636 HTTP/1.1" status: 200 len: 1894 time: 0.0747759
2016-12-20 09:47:09.318 6314 INFO nova.osapi_compute.wsgi.server [req-7c6f91a1-156b-4826-8331-4e3b481268af ac9b823b8bd444519added5e2c0eb970 e9e2282bbadc48188deb4d518437aea4 - - -] 192.168.0.2 "GET /v2.1/flavors/cf2797b2-337e-441f-95d4-a84f8f130204 HTTP/1.1" status: 200 len: 728 time: 0.0095229
2016-12-20 09:47:09.433 6313 INFO nova.osapi_compute.wsgi.server [req-b28bd1a0-fead-4156-96ca-175f619b3852 ac9b823b8bd444519added5e2c0eb970 e9e2282bbadc48188deb4d518437aea4 - - -] 192.168.0.2 "GET /v2.1/extensions HTTP/1.1" status: 200 len: 21761 time: 0.0175021
2016-12-20 09:47:15.322 6341 INFO nova.metadata.wsgi.server [-] 192.168.0.2 "OPTIONS / HTTP/1.0" status: 200 len: 234 time: 0.0002551
2016-12-20 09:47:16.230 6315 INFO nova.osapi_compute.wsgi.server [-] 192.168.0.2 "OPTIONS / HTTP/1.0" status: 200 len: 499 time: 0.0004239
2016-12-20 09:47:22.189 6316 INFO nova.osapi_compute.wsgi.server [req-5b280a4e-11d3-41fd-8890-99c3a2eee395 ac9b823b8bd444519added5e2c0eb970 e9e2282bbadc48188deb4d518437aea4 - - -] 192.168.0.2 "GET /v2.1/limits?reserved=1 HTTP/1.1" status: 200 len: 772 time: 0.0036960
2016-12-20 09:47:22.333 6315 INFO nova.osapi_compute.wsgi.server [req-7e6def80-6330-49a2-849a-848beda76a67 ac9b823b8bd444519added5e2c0eb970 e9e2282bbadc48188deb4d518437aea4 - - -] 192.168.0.2 "GET /v2.1/servers/detail?limit=21&project_id=e9e2282bbadc48188deb4d518437aea4 HTTP/1.1" status: 200 len: 7575 time: 0.1487370
2016-12-20 09:47:22.352 6314 INFO nova.osapi_compute.wsgi.server [req-b9fffb92-1c29-4d13-8bf7-bffdaa9c7329 ac9b823b8bd444519added5e2c0eb970 e9e2282bbadc48188deb4d518437aea4 - - -] 192.168.0.2 "GET /v2.1/flavors/detail HTTP/1.1" status: 200 len: 2917 time: 0.0138309
2016-12-20 09:47:22.455 6313 INFO nova.osapi_compute.wsgi.server [req-72d3d026-5473-4499-af1e-79eede444910 ac9b823b8bd444519added5e2c0eb970 e9e2282bbadc48188deb4d518437aea4 - - -] 192.168.0.2 "GET /v2.1/extensions HTTP/1.1" status: 200 len: 21761 time: 0.0193338
2016-12-20 09:47:22.986 6313 INFO nova.osapi_compute.wsgi.server [req-af8ea01b-67f1-4119-8508-d37eb069c3ca ac9b823b8bd444519added5e2c0eb970 e9e2282bbadc48188deb4d518437aea4 - - -] 192.168.0.2 "GET /v2.1/servers/0141b2d4-5b0e-426d-8926-9cf1c2563636 HTTP/1.1" status: 200 len: 1894 time: 0.0731220
2016-12-20 09:47:22.998 6315 INFO nova.osapi_compute.wsgi.server [req-02400307-5da2-4050-9416-e25d96f2e7fb ac9b823b8bd444519added5e2c0eb970 e9e2282bbadc48188deb4d518437aea4 - - -] 192.168.0.2 "GET /v2.1/flavors/cf2797b2-337e-441f-95d4-a84f8f130204 HTTP/1.1" status: 200 len: 728 time: 0.0096850
2016-12-20 09:47:23.143 6315 INFO nova.osapi_compute.wsgi.server [req-dd3f5689-fe8b-437f-a57f-332484a753ff ac9b823b8bd444519added5e2c0eb970 e9e2282bbadc48188deb4d518437aea4 - - -] 192.168.0.2 "GET /v2.1/extensions HTTP/1.1" status: 200 len: 21761 time: 0.0180318
2016-12-20 09:47:25.362 6341 INFO nova.metadata.wsgi.server [-] 192.168.0.2 "OPTIONS / HTTP/1.0" status: 200 len: 234 time: 0.0002811
2016-12-20 09:47:25.862 6315 INFO nova.osapi_compute.wsgi.server [req-15c86f54-ad04-43af-b7be-2a2d66e3bc67 ac9b823b8bd444519added5e2c0eb970 e9e2282bbadc48188deb4d518437aea4 - - -] 192.168.0.2 "GET /v2.1/servers/0141b2d4-5b0e-426d-8926-9cf1c2563636 HTTP/1.1" status: 200 len: 1894 time: 0.0796099
2016-12-20 09:47:25.876 6313 INFO nova.osapi_compute.wsgi.server [req-100ed2af-8f40-43c4-845d-bd2803837354 ac9b823b8bd444519added5e2c0eb970 e9e2282bbadc48188deb4d518437aea4 - - -] 192.168.0.2 "GET /v2.1/flavors/cf2797b2-337e-441f-95d4-a84f8f130204 HTTP/1.1" status: 200 len: 728 time: 0.0114172
2016-12-20 09:47:26.009 6315 INFO nova.osapi_compute.wsgi.server [req-2d2046f9-5418-4ee2-8775-a7f1729de5f8 ac9b823b8bd444519added5e2c0eb970 e9e2282bbadc48188deb4d518437aea4 - - -] 192.168.0.2 "GET /v2.1/extensions HTTP/1.1" status: 200 len: 21761 time: 0.0173910
2016-12-20 09:47:26.296 6313 INFO nova.osapi_compute.wsgi.server [-] 192.168.0.2 "OPTIONS / HTTP/1.0" status: 200 len: 499 time: 0.0004241
2016-12-20 09:47:31.186 6314 INFO nova.osapi_compute.wsgi.server [req-7e37ddbb-49b2-4fd3-a55d-fb43f44731df ac9b823b8bd444519added5e2c0eb970 e9e2282bbadc48188deb4d518437aea4 - - -] 192.168.0.2 "GET /v2.1/servers/0141b2d4-5b0e-426d-8926-9cf1c2563636 HTTP/1.1" status: 200 len: 1894 time: 0.0765169
2016-12-20 09:47:31.198 6314 INFO nova.osapi_compute.wsgi.server [req-31f37028-a381-43b3-be28-0f022acf612f ac9b823b8bd444519added5e2c0eb970 e9e2282bbadc48188deb4d518437aea4 - - -] 192.168.0.2 "GET /v2.1/flavors/cf2797b2-337e-441f-95d4-a84f8f130204 HTTP/1.1" status: 200 len: 728 time: 0.0098572
2016-12-20 09:47:31.316 6315 INFO nova.osapi_compute.wsgi.server [req-9fbdeb0d-b8b1-4c08-9fdc-fb576dd47a04 ac9b823b8bd444519added5e2c0eb970 e9e2282bbadc48188deb4d518437aea4 - - -] 192.168.0.2 "GET /v2.1/extensions HTTP/1.1" status: 200 len: 21761 time: 0.0199049
2016-12-20 09:47:31.808 6314 INFO nova.osapi_compute.wsgi.server [req-527779d7-2e7c-4edf-b481-c413b382e2e9 ac9b823b8bd444519added5e2c0eb970 e9e2282bbadc48188deb4d518437aea4 - - -] 192.168.0.2 "GET /v2.1/servers/detail?project_id=e9e2282bbadc48188deb4d518437aea4 HTTP/1.1" status: 200 len: 7575 time: 0.0825870
2016-12-20 09:47:31.872 6314 INFO nova.osapi_compute.wsgi.server [req-b0b0234e-9ce3-4694-92c2-db6a85c9751b ac9b823b8bd444519added5e2c0eb970 e9e2282bbadc48188deb4d518437aea4 - - -] 192.168.0.2 "GET /v2.1/extensions HTTP/1.1" status: 200 len: 21761 time: 0.0189681
2016-12-20 09:47:35.498 6341 INFO nova.metadata.wsgi.server [-] 192.168.0.2 "OPTIONS / HTTP/1.0" status: 200 len: 234 time: 0.0002830
2016-12-20 09:47:36.216 6313 INFO nova.osapi_compute.wsgi.server [-] 192.168.0.2 "OPTIONS / HTTP/1.0" status: 200 len: 499 time: 0.0004351
2016-12-20 09:47:45.270 6341 INFO nova.metadata.wsgi.server [-] 192.168.0.2 "OPTIONS / HTTP/1.0" status: 200 len: 234 time: 0.0002789
2016-12-20 09:47:46.283 6315 INFO nova.osapi_compute.wsgi.server [-] 192.168.0.2 "OPTIONS / HTTP/1.0" status: 200 len: 499 time: 0.0004382
2016-12-20 09:47:55.508 6341 INFO nova.metadata.wsgi.server [-] 192.168.0.2 "OPTIONS / HTTP/1.0" status: 200 len: 234 time: 0.0002680
2016-12-20 09:47:56.476 6315 INFO nova.osapi_compute.wsgi.server [-] 192.168.0.2 "OPTIONS / HTTP/1.0" status: 200 len: 499 time: 0.0005610
2016-12-20 09:48:00.981 6314 INFO nova.osapi_compute.wsgi.server [req-dabfe118-53af-4962-9a65-d0f0b97f73a8 ac9b823b8bd444519added5e2c0eb970 e9e2282bbadc48188deb4d518437aea4 - - -] 192.168.0.2 "GET /v2.1/servers/detail?project_id=e9e2282bbadc48188deb4d518437aea4 HTTP/1.1" status: 200 len: 7575 time: 0.0806341
2016-12-20 09:48:01.155 6314 INFO nova.osapi_compute.wsgi.server [req-b671108f-8a5e-4612-ad8f-4c6de72a62bd ac9b823b8bd444519added5e2c0eb970 e9e2282bbadc48188deb4d518437aea4 - - -] 192.168.0.2 "GET /v2.1/extensions HTTP/1.1" status: 200 len: 21761 time: 0.1286702
2016-12-20 09:48:05.608 6341 INFO nova.metadata.wsgi.server [-] 192.168.0.2 "OPTIONS / HTTP/1.0" status: 200 len: 234 time: 0.0002940
2016-12-20 09:48:06.470 6316 INFO nova.osapi_compute.wsgi.server [-] 192.168.0.2 "OPTIONS / HTTP/1.0" status: 200 len: 499 time: 0.0004261
2016-12-20 09:48:15.505 6341 INFO nova.metadata.wsgi.server [-] 192.168.0.2 "OPTIONS / HTTP/1.0" status: 200 len: 234 time: 0.0002589
2016-12-20 09:48:16.268 6313 INFO nova.osapi_compute.wsgi.server [-] 192.168.0.2 "OPTIONS / HTTP/1.0" status: 200 len: 499 time: 0.0004270
2016-12-20 09:48:25.390 6341 INFO nova.metadata.wsgi.server [-] 192.168.0.2 "OPTIONS / HTTP/1.0" status: 200 len: 234 time: 0.0002651
2016-12-20 09:48:26.369 6315 INFO nova.osapi_compute.wsgi.server [-] 192.168.0.2 "OPTIONS / HTTP/1.0" status: 200 len: 499 time: 0.0004261
2016-12-20 09:48:35.094 6342 INFO nova.metadata.wsgi.server [-] 192.168.0.2 "OPTIONS / HTTP/1.0" status: 200 len: 234 time: 0.0002680
2016-12-20 09:48:36.553 6315 INFO nova.osapi_compute.wsgi.server [-] 192.168.0.2 "OPTIONS / HTTP/1.0" status: 200 len: 499 time: 0.0005710
2016-12-20 09:48:45.056 6342 INFO nova.metadata.wsgi.server [-] 192.168.0.2 "OPTIONS / HTTP/1.0" status: 200 len: 234 time: 0.0002892
2016-12-20 09:48:46.336 6313 INFO nova.osapi_compute.wsgi.server [-] 192.168.0.2 "OPTIONS / HTTP/1.0" status: 200 len: 499 time: 0.0004370
2016-12-20 09:48:54.813 6340 INFO nova.metadata.wsgi.server [-] 192.168.0.2 "OPTIONS / HTTP/1.0" status: 200 len: 234 time: 0.0003109
2016-12-20 09:48:56.440 6315 INFO nova.osapi_compute.wsgi.server [-] 192.168.0.2 "OPTIONS / HTTP/1.0" status: 200 len: 499 time: 0.0004761
2016-12-20 09:49:05.016 6340 INFO nova.metadata.wsgi.server [-] 192.168.0.2 "OPTIONS / HTTP/1.0" status: 200 len: 234 time: 0.0002708
2016-12-20 09:49:06.667 6314 INFO nova.osapi_compute.wsgi.server [-] 192.168.0.2 "OPTIONS / HTTP/1.0" status: 200 len: 499 time: 0.0004282
2016-12-20 09:49:15.267 6343 INFO nova.metadata.wsgi.server [-] 192.168.0.2 "OPTIONS / HTTP/1.0" status: 200 len: 234 time: 0.0002689
2016-12-20 09:49:16.723 6313 INFO nova.osapi_compute.wsgi.server [-] 192.168.0.2 "OPTIONS / HTTP/1.0" status: 200 len: 499 time: 0.0004330
2016-12-20 09:49:20.965 6313 INFO nova.osapi_compute.wsgi.server [req-a53ff4c8-7111-4b55-a3bf-ae4c40e2177a 81d6a3f0ccdc4964ae83a0294f9b3fd7 b62480b9d83d421a8fdf174efa0173c8 - - -] 192.168.0.2 "GET /v2.1/flavors/detail HTTP/1.0" status: 200 len: 2917 time: 0.0608761
2016-12-20 09:49:25.090 6341 INFO nova.metadata.wsgi.server [-] 192.168.0.2 "OPTIONS / HTTP/1.0" status: 200 len: 234 time: 0.0002489
2016-12-20 09:49:26.573 6316 INFO nova.osapi_compute.wsgi.server [-] 192.168.0.2 "OPTIONS / HTTP/1.0" status: 200 len: 499 time: 0.0004270
2016-12-20 09:49:34.829 6342 INFO nova.metadata.wsgi.server [-] 192.168.0.2 "OPTIONS / HTTP/1.0" status: 200 len: 234 time: 0.0002570
2016-12-20 09:49:36.852 6313 INFO nova.osapi_compute.wsgi.server [-] 192.168.0.2 "OPTIONS / HTTP/1.0" status: 200 len: 499 time: 0.0004270
2016-12-20 09:49:44.738 6343 INFO nova.metadata.wsgi.server [-] 192.168.0.2 "OPTIONS / HTTP/1.0" status: 200 len: 234 time: 0.0002630
2016-12-20 09:49:46.786 6313 INFO nova.osapi_compute.wsgi.server [-] 192.168.0.2 "OPTIONS / HTTP/1.0" status: 200 len: 499 time: 0.0004449
2016-12-20 09:49:52.614 6315 INFO nova.osapi_compute.wsgi.server [req-96291790-5392-49f4-8622-ac409e611b82 81d6a3f0ccdc4964ae83a0294f9b3fd7 b62480b9d83d421a8fdf174efa0173c8 - - -] 192.168.0.2 "GET /v2.1/servers/detail?all_tenants=1 HTTP/1.0" status: 200 len: 7080 time: 0.1225591
2016-12-20 09:49:54.954 6342 INFO nova.metadata.wsgi.server [-] 192.168.0.2 "OPTIONS / HTTP/1.0" status: 200 len: 234 time: 0.0002708
2016-12-20 09:49:57.076 6313 INFO nova.osapi_compute.wsgi.server [-] 192.168.0.2 "OPTIONS / HTTP/1.0" status: 200 len: 499 time: 0.0004330
2016-12-20 09:50:04.880 6342 INFO nova.metadata.wsgi.server [-] 192.168.0.2 "OPTIONS / HTTP/1.0" status: 200 len: 234 time: 0.0002720
2016-12-20 09:50:06.801 6313 INFO nova.osapi_compute.wsgi.server [-] 192.168.0.2 "OPTIONS / HTTP/1.0" status: 200 len: 499 time: 0.0004530
2016-12-20 09:50:15.137 6343 INFO nova.metadata.wsgi.server [-] 192.168.0.2 "OPTIONS / HTTP/1.0" status: 200 len: 234 time: 0.0003071
2016-12-20 09:50:17.033 6313 INFO nova.osapi_compute.wsgi.server [-] 192.168.0.2 "OPTIONS / HTTP/1.0" status: 200 len: 499 time: 0.0004120
2016-12-20 09:50:25.344 6343 INFO nova.metadata.wsgi.server [-] 192.168.0.2 "OPTIONS / HTTP/1.0" status: 200 len: 234 time: 0.0002649
2016-12-20 09:50:27.065 6313 INFO nova.osapi_compute.wsgi.server [-] 192.168.0.2 "OPTIONS / HTTP/1.0" status: 200 len: 499 time: 0.0004251
2016-12-20 09:50:35.293 6341 INFO nova.metadata.wsgi.server [-] 192.168.0.2 "OPTIONS / HTTP/1.0" status: 200 len: 234 time: 0.0002801
2016-12-20 09:50:37.243 6315 INFO nova.osapi_compute.wsgi.server [-] 192.168.0.2 "OPTIONS / HTTP/1.0" status: 200 len: 499 time: 0.0004430
2016-12-20 09:50:45.214 6342 INFO nova.metadata.wsgi.server [-] 192.168.0.2 "OPTIONS / HTTP/1.0" status: 200 len: 234 time: 0.0002749
2016-12-20 09:50:47.470 6314 INFO nova.osapi_compute.wsgi.server [-] 192.168.0.2 "OPTIONS / HTTP/1.0" status: 200 len: 499 time: 0.0004189
2016-12-20 09:50:55.072 6342 INFO nova.metadata.wsgi.server [-] 192.168.0.2 "OPTIONS / HTTP/1.0" status: 200 len: 234 time: 0.0002871
2016-12-20 09:50:57.556 6315 INFO nova.osapi_compute.wsgi.server [-] 192.168.0.2 "OPTIONS / HTTP/1.0" status: 200 len: 499 time: 0.0004160
2016-12-20 09:51:05.357 6341 INFO nova.metadata.wsgi.server [-] 192.168.0.2 "OPTIONS / HTTP/1.0" status: 200 len: 234 time: 0.0002980
2016-12-20 09:51:07.413 6315 INFO nova.osapi_compute.wsgi.server [-] 192.168.0.2 "OPTIONS / HTTP/1.0" status: 200 len: 499 time: 0.0004289
2016-12-20 09:51:15.635 6342 INFO nova.metadata.wsgi.server [-] 192.168.0.2 "OPTIONS / HTTP/1.0" status: 200 len: 234 time: 0.0002830
2016-12-20 09:51:17.694 6316 INFO nova.osapi_compute.wsgi.server [-] 192.168.0.2 "OPTIONS / HTTP/1.0" status: 200 len: 499 time: 0.0004232
2016-12-20 09:51:25.583 6342 INFO nova.metadata.wsgi.server [-] 192.168.0.2 "OPTIONS / HTTP/1.0" status: 200 len: 234 time: 0.0002711
2016-12-20 09:51:27.885 6314 INFO nova.osapi_compute.wsgi.server [-] 192.168.0.2 "OPTIONS / HTTP/1.0" status: 200 len: 499 time: 0.0004158
2016-12-20 09:51:35.690 6341 INFO nova.metadata.wsgi.server [-] 192.168.0.2 "OPTIONS / HTTP/1.0" status: 200 len: 234 time: 0.0002620
2016-12-20 09:51:38.137 6316 INFO nova.osapi_compute.wsgi.server [-] 192.168.0.2 "OPTIONS / HTTP/1.0" status: 200 len: 499 time: 0.0004349
2016-12-20 09:51:41.921 6315 INFO nova.osapi_compute.wsgi.server [req-49426a09-07c7-48e2-a4e3-5d5d19faa1e6 ac9b823b8bd444519added5e2c0eb970 e9e2282bbadc48188deb4d518437aea4 - - -] 192.168.0.2 "GET /v2.1/limits?reserved=1 HTTP/1.1" status: 200 len: 772 time: 0.0807948
2016-12-20 09:51:42.003 6315 INFO nova.osapi_compute.wsgi.server [req-84d3ee1d-655b-4635-a8b3-51184ddf1dc0 ac9b823b8bd444519added5e2c0eb970 e9e2282bbadc48188deb4d518437aea4 - - -] 192.168.0.2 "GET /v2.1/servers/detail?limit=21&project_id=e9e2282bbadc48188deb4d518437aea4 HTTP/1.1" status: 200 len: 7575 time: 0.1648321
2016-12-20 09:51:42.024 6315 INFO nova.osapi_compute.wsgi.server [req-18b8829f-1717-4115-8b87-b996a712554a ac9b823b8bd444519added5e2c0eb970 e9e2282bbadc48188deb4d518437aea4 - - -] 192.168.0.2 "GET /v2.1/flavors/detail HTTP/1.1" status: 200 len: 2917 time: 0.0133662
2016-12-20 09:51:42.321 6316 INFO nova.osapi_compute.wsgi.server [req-dff3ca8e-c158-46a3-8bae-f333ebd19c3f ac9b823b8bd444519added5e2c0eb970 e9e2282bbadc48188deb4d518437aea4 - - -] 192.168.0.2 "GET /v2.1/extensions HTTP/1.1" status: 200 len: 21761 time: 0.0205538
2016-12-20 09:51:42.835 6315 INFO nova.osapi_compute.wsgi.server [req-72f4f28c-e168-4e5b-b742-f04a553b5669 ac9b823b8bd444519added5e2c0eb970 e9e2282bbadc48188deb4d518437aea4 - - -] 192.168.0.2 "GET /v2.1/servers/0141b2d4-5b0e-426d-8926-9cf1c2563636 HTTP/1.1" status: 200 len: 1894 time: 0.0834980
2016-12-20 09:51:42.847 6313 INFO nova.osapi_compute.wsgi.server [req-a1d4ca01-4589-4450-ae15-b36330e4f772 ac9b823b8bd444519added5e2c0eb970 e9e2282bbadc48188deb4d518437aea4 - - -] 192.168.0.2 "GET /v2.1/flavors/cf2797b2-337e-441f-95d4-a84f8f130204 HTTP/1.1" status: 200 len: 728 time: 0.0100322
2016-12-20 09:51:42.987 6314 INFO nova.osapi_compute.wsgi.server [req-fd8d4388-faac-4e96-92dc-28fb13379ec7 ac9b823b8bd444519added5e2c0eb970 e9e2282bbadc48188deb4d518437aea4 - - -] 192.168.0.2 "GET /v2.1/extensions HTTP/1.1" status: 200 len: 21761 time: 0.0186460
2016-12-20 09:51:44.679 6316 INFO nova.osapi_compute.wsgi.server [req-7fcbe82e-7ef4-4a46-9942-41c8d7d8f35b ac9b823b8bd444519added5e2c0eb970 e9e2282bbadc48188deb4d518437aea4 - - -] 192.168.0.2 "GET /v2.1/servers/detail?project_id=e9e2282bbadc48188deb4d518437aea4 HTTP/1.1" status: 200 len: 7575 time: 0.0838070
2016-12-20 09:51:44.744 6316 INFO nova.osapi_compute.wsgi.server [req-bb70f59b-df81-4da9-8d5a-86542c014522 ac9b823b8bd444519added5e2c0eb970 e9e2282bbadc48188deb4d518437aea4 - - -] 192.168.0.2 "GET /v2.1/extensions HTTP/1.1" status: 200 len: 21761 time: 0.0184429
2016-12-20 09:51:45.517 6343 INFO nova.metadata.wsgi.server [-] 192.168.0.2 "OPTIONS / HTTP/1.0" status: 200 len: 234 time: 0.0002689
2016-12-20 09:51:48.032 6313 INFO nova.osapi_compute.wsgi.server [-] 192.168.0.2 "OPTIONS / HTTP/1.0" status: 200 len: 499 time: 0.0004389
2016-12-20 09:51:55.422 6342 INFO nova.metadata.wsgi.server [-] 192.168.0.2 "OPTIONS / HTTP/1.0" status: 200 len: 234 time: 0.0002789
2016-12-20 09:51:58.125 6316 INFO nova.osapi_compute.wsgi.server [-] 192.168.0.2 "OPTIONS / HTTP/1.0" status: 200 len: 499 time: 0.0004358
2016-12-20 09:52:05.176 6341 INFO nova.metadata.wsgi.server [-] 192.168.0.2 "OPTIONS / HTTP/1.0" status: 200 len: 234 time: 0.0002670
2016-12-20 09:52:08.251 6314 INFO nova.osapi_compute.wsgi.server [-] 192.168.0.2 "OPTIONS / HTTP/1.0" status: 200 len: 499 time: 0.0004270
2016-12-20 09:52:15.191 6342 INFO nova.metadata.wsgi.server [-] 192.168.0.2 "OPTIONS / HTTP/1.0" status: 200 len: 234 time: 0.0002730
2016-12-20 09:52:18.335 6315 INFO nova.osapi_compute.wsgi.server [-] 192.168.0.2 "OPTIONS / HTTP/1.0" status: 200 len: 499 time: 0.0004239
2016-12-20 09:52:24.924 6342 INFO nova.metadata.wsgi.server [-] 192.168.0.2 "OPTIONS / HTTP/1.0" status: 200 len: 234 time: 0.0002840
2016-12-20 09:52:28.204 6313 INFO nova.osapi_compute.wsgi.server [-] 192.168.0.2 "OPTIONS / HTTP/1.0" status: 200 len: 499 time: 0.0004358
2016-12-20 09:52:34.645 6341 INFO nova.metadata.wsgi.server [-] 192.168.0.2 "OPTIONS / HTTP/1.0" status: 200 len: 234 time: 0.0002620
2016-12-20 09:52:37.996 6313 INFO nova.osapi_compute.wsgi.server [-] 192.168.0.2 "OPTIONS / HTTP/1.0" status: 200 len: 499 time: 0.0004230
2016-12-20 09:52:44.632 6341 INFO nova.metadata.wsgi.server [-] 192.168.0.2 "OPTIONS / HTTP/1.0" status: 200 len: 234 time: 0.0002649
2016-12-20 09:52:48.266 6315 INFO nova.osapi_compute.wsgi.server [-] 192.168.0.2 "OPTIONS / HTTP/1.0" status: 200 len: 499 time: 0.0004711
2016-12-20 09:52:54.412 6341 INFO nova.metadata.wsgi.server [-] 192.168.0.2 "OPTIONS / HTTP/1.0" status: 200 len: 234 time: 0.0002670
2016-12-20 09:52:58.374 6315 INFO nova.osapi_compute.wsgi.server [-] 192.168.0.2 "OPTIONS / HTTP/1.0" status: 200 len: 499 time: 0.0004711
2016-12-20 09:53:04.531 6342 INFO nova.metadata.wsgi.server [-] 192.168.0.2 "OPTIONS / HTTP/1.0" status: 200 len: 234 time: 0.0002689
2016-12-20 09:53:08.110 6315 INFO nova.osapi_compute.wsgi.server [-] 192.168.0.2 "OPTIONS / HTTP/1.0" status: 200 len: 499 time: 0.0004711
2016-12-20 09:53:14.343 6340 INFO nova.metadata.wsgi.server [-] 192.168.0.2 "OPTIONS / HTTP/1.0" status: 200 len: 234 time: 0.0002680
2016-12-20 09:53:18.026 6313 INFO nova.osapi_compute.wsgi.server [-] 192.168.0.2 "OPTIONS / HTTP/1.0" status: 200 len: 499 time: 0.0004802
2016-12-20 09:53:24.589 6342 INFO nova.metadata.wsgi.server [-] 192.168.0.2 "OPTIONS / HTTP/1.0" status: 200 len: 234 time: 0.0002689
2016-12-20 09:53:25.914 6313 INFO nova.osapi_compute.wsgi.server [req-304b1572-3acf-4e83-8fee-a407f6179fe7 81d6a3f0ccdc4964ae83a0294f9b3fd7 b62480b9d83d421a8fdf174efa0173c8 - - -] 192.168.0.2 "GET /v2.1/images/detail HTTP/1.0" status: 200 len: 2101 time: 0.0827401
2016-12-20 09:53:27.989 6316 INFO nova.osapi_compute.wsgi.server [-] 192.168.0.2 "OPTIONS / HTTP/1.0" status: 200 len: 499 time: 0.0004430
2016-12-20 09:53:34.335 6343 INFO nova.metadata.wsgi.server [-] 192.168.0.2 "OPTIONS / HTTP/1.0" status: 200 len: 234 time: 0.0002880
2016-12-20 09:53:38.236 6316 INFO nova.osapi_compute.wsgi.server [-] 192.168.0.2 "OPTIONS / HTTP/1.0" status: 200 len: 499 time: 0.0004611
2016-12-20 09:53:39.802 6313 INFO nova.osapi_compute.wsgi.server [req-20cc66a9-7e5a-4aaa-b484-5e753c069847 ac9b823b8bd444519added5e2c0eb970 e9e2282bbadc48188deb4d518437aea4 - - -] 192.168.0.2 "GET /v2.1/servers/89c93a39-0e8d-4a6c-8266-9b383ec6c2e5 HTTP/1.1" status: 200 len: 1931 time: 0.0890391
2016-12-20 09:53:39.844 6314 INFO nova.osapi_compute.wsgi.server [req-11d41843-e1cf-4d82-ab6f-be83f1eff752 ac9b823b8bd444519added5e2c0eb970 e9e2282bbadc48188deb4d518437aea4 - - -] 192.168.0.2 "GET /v2.1/servers/89c93a39-0e8d-4a6c-8266-9b383ec6c2e5/os-volume_attachments HTTP/1.1" status: 200 len: 460 time: 0.0360081
2016-12-20 09:53:39.933 6316 INFO nova.osapi_compute.wsgi.server [req-a9e23524-1a76-46e8-a0fb-6005c3dae83d ac9b823b8bd444519added5e2c0eb970 e9e2282bbadc48188deb4d518437aea4 - - -] 192.168.0.2 "GET /v2.1/flavors/cf2797b2-337e-441f-95d4-a84f8f130204 HTTP/1.1" status: 200 len: 728 time: 0.0104980
2016-12-20 09:53:40.132 6313 INFO nova.osapi_compute.wsgi.server [req-b365a161-b784-43cd-b268-b584a2ad5560 ac9b823b8bd444519added5e2c0eb970 e9e2282bbadc48188deb4d518437aea4 - - -] 192.168.0.2 "GET /v2.1/extensions HTTP/1.1" status: 200 len: 21761 time: 0.0217180
2016-12-20 09:53:44.193 6315 INFO nova.osapi_compute.wsgi.server [req-5d4dea00-808f-4e74-947b-05541c23bce0 ac9b823b8bd444519added5e2c0eb970 e9e2282bbadc48188deb4d518437aea4 - - -] 192.168.0.2 "GET /v2.1/servers/89c93a39-0e8d-4a6c-8266-9b383ec6c2e5 HTTP/1.1" status: 200 len: 1931 time: 0.0778430
2016-12-20 09:53:44.230 6315 INFO nova.osapi_compute.wsgi.server [req-65324651-8f21-4701-8110-cd8a91a4c21a ac9b823b8bd444519added5e2c0eb970 e9e2282bbadc48188deb4d518437aea4 - - -] 192.168.0.2 "GET /v2.1/servers/89c93a39-0e8d-4a6c-8266-9b383ec6c2e5/os-volume_attachments HTTP/1.1" status: 200 len: 460 time: 0.0340190
2016-12-20 09:53:44.321 6316 INFO nova.osapi_compute.wsgi.server [req-7c07c779-9eb4-4f86-b909-502a9de93438 ac9b823b8bd444519added5e2c0eb970 e9e2282bbadc48188deb4d518437aea4 - - -] 192.168.0.2 "GET /v2.1/flavors/cf2797b2-337e-441f-95d4-a84f8f130204 HTTP/1.1" status: 200 len: 728 time: 0.0121770
2016-12-20 09:53:44.397 6343 INFO nova.metadata.wsgi.server [-] 192.168.0.2 "OPTIONS / HTTP/1.0" status: 200 len: 234 time: 0.0002561
2016-12-20 09:53:44.489 6313 INFO nova.osapi_compute.wsgi.server [req-9f16175a-f88e-45c1-aac7-c1fcf68c01e6 ac9b823b8bd444519added5e2c0eb970 e9e2282bbadc48188deb4d518437aea4 - - -] 192.168.0.2 "POST /v2.1/servers/89c93a39-0e8d-4a6c-8266-9b383ec6c2e5/action HTTP/1.1" status: 200 len: 383 time: 0.0598969
2016-12-20 09:53:44.515 6314 INFO nova.osapi_compute.wsgi.server [req-842be890-63f0-42ab-adba-48e09364bb1d ac9b823b8bd444519added5e2c0eb970 e9e2282bbadc48188deb4d518437aea4 - - -] 192.168.0.2 "GET /v2.1/extensions HTTP/1.1" status: 200 len: 21761 time: 0.0185618
2016-12-20 09:53:48.359 6315 INFO nova.osapi_compute.wsgi.server [-] 192.168.0.2 "OPTIONS / HTTP/1.0" status: 200 len: 499 time: 0.0005181
2016-12-20 09:53:54.339 6340 INFO nova.metadata.wsgi.server [-] 192.168.0.2 "OPTIONS / HTTP/1.0" status: 200 len: 234 time: 0.0003111
2016-12-20 09:53:58.477 6316 INFO nova.osapi_compute.wsgi.server [-] 192.168.0.2 "OPTIONS / HTTP/1.0" status: 200 len: 499 time: 0.0004799
2016-12-20 09:54:04.503 6340 INFO nova.metadata.wsgi.server [-] 192.168.0.2 "OPTIONS / HTTP/1.0" status: 200 len: 234 time: 0.0002911
2016-12-20 09:54:08.584 6314 INFO nova.osapi_compute.wsgi.server [-] 192.168.0.2 "OPTIONS / HTTP/1.0" status: 200 len: 499 time: 0.0004408
2016-12-20 09:54:14.646 6341 INFO nova.metadata.wsgi.server [-] 192.168.0.2 "OPTIONS / HTTP/1.0" status: 200 len: 234 time: 0.0002661
2016-12-20 09:54:18.540 6314 INFO nova.osapi_compute.wsgi.server [-] 192.168.0.2 "OPTIONS / HTTP/1.0" status: 200 len: 499 time: 0.0004451
2016-12-20 09:54:24.398 6341 INFO nova.metadata.wsgi.server [-] 192.168.0.2 "OPTIONS / HTTP/1.0" status: 200 len: 234 time: 0.0002649
2016-12-20 09:54:28.775 6314 INFO nova.osapi_compute.wsgi.server [-] 192.168.0.2 "OPTIONS / HTTP/1.0" status: 200 len: 499 time: 0.0004599
2016-12-20 09:54:34.295 6340 INFO nova.metadata.wsgi.server [-] 192.168.0.2 "OPTIONS / HTTP/1.0" status: 200 len: 234 time: 0.0003240
