2016-12-20 06:28:56.839 6314 WARNING oslo_db.sqlalchemy.engines [req-bc5eec42-d236-46cb-afdd-480f3dc2369b - - - - -] SQL connection failed. -8 attempts left.
2016-12-20 06:29:01.827 6343 WARNING oslo_db.sqlalchemy.engines [req-9b3c107f-18a3-4943-a557-dcd811e6b1a2 - - - - -] SQL connection failed. -8 attempts left.
2016-12-20 06:29:01.827 6342 WARNING oslo_db.sqlalchemy.engines [req-fb604eb3-e08a-4abf-9018-173b4992e1bd - - - - -] SQL connection failed. -8 attempts left.
2016-12-20 06:29:01.828 6341 WARNING oslo_db.sqlalchemy.engines [req-b099de5d-3c4c-47a9-a195-bddbfc1d9442 - - - - -] SQL connection failed. -8 attempts left.
2016-12-20 06:29:04.828 6340 WARNING oslo_db.sqlalchemy.engines [req-e3394204-3c0f-418b-9fe7-8dd4dd84b38c - - - - -] SQL connection failed. -8 attempts left.
2016-12-20 06:29:06.834 6315 WARNING oslo_db.sqlalchemy.engines [req-7a2ffd71-2e61-4834-9a1d-51313dd4f62c - - - - -] SQL connection failed. -9 attempts left.
2016-12-20 06:29:06.844 6313 WARNING oslo_db.sqlalchemy.engines [req-ec176b46-4765-4edf-a974-4e6110aab196 - - - - -] SQL connection failed. -9 attempts left.
2016-12-20 06:29:06.845 6316 WARNING oslo_db.sqlalchemy.engines [req-75a8494e-c5da-480d-acce-e12f132fa8cd - - - - -] SQL connection failed. -9 attempts left.
2016-12-20 06:29:06.848 6314 WARNING oslo_db.sqlalchemy.engines [req-bc5eec42-d236-46cb-afdd-480f3dc2369b - - - - -] SQL connection failed. -9 attempts left.
2016-12-20 06:29:11.836 6342 WARNING oslo_db.sqlalchemy.engines [req-fb604eb3-e08a-4abf-9018-173b4992e1bd - - - - -] SQL connection failed. -9 attempts left.
2016-12-20 06:29:11.836 6341 WARNING oslo_db.sqlalchemy.engines [req-b099de5d-3c4c-47a9-a195-bddbfc1d9442 - - - - -] SQL connection failed. -9 attempts left.
2016-12-20 06:29:11.836 6343 WARNING oslo_db.sqlalchemy.engines [req-9b3c107f-18a3-4943-a557-dcd811e6b1a2 - - - - -] SQL connection failed. -9 attempts left.
2016-12-20 06:29:14.833 6340 WARNING oslo_db.sqlalchemy.engines [req-e3394204-3c0f-418b-9fe7-8dd4dd84b38c - - - - -] SQL connection failed. -9 attempts left.
2016-12-20 06:29:16.842 6315 WARNING oslo_db.sqlalchemy.engines [req-7a2ffd71-2e61-4834-9a1d-51313dd4f62c - - - - -] SQL connection failed. -10 attempts left.
2016-12-20 06:29:16.849 6314 WARNING oslo_db.sqlalchemy.engines [req-bc5eec42-d236-46cb-afdd-480f3dc2369b - - - - -] SQL connection failed. -10 attempts left.
2016-12-20 06:29:16.851 6316 WARNING oslo_db.sqlalchemy.engines [req-75a8494e-c5da-480d-acce-e12f132fa8cd - - - - -] SQL connection failed. -10 attempts left.
2016-12-20 06:29:16.854 6313 WARNING oslo_db.sqlalchemy.engines [req-ec176b46-4765-4edf-a974-4e6110aab196 - - - - -] SQL connection failed. -10 attempts left.
2016-12-20 06:29:21.843 6343 WARNING oslo_db.sqlalchemy.engines [req-9b3c107f-18a3-4943-a557-dcd811e6b1a2 - - - - -] SQL connection failed. -10 attempts left.
2016-12-20 06:29:21.846 6342 WARNING oslo_db.sqlalchemy.engines [req-fb604eb3-e08a-4abf-9018-173b4992e1bd - - - - -] SQL connection failed. -10 attempts left.
2016-12-20 06:29:21.846 6341 WARNING oslo_db.sqlalchemy.engines [req-b099de5d-3c4c-47a9-a195-bddbfc1d9442 - - - - -] SQL connection failed. -10 attempts left.
2016-12-20 06:29:24.841 6340 WARNING oslo_db.sqlalchemy.engines [req-e3394204-3c0f-418b-9fe7-8dd4dd84b38c - - - - -] SQL connection failed. -10 attempts left.
2016-12-20 06:29:26.851 6315 WARNING oslo_db.sqlalchemy.engines [req-7a2ffd71-2e61-4834-9a1d-51313dd4f62c - - - - -] SQL connection failed. -11 attempts left.
2016-12-20 06:29:26.853 6316 WARNING oslo_db.sqlalchemy.engines [req-75a8494e-c5da-480d-acce-e12f132fa8cd - - - - -] SQL connection failed. -11 attempts left.
2016-12-20 06:29:26.853 6314 WARNING oslo_db.sqlalchemy.engines [req-bc5eec42-d236-46cb-afdd-480f3dc2369b - - - - -] SQL connection failed. -11 attempts left.
2016-12-20 06:29:26.862 6313 WARNING oslo_db.sqlalchemy.engines [req-ec176b46-4765-4edf-a974-4e6110aab196 - - - - -] SQL connection failed. -11 attempts left.
2016-12-20 06:29:31.846 6343 WARNING oslo_db.sqlalchemy.engines [req-9b3c107f-18a3-4943-a557-dcd811e6b1a2 - - - - -] SQL connection failed. -11 attempts left.
2016-12-20 06:29:31.855 6342 WARNING oslo_db.sqlalchemy.engines [req-fb604eb3-e08a-4abf-9018-173b4992e1bd - - - - -] SQL connection failed. -11 attempts left.
2016-12-20 06:29:31.855 6341 WARNING oslo_db.sqlalchemy.engines [req-b099de5d-3c4c-47a9-a195-bddbfc1d9442 - - - - -] SQL connection failed. -11 attempts left.
2016-12-20 06:29:34.850 6340 WARNING oslo_db.sqlalchemy.engines [req-e3394204-3c0f-418b-9fe7-8dd4dd84b38c - - - - -] SQL connection failed. -11 attempts left.
2016-12-20 06:29:36.857 6316 WARNING oslo_db.sqlalchemy.engines [req-75a8494e-c5da-480d-acce-e12f132fa8cd - - - - -] SQL connection failed. -12 attempts left.
2016-12-20 06:29:36.860 6315 WARNING oslo_db.sqlalchemy.engines [req-7a2ffd71-2e61-4834-9a1d-51313dd4f62c - - - - -] SQL connection failed. -12 attempts left.
2016-12-20 06:29:36.860 6314 WARNING oslo_db.sqlalchemy.engines [req-bc5eec42-d236-46cb-afdd-480f3dc2369b - - - - -] SQL connection failed. -12 attempts left.
2016-12-20 06:29:36.868 6313 WARNING oslo_db.sqlalchemy.engines [req-ec176b46-4765-4edf-a974-4e6110aab196 - - - - -] SQL connection failed. -12 attempts left.
2016-12-20 06:29:41.851 6343 WARNING oslo_db.sqlalchemy.engines [req-9b3c107f-18a3-4943-a557-dcd811e6b1a2 - - - - -] SQL connection failed. -12 attempts left.
2016-12-20 06:29:41.861 6341 WARNING oslo_db.sqlalchemy.engines [req-b099de5d-3c4c-47a9-a195-bddbfc1d9442 - - - - -] SQL connection failed. -12 attempts left.
2016-12-20 06:29:41.864 6342 WARNING oslo_db.sqlalchemy.engines [req-fb604eb3-e08a-4abf-9018-173b4992e1bd - - - - -] SQL connection failed. -12 attempts left.
2016-12-20 06:29:44.859 6340 WARNING oslo_db.sqlalchemy.engines [req-e3394204-3c0f-418b-9fe7-8dd4dd84b38c - - - - -] SQL connection failed. -12 attempts left.
2016-12-20 06:29:46.860 6316 WARNING oslo_db.sqlalchemy.engines [req-75a8494e-c5da-480d-acce-e12f132fa8cd - - - - -] SQL connection failed. -13 attempts left.
2016-12-20 06:29:46.867 6314 WARNING oslo_db.sqlalchemy.engines [req-bc5eec42-d236-46cb-afdd-480f3dc2369b - - - - -] SQL connection failed. -13 attempts left.
2016-12-20 06:29:46.868 6315 WARNING oslo_db.sqlalchemy.engines [req-7a2ffd71-2e61-4834-9a1d-51313dd4f62c - - - - -] SQL connection failed. -13 attempts left.
2016-12-20 06:29:46.878 6313 WARNING oslo_db.sqlalchemy.engines [req-ec176b46-4765-4edf-a974-4e6110aab196 - - - - -] SQL connection failed. -13 attempts left.
2016-12-20 06:29:51.861 6343 WARNING oslo_db.sqlalchemy.engines [req-9b3c107f-18a3-4943-a557-dcd811e6b1a2 - - - - -] SQL connection failed. -13 attempts left.
2016-12-20 06:29:51.871 6341 WARNING oslo_db.sqlalchemy.engines [req-b099de5d-3c4c-47a9-a195-bddbfc1d9442 - - - - -] SQL connection failed. -13 attempts left.
2016-12-20 06:29:51.873 6342 WARNING oslo_db.sqlalchemy.engines [req-fb604eb3-e08a-4abf-9018-173b4992e1bd - - - - -] SQL connection failed. -13 attempts left.
2016-12-20 06:29:54.868 6340 WARNING oslo_db.sqlalchemy.engines [req-e3394204-3c0f-418b-9fe7-8dd4dd84b38c - - - - -] SQL connection failed. -13 attempts left.
2016-12-20 06:29:56.860 6316 WARNING oslo_db.sqlalchemy.engines [req-75a8494e-c5da-480d-acce-e12f132fa8cd - - - - -] SQL connection failed. -14 attempts left.
2016-12-20 06:29:56.874 6315 WARNING oslo_db.sqlalchemy.engines [req-7a2ffd71-2e61-4834-9a1d-51313dd4f62c - - - - -] SQL connection failed. -14 attempts left.
2016-12-20 06:29:56.876 6314 WARNING oslo_db.sqlalchemy.engines [req-bc5eec42-d236-46cb-afdd-480f3dc2369b - - - - -] SQL connection failed. -14 attempts left.
2016-12-20 06:29:56.885 6313 WARNING oslo_db.sqlalchemy.engines [req-ec176b46-4765-4edf-a974-4e6110aab196 - - - - -] SQL connection failed. -14 attempts left.
2016-12-20 06:30:01.863 6343 WARNING oslo_db.sqlalchemy.engines [req-9b3c107f-18a3-4943-a557-dcd811e6b1a2 - - - - -] SQL connection failed. -14 attempts left.
2016-12-20 06:30:01.880 6341 WARNING oslo_db.sqlalchemy.engines [req-b099de5d-3c4c-47a9-a195-bddbfc1d9442 - - - - -] SQL connection failed. -14 attempts left.
2016-12-20 06:30:01.881 6342 WARNING oslo_db.sqlalchemy.engines [req-fb604eb3-e08a-4abf-9018-173b4992e1bd - - - - -] SQL connection failed. -14 attempts left.
2016-12-20 06:30:04.875 6340 WARNING oslo_db.sqlalchemy.engines [req-e3394204-3c0f-418b-9fe7-8dd4dd84b38c - - - - -] SQL connection failed. -14 attempts left.
2016-12-20 06:30:06.868 6316 WARNING oslo_db.sqlalchemy.engines [req-75a8494e-c5da-480d-acce-e12f132fa8cd - - - - -] SQL connection failed. -15 attempts left.
2016-12-20 06:30:06.879 6315 WARNING oslo_db.sqlalchemy.engines [req-7a2ffd71-2e61-4834-9a1d-51313dd4f62c - - - - -] SQL connection failed. -15 attempts left.
2016-12-20 06:30:06.886 6314 WARNING oslo_db.sqlalchemy.engines [req-bc5eec42-d236-46cb-afdd-480f3dc2369b - - - - -] SQL connection failed. -15 attempts left.
2016-12-20 06:30:06.894 6313 WARNING oslo_db.sqlalchemy.engines [req-ec176b46-4765-4edf-a974-4e6110aab196 - - - - -] SQL connection failed. -15 attempts left.
2016-12-20 06:30:11.874 6343 WARNING oslo_db.sqlalchemy.engines [req-9b3c107f-18a3-4943-a557-dcd811e6b1a2 - - - - -] SQL connection failed. -15 attempts left.
2016-12-20 06:30:11.927 6342 WARNING oslo_db.sqlalchemy.engines [req-fb604eb3-e08a-4abf-9018-173b4992e1bd - - - - -] SQL connection failed. -15 attempts left.
2016-12-20 06:30:11.927 6341 WARNING oslo_db.sqlalchemy.engines [req-b099de5d-3c4c-47a9-a195-bddbfc1d9442 - - - - -] SQL connection failed. -15 attempts left.
2016-12-20 06:30:15.365 6340 INFO nova.metadata.wsgi.server [req-e3394204-3c0f-418b-9fe7-8dd4dd84b38c - - - - -] (6340) wsgi starting up on http://192.168.0.4:8775
2016-12-20 06:30:15.574 6340 INFO nova.metadata.wsgi.server [-]
Traceback (most recent call last): File "/usr/lib/python2.7/dist-packages/eventlet/wsgi.py", line 512, in handle_one_response write(b''.join(towrite))
File "/usr/lib/python2.7/dist-packages/eventlet/wsgi.py", line 453, in write wfile.flush()
File "/usr/lib/python2.7/socket.py", line 303, in flush self._sock.sendall(view[write_offset:write_offset+buffer_size])
File "/usr/lib/python2.7/dist-packages/eventlet/greenio/base.py", line 385, in sendall tail = self.send(data, flags)
File "/usr/lib/python2.7/dist-packages/eventlet/greenio/base.py", line 379, in send return self._send_loop(self.fd.send, data, flags)
File "/usr/lib/python2.7/dist-packages/eventlet/greenio/base.py", line 366, in _send_loop return send_method(data, *args) error: [Errno 104] Connection reset by peer
2016-12-20 06:30:15.575 6340 INFO nova.metadata.wsgi.server [-] 192.168.0.2 "OPTIONS / HTTP/1.0" status: 200 len: 0 time: 0.2089169
2016-12-20 06:30:15.576 6340 INFO nova.metadata.wsgi.server [-]
Traceback (most recent call last): File "/usr/lib/python2.7/dist-packages/eventlet/wsgi.py", line 512, in handle_one_response write(b''.join(towrite))
File "/usr/lib/python2.7/dist-packages/eventlet/wsgi.py", line 453, in write wfile.flush()
File "/usr/lib/python2.7/socket.py", line 303, in flush self._sock.sendall(view[write_offset:write_offset+buffer_size])
File "/usr/lib/python2.7/dist-packages/eventlet/greenio/base.py", line 385, in sendall tail = self.send(data, flags)
File "/usr/lib/python2.7/dist-packages/eventlet/greenio/base.py", line 379, in send return self._send_loop(self.fd.send, data, flags)
File "/usr/lib/python2.7/dist-packages/eventlet/greenio/base.py", line 366, in _send_loop return send_method(data, *args) error: [Errno 104] Connection reset by peer
2016-12-20 06:30:15.576 6340 INFO nova.metadata.wsgi.server [-] 192.168.0.2 "OPTIONS / HTTP/1.0" status: 200 len: 0 time: 0.0005870
2016-12-20 06:30:15.577 6340 INFO nova.metadata.wsgi.server [-]
Traceback (most recent call last): File "/usr/lib/python2.7/dist-packages/eventlet/wsgi.py", line 512, in handle_one_response write(b''.join(towrite))
File "/usr/lib/python2.7/dist-packages/eventlet/wsgi.py", line 453, in write wfile.flush()
File "/usr/lib/python2.7/socket.py", line 303, in flush self._sock.sendall(view[write_offset:write_offset+buffer_size])
File "/usr/lib/python2.7/dist-packages/eventlet/greenio/base.py", line 385, in sendall tail = self.send(data, flags)
File "/usr/lib/python2.7/dist-packages/eventlet/greenio/base.py", line 379, in send return self._send_loop(self.fd.send, data, flags)
File "/usr/lib/python2.7/dist-packages/eventlet/greenio/base.py", line 366, in _send_loop return send_method(data, *args) error: [Errno 104] Connection reset by peer
2016-12-20 06:30:15.577 6340 INFO nova.metadata.wsgi.server [-] 192.168.0.2 "OPTIONS / HTTP/1.0" status: 200 len: 0 time: 0.0005081
2016-12-20 06:30:15.578 6340 INFO nova.metadata.wsgi.server [-]
Traceback (most recent call last): File "/usr/lib/python2.7/dist-packages/eventlet/wsgi.py", line 512, in handle_one_response write(b''.join(towrite))
File "/usr/lib/python2.7/dist-packages/eventlet/wsgi.py", line 453, in write wfile.flush()
File "/usr/lib/python2.7/socket.py", line 303, in flush self._sock.sendall(view[write_offset:write_offset+buffer_size])
File "/usr/lib/python2.7/dist-packages/eventlet/greenio/base.py", line 385, in sendall tail = self.send(data, flags)
File "/usr/lib/python2.7/dist-packages/eventlet/greenio/base.py", line 379, in send return self._send_loop(self.fd.send, data, flags)
File "/usr/lib/python2.7/dist-packages/eventlet/greenio/base.py", line 366, in _send_loop return send_method(data, *args) error: [Errno 104] Connection reset by peer
2016-12-20 06:30:15.578 6340 INFO nova.metadata.wsgi.server [-] 192.168.0.2 "OPTIONS / HTTP/1.0" status: 200 len: 0 time: 0.0004001
2016-12-20 06:30:15.578 6340 INFO nova.metadata.wsgi.server [-]
Traceback (most recent call last): File "/usr/lib/python2.7/dist-packages/eventlet/wsgi.py", line 512, in handle_one_response write(b''.join(towrite))
File "/usr/lib/python2.7/dist-packages/eventlet/wsgi.py", line 453, in write wfile.flush()
File "/usr/lib/python2.7/socket.py", line 303, in flush self._sock.sendall(view[write_offset:write_offset+buffer_size])
File "/usr/lib/python2.7/dist-packages/eventlet/greenio/base.py", line 385, in sendall tail = self.send(data, flags)
File "/usr/lib/python2.7/dist-packages/eventlet/greenio/base.py", line 379, in send return self._send_loop(self.fd.send, data, flags)
File "/usr/lib/python2.7/dist-packages/eventlet/greenio/base.py", line 366, in _send_loop return send_method(data, *args) error: [Errno 104] Connection reset by peer
2016-12-20 06:30:15.579 6340 INFO nova.metadata.wsgi.server [-] 192.168.0.2 "OPTIONS / HTTP/1.0" status: 200 len: 0 time: 0.0003901
2016-12-20 06:30:15.579 6340 INFO nova.metadata.wsgi.server [-]
Traceback (most recent call last): File "/usr/lib/python2.7/dist-packages/eventlet/wsgi.py", line 512, in handle_one_response write(b''.join(towrite))
File "/usr/lib/python2.7/dist-packages/eventlet/wsgi.py", line 453, in write wfile.flush()
File "/usr/lib/python2.7/socket.py", line 303, in flush self._sock.sendall(view[write_offset:write_offset+buffer_size])
File "/usr/lib/python2.7/dist-packages/eventlet/greenio/base.py", line 385, in sendall tail = self.send(data, flags)
File "/usr/lib/python2.7/dist-packages/eventlet/greenio/base.py", line 379, in send return self._send_loop(self.fd.send, data, flags)
File "/usr/lib/python2.7/dist-packages/eventlet/greenio/base.py", line 366, in _send_loop return send_method(data, *args) error: [Errno 104] Connection reset by peer
2016-12-20 06:30:15.579 6340 INFO nova.metadata.wsgi.server [-] 192.168.0.2 "OPTIONS / HTTP/1.0" status: 200 len: 0 time: 0.0003660
2016-12-20 06:30:15.580 6340 INFO nova.metadata.wsgi.server [-]
Traceback (most recent call last): File "/usr/lib/python2.7/dist-packages/eventlet/wsgi.py", line 512, in handle_one_response write(b''.join(towrite))
File "/usr/lib/python2.7/dist-packages/eventlet/wsgi.py", line 453, in write wfile.flush()
File "/usr/lib/python2.7/socket.py", line 303, in flush self._sock.sendall(view[write_offset:write_offset+buffer_size])
File "/usr/lib/python2.7/dist-packages/eventlet/greenio/base.py", line 385, in sendall tail = self.send(data, flags)
File "/usr/lib/python2.7/dist-packages/eventlet/greenio/base.py", line 379, in send return self._send_loop(self.fd.send, data, flags)
File "/usr/lib/python2.7/dist-packages/eventlet/greenio/base.py", line 366, in _send_loop return send_method(data, *args) error: [Errno 104] Connection reset by peer
2016-12-20 06:30:15.580 6340 INFO nova.metadata.wsgi.server [-] 192.168.0.2 "OPTIONS / HTTP/1.0" status: 200 len: 0 time: 0.0004261
2016-12-20 06:30:15.581 6340 INFO nova.metadata.wsgi.server [-]
Traceback (most recent call last): File "/usr/lib/python2.7/dist-packages/eventlet/wsgi.py", line 512, in handle_one_response write(b''.join(towrite))
File "/usr/lib/python2.7/dist-packages/eventlet/wsgi.py", line 453, in write wfile.flush()
File "/usr/lib/python2.7/socket.py", line 303, in flush self._sock.sendall(view[write_offset:write_offset+buffer_size])
File "/usr/lib/python2.7/dist-packages/eventlet/greenio/base.py", line 385, in sendall tail = self.send(data, flags)
File "/usr/lib/python2.7/dist-packages/eventlet/greenio/base.py", line 379, in send return self._send_loop(self.fd.send, data, flags)
File "/usr/lib/python2.7/dist-packages/eventlet/greenio/base.py", line 366, in _send_loop return send_method(data, *args) error: [Errno 104] Connection reset by peer
2016-12-20 06:30:15.581 6340 INFO nova.metadata.wsgi.server [-] 192.168.0.2 "OPTIONS / HTTP/1.0" status: 200 len: 0 time: 0.0003669
2016-12-20 06:30:15.581 6340 INFO nova.metadata.wsgi.server [-]
Traceback (most recent call last): File "/usr/lib/python2.7/dist-packages/eventlet/wsgi.py", line 512, in handle_one_response write(b''.join(towrite))
File "/usr/lib/python2.7/dist-packages/eventlet/wsgi.py", line 453, in write wfile.flush()
File "/usr/lib/python2.7/socket.py", line 303, in flush self._sock.sendall(view[write_offset:write_offset+buffer_size])
File "/usr/lib/python2.7/dist-packages/eventlet/greenio/base.py", line 385, in sendall tail = self.send(data, flags)
File "/usr/lib/python2.7/dist-packages/eventlet/greenio/base.py", line 379, in send return self._send_loop(self.fd.send, data, flags)
File "/usr/lib/python2.7/dist-packages/eventlet/greenio/base.py", line 366, in _send_loop return send_method(data, *args) error: [Errno 104] Connection reset by peer
2016-12-20 06:30:15.582 6340 INFO nova.metadata.wsgi.server [-] 192.168.0.2 "OPTIONS / HTTP/1.0" status: 200 len: 0 time: 0.0003581
2016-12-20 06:30:15.582 6340 INFO nova.metadata.wsgi.server [-] 192.168.0.2 "OPTIONS / HTTP/1.0" status: 200 len: 234 time: 0.0002000
2016-12-20 06:30:17.100 6315 INFO nova.osapi_compute.wsgi.server [req-7a2ffd71-2e61-4834-9a1d-51313dd4f62c - - - - -] (6315) wsgi starting up on http://192.168.0.4:8774
2016-12-20 06:30:17.102 6315 INFO nova.osapi_compute.wsgi.server [-]
Traceback (most recent call last): File "/usr/lib/python2.7/dist-packages/eventlet/wsgi.py", line 512, in handle_one_response write(b''.join(towrite))
File "/usr/lib/python2.7/dist-packages/eventlet/wsgi.py", line 453, in write wfile.flush()
File "/usr/lib/python2.7/socket.py", line 303, in flush self._sock.sendall(view[write_offset:write_offset+buffer_size])
File "/usr/lib/python2.7/dist-packages/eventlet/greenio/base.py", line 385, in sendall tail = self.send(data, flags)
File "/usr/lib/python2.7/dist-packages/eventlet/greenio/base.py", line 379, in send return self._send_loop(self.fd.send, data, flags)
File "/usr/lib/python2.7/dist-packages/eventlet/greenio/base.py", line 366, in _send_loop return send_method(data, *args) error: [Errno 104] Connection reset by peer
2016-12-20 06:30:17.102 6315 INFO nova.osapi_compute.wsgi.server [-] 192.168.0.2 "OPTIONS / HTTP/1.0" status: 200 len: 0 time: 0.0014699
2016-12-20 06:30:17.103 6315 INFO nova.osapi_compute.wsgi.server [-]
Traceback (most recent call last): File "/usr/lib/python2.7/dist-packages/eventlet/wsgi.py", line 512, in handle_one_response write(b''.join(towrite))
File "/usr/lib/python2.7/dist-packages/eventlet/wsgi.py", line 453, in write wfile.flush()
File "/usr/lib/python2.7/socket.py", line 303, in flush self._sock.sendall(view[write_offset:write_offset+buffer_size])
File "/usr/lib/python2.7/dist-packages/eventlet/greenio/base.py", line 385, in sendall tail = self.send(data, flags)
File "/usr/lib/python2.7/dist-packages/eventlet/greenio/base.py", line 379, in send return self._send_loop(self.fd.send, data, flags)
File "/usr/lib/python2.7/dist-packages/eventlet/greenio/base.py", line 366, in _send_loop return send_method(data, *args) error: [Errno 104] Connection reset by peer
2016-12-20 06:30:17.103 6315 INFO nova.osapi_compute.wsgi.server [-] 192.168.0.2 "OPTIONS / HTTP/1.0" status: 200 len: 0 time: 0.0006080
2016-12-20 06:30:17.104 6315 INFO nova.osapi_compute.wsgi.server [-]
Traceback (most recent call last): File "/usr/lib/python2.7/dist-packages/eventlet/wsgi.py", line 512, in handle_one_response write(b''.join(towrite))
File "/usr/lib/python2.7/dist-packages/eventlet/wsgi.py", line 453, in write wfile.flush()
File "/usr/lib/python2.7/socket.py", line 303, in flush self._sock.sendall(view[write_offset:write_offset+buffer_size])
File "/usr/lib/python2.7/dist-packages/eventlet/greenio/base.py", line 385, in sendall tail = self.send(data, flags)
File "/usr/lib/python2.7/dist-packages/eventlet/greenio/base.py", line 379, in send return self._send_loop(self.fd.send, data, flags)
File "/usr/lib/python2.7/dist-packages/eventlet/greenio/base.py", line 366, in _send_loop return send_method(data, *args) error: [Errno 104] Connection reset by peer
2016-12-20 06:30:17.104 6315 INFO nova.osapi_compute.wsgi.server [-] 192.168.0.2 "OPTIONS / HTTP/1.0" status: 200 len: 0 time: 0.0005960
2016-12-20 06:30:17.105 6315 INFO nova.osapi_compute.wsgi.server [-]
Traceback (most recent call last): File "/usr/lib/python2.7/dist-packages/eventlet/wsgi.py", line 512, in handle_one_response write(b''.join(towrite))
File "/usr/lib/python2.7/dist-packages/eventlet/wsgi.py", line 453, in write wfile.flush()
File "/usr/lib/python2.7/socket.py", line 303, in flush self._sock.sendall(view[write_offset:write_offset+buffer_size])
File "/usr/lib/python2.7/dist-packages/eventlet/greenio/base.py", line 385, in sendall tail = self.send(data, flags)
File "/usr/lib/python2.7/dist-packages/eventlet/greenio/base.py", line 379, in send return self._send_loop(self.fd.send, data, flags)
File "/usr/lib/python2.7/dist-packages/eventlet/greenio/base.py", line 366, in _send_loop return send_method(data, *args) error: [Errno 104] Connection reset by peer
2016-12-20 06:30:17.105 6315 INFO nova.osapi_compute.wsgi.server [-] 192.168.0.2 "OPTIONS / HTTP/1.0" status: 200 len: 0 time: 0.0006669
2016-12-20 06:30:17.106 6315 INFO nova.osapi_compute.wsgi.server [-]
Traceback (most recent call last): File "/usr/lib/python2.7/dist-packages/eventlet/wsgi.py", line 512, in handle_one_response write(b''.join(towrite))
File "/usr/lib/python2.7/dist-packages/eventlet/wsgi.py", line 453, in write wfile.flush()
File "/usr/lib/python2.7/socket.py", line 303, in flush self._sock.sendall(view[write_offset:write_offset+buffer_size])
File "/usr/lib/python2.7/dist-packages/eventlet/greenio/base.py", line 385, in sendall tail = self.send(data, flags)
File "/usr/lib/python2.7/dist-packages/eventlet/greenio/base.py", line 379, in send return self._send_loop(self.fd.send, data, flags)
File "/usr/lib/python2.7/dist-packages/eventlet/greenio/base.py", line 366, in _send_loop return send_method(data, *args) error: [Errno 104] Connection reset by peer
2016-12-20 06:30:17.106 6315 INFO nova.osapi_compute.wsgi.server [-] 192.168.0.2 "OPTIONS / HTTP/1.0" status: 200 len: 0 time: 0.0005829
2016-12-20 06:30:17.107 6315 INFO nova.osapi_compute.wsgi.server [-]
Traceback (most recent call last): File "/usr/lib/python2.7/dist-packages/eventlet/wsgi.py", line 512, in handle_one_response write(b''.join(towrite))
File "/usr/lib/python2.7/dist-packages/eventlet/wsgi.py", line 453, in write wfile.flush()
File "/usr/lib/python2.7/socket.py", line 303, in flush self._sock.sendall(view[write_offset:write_offset+buffer_size])
File "/usr/lib/python2.7/dist-packages/eventlet/greenio/base.py", line 385, in sendall tail = self.send(data, flags)
File "/usr/lib/python2.7/dist-packages/eventlet/greenio/base.py", line 379, in send return self._send_loop(self.fd.send, data, flags)
File "/usr/lib/python2.7/dist-packages/eventlet/greenio/base.py", line 366, in _send_loop return send_method(data, *args) error: [Errno 104] Connection reset by peer
2016-12-20 06:30:17.107 6315 INFO nova.osapi_compute.wsgi.server [-] 192.168.0.2 "OPTIONS / HTTP/1.0" status: 200 len: 0 time: 0.0005522
2016-12-20 06:30:17.108 6315 INFO nova.osapi_compute.wsgi.server [-]
Traceback (most recent call last): File "/usr/lib/python2.7/dist-packages/eventlet/wsgi.py", line 512, in handle_one_response write(b''.join(towrite))
File "/usr/lib/python2.7/dist-packages/eventlet/wsgi.py", line 453, in write wfile.flush()
File "/usr/lib/python2.7/socket.py", line 303, in flush self._sock.sendall(view[write_offset:write_offset+buffer_size])
File "/usr/lib/python2.7/dist-packages/eventlet/greenio/base.py", line 385, in sendall tail = self.send(data, flags)
File "/usr/lib/python2.7/dist-packages/eventlet/greenio/base.py", line 379, in send return self._send_loop(self.fd.send, data, flags)
File "/usr/lib/python2.7/dist-packages/eventlet/greenio/base.py", line 366, in _send_loop return send_method(data, *args) error: [Errno 104] Connection reset by peer
2016-12-20 06:30:17.108 6315 INFO nova.osapi_compute.wsgi.server [-] 192.168.0.2 "OPTIONS / HTTP/1.0" status: 200 len: 0 time: 0.0006220
2016-12-20 06:30:17.109 6315 INFO nova.osapi_compute.wsgi.server [-]
Traceback (most recent call last): File "/usr/lib/python2.7/dist-packages/eventlet/wsgi.py", line 512, in handle_one_response write(b''.join(towrite))
File "/usr/lib/python2.7/dist-packages/eventlet/wsgi.py", line 453, in write wfile.flush()
File "/usr/lib/python2.7/socket.py", line 303, in flush self._sock.sendall(view[write_offset:write_offset+buffer_size])
File "/usr/lib/python2.7/dist-packages/eventlet/greenio/base.py", line 385, in sendall tail = self.send(data, flags)
File "/usr/lib/python2.7/dist-packages/eventlet/greenio/base.py", line 379, in send return self._send_loop(self.fd.send, data, flags)
File "/usr/lib/python2.7/dist-packages/eventlet/greenio/base.py", line 366, in _send_loop return send_method(data, *args) error: [Errno 104] Connection reset by peer
2016-12-20 06:30:17.109 6315 INFO nova.osapi_compute.wsgi.server [-] 192.168.0.2 "OPTIONS / HTTP/1.0" status: 200 len: 0 time: 0.0005581
2016-12-20 06:30:17.110 6315 INFO nova.osapi_compute.wsgi.server [-]
Traceback (most recent call last): File "/usr/lib/python2.7/dist-packages/eventlet/wsgi.py", line 512, in handle_one_response write(b''.join(towrite))
File "/usr/lib/python2.7/dist-packages/eventlet/wsgi.py", line 453, in write wfile.flush()
File "/usr/lib/python2.7/socket.py", line 303, in flush self._sock.sendall(view[write_offset:write_offset+buffer_size])
File "/usr/lib/python2.7/dist-packages/eventlet/greenio/base.py", line 385, in sendall tail = self.send(data, flags)
File "/usr/lib/python2.7/dist-packages/eventlet/greenio/base.py", line 379, in send return self._send_loop(self.fd.send, data, flags)
File "/usr/lib/python2.7/dist-packages/eventlet/greenio/base.py", line 366, in _send_loop return send_method(data, *args) error: [Errno 104] Connection reset by peer
2016-12-20 06:30:17.110 6315 INFO nova.osapi_compute.wsgi.server [-] 192.168.0.2 "OPTIONS / HTTP/1.0" status: 200 len: 0 time: 0.0005510
2016-12-20 06:30:17.111 6315 INFO nova.osapi_compute.wsgi.server [-]
Traceback (most recent call last): File "/usr/lib/python2.7/dist-packages/eventlet/wsgi.py", line 512, in handle_one_response write(b''.join(towrite))
File "/usr/lib/python2.7/dist-packages/eventlet/wsgi.py", line 453, in write wfile.flush()
File "/usr/lib/python2.7/socket.py", line 303, in flush self._sock.sendall(view[write_offset:write_offset+buffer_size])
File "/usr/lib/python2.7/dist-packages/eventlet/greenio/base.py", line 385, in sendall tail = self.send(data, flags)
File "/usr/lib/python2.7/dist-packages/eventlet/greenio/base.py", line 379, in send return self._send_loop(self.fd.send, data, flags)
File "/usr/lib/python2.7/dist-packages/eventlet/greenio/base.py", line 366, in _send_loop return send_method(data, *args) error: [Errno 104] Connection reset by peer
2016-12-20 06:30:17.111 6315 INFO nova.osapi_compute.wsgi.server [-] 192.168.0.2 "OPTIONS / HTTP/1.0" status: 200 len: 0 time: 0.0007532
2016-12-20 06:30:17.213 6314 INFO nova.osapi_compute.wsgi.server [req-bc5eec42-d236-46cb-afdd-480f3dc2369b - - - - -] (6314) wsgi starting up on http://192.168.0.4:8774
2016-12-20 06:30:17.225 6316 INFO nova.osapi_compute.wsgi.server [req-75a8494e-c5da-480d-acce-e12f132fa8cd - - - - -] (6316) wsgi starting up on http://192.168.0.4:8774
2016-12-20 06:30:17.241 6313 INFO nova.osapi_compute.wsgi.server [req-ec176b46-4765-4edf-a974-4e6110aab196 - - - - -] (6313) wsgi starting up on http://192.168.0.4:8774
2016-12-20 06:30:17.543 6340 INFO nova.metadata.wsgi.server [-] 192.168.0.2 "OPTIONS / HTTP/1.0" status: 200 len: 234 time: 0.0002811
2016-12-20 06:30:19.529 6340 INFO nova.metadata.wsgi.server [-] 192.168.0.2 "OPTIONS / HTTP/1.0" status: 200 len: 234 time: 0.0002630
2016-12-20 06:30:19.887 6316 INFO nova.osapi_compute.wsgi.server [-] 192.168.0.2 "OPTIONS / HTTP/1.0" status: 200 len: 499 time: 0.0008619
2016-12-20 06:30:21.848 6316 INFO nova.osapi_compute.wsgi.server [-] 192.168.0.2 "OPTIONS / HTTP/1.0" status: 200 len: 499 time: 0.0004959
2016-12-20 06:30:21.994 6343 INFO nova.metadata.wsgi.server [req-9b3c107f-18a3-4943-a557-dcd811e6b1a2 - - - - -] (6343) wsgi starting up on http://192.168.0.4:8775
2016-12-20 06:30:22.038 6341 INFO nova.metadata.wsgi.server [req-b099de5d-3c4c-47a9-a195-bddbfc1d9442 - - - - -] (6341) wsgi starting up on http://192.168.0.4:8775
2016-12-20 06:30:22.039 6342 INFO nova.metadata.wsgi.server [req-fb604eb3-e08a-4abf-9018-173b4992e1bd - - - - -] (6342) wsgi starting up on http://192.168.0.4:8775
2016-12-20 06:30:23.829 6315 INFO nova.osapi_compute.wsgi.server [-] 192.168.0.2 "OPTIONS / HTTP/1.0" status: 200 len: 499 time: 0.0004182
2016-12-20 06:30:29.271 6342 INFO nova.metadata.wsgi.server [-] 192.168.0.2 "OPTIONS / HTTP/1.0" status: 200 len: 234 time: 0.0005171
2016-12-20 06:30:33.981 6315 INFO nova.osapi_compute.wsgi.server [-] 192.168.0.2 "OPTIONS / HTTP/1.0" status: 200 len: 499 time: 0.0004370
2016-12-20 06:30:39.261 6340 INFO nova.metadata.wsgi.server [-] 192.168.0.2 "OPTIONS / HTTP/1.0" status: 200 len: 234 time: 0.0002511
2016-12-20 06:30:43.791 6316 INFO nova.osapi_compute.wsgi.server [-] 192.168.0.2 "OPTIONS / HTTP/1.0" status: 200 len: 499 time: 0.0003891
2016-12-20 06:30:49.089 6343 INFO nova.metadata.wsgi.server [-] 192.168.0.2 "OPTIONS / HTTP/1.0" status: 200 len: 234 time: 0.0005388
2016-12-20 06:30:53.707 6315 INFO nova.osapi_compute.wsgi.server [-] 192.168.0.2 "OPTIONS / HTTP/1.0" status: 200 len: 499 time: 0.0003860
2016-12-20 06:30:56.636 6315 INFO nova.api.openstack.compute.server_external_events [req-a3bd84f3-39a4-4991-8900-743596838160 8e7101c3a3e9404d8bdadd6257fbbc84 b62480b9d83d421a8fdf174efa0173c8 - - -] Creating event network-vif-plugged:519fdd37-891f-476f-bc8d-91c25e7f7caa for instance e2359a6b-0fe5-4f80-ad87-dd8db843cbe0
2016-12-20 06:30:56.654 6315 INFO nova.api.openstack.compute.server_external_events [req-a3bd84f3-39a4-4991-8900-743596838160 8e7101c3a3e9404d8bdadd6257fbbc84 b62480b9d83d421a8fdf174efa0173c8 - - -] Creating event network-vif-plugged:6b8450d8-a77c-4b32-bfe9-46759e179ab4 for instance c6aee7b8-d7a5-4718-a8df-396bbd8c78b6
2016-12-20 06:30:56.665 6315 INFO nova.osapi_compute.wsgi.server [req-a3bd84f3-39a4-4991-8900-743596838160 8e7101c3a3e9404d8bdadd6257fbbc84 b62480b9d83d421a8fdf174efa0173c8 - - -] 192.168.0.2 "POST /v2.1/os-server-external-events HTTP/1.1" status: 200 len: 617 time: 0.5926828
2016-12-20 06:30:59.206 6340 INFO nova.metadata.wsgi.server [-] 192.168.0.2 "OPTIONS / HTTP/1.0" status: 200 len: 234 time: 0.0002642
2016-12-20 06:31:03.950 6314 INFO nova.osapi_compute.wsgi.server [-] 192.168.0.2 "OPTIONS / HTTP/1.0" status: 200 len: 499 time: 0.0008481
2016-12-20 06:31:08.909 6343 INFO nova.metadata.wsgi.server [-] 192.168.0.2 "OPTIONS / HTTP/1.0" status: 200 len: 234 time: 0.0002911
2016-12-20 06:31:13.935 6315 INFO nova.osapi_compute.wsgi.server [-] 192.168.0.2 "OPTIONS / HTTP/1.0" status: 200 len: 499 time: 0.0004809
2016-12-20 06:31:18.893 6343 INFO nova.metadata.wsgi.server [-] 192.168.0.2 "OPTIONS / HTTP/1.0" status: 200 len: 234 time: 0.0002751
2016-12-20 06:31:23.877 6313 INFO nova.osapi_compute.wsgi.server [-] 192.168.0.2 "OPTIONS / HTTP/1.0" status: 200 len: 499 time: 0.0007880
2016-12-20 06:31:28.666 6341 INFO nova.metadata.wsgi.server [-] 192.168.0.2 "OPTIONS / HTTP/1.0" status: 200 len: 234 time: 0.0005169
2016-12-20 06:31:33.638 6315 INFO nova.osapi_compute.wsgi.server [-] 192.168.0.2 "OPTIONS / HTTP/1.0" status: 200 len: 499 time: 0.0004270
2016-12-20 06:31:38.441 6341 INFO nova.metadata.wsgi.server [-] 192.168.0.2 "OPTIONS / HTTP/1.0" status: 200 len: 234 time: 0.0002661
2016-12-20 06:31:43.641 6315 INFO nova.osapi_compute.wsgi.server [-] 192.168.0.2 "OPTIONS / HTTP/1.0" status: 200 len: 499 time: 0.0004430
2016-12-20 06:31:48.466 6342 INFO nova.metadata.wsgi.server [-] 192.168.0.2 "OPTIONS / HTTP/1.0" status: 200 len: 234 time: 0.0002730
2016-12-20 06:31:53.830 6314 INFO nova.osapi_compute.wsgi.server [-] 192.168.0.2 "OPTIONS / HTTP/1.0" status: 200 len: 499 time: 0.0004129
2016-12-20 06:31:58.175 6342 INFO nova.metadata.wsgi.server [-] 192.168.0.2 "OPTIONS / HTTP/1.0" status: 200 len: 234 time: 0.0002599
2016-12-20 06:32:03.911 6315 INFO nova.osapi_compute.wsgi.server [-] 192.168.0.2 "OPTIONS / HTTP/1.0" status: 200 len: 499 time: 0.0004590
2016-12-20 06:32:07.885 6343 INFO nova.metadata.wsgi.server [-] 192.168.0.2 "OPTIONS / HTTP/1.0" status: 200 len: 234 time: 0.0002551
2016-12-20 06:32:14.066 6313 INFO nova.osapi_compute.wsgi.server [-] 192.168.0.2 "OPTIONS / HTTP/1.0" status: 200 len: 499 time: 0.0004170
2016-12-20 06:32:17.645 6343 INFO nova.metadata.wsgi.server [-] 192.168.0.2 "OPTIONS / HTTP/1.0" status: 200 len: 234 time: 0.0002649
2016-12-20 06:32:24.000 6314 INFO nova.osapi_compute.wsgi.server [-] 192.168.0.2 "OPTIONS / HTTP/1.0" status: 200 len: 499 time: 0.0004089
2016-12-20 06:32:27.920 6343 INFO nova.metadata.wsgi.server [-] 192.168.0.2 "OPTIONS / HTTP/1.0" status: 200 len: 234 time: 0.0002789
2016-12-20 06:32:33.704 6315 INFO nova.osapi_compute.wsgi.server [-] 192.168.0.2 "OPTIONS / HTTP/1.0" status: 200 len: 499 time: 0.0004439
2016-12-20 06:32:38.157 6342 INFO nova.metadata.wsgi.server [-] 192.168.0.2 "OPTIONS / HTTP/1.0" status: 200 len: 234 time: 0.0002608
2016-12-20 06:32:43.598 6315 INFO nova.osapi_compute.wsgi.server [-] 192.168.0.2 "OPTIONS / HTTP/1.0" status: 200 len: 499 time: 0.0004249
2016-12-20 06:32:48.220 6342 INFO nova.metadata.wsgi.server [-] 192.168.0.2 "OPTIONS / HTTP/1.0" status: 200 len: 234 time: 0.0002949
2016-12-20 06:32:53.740 6315 INFO nova.osapi_compute.wsgi.server [-] 192.168.0.2 "OPTIONS / HTTP/1.0" status: 200 len: 499 time: 0.0004151
2016-12-20 06:32:58.026 6342 INFO nova.metadata.wsgi.server [-] 192.168.0.2 "OPTIONS / HTTP/1.0" status: 200 len: 234 time: 0.0002658
2016-12-20 06:33:03.758 6313 INFO nova.osapi_compute.wsgi.server [-] 192.168.0.2 "OPTIONS / HTTP/1.0" status: 200 len: 499 time: 0.0003810
2016-12-20 06:33:07.997 6343 INFO nova.metadata.wsgi.server [-] 192.168.0.2 "OPTIONS / HTTP/1.0" status: 200 len: 234 time: 0.0002661
2016-12-20 06:33:13.743 6316 INFO nova.osapi_compute.wsgi.server [-] 192.168.0.2 "OPTIONS / HTTP/1.0" status: 200 len: 499 time: 0.0004332
2016-12-20 06:33:18.038 6343 INFO nova.metadata.wsgi.server [-] 192.168.0.2 "OPTIONS / HTTP/1.0" status: 200 len: 234 time: 0.0002658
2016-12-20 06:33:23.701 6315 INFO nova.osapi_compute.wsgi.server [-] 192.168.0.2 "OPTIONS / HTTP/1.0" status: 200 len: 499 time: 0.0004210
2016-12-20 06:33:27.906 6342 INFO nova.metadata.wsgi.server [-] 192.168.0.2 "OPTIONS / HTTP/1.0" status: 200 len: 234 time: 0.0002539
2016-12-20 06:33:33.466 6313 INFO nova.osapi_compute.wsgi.server [-] 192.168.0.2 "OPTIONS / HTTP/1.0" status: 200 len: 499 time: 0.0004241
2016-12-20 06:33:37.639 6342 INFO nova.metadata.wsgi.server [-] 192.168.0.2 "OPTIONS / HTTP/1.0" status: 200 len: 234 time: 0.0002651
2016-12-20 06:33:43.384 6313 INFO nova.osapi_compute.wsgi.server [-] 192.168.0.2 "OPTIONS / HTTP/1.0" status: 200 len: 499 time: 0.0004289
2016-12-20 06:33:47.824 6341 INFO nova.metadata.wsgi.server [-] 192.168.0.2 "OPTIONS / HTTP/1.0" status: 200 len: 234 time: 0.0002911
2016-12-20 06:33:53.100 6315 INFO nova.osapi_compute.wsgi.server [-] 192.168.0.2 "OPTIONS / HTTP/1.0" status: 200 len: 499 time: 0.0004408
2016-12-20 06:33:57.843 6341 INFO nova.metadata.wsgi.server [-] 192.168.0.2 "OPTIONS / HTTP/1.0" status: 200 len: 234 time: 0.0002899
2016-12-20 06:34:02.945 6316 INFO nova.osapi_compute.wsgi.server [-] 192.168.0.2 "OPTIONS / HTTP/1.0" status: 200 len: 499 time: 0.0004251
2016-12-20 06:34:07.568 6341 INFO nova.metadata.wsgi.server [-] 192.168.0.2 "OPTIONS / HTTP/1.0" status: 200 len: 234 time: 0.0002799
2016-12-20 06:34:12.735 6316 INFO nova.osapi_compute.wsgi.server [-] 192.168.0.2 "OPTIONS / HTTP/1.0" status: 200 len: 499 time: 0.0004430
2016-12-20 06:34:17.293 6340 INFO nova.metadata.wsgi.server [-] 192.168.0.2 "OPTIONS / HTTP/1.0" status: 200 len: 234 time: 0.0002611
2016-12-20 06:34:17.933 6315 INFO nova.osapi_compute.wsgi.server [req-07eb3a39-813f-42c1-8f26-d02bf7ea00d4 81d6a3f0ccdc4964ae83a0294f9b3fd7 b62480b9d83d421a8fdf174efa0173c8 - - -] 192.168.0.2 "GET /v2.1/flavors/detail HTTP/1.0" status: 200 len: 2917 time: 0.5418260
2016-12-20 06:34:23.018 6315 INFO nova.osapi_compute.wsgi.server [-] 192.168.0.2 "OPTIONS / HTTP/1.0" status: 200 len: 499 time: 0.0004160
2016-12-20 06:34:26.997 6340 INFO nova.metadata.wsgi.server [-] 192.168.0.2 "OPTIONS / HTTP/1.0" status: 200 len: 234 time: 0.0002749
2016-12-20 06:34:32.744 6316 INFO nova.osapi_compute.wsgi.server [-] 192.168.0.2 "OPTIONS / HTTP/1.0" status: 200 len: 499 time: 0.0004151
2016-12-20 06:34:36.772 6342 INFO nova.metadata.wsgi.server [-] 192.168.0.2 "OPTIONS / HTTP/1.0" status: 200 len: 234 time: 0.0002689
2016-12-20 06:34:42.522 6316 INFO nova.osapi_compute.wsgi.server [-] 192.168.0.2 "OPTIONS / HTTP/1.0" status: 200 len: 499 time: 0.0004148
2016-12-20 06:34:46.652 6342 INFO nova.metadata.wsgi.server [-] 192.168.0.2 "OPTIONS / HTTP/1.0" status: 200 len: 234 time: 0.0002580
2016-12-20 06:34:47.982 6316 INFO nova.osapi_compute.wsgi.server [req-26c61d4f-808c-4216-bec3-a717ff2e18f7 81d6a3f0ccdc4964ae83a0294f9b3fd7 b62480b9d83d421a8fdf174efa0173c8 - - -] 192.168.0.2 "GET /v2.1/servers/detail?all_tenants=1 HTTP/1.0" status: 200 len: 3803 time: 1.5218799
2016-12-20 06:34:52.230 6314 INFO nova.osapi_compute.wsgi.server [-] 192.168.0.2 "OPTIONS / HTTP/1.0" status: 200 len: 499 time: 0.0004189
2016-12-20 06:34:56.828 6343 INFO nova.metadata.wsgi.server [-] 192.168.0.2 "OPTIONS / HTTP/1.0" status: 200 len: 234 time: 0.0002630
2016-12-20 06:35:02.167 6316 INFO nova.osapi_compute.wsgi.server [-] 192.168.0.2 "OPTIONS / HTTP/1.0" status: 200 len: 499 time: 0.0004611
2016-12-20 06:35:06.784 6341 INFO nova.metadata.wsgi.server [-] 192.168.0.2 "OPTIONS / HTTP/1.0" status: 200 len: 234 time: 0.0002651
2016-12-20 06:35:12.451 6315 INFO nova.osapi_compute.wsgi.server [-] 192.168.0.2 "OPTIONS / HTTP/1.0" status: 200 len: 499 time: 0.0004189
2016-12-20 06:35:16.726 6341 INFO nova.metadata.wsgi.server [-] 192.168.0.2 "OPTIONS / HTTP/1.0" status: 200 len: 234 time: 0.0002580
2016-12-20 06:35:22.429 6315 INFO nova.osapi_compute.wsgi.server [-] 192.168.0.2 "OPTIONS / HTTP/1.0" status: 200 len: 499 time: 0.0004361
2016-12-20 06:35:26.810 6342 INFO nova.metadata.wsgi.server [-] 192.168.0.2 "OPTIONS / HTTP/1.0" status: 200 len: 234 time: 0.0002689
2016-12-20 06:35:32.532 6316 INFO nova.osapi_compute.wsgi.server [-] 192.168.0.2 "OPTIONS / HTTP/1.0" status: 200 len: 499 time: 0.0003979
2016-12-20 06:35:36.772 6342 INFO nova.metadata.wsgi.server [-] 192.168.0.2 "OPTIONS / HTTP/1.0" status: 200 len: 234 time: 0.0002668
2016-12-20 06:35:42.665 6314 INFO nova.osapi_compute.wsgi.server [-] 192.168.0.2 "OPTIONS / HTTP/1.0" status: 200 len: 499 time: 0.0007658
2016-12-20 06:35:46.970 6342 INFO nova.metadata.wsgi.server [-] 192.168.0.2 "OPTIONS / HTTP/1.0" status: 200 len: 234 time: 0.0008378
2016-12-20 06:35:52.930 6315 INFO nova.osapi_compute.wsgi.server [-] 192.168.0.2 "OPTIONS / HTTP/1.0" status: 200 len: 499 time: 0.0011139
2016-12-20 06:35:56.774 6340 INFO nova.metadata.wsgi.server [-] 192.168.0.2 "OPTIONS / HTTP/1.0" status: 200 len: 234 time: 0.0002661
2016-12-20 06:36:02.978 6314 INFO nova.osapi_compute.wsgi.server [-] 192.168.0.2 "OPTIONS / HTTP/1.0" status: 200 len: 499 time: 0.0004158
2016-12-20 06:36:06.708 6342 INFO nova.metadata.wsgi.server [-] 192.168.0.2 "OPTIONS / HTTP/1.0" status: 200 len: 234 time: 0.0007141
2016-12-20 06:36:12.787 6314 INFO nova.osapi_compute.wsgi.server [-] 192.168.0.2 "OPTIONS / HTTP/1.0" status: 200 len: 499 time: 0.0004261
2016-12-20 06:36:16.415 6340 INFO nova.metadata.wsgi.server [-] 192.168.0.2 "OPTIONS / HTTP/1.0" status: 200 len: 234 time: 0.0002651
2016-12-20 06:36:23.060 6314 INFO nova.osapi_compute.wsgi.server [-] 192.168.0.2 "OPTIONS / HTTP/1.0" status: 200 len: 499 time: 0.0004182
2016-12-20 06:36:26.129 6342 INFO nova.metadata.wsgi.server [-] 192.168.0.2 "OPTIONS / HTTP/1.0" status: 200 len: 234 time: 0.0002661
2016-12-20 06:36:33.179 6314 INFO nova.osapi_compute.wsgi.server [-] 192.168.0.2 "OPTIONS / HTTP/1.0" status: 200 len: 499 time: 0.0004289
2016-12-20 06:36:36.139 6343 INFO nova.metadata.wsgi.server [-] 192.168.0.2 "OPTIONS / HTTP/1.0" status: 200 len: 234 time: 0.0002651
2016-12-20 06:36:43.046 6314 INFO nova.osapi_compute.wsgi.server [-] 192.168.0.2 "OPTIONS / HTTP/1.0" status: 200 len: 499 time: 0.0004151
2016-12-20 06:36:46.178 6341 INFO nova.metadata.wsgi.server [-] 192.168.0.2 "OPTIONS / HTTP/1.0" status: 200 len: 234 time: 0.0002639
2016-12-20 06:36:53.059 6316 INFO nova.osapi_compute.wsgi.server [-] 192.168.0.2 "OPTIONS / HTTP/1.0" status: 200 len: 499 time: 0.0004160
2016-12-20 06:36:56.391 6341 INFO nova.metadata.wsgi.server [-] 192.168.0.2 "OPTIONS / HTTP/1.0" status: 200 len: 234 time: 0.0002630
2016-12-20 06:37:03.147 6316 INFO nova.osapi_compute.wsgi.server [-] 192.168.0.2 "OPTIONS / HTTP/1.0" status: 200 len: 499 time: 0.0004170
2016-12-20 06:37:06.234 6341 INFO nova.metadata.wsgi.server [-] 192.168.0.2 "OPTIONS / HTTP/1.0" status: 200 len: 234 time: 0.0002642
2016-12-20 06:37:13.405 6315 INFO nova.osapi_compute.wsgi.server [-] 192.168.0.2 "OPTIONS / HTTP/1.0" status: 200 len: 499 time: 0.0004530
2016-12-20 06:37:16.306 6343 INFO nova.metadata.wsgi.server [-] 192.168.0.2 "OPTIONS / HTTP/1.0" status: 200 len: 234 time: 0.0002649
2016-12-20 06:37:23.315 6315 INFO nova.osapi_compute.wsgi.server [-] 192.168.0.2 "OPTIONS / HTTP/1.0" status: 200 len: 499 time: 0.0004449
2016-12-20 06:37:26.494 6343 INFO nova.metadata.wsgi.server [-] 192.168.0.2 "OPTIONS / HTTP/1.0" status: 200 len: 234 time: 0.0002661
2016-12-20 06:37:33.555 6315 INFO nova.osapi_compute.wsgi.server [-] 192.168.0.2 "OPTIONS / HTTP/1.0" status: 200 len: 499 time: 0.0004201
2016-12-20 06:37:36.479 6343 INFO nova.metadata.wsgi.server [-] 192.168.0.2 "OPTIONS / HTTP/1.0" status: 200 len: 234 time: 0.0002530
2016-12-20 06:37:43.323 6314 INFO nova.osapi_compute.wsgi.server [-] 192.168.0.2 "OPTIONS / HTTP/1.0" status: 200 len: 499 time: 0.0012219
2016-12-20 06:37:46.333 6341 INFO nova.metadata.wsgi.server [-] 192.168.0.2 "OPTIONS / HTTP/1.0" status: 200 len: 234 time: 0.0002632
2016-12-20 06:37:53.480 6316 INFO nova.osapi_compute.wsgi.server [-] 192.168.0.2 "OPTIONS / HTTP/1.0" status: 200 len: 499 time: 0.0011380
2016-12-20 06:37:56.348 6343 INFO nova.metadata.wsgi.server [-] 192.168.0.2 "OPTIONS / HTTP/1.0" status: 200 len: 234 time: 0.0002649
2016-12-20 06:38:03.471 6316 INFO nova.osapi_compute.wsgi.server [-] 192.168.0.2 "OPTIONS / HTTP/1.0" status: 200 len: 499 time: 0.0004179
2016-12-20 06:38:06.337 6343 INFO nova.metadata.wsgi.server [-] 192.168.0.2 "OPTIONS / HTTP/1.0" status: 200 len: 234 time: 0.0002759
2016-12-20 06:38:13.761 6313 INFO nova.osapi_compute.wsgi.server [-] 192.168.0.2 "OPTIONS / HTTP/1.0" status: 200 len: 499 time: 0.0004201
2016-12-20 06:38:16.350 6340 INFO nova.metadata.wsgi.server [-] 192.168.0.2 "OPTIONS / HTTP/1.0" status: 200 len: 234 time: 0.0002620
2016-12-20 06:38:21.541 6313 INFO nova.osapi_compute.wsgi.server [req-bd50387f-ef63-455d-aed8-a4251dca7175 81d6a3f0ccdc4964ae83a0294f9b3fd7 b62480b9d83d421a8fdf174efa0173c8 - - -] 192.168.0.2 "GET /v2.1/images/detail HTTP/1.0" status: 200 len: 2101 time: 3.7369392
2016-12-20 06:38:24.052 6313 INFO nova.osapi_compute.wsgi.server [-] 192.168.0.2 "OPTIONS / HTTP/1.0" status: 200 len: 499 time: 0.0004642
2016-12-20 06:38:26.083 6341 INFO nova.metadata.wsgi.server [-] 192.168.0.2 "OPTIONS / HTTP/1.0" status: 200 len: 234 time: 0.0002630
2016-12-20 06:38:33.803 6313 INFO nova.osapi_compute.wsgi.server [-] 192.168.0.2 "OPTIONS / HTTP/1.0" status: 200 len: 499 time: 0.0003979
2016-12-20 06:38:36.261 6341 INFO nova.metadata.wsgi.server [-] 192.168.0.2 "OPTIONS / HTTP/1.0" status: 200 len: 234 time: 0.0002608
2016-12-20 06:38:43.791 6316 INFO nova.osapi_compute.wsgi.server [-] 192.168.0.2 "OPTIONS / HTTP/1.0" status: 200 len: 499 time: 0.0004241
2016-12-20 06:38:45.992 6343 INFO nova.metadata.wsgi.server [-] 192.168.0.2 "OPTIONS / HTTP/1.0" status: 200 len: 234 time: 0.0006452
2016-12-20 06:38:53.500 6313 INFO nova.osapi_compute.wsgi.server [-] 192.168.0.2 "OPTIONS / HTTP/1.0" status: 200 len: 499 time: 0.0014651
2016-12-20 06:38:55.712 6343 INFO nova.metadata.wsgi.server [-] 192.168.0.2 "OPTIONS / HTTP/1.0" status: 200 len: 234 time: 0.0002792
2016-12-20 06:39:03.426 6315 INFO nova.osapi_compute.wsgi.server [-] 192.168.0.2 "OPTIONS / HTTP/1.0" status: 200 len: 499 time: 0.0014060
2016-12-20 06:39:05.911 6340 INFO nova.metadata.wsgi.server [-] 192.168.0.2 "OPTIONS / HTTP/1.0" status: 200 len: 234 time: 0.0008750
2016-12-20 06:39:13.426 6315 INFO nova.osapi_compute.wsgi.server [-] 192.168.0.2 "OPTIONS / HTTP/1.0" status: 200 len: 499 time: 0.0006678
2016-12-20 06:39:15.742 6340 INFO nova.metadata.wsgi.server [-] 192.168.0.2 "OPTIONS / HTTP/1.0" status: 200 len: 234 time: 0.0008390
2016-12-20 06:39:23.195 6315 INFO nova.osapi_compute.wsgi.server [-] 192.168.0.2 "OPTIONS / HTTP/1.0" status: 200 len: 499 time: 0.0013771
2016-12-20 06:39:25.471 6342 INFO nova.metadata.wsgi.server [-] 192.168.0.2 "OPTIONS / HTTP/1.0" status: 200 len: 234 time: 0.0008590
2016-12-20 06:39:33.410 6315 INFO nova.osapi_compute.wsgi.server [-] 192.168.0.2 "OPTIONS / HTTP/1.0" status: 200 len: 499 time: 0.0004401
2016-12-20 06:39:35.548 6340 INFO nova.metadata.wsgi.server [-] 192.168.0.2 "OPTIONS / HTTP/1.0" status: 200 len: 234 time: 0.0002701
2016-12-20 06:39:43.226 6315 INFO nova.osapi_compute.wsgi.server [-] 192.168.0.2 "OPTIONS / HTTP/1.0" status: 200 len: 499 time: 0.0004821
2016-12-20 06:39:45.328 6342 INFO nova.metadata.wsgi.server [-] 192.168.0.2 "OPTIONS / HTTP/1.0" status: 200 len: 234 time: 0.0002630
2016-12-20 06:39:53.327 6314 INFO nova.osapi_compute.wsgi.server [-] 192.168.0.2 "OPTIONS / HTTP/1.0" status: 200 len: 499 time: 0.0004170
2016-12-20 06:39:55.529 6342 INFO nova.metadata.wsgi.server [-] 192.168.0.2 "OPTIONS / HTTP/1.0" status: 200 len: 234 time: 0.0002871
2016-12-20 06:40:03.260 6314 INFO nova.osapi_compute.wsgi.server [-] 192.168.0.2 "OPTIONS / HTTP/1.0" status: 200 len: 499 time: 0.0004089
2016-12-20 06:40:05.462 6343 INFO nova.metadata.wsgi.server [-] 192.168.0.2 "OPTIONS / HTTP/1.0" status: 200 len: 234 time: 0.0002649
2016-12-20 06:40:13.386 6316 INFO nova.osapi_compute.wsgi.server [-] 192.168.0.2 "OPTIONS / HTTP/1.0" status: 200 len: 499 time: 0.0011280
2016-12-20 06:40:15.565 6341 INFO nova.metadata.wsgi.server [-] 192.168.0.2 "OPTIONS / HTTP/1.0" status: 200 len: 234 time: 0.0005851
2016-12-20 06:40:23.175 6316 INFO nova.osapi_compute.wsgi.server [-] 192.168.0.2 "OPTIONS / HTTP/1.0" status: 200 len: 499 time: 0.0013869
2016-12-20 06:40:25.589 6341 INFO nova.metadata.wsgi.server [-] 192.168.0.2 "OPTIONS / HTTP/1.0" status: 200 len: 234 time: 0.0006220
2016-12-20 06:40:32.894 6313 INFO nova.osapi_compute.wsgi.server [-] 192.168.0.2 "OPTIONS / HTTP/1.0" status: 200 len: 499 time: 0.0011401
2016-12-20 06:40:35.330 6341 INFO nova.metadata.wsgi.server [-] 192.168.0.2 "OPTIONS / HTTP/1.0" status: 200 len: 234 time: 0.0008729
2016-12-20 06:40:42.822 6314 INFO nova.osapi_compute.wsgi.server [-] 192.168.0.2 "OPTIONS / HTTP/1.0" status: 200 len: 499 time: 0.0014091
2016-12-20 06:40:45.190 6343 INFO nova.metadata.wsgi.server [-] 192.168.0.2 "OPTIONS / HTTP/1.0" status: 200 len: 234 time: 0.0008781
2016-12-20 06:40:52.968 6313 INFO nova.osapi_compute.wsgi.server [-] 192.168.0.2 "OPTIONS / HTTP/1.0" status: 200 len: 499 time: 0.0006790
2016-12-20 06:40:54.969 6343 INFO nova.metadata.wsgi.server [-] 192.168.0.2 "OPTIONS / HTTP/1.0" status: 200 len: 234 time: 0.0002661
2016-12-20 06:41:02.729 6314 INFO nova.osapi_compute.wsgi.server [-] 192.168.0.2 "OPTIONS / HTTP/1.0" status: 200 len: 499 time: 0.0004158
2016-12-20 06:41:04.756 6341 INFO nova.metadata.wsgi.server [-] 192.168.0.2 "OPTIONS / HTTP/1.0" status: 200 len: 234 time: 0.0002811
2016-12-20 06:41:12.499 6315 INFO nova.osapi_compute.wsgi.server [-] 192.168.0.2 "OPTIONS / HTTP/1.0" status: 200 len: 499 time: 0.0014219
2016-12-20 06:41:14.795 6342 INFO nova.metadata.wsgi.server [-] 192.168.0.2 "OPTIONS / HTTP/1.0" status: 200 len: 234 time: 0.0008531
