2016-12-20 06:07:43.182 6341 WARNING oslo_db.sqlalchemy.engines [req-3990329c-1718-4023-8bb6-79ee63688104 - - - - -] SQL connection failed. -12 attempts left.
2016-12-20 06:07:43.186 6339 WARNING oslo_db.sqlalchemy.engines [req-3b6d3025-d7f2-449d-ae26-b140b00097de - - - - -] SQL connection failed. -12 attempts left.
2016-12-20 06:07:43.186 6314 WARNING oslo_db.sqlalchemy.engines [req-63ac0b40-4e18-4aaf-83b2-8923c9e8573d - - - - -] SQL connection failed. -12 attempts left.
2016-12-20 06:07:43.188 6313 WARNING oslo_db.sqlalchemy.engines [req-bfba7b52-c510-4740-ab65-d683da9c3bb7 - - - - -] SQL connection failed. -12 attempts left.
2016-12-20 06:07:43.199 6316 WARNING oslo_db.sqlalchemy.engines [req-4b48ea96-e8d3-4764-b635-7a9b264f95c3 - - - - -] SQL connection failed. -12 attempts left.
2016-12-20 06:07:53.179 6342 WARNING oslo_db.sqlalchemy.engines [req-16bd1ff3-2193-45e9-b490-575506830ffe - - - - -] SQL connection failed. -13 attempts left.
2016-12-20 06:07:53.189 6315 WARNING oslo_db.sqlalchemy.engines [req-c4230870-5613-4361-a23a-bd18e38bb3fc - - - - -] SQL connection failed. -13 attempts left.
2016-12-20 06:07:53.189 6314 WARNING oslo_db.sqlalchemy.engines [req-63ac0b40-4e18-4aaf-83b2-8923c9e8573d - - - - -] SQL connection failed. -13 attempts left.
2016-12-20 06:07:53.189 6313 WARNING oslo_db.sqlalchemy.engines [req-bfba7b52-c510-4740-ab65-d683da9c3bb7 - - - - -] SQL connection failed. -13 attempts left.
2016-12-20 06:07:53.189 6340 WARNING oslo_db.sqlalchemy.engines [req-2e8d4bd9-938c-477b-a17b-26d320385dc5 - - - - -] SQL connection failed. -13 attempts left.
2016-12-20 06:07:53.189 6341 WARNING oslo_db.sqlalchemy.engines [req-3990329c-1718-4023-8bb6-79ee63688104 - - - - -] SQL connection failed. -13 attempts left.
2016-12-20 06:07:53.193 6339 WARNING oslo_db.sqlalchemy.engines [req-3b6d3025-d7f2-449d-ae26-b140b00097de - - - - -] SQL connection failed. -13 attempts left.
2016-12-20 06:07:53.206 6316 WARNING oslo_db.sqlalchemy.engines [req-4b48ea96-e8d3-4764-b635-7a9b264f95c3 - - - - -] SQL connection failed. -13 attempts left.
2016-12-20 06:08:03.189 6342 WARNING oslo_db.sqlalchemy.engines [req-16bd1ff3-2193-45e9-b490-575506830ffe - - - - -] SQL connection failed. -14 attempts left.
2016-12-20 06:08:03.197 6315 WARNING oslo_db.sqlalchemy.engines [req-c4230870-5613-4361-a23a-bd18e38bb3fc - - - - -] SQL connection failed. -14 attempts left.
2016-12-20 06:08:03.197 6314 WARNING oslo_db.sqlalchemy.engines [req-63ac0b40-4e18-4aaf-83b2-8923c9e8573d - - - - -] SQL connection failed. -14 attempts left.
2016-12-20 06:08:03.199 6340 WARNING oslo_db.sqlalchemy.engines [req-2e8d4bd9-938c-477b-a17b-26d320385dc5 - - - - -] SQL connection failed. -14 attempts left.
2016-12-20 06:08:03.199 6313 WARNING oslo_db.sqlalchemy.engines [req-bfba7b52-c510-4740-ab65-d683da9c3bb7 - - - - -] SQL connection failed. -14 attempts left.
2016-12-20 06:08:03.199 6341 WARNING oslo_db.sqlalchemy.engines [req-3990329c-1718-4023-8bb6-79ee63688104 - - - - -] SQL connection failed. -14 attempts left.
2016-12-20 06:08:03.203 6339 WARNING oslo_db.sqlalchemy.engines [req-3b6d3025-d7f2-449d-ae26-b140b00097de - - - - -] SQL connection failed. -14 attempts left.
2016-12-20 06:08:03.211 6316 WARNING oslo_db.sqlalchemy.engines [req-4b48ea96-e8d3-4764-b635-7a9b264f95c3 - - - - -] SQL connection failed. -14 attempts left.
2016-12-20 06:08:13.754 6313 INFO nova.osapi_compute.wsgi.server [req-bfba7b52-c510-4740-ab65-d683da9c3bb7 - - - - -] (6313) wsgi starting up on http://192.168.0.4:8774
2016-12-20 06:08:13.768 6342 INFO nova.metadata.wsgi.server [req-16bd1ff3-2193-45e9-b490-575506830ffe - - - - -] (6342) wsgi starting up on http://192.168.0.4:8775
2016-12-20 06:08:13.774 6340 INFO nova.metadata.wsgi.server [req-2e8d4bd9-938c-477b-a17b-26d320385dc5 - - - - -] (6340) wsgi starting up on http://192.168.0.4:8775
2016-12-20 06:08:13.778 6314 INFO nova.osapi_compute.wsgi.server [req-63ac0b40-4e18-4aaf-83b2-8923c9e8573d - - - - -] (6314) wsgi starting up on http://192.168.0.4:8774
2016-12-20 06:08:13.778 6341 INFO nova.metadata.wsgi.server [req-3990329c-1718-4023-8bb6-79ee63688104 - - - - -] (6341) wsgi starting up on http://192.168.0.4:8775
2016-12-20 06:08:13.782 6315 INFO nova.osapi_compute.wsgi.server [req-c4230870-5613-4361-a23a-bd18e38bb3fc - - - - -] (6315) wsgi starting up on http://192.168.0.4:8774
2016-12-20 06:08:13.786 6339 INFO nova.metadata.wsgi.server [req-3b6d3025-d7f2-449d-ae26-b140b00097de - - - - -] (6339) wsgi starting up on http://192.168.0.4:8775
2016-12-20 06:08:13.788 6316 INFO nova.osapi_compute.wsgi.server [req-4b48ea96-e8d3-4764-b635-7a9b264f95c3 - - - - -] (6316) wsgi starting up on http://192.168.0.4:8774
2016-12-20 06:08:13.926 6342 INFO nova.metadata.wsgi.server [-]
Traceback (most recent call last): File "/usr/lib/python2.7/dist-packages/eventlet/wsgi.py", line 512, in handle_one_response write(b''.join(towrite))
File "/usr/lib/python2.7/dist-packages/eventlet/wsgi.py", line 453, in write wfile.flush()
File "/usr/lib/python2.7/socket.py", line 303, in flush self._sock.sendall(view[write_offset:write_offset+buffer_size])
File "/usr/lib/python2.7/dist-packages/eventlet/greenio/base.py", line 385, in sendall tail = self.send(data, flags)
File "/usr/lib/python2.7/dist-packages/eventlet/greenio/base.py", line 379, in send return self._send_loop(self.fd.send, data, flags)
File "/usr/lib/python2.7/dist-packages/eventlet/greenio/base.py", line 366, in _send_loop return send_method(data, *args) error: [Errno 104] Connection reset by peer
2016-12-20 06:08:13.926 6313 INFO nova.osapi_compute.wsgi.server [-]
Traceback (most recent call last): File "/usr/lib/python2.7/dist-packages/eventlet/wsgi.py", line 512, in handle_one_response write(b''.join(towrite))
File "/usr/lib/python2.7/dist-packages/eventlet/wsgi.py", line 453, in write wfile.flush()
File "/usr/lib/python2.7/socket.py", line 303, in flush self._sock.sendall(view[write_offset:write_offset+buffer_size])
File "/usr/lib/python2.7/dist-packages/eventlet/greenio/base.py", line 385, in sendall tail = self.send(data, flags)
File "/usr/lib/python2.7/dist-packages/eventlet/greenio/base.py", line 379, in send return self._send_loop(self.fd.send, data, flags)
File "/usr/lib/python2.7/dist-packages/eventlet/greenio/base.py", line 366, in _send_loop return send_method(data, *args) error: [Errno 104] Connection reset by peer
2016-12-20 06:08:13.927 6313 INFO nova.osapi_compute.wsgi.server [-] 192.168.0.2 "OPTIONS / HTTP/1.0" status: 200 len: 0 time: 0.1713591
2016-12-20 06:08:13.927 6342 INFO nova.metadata.wsgi.server [-] 192.168.0.2 "OPTIONS / HTTP/1.0" status: 200 len: 0 time: 0.1545329
2016-12-20 06:08:13.927 6342 INFO nova.metadata.wsgi.server [-]
Traceback (most recent call last): File "/usr/lib/python2.7/dist-packages/eventlet/wsgi.py", line 512, in handle_one_response write(b''.join(towrite))
File "/usr/lib/python2.7/dist-packages/eventlet/wsgi.py", line 453, in write wfile.flush()
File "/usr/lib/python2.7/socket.py", line 303, in flush self._sock.sendall(view[write_offset:write_offset+buffer_size])
File "/usr/lib/python2.7/dist-packages/eventlet/greenio/base.py", line 385, in sendall tail = self.send(data, flags)
File "/usr/lib/python2.7/dist-packages/eventlet/greenio/base.py", line 379, in send return self._send_loop(self.fd.send, data, flags)
File "/usr/lib/python2.7/dist-packages/eventlet/greenio/base.py", line 366, in _send_loop return send_method(data, *args) error: [Errno 104] Connection reset by peer
2016-12-20 06:08:13.928 6313 INFO nova.osapi_compute.wsgi.server [-]
Traceback (most recent call last): File "/usr/lib/python2.7/dist-packages/eventlet/wsgi.py", line 512, in handle_one_response write(b''.join(towrite))
File "/usr/lib/python2.7/dist-packages/eventlet/wsgi.py", line 453, in write wfile.flush()
File "/usr/lib/python2.7/socket.py", line 303, in flush self._sock.sendall(view[write_offset:write_offset+buffer_size])
File "/usr/lib/python2.7/dist-packages/eventlet/greenio/base.py", line 385, in sendall tail = self.send(data, flags)
File "/usr/lib/python2.7/dist-packages/eventlet/greenio/base.py", line 379, in send return self._send_loop(self.fd.send, data, flags)
File "/usr/lib/python2.7/dist-packages/eventlet/greenio/base.py", line 366, in _send_loop return send_method(data, *args) error: [Errno 104] Connection reset by peer
2016-12-20 06:08:13.928 6342 INFO nova.metadata.wsgi.server [-] 192.168.0.2 "OPTIONS / HTTP/1.0" status: 200 len: 0 time: 0.0004570
2016-12-20 06:08:13.928 6313 INFO nova.osapi_compute.wsgi.server [-] 192.168.0.2 "OPTIONS / HTTP/1.0" status: 200 len: 0 time: 0.0006080
2016-12-20 06:08:13.928 6342 INFO nova.metadata.wsgi.server [-]
Traceback (most recent call last): File "/usr/lib/python2.7/dist-packages/eventlet/wsgi.py", line 512, in handle_one_response write(b''.join(towrite))
File "/usr/lib/python2.7/dist-packages/eventlet/wsgi.py", line 453, in write wfile.flush()
File "/usr/lib/python2.7/socket.py", line 303, in flush self._sock.sendall(view[write_offset:write_offset+buffer_size])
File "/usr/lib/python2.7/dist-packages/eventlet/greenio/base.py", line 385, in sendall tail = self.send(data, flags)
File "/usr/lib/python2.7/dist-packages/eventlet/greenio/base.py", line 379, in send return self._send_loop(self.fd.send, data, flags)
File "/usr/lib/python2.7/dist-packages/eventlet/greenio/base.py", line 366, in _send_loop return send_method(data, *args) error: [Errno 104] Connection reset by peer
2016-12-20 06:08:13.928 6342 INFO nova.metadata.wsgi.server [-] 192.168.0.2 "OPTIONS / HTTP/1.0" status: 200 len: 0 time: 0.0003879
2016-12-20 06:08:13.928 6313 INFO nova.osapi_compute.wsgi.server [-]
Traceback (most recent call last): File "/usr/lib/python2.7/dist-packages/eventlet/wsgi.py", line 512, in handle_one_response write(b''.join(towrite))
File "/usr/lib/python2.7/dist-packages/eventlet/wsgi.py", line 453, in write wfile.flush()
File "/usr/lib/python2.7/socket.py", line 303, in flush self._sock.sendall(view[write_offset:write_offset+buffer_size])
File "/usr/lib/python2.7/dist-packages/eventlet/greenio/base.py", line 385, in sendall tail = self.send(data, flags)
File "/usr/lib/python2.7/dist-packages/eventlet/greenio/base.py", line 379, in send return self._send_loop(self.fd.send, data, flags)
File "/usr/lib/python2.7/dist-packages/eventlet/greenio/base.py", line 366, in _send_loop return send_method(data, *args) error: [Errno 104] Connection reset by peer
2016-12-20 06:08:13.929 6313 INFO nova.osapi_compute.wsgi.server [-] 192.168.0.2 "OPTIONS / HTTP/1.0" status: 200 len: 0 time: 0.0005112
2016-12-20 06:08:13.929 6342 INFO nova.metadata.wsgi.server [-]
Traceback (most recent call last): File "/usr/lib/python2.7/dist-packages/eventlet/wsgi.py", line 512, in handle_one_response write(b''.join(towrite))
File "/usr/lib/python2.7/dist-packages/eventlet/wsgi.py", line 453, in write wfile.flush()
File "/usr/lib/python2.7/socket.py", line 303, in flush self._sock.sendall(view[write_offset:write_offset+buffer_size])
File "/usr/lib/python2.7/dist-packages/eventlet/greenio/base.py", line 385, in sendall tail = self.send(data, flags)
File "/usr/lib/python2.7/dist-packages/eventlet/greenio/base.py", line 379, in send return self._send_loop(self.fd.send, data, flags)
File "/usr/lib/python2.7/dist-packages/eventlet/greenio/base.py", line 366, in _send_loop return send_method(data, *args) error: [Errno 104] Connection reset by peer
2016-12-20 06:08:13.929 6342 INFO nova.metadata.wsgi.server [-] 192.168.0.2 "OPTIONS / HTTP/1.0" status: 200 len: 0 time: 0.0004010
2016-12-20 06:08:13.929 6313 INFO nova.osapi_compute.wsgi.server [-]
Traceback (most recent call last): File "/usr/lib/python2.7/dist-packages/eventlet/wsgi.py", line 512, in handle_one_response write(b''.join(towrite))
File "/usr/lib/python2.7/dist-packages/eventlet/wsgi.py", line 453, in write wfile.flush()
File "/usr/lib/python2.7/socket.py", line 303, in flush self._sock.sendall(view[write_offset:write_offset+buffer_size])
File "/usr/lib/python2.7/dist-packages/eventlet/greenio/base.py", line 385, in sendall tail = self.send(data, flags)
File "/usr/lib/python2.7/dist-packages/eventlet/greenio/base.py", line 379, in send return self._send_loop(self.fd.send, data, flags)
File "/usr/lib/python2.7/dist-packages/eventlet/greenio/base.py", line 366, in _send_loop return send_method(data, *args) error: [Errno 104] Connection reset by peer
2016-12-20 06:08:13.929 6313 INFO nova.osapi_compute.wsgi.server [-] 192.168.0.2 "OPTIONS / HTTP/1.0" status: 200 len: 0 time: 0.0005031
2016-12-20 06:08:13.930 6342 INFO nova.metadata.wsgi.server [-]
Traceback (most recent call last): File "/usr/lib/python2.7/dist-packages/eventlet/wsgi.py", line 512, in handle_one_response write(b''.join(towrite))
File "/usr/lib/python2.7/dist-packages/eventlet/wsgi.py", line 453, in write wfile.flush()
File "/usr/lib/python2.7/socket.py", line 303, in flush self._sock.sendall(view[write_offset:write_offset+buffer_size])
File "/usr/lib/python2.7/dist-packages/eventlet/greenio/base.py", line 385, in sendall tail = self.send(data, flags)
File "/usr/lib/python2.7/dist-packages/eventlet/greenio/base.py", line 379, in send return self._send_loop(self.fd.send, data, flags)
File "/usr/lib/python2.7/dist-packages/eventlet/greenio/base.py", line 366, in _send_loop return send_method(data, *args) error: [Errno 104] Connection reset by peer
2016-12-20 06:08:13.930 6342 INFO nova.metadata.wsgi.server [-] 192.168.0.2 "OPTIONS / HTTP/1.0" status: 200 len: 0 time: 0.0003881
2016-12-20 06:08:13.930 6313 INFO nova.osapi_compute.wsgi.server [-]
Traceback (most recent call last): File "/usr/lib/python2.7/dist-packages/eventlet/wsgi.py", line 512, in handle_one_response write(b''.join(towrite))
File "/usr/lib/python2.7/dist-packages/eventlet/wsgi.py", line 453, in write wfile.flush()
File "/usr/lib/python2.7/socket.py", line 303, in flush self._sock.sendall(view[write_offset:write_offset+buffer_size])
File "/usr/lib/python2.7/dist-packages/eventlet/greenio/base.py", line 385, in sendall tail = self.send(data, flags)
File "/usr/lib/python2.7/dist-packages/eventlet/greenio/base.py", line 379, in send return self._send_loop(self.fd.send, data, flags)
File "/usr/lib/python2.7/dist-packages/eventlet/greenio/base.py", line 366, in _send_loop return send_method(data, *args) error: [Errno 104] Connection reset by peer
2016-12-20 06:08:13.930 6313 INFO nova.osapi_compute.wsgi.server [-] 192.168.0.2 "OPTIONS / HTTP/1.0" status: 200 len: 0 time: 0.0005312
2016-12-20 06:08:13.930 6342 INFO nova.metadata.wsgi.server [-]
Traceback (most recent call last): File "/usr/lib/python2.7/dist-packages/eventlet/wsgi.py", line 512, in handle_one_response write(b''.join(towrite))
File "/usr/lib/python2.7/dist-packages/eventlet/wsgi.py", line 453, in write wfile.flush()
File "/usr/lib/python2.7/socket.py", line 303, in flush self._sock.sendall(view[write_offset:write_offset+buffer_size])
File "/usr/lib/python2.7/dist-packages/eventlet/greenio/base.py", line 385, in sendall tail = self.send(data, flags)
File "/usr/lib/python2.7/dist-packages/eventlet/greenio/base.py", line 379, in send return self._send_loop(self.fd.send, data, flags)
File "/usr/lib/python2.7/dist-packages/eventlet/greenio/base.py", line 366, in _send_loop return send_method(data, *args) error: [Errno 104] Connection reset by peer
2016-12-20 06:08:13.931 6342 INFO nova.metadata.wsgi.server [-] 192.168.0.2 "OPTIONS / HTTP/1.0" status: 200 len: 0 time: 0.0003901
2016-12-20 06:08:13.931 6313 INFO nova.osapi_compute.wsgi.server [-]
Traceback (most recent call last): File "/usr/lib/python2.7/dist-packages/eventlet/wsgi.py", line 512, in handle_one_response write(b''.join(towrite))
File "/usr/lib/python2.7/dist-packages/eventlet/wsgi.py", line 453, in write wfile.flush()
File "/usr/lib/python2.7/socket.py", line 303, in flush self._sock.sendall(view[write_offset:write_offset+buffer_size])
File "/usr/lib/python2.7/dist-packages/eventlet/greenio/base.py", line 385, in sendall tail = self.send(data, flags)
File "/usr/lib/python2.7/dist-packages/eventlet/greenio/base.py", line 379, in send return self._send_loop(self.fd.send, data, flags)
File "/usr/lib/python2.7/dist-packages/eventlet/greenio/base.py", line 366, in _send_loop return send_method(data, *args) error: [Errno 104] Connection reset by peer
2016-12-20 06:08:13.931 6342 INFO nova.metadata.wsgi.server [-]
Traceback (most recent call last): File "/usr/lib/python2.7/dist-packages/eventlet/wsgi.py", line 512, in handle_one_response write(b''.join(towrite))
File "/usr/lib/python2.7/dist-packages/eventlet/wsgi.py", line 453, in write wfile.flush()
File "/usr/lib/python2.7/socket.py", line 303, in flush self._sock.sendall(view[write_offset:write_offset+buffer_size])
File "/usr/lib/python2.7/dist-packages/eventlet/greenio/base.py", line 385, in sendall tail = self.send(data, flags)
File "/usr/lib/python2.7/dist-packages/eventlet/greenio/base.py", line 379, in send return self._send_loop(self.fd.send, data, flags)
File "/usr/lib/python2.7/dist-packages/eventlet/greenio/base.py", line 366, in _send_loop return send_method(data, *args) error: [Errno 104] Connection reset by peer
2016-12-20 06:08:13.931 6313 INFO nova.osapi_compute.wsgi.server [-] 192.168.0.2 "OPTIONS / HTTP/1.0" status: 200 len: 0 time: 0.0006521
2016-12-20 06:08:13.931 6342 INFO nova.metadata.wsgi.server [-] 192.168.0.2 "OPTIONS / HTTP/1.0" status: 200 len: 0 time: 0.0003810
2016-12-20 06:08:13.932 6342 INFO nova.metadata.wsgi.server [-]
Traceback (most recent call last): File "/usr/lib/python2.7/dist-packages/eventlet/wsgi.py", line 512, in handle_one_response write(b''.join(towrite))
File "/usr/lib/python2.7/dist-packages/eventlet/wsgi.py", line 453, in write wfile.flush()
File "/usr/lib/python2.7/socket.py", line 303, in flush self._sock.sendall(view[write_offset:write_offset+buffer_size])
File "/usr/lib/python2.7/dist-packages/eventlet/greenio/base.py", line 385, in sendall tail = self.send(data, flags)
File "/usr/lib/python2.7/dist-packages/eventlet/greenio/base.py", line 379, in send return self._send_loop(self.fd.send, data, flags)
File "/usr/lib/python2.7/dist-packages/eventlet/greenio/base.py", line 366, in _send_loop return send_method(data, *args) error: [Errno 104] Connection reset by peer
2016-12-20 06:08:13.932 6313 INFO nova.osapi_compute.wsgi.server [-]
Traceback (most recent call last): File "/usr/lib/python2.7/dist-packages/eventlet/wsgi.py", line 512, in handle_one_response write(b''.join(towrite))
File "/usr/lib/python2.7/dist-packages/eventlet/wsgi.py", line 453, in write wfile.flush()
File "/usr/lib/python2.7/socket.py", line 303, in flush self._sock.sendall(view[write_offset:write_offset+buffer_size])
File "/usr/lib/python2.7/dist-packages/eventlet/greenio/base.py", line 385, in sendall tail = self.send(data, flags)
File "/usr/lib/python2.7/dist-packages/eventlet/greenio/base.py", line 379, in send return self._send_loop(self.fd.send, data, flags)
File "/usr/lib/python2.7/dist-packages/eventlet/greenio/base.py", line 366, in _send_loop return send_method(data, *args) error: [Errno 104] Connection reset by peer
2016-12-20 06:08:13.932 6342 INFO nova.metadata.wsgi.server [-] 192.168.0.2 "OPTIONS / HTTP/1.0" status: 200 len: 0 time: 0.0003891
2016-12-20 06:08:13.932 6313 INFO nova.osapi_compute.wsgi.server [-] 192.168.0.2 "OPTIONS / HTTP/1.0" status: 200 len: 0 time: 0.0005040
2016-12-20 06:08:13.933 6342 INFO nova.metadata.wsgi.server [-]
Traceback (most recent call last): File "/usr/lib/python2.7/dist-packages/eventlet/wsgi.py", line 512, in handle_one_response write(b''.join(towrite))
File "/usr/lib/python2.7/dist-packages/eventlet/wsgi.py", line 453, in write wfile.flush()
File "/usr/lib/python2.7/socket.py", line 303, in flush self._sock.sendall(view[write_offset:write_offset+buffer_size])
File "/usr/lib/python2.7/dist-packages/eventlet/greenio/base.py", line 385, in sendall tail = self.send(data, flags)
File "/usr/lib/python2.7/dist-packages/eventlet/greenio/base.py", line 379, in send return self._send_loop(self.fd.send, data, flags)
File "/usr/lib/python2.7/dist-packages/eventlet/greenio/base.py", line 366, in _send_loop return send_method(data, *args) error: [Errno 104] Connection reset by peer
2016-12-20 06:08:13.933 6342 INFO nova.metadata.wsgi.server [-] 192.168.0.2 "OPTIONS / HTTP/1.0" status: 200 len: 0 time: 0.0004170
2016-12-20 06:08:13.933 6313 INFO nova.osapi_compute.wsgi.server [-]
Traceback (most recent call last): File "/usr/lib/python2.7/dist-packages/eventlet/wsgi.py", line 512, in handle_one_response write(b''.join(towrite))
File "/usr/lib/python2.7/dist-packages/eventlet/wsgi.py", line 453, in write wfile.flush()
File "/usr/lib/python2.7/socket.py", line 303, in flush self._sock.sendall(view[write_offset:write_offset+buffer_size])
File "/usr/lib/python2.7/dist-packages/eventlet/greenio/base.py", line 385, in sendall tail = self.send(data, flags)
File "/usr/lib/python2.7/dist-packages/eventlet/greenio/base.py", line 379, in send return self._send_loop(self.fd.send, data, flags)
File "/usr/lib/python2.7/dist-packages/eventlet/greenio/base.py", line 366, in _send_loop return send_method(data, *args) error: [Errno 104] Connection reset by peer
2016-12-20 06:08:13.933 6313 INFO nova.osapi_compute.wsgi.server [-] 192.168.0.2 "OPTIONS / HTTP/1.0" status: 200 len: 0 time: 0.0005372
2016-12-20 06:08:13.934 6313 INFO nova.osapi_compute.wsgi.server [-]
Traceback (most recent call last): File "/usr/lib/python2.7/dist-packages/eventlet/wsgi.py", line 512, in handle_one_response write(b''.join(towrite))
File "/usr/lib/python2.7/dist-packages/eventlet/wsgi.py", line 453, in write wfile.flush()
File "/usr/lib/python2.7/socket.py", line 303, in flush self._sock.sendall(view[write_offset:write_offset+buffer_size])
File "/usr/lib/python2.7/dist-packages/eventlet/greenio/base.py", line 385, in sendall tail = self.send(data, flags)
File "/usr/lib/python2.7/dist-packages/eventlet/greenio/base.py", line 379, in send return self._send_loop(self.fd.send, data, flags)
File "/usr/lib/python2.7/dist-packages/eventlet/greenio/base.py", line 366, in _send_loop return send_method(data, *args) error: [Errno 104] Connection reset by peer
2016-12-20 06:08:13.934 6313 INFO nova.osapi_compute.wsgi.server [-] 192.168.0.2 "OPTIONS / HTTP/1.0" status: 200 len: 0 time: 0.0005131
2016-12-20 06:08:14.499 6339 INFO nova.metadata.wsgi.server [-] 192.168.0.2 "OPTIONS / HTTP/1.0" status: 200 len: 234 time: 0.0005231
2016-12-20 06:08:14.551 6314 INFO nova.osapi_compute.wsgi.server [-] 192.168.0.2 "OPTIONS / HTTP/1.0" status: 200 len: 499 time: 0.0008099
2016-12-20 06:08:16.463 6339 INFO nova.metadata.wsgi.server [-] 192.168.0.2 "OPTIONS / HTTP/1.0" status: 200 len: 234 time: 0.0002639
2016-12-20 06:08:16.579 6315 INFO nova.osapi_compute.wsgi.server [-] 192.168.0.2 "OPTIONS / HTTP/1.0" status: 200 len: 499 time: 0.0008459
2016-12-20 06:08:18.503 6339 INFO nova.metadata.wsgi.server [-] 192.168.0.2 "OPTIONS / HTTP/1.0" status: 200 len: 234 time: 0.0002670
2016-12-20 06:08:18.639 6314 INFO nova.osapi_compute.wsgi.server [-] 192.168.0.2 "OPTIONS / HTTP/1.0" status: 200 len: 499 time: 0.0004241
2016-12-20 06:08:28.379 6316 INFO nova.osapi_compute.wsgi.server [-] 192.168.0.2 "OPTIONS / HTTP/1.0" status: 200 len: 499 time: 0.0008371
2016-12-20 06:08:28.790 6339 INFO nova.metadata.wsgi.server [-] 192.168.0.2 "OPTIONS / HTTP/1.0" status: 200 len: 234 time: 0.0002611
2016-12-20 06:08:38.358 6315 INFO nova.osapi_compute.wsgi.server [-] 192.168.0.2 "OPTIONS / HTTP/1.0" status: 200 len: 499 time: 0.0004649
2016-12-20 06:08:38.701 6342 INFO nova.metadata.wsgi.server [-] 192.168.0.2 "OPTIONS / HTTP/1.0" status: 200 len: 234 time: 0.0002899
2016-12-20 06:08:39.996 6316 INFO nova.api.openstack.compute.server_external_events [req-38cd6c9f-8aaa-49b0-b38e-d8d14f52918e 8e7101c3a3e9404d8bdadd6257fbbc84 b62480b9d83d421a8fdf174efa0173c8 - - -] Creating event network-vif-plugged:519fdd37-891f-476f-bc8d-91c25e7f7caa for instance e2359a6b-0fe5-4f80-ad87-dd8db843cbe0
2016-12-20 06:08:40.013 6316 INFO nova.api.openstack.compute.server_external_events [req-38cd6c9f-8aaa-49b0-b38e-d8d14f52918e 8e7101c3a3e9404d8bdadd6257fbbc84 b62480b9d83d421a8fdf174efa0173c8 - - -] Creating event network-vif-plugged:6b8450d8-a77c-4b32-bfe9-46759e179ab4 for instance c6aee7b8-d7a5-4718-a8df-396bbd8c78b6
2016-12-20 06:08:40.029 6316 INFO nova.osapi_compute.wsgi.server [req-38cd6c9f-8aaa-49b0-b38e-d8d14f52918e 8e7101c3a3e9404d8bdadd6257fbbc84 b62480b9d83d421a8fdf174efa0173c8 - - -] 192.168.0.2 "POST /v2.1/os-server-external-events HTTP/1.1" status: 200 len: 617 time: 0.6587651
2016-12-20 06:08:48.497 6315 INFO nova.osapi_compute.wsgi.server [-] 192.168.0.2 "OPTIONS / HTTP/1.0" status: 200 len: 499 time: 0.0004251
2016-12-20 06:08:48.708 6340 INFO nova.metadata.wsgi.server [-] 192.168.0.2 "OPTIONS / HTTP/1.0" status: 200 len: 234 time: 0.0005419
2016-12-20 06:08:58.679 6339 INFO nova.metadata.wsgi.server [-] 192.168.0.2 "OPTIONS / HTTP/1.0" status: 200 len: 234 time: 0.0002620
2016-12-20 06:08:58.722 6313 INFO nova.osapi_compute.wsgi.server [-] 192.168.0.2 "OPTIONS / HTTP/1.0" status: 200 len: 499 time: 0.0004120
2016-12-20 06:09:08.430 6313 INFO nova.osapi_compute.wsgi.server [-] 192.168.0.2 "OPTIONS / HTTP/1.0" status: 200 len: 499 time: 0.0004461
2016-12-20 06:09:08.455 6339 INFO nova.metadata.wsgi.server [-] 192.168.0.2 "OPTIONS / HTTP/1.0" status: 200 len: 234 time: 0.0002761
2016-12-20 06:09:18.258 6313 INFO nova.osapi_compute.wsgi.server [-] 192.168.0.2 "OPTIONS / HTTP/1.0" status: 200 len: 499 time: 0.0004370
2016-12-20 06:09:18.310 6342 INFO nova.metadata.wsgi.server [-] 192.168.0.2 "OPTIONS / HTTP/1.0" status: 200 len: 234 time: 0.0002699
2016-12-20 06:09:28.263 6316 INFO nova.osapi_compute.wsgi.server [-] 192.168.0.2 "OPTIONS / HTTP/1.0" status: 200 len: 499 time: 0.0004551
2016-12-20 06:09:28.523 6341 INFO nova.metadata.wsgi.server [-] 192.168.0.2 "OPTIONS / HTTP/1.0" status: 200 len: 234 time: 0.0005260
2016-12-20 06:09:38.503 6341 INFO nova.metadata.wsgi.server [-] 192.168.0.2 "OPTIONS / HTTP/1.0" status: 200 len: 234 time: 0.0002902
2016-12-20 06:09:38.540 6313 INFO nova.osapi_compute.wsgi.server [-] 192.168.0.2 "OPTIONS / HTTP/1.0" status: 200 len: 499 time: 0.0004160
2016-12-20 06:09:48.679 6342 INFO nova.metadata.wsgi.server [-] 192.168.0.2 "OPTIONS / HTTP/1.0" status: 200 len: 234 time: 0.0002820
2016-12-20 06:09:48.719 6313 INFO nova.osapi_compute.wsgi.server [-] 192.168.0.2 "OPTIONS / HTTP/1.0" status: 200 len: 499 time: 0.0004539
2016-12-20 06:09:58.444 6340 INFO nova.metadata.wsgi.server [-] 192.168.0.2 "OPTIONS / HTTP/1.0" status: 200 len: 234 time: 0.0002770
2016-12-20 06:09:58.857 6313 INFO nova.osapi_compute.wsgi.server [-] 192.168.0.2 "OPTIONS / HTTP/1.0" status: 200 len: 499 time: 0.0004120
2016-12-20 06:10:08.168 6340 INFO nova.metadata.wsgi.server [-] 192.168.0.2 "OPTIONS / HTTP/1.0" status: 200 len: 234 time: 0.0002642
2016-12-20 06:10:08.647 6314 INFO nova.osapi_compute.wsgi.server [-] 192.168.0.2 "OPTIONS / HTTP/1.0" status: 200 len: 499 time: 0.0004299
2016-12-20 06:10:18.418 6340 INFO nova.metadata.wsgi.server [-] 192.168.0.2 "OPTIONS / HTTP/1.0" status: 200 len: 234 time: 0.0002880
2016-12-20 06:10:18.473 6316 INFO nova.osapi_compute.wsgi.server [-] 192.168.0.2 "OPTIONS / HTTP/1.0" status: 200 len: 499 time: 0.0004630
2016-12-20 06:10:28.261 6314 INFO nova.osapi_compute.wsgi.server [-] 192.168.0.2 "OPTIONS / HTTP/1.0" status: 200 len: 499 time: 0.0004320
2016-12-20 06:10:28.430 6340 INFO nova.metadata.wsgi.server [-] 192.168.0.2 "OPTIONS / HTTP/1.0" status: 200 len: 234 time: 0.0002739
2016-12-20 06:10:38.251 6313 INFO nova.osapi_compute.wsgi.server [-] 192.168.0.2 "OPTIONS / HTTP/1.0" status: 200 len: 499 time: 0.0004261
2016-12-20 06:10:38.493 6342 INFO nova.metadata.wsgi.server [-] 192.168.0.2 "OPTIONS / HTTP/1.0" status: 200 len: 234 time: 0.0002890
2016-12-20 06:10:48.304 6342 INFO nova.metadata.wsgi.server [-] 192.168.0.2 "OPTIONS / HTTP/1.0" status: 200 len: 234 time: 0.0002770
2016-12-20 06:10:48.334 6315 INFO nova.osapi_compute.wsgi.server [-] 192.168.0.2 "OPTIONS / HTTP/1.0" status: 200 len: 499 time: 0.0004280
2016-12-20 06:10:58.372 6314 INFO nova.osapi_compute.wsgi.server [-] 192.168.0.2 "OPTIONS / HTTP/1.0" status: 200 len: 499 time: 0.0004241
2016-12-20 06:10:58.406 6341 INFO nova.metadata.wsgi.server [-] 192.168.0.2 "OPTIONS / HTTP/1.0" status: 200 len: 234 time: 0.0002759
2016-12-20 06:11:08.431 6314 INFO nova.osapi_compute.wsgi.server [-] 192.168.0.2 "OPTIONS / HTTP/1.0" status: 200 len: 499 time: 0.0004001
2016-12-20 06:11:08.546 6341 INFO nova.metadata.wsgi.server [-] 192.168.0.2 "OPTIONS / HTTP/1.0" status: 200 len: 234 time: 0.0002651
2016-12-20 06:11:18.372 6316 INFO nova.osapi_compute.wsgi.server [-] 192.168.0.2 "OPTIONS / HTTP/1.0" status: 200 len: 499 time: 0.0004182
2016-12-20 06:11:18.805 6341 INFO nova.metadata.wsgi.server [-] 192.168.0.2 "OPTIONS / HTTP/1.0" status: 200 len: 234 time: 0.0002911
2016-12-20 06:11:28.135 6316 INFO nova.osapi_compute.wsgi.server [-] 192.168.0.2 "OPTIONS / HTTP/1.0" status: 200 len: 499 time: 0.0004520
2016-12-20 06:11:28.666 6341 INFO nova.metadata.wsgi.server [-] 192.168.0.2 "OPTIONS / HTTP/1.0" status: 200 len: 234 time: 0.0002770
2016-12-20 06:11:38.040 6313 INFO nova.osapi_compute.wsgi.server [-] 192.168.0.2 "OPTIONS / HTTP/1.0" status: 200 len: 499 time: 0.0004370
2016-12-20 06:11:38.514 6341 INFO nova.metadata.wsgi.server [-] 192.168.0.2 "OPTIONS / HTTP/1.0" status: 200 len: 234 time: 0.0002818
2016-12-20 06:11:48.022 6313 INFO nova.osapi_compute.wsgi.server [-] 192.168.0.2 "OPTIONS / HTTP/1.0" status: 200 len: 499 time: 0.0004232
2016-12-20 06:11:48.509 6341 INFO nova.metadata.wsgi.server [-] 192.168.0.2 "OPTIONS / HTTP/1.0" status: 200 len: 234 time: 0.0002880
2016-12-20 06:11:51.367 6341 INFO nova.wsgi [-] Stopping WSGI server.
2016-12-20 06:11:51.367 6340 INFO nova.wsgi [-] Stopping WSGI server.
2016-12-20 06:11:51.367 6342 INFO nova.wsgi [-] Stopping WSGI server.
2016-12-20 06:11:51.368 6340 INFO nova.metadata.wsgi.server [req-2e8d4bd9-938c-477b-a17b-26d320385dc5 - - - - -] (6340) wsgi exited, is_accepting=True
2016-12-20 06:11:51.368 6342 INFO nova.metadata.wsgi.server [req-16bd1ff3-2193-45e9-b490-575506830ffe - - - - -] (6342) wsgi exited, is_accepting=True
2016-12-20 06:11:51.368 6341 INFO nova.metadata.wsgi.server [req-3990329c-1718-4023-8bb6-79ee63688104 - - - - -] (6341) wsgi exited, is_accepting=True
2016-12-20 06:11:51.368 6341 INFO nova.wsgi [-] WSGI server has stopped.
2016-12-20 06:11:51.368 6342 INFO nova.wsgi [-] WSGI server has stopped.
2016-12-20 06:11:51.368 6340 INFO nova.wsgi [-] WSGI server has stopped.
2016-12-20 06:11:51.372 6339 INFO nova.wsgi [-] Stopping WSGI server.
2016-12-20 06:11:51.372 6339 INFO nova.metadata.wsgi.server [req-3b6d3025-d7f2-449d-ae26-b140b00097de - - - - -] (6339) wsgi exited, is_accepting=True
2016-12-20 06:11:51.372 6313 INFO nova.wsgi [-] Stopping WSGI server.
2016-12-20 06:11:51.372 6315 INFO nova.wsgi [-] Stopping WSGI server.
2016-12-20 06:11:51.373 6314 INFO nova.wsgi [-] Stopping WSGI server.
2016-12-20 06:11:51.373 6315 INFO nova.osapi_compute.wsgi.server [req-c4230870-5613-4361-a23a-bd18e38bb3fc - - - - -] (6315) wsgi exited, is_accepting=True
2016-12-20 06:11:51.373 6314 INFO nova.osapi_compute.wsgi.server [req-63ac0b40-4e18-4aaf-83b2-8923c9e8573d - - - - -] (6314) wsgi exited, is_accepting=True
2016-12-20 06:11:51.373 6339 INFO nova.wsgi [-] WSGI server has stopped.
2016-12-20 06:11:51.374 6315 INFO nova.wsgi [-] WSGI server has stopped.
2016-12-20 06:11:51.374 6314 INFO nova.wsgi [-] WSGI server has stopped.
2016-12-20 06:11:51.373 6313 INFO nova.osapi_compute.wsgi.server [req-bfba7b52-c510-4740-ab65-d683da9c3bb7 - - - - -] (6313) wsgi exited, is_accepting=True
2016-12-20 06:11:51.378 6313 INFO nova.wsgi [-] WSGI server has stopped.
2016-12-20 06:11:51.389 5373 INFO oslo_service.service [-] Child 6315 exited with status 0
2016-12-20 06:11:51.400 5373 INFO oslo_service.service [-] Child 6314 exited with status 0
2016-12-20 06:11:51.415 6316 INFO nova.wsgi [-] Stopping WSGI server.
2016-12-20 06:11:51.415 6316 INFO nova.osapi_compute.wsgi.server [req-4b48ea96-e8d3-4764-b635-7a9b264f95c3 - - - - -] (6316) wsgi exited, is_accepting=True
2016-12-20 06:11:51.416 6316 INFO nova.wsgi [-] WSGI server has stopped.
2016-12-20 06:11:51.442 5373 INFO oslo_service.service [-] Child 6313 exited with status 0
2016-12-20 06:11:51.452 5373 INFO oslo_service.service [-] Child 6339 exited with status 0
2016-12-20 06:11:51.454 5373 INFO oslo_service.service [-] Child 6340 exited with status 0
2016-12-20 06:11:51.603 5373 INFO oslo_service.service [-] Child 6316 exited with status 0
2016-12-20 06:11:51.635 5373 INFO oslo_service.service [-] Child 6341 exited with status 0
2016-12-20 06:11:51.686 5373 INFO oslo_service.service [-] Child 6342 exited with status 0
2016-12-20 06:11:51.740 5373 INFO oslo_service.service [-] Caught SIGTERM, stopping children
2016-12-20 06:11:51.741 5373 INFO nova.wsgi [-] Stopping WSGI server.
2016-12-20 06:11:51.742 5373 INFO nova.wsgi [-] Stopping WSGI server.
2016-12-20 06:11:51.766 5373 INFO oslo_service.service [-] Waiting on 8 children to exit
2016-12-20 06:11:51.802 8145 INFO nova.wsgi [-] Stopping WSGI server.
2016-12-20 06:11:51.803 8129 INFO nova.wsgi [-] Stopping WSGI server.
2016-12-20 06:11:51.815 8167 INFO nova.wsgi [-] Stopping WSGI server.
2016-12-20 06:11:51.831 8178 INFO nova.wsgi [-] Stopping WSGI server.
2016-12-20 06:11:51.842 5373 INFO oslo_service.service [-] Child 8129 exited with status 0
2016-12-20 06:11:51.842 5373 INFO oslo_service.service [-] Child 8145 exited with status 0
2016-12-20 06:11:51.842 5373 INFO oslo_service.service [-] Child 8167 exited with status 0
2016-12-20 06:11:51.842 5373 INFO oslo_service.service [-] Child 8178 exited with status 0
2016-12-20 06:11:51.850 8180 INFO nova.wsgi [-] Stopping WSGI server.
2016-12-20 06:11:51.873 5373 INFO oslo_service.service [-] Child 8180 exited with status 0
2016-12-20 06:11:52.073 8123 INFO nova.wsgi [-] Stopping WSGI server.
2016-12-20 06:11:52.080 5373 INFO oslo_service.service [-] Child 8123 exited with status 0
2016-12-20 06:11:52.127 8127 INFO nova.wsgi [-] Stopping WSGI server.
2016-12-20 06:11:52.142 8128 INFO nova.wsgi [-] Stopping WSGI server.
2016-12-20 06:11:52.155 5373 INFO oslo_service.service [-] Child 8127 exited with status 0
2016-12-20 06:11:52.168 5373 INFO oslo_service.service [-] Child 8128 exited with status 0
2016-12-20 06:27:43.969 5363 WARNING oslo_reports.guru_meditation_report [-] Guru mediation now registers SIGUSR1 and SIGUSR2 by default for backward compatibility. SIGUSR1 will no longer be registered in a future release, so please use SIGUSR2 to generate reports.
2016-12-20 06:27:44.091 5363 INFO oslo_service.periodic_task [-] Skipping periodic task _periodic_update_dns because its interval is negative
2016-12-20 06:27:44.106 5363 WARNING oslo_config.cfg [-] Option "volume_api_class" from group "DEFAULT" is deprecated for removal. Its value may be silently ignored in the future.
2016-12-20 06:27:44.112 5363 WARNING oslo_config.cfg [-] Option "security_group_api" from group "DEFAULT" is deprecated for removal. Its value may be silently ignored in the future.
2016-12-20 06:27:44.113 5363 WARNING oslo_config.cfg [-] Option "use_local" from group "conductor" is deprecated for removal. Its value may be silently ignored in the future.
2016-12-20 06:27:44.211 5363 INFO nova.api.openstack [-] Loaded extensions: ['extensions', 'flavors', 'image-metadata', 'image-size', 'images', 'ips', 'limits', 'os-access-ips', 'os-admin-actions', 'os-admin-password', 'os-agents', 'os-aggregates', 'os-assisted-volume-snapshots', 'os-attach-interfaces', 'os-availability-zone', 'os-baremetal-nodes', 'os-block-device-mapping', 'os-cells', 'os-certificates', 'os-cloudpipe', 'os-config-drive', 'os-console-auth-tokens', 'os-console-output', 'os-consoles', 'os-create-backup', 'os-deferred-delete', 'os-disk-config', 'os-evacuate', 'os-extended-availability-zone', 'os-extended-server-attributes', 'os-extended-status', 'os-extended-volumes', 'os-fixed-ips', 'os-flavor-access', 'os-flavor-extra-specs', 'os-flavor-manage', 'os-flavor-rxtx', 'os-floating-ip-dns', 'os-floating-ip-pools', 'os-floating-ips', 'os-floating-ips-bulk', 'os-fping', 'os-hide-server-addresses', 'os-hosts', 'os-hypervisors', 'os-instance-actions', 'os-instance-usage-audit-log', 'os-keypairs', 'os-lock-server', 'os-migrate-server', 'os-migrations', 'os-multinic', 'os-multiple-create', 'os-networks', 'os-networks-associate', 'os-pause-server', 'os-personality', 'os-preserve-ephemeral-rebuild', 'os-quota-class-sets', 'os-quota-sets', 'os-remote-consoles', 'os-rescue', 'os-scheduler-hints', 'os-security-group-default-rules', 'os-security-groups', 'os-server-diagnostics', 'os-server-external-events', 'os-server-groups', 'os-server-password', 'os-server-usage', 'os-services', 'os-shelve', 'os-simple-tenant-usage', 'os-suspend-server', 'os-tenant-networks', 'os-used-limits', 'os-user-data', 'os-virtual-interfaces', 'os-volumes', 'server-metadata', 'server-migrations', 'servers', 'versions']
2016-12-20 06:27:44.213 5363 WARNING keystonemiddleware.auth_token [-] Use of the auth_admin_prefix, auth_host, auth_port, auth_protocol, identity_uri, admin_token, admin_user, admin_password, and admin_tenant_name configuration options was deprecated in the Mitaka release in favor of an auth_plugin and its related options. This class may be removed in a future release.
2016-12-20 06:27:44.371 5363 INFO nova.api.openstack [-] Loaded extensions: ['extensions', 'flavors', 'image-metadata', 'image-size', 'images', 'ips', 'limits', 'os-access-ips', 'os-admin-actions', 'os-admin-password', 'os-agents', 'os-aggregates', 'os-assisted-volume-snapshots', 'os-attach-interfaces', 'os-availability-zone', 'os-baremetal-nodes', 'os-block-device-mapping', 'os-cells', 'os-certificates', 'os-cloudpipe', 'os-config-drive', 'os-console-auth-tokens', 'os-console-output', 'os-consoles', 'os-create-backup', 'os-deferred-delete', 'os-disk-config', 'os-evacuate', 'os-extended-availability-zone', 'os-extended-server-attributes', 'os-extended-status', 'os-extended-volumes', 'os-fixed-ips', 'os-flavor-access', 'os-flavor-extra-specs', 'os-flavor-manage', 'os-flavor-rxtx', 'os-floating-ip-dns', 'os-floating-ip-pools', 'os-floating-ips', 'os-floating-ips-bulk', 'os-fping', 'os-hide-server-addresses', 'os-hosts', 'os-hypervisors', 'os-instance-actions', 'os-instance-usage-audit-log', 'os-keypairs', 'os-lock-server', 'os-migrate-server', 'os-migrations', 'os-multinic', 'os-multiple-create', 'os-networks', 'os-networks-associate', 'os-pause-server', 'os-personality', 'os-preserve-ephemeral-rebuild', 'os-quota-class-sets', 'os-quota-sets', 'os-remote-consoles', 'os-rescue', 'os-scheduler-hints', 'os-security-group-default-rules', 'os-security-groups', 'os-server-diagnostics', 'os-server-external-events', 'os-server-groups', 'os-server-password', 'os-server-usage', 'os-services', 'os-shelve', 'os-simple-tenant-usage', 'os-suspend-server', 'os-tenant-networks', 'os-used-limits', 'os-user-data', 'os-virtual-interfaces', 'os-volumes', 'server-metadata', 'server-migrations', 'servers', 'versions']
2016-12-20 06:27:44.372 5363 WARNING keystonemiddleware.auth_token [-] Use of the auth_admin_prefix, auth_host, auth_port, auth_protocol, identity_uri, admin_token, admin_user, admin_password, and admin_tenant_name configuration options was deprecated in the Mitaka release in favor of an auth_plugin and its related options. This class may be removed in a future release.
2016-12-20 06:27:44.376 5363 INFO nova.wsgi [-] osapi_compute listening on 192.168.0.4:8774
2016-12-20 06:27:44.376 5363 INFO oslo_service.service [-] Starting 4 workers
2016-12-20 06:27:44.385 5363 INFO nova.network.driver [-] Loading network driver 'nova.network.linux_net'
2016-12-20 06:27:45.782 6313 WARNING oslo_db.sqlalchemy.engines [req-ec176b46-4765-4edf-a974-4e6110aab196 - - - - -] SQL connection failed. -1 attempts left.
2016-12-20 06:27:45.783 6314 WARNING oslo_db.sqlalchemy.engines [req-bc5eec42-d236-46cb-afdd-480f3dc2369b - - - - -] SQL connection failed. -1 attempts left.
2016-12-20 06:27:45.783 6315 WARNING oslo_db.sqlalchemy.engines [req-7a2ffd71-2e61-4834-9a1d-51313dd4f62c - - - - -] SQL connection failed. -1 attempts left.
2016-12-20 06:27:45.784 6316 WARNING oslo_db.sqlalchemy.engines [req-75a8494e-c5da-480d-acce-e12f132fa8cd - - - - -] SQL connection failed. -1 attempts left.
2016-12-20 06:27:46.629 5363 INFO nova.wsgi [-] metadata listening on 192.168.0.4:8775
2016-12-20 06:27:46.629 5363 INFO oslo_service.service [-] Starting 4 workers
2016-12-20 06:27:46.648 5363 WARNING oslo_config.cfg [-] Option "auth_plugin" from group "neutron" is deprecated. Use option "auth_type" from group "neutron".
2016-12-20 06:27:46.649 5363 WARNING oslo_config.cfg [-] Option "novncproxy_host" from group "DEFAULT" is deprecated. Use option "novncproxy_host" from group "vnc".
2016-12-20 06:27:46.649 5363 WARNING oslo_config.cfg [-] Option "novncproxy_port" from group "DEFAULT" is deprecated. Use option "novncproxy_port" from group "vnc".
2016-12-20 06:27:48.780 6341 WARNING oslo_db.sqlalchemy.engines [req-b099de5d-3c4c-47a9-a195-bddbfc1d9442 - - - - -] SQL connection failed. -1 attempts left.
2016-12-20 06:27:48.780 6340 WARNING oslo_db.sqlalchemy.engines [req-e3394204-3c0f-418b-9fe7-8dd4dd84b38c - - - - -] SQL connection failed. -1 attempts left.
2016-12-20 06:27:48.780 6342 WARNING oslo_db.sqlalchemy.engines [req-fb604eb3-e08a-4abf-9018-173b4992e1bd - - - - -] SQL connection failed. -1 attempts left.
2016-12-20 06:27:48.781 6343 WARNING oslo_db.sqlalchemy.engines [req-9b3c107f-18a3-4943-a557-dcd811e6b1a2 - - - - -] SQL connection failed. -1 attempts left.
2016-12-20 06:27:56.787 6314 WARNING oslo_db.sqlalchemy.engines [req-bc5eec42-d236-46cb-afdd-480f3dc2369b - - - - -] SQL connection failed. -2 attempts left.
2016-12-20 06:27:56.788 6316 WARNING oslo_db.sqlalchemy.engines [req-75a8494e-c5da-480d-acce-e12f132fa8cd - - - - -] SQL connection failed. -2 attempts left.
2016-12-20 06:27:56.788 6313 WARNING oslo_db.sqlalchemy.engines [req-ec176b46-4765-4edf-a974-4e6110aab196 - - - - -] SQL connection failed. -2 attempts left.
2016-12-20 06:27:56.788 6315 WARNING oslo_db.sqlalchemy.engines [req-7a2ffd71-2e61-4834-9a1d-51313dd4f62c - - - - -] SQL connection failed. -2 attempts left.
2016-12-20 06:28:01.784 6341 WARNING oslo_db.sqlalchemy.engines [req-b099de5d-3c4c-47a9-a195-bddbfc1d9442 - - - - -] SQL connection failed. -2 attempts left.
2016-12-20 06:28:01.784 6342 WARNING oslo_db.sqlalchemy.engines [req-fb604eb3-e08a-4abf-9018-173b4992e1bd - - - - -] SQL connection failed. -2 attempts left.
2016-12-20 06:28:01.784 6343 WARNING oslo_db.sqlalchemy.engines [req-9b3c107f-18a3-4943-a557-dcd811e6b1a2 - - - - -] SQL connection failed. -2 attempts left.
2016-12-20 06:28:04.780 6340 WARNING oslo_db.sqlalchemy.engines [req-e3394204-3c0f-418b-9fe7-8dd4dd84b38c - - - - -] SQL connection failed. -2 attempts left.
2016-12-20 06:28:06.791 6315 WARNING oslo_db.sqlalchemy.engines [req-7a2ffd71-2e61-4834-9a1d-51313dd4f62c - - - - -] SQL connection failed. -3 attempts left.
2016-12-20 06:28:06.793 6316 WARNING oslo_db.sqlalchemy.engines [req-75a8494e-c5da-480d-acce-e12f132fa8cd - - - - -] SQL connection failed. -3 attempts left.
2016-12-20 06:28:06.793 6314 WARNING oslo_db.sqlalchemy.engines [req-bc5eec42-d236-46cb-afdd-480f3dc2369b - - - - -] SQL connection failed. -3 attempts left.
2016-12-20 06:28:06.794 6313 WARNING oslo_db.sqlalchemy.engines [req-ec176b46-4765-4edf-a974-4e6110aab196 - - - - -] SQL connection failed. -3 attempts left.
2016-12-20 06:28:11.788 6343 WARNING oslo_db.sqlalchemy.engines [req-9b3c107f-18a3-4943-a557-dcd811e6b1a2 - - - - -] SQL connection failed. -3 attempts left.
2016-12-20 06:28:11.788 6342 WARNING oslo_db.sqlalchemy.engines [req-fb604eb3-e08a-4abf-9018-173b4992e1bd - - - - -] SQL connection failed. -3 attempts left.
2016-12-20 06:28:11.790 6341 WARNING oslo_db.sqlalchemy.engines [req-b099de5d-3c4c-47a9-a195-bddbfc1d9442 - - - - -] SQL connection failed. -3 attempts left.
2016-12-20 06:28:14.786 6340 WARNING oslo_db.sqlalchemy.engines [req-e3394204-3c0f-418b-9fe7-8dd4dd84b38c - - - - -] SQL connection failed. -3 attempts left.
2016-12-20 06:28:16.797 6315 WARNING oslo_db.sqlalchemy.engines [req-7a2ffd71-2e61-4834-9a1d-51313dd4f62c - - - - -] SQL connection failed. -4 attempts left.
2016-12-20 06:28:16.803 6314 WARNING oslo_db.sqlalchemy.engines [req-bc5eec42-d236-46cb-afdd-480f3dc2369b - - - - -] SQL connection failed. -4 attempts left.
2016-12-20 06:28:16.803 6313 WARNING oslo_db.sqlalchemy.engines [req-ec176b46-4765-4edf-a974-4e6110aab196 - - - - -] SQL connection failed. -4 attempts left.
2016-12-20 06:28:16.803 6316 WARNING oslo_db.sqlalchemy.engines [req-75a8494e-c5da-480d-acce-e12f132fa8cd - - - - -] SQL connection failed. -4 attempts left.
2016-12-20 06:28:21.796 6341 WARNING oslo_db.sqlalchemy.engines [req-b099de5d-3c4c-47a9-a195-bddbfc1d9442 - - - - -] SQL connection failed. -4 attempts left.
2016-12-20 06:28:21.796 6342 WARNING oslo_db.sqlalchemy.engines [req-fb604eb3-e08a-4abf-9018-173b4992e1bd - - - - -] SQL connection failed. -4 attempts left.
2016-12-20 06:28:21.798 6343 WARNING oslo_db.sqlalchemy.engines [req-9b3c107f-18a3-4943-a557-dcd811e6b1a2 - - - - -] SQL connection failed. -4 attempts left.
2016-12-20 06:28:24.793 6340 WARNING oslo_db.sqlalchemy.engines [req-e3394204-3c0f-418b-9fe7-8dd4dd84b38c - - - - -] SQL connection failed. -4 attempts left.
2016-12-20 06:28:26.804 6315 WARNING oslo_db.sqlalchemy.engines [req-7a2ffd71-2e61-4834-9a1d-51313dd4f62c - - - - -] SQL connection failed. -5 attempts left.
2016-12-20 06:28:26.811 6314 WARNING oslo_db.sqlalchemy.engines [req-bc5eec42-d236-46cb-afdd-480f3dc2369b - - - - -] SQL connection failed. -5 attempts left.
2016-12-20 06:28:26.812 6316 WARNING oslo_db.sqlalchemy.engines [req-75a8494e-c5da-480d-acce-e12f132fa8cd - - - - -] SQL connection failed. -5 attempts left.
2016-12-20 06:28:26.812 6313 WARNING oslo_db.sqlalchemy.engines [req-ec176b46-4765-4edf-a974-4e6110aab196 - - - - -] SQL connection failed. -5 attempts left.
2016-12-20 06:28:31.804 6342 WARNING oslo_db.sqlalchemy.engines [req-fb604eb3-e08a-4abf-9018-173b4992e1bd - - - - -] SQL connection failed. -5 attempts left.
2016-12-20 06:28:31.804 6341 WARNING oslo_db.sqlalchemy.engines [req-b099de5d-3c4c-47a9-a195-bddbfc1d9442 - - - - -] SQL connection failed. -5 attempts left.
2016-12-20 06:28:31.806 6343 WARNING oslo_db.sqlalchemy.engines [req-9b3c107f-18a3-4943-a557-dcd811e6b1a2 - - - - -] SQL connection failed. -5 attempts left.
2016-12-20 06:28:34.801 6340 WARNING oslo_db.sqlalchemy.engines [req-e3394204-3c0f-418b-9fe7-8dd4dd84b38c - - - - -] SQL connection failed. -5 attempts left.
2016-12-20 06:28:36.814 6315 WARNING oslo_db.sqlalchemy.engines [req-7a2ffd71-2e61-4834-9a1d-51313dd4f62c - - - - -] SQL connection failed. -6 attempts left.
2016-12-20 06:28:36.819 6316 WARNING oslo_db.sqlalchemy.engines [req-75a8494e-c5da-480d-acce-e12f132fa8cd - - - - -] SQL connection failed. -6 attempts left.
2016-12-20 06:28:36.820 6314 WARNING oslo_db.sqlalchemy.engines [req-bc5eec42-d236-46cb-afdd-480f3dc2369b - - - - -] SQL connection failed. -6 attempts left.
2016-12-20 06:28:36.820 6313 WARNING oslo_db.sqlalchemy.engines [req-ec176b46-4765-4edf-a974-4e6110aab196 - - - - -] SQL connection failed. -6 attempts left.
2016-12-20 06:28:41.811 6343 WARNING oslo_db.sqlalchemy.engines [req-9b3c107f-18a3-4943-a557-dcd811e6b1a2 - - - - -] SQL connection failed. -6 attempts left.
2016-12-20 06:28:41.811 6341 WARNING oslo_db.sqlalchemy.engines [req-b099de5d-3c4c-47a9-a195-bddbfc1d9442 - - - - -] SQL connection failed. -6 attempts left.
2016-12-20 06:28:41.812 6342 WARNING oslo_db.sqlalchemy.engines [req-fb604eb3-e08a-4abf-9018-173b4992e1bd - - - - -] SQL connection failed. -6 attempts left.
2016-12-20 06:28:44.808 6340 WARNING oslo_db.sqlalchemy.engines [req-e3394204-3c0f-418b-9fe7-8dd4dd84b38c - - - - -] SQL connection failed. -6 attempts left.
2016-12-20 06:28:46.821 6315 WARNING oslo_db.sqlalchemy.engines [req-7a2ffd71-2e61-4834-9a1d-51313dd4f62c - - - - -] SQL connection failed. -7 attempts left.
2016-12-20 06:28:46.826 6316 WARNING oslo_db.sqlalchemy.engines [req-75a8494e-c5da-480d-acce-e12f132fa8cd - - - - -] SQL connection failed. -7 attempts left.
2016-12-20 06:28:46.828 6313 WARNING oslo_db.sqlalchemy.engines [req-ec176b46-4765-4edf-a974-4e6110aab196 - - - - -] SQL connection failed. -7 attempts left.
2016-12-20 06:28:46.829 6314 WARNING oslo_db.sqlalchemy.engines [req-bc5eec42-d236-46cb-afdd-480f3dc2369b - - - - -] SQL connection failed. -7 attempts left.
2016-12-20 06:28:51.817 6342 WARNING oslo_db.sqlalchemy.engines [req-fb604eb3-e08a-4abf-9018-173b4992e1bd - - - - -] SQL connection failed. -7 attempts left.
2016-12-20 06:28:51.820 6343 WARNING oslo_db.sqlalchemy.engines [req-9b3c107f-18a3-4943-a557-dcd811e6b1a2 - - - - -] SQL connection failed. -7 attempts left.
2016-12-20 06:28:51.821 6341 WARNING oslo_db.sqlalchemy.engines [req-b099de5d-3c4c-47a9-a195-bddbfc1d9442 - - - - -] SQL connection failed. -7 attempts left.
2016-12-20 06:28:54.818 6340 WARNING oslo_db.sqlalchemy.engines [req-e3394204-3c0f-418b-9fe7-8dd4dd84b38c - - - - -] SQL connection failed. -7 attempts left.
2016-12-20 06:28:56.825 6315 WARNING oslo_db.sqlalchemy.engines [req-7a2ffd71-2e61-4834-9a1d-51313dd4f62c - - - - -] SQL connection failed. -8 attempts left.
2016-12-20 06:28:56.835 6313 WARNING oslo_db.sqlalchemy.engines [req-ec176b46-4765-4edf-a974-4e6110aab196 - - - - -] SQL connection failed. -8 attempts left.
2016-12-20 06:28:56.835 6316 WARNING oslo_db.sqlalchemy.engines [req-75a8494e-c5da-480d-acce-e12f132fa8cd - - - - -] SQL connection failed. -8 attempts left.
