2016-12-20 09:24:35.409 6316 INFO nova.osapi_compute.wsgi.server [req-cdd28d99-45e5-4437-9b8d-c80e0d831b03 ac9b823b8bd444519added5e2c0eb970 e9e2282bbadc48188deb4d518437aea4 - - -] 192.168.0.2 "GET /v2.1/flavors/cf2797b2-337e-441f-95d4-a84f8f130204 HTTP/1.1" status: 200 len: 728 time: 0.0095930
2016-12-20 09:24:35.591 6315 INFO nova.osapi_compute.wsgi.server [req-8c7a9601-43a5-418d-97e9-8b52f373b112 ac9b823b8bd444519added5e2c0eb970 e9e2282bbadc48188deb4d518437aea4 - - -] 192.168.0.2 "GET /v2.1/extensions HTTP/1.1" status: 200 len: 21761 time: 0.0175660
2016-12-20 09:24:36.085 6314 INFO nova.osapi_compute.wsgi.server [-] 192.168.0.2 "OPTIONS / HTTP/1.0" status: 200 len: 499 time: 0.0004008
2016-12-20 09:24:37.262 6316 INFO nova.osapi_compute.wsgi.server [req-04d30306-72e0-41d2-81e2-8b1fb8f8cb6b ac9b823b8bd444519added5e2c0eb970 e9e2282bbadc48188deb4d518437aea4 - - -] 192.168.0.2 "GET /v2.1/servers/89c93a39-0e8d-4a6c-8266-9b383ec6c2e5 HTTP/1.1" status: 200 len: 1814 time: 0.0756290
2016-12-20 09:24:37.294 6316 INFO nova.osapi_compute.wsgi.server [req-60ddffd6-bd7c-4cf7-87fd-915a4fd08366 ac9b823b8bd444519added5e2c0eb970 e9e2282bbadc48188deb4d518437aea4 - - -] 192.168.0.2 "GET /v2.1/servers/89c93a39-0e8d-4a6c-8266-9b383ec6c2e5/os-volume_attachments HTTP/1.1" status: 200 len: 460 time: 0.0296521
2016-12-20 09:24:37.378 6316 INFO nova.osapi_compute.wsgi.server [req-26b4e5e6-4701-4f4a-9586-bdc659fe34b2 ac9b823b8bd444519added5e2c0eb970 e9e2282bbadc48188deb4d518437aea4 - - -] 192.168.0.2 "GET /v2.1/flavors/cf2797b2-337e-441f-95d4-a84f8f130204 HTTP/1.1" status: 200 len: 728 time: 0.0095761
2016-12-20 09:24:37.537 6314 INFO nova.osapi_compute.wsgi.server [req-7677a030-3264-4e57-873a-836140ea1cc6 ac9b823b8bd444519added5e2c0eb970 e9e2282bbadc48188deb4d518437aea4 - - -] 192.168.0.2 "POST /v2.1/servers/89c93a39-0e8d-4a6c-8266-9b383ec6c2e5/action HTTP/1.1" status: 200 len: 383 time: 0.0622952
2016-12-20 09:24:37.563 6313 INFO nova.osapi_compute.wsgi.server [req-ac11e97e-3dcb-4677-b5c8-cad1df22a367 ac9b823b8bd444519added5e2c0eb970 e9e2282bbadc48188deb4d518437aea4 - - -] 192.168.0.2 "GET /v2.1/extensions HTTP/1.1" status: 200 len: 21761 time: 0.0183752
2016-12-20 09:24:43.292 6343 INFO nova.metadata.wsgi.server [-] 192.168.0.2 "OPTIONS / HTTP/1.0" status: 200 len: 234 time: 0.0002890
2016-12-20 09:24:45.843 6314 INFO nova.osapi_compute.wsgi.server [-] 192.168.0.2 "OPTIONS / HTTP/1.0" status: 200 len: 499 time: 0.0004621
2016-12-20 09:24:50.993 6314 INFO nova.osapi_compute.wsgi.server [req-d6485d09-1165-4b4a-bcbc-875722b6efc1 ac9b823b8bd444519added5e2c0eb970 e9e2282bbadc48188deb4d518437aea4 - - -] 192.168.0.2 "GET /v2.1/limits?reserved=1 HTTP/1.1" status: 200 len: 772 time: 0.0039699
2016-12-20 09:24:51.069 6313 INFO nova.osapi_compute.wsgi.server [req-ef3ddcd2-3dfc-4b9c-b5a2-f94218288e57 ac9b823b8bd444519added5e2c0eb970 e9e2282bbadc48188deb4d518437aea4 - - -] 192.168.0.2 "GET /v2.1/servers/detail?limit=21&project_id=e9e2282bbadc48188deb4d518437aea4 HTTP/1.1" status: 200 len: 5706 time: 0.0797460
2016-12-20 09:24:51.087 6314 INFO nova.osapi_compute.wsgi.server [req-0be7b6c6-349d-4cfd-b9ba-0f7717d236db ac9b823b8bd444519added5e2c0eb970 e9e2282bbadc48188deb4d518437aea4 - - -] 192.168.0.2 "GET /v2.1/flavors/detail HTTP/1.1" status: 200 len: 2917 time: 0.0129061
2016-12-20 09:24:51.291 6314 INFO nova.osapi_compute.wsgi.server [req-c981bcc5-3308-460a-a14c-0f298120f90c ac9b823b8bd444519added5e2c0eb970 e9e2282bbadc48188deb4d518437aea4 - - -] 192.168.0.2 "GET /v2.1/extensions HTTP/1.1" status: 200 len: 21761 time: 0.0170341
2016-12-20 09:24:53.311 6341 INFO nova.metadata.wsgi.server [-] 192.168.0.2 "OPTIONS / HTTP/1.0" status: 200 len: 234 time: 0.0002589
2016-12-20 09:24:55.823 6316 INFO nova.osapi_compute.wsgi.server [-] 192.168.0.2 "OPTIONS / HTTP/1.0" status: 200 len: 499 time: 0.0004640
2016-12-20 09:24:58.526 6314 INFO nova.osapi_compute.wsgi.server [req-80ffc1e5-0928-4001-b8b1-4de8e5d280ee ac9b823b8bd444519added5e2c0eb970 e9e2282bbadc48188deb4d518437aea4 - - -] 192.168.0.2 "GET /v2.1/servers/89c93a39-0e8d-4a6c-8266-9b383ec6c2e5 HTTP/1.1" status: 200 len: 1814 time: 0.0775809
2016-12-20 09:24:58.556 6314 INFO nova.osapi_compute.wsgi.server [req-4417097e-4591-44a6-b36c-bac8d4cc9780 ac9b823b8bd444519added5e2c0eb970 e9e2282bbadc48188deb4d518437aea4 - - -] 192.168.0.2 "GET /v2.1/servers/89c93a39-0e8d-4a6c-8266-9b383ec6c2e5/os-volume_attachments HTTP/1.1" status: 200 len: 460 time: 0.0285261
2016-12-20 09:24:58.663 6316 INFO nova.osapi_compute.wsgi.server [req-21848fff-dcc2-4693-9e80-b9786e1f6136 ac9b823b8bd444519added5e2c0eb970 e9e2282bbadc48188deb4d518437aea4 - - -] 192.168.0.2 "GET /v2.1/flavors/cf2797b2-337e-441f-95d4-a84f8f130204 HTTP/1.1" status: 200 len: 728 time: 0.0105159
2016-12-20 09:24:58.783 6316 INFO nova.osapi_compute.wsgi.server [req-dc699871-5fae-44a4-a828-e3f201bcc125 ac9b823b8bd444519added5e2c0eb970 e9e2282bbadc48188deb4d518437aea4 - - -] 192.168.0.2 "GET /v2.1/extensions HTTP/1.1" status: 200 len: 21761 time: 0.0175400
2016-12-20 09:24:59.109 6316 INFO nova.osapi_compute.wsgi.server [req-37bf7094-b762-49a9-ab8a-3604b8e377fd ac9b823b8bd444519added5e2c0eb970 e9e2282bbadc48188deb4d518437aea4 - - -] 192.168.0.2 "GET /v2.1/servers/89c93a39-0e8d-4a6c-8266-9b383ec6c2e5 HTTP/1.1" status: 200 len: 1814 time: 0.0775139
2016-12-20 09:24:59.139 6316 INFO nova.osapi_compute.wsgi.server [req-58b6afcc-955d-4333-8f09-7f0cbb99691e ac9b823b8bd444519added5e2c0eb970 e9e2282bbadc48188deb4d518437aea4 - - -] 192.168.0.2 "GET /v2.1/servers/89c93a39-0e8d-4a6c-8266-9b383ec6c2e5/os-volume_attachments HTTP/1.1" status: 200 len: 460 time: 0.0280042
2016-12-20 09:24:59.225 6313 INFO nova.osapi_compute.wsgi.server [req-3eb31876-a99e-4a4e-a885-a12bd33670e8 ac9b823b8bd444519added5e2c0eb970 e9e2282bbadc48188deb4d518437aea4 - - -] 192.168.0.2 "GET /v2.1/flavors/cf2797b2-337e-441f-95d4-a84f8f130204 HTTP/1.1" status: 200 len: 728 time: 0.0106261
2016-12-20 09:24:59.380 6315 INFO nova.osapi_compute.wsgi.server [req-de18593b-1495-4325-a21d-d76842e5c297 ac9b823b8bd444519added5e2c0eb970 e9e2282bbadc48188deb4d518437aea4 - - -] 192.168.0.2 "POST /v2.1/servers/89c93a39-0e8d-4a6c-8266-9b383ec6c2e5/action HTTP/1.1" status: 200 len: 383 time: 0.0530400
2016-12-20 09:24:59.407 6315 INFO nova.osapi_compute.wsgi.server [req-f901c822-8834-4406-aedd-4a38be8875d4 ac9b823b8bd444519added5e2c0eb970 e9e2282bbadc48188deb4d518437aea4 - - -] 192.168.0.2 "GET /v2.1/extensions HTTP/1.1" status: 200 len: 21761 time: 0.0197539
2016-12-20 09:25:03.444 6341 INFO nova.metadata.wsgi.server [-] 192.168.0.2 "OPTIONS / HTTP/1.0" status: 200 len: 234 time: 0.0002639
2016-12-20 09:25:05.000 6313 INFO nova.osapi_compute.wsgi.server [req-46ff2ee2-c5ad-4b0f-a6ad-37b226627242 ac9b823b8bd444519added5e2c0eb970 e9e2282bbadc48188deb4d518437aea4 - - -] 192.168.0.2 "GET /v2.1/os-hypervisors/detail HTTP/1.1" status: 200 len: 3063 time: 0.0182459
2016-12-20 09:25:05.015 6313 INFO nova.osapi_compute.wsgi.server [req-0b1d6893-6e51-490f-ba30-ae0fbdbd20b2 ac9b823b8bd444519added5e2c0eb970 e9e2282bbadc48188deb4d518437aea4 - - -] 192.168.0.2 "GET /v2.1/os-services?binary=nova-compute HTTP/1.1" status: 200 len: 653 time: 0.0125089
2016-12-20 09:25:05.053 6313 INFO nova.osapi_compute.wsgi.server [req-3795ab90-684f-4327-8f37-dee3a63ebab5 ac9b823b8bd444519added5e2c0eb970 e9e2282bbadc48188deb4d518437aea4 - - -] 192.168.0.2 "GET /v2.1/os-hypervisors/statistics HTTP/1.1" status: 200 len: 527 time: 0.0360830
2016-12-20 09:25:05.377 6316 INFO nova.osapi_compute.wsgi.server [req-3f91069a-3843-457a-b50f-d83ffac8ce43 ac9b823b8bd444519added5e2c0eb970 e9e2282bbadc48188deb4d518437aea4 - - -] 192.168.0.2 "GET /v2.1/extensions HTTP/1.1" status: 200 len: 21761 time: 0.0190589
2016-12-20 09:25:05.640 6315 INFO nova.osapi_compute.wsgi.server [-] 192.168.0.2 "OPTIONS / HTTP/1.0" status: 200 len: 499 time: 0.0004358
2016-12-20 09:25:13.249 6341 INFO nova.metadata.wsgi.server [-] 192.168.0.2 "OPTIONS / HTTP/1.0" status: 200 len: 234 time: 0.0002649
2016-12-20 09:25:15.501 6316 INFO nova.osapi_compute.wsgi.server [-] 192.168.0.2 "OPTIONS / HTTP/1.0" status: 200 len: 499 time: 0.0004320
2016-12-20 09:25:22.366 6314 INFO nova.osapi_compute.wsgi.server [req-303f66f2-1036-4a4f-9b35-ac8d1cdd52aa ac9b823b8bd444519added5e2c0eb970 e9e2282bbadc48188deb4d518437aea4 - - -] 192.168.0.2 "GET /v2.1/servers/detail?all_tenants=True HTTP/1.1" status: 200 len: 5343 time: 0.0774090
2016-12-20 09:25:23.143 6315 INFO nova.osapi_compute.wsgi.server [req-e31ec8fb-d79e-4868-a123-5bc4a295426f ac9b823b8bd444519added5e2c0eb970 e9e2282bbadc48188deb4d518437aea4 - - -] 192.168.0.2 "GET /v2.1/extensions HTTP/1.1" status: 200 len: 21761 time: 0.0179532
2016-12-20 09:25:23.262 6340 INFO nova.metadata.wsgi.server [-] 192.168.0.2 "OPTIONS / HTTP/1.0" status: 200 len: 234 time: 0.0002599
2016-12-20 09:25:25.646 6316 INFO nova.osapi_compute.wsgi.server [-] 192.168.0.2 "OPTIONS / HTTP/1.0" status: 200 len: 499 time: 0.0004408
2016-12-20 09:25:33.231 6341 INFO nova.metadata.wsgi.server [-] 192.168.0.2 "OPTIONS / HTTP/1.0" status: 200 len: 234 time: 0.0002770
2016-12-20 09:25:35.427 6316 INFO nova.osapi_compute.wsgi.server [-] 192.168.0.2 "OPTIONS / HTTP/1.0" status: 200 len: 499 time: 0.0004501
2016-12-20 09:25:35.878 6314 INFO nova.osapi_compute.wsgi.server [req-670d5c87-d585-4494-b59c-c8e15b5d78f0 ac9b823b8bd444519added5e2c0eb970 e9e2282bbadc48188deb4d518437aea4 - - -] 192.168.0.2 "GET /v2.1/servers/detail?project_id=e9e2282bbadc48188deb4d518437aea4 HTTP/1.1" status: 200 len: 5706 time: 0.0867832
2016-12-20 09:25:35.960 6313 INFO nova.osapi_compute.wsgi.server [req-80d97b71-ef92-4afe-933e-fa5289be4bd9 ac9b823b8bd444519added5e2c0eb970 e9e2282bbadc48188deb4d518437aea4 - - -] 192.168.0.2 "GET /v2.1/extensions HTTP/1.1" status: 200 len: 21761 time: 0.0179150
2016-12-20 09:25:43.324 6343 INFO nova.metadata.wsgi.server [-] 192.168.0.2 "OPTIONS / HTTP/1.0" status: 200 len: 234 time: 0.0002470
2016-12-20 09:25:45.369 6313 INFO nova.osapi_compute.wsgi.server [-] 192.168.0.2 "OPTIONS / HTTP/1.0" status: 200 len: 499 time: 0.0004621
2016-12-20 09:25:48.055 6315 INFO nova.osapi_compute.wsgi.server [req-816f8ea9-ae85-4574-8c82-9b6dd43b66c0 ac9b823b8bd444519added5e2c0eb970 e9e2282bbadc48188deb4d518437aea4 - - -] 192.168.0.2 "GET /v2.1/limits HTTP/1.1" status: 200 len: 772 time: 0.0057628
2016-12-20 09:25:48.076 6316 INFO nova.osapi_compute.wsgi.server [req-ce6803f1-2570-41d4-8648-bc8e22bc09a8 ac9b823b8bd444519added5e2c0eb970 e9e2282bbadc48188deb4d518437aea4 - - -] 192.168.0.2 "GET /v2.1/os-keypairs HTTP/1.1" status: 200 len: 278 time: 0.0229070
2016-12-20 09:25:48.078 6315 INFO nova.osapi_compute.wsgi.server [req-36e89271-3863-451e-adc5-21d473083b86 ac9b823b8bd444519added5e2c0eb970 e9e2282bbadc48188deb4d518437aea4 - - -] 192.168.0.2 "GET /v2.1/flavors/detail HTTP/1.1" status: 200 len: 2917 time: 0.0205481
2016-12-20 09:25:48.086 6313 INFO nova.osapi_compute.wsgi.server [req-f926b6ba-87f2-46d3-8c5d-bdf08601028b ac9b823b8bd444519added5e2c0eb970 e9e2282bbadc48188deb4d518437aea4 - - -] 192.168.0.2 "GET /v2.1/os-availability-zone HTTP/1.1" status: 200 len: 359 time: 0.0373511
2016-12-20 09:25:48.122 6314 INFO nova.osapi_compute.wsgi.server [req-f31aee40-d650-489a-9204-db7523a09f9c ac9b823b8bd444519added5e2c0eb970 e9e2282bbadc48188deb4d518437aea4 - - -] 192.168.0.2 "GET /v2.1/flavors/1/os-extra_specs HTTP/1.1" status: 200 len: 281 time: 0.0402648
2016-12-20 09:25:48.127 6316 INFO nova.osapi_compute.wsgi.server [req-aeccc016-448b-47ff-b661-725a7e41e701 ac9b823b8bd444519added5e2c0eb970 e9e2282bbadc48188deb4d518437aea4 - - -] 192.168.0.2 "GET /v2.1/extensions HTTP/1.1" status: 200 len: 21761 time: 0.0224841
2016-12-20 09:25:48.137 6315 INFO nova.osapi_compute.wsgi.server [req-924a77ed-add1-40e8-8173-481c831c22ca ac9b823b8bd444519added5e2c0eb970 e9e2282bbadc48188deb4d518437aea4 - - -] 192.168.0.2 "GET /v2.1/flavors/1f3220c2-447a-4930-946f-060f00f3b4bd/os-extra_specs HTTP/1.1" status: 200 len: 281 time: 0.0130210
2016-12-20 09:25:48.152 6316 INFO nova.osapi_compute.wsgi.server [req-3b5bf644-8677-4b9b-ab68-2d3e6161900e ac9b823b8bd444519added5e2c0eb970 e9e2282bbadc48188deb4d518437aea4 - - -] 192.168.0.2 "GET /v2.1/flavors/2/os-extra_specs HTTP/1.1" status: 200 len: 281 time: 0.0107980
2016-12-20 09:25:48.169 6316 INFO nova.osapi_compute.wsgi.server [req-4bb5546f-8357-4cf8-ab61-10c09030dfeb ac9b823b8bd444519added5e2c0eb970 e9e2282bbadc48188deb4d518437aea4 - - -] 192.168.0.2 "GET /v2.1/flavors/3/os-extra_specs HTTP/1.1" status: 200 len: 281 time: 0.0143039
2016-12-20 09:25:48.181 6313 INFO nova.osapi_compute.wsgi.server [req-d8cb0210-d079-4d6e-8ee8-5bc8eb732fb1 ac9b823b8bd444519added5e2c0eb970 e9e2282bbadc48188deb4d518437aea4 - - -] 192.168.0.2 "GET /v2.1/flavors/4/os-extra_specs HTTP/1.1" status: 200 len: 281 time: 0.0109019
2016-12-20 09:25:48.196 6314 INFO nova.osapi_compute.wsgi.server [req-9f1cc4dd-5781-4118-9f42-b1b4cec1f634 ac9b823b8bd444519added5e2c0eb970 e9e2282bbadc48188deb4d518437aea4 - - -] 192.168.0.2 "GET /v2.1/flavors/5/os-extra_specs HTTP/1.1" status: 200 len: 281 time: 0.0115430
2016-12-20 09:25:48.211 6316 INFO nova.osapi_compute.wsgi.server [req-9640e932-9cab-4af7-bce8-b6ebc3fcae38 ac9b823b8bd444519added5e2c0eb970 e9e2282bbadc48188deb4d518437aea4 - - -] 192.168.0.2 "GET /v2.1/flavors/cf2797b2-337e-441f-95d4-a84f8f130204/os-extra_specs HTTP/1.1" status: 200 len: 281 time: 0.0117631
2016-12-20 09:25:50.213 6343 WARNING oslo_config.cfg [req-b758ee36-38c2-49ef-9eaf-d8f524490a35 - - - - -] Option "auth_plugin" from group "neutron" is deprecated. Use option "auth_type" from group "neutron".
2016-12-20 09:25:50.215 6343 WARNING oslo_config.cfg [req-b758ee36-38c2-49ef-9eaf-d8f524490a35 - - - - -] Option "username" from group "neutron" is deprecated. Use option "user-name" from group "neutron".
2016-12-20 09:25:50.479 6343 INFO nova.metadata.wsgi.server [req-b758ee36-38c2-49ef-9eaf-d8f524490a35 - - - - -] 192.168.111.8,192.168.0.2 "GET /openstack/latest/meta_data.json HTTP/1.1" status: 200 len: 1076 time: 0.3083220
2016-12-20 09:25:53.256 6342 INFO nova.metadata.wsgi.server [-] 192.168.0.2 "OPTIONS / HTTP/1.0" status: 200 len: 234 time: 0.0002909
2016-12-20 09:25:55.507 6316 INFO nova.osapi_compute.wsgi.server [-] 192.168.0.2 "OPTIONS / HTTP/1.0" status: 200 len: 499 time: 0.0004561
2016-12-20 09:26:03.149 6342 INFO nova.metadata.wsgi.server [-] 192.168.0.2 "OPTIONS / HTTP/1.0" status: 200 len: 234 time: 0.0002649
2016-12-20 09:26:05.363 6316 INFO nova.osapi_compute.wsgi.server [-] 192.168.0.2 "OPTIONS / HTTP/1.0" status: 200 len: 499 time: 0.0004151
2016-12-20 09:26:08.733 6314 WARNING oslo_config.cfg [req-5ecf5fd5-717c-42c1-8274-04ec173e2d2e ac9b823b8bd444519added5e2c0eb970 e9e2282bbadc48188deb4d518437aea4 - - -] Option "auth_plugin" from group "neutron" is deprecated. Use option "auth_type" from group "neutron".
2016-12-20 09:26:08.734 6314 WARNING oslo_config.cfg [req-5ecf5fd5-717c-42c1-8274-04ec173e2d2e ac9b823b8bd444519added5e2c0eb970 e9e2282bbadc48188deb4d518437aea4 - - -] Option "username" from group "neutron" is deprecated. Use option "user-name" from group "neutron".
2016-12-20 09:26:09.033 6314 INFO nova.osapi_compute.wsgi.server [req-5ecf5fd5-717c-42c1-8274-04ec173e2d2e ac9b823b8bd444519added5e2c0eb970 e9e2282bbadc48188deb4d518437aea4 - - -] 192.168.0.2 "POST /v2.1/os-volumes_boot HTTP/1.1" status: 202 len: 752 time: 0.6411290
2016-12-20 09:26:09.138 6313 INFO nova.osapi_compute.wsgi.server [req-c3fbf064-85a5-4918-9ab2-148845dbd06f ac9b823b8bd444519added5e2c0eb970 e9e2282bbadc48188deb4d518437aea4 - - -] 192.168.0.2 "GET /v2.1/servers/b9229d45-1a06-4f55-a8c2-c5d3c4f56ef2 HTTP/1.1" status: 200 len: 1528 time: 0.1021230
2016-12-20 09:26:09.316 6315 INFO nova.osapi_compute.wsgi.server [req-5ff2b90a-0433-4d84-a4be-04885834832b ac9b823b8bd444519added5e2c0eb970 e9e2282bbadc48188deb4d518437aea4 - - -] 192.168.0.2 "GET /v2.1/servers/detail?project_id=e9e2282bbadc48188deb4d518437aea4 HTTP/1.1" status: 200 len: 7059 time: 0.0912311
2016-12-20 09:26:09.386 6316 INFO nova.osapi_compute.wsgi.server [req-53e3576b-e079-4ef1-9700-1aada5655be4 ac9b823b8bd444519added5e2c0eb970 e9e2282bbadc48188deb4d518437aea4 - - -] 192.168.0.2 "GET /v2.1/extensions HTTP/1.1" status: 200 len: 21761 time: 0.0208509
2016-12-20 09:26:11.549 6315 INFO nova.osapi_compute.wsgi.server [req-80b63ab7-8c2e-4cb0-b622-bbadb692353b ac9b823b8bd444519added5e2c0eb970 e9e2282bbadc48188deb4d518437aea4 - - -] 192.168.0.2 "GET /v2.1/limits?reserved=1 HTTP/1.1" status: 200 len: 772 time: 0.0037780
2016-12-20 09:26:11.632 6313 INFO nova.osapi_compute.wsgi.server [req-17b973d1-7de8-4407-8592-b46681de4f1b ac9b823b8bd444519added5e2c0eb970 e9e2282bbadc48188deb4d518437aea4 - - -] 192.168.0.2 "GET /v2.1/servers/detail?limit=21&project_id=e9e2282bbadc48188deb4d518437aea4 HTTP/1.1" status: 200 len: 7336 time: 0.0871539
2016-12-20 09:26:11.654 6314 INFO nova.osapi_compute.wsgi.server [req-9ba527d9-a456-44be-ad68-2d8267d406b9 ac9b823b8bd444519added5e2c0eb970 e9e2282bbadc48188deb4d518437aea4 - - -] 192.168.0.2 "GET /v2.1/flavors/detail HTTP/1.1" status: 200 len: 2917 time: 0.0176241
2016-12-20 09:26:11.775 6315 INFO nova.osapi_compute.wsgi.server [req-c79600c6-33a1-4bdc-b376-def128d043f6 ac9b823b8bd444519added5e2c0eb970 e9e2282bbadc48188deb4d518437aea4 - - -] 192.168.0.2 "GET /v2.1/extensions HTTP/1.1" status: 200 len: 21761 time: 0.0203390
2016-12-20 09:26:12.153 6313 INFO nova.osapi_compute.wsgi.server [req-c7dd1b0f-4843-4faa-b0a0-002e199a2264 ac9b823b8bd444519added5e2c0eb970 e9e2282bbadc48188deb4d518437aea4 - - -] 192.168.0.2 "GET /v2.1/servers/b9229d45-1a06-4f55-a8c2-c5d3c4f56ef2 HTTP/1.1" status: 200 len: 1805 time: 0.0780890
2016-12-20 09:26:12.165 6313 INFO nova.osapi_compute.wsgi.server [req-1661062f-4df5-48ea-8f27-c719da9e54f5 ac9b823b8bd444519added5e2c0eb970 e9e2282bbadc48188deb4d518437aea4 - - -] 192.168.0.2 "GET /v2.1/flavors/cf2797b2-337e-441f-95d4-a84f8f130204 HTTP/1.1" status: 200 len: 728 time: 0.0103221
2016-12-20 09:26:12.255 6316 INFO nova.osapi_compute.wsgi.server [req-27fcc0c7-1443-4469-a937-70c6a32cb01d ac9b823b8bd444519added5e2c0eb970 e9e2282bbadc48188deb4d518437aea4 - - -] 192.168.0.2 "GET /v2.1/extensions HTTP/1.1" status: 200 len: 21761 time: 0.0174789
2016-12-20 09:26:13.109 6343 INFO nova.metadata.wsgi.server [-] 192.168.0.2 "OPTIONS / HTTP/1.0" status: 200 len: 234 time: 0.0003159
2016-12-20 09:26:14.912 6314 INFO nova.osapi_compute.wsgi.server [req-73720bf3-b078-4a7c-bba1-4f7e7150f0af ac9b823b8bd444519added5e2c0eb970 e9e2282bbadc48188deb4d518437aea4 - - -] 192.168.0.2 "GET /v2.1/servers/b9229d45-1a06-4f55-a8c2-c5d3c4f56ef2 HTTP/1.1" status: 200 len: 1805 time: 0.0793519
2016-12-20 09:26:14.924 6314 INFO nova.osapi_compute.wsgi.server [req-3989c88d-68d6-464d-b20f-9b20062303ca ac9b823b8bd444519added5e2c0eb970 e9e2282bbadc48188deb4d518437aea4 - - -] 192.168.0.2 "GET /v2.1/flavors/cf2797b2-337e-441f-95d4-a84f8f130204 HTTP/1.1" status: 200 len: 728 time: 0.0102172
2016-12-20 09:26:15.013 6315 INFO nova.osapi_compute.wsgi.server [req-1aadc0ee-275b-406f-a9f0-1cdca81a2f79 ac9b823b8bd444519added5e2c0eb970 e9e2282bbadc48188deb4d518437aea4 - - -] 192.168.0.2 "GET /v2.1/extensions HTTP/1.1" status: 200 len: 21761 time: 0.0184262
2016-12-20 09:26:15.128 6315 INFO nova.osapi_compute.wsgi.server [-] 192.168.0.2 "OPTIONS / HTTP/1.0" status: 200 len: 499 time: 0.0004420
2016-12-20 09:26:20.187 6316 INFO nova.osapi_compute.wsgi.server [req-7dd4de0b-55b6-4687-84e1-c434fca2c2e5 ac9b823b8bd444519added5e2c0eb970 e9e2282bbadc48188deb4d518437aea4 - - -] 192.168.0.2 "GET /v2.1/servers/b9229d45-1a06-4f55-a8c2-c5d3c4f56ef2 HTTP/1.1" status: 200 len: 1805 time: 0.0763400
2016-12-20 09:26:20.199 6316 INFO nova.osapi_compute.wsgi.server [req-10b2bba9-70e4-4688-8a29-dd52a681ad39 ac9b823b8bd444519added5e2c0eb970 e9e2282bbadc48188deb4d518437aea4 - - -] 192.168.0.2 "GET /v2.1/flavors/cf2797b2-337e-441f-95d4-a84f8f130204 HTTP/1.1" status: 200 len: 728 time: 0.0097771
2016-12-20 09:26:20.284 6315 INFO nova.osapi_compute.wsgi.server [req-1ade9dc1-bc2a-413a-bc43-3ea048e1897c ac9b823b8bd444519added5e2c0eb970 e9e2282bbadc48188deb4d518437aea4 - - -] 192.168.0.2 "GET /v2.1/extensions HTTP/1.1" status: 200 len: 21761 time: 0.0192661
2016-12-20 09:26:23.211 6341 INFO nova.metadata.wsgi.server [-] 192.168.0.2 "OPTIONS / HTTP/1.0" status: 200 len: 234 time: 0.0002730
2016-12-20 09:26:24.893 6314 INFO nova.osapi_compute.wsgi.server [-] 192.168.0.2 "OPTIONS / HTTP/1.0" status: 200 len: 499 time: 0.0004520
2016-12-20 09:26:25.606 6313 INFO nova.osapi_compute.wsgi.server [req-0d1e7223-98e5-44b0-848c-0602bb7192ed ac9b823b8bd444519added5e2c0eb970 e9e2282bbadc48188deb4d518437aea4 - - -] 192.168.0.2 "GET /v2.1/limits?reserved=1 HTTP/1.1" status: 200 len: 772 time: 0.0038459
2016-12-20 09:26:25.687 6315 INFO nova.osapi_compute.wsgi.server [req-202d5b4f-7250-4fe5-ae36-e1648baa2ec5 ac9b823b8bd444519added5e2c0eb970 e9e2282bbadc48188deb4d518437aea4 - - -] 192.168.0.2 "GET /v2.1/servers/detail?limit=21&project_id=e9e2282bbadc48188deb4d518437aea4 HTTP/1.1" status: 200 len: 7324 time: 0.0851061
2016-12-20 09:26:25.711 6313 INFO nova.osapi_compute.wsgi.server [req-f5c1f459-4db6-482c-b6d2-1a3989d7b7f1 ac9b823b8bd444519added5e2c0eb970 e9e2282bbadc48188deb4d518437aea4 - - -] 192.168.0.2 "GET /v2.1/flavors/detail HTTP/1.1" status: 200 len: 2917 time: 0.0163651
2016-12-20 09:26:25.812 6316 INFO nova.osapi_compute.wsgi.server [req-31ea7c8b-9488-4b14-bc6a-7fd249a66412 ac9b823b8bd444519added5e2c0eb970 e9e2282bbadc48188deb4d518437aea4 - - -] 192.168.0.2 "GET /v2.1/extensions HTTP/1.1" status: 200 len: 21761 time: 0.0187578
2016-12-20 09:26:26.451 6316 INFO nova.osapi_compute.wsgi.server [req-d6e672b7-af96-42a8-98ff-2e9a09a95de0 ac9b823b8bd444519added5e2c0eb970 e9e2282bbadc48188deb4d518437aea4 - - -] 192.168.0.2 "GET /v2.1/servers/b9229d45-1a06-4f55-a8c2-c5d3c4f56ef2 HTTP/1.1" status: 200 len: 1793 time: 0.0816281
2016-12-20 09:26:26.464 6316 INFO nova.osapi_compute.wsgi.server [req-fe73deaa-24da-45c4-ad6c-893bfd9c116f ac9b823b8bd444519added5e2c0eb970 e9e2282bbadc48188deb4d518437aea4 - - -] 192.168.0.2 "GET /v2.1/flavors/cf2797b2-337e-441f-95d4-a84f8f130204 HTTP/1.1" status: 200 len: 728 time: 0.0102968
2016-12-20 09:26:26.550 6313 INFO nova.osapi_compute.wsgi.server [req-d21aab78-5e33-4eee-ae72-ce9f45b2915d ac9b823b8bd444519added5e2c0eb970 e9e2282bbadc48188deb4d518437aea4 - - -] 192.168.0.2 "GET /v2.1/extensions HTTP/1.1" status: 200 len: 21761 time: 0.0195580
2016-12-20 09:26:29.255 6313 INFO nova.osapi_compute.wsgi.server [req-ee164b2c-b800-41fa-81d0-c637477e0136 ac9b823b8bd444519added5e2c0eb970 e9e2282bbadc48188deb4d518437aea4 - - -] 192.168.0.2 "GET /v2.1/servers/b9229d45-1a06-4f55-a8c2-c5d3c4f56ef2 HTTP/1.1" status: 200 len: 1793 time: 0.0807321
2016-12-20 09:26:29.270 6313 INFO nova.osapi_compute.wsgi.server [req-e7c475dc-9145-4717-b724-25159e2d3345 ac9b823b8bd444519added5e2c0eb970 e9e2282bbadc48188deb4d518437aea4 - - -] 192.168.0.2 "GET /v2.1/flavors/cf2797b2-337e-441f-95d4-a84f8f130204 HTTP/1.1" status: 200 len: 728 time: 0.0128069
2016-12-20 09:26:29.369 6314 INFO nova.osapi_compute.wsgi.server [req-d7af837c-efd5-4e5c-9b47-ec1f187579f5 ac9b823b8bd444519added5e2c0eb970 e9e2282bbadc48188deb4d518437aea4 - - -] 192.168.0.2 "GET /v2.1/extensions HTTP/1.1" status: 200 len: 21761 time: 0.0184340
2016-12-20 09:26:29.460 6314 INFO nova.api.openstack.compute.server_external_events [req-60361026-d800-4251-93d4-9962d6b91c0d 8e7101c3a3e9404d8bdadd6257fbbc84 b62480b9d83d421a8fdf174efa0173c8 - - -] Creating event network-vif-plugged:85bbbe38-84c3-4732-b0f3-c5d1ff86af0a for instance b9229d45-1a06-4f55-a8c2-c5d3c4f56ef2
2016-12-20 09:26:29.463 6314 INFO nova.osapi_compute.wsgi.server [req-60361026-d800-4251-93d4-9962d6b91c0d 8e7101c3a3e9404d8bdadd6257fbbc84 b62480b9d83d421a8fdf174efa0173c8 - - -] 192.168.0.2 "POST /v2.1/os-server-external-events HTTP/1.1" status: 200 len: 446 time: 0.0429401
2016-12-20 09:26:31.270 6316 INFO nova.api.openstack.wsgi [req-2bc65b3d-eaa7-4adf-8481-238cf2ed4503 8e7101c3a3e9404d8bdadd6257fbbc84 b62480b9d83d421a8fdf174efa0173c8 - - -] HTTP exception thrown: No instances found for any event
2016-12-20 09:26:31.271 6316 INFO nova.osapi_compute.wsgi.server [req-2bc65b3d-eaa7-4adf-8481-238cf2ed4503 8e7101c3a3e9404d8bdadd6257fbbc84 b62480b9d83d421a8fdf174efa0173c8 - - -] 192.168.0.2 "POST /v2.1/os-server-external-events HTTP/1.1" status: 404 len: 362 time: 0.0406651
2016-12-20 09:26:33.290 6340 INFO nova.metadata.wsgi.server [-] 192.168.0.2 "OPTIONS / HTTP/1.0" status: 200 len: 234 time: 0.0002651
2016-12-20 09:26:34.513 6315 INFO nova.osapi_compute.wsgi.server [req-e45a61b6-20e2-42ba-b3fd-d8f64e74abce ac9b823b8bd444519added5e2c0eb970 e9e2282bbadc48188deb4d518437aea4 - - -] 192.168.0.2 "GET /v2.1/servers/b9229d45-1a06-4f55-a8c2-c5d3c4f56ef2 HTTP/1.1" status: 200 len: 3284 time: 0.0564859
2016-12-20 09:26:34.525 6316 INFO nova.osapi_compute.wsgi.server [req-0d661a3e-fe11-48e8-9e9e-848b9f5c4b3a ac9b823b8bd444519added5e2c0eb970 e9e2282bbadc48188deb4d518437aea4 - - -] 192.168.0.2 "GET /v2.1/flavors/cf2797b2-337e-441f-95d4-a84f8f130204 HTTP/1.1" status: 200 len: 728 time: 0.0094020
2016-12-20 09:26:34.675 6315 INFO nova.osapi_compute.wsgi.server [req-bae6d159-2fe0-411a-abb5-730d748a43c8 ac9b823b8bd444519added5e2c0eb970 e9e2282bbadc48188deb4d518437aea4 - - -] 192.168.0.2 "GET /v2.1/extensions HTTP/1.1" status: 200 len: 21761 time: 0.0190570
2016-12-20 09:26:35.136 6314 INFO nova.osapi_compute.wsgi.server [-] 192.168.0.2 "OPTIONS / HTTP/1.0" status: 200 len: 499 time: 0.0004418
2016-12-20 09:26:36.096 6313 INFO nova.api.openstack.wsgi [req-7bb83a40-8478-4884-b84e-833c519e11a0 8e7101c3a3e9404d8bdadd6257fbbc84 b62480b9d83d421a8fdf174efa0173c8 - - -] HTTP exception thrown: No instances found for any event
2016-12-20 09:26:36.096 6313 INFO nova.osapi_compute.wsgi.server [req-7bb83a40-8478-4884-b84e-833c519e11a0 8e7101c3a3e9404d8bdadd6257fbbc84 b62480b9d83d421a8fdf174efa0173c8 - - -] 192.168.0.2 "POST /v2.1/os-server-external-events HTTP/1.1" status: 404 len: 362 time: 0.0401809
2016-12-20 09:26:43.221 6341 INFO nova.metadata.wsgi.server [-] 192.168.0.2 "OPTIONS / HTTP/1.0" status: 200 len: 234 time: 0.0002770
2016-12-20 09:26:45.183 6315 INFO nova.osapi_compute.wsgi.server [-] 192.168.0.2 "OPTIONS / HTTP/1.0" status: 200 len: 499 time: 0.0004630
2016-12-20 09:26:53.422 6342 INFO nova.metadata.wsgi.server [-] 192.168.0.2 "OPTIONS / HTTP/1.0" status: 200 len: 234 time: 0.0002789
2016-12-20 09:26:55.150 6315 INFO nova.osapi_compute.wsgi.server [-] 192.168.0.2 "OPTIONS / HTTP/1.0" status: 200 len: 499 time: 0.0005231
2016-12-20 09:26:58.028 6316 INFO nova.osapi_compute.wsgi.server [req-771e0885-41db-4c64-99ff-2679e482df87 ac9b823b8bd444519added5e2c0eb970 e9e2282bbadc48188deb4d518437aea4 - - -] 192.168.0.2 "GET /v2.1/servers/detail?limit=21&project_id=e9e2282bbadc48188deb4d518437aea4 HTTP/1.1" status: 200 len: 8815 time: 0.1846418
2016-12-20 09:26:58.050 6314 INFO nova.osapi_compute.wsgi.server [req-d767fa5b-5f5e-4769-afe4-05e870ab9e57 ac9b823b8bd444519added5e2c0eb970 e9e2282bbadc48188deb4d518437aea4 - - -] 192.168.0.2 "GET /v2.1/flavors/detail HTTP/1.1" status: 200 len: 2917 time: 0.0167000
2016-12-20 09:26:59.040 6314 INFO nova.osapi_compute.wsgi.server [req-25d02e82-8072-40cd-b108-9da416f399a0 ac9b823b8bd444519added5e2c0eb970 e9e2282bbadc48188deb4d518437aea4 - - -] 192.168.0.2 "DELETE /v2.1/servers/b9229d45-1a06-4f55-a8c2-c5d3c4f56ef2 HTTP/1.1" status: 204 len: 269 time: 0.9187560
2016-12-20 09:26:59.064 6315 INFO nova.osapi_compute.wsgi.server [req-449a7110-e985-462c-93d7-86661fb146c9 ac9b823b8bd444519added5e2c0eb970 e9e2282bbadc48188deb4d518437aea4 - - -] 192.168.0.2 "GET /v2.1/limits?reserved=1 HTTP/1.1" status: 200 len: 772 time: 0.0038130
2016-12-20 09:26:59.138 6314 INFO nova.osapi_compute.wsgi.server [req-ccf96d60-abe4-4a7f-9c0d-1fe32f87eff3 ac9b823b8bd444519added5e2c0eb970 e9e2282bbadc48188deb4d518437aea4 - - -] 192.168.0.2 "GET /v2.1/servers/detail?limit=21&project_id=e9e2282bbadc48188deb4d518437aea4 HTTP/1.1" status: 200 len: 5706 time: 0.0774660
2016-12-20 09:26:59.158 6314 INFO nova.osapi_compute.wsgi.server [req-a159f7f9-1ac5-481e-823b-4ff0bc1e8a8b ac9b823b8bd444519added5e2c0eb970 e9e2282bbadc48188deb4d518437aea4 - - -] 192.168.0.2 "GET /v2.1/flavors/detail HTTP/1.1" status: 200 len: 2917 time: 0.0145662
2016-12-20 09:26:59.314 6313 INFO nova.osapi_compute.wsgi.server [req-798d483d-1d40-44d3-a150-db1c8ffd4d60 ac9b823b8bd444519added5e2c0eb970 e9e2282bbadc48188deb4d518437aea4 - - -] 192.168.0.2 "GET /v2.1/extensions HTTP/1.1" status: 200 len: 21761 time: 0.0178680
2016-12-20 09:27:03.616 6340 INFO nova.metadata.wsgi.server [-] 192.168.0.2 "OPTIONS / HTTP/1.0" status: 200 len: 234 time: 0.0002720
2016-12-20 09:27:05.374 6314 INFO nova.osapi_compute.wsgi.server [-] 192.168.0.2 "OPTIONS / HTTP/1.0" status: 200 len: 499 time: 0.0004671
2016-12-20 09:27:08.533 6316 INFO nova.osapi_compute.wsgi.server [req-ca3c3f01-005c-426a-9ec0-e9a3261d0e85 ac9b823b8bd444519added5e2c0eb970 e9e2282bbadc48188deb4d518437aea4 - - -] 192.168.0.2 "GET /v2.1/os-hypervisors/detail HTTP/1.1" status: 200 len: 3063 time: 0.0174730
2016-12-20 09:27:08.548 6316 INFO nova.osapi_compute.wsgi.server [req-a79a977e-2fdf-4a86-a45f-7e1c828c6222 ac9b823b8bd444519added5e2c0eb970 e9e2282bbadc48188deb4d518437aea4 - - -] 192.168.0.2 "GET /v2.1/os-services?binary=nova-compute HTTP/1.1" status: 200 len: 653 time: 0.0126150
2016-12-20 09:27:08.557 6315 INFO nova.osapi_compute.wsgi.server [req-270431fd-f699-4e64-bd3c-a2238d9a1125 ac9b823b8bd444519added5e2c0eb970 e9e2282bbadc48188deb4d518437aea4 - - -] 192.168.0.2 "GET /v2.1/os-hypervisors/statistics HTTP/1.1" status: 200 len: 527 time: 0.0068541
2016-12-20 09:27:08.614 6316 INFO nova.osapi_compute.wsgi.server [req-2b00bd64-6a19-42e7-bae1-2d7e8fac8b76 ac9b823b8bd444519added5e2c0eb970 e9e2282bbadc48188deb4d518437aea4 - - -] 192.168.0.2 "GET /v2.1/extensions HTTP/1.1" status: 200 len: 21761 time: 0.0208061
2016-12-20 09:27:13.819 6342 INFO nova.metadata.wsgi.server [-] 192.168.0.2 "OPTIONS / HTTP/1.0" status: 200 len: 234 time: 0.0002902
2016-12-20 09:27:15.336 6313 INFO nova.osapi_compute.wsgi.server [req-b4f3b64c-b4eb-406e-9086-3994f1bae6db ac9b823b8bd444519added5e2c0eb970 e9e2282bbadc48188deb4d518437aea4 - - -] 192.168.0.2 "GET /v2.1/servers/detail?all_tenants=True HTTP/1.1" status: 200 len: 5343 time: 0.0816510
2016-12-20 09:27:15.429 6313 INFO nova.osapi_compute.wsgi.server [req-9f3d6fd7-b4c1-4db2-98f7-21d6f57863ce ac9b823b8bd444519added5e2c0eb970 e9e2282bbadc48188deb4d518437aea4 - - -] 192.168.0.2 "GET /v2.1/extensions HTTP/1.1" status: 200 len: 21761 time: 0.0199869
2016-12-20 09:27:15.579 6313 INFO nova.osapi_compute.wsgi.server [-] 192.168.0.2 "OPTIONS / HTTP/1.0" status: 200 len: 499 time: 0.0004249
2016-12-20 09:27:21.297 6314 INFO nova.osapi_compute.wsgi.server [req-57acbf3a-2858-4192-b2f3-065f9b6bc83d ac9b823b8bd444519added5e2c0eb970 e9e2282bbadc48188deb4d518437aea4 - - -] 192.168.0.2 "GET /v2.1/limits?reserved=1 HTTP/1.1" status: 200 len: 772 time: 0.0047998
2016-12-20 09:27:21.377 6313 INFO nova.osapi_compute.wsgi.server [req-8743cf4b-97a9-42fe-a7ca-3220934ab7b6 ac9b823b8bd444519added5e2c0eb970 e9e2282bbadc48188deb4d518437aea4 - - -] 192.168.0.2 "GET /v2.1/servers/detail?limit=21&project_id=e9e2282bbadc48188deb4d518437aea4 HTTP/1.1" status: 200 len: 5706 time: 0.0816588
2016-12-20 09:27:21.400 6314 INFO nova.osapi_compute.wsgi.server [req-028b72fd-b3de-4b07-aff9-30e6eadb336a ac9b823b8bd444519added5e2c0eb970 e9e2282bbadc48188deb4d518437aea4 - - -] 192.168.0.2 "GET /v2.1/flavors/detail HTTP/1.1" status: 200 len: 2917 time: 0.0173819
2016-12-20 09:27:21.537 6314 INFO nova.osapi_compute.wsgi.server [req-bd9d2d9b-d071-4015-ac0e-a31253fe0358 ac9b823b8bd444519added5e2c0eb970 e9e2282bbadc48188deb4d518437aea4 - - -] 192.168.0.2 "GET /v2.1/extensions HTTP/1.1" status: 200 len: 21761 time: 0.0203929
2016-12-20 09:27:24.046 6340 INFO nova.metadata.wsgi.server [-] 192.168.0.2 "OPTIONS / HTTP/1.0" status: 200 len: 234 time: 0.0002630
2016-12-20 09:27:24.702 6315 INFO nova.osapi_compute.wsgi.server [req-90721279-0f6d-4d25-a142-984cd2b1aa12 ac9b823b8bd444519added5e2c0eb970 e9e2282bbadc48188deb4d518437aea4 - - -] 192.168.0.2 "GET /v2.1/servers/detail?project_id=e9e2282bbadc48188deb4d518437aea4 HTTP/1.1" status: 200 len: 5706 time: 0.0792401
2016-12-20 09:27:25.727 6313 INFO nova.osapi_compute.wsgi.server [-] 192.168.0.2 "OPTIONS / HTTP/1.0" status: 200 len: 499 time: 0.0004530
2016-12-20 09:27:27.273 6316 INFO nova.osapi_compute.wsgi.server [req-284f1767-56cd-4188-b890-7dbc2935d960 ac9b823b8bd444519added5e2c0eb970 e9e2282bbadc48188deb4d518437aea4 - - -] 192.168.0.2 "GET /v2.1/os-quota-sets/e9e2282bbadc48188deb4d518437aea4 HTTP/1.1" status: 200 len: 626 time: 0.0038612
2016-12-20 09:27:27.300 6315 INFO nova.osapi_compute.wsgi.server [req-bb8d5e2a-a0b6-4c0d-a279-c6460ac55255 ac9b823b8bd444519added5e2c0eb970 e9e2282bbadc48188deb4d518437aea4 - - -] 192.168.0.2 "GET /v2.1/flavors/detail HTTP/1.1" status: 200 len: 2917 time: 0.0216870
2016-12-20 09:27:27.380 6313 INFO nova.osapi_compute.wsgi.server [req-8a8100ea-6028-41cf-bd07-9d3122a72d5b ac9b823b8bd444519added5e2c0eb970 e9e2282bbadc48188deb4d518437aea4 - - -] 192.168.0.2 "GET /v2.1/servers/detail?all_tenants=True&tenant_id=e9e2282bbadc48188deb4d518437aea4 HTTP/1.1" status: 200 len: 5706 time: 0.1115141
2016-12-20 09:27:27.990 6340 WARNING oslo_config.cfg [req-7585bd39-ebc1-4e05-9574-7e17ecfa18d3 - - - - -] Option "auth_plugin" from group "neutron" is deprecated. Use option "auth_type" from group "neutron".
2016-12-20 09:27:27.991 6340 WARNING oslo_config.cfg [req-7585bd39-ebc1-4e05-9574-7e17ecfa18d3 - - - - -] Option "username" from group "neutron" is deprecated. Use option "user-name" from group "neutron".
2016-12-20 09:27:28.088 6340 INFO nova.metadata.wsgi.server [req-7585bd39-ebc1-4e05-9574-7e17ecfa18d3 - - - - -] 192.168.111.8,192.168.0.2 "GET /openstack/latest/meta_data.json HTTP/1.1" status: 200 len: 1076 time: 0.1398950
2016-12-20 09:27:30.012 6316 INFO nova.osapi_compute.wsgi.server [req-a24b8d18-7e11-404b-be4f-d89e57a33757 ac9b823b8bd444519added5e2c0eb970 e9e2282bbadc48188deb4d518437aea4 - - -] 192.168.0.2 "GET /v2.1/os-quota-sets/e9e2282bbadc48188deb4d518437aea4 HTTP/1.1" status: 200 len: 626 time: 0.0088580
2016-12-20 09:27:30.053 6313 INFO nova.osapi_compute.wsgi.server [req-8a90d056-1db2-4c9b-9af2-afe99226974d ac9b823b8bd444519added5e2c0eb970 e9e2282bbadc48188deb4d518437aea4 - - -] 192.168.0.2 "GET /v2.1/flavors/detail HTTP/1.1" status: 200 len: 2917 time: 0.0223761
2016-12-20 09:27:30.193 6316 INFO nova.osapi_compute.wsgi.server [req-520c73cf-8ad7-433d-9bec-f17beb74c6c1 ac9b823b8bd444519added5e2c0eb970 e9e2282bbadc48188deb4d518437aea4 - - -] 192.168.0.2 "GET /v2.1/servers/detail?all_tenants=True&tenant_id=e9e2282bbadc48188deb4d518437aea4 HTTP/1.1" status: 200 len: 5706 time: 0.1665030
2016-12-20 09:27:32.120 6315 INFO nova.osapi_compute.wsgi.server [req-e0c450f4-3191-4750-a18d-e5c772eda28a ac9b823b8bd444519added5e2c0eb970 e9e2282bbadc48188deb4d518437aea4 - - -] 192.168.0.2 "GET /v2.1/servers/detail?project_id=e9e2282bbadc48188deb4d518437aea4 HTTP/1.1" status: 200 len: 5706 time: 0.0733640
2016-12-20 09:27:32.711 6313 INFO nova.osapi_compute.wsgi.server [req-c3b68a57-1b93-401b-a94f-405197e01672 ac9b823b8bd444519added5e2c0eb970 e9e2282bbadc48188deb4d518437aea4 - - -] 192.168.0.2 "GET /v2.1/limits?reserved=1 HTTP/1.1" status: 200 len: 772 time: 0.0418079
2016-12-20 09:27:32.756 6313 INFO nova.osapi_compute.wsgi.server [req-a6c250c7-2ec5-4226-8020-98be4cc967c7 ac9b823b8bd444519added5e2c0eb970 e9e2282bbadc48188deb4d518437aea4 - - -] 192.168.0.2 "GET /v2.1/servers/detail?limit=21&project_id=e9e2282bbadc48188deb4d518437aea4 HTTP/1.1" status: 200 len: 5706 time: 0.0874808
2016-12-20 09:27:32.894 6314 INFO nova.osapi_compute.wsgi.server [req-ba9f5a36-084b-456b-84dd-4e90dc909340 ac9b823b8bd444519added5e2c0eb970 e9e2282bbadc48188deb4d518437aea4 - - -] 192.168.0.2 "GET /v2.1/flavors/detail HTTP/1.1" status: 200 len: 2917 time: 0.1319098
2016-12-20 09:27:32.946 6315 INFO nova.osapi_compute.wsgi.server [req-b30f9dd9-bc56-4ec4-bb15-278042d2acfc ac9b823b8bd444519added5e2c0eb970 e9e2282bbadc48188deb4d518437aea4 - - -] 192.168.0.2 "GET /v2.1/extensions HTTP/1.1" status: 200 len: 21761 time: 0.0198851
2016-12-20 09:27:34.239 6340 INFO nova.metadata.wsgi.server [-] 192.168.0.2 "OPTIONS / HTTP/1.0" status: 200 len: 234 time: 0.0003071
2016-12-20 09:27:34.744 6313 INFO nova.api.openstack.compute.server_external_events [req-d9f9edda-261d-493e-82c0-5089a9a7ce5d 8e7101c3a3e9404d8bdadd6257fbbc84 b62480b9d83d421a8fdf174efa0173c8 - - -] Creating event network-changed:None for instance 89c93a39-0e8d-4a6c-8266-9b383ec6c2e5
2016-12-20 09:27:34.755 6313 INFO nova.osapi_compute.wsgi.server [req-d9f9edda-261d-493e-82c0-5089a9a7ce5d 8e7101c3a3e9404d8bdadd6257fbbc84 b62480b9d83d421a8fdf174efa0173c8 - - -] 192.168.0.2 "POST /v2.1/os-server-external-events HTTP/1.1" status: 200 len: 395 time: 0.0485919
2016-12-20 09:27:35.999 6314 INFO nova.osapi_compute.wsgi.server [-] 192.168.0.2 "OPTIONS / HTTP/1.0" status: 200 len: 499 time: 0.0004330
2016-12-20 09:27:41.086 6316 INFO nova.osapi_compute.wsgi.server [req-4a01461b-a3f9-40e8-a3a6-909bae4069c4 ac9b823b8bd444519added5e2c0eb970 e9e2282bbadc48188deb4d518437aea4 - - -] 192.168.0.2 "GET /v2.1/servers/detail?all_tenants=True HTTP/1.1" status: 200 len: 5460 time: 0.0798781
2016-12-20 09:27:41.192 6313 INFO nova.osapi_compute.wsgi.server [req-4813f4c5-9c61-4f28-acfb-442878e302e5 ac9b823b8bd444519added5e2c0eb970 e9e2282bbadc48188deb4d518437aea4 - - -] 192.168.0.2 "GET /v2.1/extensions HTTP/1.1" status: 200 len: 21761 time: 0.0200090
2016-12-20 09:27:44.141 6343 INFO nova.metadata.wsgi.server [-] 192.168.0.2 "OPTIONS / HTTP/1.0" status: 200 len: 234 time: 0.0002851
2016-12-20 09:27:45.982 6313 INFO nova.osapi_compute.wsgi.server [-] 192.168.0.2 "OPTIONS / HTTP/1.0" status: 200 len: 499 time: 0.0004170
2016-12-20 09:27:47.107 6313 INFO nova.osapi_compute.wsgi.server [req-a366a309-df7b-4ba7-97b9-937722d79ac8 ac9b823b8bd444519added5e2c0eb970 e9e2282bbadc48188deb4d518437aea4 - - -] 192.168.0.2 "GET /v2.1/servers/detail?project_id=e9e2282bbadc48188deb4d518437aea4 HTTP/1.1" status: 200 len: 5823 time: 0.0894399
2016-12-20 09:27:47.169 6315 INFO nova.osapi_compute.wsgi.server [req-c73dbc17-7905-47e5-8316-a8b8d9f3b431 ac9b823b8bd444519added5e2c0eb970 e9e2282bbadc48188deb4d518437aea4 - - -] 192.168.0.2 "GET /v2.1/extensions HTTP/1.1" status: 200 len: 21761 time: 0.0175450
2016-12-20 09:27:53.943 6340 INFO nova.metadata.wsgi.server [-] 192.168.0.2 "OPTIONS / HTTP/1.0" status: 200 len: 234 time: 0.0002830
2016-12-20 09:27:54.481 6314 INFO nova.osapi_compute.wsgi.server [req-44bee1e0-a661-41b2-bff1-478d1435aeb2 ac9b823b8bd444519added5e2c0eb970 e9e2282bbadc48188deb4d518437aea4 - - -] 192.168.0.2 "GET /v2.1/limits HTTP/1.1" status: 200 len: 772 time: 0.0055900
2016-12-20 09:27:54.484 6315 INFO nova.osapi_compute.wsgi.server [req-67af7dd7-cf79-41a2-a075-f1a0b35545a5 ac9b823b8bd444519added5e2c0eb970 e9e2282bbadc48188deb4d518437aea4 - - -] 192.168.0.2 "GET /v2.1/os-keypairs HTTP/1.1" status: 200 len: 278 time: 0.0110850
2016-12-20 09:27:54.493 6313 INFO nova.osapi_compute.wsgi.server [req-e9ee8f40-7573-496e-9648-9be681da9625 ac9b823b8bd444519added5e2c0eb970 e9e2282bbadc48188deb4d518437aea4 - - -] 192.168.0.2 "GET /v2.1/flavors/detail HTTP/1.1" status: 200 len: 2917 time: 0.0147190
2016-12-20 09:27:54.501 6316 INFO nova.osapi_compute.wsgi.server [req-e28e6f57-47cd-412e-8a59-4967735c753a ac9b823b8bd444519added5e2c0eb970 e9e2282bbadc48188deb4d518437aea4 - - -] 192.168.0.2 "GET /v2.1/os-availability-zone HTTP/1.1" status: 200 len: 359 time: 0.0244501
2016-12-20 09:27:54.511 6313 INFO nova.osapi_compute.wsgi.server [req-029067e9-dfdc-4cb0-b89d-8bc3dd1ccc45 ac9b823b8bd444519added5e2c0eb970 e9e2282bbadc48188deb4d518437aea4 - - -] 192.168.0.2 "GET /v2.1/flavors/1/os-extra_specs HTTP/1.1" status: 200 len: 281 time: 0.0147309
2016-12-20 09:27:54.530 6313 INFO nova.osapi_compute.wsgi.server [req-7e0ce3d1-d52c-4837-971f-7fcee6c1eaa4 ac9b823b8bd444519added5e2c0eb970 e9e2282bbadc48188deb4d518437aea4 - - -] 192.168.0.2 "GET /v2.1/flavors/1f3220c2-447a-4930-946f-060f00f3b4bd/os-extra_specs HTTP/1.1" status: 200 len: 281 time: 0.0141649
2016-12-20 09:27:54.543 6313 INFO nova.osapi_compute.wsgi.server [req-152c6375-5bd9-4910-b5d5-da0295969d22 ac9b823b8bd444519added5e2c0eb970 e9e2282bbadc48188deb4d518437aea4 - - -] 192.168.0.2 "GET /v2.1/flavors/2/os-extra_specs HTTP/1.1" status: 200 len: 281 time: 0.0102339
2016-12-20 09:27:54.556 6313 INFO nova.osapi_compute.wsgi.server [req-96a1d9ec-7242-43bb-aedf-d7313b5a85b6 ac9b823b8bd444519added5e2c0eb970 e9e2282bbadc48188deb4d518437aea4 - - -] 192.168.0.2 "GET /v2.1/flavors/3/os-extra_specs HTTP/1.1" status: 200 len: 281 time: 0.0098860
2016-12-20 09:27:54.567 6314 INFO nova.osapi_compute.wsgi.server [req-ff18842c-0e2f-4cf4-bb67-6f30920aca9a ac9b823b8bd444519added5e2c0eb970 e9e2282bbadc48188deb4d518437aea4 - - -] 192.168.0.2 "GET /v2.1/flavors/4/os-extra_specs HTTP/1.1" status: 200 len: 281 time: 0.0101810
2016-12-20 09:27:54.579 6315 INFO nova.osapi_compute.wsgi.server [req-4f52f416-59fa-4026-9b5f-64b766b69346 ac9b823b8bd444519added5e2c0eb970 e9e2282bbadc48188deb4d518437aea4 - - -] 192.168.0.2 "GET /v2.1/flavors/5/os-extra_specs HTTP/1.1" status: 200 len: 281 time: 0.0099819
2016-12-20 09:27:54.591 6315 INFO nova.osapi_compute.wsgi.server [req-d8087547-7379-49e3-8a4a-b270bb13e79e ac9b823b8bd444519added5e2c0eb970 e9e2282bbadc48188deb4d518437aea4 - - -] 192.168.0.2 "GET /v2.1/flavors/cf2797b2-337e-441f-95d4-a84f8f130204/os-extra_specs HTTP/1.1" status: 200 len: 281 time: 0.0100689
2016-12-20 09:27:54.729 6313 INFO nova.osapi_compute.wsgi.server [req-68ab0580-f3ea-4482-a823-b32849cdbe3a ac9b823b8bd444519added5e2c0eb970 e9e2282bbadc48188deb4d518437aea4 - - -] 192.168.0.2 "GET /v2.1/extensions HTTP/1.1" status: 200 len: 21761 time: 0.0350621
2016-12-20 09:27:55.749 6313 INFO nova.osapi_compute.wsgi.server [-] 192.168.0.2 "OPTIONS / HTTP/1.0" status: 200 len: 499 time: 0.0004621
2016-12-20 09:28:03.716 6340 INFO nova.metadata.wsgi.server [-] 192.168.0.2 "OPTIONS / HTTP/1.0" status: 200 len: 234 time: 0.0002599
2016-12-20 09:28:05.555 6313 INFO nova.osapi_compute.wsgi.server [-] 192.168.0.2 "OPTIONS / HTTP/1.0" status: 200 len: 499 time: 0.0004170
2016-12-20 09:28:13.570 6341 INFO nova.metadata.wsgi.server [-] 192.168.0.2 "OPTIONS / HTTP/1.0" status: 200 len: 234 time: 0.0002801
2016-12-20 09:28:15.299 6313 INFO nova.osapi_compute.wsgi.server [-] 192.168.0.2 "OPTIONS / HTTP/1.0" status: 200 len: 499 time: 0.0004590
2016-12-20 09:28:17.394 6313 WARNING oslo_config.cfg [req-4ce0c259-0b8a-4402-b8ba-ee36266749b4 ac9b823b8bd444519added5e2c0eb970 e9e2282bbadc48188deb4d518437aea4 - - -] Option "auth_plugin" from group "neutron" is deprecated. Use option "auth_type" from group "neutron".
2016-12-20 09:28:17.396 6313 WARNING oslo_config.cfg [req-4ce0c259-0b8a-4402-b8ba-ee36266749b4 ac9b823b8bd444519added5e2c0eb970 e9e2282bbadc48188deb4d518437aea4 - - -] Option "username" from group "neutron" is deprecated. Use option "user-name" from group "neutron".
2016-12-20 09:28:17.777 6313 INFO nova.osapi_compute.wsgi.server [req-4ce0c259-0b8a-4402-b8ba-ee36266749b4 ac9b823b8bd444519added5e2c0eb970 e9e2282bbadc48188deb4d518437aea4 - - -] 192.168.0.2 "POST /v2.1/os-volumes_boot HTTP/1.1" status: 202 len: 752 time: 0.5831041
2016-12-20 09:28:17.842 6313 INFO nova.osapi_compute.wsgi.server [req-225cab59-da9f-4be8-a3a1-45cad8d74384 ac9b823b8bd444519added5e2c0eb970 e9e2282bbadc48188deb4d518437aea4 - - -] 192.168.0.2 "GET /v2.1/servers/11d5d0bb-afb1-419f-b3bc-a85984e66dea HTTP/1.1" status: 200 len: 1528 time: 0.0620239
2016-12-20 09:28:18.031 6315 INFO nova.osapi_compute.wsgi.server [req-4866229e-3b25-4412-bdc2-a3b4e5479c6b ac9b823b8bd444519added5e2c0eb970 e9e2282bbadc48188deb4d518437aea4 - - -] 192.168.0.2 "GET /v2.1/servers/detail?project_id=e9e2282bbadc48188deb4d518437aea4 HTTP/1.1" status: 200 len: 7176 time: 0.0813859
2016-12-20 09:28:18.096 6315 INFO nova.osapi_compute.wsgi.server [req-0941440a-bfb2-4465-8691-aec99f7da259 ac9b823b8bd444519added5e2c0eb970 e9e2282bbadc48188deb4d518437aea4 - - -] 192.168.0.2 "GET /v2.1/extensions HTTP/1.1" status: 200 len: 21761 time: 0.0184119
2016-12-20 09:28:23.626 6340 INFO nova.metadata.wsgi.server [-] 192.168.0.2 "OPTIONS / HTTP/1.0" status: 200 len: 234 time: 0.0002699
2016-12-20 09:28:23.687 6340 INFO nova.metadata.wsgi.server [req-9362f273-7e47-4960-b593-3b2c5bab8ddf - - - - -] 192.168.111.8,192.168.0.2 "GET /openstack/latest/user_data HTTP/1.1" status: 404 len: 195 time: 0.1575069
2016-12-20 09:28:24.226 6343 INFO nova.metadata.wsgi.server [req-50404a2f-daa2-4e1a-a84e-f8928e2cb502 - - - - -] 192.168.111.8,192.168.0.2 "GET /openstack/2013-04-04/meta_data.json HTTP/1.1" status: 200 len: 1026 time: 0.1059990
2016-12-20 09:28:24.235 6340 INFO nova.metadata.wsgi.server [req-aaedff9a-6d46-400a-89dc-3ab67b877c86 - - - - -] 192.168.111.8,192.168.0.2 "GET /openstack/2013-04-04/password HTTP/1.1" status: 200 len: 134 time: 0.0004320
2016-12-20 09:28:25.486 6316 INFO nova.osapi_compute.wsgi.server [-] 192.168.0.2 "OPTIONS / HTTP/1.0" status: 200 len: 499 time: 0.0004361
2016-12-20 09:28:31.907 6315 INFO nova.api.openstack.wsgi [req-50d48eb5-89c7-40b1-a7ba-533f74d4fcfb 8e7101c3a3e9404d8bdadd6257fbbc84 b62480b9d83d421a8fdf174efa0173c8 - - -] HTTP exception thrown: No instances found for any event
2016-12-20 09:28:31.908 6315 INFO nova.osapi_compute.wsgi.server [req-50d48eb5-89c7-40b1-a7ba-533f74d4fcfb 8e7101c3a3e9404d8bdadd6257fbbc84 b62480b9d83d421a8fdf174efa0173c8 - - -] 192.168.0.2 "POST /v2.1/os-server-external-events HTTP/1.1" status: 404 len: 362 time: 0.0399849
2016-12-20 09:28:33.643 6343 INFO nova.metadata.wsgi.server [-] 192.168.0.2 "OPTIONS / HTTP/1.0" status: 200 len: 234 time: 0.0003040
2016-12-20 09:28:35.585 6313 INFO nova.osapi_compute.wsgi.server [-] 192.168.0.2 "OPTIONS / HTTP/1.0" status: 200 len: 499 time: 0.0004299
2016-12-20 09:28:39.656 6315 INFO nova.osapi_compute.wsgi.server [req-c91294f5-8763-45ba-b12b-71c31d6f51fa ac9b823b8bd444519added5e2c0eb970 e9e2282bbadc48188deb4d518437aea4 - - -] 192.168.0.2 "GET /v2.1 HTTP/1.1" status: 302 len: 242 time: 0.0277579
2016-12-20 09:28:39.661 6315 INFO nova.osapi_compute.wsgi.server [req-8897ca1b-c7e2-40f3-ae79-bca429036e18 ac9b823b8bd444519added5e2c0eb970 e9e2282bbadc48188deb4d518437aea4 - - -] 192.168.0.2 "GET /v2.1/ HTTP/1.1" status: 200 len: 648 time: 0.0035810
2016-12-20 09:28:43.630 6342 INFO nova.metadata.wsgi.server [-] 192.168.0.2 "OPTIONS / HTTP/1.0" status: 200 len: 234 time: 0.0002611
2016-12-20 09:28:45.380 6315 INFO nova.osapi_compute.wsgi.server [-] 192.168.0.2 "OPTIONS / HTTP/1.0" status: 200 len: 499 time: 0.0004230
2016-12-20 09:28:53.860 6342 INFO nova.metadata.wsgi.server [-] 192.168.0.2 "OPTIONS / HTTP/1.0" status: 200 len: 234 time: 0.0002780
2016-12-20 09:28:55.207 6315 INFO nova.osapi_compute.wsgi.server [-] 192.168.0.2 "OPTIONS / HTTP/1.0" status: 200 len: 499 time: 0.0004129
2016-12-20 09:29:02.718 6342 WARNING oslo_config.cfg [req-4c6cd01f-5831-4ea0-be17-a91d8a1c3ecb - - - - -] Option "auth_plugin" from group "neutron" is deprecated. Use option "auth_type" from group "neutron".
2016-12-20 09:29:02.720 6342 WARNING oslo_config.cfg [req-4c6cd01f-5831-4ea0-be17-a91d8a1c3ecb - - - - -] Option "username" from group "neutron" is deprecated. Use option "user-name" from group "neutron".
2016-12-20 09:29:02.812 6342 INFO nova.metadata.wsgi.server [req-4c6cd01f-5831-4ea0-be17-a91d8a1c3ecb - - - - -] 192.168.111.8,192.168.0.2 "GET /openstack/latest/user_data HTTP/1.1" status: 404 len: 195 time: 0.1351490
2016-12-20 09:29:03.761 6342 INFO nova.metadata.wsgi.server [-] 192.168.0.2 "OPTIONS / HTTP/1.0" status: 200 len: 234 time: 0.0003121
2016-12-20 09:29:05.419 6313 INFO nova.osapi_compute.wsgi.server [-] 192.168.0.2 "OPTIONS / HTTP/1.0" status: 200 len: 499 time: 0.0004590
2016-12-20 09:29:13.910 6341 INFO nova.metadata.wsgi.server [-] 192.168.0.2 "OPTIONS / HTTP/1.0" status: 200 len: 234 time: 0.0002801
2016-12-20 09:29:15.549 6316 INFO nova.osapi_compute.wsgi.server [-] 192.168.0.2 "OPTIONS / HTTP/1.0" status: 200 len: 499 time: 0.0004201
2016-12-20 09:29:23.840 6341 INFO nova.metadata.wsgi.server [-] 192.168.0.2 "OPTIONS / HTTP/1.0" status: 200 len: 234 time: 0.0002730
2016-12-20 09:29:25.365 6316 INFO nova.osapi_compute.wsgi.server [-] 192.168.0.2 "OPTIONS / HTTP/1.0" status: 200 len: 499 time: 0.0004401
2016-12-20 09:29:33.585 6341 INFO nova.metadata.wsgi.server [-] 192.168.0.2 "OPTIONS / HTTP/1.0" status: 200 len: 234 time: 0.0002968
2016-12-20 09:29:35.385 6316 INFO nova.osapi_compute.wsgi.server [-] 192.168.0.2 "OPTIONS / HTTP/1.0" status: 200 len: 499 time: 0.0004880
2016-12-20 09:29:43.613 6342 INFO nova.metadata.wsgi.server [-] 192.168.0.2 "OPTIONS / HTTP/1.0" status: 200 len: 234 time: 0.0003240
2016-12-20 09:29:45.666 6316 INFO nova.osapi_compute.wsgi.server [-] 192.168.0.2 "OPTIONS / HTTP/1.0" status: 200 len: 499 time: 0.0004411
2016-12-20 09:29:53.831 6340 INFO nova.metadata.wsgi.server [-] 192.168.0.2 "OPTIONS / HTTP/1.0" status: 200 len: 234 time: 0.0002668
2016-12-20 09:29:55.445 6316 INFO nova.osapi_compute.wsgi.server [-] 192.168.0.2 "OPTIONS / HTTP/1.0" status: 200 len: 499 time: 0.0004599
2016-12-20 09:30:01.680 6315 INFO nova.osapi_compute.wsgi.server [req-e297e3b5-9510-463a-a6f8-6a3ddf9231a3 ac9b823b8bd444519added5e2c0eb970 e9e2282bbadc48188deb4d518437aea4 - - -] 192.168.0.2 "GET /v2.1 HTTP/1.1" status: 302 len: 242 time: 0.0238459
2016-12-20 09:30:01.685 6315 INFO nova.osapi_compute.wsgi.server [req-06d1e5ff-741e-49b4-9560-438313d6aa2a ac9b823b8bd444519added5e2c0eb970 e9e2282bbadc48188deb4d518437aea4 - - -] 192.168.0.2 "GET /v2.1/ HTTP/1.1" status: 200 len: 648 time: 0.0035081
