May 10 20:25:29 pica NetworkManager[683]: [1462929929.9189] dhcp4 (wlp2s0): state changed bound -> bound
May 10 20:25:29 pica dhclient[1124]: bound to 172.16.62.37 -- renewal in 700 seconds.
May 10 20:37:09 pica dhclient[1124]: DHCPREQUEST of 172.16.62.37 on wlp2s0 to 68.188.55.1 port 67 (xid=0x553402a5)
May 10 20:37:09 pica dhclient[1124]: DHCPACK of 172.16.62.37 from 68.188.55.1
May 10 20:37:09 pica NetworkManager[683]: [1462930629.6290] address 172.16.62.37
May 10 20:37:09 pica NetworkManager[683]: [1462930629.6291] plen 24 (255.255.255.0)
May 10 20:37:09 pica NetworkManager[683]: [1462930629.6292] gateway 172.16.62.1
May 10 20:37:09 pica NetworkManager[683]: [1462930629.6292] server identifier 68.188.55.1
May 10 20:37:09 pica NetworkManager[683]: [1462930629.6293] lease time 1800
May 10 20:37:09 pica NetworkManager[683]: [1462930629.6294] nameserver '4.2.2.1'
May 10 20:37:09 pica NetworkManager[683]: [1462930629.6294] nameserver '8.8.8.8'
May 10 20:37:09 pica NetworkManager[683]: [1462930629.6295] dhcp4 (wlp2s0): state changed bound -> bound
May 10 20:37:09 pica dhclient[1124]: bound to 172.16.62.37 -- renewal in 832 seconds.
May 10 20:51:01 pica dhclient[1124]: DHCPREQUEST of 172.16.62.37 on wlp2s0 to 68.188.55.1 port 67 (xid=0x553402a5)
May 10 20:51:04 pica dhclient[1124]: DHCPACK of 172.16.62.37 from 68.188.55.1
May 10 20:51:04 pica NetworkManager[683]: [1462931464.0150] address 172.16.62.37
May 10 20:51:04 pica NetworkManager[683]: [1462931464.0151] plen 24 (255.255.255.0)
May 10 20:51:04 pica NetworkManager[683]: [1462931464.0151] gateway 172.16.62.1
May 10 20:51:04 pica NetworkManager[683]: [1462931464.0151] server identifier 68.188.55.1
May 10 20:51:04 pica NetworkManager[683]: [1462931464.0151] lease time 1800
May 10 20:51:04 pica NetworkManager[683]: [1462931464.0151] nameserver '4.2.2.1'
May 10 20:51:04 pica NetworkManager[683]: [1462931464.0151] nameserver '8.8.8.8'
May 10 20:51:04 pica NetworkManager[683]: [1462931464.0151] dhcp4 (wlp2s0): state changed bound -> bound
May 10 20:51:04 pica dhclient[1124]: bound to 172.16.62.37 -- renewal in 850 seconds.
May 10 21:05:14 pica dhclient[1124]: DHCPREQUEST of 172.16.62.37 on wlp2s0 to 68.188.55.1 port 67 (xid=0x553402a5)
May 10 21:05:14 pica dhclient[1124]: DHCPACK of 172.16.62.37 from 68.188.55.1
May 10 21:05:14 pica NetworkManager[683]: [1462932314.9583] address 172.16.62.37
May 10 21:05:14 pica NetworkManager[683]: [1462932314.9583] plen 24 (255.255.255.0)
May 10 21:05:14 pica NetworkManager[683]: [1462932314.9584] gateway 172.16.62.1
May 10 21:05:14 pica NetworkManager[683]: [1462932314.9584] server identifier 68.188.55.1
May 10 21:05:14 pica NetworkManager[683]: [1462932314.9584] lease time 1800
May 10 21:05:14 pica NetworkManager[683]: [1462932314.9584] nameserver '4.2.2.1'
May 10 21:05:14 pica NetworkManager[683]: [1462932314.9585] nameserver '8.8.8.8'
May 10 21:05:14 pica NetworkManager[683]: [1462932314.9585] dhcp4 (wlp2s0): state changed bound -> bound
May 10 21:05:14 pica dhclient[1124]: bound to 172.16.62.37 -- renewal in 870 seconds.
May 10 21:19:44 pica dhclient[1124]: DHCPREQUEST of 172.16.62.37 on wlp2s0 to 68.188.55.1 port 67 (xid=0x553402a5)
May 10 21:19:44 pica dhclient[1124]: DHCPACK of 172.16.62.37 from 68.188.55.1
May 10 21:19:44 pica NetworkManager[683]: [1462933184.1803] address 172.16.62.37
May 10 21:19:44 pica NetworkManager[683]: [1462933184.1803] plen 24 (255.255.255.0)
May 10 21:19:44 pica NetworkManager[683]: [1462933184.1803] gateway 172.16.62.1
May 10 21:19:44 pica NetworkManager[683]: [1462933184.1803] server identifier 68.188.55.1
May 10 21:19:44 pica NetworkManager[683]: [1462933184.1804] lease time 1800
May 10 21:19:44 pica NetworkManager[683]: [1462933184.1804] nameserver '4.2.2.1'
May 10 21:19:44 pica NetworkManager[683]: [1462933184.1804] nameserver '8.8.8.8'
May 10 21:19:44 pica NetworkManager[683]: [1462933184.1804] dhcp4 (wlp2s0): state changed bound -> bound
May 10 21:19:44 pica dhclient[1124]: bound to 172.16.62.37 -- renewal in 863 seconds.
May 10 21:34:07 pica dhclient[1124]: DHCPREQUEST of 172.16.62.37 on wlp2s0 to 68.188.55.1 port 67 (xid=0x553402a5)
May 10 21:34:10 pica dhclient[1124]: DHCPREQUEST of 172.16.62.37 on wlp2s0 to 68.188.55.1 port 67 (xid=0x553402a5)
May 10 21:34:13 pica dhclient[1124]: DHCPACK of 172.16.62.37 from 68.188.55.1
May 10 21:34:13 pica NetworkManager[683]: [1462934053.1334] address 172.16.62.37
May 10 21:34:13 pica NetworkManager[683]: [1462934053.1335] plen 24 (255.255.255.0)
May 10 21:34:13 pica NetworkManager[683]: [1462934053.1335] gateway 172.16.62.1
May 10 21:34:13 pica NetworkManager[683]: [1462934053.1336] server identifier 68.188.55.1
May 10 21:34:13 pica NetworkManager[683]: [1462934053.1336] lease time 1800
May 10 21:34:13 pica NetworkManager[683]: [1462934053.1337] nameserver '4.2.2.1'
May 10 21:34:13 pica dhclient[1124]: bound to 172.16.62.37 -- renewal in 694 seconds.
May 10 21:34:13 pica NetworkManager[683]: [1462934053.1337] nameserver '8.8.8.8'
May 10 21:34:13 pica NetworkManager[683]: [1462934053.1337] dhcp4 (wlp2s0): state changed bound -> bound
May 10 21:45:47 pica dhclient[1124]: DHCPREQUEST of 172.16.62.37 on wlp2s0 to 68.188.55.1 port 67 (xid=0x553402a5)
May 10 21:45:48 pica dhclient[1124]: DHCPACK of 172.16.62.37 from 68.188.55.1
May 10 21:45:48 pica NetworkManager[683]: [1462934748.2329] address 172.16.62.37
May 10 21:45:48 pica NetworkManager[683]: [1462934748.2331] plen 24 (255.255.255.0)
May 10 21:45:48 pica NetworkManager[683]: [1462934748.2332] gateway 172.16.62.1
May 10 21:45:48 pica NetworkManager[683]: [1462934748.2332] server identifier 68.188.55.1
May 10 21:45:48 pica NetworkManager[683]: [1462934748.2333] lease time 1800
May 10 21:45:48 pica NetworkManager[683]: [1462934748.2334] nameserver '4.2.2.1'
May 10 21:45:48 pica NetworkManager[683]: [1462934748.2334] nameserver '8.8.8.8'
May 10 21:45:48 pica NetworkManager[683]: [1462934748.2335] dhcp4 (wlp2s0): state changed bound -> bound
May 10 21:45:48 pica dhclient[1124]: bound to 172.16.62.37 -- renewal in 730 seconds.
May 10 21:57:58 pica dhclient[1124]: DHCPREQUEST of 172.16.62.37 on wlp2s0 to 68.188.55.1 port 67 (xid=0x553402a5)
May 10 21:57:58 pica dhclient[1124]: DHCPACK of 172.16.62.37 from 68.188.55.1
May 10 21:57:58 pica NetworkManager[683]: [1462935478.9689] address 172.16.62.37
May 10 21:57:58 pica NetworkManager[683]: [1462935478.9690] plen 24 (255.255.255.0)
May 10 21:57:58 pica NetworkManager[683]: [1462935478.9691] gateway 172.16.62.1
May 10 21:57:58 pica NetworkManager[683]: [1462935478.9691] server identifier 68.188.55.1
May 10 21:57:58 pica NetworkManager[683]: [1462935478.9691] lease time 1800
May 10 21:57:58 pica NetworkManager[683]: [1462935478.9692] nameserver '4.2.2.1'
May 10 21:57:58 pica NetworkManager[683]: [1462935478.9692] nameserver '8.8.8.8'
May 10 21:57:58 pica NetworkManager[683]: [1462935478.9693] dhcp4 (wlp2s0): state changed bound -> bound
May 10 21:57:58 pica dhclient[1124]: bound to 172.16.62.37 -- renewal in 807 seconds.
May 10 22:11:25 pica dhclient[1124]: DHCPREQUEST of 172.16.62.37 on wlp2s0 to 68.188.55.1 port 67 (xid=0x553402a5)
May 10 22:11:25 pica dhclient[1124]: DHCPACK of 172.16.62.37 from 68.188.55.1
May 10 22:11:25 pica NetworkManager[683]: [1462936285.0917] address 172.16.62.37
May 10 22:11:25 pica NetworkManager[683]: [1462936285.0925] plen 24 (255.255.255.0)
May 10 22:11:25 pica NetworkManager[683]: [1462936285.0930] gateway 172.16.62.1
May 10 22:11:25 pica NetworkManager[683]: [1462936285.0936] server identifier 68.188.55.1
May 10 22:11:25 pica NetworkManager[683]: [1462936285.0936] lease time 1800
May 10 22:11:25 pica NetworkManager[683]: [1462936285.0937] nameserver '4.2.2.1'
May 10 22:11:25 pica NetworkManager[683]: [1462936285.0937] nameserver '8.8.8.8'
May 10 22:11:25 pica NetworkManager[683]: [1462936285.0938] dhcp4 (wlp2s0): state changed bound -> bound
May 10 22:11:25 pica dhclient[1124]: bound to 172.16.62.37 -- renewal in 688 seconds.
May 10 22:22:53 pica dhclient[1124]: DHCPREQUEST of 172.16.62.37 on wlp2s0 to 68.188.55.1 port 67 (xid=0x553402a5)
May 10 22:22:54 pica dhclient[1124]: DHCPACK of 172.16.62.37 from 68.188.55.1
May 10 22:22:54 pica NetworkManager[683]: [1462936974.3361] address 172.16.62.37
May 10 22:22:54 pica NetworkManager[683]: [1462936974.3361] plen 24 (255.255.255.0)
May 10 22:22:54 pica NetworkManager[683]: [1462936974.3361] gateway 172.16.62.1
May 10 22:22:54 pica NetworkManager[683]: [1462936974.3361] server identifier 68.188.55.1
May 10 22:22:54 pica NetworkManager[683]: [1462936974.3362] lease time 1800
May 10 22:22:54 pica NetworkManager[683]: [1462936974.3362] nameserver '4.2.2.1'
May 10 22:22:54 pica NetworkManager[683]: [1462936974.3362] nameserver '8.8.8.8'
May 10 22:22:54 pica NetworkManager[683]: [1462936974.3362] dhcp4 (wlp2s0): state changed bound -> bound
May 10 22:22:54 pica dhclient[1124]: bound to 172.16.62.37 -- renewal in 703 seconds.
May 10 22:24:42 pica kernel: wlp2s0: deauthenticating from 02:18:1a:83:60:ce by local choice (Reason: 3=DEAUTH_LEAVING)
May 10 22:24:42 pica wpa_supplicant[899]: wlp2s0: CTRL-EVENT-DISCONNECTED bssid=02:18:1a:83:60:ce reason=3 locally_generated=1
May 10 22:24:42 pica NetworkManager[683]: [1462937082.7119] WiFi hardware radio set disabled
May 10 22:24:42 pica NetworkManager[683]: [1462937082.7119] device (wlp2s0): state change: activated -> unavailable (reason 'none') [100 20 0]
May 10 22:24:42 pica dhclient[1124]: receive_packet failed on wlp2s0: Network is down
May 10 22:24:42 pica wpa_supplicant[899]: rfkill: WLAN soft blocked
May 10 22:24:42 pica wpa_supplicant[899]: rfkill: WLAN soft blocked
May 10 22:24:42 pica NetworkManager[683]: [1462937082.7283] dhcp4 (wlp2s0): canceled DHCP transaction, DHCP client pid 1124
May 10 22:24:42 pica NetworkManager[683]: [1462937082.7283] dhcp4 (wlp2s0): state changed bound -> done
May 10 22:24:42 pica NetworkManager[683]: [1462937082.7293] dns-mgr: Writing DNS information to /sbin/resolvconf
May 10 22:24:42 pica NetworkManager[683]: [1462937082.7378] manager: NetworkManager state is now CONNECTED_LOCAL
May 10 22:24:42 pica NetworkManager[683]: [1462937082.7384] manager: NetworkManager state is now DISCONNECTED
May 10 22:24:42 pica wpa_supplicant[899]: nl80211: deinit ifname=p2p-dev-wlp2s0 disabled_11b_rates=0
May 10 22:24:42 pica NetworkManager[683]: [1462937082.7462] audit: op="radio-control" arg="wireless-enabled:0" pid=1506 uid=1000 result="success"
May 10 22:24:42 pica NetworkManager[683]: [1462937082.7465] manager: WiFi now disabled by radio killswitch
May 10 22:24:42 pica wpa_supplicant[899]: nl80211: deinit ifname=wlp2s0 disabled_11b_rates=0
May 10 22:24:46 pica NetworkManager[683]: [1462937086.7294] WiFi hardware radio set enabled
May 10 22:24:46 pica kernel: iwlwifi 0000:02:00.0: L1 Enabled - LTR Disabled
May 10 22:24:46 pica kernel: iwlwifi 0000:02:00.0: L1 Enabled - LTR Disabled
May 10 22:24:46 pica kernel: iwlwifi 0000:02:00.0: can't access the RSA semaphore it is write protected
May 10 22:24:46 pica kernel: iwlwifi 0000:02:00.0: L1 Enabled - LTR Disabled
May 10 22:24:46 pica kernel: iwlwifi 0000:02:00.0: L1 Enabled - LTR Disabled
May 10 22:24:46 pica kernel: iwlwifi 0000:02:00.0: can't access the RSA semaphore it is write protected
May 10 22:24:46 pica kernel: IPv6: ADDRCONF(NETDEV_UP): wlp2s0: link is not ready
May 10 22:24:46 pica NetworkManager[683]: [1462937086.9632] audit: op="radio-control" arg="wireless-enabled:1" pid=1506 uid=1000 result="success"
May 10 22:24:46 pica NetworkManager[683]: [1462937086.9644] manager: WiFi now enabled by radio killswitch
May 10 22:24:47 pica wpa_supplicant[899]: dbus: wpa_dbus_get_object_properties: failed to get object properties: (none) none
May 10 22:24:47 pica wpa_supplicant[899]: dbus: Failed to construct signal
May 10 22:24:47 pica wpa_supplicant[899]: Could not read interface p2p-dev-wlp2s0 flags: No such device
May 10 22:24:47 pica NetworkManager[683]: [1462937087.0546] device (wlp2s0): supplicant interface state: starting -> ready
May 10 22:24:47 pica NetworkManager[683]: [1462937087.0547] device (wlp2s0): state change: unavailable -> disconnected (reason 'supplicant-available') [20 30 42]
May 10 22:24:47 pica kernel: IPv6: ADDRCONF(NETDEV_UP): wlp2s0: link is not ready
May 10 22:24:49 pica NetworkManager[683]: [1462937089.9399] device (wlp2s0): supplicant interface state: ready -> inactive
May 10 22:24:49 pica NetworkManager[683]: [1462937089.9638] policy: auto-activating connection 'DruryHotels'
May 10 22:24:49 pica NetworkManager[683]: [1462937089.9647] device (wlp2s0): Activation: starting connection 'DruryHotels' (882cd348-b302-42c0-80f3-8c9619bdc234)
May 10 22:24:49 pica NetworkManager[683]: [1462937089.9650] device (wlp2s0): state change: disconnected -> prepare (reason 'none') [30 40 0]
May 10 22:24:49 pica NetworkManager[683]: [1462937089.9652] manager: NetworkManager state is now CONNECTING
May 10 22:24:49 pica NetworkManager[683]: [1462937089.9660] device (wlp2s0): state change: prepare -> config (reason 'none') [40 50 0]
May 10 22:24:49 pica NetworkManager[683]: [1462937089.9663] device (wlp2s0): Activation: (wifi) connection 'DruryHotels' requires no security. No secrets needed.
May 10 22:24:49 pica NetworkManager[683]: [1462937089.9665] Config: added 'ssid' value 'DruryHotels'
May 10 22:24:49 pica NetworkManager[683]: [1462937089.9665] Config: added 'scan_ssid' value '1'
May 10 22:24:49 pica NetworkManager[683]: [1462937089.9665] Config: added 'key_mgmt' value 'NONE'
May 10 22:24:49 pica NetworkManager[683]: [1462937089.9708] sup-iface[0x1d4b0c0,wlp2s0]: config: set interface ap_scan to 1
May 10 22:24:49 pica wpa_supplicant[899]: wlp2s0: SME: Trying to authenticate with 02:18:1a:83:60:ce (SSID='DruryHotels' freq=5805 MHz)
May 10 22:24:49 pica kernel: wlp2s0: authenticate with 02:18:1a:83:60:ce
May 10 22:24:49 pica kernel: wlp2s0: send auth to 02:18:1a:83:60:ce (try 1/3)
May 10 22:24:49 pica NetworkManager[683]: [1462937089.9794] device (wlp2s0): supplicant interface state: inactive -> authenticating
May 10 22:24:49 pica wpa_supplicant[899]: wlp2s0: Trying to associate with 02:18:1a:83:60:ce (SSID='DruryHotels' freq=5805 MHz)
May 10 22:24:49 pica kernel: wlp2s0: authenticated
May 10 22:24:49 pica kernel: wlp2s0: associate with 02:18:1a:83:60:ce (try 1/3)
May 10 22:24:49 pica NetworkManager[683]: [1462937089.9947] device (wlp2s0): supplicant interface state: authenticating -> associating
May 10 22:24:49 pica kernel: wlp2s0: RX AssocResp from 02:18:1a:83:60:ce (capab=0x1401 status=0 aid=1)
May 10 22:24:50 pica wpa_supplicant[899]: wlp2s0: Associated with 02:18:1a:83:60:ce
May 10 22:24:50 pica wpa_supplicant[899]: wlp2s0: CTRL-EVENT-CONNECTED - Connection to 02:18:1a:83:60:ce completed [id=0 id_str=]
May 10 22:24:50 pica kernel: wlp2s0: associated
May 10 22:24:50 pica kernel: IPv6: ADDRCONF(NETDEV_CHANGE): wlp2s0: link becomes ready
May 10 22:24:50 pica NetworkManager[683]: [1462937090.0095] device (wlp2s0): supplicant interface state: associating -> completed
May 10 22:24:50 pica NetworkManager[683]: [1462937090.0095] device (wlp2s0): Activation: (wifi) Stage 2 of 5 (Device Configure) successful. Connected to wireless network 'DruryHotels'.
May 10 22:24:50 pica NetworkManager[683]: [1462937090.0098] device (wlp2s0): state change: config -> ip-config (reason 'none') [50 70 0]
May 10 22:24:50 pica NetworkManager[683]: [1462937090.0101] dhcp4 (wlp2s0): activation: beginning transaction (timeout in 45 seconds)
May 10 22:24:50 pica NetworkManager[683]: [1462937090.0155] dhcp4 (wlp2s0): dhclient started with pid 6351
May 10 22:24:50 pica dhclient[6351]: DHCPREQUEST of 172.16.62.37 on wlp2s0 to 255.255.255.255 port 67 (xid=0x6e6369ab)
May 10 22:24:50 pica kernel: wlp2s0: Limiting TX power to 30 (30 - 0) dBm as advertised by 02:18:1a:83:60:ce
May 10 22:24:50 pica dhclient[6351]: DHCPACK of 172.16.62.37 from 68.188.55.1
May 10 22:24:50 pica NetworkManager[683]: [1462937090.1290] address 172.16.62.37
May 10 22:24:50 pica NetworkManager[683]: [1462937090.1291] plen 24 (255.255.255.0)
May 10 22:24:50 pica NetworkManager[683]: [1462937090.1292] gateway 172.16.62.1
May 10 22:24:50 pica NetworkManager[683]: [1462937090.1293] server identifier 68.188.55.1
May 10 22:24:50 pica NetworkManager[683]: [1462937090.1293] lease time 1800
May 10 22:24:50 pica dhclient[6351]: bound to 172.16.62.37 -- renewal in 800 seconds.
May 10 22:24:50 pica NetworkManager[683]: [1462937090.1294] nameserver '4.2.2.1'
May 10 22:24:50 pica NetworkManager[683]: [1462937090.1294] nameserver '8.8.8.8'
May 10 22:24:50 pica NetworkManager[683]: [1462937090.1295] dhcp4 (wlp2s0): state changed unknown -> bound
May 10 22:24:50 pica NetworkManager[683]: [1462937090.1423] device (wlp2s0): state change: ip-config -> ip-check (reason 'none') [70 80 0]
May 10 22:24:50 pica NetworkManager[683]: [1462937090.1455] device (wlp2s0): state change: ip-check -> secondaries (reason 'none') [80 90 0]
May 10 22:24:50 pica NetworkManager[683]: [1462937090.1470] device (wlp2s0): state change: secondaries -> activated (reason 'none') [90 100 0]
May 10 22:24:50 pica NetworkManager[683]: [1462937090.1477] manager: NetworkManager state is now CONNECTED_LOCAL
May 10 22:24:50 pica NetworkManager[683]: [1462937090.1556] manager: NetworkManager state is now CONNECTED_GLOBAL
May 10 22:24:50 pica NetworkManager[683]: [1462937090.1575] policy: set 'DruryHotels' (wlp2s0) as default for IPv4 routing and DNS
May 10 22:24:50 pica NetworkManager[683]: [1462937090.1602] dns-mgr: Writing DNS information to /sbin/resolvconf
May 10 22:24:50 pica NetworkManager[683]: [1462937090.1847] device (wlp2s0): Activation: successful, device activated.
May 10 22:24:51 pica NetworkManager[683]: [1462937091.5787] device (wlp2s0): addrconf6: no interface identifier; IPv6 adddress creation may fail
May 10 22:38:10 pica dhclient[6351]: DHCPREQUEST of 172.16.62.37 on wlp2s0 to 68.188.55.1 port 67 (xid=0x6e6369ab)
May 10 22:38:10 pica dhclient[6351]: DHCPACK of 172.16.62.37 from 68.188.55.1
May 10 22:38:10 pica NetworkManager[683]: [1462937890.6343] address 172.16.62.37
May 10 22:38:10 pica NetworkManager[683]: [1462937890.6343] plen 24 (255.255.255.0)
May 10 22:38:10 pica NetworkManager[683]: [1462937890.6343] gateway 172.16.62.1
May 10 22:38:10 pica NetworkManager[683]: [1462937890.6343] server identifier 68.188.55.1
May 10 22:38:10 pica NetworkManager[683]: [1462937890.6343] lease time 1800
May 10 22:38:10 pica NetworkManager[683]: [1462937890.6343] nameserver '4.2.2.1'
May 10 22:38:10 pica NetworkManager[683]: [1462937890.6344] nameserver '8.8.8.8'
May 10 22:38:10 pica NetworkManager[683]: [1462937890.6344] dhcp4 (wlp2s0): state changed bound -> bound
May 10 22:38:10 pica dhclient[6351]: bound to 172.16.62.37 -- renewal in 744 seconds.
May 10 22:50:34 pica dhclient[6351]: DHCPREQUEST of 172.16.62.37 on wlp2s0 to 68.188.55.1 port 67 (xid=0x6e6369ab)
May 10 22:50:34 pica dhclient[6351]: DHCPACK of 172.16.62.37 from 68.188.55.1
May 10 22:50:34 pica NetworkManager[683]: [1462938634.3700] address 172.16.62.37
May 10 22:50:34 pica NetworkManager[683]: [1462938634.3701] plen 24 (255.255.255.0)
May 10 22:50:34 pica NetworkManager[683]: [1462938634.3701] gateway 172.16.62.1
May 10 22:50:34 pica NetworkManager[683]: [1462938634.3701] server identifier 68.188.55.1
May 10 22:50:34 pica NetworkManager[683]: [1462938634.3701] lease time 1800
May 10 22:50:34 pica NetworkManager[683]: [1462938634.3701] nameserver '4.2.2.1'
May 10 22:50:34 pica NetworkManager[683]: [1462938634.3701] nameserver '8.8.8.8'
May 10 22:50:34 pica NetworkManager[683]: [1462938634.3701] dhcp4 (wlp2s0): state changed bound -> bound
May 10 22:50:34 pica dhclient[6351]: bound to 172.16.62.37 -- renewal in 815 seconds.
May 10 23:04:09 pica dhclient[6351]: DHCPREQUEST of 172.16.62.37 on wlp2s0 to 68.188.55.1 port 67 (xid=0x6e6369ab)
May 10 23:04:09 pica dhclient[6351]: DHCPACK of 172.16.62.37 from 68.188.55.1
May 10 23:04:09 pica NetworkManager[683]: [1462939449.3541] address 172.16.62.37
May 10 23:04:09 pica NetworkManager[683]: [1462939449.3542] plen 24 (255.255.255.0)
May 10 23:04:09 pica NetworkManager[683]: [1462939449.3543] gateway 172.16.62.1
May 10 23:04:09 pica NetworkManager[683]: [1462939449.3543] server identifier 68.188.55.1
May 10 23:04:09 pica dhclient[6351]: bound to 172.16.62.37 -- renewal in 795 seconds.
May 10 23:04:09 pica NetworkManager[683]: [1462939449.3543] lease time 1800
May 10 23:04:09 pica NetworkManager[683]: [1462939449.3544] nameserver '4.2.2.1'
May 10 23:04:09 pica NetworkManager[683]: [1462939449.3544] nameserver '8.8.8.8'
May 10 23:04:09 pica NetworkManager[683]: [1462939449.3544] dhcp4 (wlp2s0): state changed bound -> bound
May 10 23:17:24 pica dhclient[6351]: DHCPREQUEST of 172.16.62.37 on wlp2s0 to 68.188.55.1 port 67 (xid=0x6e6369ab)
May 10 23:17:24 pica dhclient[6351]: DHCPACK of 172.16.62.37 from 68.188.55.1
May 10 23:17:24 pica NetworkManager[683]: [1462940244.9912] address 172.16.62.37
May 10 23:17:24 pica NetworkManager[683]: [1462940244.9913] plen 24 (255.255.255.0)
May 10 23:17:24 pica NetworkManager[683]: [1462940244.9914] gateway 172.16.62.1
May 10 23:17:24 pica NetworkManager[683]: [1462940244.9914] server identifier 68.188.55.1
May 10 23:17:24 pica NetworkManager[683]: [1462940244.9915] lease time 1800
May 10 23:17:24 pica NetworkManager[683]: [1462940244.9915] nameserver '4.2.2.1'
May 10 23:17:24 pica dhclient[6351]: bound to 172.16.62.37 -- renewal in 890 seconds.
May 10 23:17:24 pica NetworkManager[683]: [1462940244.9915] nameserver '8.8.8.8'
May 10 23:17:24 pica NetworkManager[683]: [1462940244.9916] dhcp4 (wlp2s0): state changed bound -> bound
May 10 23:32:14 pica dhclient[6351]: DHCPREQUEST of 172.16.62.37 on wlp2s0 to 68.188.55.1 port 67 (xid=0x6e6369ab)
May 10 23:32:14 pica dhclient[6351]: DHCPACK of 172.16.62.37 from 68.188.55.1
May 10 23:32:14 pica NetworkManager[683]: [1462941134.3939] address 172.16.62.37
May 10 23:32:14 pica NetworkManager[683]: [1462941134.3940] plen 24 (255.255.255.0)
May 10 23:32:14 pica NetworkManager[683]: [1462941134.3940] gateway 172.16.62.1
May 10 23:32:14 pica NetworkManager[683]: [1462941134.3940] server identifier 68.188.55.1
May 10 23:32:14 pica NetworkManager[683]: [1462941134.3941] lease time 1800
May 10 23:32:14 pica NetworkManager[683]: [1462941134.3941] nameserver '4.2.2.1'
May 10 23:32:14 pica NetworkManager[683]: [1462941134.3941] nameserver '8.8.8.8'
May 10 23:32:14 pica NetworkManager[683]: [1462941134.3942] dhcp4 (wlp2s0): state changed bound -> bound
May 10 23:32:14 pica dhclient[6351]: bound to 172.16.62.37 -- renewal in 738 seconds.
May 10 23:44:32 pica dhclient[6351]: DHCPREQUEST of 172.16.62.37 on wlp2s0 to 68.188.55.1 port 67 (xid=0x6e6369ab)
May 10 23:44:32 pica dhclient[6351]: DHCPACK of 172.16.62.37 from 68.188.55.1
May 10 23:44:32 pica NetworkManager[683]: [1462941872.8025] address 172.16.62.37
May 10 23:44:32 pica NetworkManager[683]: [1462941872.8026] plen 24 (255.255.255.0)
May 10 23:44:32 pica NetworkManager[683]: [1462941872.8027] gateway 172.16.62.1
May 10 23:44:32 pica NetworkManager[683]: [1462941872.8027] server identifier 68.188.55.1
May 10 23:44:32 pica NetworkManager[683]: [1462941872.8027] lease time 1800
May 10 23:44:32 pica NetworkManager[683]: [1462941872.8028] nameserver '4.2.2.1'
May 10 23:44:32 pica NetworkManager[683]: [1462941872.8028] nameserver '8.8.8.8'
May 10 23:44:32 pica NetworkManager[683]: [1462941872.8029] dhcp4 (wlp2s0): state changed bound -> bound
May 10 23:44:32 pica dhclient[6351]: bound to 172.16.62.37 -- renewal in 890 seconds.
May 10 23:59:22 pica dhclient[6351]: DHCPREQUEST of 172.16.62.37 on wlp2s0 to 68.188.55.1 port 67 (xid=0x6e6369ab)
May 10 23:59:22 pica dhclient[6351]: DHCPACK of 172.16.62.37 from 68.188.55.1
May 10 23:59:22 pica NetworkManager[683]: [1462942762.1276] address 172.16.62.37
May 10 23:59:22 pica NetworkManager[683]: [1462942762.1277] plen 24 (255.255.255.0)
May 10 23:59:22 pica NetworkManager[683]: [1462942762.1278] gateway 172.16.62.1
May 10 23:59:22 pica NetworkManager[683]: [1462942762.1278] server identifier 68.188.55.1
May 10 23:59:22 pica NetworkManager[683]: [1462942762.1279] lease time 1800
May 10 23:59:22 pica NetworkManager[683]: [1462942762.1280] nameserver '4.2.2.1'
May 10 23:59:22 pica NetworkManager[683]: [1462942762.1280] nameserver '8.8.8.8'
May 10 23:59:22 pica NetworkManager[683]: [1462942762.1281] dhcp4 (wlp2s0): state changed bound -> bound
May 10 23:59:22 pica dhclient[6351]: bound to 172.16.62.37 -- renewal in 831 seconds.
May 11 00:13:13 pica dhclient[6351]: DHCPREQUEST of 172.16.62.37 on wlp2s0 to 68.188.55.1 port 67 (xid=0x6e6369ab)
May 11 00:13:13 pica dhclient[6351]: DHCPACK of 172.16.62.37 from 68.188.55.1
May 11 00:13:13 pica NetworkManager[683]: [1462943593.0914] address 172.16.62.37
May 11 00:13:13 pica NetworkManager[683]: [1462943593.0915] plen 24 (255.255.255.0)
May 11 00:13:13 pica NetworkManager[683]: [1462943593.0916] gateway 172.16.62.1
May 11 00:13:13 pica NetworkManager[683]: [1462943593.0916] server identifier 68.188.55.1
May 11 00:13:13 pica NetworkManager[683]: [1462943593.0917] lease time 1800
May 11 00:13:13 pica NetworkManager[683]: [1462943593.0917] nameserver '4.2.2.1'
May 11 00:13:13 pica NetworkManager[683]: [1462943593.0918] nameserver '8.8.8.8'
May 11 00:13:13 pica NetworkManager[683]: [1462943593.0918] dhcp4 (wlp2s0): state changed bound -> bound
May 11 00:13:13 pica dhclient[6351]: bound to 172.16.62.37 -- renewal in 686 seconds.
May 11 00:24:39 pica dhclient[6351]: DHCPREQUEST of 172.16.62.37 on wlp2s0 to 68.188.55.1 port 67 (xid=0x6e6369ab)
May 11 00:24:39 pica dhclient[6351]: DHCPACK of 172.16.62.37 from 68.188.55.1
May 11 00:24:39 pica NetworkManager[683]: [1462944279.9387] address 172.16.62.37
May 11 00:24:39 pica NetworkManager[683]: [1462944279.9389] plen 24 (255.255.255.0)
May 11 00:24:39 pica NetworkManager[683]: [1462944279.9390] gateway 172.16.62.1
May 11 00:24:39 pica NetworkManager[683]: [1462944279.9390] server identifier 68.188.55.1
May 11 00:24:39 pica NetworkManager[683]: [1462944279.9391] lease time 1800
May 11 00:24:39 pica dhclient[6351]: bound to 172.16.62.37 -- renewal in 849 seconds.
May 11 00:24:39 pica NetworkManager[683]: [1462944279.9392] nameserver '4.2.2.1'
May 11 00:24:39 pica NetworkManager[683]: [1462944279.9392] nameserver '8.8.8.8'
May 11 00:24:39 pica NetworkManager[683]: [1462944279.9393] dhcp4 (wlp2s0): state changed bound -> bound
May 11 00:38:49 pica dhclient[6351]: DHCPREQUEST of 172.16.62.37 on wlp2s0 to 68.188.55.1 port 67 (xid=0x6e6369ab)
May 11 00:38:49 pica dhclient[6351]: DHCPACK of 172.16.62.37 from 68.188.55.1
May 11 00:38:49 pica NetworkManager[683]: [1462945129.0243] address 172.16.62.37
May 11 00:38:49 pica NetworkManager[683]: [1462945129.0244] plen 24 (255.255.255.0)
May 11 00:38:49 pica NetworkManager[683]: [1462945129.0244] gateway 172.16.62.1
May 11 00:38:49 pica NetworkManager[683]: [1462945129.0245] server identifier 68.188.55.1
May 11 00:38:49 pica dhclient[6351]: bound to 172.16.62.37 -- renewal in 748 seconds.
May 11 00:38:49 pica NetworkManager[683]: [1462945129.0245] lease time 1800
May 11 00:38:49 pica NetworkManager[683]: [1462945129.0246] nameserver '4.2.2.1'
May 11 00:38:49 pica NetworkManager[683]: [1462945129.0246] nameserver '8.8.8.8'
May 11 00:38:49 pica NetworkManager[683]: [1462945129.0247] dhcp4 (wlp2s0): state changed bound -> bound
May 11 00:51:17 pica dhclient[6351]: DHCPREQUEST of 172.16.62.37 on wlp2s0 to 68.188.55.1 port 67 (xid=0x6e6369ab)
May 11 00:51:17 pica dhclient[6351]: DHCPACK of 172.16.62.37 from 68.188.55.1
May 11 00:51:17 pica NetworkManager[683]: [1462945877.8814] address 172.16.62.37
May 11 00:51:17 pica NetworkManager[683]: [1462945877.8815] plen 24 (255.255.255.0)
May 11 00:51:17 pica NetworkManager[683]: [1462945877.8816] gateway 172.16.62.1
May 11 00:51:17 pica NetworkManager[683]: [1462945877.8816] server identifier 68.188.55.1
May 11 00:51:17 pica NetworkManager[683]: [1462945877.8817] lease time 1800
May 11 00:51:17 pica NetworkManager[683]: [1462945877.8818] nameserver '4.2.2.1'
May 11 00:51:17 pica NetworkManager[683]: [1462945877.8819] nameserver '8.8.8.8'
May 11 00:51:17 pica NetworkManager[683]: [1462945877.8819] dhcp4 (wlp2s0): state changed bound -> bound
May 11 00:51:17 pica dhclient[6351]: bound to 172.16.62.37 -- renewal in 793 seconds.
May 11 01:04:30 pica dhclient[6351]: DHCPREQUEST of 172.16.62.37 on wlp2s0 to 68.188.55.1 port 67 (xid=0x6e6369ab)
May 11 01:04:30 pica dhclient[6351]: DHCPACK of 172.16.62.37 from 68.188.55.1
May 11 01:04:30 pica NetworkManager[683]: [1462946670.5853] address 172.16.62.37
May 11 01:04:30 pica NetworkManager[683]: [1462946670.5854] plen 24 (255.255.255.0)
May 11 01:04:30 pica NetworkManager[683]: [1462946670.5855] gateway 172.16.62.1
May 11 01:04:30 pica NetworkManager[683]: [1462946670.5856] server identifier 68.188.55.1
May 11 01:04:30 pica NetworkManager[683]: [1462946670.5856] lease time 1800
May 11 01:04:30 pica dhclient[6351]: bound to 172.16.62.37 -- renewal in 791 seconds.
May 11 01:04:30 pica NetworkManager[683]: [1462946670.5857] nameserver '4.2.2.1'
May 11 01:04:30 pica NetworkManager[683]: [1462946670.5858] nameserver '8.8.8.8'
May 11 01:04:30 pica NetworkManager[683]: [1462946670.5859] dhcp4 (wlp2s0): state changed bound -> bound
May 11 01:17:41 pica dhclient[6351]: DHCPREQUEST of 172.16.62.37 on wlp2s0 to 68.188.55.1 port 67 (xid=0x6e6369ab)
May 11 01:17:41 pica dhclient[6351]: DHCPACK of 172.16.62.37 from 68.188.55.1
May 11 01:17:41 pica NetworkManager[683]: [1462947461.9949] address 172.16.62.37
May 11 01:17:41 pica NetworkManager[683]: [1462947461.9949] plen 24 (255.255.255.0)
May 11 01:17:41 pica NetworkManager[683]: [1462947461.9950] gateway 172.16.62.1
May 11 01:17:41 pica NetworkManager[683]: [1462947461.9950] server identifier 68.188.55.1
May 11 01:17:41 pica NetworkManager[683]: [1462947461.9951] lease time 1800
May 11 01:17:41 pica NetworkManager[683]: [1462947461.9951] nameserver '4.2.2.1'
May 11 01:17:41 pica dhclient[6351]: bound to 172.16.62.37 -- renewal in 899 seconds.
May 11 01:17:41 pica NetworkManager[683]: [1462947461.9952] nameserver '8.8.8.8'
May 11 01:17:41 pica NetworkManager[683]: [1462947461.9953] dhcp4 (wlp2s0): state changed bound -> bound
May 11 01:32:40 pica dhclient[6351]: DHCPREQUEST of 172.16.62.37 on wlp2s0 to 68.188.55.1 port 67 (xid=0x6e6369ab)
May 11 01:32:40 pica dhclient[6351]: DHCPACK of 172.16.62.37 from 68.188.55.1
May 11 01:32:40 pica NetworkManager[683]: [1462948360.5581] address 172.16.62.37
May 11 01:32:40 pica NetworkManager[683]: [1462948360.5581] plen 24 (255.255.255.0)
May 11 01:32:40 pica NetworkManager[683]: [1462948360.5581] gateway 172.16.62.1
May 11 01:32:40 pica NetworkManager[683]: [1462948360.5582] server identifier 68.188.55.1
May 11 01:32:40 pica NetworkManager[683]: [1462948360.5582] lease time 1800
May 11 01:32:40 pica NetworkManager[683]: [1462948360.5582] nameserver '4.2.2.1'
May 11 01:32:40 pica NetworkManager[683]: [1462948360.5582] nameserver '8.8.8.8'
May 11 01:32:40 pica NetworkManager[683]: [1462948360.5583] dhcp4 (wlp2s0): state changed bound -> bound
May 11 01:32:40 pica dhclient[6351]: bound to 172.16.62.37 -- renewal in 681 seconds.
May 11 01:44:01 pica dhclient[6351]: DHCPREQUEST of 172.16.62.37 on wlp2s0 to 68.188.55.1 port 67 (xid=0x6e6369ab)
May 11 01:44:01 pica dhclient[6351]: DHCPACK of 172.16.62.37 from 68.188.55.1
May 11 01:44:01 pica NetworkManager[683]: [1462949041.4641] address 172.16.62.37
May 11 01:44:01 pica NetworkManager[683]: [1462949041.4642] plen 24 (255.255.255.0)
May 11 01:44:01 pica NetworkManager[683]: [1462949041.4643] gateway 172.16.62.1
May 11 01:44:01 pica NetworkManager[683]: [1462949041.4643] server identifier 68.188.55.1
May 11 01:44:01 pica NetworkManager[683]: [1462949041.4643] lease time 1800
May 11 01:44:01 pica NetworkManager[683]: [1462949041.4644] nameserver '4.2.2.1'
May 11 01:44:01 pica NetworkManager[683]: [1462949041.4644] nameserver '8.8.8.8'
May 11 01:44:01 pica NetworkManager[683]: [1462949041.4645] dhcp4 (wlp2s0): state changed bound -> bound
May 11 01:44:01 pica dhclient[6351]: bound to 172.16.62.37 -- renewal in 808 seconds.
May 11 01:57:29 pica dhclient[6351]: DHCPREQUEST of 172.16.62.37 on wlp2s0 to 68.188.55.1 port 67 (xid=0x6e6369ab)
May 11 01:57:29 pica dhclient[6351]: DHCPACK of 172.16.62.37 from 68.188.55.1
May 11 01:57:29 pica NetworkManager[683]: [1462949849.9419] address 172.16.62.37
May 11 01:57:29 pica NetworkManager[683]: [1462949849.9420] plen 24 (255.255.255.0)
May 11 01:57:29 pica NetworkManager[683]: [1462949849.9420] gateway 172.16.62.1
May 11 01:57:29 pica NetworkManager[683]: [1462949849.9420] server identifier 68.188.55.1
May 11 01:57:29 pica NetworkManager[683]: [1462949849.9421] lease time 1800
May 11 01:57:29 pica NetworkManager[683]: [1462949849.9421] nameserver '4.2.2.1'
May 11 01:57:29 pica dhclient[6351]: bound to 172.16.62.37 -- renewal in 822 seconds.
May 11 01:57:29 pica NetworkManager[683]: [1462949849.9423] nameserver '8.8.8.8'
May 11 01:57:29 pica NetworkManager[683]: [1462949849.9423] dhcp4 (wlp2s0): state changed bound -> bound
May 11 02:11:11 pica dhclient[6351]: DHCPREQUEST of 172.16.62.37 on wlp2s0 to 68.188.55.1 port 67 (xid=0x6e6369ab)
May 11 02:11:11 pica dhclient[6351]: DHCPACK of 172.16.62.37 from 68.188.55.1
May 11 02:11:11 pica NetworkManager[683]: [1462950671.4507] address 172.16.62.37
May 11 02:11:11 pica NetworkManager[683]: [1462950671.4507] plen 24 (255.255.255.0)
May 11 02:11:11 pica NetworkManager[683]: [1462950671.4507] gateway 172.16.62.1
May 11 02:11:11 pica NetworkManager[683]: [1462950671.4507] server identifier 68.188.55.1
May 11 02:11:11 pica NetworkManager[683]: [1462950671.4508] lease time 1800
May 11 02:11:11 pica NetworkManager[683]: [1462950671.4508] nameserver '4.2.2.1'
May 11 02:11:11 pica NetworkManager[683]: [1462950671.4508] nameserver '8.8.8.8'
May 11 02:11:11 pica NetworkManager[683]: [1462950671.4508] dhcp4 (wlp2s0): state changed bound -> bound
May 11 02:11:11 pica dhclient[6351]: bound to 172.16.62.37 -- renewal in 723 seconds.
May 11 02:23:14 pica dhclient[6351]: DHCPREQUEST of 172.16.62.37 on wlp2s0 to 68.188.55.1 port 67 (xid=0x6e6369ab)
May 11 02:23:14 pica dhclient[6351]: DHCPACK of 172.16.62.37 from 68.188.55.1
May 11 02:23:14 pica NetworkManager[683]: [1462951394.5602] address 172.16.62.37
May 11 02:23:14 pica NetworkManager[683]: [1462951394.5603] plen 24 (255.255.255.0)
May 11 02:23:14 pica NetworkManager[683]: [1462951394.5604] gateway 172.16.62.1
May 11 02:23:14 pica NetworkManager[683]: [1462951394.5604] server identifier 68.188.55.1
May 11 02:23:14 pica NetworkManager[683]: [1462951394.5604] lease time 1800
May 11 02:23:14 pica dhclient[6351]: bound to 172.16.62.37 -- renewal in 834 seconds.
May 11 02:23:14 pica NetworkManager[683]: [1462951394.5605] nameserver '4.2.2.1'
May 11 02:23:14 pica NetworkManager[683]: [1462951394.5605] nameserver '8.8.8.8'
May 11 02:23:14 pica NetworkManager[683]: [1462951394.5606] dhcp4 (wlp2s0): state changed bound -> bound
May 11 02:37:08 pica dhclient[6351]: DHCPREQUEST of 172.16.62.37 on wlp2s0 to 68.188.55.1 port 67 (xid=0x6e6369ab)
May 11 02:37:08 pica dhclient[6351]: DHCPACK of 172.16.62.37 from 68.188.55.1
May 11 02:37:08 pica NetworkManager[683]: [1462952228.9919] address 172.16.62.37
May 11 02:37:08 pica NetworkManager[683]: [1462952228.9919] plen 24 (255.255.255.0)
May 11 02:37:08 pica NetworkManager[683]: [1462952228.9919] gateway 172.16.62.1
May 11 02:37:08 pica NetworkManager[683]: [1462952228.9920] server identifier 68.188.55.1
May 11 02:37:08 pica NetworkManager[683]: [1462952228.9920] lease time 1800
May 11 02:37:08 pica NetworkManager[683]: [1462952228.9920] nameserver '4.2.2.1'
May 11 02:37:08 pica NetworkManager[683]: [1462952228.9920] nameserver '8.8.8.8'
May 11 02:37:08 pica NetworkManager[683]: [1462952228.9920] dhcp4 (wlp2s0): state changed bound -> bound
May 11 02:37:08 pica dhclient[6351]: bound to 172.16.62.37 -- renewal in 865 seconds.
May 11 02:51:33 pica dhclient[6351]: DHCPREQUEST of 172.16.62.37 on wlp2s0 to 68.188.55.1 port 67 (xid=0x6e6369ab)
May 11 02:51:33 pica dhclient[6351]: DHCPACK of 172.16.62.37 from 68.188.55.1
May 11 02:51:33 pica NetworkManager[683]: [1462953093.2927] address 172.16.62.37
May 11 02:51:33 pica NetworkManager[683]: [1462953093.2928] plen 24 (255.255.255.0)
May 11 02:51:33 pica NetworkManager[683]: [1462953093.2928] gateway 172.16.62.1
May 11 02:51:33 pica NetworkManager[683]: [1462953093.2929] server identifier 68.188.55.1
May 11 02:51:33 pica NetworkManager[683]: [1462953093.2929] lease time 1800
May 11 02:51:33 pica NetworkManager[683]: [1462953093.2930] nameserver '4.2.2.1'
May 11 02:51:33 pica NetworkManager[683]: [1462953093.2930] nameserver '8.8.8.8'
May 11 02:51:33 pica NetworkManager[683]: [1462953093.2931] dhcp4 (wlp2s0): state changed bound -> bound
May 11 02:51:33 pica dhclient[6351]: bound to 172.16.62.37 -- renewal in 828 seconds.
May 11 03:05:21 pica dhclient[6351]: DHCPREQUEST of 172.16.62.37 on wlp2s0 to 68.188.55.1 port 67 (xid=0x6e6369ab)
May 11 03:05:21 pica dhclient[6351]: DHCPACK of 172.16.62.37 from 68.188.55.1
May 11 03:05:21 pica NetworkManager[683]: [1462953921.7050] address 172.16.62.37
May 11 03:05:21 pica NetworkManager[683]: [1462953921.7051] plen 24 (255.255.255.0)
May 11 03:05:21 pica NetworkManager[683]: [1462953921.7052] gateway 172.16.62.1
May 11 03:05:21 pica NetworkManager[683]: [1462953921.7052] server identifier 68.188.55.1
May 11 03:05:21 pica NetworkManager[683]: [1462953921.7053] lease time 1800
May 11 03:05:21 pica NetworkManager[683]: [1462953921.7053] nameserver '4.2.2.1'
May 11 03:05:21 pica NetworkManager[683]: [1462953921.7054] nameserver '8.8.8.8'
May 11 03:05:21 pica dhclient[6351]: bound to 172.16.62.37 -- renewal in 779 seconds.
May 11 03:05:21 pica NetworkManager[683]: [1462953921.7054] dhcp4 (wlp2s0): state changed bound -> bound
May 11 03:18:20 pica dhclient[6351]: DHCPREQUEST of 172.16.62.37 on wlp2s0 to 68.188.55.1 port 67 (xid=0x6e6369ab)
May 11 03:18:20 pica dhclient[6351]: DHCPACK of 172.16.62.37 from 68.188.55.1
May 11 03:18:20 pica NetworkManager[683]: [1462954700.3280] address 172.16.62.37
May 11 03:18:20 pica NetworkManager[683]: [1462954700.3281] plen 24 (255.255.255.0)
May 11 03:18:20 pica NetworkManager[683]: [1462954700.3281] gateway 172.16.62.1
May 11 03:18:20 pica NetworkManager[683]: [1462954700.3281] server identifier 68.188.55.1
May 11 03:18:20 pica NetworkManager[683]: [1462954700.3281] lease time 1800
May 11 03:18:20 pica NetworkManager[683]: [1462954700.3281] nameserver '4.2.2.1'
May 11 03:18:20 pica NetworkManager[683]: [1462954700.3281] nameserver '8.8.8.8'
May 11 03:18:20 pica NetworkManager[683]: [1462954700.3282] dhcp4 (wlp2s0): state changed bound -> bound
May 11 03:18:20 pica dhclient[6351]: bound to 172.16.62.37 -- renewal in 689 seconds.
May 11 03:21:23 pica wpa_supplicant[899]: wlp2s0: CTRL-EVENT-DISCONNECTED bssid=02:18:1a:83:60:ce reason=4 locally_generated=1
May 11 03:21:23 pica NetworkManager[683]: [1462954883.7830] sup-iface[0x1d4b0c0,wlp2s0]: connection disconnected (reason -4)
May 11 03:21:23 pica NetworkManager[683]: [1462954883.7881] device (wlp2s0): supplicant interface state: completed -> disconnected
May 11 03:21:23 pica NetworkManager[683]: [1462954883.8883] device (wlp2s0): supplicant interface state: disconnected -> scanning
May 11 03:21:35 pica wpa_supplicant[899]: wlp2s0: SME: Trying to authenticate with 02:18:1a:83:60:ce (SSID='DruryHotels' freq=5805 MHz)
May 11 03:21:35 pica kernel: wlp2s0: authenticate with 02:18:1a:83:60:ce
May 11 03:21:35 pica kernel: wlp2s0: send auth to 02:18:1a:83:60:ce (try 1/3)
May 11 03:21:35 pica kernel: wlp2s0: authenticated
May 11 03:21:35 pica wpa_supplicant[899]: wlp2s0: Trying to associate with 02:18:1a:83:60:ce (SSID='DruryHotels' freq=5805 MHz)
May 11 03:21:35 pica wpa_supplicant[899]: wlp2s0: Associated with 02:18:1a:83:60:ce
May 11 03:21:35 pica kernel: wlp2s0: associate with 02:18:1a:83:60:ce (try 1/3)
May 11 03:21:35 pica kernel: wlp2s0: RX AssocResp from 02:18:1a:83:60:ce (capab=0x1401 status=0 aid=1)
May 11 03:21:35 pica kernel: wlp2s0: associated
May 11 03:21:35 pica wpa_supplicant[899]: wlp2s0: CTRL-EVENT-CONNECTED - Connection to 02:18:1a:83:60:ce completed [id=0 id_str=]
May 11 03:21:35 pica NetworkManager[683]: [1462954895.2221] device (wlp2s0): supplicant interface state: scanning -> authenticating
May 11 03:21:35 pica NetworkManager[683]: [1462954895.2240] device (wlp2s0): supplicant interface state: authenticating -> associating
May 11 03:21:35 pica NetworkManager[683]: [1462954895.2246] device (wlp2s0): supplicant interface state: associating -> completed
May 11 03:21:35 pica kernel: wlp2s0: Limiting TX power to 30 (30 - 0) dBm as advertised by 02:18:1a:83:60:ce
May 11 03:29:50 pica dhclient[6351]: DHCPREQUEST of 172.16.62.37 on wlp2s0 to 68.188.55.1 port 67 (xid=0x6e6369ab)
May 11 03:29:50 pica dhclient[6351]: DHCPACK of 172.16.62.37 from 68.188.55.1
May 11 03:29:50 pica NetworkManager[683]: [1462955390.1163] address 172.16.62.37
May 11 03:29:50 pica NetworkManager[683]: [1462955390.1164] plen 24 (255.255.255.0)
May 11 03:29:50 pica NetworkManager[683]: [1462955390.1165] gateway 172.16.62.1
May 11 03:29:50 pica NetworkManager[683]: [1462955390.1165] server identifier 68.188.55.1
May 11 03:29:50 pica NetworkManager[683]: [1462955390.1166] lease time 1800
May 11 03:29:50 pica NetworkManager[683]: [1462955390.1166] nameserver '4.2.2.1'
May 11 03:29:50 pica dhclient[6351]: bound to 172.16.62.37 -- renewal in 730 seconds.
May 11 03:29:50 pica NetworkManager[683]: [1462955390.1167] nameserver '8.8.8.8'
May 11 03:29:50 pica NetworkManager[683]: [1462955390.1167] dhcp4 (wlp2s0): state changed bound -> bound
May 11 03:42:00 pica dhclient[6351]: DHCPREQUEST of 172.16.62.37 on wlp2s0 to 68.188.55.1 port 67 (xid=0x6e6369ab)
May 11 03:42:00 pica dhclient[6351]: DHCPACK of 172.16.62.37 from 68.188.55.1
May 11 03:42:00 pica NetworkManager[683]: [1462956120.8919] address 172.16.62.37
May 11 03:42:00 pica NetworkManager[683]: [1462956120.8920] plen 24 (255.255.255.0)
May 11 03:42:00 pica NetworkManager[683]: [1462956120.8921] gateway 172.16.62.1
May 11 03:42:00 pica NetworkManager[683]: [1462956120.8921] server identifier 68.188.55.1
May 11 03:42:00 pica NetworkManager[683]: [1462956120.8922] lease time 1800
May 11 03:42:00 pica NetworkManager[683]: [1462956120.8922] nameserver '4.2.2.1'
May 11 03:42:00 pica NetworkManager[683]: [1462956120.8922] nameserver '8.8.8.8'
May 11 03:42:00 pica NetworkManager[683]: [1462956120.8923] dhcp4 (wlp2s0): state changed bound -> bound
May 11 03:42:00 pica dhclient[6351]: bound to 172.16.62.37 -- renewal in 689 seconds.
May 11 03:53:29 pica dhclient[6351]: DHCPREQUEST of 172.16.62.37 on wlp2s0 to 68.188.55.1 port 67 (xid=0x6e6369ab)
May 11 03:53:29 pica dhclient[6351]: DHCPACK of 172.16.62.37 from 68.188.55.1
May 11 03:53:29 pica NetworkManager[683]: [1462956809.7454] address 172.16.62.37
May 11 03:53:29 pica NetworkManager[683]: [1462956809.7455] plen 24 (255.255.255.0)
May 11 03:53:29 pica NetworkManager[683]: [1462956809.7455] gateway 172.16.62.1
May 11 03:53:29 pica NetworkManager[683]: [1462956809.7455] server identifier 68.188.55.1
May 11 03:53:29 pica NetworkManager[683]: [1462956809.7455] lease time 1800
May 11 03:53:29 pica NetworkManager[683]: [1462956809.7455] nameserver '4.2.2.1'
May 11 03:53:29 pica dhclient[6351]: bound to 172.16.62.37 -- renewal in 719 seconds.
May 11 03:53:29 pica NetworkManager[683]: [1462956809.7455] nameserver '8.8.8.8'
May 11 03:53:29 pica NetworkManager[683]: [1462956809.7456] dhcp4 (wlp2s0): state changed bound -> bound
May 11 04:05:28 pica dhclient[6351]: DHCPREQUEST of 172.16.62.37 on wlp2s0 to 68.188.55.1 port 67 (xid=0x6e6369ab)
May 11 04:05:28 pica dhclient[6351]: DHCPACK of 172.16.62.37 from 68.188.55.1
May 11 04:05:28 pica dhclient[6351]: bound to 172.16.62.37 -- renewal in 737 seconds.
May 11 04:05:28 pica NetworkManager[683]: [1462957528.5839] address 172.16.62.37
May 11 04:05:28 pica NetworkManager[683]: [1462957528.5840] plen 24 (255.255.255.0)
May 11 04:05:28 pica NetworkManager[683]: [1462957528.5841] gateway 172.16.62.1
May 11 04:05:28 pica NetworkManager[683]: [1462957528.5842] server identifier 68.188.55.1
May 11 04:05:28 pica NetworkManager[683]: [1462957528.5843] lease time 1800
May 11 04:05:28 pica NetworkManager[683]: [1462957528.5846] nameserver '4.2.2.1'
May 11 04:05:28 pica NetworkManager[683]: [1462957528.5848] nameserver '8.8.8.8'
May 11 04:05:28 pica NetworkManager[683]: [1462957528.5849] dhcp4 (wlp2s0): state changed bound -> bound
May 11 04:17:45 pica dhclient[6351]: DHCPREQUEST of 172.16.62.37 on wlp2s0 to 68.188.55.1 port 67 (xid=0x6e6369ab)
May 11 04:17:45 pica dhclient[6351]: DHCPACK of 172.16.62.37 from 68.188.55.1
May 11 04:17:45 pica NetworkManager[683]: [1462958265.7052] address 172.16.62.37
May 11 04:17:45 pica NetworkManager[683]: [1462958265.7052] plen 24 (255.255.255.0)
May 11 04:17:45 pica NetworkManager[683]: [1462958265.7053] gateway 172.16.62.1
May 11 04:17:45 pica NetworkManager[683]: [1462958265.7053] server identifier 68.188.55.1
May 11 04:17:45 pica NetworkManager[683]: [1462958265.7053] lease time 1800
May 11 04:17:45 pica NetworkManager[683]: [1462958265.7053] nameserver '4.2.2.1'
May 11 04:17:45 pica NetworkManager[683]: [1462958265.7053] nameserver '8.8.8.8'
May 11 04:17:45 pica NetworkManager[683]: [1462958265.7053] dhcp4 (wlp2s0): state changed bound -> bound
May 11 04:17:45 pica dhclient[6351]: bound to 172.16.62.37 -- renewal in 787 seconds.
May 11 04:30:52 pica dhclient[6351]: DHCPREQUEST of 172.16.62.37 on wlp2s0 to 68.188.55.1 port 67 (xid=0x6e6369ab)
May 11 04:30:52 pica dhclient[6351]: DHCPACK of 172.16.62.37 from 68.188.55.1
May 11 04:30:52 pica NetworkManager[683]: [1462959052.8642] address 172.16.62.37
May 11 04:30:52 pica NetworkManager[683]: [1462959052.8643] plen 24 (255.255.255.0)
May 11 04:30:52 pica NetworkManager[683]: [1462959052.8644] gateway 172.16.62.1
May 11 04:30:52 pica NetworkManager[683]: [1462959052.8644] server identifier 68.188.55.1
May 11 04:30:52 pica NetworkManager[683]: [1462959052.8645] lease time 1800
May 11 04:30:52 pica dhclient[6351]: bound to 172.16.62.37 -- renewal in 771 seconds.
May 11 04:30:52 pica NetworkManager[683]: [1462959052.8645] nameserver '4.2.2.1'
May 11 04:30:52 pica NetworkManager[683]: [1462959052.8646] nameserver '8.8.8.8'
May 11 04:30:52 pica NetworkManager[683]: [1462959052.8646] dhcp4 (wlp2s0): state changed bound -> bound
May 11 04:43:43 pica dhclient[6351]: DHCPREQUEST of 172.16.62.37 on wlp2s0 to 68.188.55.1 port 67 (xid=0x6e6369ab)
May 11 04:43:43 pica dhclient[6351]: DHCPACK of 172.16.62.37 from 68.188.55.1
May 11 04:43:43 pica NetworkManager[683]: [1462959823.8759] address 172.16.62.37
May 11 04:43:43 pica NetworkManager[683]: [1462959823.8760] plen 24 (255.255.255.0)
May 11 04:43:43 pica NetworkManager[683]: [1462959823.8761] gateway 172.16.62.1
May 11 04:43:43 pica NetworkManager[683]: [1462959823.8761] server identifier 68.188.55.1
May 11 04:43:43 pica NetworkManager[683]: [1462959823.8762] lease time 1800
May 11 04:43:43 pica NetworkManager[683]: [1462959823.8763] nameserver '4.2.2.1'
May 11 04:43:43 pica NetworkManager[683]: [1462959823.8763] nameserver '8.8.8.8'
May 11 04:43:43 pica NetworkManager[683]: [1462959823.8764] dhcp4 (wlp2s0): state changed bound -> bound
May 11 04:43:43 pica dhclient[6351]: bound to 172.16.62.37 -- renewal in 719 seconds.
May 11 04:51:11 pica kernel: perf interrupt took too long (5129 > 5000), lowering kernel.perf_event_max_sample_rate to 25000
May 11 04:55:42 pica dhclient[6351]: DHCPREQUEST of 172.16.62.37 on wlp2s0 to 68.188.55.1 port 67 (xid=0x6e6369ab)
May 11 04:55:42 pica dhclient[6351]: DHCPACK of 172.16.62.37 from 68.188.55.1
May 11 04:55:42 pica NetworkManager[683]: [1462960542.5586] address 172.16.62.37
May 11 04:55:42 pica NetworkManager[683]: [1462960542.5587] plen 24 (255.255.255.0)
May 11 04:55:42 pica NetworkManager[683]: [1462960542.5587] gateway 172.16.62.1
May 11 04:55:42 pica NetworkManager[683]: [1462960542.5588] server identifier 68.188.55.1
May 11 04:55:42 pica NetworkManager[683]: [1462960542.5588] lease time 1800
May 11 04:55:42 pica NetworkManager[683]: [1462960542.5589] nameserver '4.2.2.1'
May 11 04:55:42 pica NetworkManager[683]: [1462960542.5590] nameserver '8.8.8.8'
May 11 04:55:42 pica NetworkManager[683]: [1462960542.5590] dhcp4 (wlp2s0): state changed bound -> bound
May 11 04:55:42 pica dhclient[6351]: bound to 172.16.62.37 -- renewal in 750 seconds.
May 11 05:08:12 pica dhclient[6351]: DHCPREQUEST of 172.16.62.37 on wlp2s0 to 68.188.55.1 port 67 (xid=0x6e6369ab)
May 11 05:08:12 pica dhclient[6351]: DHCPACK of 172.16.62.37 from 68.188.55.1
May 11 05:08:12 pica NetworkManager[683]: [1462961292.5518] address 172.16.62.37
May 11 05:08:12 pica NetworkManager[683]: [1462961292.5519] plen 24 (255.255.255.0)
May 11 05:08:12 pica NetworkManager[683]: [1462961292.5520] gateway 172.16.62.1
May 11 05:08:12 pica NetworkManager[683]: [1462961292.5521] server identifier 68.188.55.1
May 11 05:08:12 pica NetworkManager[683]: [1462961292.5521] lease time 1800
May 11 05:08:12 pica dhclient[6351]: bound to 172.16.62.37 -- renewal in 776 seconds.
May 11 05:08:12 pica NetworkManager[683]: [1462961292.5522] nameserver '4.2.2.1'
May 11 05:08:12 pica NetworkManager[683]: [1462961292.5523] nameserver '8.8.8.8'
May 11 05:08:12 pica NetworkManager[683]: [1462961292.5523] dhcp4 (wlp2s0): state changed bound -> bound
May 11 05:21:08 pica dhclient[6351]: DHCPREQUEST of 172.16.62.37 on wlp2s0 to 68.188.55.1 port 67 (xid=0x6e6369ab)
May 11 05:21:08 pica dhclient[6351]: DHCPACK of 172.16.62.37 from 68.188.55.1
May 11 05:21:08 pica NetworkManager[683]: [1462962068.2264] address 172.16.62.37
May 11 05:21:08 pica NetworkManager[683]: [1462962068.2265] plen 24 (255.255.255.0)
May 11 05:21:08 pica NetworkManager[683]: [1462962068.2265] gateway 172.16.62.1
